Jun 12 10:24:56.484295 np0000179797 nova-scheduler[108584]: DEBUG cotyledon.oslo_config_glue [-] workarounds.disable_fallback_pcpu_query = False {{(pid=108584) log_opt_values /opt/stack/data/venv/lib/python3.12/site-packages/oslo_config/cfg.py:3253}}
Jun 12 10:24:56.484295 np0000179797 nova-scheduler[108584]: DEBUG cotyledon.oslo_config_glue [-] workarounds.disable_group_policy_check_upcall = False {{(pid=108584) log_opt_values /opt/stack/data/venv/lib/python3.12/site-packages/oslo_config/cfg.py:3253}}
Jun 12 10:24:56.484295 np0000179797 nova-scheduler[108584]: DEBUG cotyledon.oslo_config_glue [-] workarounds.disable_libvirt_livesnapshot = False {{(pid=108584) log_opt_values /opt/stack/data/venv/lib/python3.12/site-packages/oslo_config/cfg.py:3253}}
Jun 12 10:24:56.484295 np0000179797 nova-scheduler[108584]: DEBUG cotyledon.oslo_config_glue [-] workarounds.disable_rootwrap = False {{(pid=108584) log_opt_values /opt/stack/data/venv/lib/python3.12/site-packages/oslo_config/cfg.py:3253}}
Jun 12 10:24:56.484484 np0000179797 nova-scheduler[108584]: DEBUG cotyledon.oslo_config_glue [-] workarounds.enable_numa_live_migration = False {{(pid=108584) log_opt_values /opt/stack/data/venv/lib/python3.12/site-packages/oslo_config/cfg.py:3253}}
Jun 12 10:24:56.484484 np0000179797 nova-scheduler[108584]: DEBUG cotyledon.oslo_config_glue [-] workarounds.enable_qemu_monitor_announce_self = False {{(pid=108584) log_opt_values /opt/stack/data/venv/lib/python3.12/site-packages/oslo_config/cfg.py:3253}}
Jun 12 10:24:56.484484 np0000179797 nova-scheduler[108584]: DEBUG cotyledon.oslo_config_glue [-] workarounds.ensure_libvirt_rbd_instance_dir_cleanup = False {{(pid=108584) log_opt_values /opt/stack/data/venv/lib/python3.12/site-packages/oslo_config/cfg.py:3253}}
Jun 12 10:24:56.484484 np0000179797 nova-scheduler[108584]: DEBUG cotyledon.oslo_config_glue [-] workarounds.handle_virt_lifecycle_events = True {{(pid=108584) log_opt_values /opt/stack/data/venv/lib/python3.12/site-packages/oslo_config/cfg.py:3253}}
Jun 12 10:24:56.484484 np0000179797 nova-scheduler[108584]: DEBUG cotyledon.oslo_config_glue [-] workarounds.libvirt_disable_apic = False {{(pid=108584) log_opt_values /opt/stack/data/venv/lib/python3.12/site-packages/oslo_config/cfg.py:3253}}
Jun 12 10:24:56.484484 np0000179797 nova-scheduler[108584]: DEBUG cotyledon.oslo_config_glue [-] workarounds.never_download_image_if_on_rbd = False {{(pid=108584) log_opt_values /opt/stack/data/venv/lib/python3.12/site-packages/oslo_config/cfg.py:3253}}
Jun 12 10:24:56.484484 np0000179797 nova-scheduler[108584]: DEBUG cotyledon.oslo_config_glue [-] workarounds.qemu_monitor_announce_self_count = 3 {{(pid=108584) log_opt_values /opt/stack/data/venv/lib/python3.12/site-packages/oslo_config/cfg.py:3253}}
Jun 12 10:24:56.484484 np0000179797 nova-scheduler[108584]: DEBUG cotyledon.oslo_config_glue [-] workarounds.qemu_monitor_announce_self_interval = 1 {{(pid=108584) log_opt_values /opt/stack/data/venv/lib/python3.12/site-packages/oslo_config/cfg.py:3253}}
Jun 12 10:24:56.484484 np0000179797 nova-scheduler[108584]: DEBUG cotyledon.oslo_config_glue [-] workarounds.reserve_disk_resource_for_image_cache = False {{(pid=108584) log_opt_values /opt/stack/data/venv/lib/python3.12/site-packages/oslo_config/cfg.py:3253}}
Jun 12 10:24:56.484660 np0000179797 nova-scheduler[108584]: DEBUG cotyledon.oslo_config_glue [-] workarounds.skip_cpu_compare_at_startup = False {{(pid=108584) log_opt_values /opt/stack/data/venv/lib/python3.12/site-packages/oslo_config/cfg.py:3253}}
Jun 12 10:24:56.484660 np0000179797 nova-scheduler[108584]: DEBUG cotyledon.oslo_config_glue [-] workarounds.skip_cpu_compare_on_dest = False {{(pid=108584) log_opt_values /opt/stack/data/venv/lib/python3.12/site-packages/oslo_config/cfg.py:3253}}
Jun 12 10:24:56.484660 np0000179797 nova-scheduler[108584]: DEBUG cotyledon.oslo_config_glue [-] workarounds.skip_hypervisor_version_check_on_lm = False {{(pid=108584) log_opt_values /opt/stack/data/venv/lib/python3.12/site-packages/oslo_config/cfg.py:3253}}
Jun 12 10:24:56.484660 np0000179797 nova-scheduler[108584]: DEBUG cotyledon.oslo_config_glue [-] workarounds.skip_reserve_in_use_ironic_nodes = False {{(pid=108584) log_opt_values /opt/stack/data/venv/lib/python3.12/site-packages/oslo_config/cfg.py:3253}}
Jun 12 10:24:56.484660 np0000179797 nova-scheduler[108584]: DEBUG cotyledon.oslo_config_glue [-] workarounds.unified_limits_count_pcpu_as_vcpu = False {{(pid=108584) log_opt_values /opt/stack/data/venv/lib/python3.12/site-packages/oslo_config/cfg.py:3253}}
Jun 12 10:24:56.484660 np0000179797 nova-scheduler[108584]: DEBUG cotyledon.oslo_config_glue [-] workarounds.wait_for_vif_plugged_event_during_hard_reboot = [] {{(pid=108584) log_opt_values /opt/stack/data/venv/lib/python3.12/site-packages/oslo_config/cfg.py:3253}}
Jun 12 10:24:56.484660 np0000179797 nova-scheduler[108584]: DEBUG cotyledon.oslo_config_glue [-] wsgi.api_paste_config = /etc/nova/api-paste.ini {{(pid=108584) log_opt_values /opt/stack/data/venv/lib/python3.12/site-packages/oslo_config/cfg.py:3253}}
Jun 12 10:24:56.484660 np0000179797 nova-scheduler[108584]: DEBUG cotyledon.oslo_config_glue [-] wsgi.secure_proxy_ssl_header = None {{(pid=108584) log_opt_values /opt/stack/data/venv/lib/python3.12/site-packages/oslo_config/cfg.py:3253}}
Jun 12 10:24:56.484660 np0000179797 nova-scheduler[108584]: DEBUG cotyledon.oslo_config_glue [-] zvm.ca_file = None {{(pid=108584) log_opt_values /opt/stack/data/venv/lib/python3.12/site-packages/oslo_config/cfg.py:3253}}
Jun 12 10:24:56.484840 np0000179797 nova-scheduler[108584]: DEBUG cotyledon.oslo_config_glue [-] zvm.cloud_connector_url = None {{(pid=108584) log_opt_values /opt/stack/data/venv/lib/python3.12/site-packages/oslo_config/cfg.py:3253}}
Jun 12 10:24:56.484840 np0000179797 nova-scheduler[108584]: DEBUG cotyledon.oslo_config_glue [-] zvm.image_tmp_path = /opt/stack/data/nova/images {{(pid=108584) log_opt_values /opt/stack/data/venv/lib/python3.12/site-packages/oslo_config/cfg.py:3253}}
Jun 12 10:24:56.484840 np0000179797 nova-scheduler[108584]: DEBUG cotyledon.oslo_config_glue [-] zvm.reachable_timeout = 300 {{(pid=108584) log_opt_values /opt/stack/data/venv/lib/python3.12/site-packages/oslo_config/cfg.py:3253}}
Jun 12 10:24:56.484840 np0000179797 nova-scheduler[108584]: DEBUG cotyledon.oslo_config_glue [-] oslo_versionedobjects.fatal_exception_format_errors = False {{(pid=108584) log_opt_values /opt/stack/data/venv/lib/python3.12/site-packages/oslo_config/cfg.py:3253}}
Jun 12 10:24:56.484840 np0000179797 nova-scheduler[108584]: DEBUG cotyledon.oslo_config_glue [-] oslo_middleware.http_basic_auth_user_file = /etc/htpasswd {{(pid=108584) log_opt_values /opt/stack/data/venv/lib/python3.12/site-packages/oslo_config/cfg.py:3253}}
Jun 12 10:24:56.484840 np0000179797 nova-scheduler[108584]: DEBUG cotyledon.oslo_config_glue [-] oslo_messaging_metrics.metrics_buffer_size = 1000 {{(pid=108584) log_opt_values /opt/stack/data/venv/lib/python3.12/site-packages/oslo_config/cfg.py:3253}}
Jun 12 10:24:56.484840 np0000179797 nova-scheduler[108584]: DEBUG cotyledon.oslo_config_glue [-] oslo_messaging_metrics.metrics_enabled = False {{(pid=108584) log_opt_values /opt/stack/data/venv/lib/python3.12/site-packages/oslo_config/cfg.py:3253}}
Jun 12 10:24:56.484840 np0000179797 nova-scheduler[108584]: DEBUG cotyledon.oslo_config_glue [-] oslo_messaging_metrics.metrics_process_name = {{(pid=108584) log_opt_values /opt/stack/data/venv/lib/python3.12/site-packages/oslo_config/cfg.py:3253}}
Jun 12 10:24:56.485002 np0000179797 nova-scheduler[108584]: DEBUG cotyledon.oslo_config_glue [-] oslo_messaging_metrics.metrics_socket_file = /var/tmp/metrics_collector.sock {{(pid=108584) log_opt_values /opt/stack/data/venv/lib/python3.12/site-packages/oslo_config/cfg.py:3253}}
Jun 12 10:24:56.485002 np0000179797 nova-scheduler[108584]: DEBUG cotyledon.oslo_config_glue [-] oslo_messaging_metrics.metrics_thread_stop_timeout = 10 {{(pid=108584) log_opt_values /opt/stack/data/venv/lib/python3.12/site-packages/oslo_config/cfg.py:3253}}
Jun 12 10:24:56.485002 np0000179797 nova-scheduler[108584]: DEBUG cotyledon.oslo_config_glue [-] profiler.connection_string = messaging:// {{(pid=108584) log_opt_values /opt/stack/data/venv/lib/python3.12/site-packages/oslo_config/cfg.py:3253}}
Jun 12 10:24:56.485002 np0000179797 nova-scheduler[108584]: DEBUG cotyledon.oslo_config_glue [-] profiler.enabled = False {{(pid=108584) log_opt_values /opt/stack/data/venv/lib/python3.12/site-packages/oslo_config/cfg.py:3253}}
Jun 12 10:24:56.485002 np0000179797 nova-scheduler[108584]: DEBUG cotyledon.oslo_config_glue [-] profiler.es_doc_type = notification {{(pid=108584) log_opt_values /opt/stack/data/venv/lib/python3.12/site-packages/oslo_config/cfg.py:3253}}
Jun 12 10:24:56.485002 np0000179797 nova-scheduler[108584]: DEBUG cotyledon.oslo_config_glue [-] profiler.es_scroll_size = 10000 {{(pid=108584) log_opt_values /opt/stack/data/venv/lib/python3.12/site-packages/oslo_config/cfg.py:3253}}
Jun 12 10:24:56.485002 np0000179797 nova-scheduler[108584]: DEBUG cotyledon.oslo_config_glue [-] profiler.es_scroll_time = 2m {{(pid=108584) log_opt_values /opt/stack/data/venv/lib/python3.12/site-packages/oslo_config/cfg.py:3253}}
Jun 12 10:24:56.485002 np0000179797 nova-scheduler[108584]: DEBUG cotyledon.oslo_config_glue [-] profiler.filter_error_trace = False {{(pid=108584) log_opt_values /opt/stack/data/venv/lib/python3.12/site-packages/oslo_config/cfg.py:3253}}
Jun 12 10:24:56.485002 np0000179797 nova-scheduler[108584]: DEBUG cotyledon.oslo_config_glue [-] profiler.hmac_keys = **** {{(pid=108584) log_opt_values /opt/stack/data/venv/lib/python3.12/site-packages/oslo_config/cfg.py:3253}}
Jun 12 10:24:56.485187 np0000179797 nova-scheduler[108584]: DEBUG cotyledon.oslo_config_glue [-] profiler.sentinel_service_name = mymaster {{(pid=108584) log_opt_values /opt/stack/data/venv/lib/python3.12/site-packages/oslo_config/cfg.py:3253}}
Jun 12 10:24:56.485187 np0000179797 nova-scheduler[108584]: DEBUG cotyledon.oslo_config_glue [-] profiler.socket_timeout = 0.1 {{(pid=108584) log_opt_values /opt/stack/data/venv/lib/python3.12/site-packages/oslo_config/cfg.py:3253}}
Jun 12 10:24:56.485187 np0000179797 nova-scheduler[108584]: DEBUG cotyledon.oslo_config_glue [-] profiler.trace_requests = False {{(pid=108584) log_opt_values /opt/stack/data/venv/lib/python3.12/site-packages/oslo_config/cfg.py:3253}}
Jun 12 10:24:56.485187 np0000179797 nova-scheduler[108584]: DEBUG cotyledon.oslo_config_glue [-] profiler.trace_sqlalchemy = False {{(pid=108584) log_opt_values /opt/stack/data/venv/lib/python3.12/site-packages/oslo_config/cfg.py:3253}}
Jun 12 10:24:56.485187 np0000179797 nova-scheduler[108584]: DEBUG cotyledon.oslo_config_glue [-] profiler_jaeger.process_tags = {} {{(pid=108584) log_opt_values /opt/stack/data/venv/lib/python3.12/site-packages/oslo_config/cfg.py:3253}}
Jun 12 10:24:56.485187 np0000179797 nova-scheduler[108584]: DEBUG cotyledon.oslo_config_glue [-] profiler_jaeger.service_name_prefix = None {{(pid=108584) log_opt_values /opt/stack/data/venv/lib/python3.12/site-packages/oslo_config/cfg.py:3253}}
Jun 12 10:24:56.485187 np0000179797 nova-scheduler[108584]: DEBUG cotyledon.oslo_config_glue [-] profiler_otlp.service_name_prefix = None {{(pid=108584) log_opt_values /opt/stack/data/venv/lib/python3.12/site-packages/oslo_config/cfg.py:3253}}
Jun 12 10:24:56.485187 np0000179797 nova-scheduler[108584]: DEBUG cotyledon.oslo_config_glue [-] oslo_messaging_rabbit.amqp_auto_delete = False {{(pid=108584) log_opt_values /opt/stack/data/venv/lib/python3.12/site-packages/oslo_config/cfg.py:3253}}
Jun 12 10:24:56.485187 np0000179797 nova-scheduler[108584]: DEBUG cotyledon.oslo_config_glue [-] oslo_messaging_rabbit.amqp_durable_queues = False {{(pid=108584) log_opt_values /opt/stack/data/venv/lib/python3.12/site-packages/oslo_config/cfg.py:3253}}
Jun 12 10:24:56.485387 np0000179797 nova-scheduler[108584]: DEBUG cotyledon.oslo_config_glue [-] oslo_messaging_rabbit.conn_pool_min_size = 2 {{(pid=108584) log_opt_values /opt/stack/data/venv/lib/python3.12/site-packages/oslo_config/cfg.py:3253}}
Jun 12 10:24:56.485387 np0000179797 nova-scheduler[108584]: DEBUG cotyledon.oslo_config_glue [-] oslo_messaging_rabbit.conn_pool_ttl = 1200 {{(pid=108584) log_opt_values /opt/stack/data/venv/lib/python3.12/site-packages/oslo_config/cfg.py:3253}}
Jun 12 10:24:56.485387 np0000179797 nova-scheduler[108584]: DEBUG cotyledon.oslo_config_glue [-] oslo_messaging_rabbit.direct_mandatory_flag = True {{(pid=108584) log_opt_values /opt/stack/data/venv/lib/python3.12/site-packages/oslo_config/cfg.py:3253}}
Jun 12 10:24:56.485387 np0000179797 nova-scheduler[108584]: DEBUG cotyledon.oslo_config_glue [-] oslo_messaging_rabbit.enable_cancel_on_failover = False {{(pid=108584) log_opt_values /opt/stack/data/venv/lib/python3.12/site-packages/oslo_config/cfg.py:3253}}
Jun 12 10:24:56.485387 np0000179797 nova-scheduler[108584]: DEBUG cotyledon.oslo_config_glue [-] oslo_messaging_rabbit.heartbeat_rate = 3 {{(pid=108584) log_opt_values /opt/stack/data/venv/lib/python3.12/site-packages/oslo_config/cfg.py:3253}}
Jun 12 10:24:56.485387 np0000179797 nova-scheduler[108584]: DEBUG cotyledon.oslo_config_glue [-] oslo_messaging_rabbit.heartbeat_timeout_threshold = 60 {{(pid=108584) log_opt_values /opt/stack/data/venv/lib/python3.12/site-packages/oslo_config/cfg.py:3253}}
Jun 12 10:24:56.485387 np0000179797 nova-scheduler[108584]: DEBUG cotyledon.oslo_config_glue [-] oslo_messaging_rabbit.hostname = np0000179797 {{(pid=108584) log_opt_values /opt/stack/data/venv/lib/python3.12/site-packages/oslo_config/cfg.py:3253}}
Jun 12 10:24:56.485387 np0000179797 nova-scheduler[108584]: DEBUG cotyledon.oslo_config_glue [-] oslo_messaging_rabbit.kombu_compression = None {{(pid=108584) log_opt_values /opt/stack/data/venv/lib/python3.12/site-packages/oslo_config/cfg.py:3253}}
Jun 12 10:24:56.485387 np0000179797 nova-scheduler[108584]: DEBUG cotyledon.oslo_config_glue [-] oslo_messaging_rabbit.kombu_failover_strategy = round-robin {{(pid=108584) log_opt_values /opt/stack/data/venv/lib/python3.12/site-packages/oslo_config/cfg.py:3253}}
Jun 12 10:24:56.485571 np0000179797 nova-scheduler[108577]: INFO dbcounter [None req-9ec7b117-f1a8-4844-8601-0c33626490cb None None] Registered counter for database nova_cell0
Jun 12 10:24:56.485596 np0000179797 nova-scheduler[108584]: DEBUG cotyledon.oslo_config_glue [-] oslo_messaging_rabbit.kombu_missing_consumer_retry_timeout = 60 {{(pid=108584) log_opt_values /opt/stack/data/venv/lib/python3.12/site-packages/oslo_config/cfg.py:3253}}
Jun 12 10:24:56.485596 np0000179797 nova-scheduler[108584]: DEBUG cotyledon.oslo_config_glue [-] oslo_messaging_rabbit.kombu_reconnect_delay = 1.0 {{(pid=108584) log_opt_values /opt/stack/data/venv/lib/python3.12/site-packages/oslo_config/cfg.py:3253}}
Jun 12 10:24:56.485596 np0000179797 nova-scheduler[108584]: DEBUG cotyledon.oslo_config_glue [-] oslo_messaging_rabbit.kombu_reconnect_splay = 0.0 {{(pid=108584) log_opt_values /opt/stack/data/venv/lib/python3.12/site-packages/oslo_config/cfg.py:3253}}
Jun 12 10:24:56.485596 np0000179797 nova-scheduler[108584]: DEBUG cotyledon.oslo_config_glue [-] oslo_messaging_rabbit.processname = nova-scheduler {{(pid=108584) log_opt_values /opt/stack/data/venv/lib/python3.12/site-packages/oslo_config/cfg.py:3253}}
Jun 12 10:24:56.485596 np0000179797 nova-scheduler[108584]: DEBUG cotyledon.oslo_config_glue [-] oslo_messaging_rabbit.rabbit_ha_queues = False {{(pid=108584) log_opt_values /opt/stack/data/venv/lib/python3.12/site-packages/oslo_config/cfg.py:3253}}
Jun 12 10:24:56.485596 np0000179797 nova-scheduler[108584]: DEBUG cotyledon.oslo_config_glue [-] oslo_messaging_rabbit.rabbit_interval_max = 30 {{(pid=108584) log_opt_values /opt/stack/data/venv/lib/python3.12/site-packages/oslo_config/cfg.py:3253}}
Jun 12 10:24:56.485596 np0000179797 nova-scheduler[108584]: DEBUG cotyledon.oslo_config_glue [-] oslo_messaging_rabbit.rabbit_login_method = AMQPLAIN {{(pid=108584) log_opt_values /opt/stack/data/venv/lib/python3.12/site-packages/oslo_config/cfg.py:3253}}
Jun 12 10:24:56.485596 np0000179797 nova-scheduler[108584]: DEBUG cotyledon.oslo_config_glue [-] oslo_messaging_rabbit.rabbit_qos_prefetch_count = 0 {{(pid=108584) log_opt_values /opt/stack/data/venv/lib/python3.12/site-packages/oslo_config/cfg.py:3253}}
Jun 12 10:24:56.485757 np0000179797 nova-scheduler[108584]: DEBUG cotyledon.oslo_config_glue [-] oslo_messaging_rabbit.rabbit_quorum_delivery_limit = 0 {{(pid=108584) log_opt_values /opt/stack/data/venv/lib/python3.12/site-packages/oslo_config/cfg.py:3253}}
Jun 12 10:24:56.485757 np0000179797 nova-scheduler[108584]: DEBUG cotyledon.oslo_config_glue [-] oslo_messaging_rabbit.rabbit_quorum_max_memory_bytes = 0 {{(pid=108584) log_opt_values /opt/stack/data/venv/lib/python3.12/site-packages/oslo_config/cfg.py:3253}}
Jun 12 10:24:56.485757 np0000179797 nova-scheduler[108584]: DEBUG cotyledon.oslo_config_glue [-] oslo_messaging_rabbit.rabbit_quorum_max_memory_length = 0 {{(pid=108584) log_opt_values /opt/stack/data/venv/lib/python3.12/site-packages/oslo_config/cfg.py:3253}}
Jun 12 10:24:56.485757 np0000179797 nova-scheduler[108584]: DEBUG cotyledon.oslo_config_glue [-] oslo_messaging_rabbit.rabbit_quorum_queue = False {{(pid=108584) log_opt_values /opt/stack/data/venv/lib/python3.12/site-packages/oslo_config/cfg.py:3253}}
Jun 12 10:24:56.485757 np0000179797 nova-scheduler[108584]: DEBUG cotyledon.oslo_config_glue [-] oslo_messaging_rabbit.rabbit_retry_backoff = 2 {{(pid=108584) log_opt_values /opt/stack/data/venv/lib/python3.12/site-packages/oslo_config/cfg.py:3253}}
Jun 12 10:24:56.485757 np0000179797 nova-scheduler[108584]: DEBUG cotyledon.oslo_config_glue [-] oslo_messaging_rabbit.rabbit_retry_interval = 1 {{(pid=108584) log_opt_values /opt/stack/data/venv/lib/python3.12/site-packages/oslo_config/cfg.py:3253}}
Jun 12 10:24:56.485757 np0000179797 nova-scheduler[108584]: DEBUG cotyledon.oslo_config_glue [-] oslo_messaging_rabbit.rabbit_stream_fanout = False {{(pid=108584) log_opt_values /opt/stack/data/venv/lib/python3.12/site-packages/oslo_config/cfg.py:3253}}
Jun 12 10:24:56.485757 np0000179797 nova-scheduler[108584]: DEBUG cotyledon.oslo_config_glue [-] oslo_messaging_rabbit.rabbit_transient_queues_ttl = 1800 {{(pid=108584) log_opt_values /opt/stack/data/venv/lib/python3.12/site-packages/oslo_config/cfg.py:3253}}
Jun 12 10:24:56.485924 np0000179797 nova-scheduler[108584]: DEBUG cotyledon.oslo_config_glue [-] oslo_messaging_rabbit.rabbit_transient_quorum_queue = False {{(pid=108584) log_opt_values /opt/stack/data/venv/lib/python3.12/site-packages/oslo_config/cfg.py:3253}}
Jun 12 10:24:56.485924 np0000179797 nova-scheduler[108584]: DEBUG cotyledon.oslo_config_glue [-] oslo_messaging_rabbit.rpc_conn_pool_size = 30 {{(pid=108584) log_opt_values /opt/stack/data/venv/lib/python3.12/site-packages/oslo_config/cfg.py:3253}}
Jun 12 10:24:56.485924 np0000179797 nova-scheduler[108584]: DEBUG cotyledon.oslo_config_glue [-] oslo_messaging_rabbit.ssl = False {{(pid=108584) log_opt_values /opt/stack/data/venv/lib/python3.12/site-packages/oslo_config/cfg.py:3253}}
Jun 12 10:24:56.485924 np0000179797 nova-scheduler[108584]: DEBUG cotyledon.oslo_config_glue [-] oslo_messaging_rabbit.ssl_ca_file = {{(pid=108584) log_opt_values /opt/stack/data/venv/lib/python3.12/site-packages/oslo_config/cfg.py:3253}}
Jun 12 10:24:56.485924 np0000179797 nova-scheduler[108584]: DEBUG cotyledon.oslo_config_glue [-] oslo_messaging_rabbit.ssl_cert_file = {{(pid=108584) log_opt_values /opt/stack/data/venv/lib/python3.12/site-packages/oslo_config/cfg.py:3253}}
Jun 12 10:24:56.485924 np0000179797 nova-scheduler[108584]: DEBUG cotyledon.oslo_config_glue [-] oslo_messaging_rabbit.ssl_enforce_fips_mode = False {{(pid=108584) log_opt_values /opt/stack/data/venv/lib/python3.12/site-packages/oslo_config/cfg.py:3253}}
Jun 12 10:24:56.485924 np0000179797 nova-scheduler[108584]: DEBUG cotyledon.oslo_config_glue [-] oslo_messaging_rabbit.ssl_enforce_hostname_verification = True {{(pid=108584) log_opt_values /opt/stack/data/venv/lib/python3.12/site-packages/oslo_config/cfg.py:3253}}
Jun 12 10:24:56.485924 np0000179797 nova-scheduler[108584]: DEBUG cotyledon.oslo_config_glue [-] oslo_messaging_rabbit.ssl_key_file = {{(pid=108584) log_opt_values /opt/stack/data/venv/lib/python3.12/site-packages/oslo_config/cfg.py:3253}}
Jun 12 10:24:56.485924 np0000179797 nova-scheduler[108584]: DEBUG cotyledon.oslo_config_glue [-] oslo_messaging_rabbit.ssl_version = {{(pid=108584) log_opt_values /opt/stack/data/venv/lib/python3.12/site-packages/oslo_config/cfg.py:3253}}
Jun 12 10:24:56.486309 np0000179797 nova-scheduler[108584]: DEBUG cotyledon.oslo_config_glue [-] oslo_messaging_rabbit.use_queue_manager = False {{(pid=108584) log_opt_values /opt/stack/data/venv/lib/python3.12/site-packages/oslo_config/cfg.py:3253}}
Jun 12 10:24:56.486309 np0000179797 nova-scheduler[108584]: DEBUG cotyledon.oslo_config_glue [-] oslo_messaging_notifications.driver = ['messagingv2'] {{(pid=108584) log_opt_values /opt/stack/data/venv/lib/python3.12/site-packages/oslo_config/cfg.py:3253}}
Jun 12 10:24:56.486309 np0000179797 nova-scheduler[108584]: DEBUG cotyledon.oslo_config_glue [-] oslo_messaging_notifications.retry = -1 {{(pid=108584) log_opt_values /opt/stack/data/venv/lib/python3.12/site-packages/oslo_config/cfg.py:3253}}
Jun 12 10:24:56.486309 np0000179797 nova-scheduler[108584]: DEBUG cotyledon.oslo_config_glue [-] oslo_messaging_notifications.topics = ['notifications'] {{(pid=108584) log_opt_values /opt/stack/data/venv/lib/python3.12/site-packages/oslo_config/cfg.py:3253}}
Jun 12 10:24:56.486309 np0000179797 nova-scheduler[108584]: DEBUG cotyledon.oslo_config_glue [-] oslo_messaging_notifications.transport_url = **** {{(pid=108584) log_opt_values /opt/stack/data/venv/lib/python3.12/site-packages/oslo_config/cfg.py:3253}}
Jun 12 10:24:56.486309 np0000179797 nova-scheduler[108584]: DEBUG cotyledon.oslo_config_glue [-] oslo_limit.auth_section = None {{(pid=108584) log_opt_values /opt/stack/data/venv/lib/python3.12/site-packages/oslo_config/cfg.py:3253}}
Jun 12 10:24:56.486309 np0000179797 nova-scheduler[108584]: DEBUG cotyledon.oslo_config_glue [-] oslo_limit.auth_type = None {{(pid=108584) log_opt_values /opt/stack/data/venv/lib/python3.12/site-packages/oslo_config/cfg.py:3253}}
Jun 12 10:24:56.486309 np0000179797 nova-scheduler[108584]: DEBUG cotyledon.oslo_config_glue [-] oslo_limit.cafile = None {{(pid=108584) log_opt_values /opt/stack/data/venv/lib/python3.12/site-packages/oslo_config/cfg.py:3253}}
Jun 12 10:24:56.486309 np0000179797 nova-scheduler[108584]: DEBUG cotyledon.oslo_config_glue [-] oslo_limit.certfile = None {{(pid=108584) log_opt_values /opt/stack/data/venv/lib/python3.12/site-packages/oslo_config/cfg.py:3253}}
Jun 12 10:24:56.486548 np0000179797 nova-scheduler[108584]: DEBUG cotyledon.oslo_config_glue [-] oslo_limit.collect_timing = False {{(pid=108584) log_opt_values /opt/stack/data/venv/lib/python3.12/site-packages/oslo_config/cfg.py:3253}}
Jun 12 10:24:56.486548 np0000179797 nova-scheduler[108584]: DEBUG cotyledon.oslo_config_glue [-] oslo_limit.connect_retries = None {{(pid=108584) log_opt_values /opt/stack/data/venv/lib/python3.12/site-packages/oslo_config/cfg.py:3253}}
Jun 12 10:24:56.486548 np0000179797 nova-scheduler[108584]: DEBUG cotyledon.oslo_config_glue [-] oslo_limit.connect_retry_delay = None {{(pid=108584) log_opt_values /opt/stack/data/venv/lib/python3.12/site-packages/oslo_config/cfg.py:3253}}
Jun 12 10:24:56.486548 np0000179797 nova-scheduler[108584]: DEBUG cotyledon.oslo_config_glue [-] oslo_limit.endpoint_id = None {{(pid=108584) log_opt_values /opt/stack/data/venv/lib/python3.12/site-packages/oslo_config/cfg.py:3253}}
Jun 12 10:24:56.486548 np0000179797 nova-scheduler[108584]: DEBUG cotyledon.oslo_config_glue [-] oslo_limit.endpoint_interface = public {{(pid=108584) log_opt_values /opt/stack/data/venv/lib/python3.12/site-packages/oslo_config/cfg.py:3253}}
Jun 12 10:24:56.486548 np0000179797 nova-scheduler[108584]: DEBUG cotyledon.oslo_config_glue [-] oslo_limit.endpoint_override = None {{(pid=108584) log_opt_values /opt/stack/data/venv/lib/python3.12/site-packages/oslo_config/cfg.py:3253}}
Jun 12 10:24:56.486548 np0000179797 nova-scheduler[108584]: DEBUG cotyledon.oslo_config_glue [-] oslo_limit.endpoint_region_name = None {{(pid=108584) log_opt_values /opt/stack/data/venv/lib/python3.12/site-packages/oslo_config/cfg.py:3253}}
Jun 12 10:24:56.486548 np0000179797 nova-scheduler[108584]: DEBUG cotyledon.oslo_config_glue [-] oslo_limit.endpoint_service_name = None {{(pid=108584) log_opt_values /opt/stack/data/venv/lib/python3.12/site-packages/oslo_config/cfg.py:3253}}
Jun 12 10:24:56.486548 np0000179797 nova-scheduler[108584]: DEBUG cotyledon.oslo_config_glue [-] oslo_limit.endpoint_service_type = None {{(pid=108584) log_opt_values /opt/stack/data/venv/lib/python3.12/site-packages/oslo_config/cfg.py:3253}}
Jun 12 10:24:56.486743 np0000179797 nova-scheduler[108584]: DEBUG cotyledon.oslo_config_glue [-] oslo_limit.insecure = False {{(pid=108584) log_opt_values /opt/stack/data/venv/lib/python3.12/site-packages/oslo_config/cfg.py:3253}}
Jun 12 10:24:56.486743 np0000179797 nova-scheduler[108584]: DEBUG cotyledon.oslo_config_glue [-] oslo_limit.keyfile = None {{(pid=108584) log_opt_values /opt/stack/data/venv/lib/python3.12/site-packages/oslo_config/cfg.py:3253}}
Jun 12 10:24:56.486743 np0000179797 nova-scheduler[108584]: DEBUG cotyledon.oslo_config_glue [-] oslo_limit.max_version = None {{(pid=108584) log_opt_values /opt/stack/data/venv/lib/python3.12/site-packages/oslo_config/cfg.py:3253}}
Jun 12 10:24:56.486743 np0000179797 nova-scheduler[108584]: DEBUG cotyledon.oslo_config_glue [-] oslo_limit.min_version = None {{(pid=108584) log_opt_values /opt/stack/data/venv/lib/python3.12/site-packages/oslo_config/cfg.py:3253}}
Jun 12 10:24:56.486743 np0000179797 nova-scheduler[108584]: DEBUG cotyledon.oslo_config_glue [-] oslo_limit.region_name = None {{(pid=108584) log_opt_values /opt/stack/data/venv/lib/python3.12/site-packages/oslo_config/cfg.py:3253}}
Jun 12 10:24:56.486743 np0000179797 nova-scheduler[108584]: DEBUG cotyledon.oslo_config_glue [-] oslo_limit.retriable_status_codes = None {{(pid=108584) log_opt_values /opt/stack/data/venv/lib/python3.12/site-packages/oslo_config/cfg.py:3253}}
Jun 12 10:24:56.486743 np0000179797 nova-scheduler[108584]: DEBUG cotyledon.oslo_config_glue [-] oslo_limit.service_name = None {{(pid=108584) log_opt_values /opt/stack/data/venv/lib/python3.12/site-packages/oslo_config/cfg.py:3253}}
Jun 12 10:24:56.486743 np0000179797 nova-scheduler[108584]: DEBUG cotyledon.oslo_config_glue [-] oslo_limit.service_type = None {{(pid=108584) log_opt_values /opt/stack/data/venv/lib/python3.12/site-packages/oslo_config/cfg.py:3253}}
Jun 12 10:24:56.486743 np0000179797 nova-scheduler[108584]: DEBUG cotyledon.oslo_config_glue [-] oslo_limit.split_loggers = False {{(pid=108584) log_opt_values /opt/stack/data/venv/lib/python3.12/site-packages/oslo_config/cfg.py:3253}}
Jun 12 10:24:56.486928 np0000179797 nova-scheduler[108584]: DEBUG cotyledon.oslo_config_glue [-] oslo_limit.status_code_retries = None {{(pid=108584) log_opt_values /opt/stack/data/venv/lib/python3.12/site-packages/oslo_config/cfg.py:3253}}
Jun 12 10:24:56.486928 np0000179797 nova-scheduler[108584]: DEBUG cotyledon.oslo_config_glue [-] oslo_limit.status_code_retry_delay = None {{(pid=108584) log_opt_values /opt/stack/data/venv/lib/python3.12/site-packages/oslo_config/cfg.py:3253}}
Jun 12 10:24:56.486928 np0000179797 nova-scheduler[108584]: DEBUG cotyledon.oslo_config_glue [-] oslo_limit.timeout = None {{(pid=108584) log_opt_values /opt/stack/data/venv/lib/python3.12/site-packages/oslo_config/cfg.py:3253}}
Jun 12 10:24:56.486928 np0000179797 nova-scheduler[108584]: DEBUG cotyledon.oslo_config_glue [-] oslo_limit.valid_interfaces = None {{(pid=108584) log_opt_values /opt/stack/data/venv/lib/python3.12/site-packages/oslo_config/cfg.py:3253}}
Jun 12 10:24:56.486928 np0000179797 nova-scheduler[108584]: DEBUG cotyledon.oslo_config_glue [-] oslo_limit.version = None {{(pid=108584) log_opt_values /opt/stack/data/venv/lib/python3.12/site-packages/oslo_config/cfg.py:3253}}
Jun 12 10:24:56.486928 np0000179797 nova-scheduler[108584]: DEBUG cotyledon.oslo_config_glue [-] oslo_reports.file_event_handler = None {{(pid=108584) log_opt_values /opt/stack/data/venv/lib/python3.12/site-packages/oslo_config/cfg.py:3253}}
Jun 12 10:24:56.486928 np0000179797 nova-scheduler[108584]: DEBUG cotyledon.oslo_config_glue [-] oslo_reports.file_event_handler_interval = 1 {{(pid=108584) log_opt_values /opt/stack/data/venv/lib/python3.12/site-packages/oslo_config/cfg.py:3253}}
Jun 12 10:24:56.486928 np0000179797 nova-scheduler[108584]: DEBUG cotyledon.oslo_config_glue [-] oslo_reports.log_dir = None {{(pid=108584) log_opt_values /opt/stack/data/venv/lib/python3.12/site-packages/oslo_config/cfg.py:3253}}
Jun 12 10:24:56.486928 np0000179797 nova-scheduler[108584]: DEBUG cotyledon.oslo_config_glue [-] ******************************************************************************** {{(pid=108584) log_opt_values /opt/stack/data/venv/lib/python3.12/site-packages/oslo_config/cfg.py:3260}}
Jun 12 10:24:56.487117 np0000179797 nova-scheduler[108584]: DEBUG cotyledon._service_worker [-] Run service ServiceWrapper(3) [108584] {{(pid=108584) wait_forever /opt/stack/data/venv/lib/python3.12/site-packages/cotyledon/_service_worker.py:218}}
Jun 12 10:24:56.487117 np0000179797 nova-scheduler[108584]: INFO nova.service [-] Starting scheduler node (version 33.1.0)
Jun 12 10:24:56.487117 np0000179797 nova-scheduler[108584]: INFO dbcounter [None req-4bf1a472-ed3e-42ec-b626-c942d43df6a0 None None] Registered counter for database nova_cell0
Jun 12 10:24:56.487177 np0000179797 nova-scheduler[108557]: DEBUG oslo_db.sqlalchemy.engines [None req-6167500f-a5da-420b-bb10-0d0adbd6f28f None None] MySQL server mode set to STRICT_TRANS_TABLES,STRICT_ALL_TABLES,NO_ZERO_IN_DATE,NO_ZERO_DATE,ERROR_FOR_DIVISION_BY_ZERO,TRADITIONAL,NO_ENGINE_SUBSTITUTION {{(pid=108557) _check_effective_sql_mode /opt/stack/data/venv/lib/python3.12/site-packages/oslo_db/sqlalchemy/engines.py:325}}
Jun 12 10:24:56.491498 np0000179797 nova-scheduler[108557]: DEBUG dbcounter [-] [108557] Writer thread running {{(pid=108557) stat_writer /opt/stack/data/venv/lib/python3.12/site-packages/dbcounter.py:102}}
Jun 12 10:24:56.493992 np0000179797 nova-scheduler[108577]: DEBUG oslo_db.sqlalchemy.engines [None req-9ec7b117-f1a8-4844-8601-0c33626490cb None None] MySQL server mode set to STRICT_TRANS_TABLES,STRICT_ALL_TABLES,NO_ZERO_IN_DATE,NO_ZERO_DATE,ERROR_FOR_DIVISION_BY_ZERO,TRADITIONAL,NO_ENGINE_SUBSTITUTION {{(pid=108577) _check_effective_sql_mode /opt/stack/data/venv/lib/python3.12/site-packages/oslo_db/sqlalchemy/engines.py:325}}
Jun 12 10:24:56.505704 np0000179797 nova-scheduler[108577]: DEBUG dbcounter [-] [108577] Writer thread running {{(pid=108577) stat_writer /opt/stack/data/venv/lib/python3.12/site-packages/dbcounter.py:102}}
Jun 12 10:24:56.516720 np0000179797 nova-scheduler[108557]: DEBUG nova.service [None req-6167500f-a5da-420b-bb10-0d0adbd6f28f None None] Creating RPC server for service: nova-scheduler on topic: scheduler {{(pid=108557) start /opt/stack/nova/nova/service.py:196}}
Jun 12 10:24:56.517578 np0000179797 nova-scheduler[108584]: DEBUG oslo_db.sqlalchemy.engines [None req-4bf1a472-ed3e-42ec-b626-c942d43df6a0 None None] MySQL server mode set to STRICT_TRANS_TABLES,STRICT_ALL_TABLES,NO_ZERO_IN_DATE,NO_ZERO_DATE,ERROR_FOR_DIVISION_BY_ZERO,TRADITIONAL,NO_ENGINE_SUBSTITUTION {{(pid=108584) _check_effective_sql_mode /opt/stack/data/venv/lib/python3.12/site-packages/oslo_db/sqlalchemy/engines.py:325}}
Jun 12 10:24:56.524898 np0000179797 nova-scheduler[108577]: DEBUG nova.service [None req-9ec7b117-f1a8-4844-8601-0c33626490cb None None] Creating RPC server for service: nova-scheduler on topic: scheduler {{(pid=108577) start /opt/stack/nova/nova/service.py:196}}
Jun 12 10:24:56.525267 np0000179797 nova-scheduler[108568]: DEBUG oslo_db.sqlalchemy.engines [None req-d54d1dce-89b8-4dd5-983e-d145f79a79b2 None None] MySQL server mode set to STRICT_TRANS_TABLES,STRICT_ALL_TABLES,NO_ZERO_IN_DATE,NO_ZERO_DATE,ERROR_FOR_DIVISION_BY_ZERO,TRADITIONAL,NO_ENGINE_SUBSTITUTION {{(pid=108568) _check_effective_sql_mode /opt/stack/data/venv/lib/python3.12/site-packages/oslo_db/sqlalchemy/engines.py:325}}
Jun 12 10:24:56.533112 np0000179797 nova-scheduler[108584]: DEBUG dbcounter [-] [108584] Writer thread running {{(pid=108584) stat_writer /opt/stack/data/venv/lib/python3.12/site-packages/dbcounter.py:102}}
Jun 12 10:24:56.537299 np0000179797 nova-scheduler[108584]: DEBUG nova.service [None req-4bf1a472-ed3e-42ec-b626-c942d43df6a0 None None] Creating RPC server for service: nova-scheduler on topic: scheduler {{(pid=108584) start /opt/stack/nova/nova/service.py:196}}
Jun 12 10:24:56.537487 np0000179797 nova-scheduler[108568]: DEBUG dbcounter [-] [108568] Writer thread running {{(pid=108568) stat_writer /opt/stack/data/venv/lib/python3.12/site-packages/dbcounter.py:102}}
Jun 12 10:24:56.540571 np0000179797 nova-scheduler[108568]: DEBUG nova.service [None req-d54d1dce-89b8-4dd5-983e-d145f79a79b2 None None] Creating RPC server for service: nova-scheduler on topic: scheduler {{(pid=108568) start /opt/stack/nova/nova/service.py:196}}
Jun 12 10:24:56.547611 np0000179797 nova-scheduler[108557]: DEBUG nova.service [None req-6167500f-a5da-420b-bb10-0d0adbd6f28f None None] Join ServiceGroup membership for this service scheduler {{(pid=108557) start /opt/stack/nova/nova/service.py:222}}
Jun 12 10:24:56.547900 np0000179797 nova-scheduler[108557]: DEBUG nova.servicegroup.drivers.db [None req-6167500f-a5da-420b-bb10-0d0adbd6f28f None None] DB_Driver: join new ServiceGroup member np0000179797 to the scheduler group, service = {{(pid=108557) join /opt/stack/nova/nova/servicegroup/drivers/db.py:44}}
Jun 12 10:24:56.553484 np0000179797 nova-scheduler[108577]: DEBUG nova.service [None req-9ec7b117-f1a8-4844-8601-0c33626490cb None None] Join ServiceGroup membership for this service scheduler {{(pid=108577) start /opt/stack/nova/nova/service.py:222}}
Jun 12 10:24:56.553699 np0000179797 nova-scheduler[108577]: DEBUG nova.servicegroup.drivers.db [None req-9ec7b117-f1a8-4844-8601-0c33626490cb None None] DB_Driver: join new ServiceGroup member np0000179797 to the scheduler group, service = {{(pid=108577) join /opt/stack/nova/nova/servicegroup/drivers/db.py:44}}
Jun 12 10:24:56.560522 np0000179797 nova-scheduler[108584]: DEBUG nova.service [None req-4bf1a472-ed3e-42ec-b626-c942d43df6a0 None None] Join ServiceGroup membership for this service scheduler {{(pid=108584) start /opt/stack/nova/nova/service.py:222}}
Jun 12 10:24:56.560742 np0000179797 nova-scheduler[108584]: DEBUG nova.servicegroup.drivers.db [None req-4bf1a472-ed3e-42ec-b626-c942d43df6a0 None None] DB_Driver: join new ServiceGroup member np0000179797 to the scheduler group, service = {{(pid=108584) join /opt/stack/nova/nova/servicegroup/drivers/db.py:44}}
Jun 12 10:24:56.562089 np0000179797 nova-scheduler[108568]: DEBUG nova.service [None req-d54d1dce-89b8-4dd5-983e-d145f79a79b2 None None] Join ServiceGroup membership for this service scheduler {{(pid=108568) start /opt/stack/nova/nova/service.py:222}}
Jun 12 10:24:56.562386 np0000179797 nova-scheduler[108568]: DEBUG nova.servicegroup.drivers.db [None req-d54d1dce-89b8-4dd5-983e-d145f79a79b2 None None] DB_Driver: join new ServiceGroup member np0000179797 to the scheduler group, service = {{(pid=108568) join /opt/stack/nova/nova/servicegroup/drivers/db.py:44}}
Jun 12 10:25:01.570380 np0000179797 nova-scheduler[108557]: DEBUG oslo.service.backend._threading.loopingcall [-] Fixed interval looping call 'nova.servicegroup.drivers.db.DbDriver._report_state' sleeping for 119.98 seconds {{(pid=108557) _run_loop /opt/stack/data/venv/lib/python3.12/site-packages/oslo_service/backend/_threading/loopingcall.py:125}}
Jun 12 10:25:01.571000 np0000179797 nova-scheduler[108577]: DEBUG oslo.service.backend._threading.loopingcall [-] Fixed interval looping call 'nova.servicegroup.drivers.db.DbDriver._report_state' sleeping for 119.99 seconds {{(pid=108577) _run_loop /opt/stack/data/venv/lib/python3.12/site-packages/oslo_service/backend/_threading/loopingcall.py:125}}
Jun 12 10:25:01.575731 np0000179797 nova-scheduler[108584]: DEBUG oslo.service.backend._threading.loopingcall [-] Fixed interval looping call 'nova.servicegroup.drivers.db.DbDriver._report_state' sleeping for 119.99 seconds {{(pid=108584) _run_loop /opt/stack/data/venv/lib/python3.12/site-packages/oslo_service/backend/_threading/loopingcall.py:125}}
Jun 12 10:25:01.577173 np0000179797 nova-scheduler[108568]: DEBUG oslo.service.backend._threading.loopingcall [-] Fixed interval looping call 'nova.servicegroup.drivers.db.DbDriver._report_state' sleeping for 119.99 seconds {{(pid=108568) _run_loop /opt/stack/data/venv/lib/python3.12/site-packages/oslo_service/backend/_threading/loopingcall.py:125}}
Jun 12 10:25:05.000322 np0000179797 nova-scheduler[107827]: DEBUG dbcounter [-] [107827] Writing DB stats nova_api:SELECT=3 {{(pid=107827) stat_writer /opt/stack/data/venv/lib/python3.12/site-packages/dbcounter.py:115}}
Jun 12 10:25:05.150204 np0000179797 nova-scheduler[107827]: DEBUG dbcounter [-] [107827] Writing DB stats nova_cell0:SELECT=1 {{(pid=107827) stat_writer /opt/stack/data/venv/lib/python3.12/site-packages/dbcounter.py:115}}
Jun 12 10:25:05.158828 np0000179797 nova-scheduler[107827]: DEBUG dbcounter [-] [107827] Writing DB stats nova_cell1:SELECT=1 {{(pid=107827) stat_writer /opt/stack/data/venv/lib/python3.12/site-packages/dbcounter.py:115}}
Jun 12 10:25:11.564937 np0000179797 nova-scheduler[108557]: DEBUG dbcounter [-] [108557] Writing DB stats nova_cell0:SELECT=4,nova_cell0:INSERT=1,nova_cell0:UPDATE=1 {{(pid=108557) stat_writer /opt/stack/data/venv/lib/python3.12/site-packages/dbcounter.py:115}}
Jun 12 10:25:11.567401 np0000179797 nova-scheduler[108577]: DEBUG dbcounter [-] [108577] Writing DB stats nova_cell0:SELECT=5,nova_cell0:INSERT=1,nova_cell0:UPDATE=1 {{(pid=108577) stat_writer /opt/stack/data/venv/lib/python3.12/site-packages/dbcounter.py:115}}
Jun 12 10:25:11.571731 np0000179797 nova-scheduler[108584]: DEBUG dbcounter [-] [108584] Writing DB stats nova_cell0:SELECT=3 {{(pid=108584) stat_writer /opt/stack/data/venv/lib/python3.12/site-packages/dbcounter.py:115}}
Jun 12 10:25:11.573913 np0000179797 nova-scheduler[108568]: DEBUG dbcounter [-] [108568] Writing DB stats nova_cell0:SELECT=3 {{(pid=108568) stat_writer /opt/stack/data/venv/lib/python3.12/site-packages/dbcounter.py:115}}
Jun 12 10:25:12.557350 np0000179797 nova-scheduler[108577]: DEBUG oslo.service.backend._threading.loopingcall [None req-1a73b417-8f19-42d8-b35f-12027a8bce93 None None] Dynamic interval looping call 'nova.service.Service.periodic_tasks' sleeping for 60.00 seconds {{(pid=108577) _run_loop /opt/stack/data/venv/lib/python3.12/site-packages/oslo_service/backend/_threading/loopingcall.py:125}}
Jun 12 10:25:40.550667 np0000179797 nova-scheduler[108557]: DEBUG oslo.service.backend._threading.loopingcall [None req-4e67ec1b-d7b6-4e5d-8930-dc9a146d558f None None] Dynamic interval looping call 'nova.service.Service.periodic_tasks' sleeping for 60.00 seconds {{(pid=108557) _run_loop /opt/stack/data/venv/lib/python3.12/site-packages/oslo_service/backend/_threading/loopingcall.py:125}}
Jun 12 10:25:49.565499 np0000179797 nova-scheduler[108568]: DEBUG oslo.service.backend._threading.loopingcall [None req-d32c8412-8c44-422e-9785-db1b526ea3c0 None None] Dynamic interval looping call 'nova.service.Service.periodic_tasks' sleeping for 60.00 seconds {{(pid=108568) _run_loop /opt/stack/data/venv/lib/python3.12/site-packages/oslo_service/backend/_threading/loopingcall.py:125}}
Jun 12 10:25:53.707572 np0000179797 nova-scheduler[108584]: DEBUG oslo.service.backend._threading.loopingcall [None req-ae35cfe4-3209-4d81-9840-520c452a9016 None None] Dynamic interval looping call 'nova.service.Service.periodic_tasks' sleeping for 60.00 seconds {{(pid=108584) _run_loop /opt/stack/data/venv/lib/python3.12/site-packages/oslo_service/backend/_threading/loopingcall.py:125}}
Jun 12 10:26:12.558188 np0000179797 nova-scheduler[108577]: DEBUG oslo.service.backend._threading.loopingcall [None req-1a73b417-8f19-42d8-b35f-12027a8bce93 None None] Dynamic interval looping call 'nova.service.Service.periodic_tasks' sleeping for 60.00 seconds {{(pid=108577) _run_loop /opt/stack/data/venv/lib/python3.12/site-packages/oslo_service/backend/_threading/loopingcall.py:125}}
Jun 12 10:26:40.551430 np0000179797 nova-scheduler[108557]: DEBUG oslo.service.backend._threading.loopingcall [None req-4e67ec1b-d7b6-4e5d-8930-dc9a146d558f None None] Dynamic interval looping call 'nova.service.Service.periodic_tasks' sleeping for 60.00 seconds {{(pid=108557) _run_loop /opt/stack/data/venv/lib/python3.12/site-packages/oslo_service/backend/_threading/loopingcall.py:125}}
Jun 12 10:26:49.566893 np0000179797 nova-scheduler[108568]: DEBUG oslo.service.backend._threading.loopingcall [None req-d32c8412-8c44-422e-9785-db1b526ea3c0 None None] Dynamic interval looping call 'nova.service.Service.periodic_tasks' sleeping for 60.00 seconds {{(pid=108568) _run_loop /opt/stack/data/venv/lib/python3.12/site-packages/oslo_service/backend/_threading/loopingcall.py:125}}
Jun 12 10:26:53.622644 np0000179797 nova-scheduler[108584]: DEBUG oslo.service.backend._threading.loopingcall [None req-ae35cfe4-3209-4d81-9840-520c452a9016 None None] Dynamic interval looping call 'nova.service.Service.periodic_tasks' sleeping for 60.00 seconds {{(pid=108584) _run_loop /opt/stack/data/venv/lib/python3.12/site-packages/oslo_service/backend/_threading/loopingcall.py:125}}
Jun 12 10:27:01.677245 np0000179797 nova-scheduler[108557]: DEBUG oslo.service.backend._threading.loopingcall [-] Fixed interval looping call 'nova.servicegroup.drivers.db.DbDriver._report_state' sleeping for 119.87 seconds {{(pid=108557) _run_loop /opt/stack/data/venv/lib/python3.12/site-packages/oslo_service/backend/_threading/loopingcall.py:125}}
Jun 12 10:27:01.678785 np0000179797 nova-scheduler[108577]: DEBUG oslo.service.backend._threading.loopingcall [-] Fixed interval looping call 'nova.servicegroup.drivers.db.DbDriver._report_state' sleeping for 119.88 seconds {{(pid=108577) _run_loop /opt/stack/data/venv/lib/python3.12/site-packages/oslo_service/backend/_threading/loopingcall.py:125}}
Jun 12 10:27:01.680516 np0000179797 nova-scheduler[108584]: DEBUG oslo.service.backend._threading.loopingcall [-] Fixed interval looping call 'nova.servicegroup.drivers.db.DbDriver._report_state' sleeping for 119.89 seconds {{(pid=108584) _run_loop /opt/stack/data/venv/lib/python3.12/site-packages/oslo_service/backend/_threading/loopingcall.py:125}}
Jun 12 10:27:01.682044 np0000179797 nova-scheduler[108568]: DEBUG oslo.service.backend._threading.loopingcall [-] Fixed interval looping call 'nova.servicegroup.drivers.db.DbDriver._report_state' sleeping for 119.89 seconds {{(pid=108568) _run_loop /opt/stack/data/venv/lib/python3.12/site-packages/oslo_service/backend/_threading/loopingcall.py:125}}
Jun 12 10:27:11.555707 np0000179797 nova-scheduler[108557]: DEBUG dbcounter [-] [108557] Writing DB stats nova_cell0:SELECT=1,nova_cell0:UPDATE=1 {{(pid=108557) stat_writer /opt/stack/data/venv/lib/python3.12/site-packages/dbcounter.py:115}}
Jun 12 10:27:11.566240 np0000179797 nova-scheduler[108577]: DEBUG dbcounter [-] [108577] Writing DB stats nova_cell0:SELECT=1,nova_cell0:UPDATE=1 {{(pid=108577) stat_writer /opt/stack/data/venv/lib/python3.12/site-packages/dbcounter.py:115}}
Jun 12 10:27:11.573139 np0000179797 nova-scheduler[108584]: DEBUG dbcounter [-] [108584] Writing DB stats nova_cell0:SELECT=1,nova_cell0:UPDATE=1 {{(pid=108584) stat_writer /opt/stack/data/venv/lib/python3.12/site-packages/dbcounter.py:115}}
Jun 12 10:27:11.573456 np0000179797 nova-scheduler[108568]: DEBUG dbcounter [-] [108568] Writing DB stats nova_cell0:SELECT=1,nova_cell0:UPDATE=1 {{(pid=108568) stat_writer /opt/stack/data/venv/lib/python3.12/site-packages/dbcounter.py:115}}
Jun 12 10:27:12.559161 np0000179797 nova-scheduler[108577]: DEBUG oslo.service.backend._threading.loopingcall [None req-1a73b417-8f19-42d8-b35f-12027a8bce93 None None] Dynamic interval looping call 'nova.service.Service.periodic_tasks' sleeping for 60.00 seconds {{(pid=108577) _run_loop /opt/stack/data/venv/lib/python3.12/site-packages/oslo_service/backend/_threading/loopingcall.py:125}}
Jun 12 10:27:40.552527 np0000179797 nova-scheduler[108557]: DEBUG oslo.service.backend._threading.loopingcall [None req-4e67ec1b-d7b6-4e5d-8930-dc9a146d558f None None] Dynamic interval looping call 'nova.service.Service.periodic_tasks' sleeping for 60.00 seconds {{(pid=108557) _run_loop /opt/stack/data/venv/lib/python3.12/site-packages/oslo_service/backend/_threading/loopingcall.py:125}}
Jun 12 10:27:49.567655 np0000179797 nova-scheduler[108568]: DEBUG oslo.service.backend._threading.loopingcall [None req-d32c8412-8c44-422e-9785-db1b526ea3c0 None None] Dynamic interval looping call 'nova.service.Service.periodic_tasks' sleeping for 60.00 seconds {{(pid=108568) _run_loop /opt/stack/data/venv/lib/python3.12/site-packages/oslo_service/backend/_threading/loopingcall.py:125}}
Jun 12 10:27:53.564991 np0000179797 nova-scheduler[108584]: DEBUG oslo.service.backend._threading.loopingcall [None req-ae35cfe4-3209-4d81-9840-520c452a9016 None None] Dynamic interval looping call 'nova.service.Service.periodic_tasks' sleeping for 60.00 seconds {{(pid=108584) _run_loop /opt/stack/data/venv/lib/python3.12/site-packages/oslo_service/backend/_threading/loopingcall.py:125}}
Jun 12 10:28:12.560088 np0000179797 nova-scheduler[108577]: DEBUG oslo.service.backend._threading.loopingcall [None req-1a73b417-8f19-42d8-b35f-12027a8bce93 None None] Dynamic interval looping call 'nova.service.Service.periodic_tasks' sleeping for 60.00 seconds {{(pid=108577) _run_loop /opt/stack/data/venv/lib/python3.12/site-packages/oslo_service/backend/_threading/loopingcall.py:125}}
Jun 12 10:28:40.553367 np0000179797 nova-scheduler[108557]: DEBUG oslo.service.backend._threading.loopingcall [None req-4e67ec1b-d7b6-4e5d-8930-dc9a146d558f None None] Dynamic interval looping call 'nova.service.Service.periodic_tasks' sleeping for 60.00 seconds {{(pid=108557) _run_loop /opt/stack/data/venv/lib/python3.12/site-packages/oslo_service/backend/_threading/loopingcall.py:125}}
Jun 12 10:28:49.568381 np0000179797 nova-scheduler[108568]: DEBUG oslo.service.backend._threading.loopingcall [None req-d32c8412-8c44-422e-9785-db1b526ea3c0 None None] Dynamic interval looping call 'nova.service.Service.periodic_tasks' sleeping for 60.00 seconds {{(pid=108568) _run_loop /opt/stack/data/venv/lib/python3.12/site-packages/oslo_service/backend/_threading/loopingcall.py:125}}
Jun 12 10:28:53.565697 np0000179797 nova-scheduler[108584]: DEBUG oslo.service.backend._threading.loopingcall [None req-ae35cfe4-3209-4d81-9840-520c452a9016 None None] Dynamic interval looping call 'nova.service.Service.periodic_tasks' sleeping for 60.00 seconds {{(pid=108584) _run_loop /opt/stack/data/venv/lib/python3.12/site-packages/oslo_service/backend/_threading/loopingcall.py:125}}
Jun 12 10:29:01.561129 np0000179797 nova-scheduler[108557]: DEBUG oslo.service.backend._threading.loopingcall [-] Fixed interval looping call 'nova.servicegroup.drivers.db.DbDriver._report_state' sleeping for 119.99 seconds {{(pid=108557) _run_loop /opt/stack/data/venv/lib/python3.12/site-packages/oslo_service/backend/_threading/loopingcall.py:125}}
Jun 12 10:29:01.565777 np0000179797 nova-scheduler[108577]: DEBUG oslo.service.backend._threading.loopingcall [-] Fixed interval looping call 'nova.servicegroup.drivers.db.DbDriver._report_state' sleeping for 119.99 seconds {{(pid=108577) _run_loop /opt/stack/data/venv/lib/python3.12/site-packages/oslo_service/backend/_threading/loopingcall.py:125}}
Jun 12 10:29:01.578742 np0000179797 nova-scheduler[108584]: DEBUG oslo.service.backend._threading.loopingcall [-] Fixed interval looping call 'nova.servicegroup.drivers.db.DbDriver._report_state' sleeping for 119.99 seconds {{(pid=108584) _run_loop /opt/stack/data/venv/lib/python3.12/site-packages/oslo_service/backend/_threading/loopingcall.py:125}}
Jun 12 10:29:01.579592 np0000179797 nova-scheduler[108568]: DEBUG oslo.service.backend._threading.loopingcall [-] Fixed interval looping call 'nova.servicegroup.drivers.db.DbDriver._report_state' sleeping for 119.99 seconds {{(pid=108568) _run_loop /opt/stack/data/venv/lib/python3.12/site-packages/oslo_service/backend/_threading/loopingcall.py:125}}
Jun 12 10:29:11.552432 np0000179797 nova-scheduler[108557]: DEBUG dbcounter [-] [108557] Writing DB stats nova_cell0:SELECT=1,nova_cell0:UPDATE=1 {{(pid=108557) stat_writer /opt/stack/data/venv/lib/python3.12/site-packages/dbcounter.py:115}}
Jun 12 10:29:11.569424 np0000179797 nova-scheduler[108577]: DEBUG dbcounter [-] [108577] Writing DB stats nova_cell0:SELECT=1 {{(pid=108577) stat_writer /opt/stack/data/venv/lib/python3.12/site-packages/dbcounter.py:115}}
Jun 12 10:29:11.574535 np0000179797 nova-scheduler[108584]: DEBUG dbcounter [-] [108584] Writing DB stats nova_cell0:SELECT=1 {{(pid=108584) stat_writer /opt/stack/data/venv/lib/python3.12/site-packages/dbcounter.py:115}}
Jun 12 10:29:11.577988 np0000179797 nova-scheduler[108568]: DEBUG dbcounter [-] [108568] Writing DB stats nova_cell0:SELECT=1 {{(pid=108568) stat_writer /opt/stack/data/venv/lib/python3.12/site-packages/dbcounter.py:115}}
