Mar 11 17:15:53.634044 np0000158417 systemd[1]: Starting devstack@n-api-meta.service - Devstack devstack@n-api-meta.service...
Mar 11 17:15:53.642823 np0000158417 devstack@n-api-meta.service[108423]: [uWSGI] getting INI configuration from /etc/nova/nova-metadata-uwsgi.ini
Mar 11 17:15:53.643334 np0000158417 devstack@n-api-meta.service[108423]: open("./http_plugin.so"): No such file or directory [core/utils.c line 3709]
Mar 11 17:15:53.643334 np0000158417 devstack@n-api-meta.service[108423]: !!! UNABLE to load uWSGI plugin: ./http_plugin.so: cannot open shared object file: No such file or directory !!!
Mar 11 17:15:53.643334 np0000158417 devstack@n-api-meta.service[108423]: open("./python3_plugin.so"): No such file or directory [core/utils.c line 3709]
Mar 11 17:15:53.643334 np0000158417 devstack@n-api-meta.service[108423]: !!! UNABLE to load uWSGI plugin: ./python3_plugin.so: cannot open shared object file: No such file or directory !!!
Mar 11 17:15:53.643334 np0000158417 devstack@n-api-meta.service[108423]: *** Starting uWSGI 2.0.31 (64bit) on [Wed Mar 11 17:15:53 2026] ***
Mar 11 17:15:53.643334 np0000158417 devstack@n-api-meta.service[108423]: compiled with version: 13.3.0 on 11 March 2026 17:04:57
Mar 11 17:15:53.643334 np0000158417 devstack@n-api-meta.service[108423]: os: Linux-6.8.0-101-generic #101-Ubuntu SMP PREEMPT_DYNAMIC Mon Feb 9 10:15:05 UTC 2026
Mar 11 17:15:53.643334 np0000158417 devstack@n-api-meta.service[108423]: nodename: np0000158417
Mar 11 17:15:53.643334 np0000158417 devstack@n-api-meta.service[108423]: machine: x86_64
Mar 11 17:15:53.643334 np0000158417 devstack@n-api-meta.service[108423]: clock source: unix
Mar 11 17:15:53.643334 np0000158417 devstack@n-api-meta.service[108423]: pcre jit disabled
Mar 11 17:15:53.643334 np0000158417 devstack@n-api-meta.service[108423]: detected number of CPU cores: 16
Mar 11 17:15:53.643334 np0000158417 devstack@n-api-meta.service[108423]: current working directory: /
Mar 11 17:15:53.643334 np0000158417 devstack@n-api-meta.service[108423]: detected binary path: /opt/stack/data/venv/bin/uwsgi
Mar 11 17:15:53.643334 np0000158417 devstack@n-api-meta.service[108423]: your processes number limit is 256917
Mar 11 17:15:53.643334 np0000158417 devstack@n-api-meta.service[108423]: your memory page size is 4096 bytes
Mar 11 17:15:53.643334 np0000158417 devstack@n-api-meta.service[108423]: detected max file descriptor number: 2048
Mar 11 17:15:53.643334 np0000158417 devstack@n-api-meta.service[108423]: lock engine: pthread robust mutexes
Mar 11 17:15:53.643334 np0000158417 devstack@n-api-meta.service[108423]: thunder lock: enabled
Mar 11 17:15:53.643941 np0000158417 devstack@n-api-meta.service[108423]: uWSGI http bound on 0.0.0.0:8775 fd 5
Mar 11 17:15:53.643941 np0000158417 devstack@n-api-meta.service[108423]: uwsgi socket 0 bound to TCP address 127.0.0.1:40935 (port auto-assigned) fd 4
Mar 11 17:15:53.643941 np0000158417 devstack@n-api-meta.service[108423]: Python version: 3.12.3 (main, Mar 3 2026, 12:15:18) [GCC 13.3.0]
Mar 11 17:15:53.643941 np0000158417 devstack@n-api-meta.service[108423]: PEP 405 virtualenv detected: /opt/stack/data/venv
Mar 11 17:15:53.643941 np0000158417 devstack@n-api-meta.service[108423]: Set PythonHome to /opt/stack/data/venv
Mar 11 17:15:53.678352 np0000158417 devstack@n-api-meta.service[108423]: Python main interpreter initialized at 0x73f2b3aa3668
Mar 11 17:15:53.678352 np0000158417 devstack@n-api-meta.service[108423]: python threads support enabled
Mar 11 17:15:53.678352 np0000158417 devstack@n-api-meta.service[108423]: your server socket listen backlog is limited to 100 connections
Mar 11 17:15:53.678352 np0000158417 devstack@n-api-meta.service[108423]: your mercy for graceful operations on workers is 80 seconds
Mar 11 17:15:53.678925 np0000158417 devstack@n-api-meta.service[108423]: mapped 671795 bytes (656 KB) for 4 cores
Mar 11 17:15:53.679078 np0000158417 devstack@n-api-meta.service[108423]: *** Operational MODE: preforking ***
Mar 11 17:15:53.679315 np0000158417 devstack@n-api-meta.service[108423]: *** uWSGI is running in multiple interpreter mode ***
Mar 11 17:15:53.679315 np0000158417 devstack@n-api-meta.service[108423]: spawned uWSGI master process (pid: 108423)
Mar 11 17:15:53.679547 np0000158417 systemd[1]: Started devstack@n-api-meta.service - Devstack devstack@n-api-meta.service.
Mar 11 17:15:53.680110 np0000158417 devstack@n-api-meta.service[108423]: spawned uWSGI worker 1 (pid: 108424, cores: 1)
Mar 11 17:15:53.680653 np0000158417 devstack@n-api-meta.service[108423]: spawned uWSGI worker 2 (pid: 108425, cores: 1)
Mar 11 17:15:53.681106 np0000158417 devstack@n-api-meta.service[108423]: spawned uWSGI worker 3 (pid: 108426, cores: 1)
Mar 11 17:15:53.681606 np0000158417 devstack@n-api-meta.service[108423]: spawned uWSGI worker 4 (pid: 108427, cores: 1)
Mar 11 17:15:53.682319 np0000158417 devstack@n-api-meta.service[108423]: spawned uWSGI http 1 (pid: 108428)
Mar 11 17:15:53.682319 np0000158417 devstack@n-api-meta.service[108423]: running "unix_signal:15 gracefully_kill_them_all" (master-start)...
Mar 11 17:15:54.045575 np0000158417 devstack@n-api-meta.service[108426]: Service is starting with native threading. This is currently experimental. Do not use it in production without first testing it in pre-production.
Mar 11 17:15:54.046793 np0000158417 devstack@n-api-meta.service[108425]: Service is starting with native threading. This is currently experimental. Do not use it in production without first testing it in pre-production.
Mar 11 17:15:54.061754 np0000158417 devstack@n-api-meta.service[108424]: Service is starting with native threading. This is currently experimental. Do not use it in production without first testing it in pre-production.
Mar 11 17:15:54.068585 np0000158417 devstack@n-api-meta.service[108427]: Service is starting with native threading. This is currently experimental. Do not use it in production without first testing it in pre-production.
Mar 11 17:15:55.482484 np0000158417 devstack@n-api-meta.service[108424]: INFO dbcounter [None req-7cce057c-aa25-409e-8f1d-2b7f791b6f4f None None] Registered counter for database nova_api
Mar 11 17:15:55.499845 np0000158417 devstack@n-api-meta.service[108424]: DEBUG oslo_db.sqlalchemy.engines [None req-7cce057c-aa25-409e-8f1d-2b7f791b6f4f None None] MySQL server mode set to STRICT_TRANS_TABLES,STRICT_ALL_TABLES,NO_ZERO_IN_DATE,NO_ZERO_DATE,ERROR_FOR_DIVISION_BY_ZERO,TRADITIONAL,NO_ENGINE_SUBSTITUTION {{(pid=108424) _check_effective_sql_mode /opt/stack/data/venv/lib/python3.12/site-packages/oslo_db/sqlalchemy/engines.py:325}}
Mar 11 17:15:55.534932 np0000158417 devstack@n-api-meta.service[108424]: DEBUG dbcounter [-] [108424] Writer thread running {{(pid=108424) stat_writer /opt/stack/data/venv/lib/python3.12/site-packages/dbcounter.py:102}}
Mar 11 17:15:55.537107 np0000158417 devstack@n-api-meta.service[108424]: DEBUG nova.context [None req-7cce057c-aa25-409e-8f1d-2b7f791b6f4f None None] Found 2 cells: 00000000-0000-0000-0000-000000000000(cell0),ece241cf-6e2a-4aa2-b0fa-ba900b4efa13(cell1) {{(pid=108424) load_cells /opt/stack/nova/nova/context.py:509}}
Mar 11 17:15:55.537330 np0000158417 devstack@n-api-meta.service[108424]: INFO nova.utils [None req-7cce057c-aa25-409e-8f1d-2b7f791b6f4f None None] The cell worker thread pool MainProcess.cell_worker is initialized
Mar 11 17:15:55.539068 np0000158417 devstack@n-api-meta.service[108424]: DEBUG oslo_concurrency.lockutils [None req-7cce057c-aa25-409e-8f1d-2b7f791b6f4f None None] Acquiring lock "00000000-0000-0000-0000-000000000000" by "nova.context.set_target_cell..get_or_set_cached_cell_and_set_connections" {{(pid=108424) inner /opt/stack/data/venv/lib/python3.12/site-packages/oslo_concurrency/lockutils.py:506}}
Mar 11 17:15:55.539232 np0000158417 devstack@n-api-meta.service[108424]: DEBUG oslo_concurrency.lockutils [None req-7cce057c-aa25-409e-8f1d-2b7f791b6f4f None None] Lock "00000000-0000-0000-0000-000000000000" acquired by "nova.context.set_target_cell..get_or_set_cached_cell_and_set_connections" :: waited 0.000s {{(pid=108424) inner /opt/stack/data/venv/lib/python3.12/site-packages/oslo_concurrency/lockutils.py:519}}
Mar 11 17:15:55.539590 np0000158417 devstack@n-api-meta.service[108424]: DEBUG oslo_concurrency.lockutils [None req-7cce057c-aa25-409e-8f1d-2b7f791b6f4f None None] Lock "00000000-0000-0000-0000-000000000000" "released" by "nova.context.set_target_cell..get_or_set_cached_cell_and_set_connections" :: held 0.000s {{(pid=108424) inner /opt/stack/data/venv/lib/python3.12/site-packages/oslo_concurrency/lockutils.py:538}}
Mar 11 17:15:55.540371 np0000158417 devstack@n-api-meta.service[108424]: DEBUG oslo_concurrency.lockutils [None req-7cce057c-aa25-409e-8f1d-2b7f791b6f4f None None] Acquiring lock "ece241cf-6e2a-4aa2-b0fa-ba900b4efa13" by "nova.context.set_target_cell..get_or_set_cached_cell_and_set_connections" {{(pid=108424) inner /opt/stack/data/venv/lib/python3.12/site-packages/oslo_concurrency/lockutils.py:506}}
Mar 11 17:15:55.540530 np0000158417 devstack@n-api-meta.service[108424]: DEBUG oslo_concurrency.lockutils [None req-7cce057c-aa25-409e-8f1d-2b7f791b6f4f None None] Lock "ece241cf-6e2a-4aa2-b0fa-ba900b4efa13" acquired by "nova.context.set_target_cell..get_or_set_cached_cell_and_set_connections" :: waited 0.000s {{(pid=108424) inner /opt/stack/data/venv/lib/python3.12/site-packages/oslo_concurrency/lockutils.py:519}}
Mar 11 17:15:55.541324 np0000158417 devstack@n-api-meta.service[108424]: DEBUG oslo_concurrency.lockutils [None req-7cce057c-aa25-409e-8f1d-2b7f791b6f4f None None] Lock "ece241cf-6e2a-4aa2-b0fa-ba900b4efa13" "released" by "nova.context.set_target_cell..get_or_set_cached_cell_and_set_connections" :: held 0.001s {{(pid=108424) inner /opt/stack/data/venv/lib/python3.12/site-packages/oslo_concurrency/lockutils.py:538}}
Mar 11 17:15:55.544013 np0000158417 devstack@n-api-meta.service[108424]: INFO dbcounter [None req-7cce057c-aa25-409e-8f1d-2b7f791b6f4f None None] Registered counter for database nova_cell0
Mar 11 17:15:55.548658 np0000158417 devstack@n-api-meta.service[108424]: INFO dbcounter [None req-7cce057c-aa25-409e-8f1d-2b7f791b6f4f None None] Registered counter for database nova_cell1
Mar 11 17:15:55.553882 np0000158417 devstack@n-api-meta.service[108427]: INFO dbcounter [None req-f2b3299a-6dd3-4713-acd8-cefb584b33a8 None None] Registered counter for database nova_api
Mar 11 17:15:55.557842 np0000158417 devstack@n-api-meta.service[108426]: INFO dbcounter [None req-434eae56-ff34-48d0-9d3e-4ad213b132b8 None None] Registered counter for database nova_api
Mar 11 17:15:55.559342 np0000158417 devstack@n-api-meta.service[108425]: INFO dbcounter [None req-8eb9ca3b-4786-4dd2-ae99-f62fc1916e74 None None] Registered counter for database nova_api
Mar 11 17:15:55.560225 np0000158417 devstack@n-api-meta.service[108424]: DEBUG oslo_db.sqlalchemy.engines [None req-7cce057c-aa25-409e-8f1d-2b7f791b6f4f None None] MySQL server mode set to STRICT_TRANS_TABLES,STRICT_ALL_TABLES,NO_ZERO_IN_DATE,NO_ZERO_DATE,ERROR_FOR_DIVISION_BY_ZERO,TRADITIONAL,NO_ENGINE_SUBSTITUTION {{(pid=108424) _check_effective_sql_mode /opt/stack/data/venv/lib/python3.12/site-packages/oslo_db/sqlalchemy/engines.py:325}}
Mar 11 17:15:55.573211 np0000158417 devstack@n-api-meta.service[108424]: DEBUG oslo_db.sqlalchemy.engines [None req-7cce057c-aa25-409e-8f1d-2b7f791b6f4f None None] MySQL server mode set to STRICT_TRANS_TABLES,STRICT_ALL_TABLES,NO_ZERO_IN_DATE,NO_ZERO_DATE,ERROR_FOR_DIVISION_BY_ZERO,TRADITIONAL,NO_ENGINE_SUBSTITUTION {{(pid=108424) _check_effective_sql_mode /opt/stack/data/venv/lib/python3.12/site-packages/oslo_db/sqlalchemy/engines.py:325}}
Mar 11 17:15:55.573761 np0000158417 devstack@n-api-meta.service[108427]: DEBUG oslo_db.sqlalchemy.engines [None req-f2b3299a-6dd3-4713-acd8-cefb584b33a8 None None] MySQL server mode set to STRICT_TRANS_TABLES,STRICT_ALL_TABLES,NO_ZERO_IN_DATE,NO_ZERO_DATE,ERROR_FOR_DIVISION_BY_ZERO,TRADITIONAL,NO_ENGINE_SUBSTITUTION {{(pid=108427) _check_effective_sql_mode /opt/stack/data/venv/lib/python3.12/site-packages/oslo_db/sqlalchemy/engines.py:325}}
Mar 11 17:15:55.579707 np0000158417 devstack@n-api-meta.service[108426]: DEBUG oslo_db.sqlalchemy.engines [None req-434eae56-ff34-48d0-9d3e-4ad213b132b8 None None] MySQL server mode set to STRICT_TRANS_TABLES,STRICT_ALL_TABLES,NO_ZERO_IN_DATE,NO_ZERO_DATE,ERROR_FOR_DIVISION_BY_ZERO,TRADITIONAL,NO_ENGINE_SUBSTITUTION {{(pid=108426) _check_effective_sql_mode /opt/stack/data/venv/lib/python3.12/site-packages/oslo_db/sqlalchemy/engines.py:325}}
Mar 11 17:15:55.584376 np0000158417 devstack@n-api-meta.service[108425]: DEBUG oslo_db.sqlalchemy.engines [None req-8eb9ca3b-4786-4dd2-ae99-f62fc1916e74 None None] MySQL server mode set to STRICT_TRANS_TABLES,STRICT_ALL_TABLES,NO_ZERO_IN_DATE,NO_ZERO_DATE,ERROR_FOR_DIVISION_BY_ZERO,TRADITIONAL,NO_ENGINE_SUBSTITUTION {{(pid=108425) _check_effective_sql_mode /opt/stack/data/venv/lib/python3.12/site-packages/oslo_db/sqlalchemy/engines.py:325}}
Mar 11 17:15:55.608472 np0000158417 devstack@n-api-meta.service[108427]: DEBUG dbcounter [-] [108427] Writer thread running {{(pid=108427) stat_writer /opt/stack/data/venv/lib/python3.12/site-packages/dbcounter.py:102}}
Mar 11 17:15:55.611289 np0000158417 devstack@n-api-meta.service[108427]: DEBUG nova.context [None req-f2b3299a-6dd3-4713-acd8-cefb584b33a8 None None] Found 2 cells: 00000000-0000-0000-0000-000000000000(cell0),ece241cf-6e2a-4aa2-b0fa-ba900b4efa13(cell1) {{(pid=108427) load_cells /opt/stack/nova/nova/context.py:509}}
Mar 11 17:15:55.611289 np0000158417 devstack@n-api-meta.service[108427]: INFO nova.utils [None req-f2b3299a-6dd3-4713-acd8-cefb584b33a8 None None] The cell worker thread pool MainProcess.cell_worker is initialized
Mar 11 17:15:55.613139 np0000158417 devstack@n-api-meta.service[108427]: DEBUG oslo_concurrency.lockutils [None req-f2b3299a-6dd3-4713-acd8-cefb584b33a8 None None] Acquiring lock "00000000-0000-0000-0000-000000000000" by "nova.context.set_target_cell..get_or_set_cached_cell_and_set_connections" {{(pid=108427) inner /opt/stack/data/venv/lib/python3.12/site-packages/oslo_concurrency/lockutils.py:506}}
Mar 11 17:15:55.613294 np0000158417 devstack@n-api-meta.service[108427]: DEBUG oslo_concurrency.lockutils [None req-f2b3299a-6dd3-4713-acd8-cefb584b33a8 None None] Lock "00000000-0000-0000-0000-000000000000" acquired by "nova.context.set_target_cell..get_or_set_cached_cell_and_set_connections" :: waited 0.000s {{(pid=108427) inner /opt/stack/data/venv/lib/python3.12/site-packages/oslo_concurrency/lockutils.py:519}}
Mar 11 17:15:55.614289 np0000158417 devstack@n-api-meta.service[108427]: DEBUG oslo_concurrency.lockutils [None req-f2b3299a-6dd3-4713-acd8-cefb584b33a8 None None] Lock "00000000-0000-0000-0000-000000000000" "released" by "nova.context.set_target_cell..get_or_set_cached_cell_and_set_connections" :: held 0.000s {{(pid=108427) inner /opt/stack/data/venv/lib/python3.12/site-packages/oslo_concurrency/lockutils.py:538}}
Mar 11 17:15:55.614494 np0000158417 devstack@n-api-meta.service[108427]: DEBUG oslo_concurrency.lockutils [None req-f2b3299a-6dd3-4713-acd8-cefb584b33a8 None None] Acquiring lock "ece241cf-6e2a-4aa2-b0fa-ba900b4efa13" by "nova.context.set_target_cell..get_or_set_cached_cell_and_set_connections" {{(pid=108427) inner /opt/stack/data/venv/lib/python3.12/site-packages/oslo_concurrency/lockutils.py:506}}
Mar 11 17:15:55.614599 np0000158417 devstack@n-api-meta.service[108427]: DEBUG oslo_concurrency.lockutils [None req-f2b3299a-6dd3-4713-acd8-cefb584b33a8 None None] Lock "ece241cf-6e2a-4aa2-b0fa-ba900b4efa13" acquired by "nova.context.set_target_cell..get_or_set_cached_cell_and_set_connections" :: waited 0.000s {{(pid=108427) inner /opt/stack/data/venv/lib/python3.12/site-packages/oslo_concurrency/lockutils.py:519}}
Mar 11 17:15:55.615923 np0000158417 devstack@n-api-meta.service[108427]: DEBUG oslo_concurrency.lockutils [None req-f2b3299a-6dd3-4713-acd8-cefb584b33a8 None None] Lock "ece241cf-6e2a-4aa2-b0fa-ba900b4efa13" "released" by "nova.context.set_target_cell..get_or_set_cached_cell_and_set_connections" :: held 0.001s {{(pid=108427) inner /opt/stack/data/venv/lib/python3.12/site-packages/oslo_concurrency/lockutils.py:538}}
Mar 11 17:15:55.618864 np0000158417 devstack@n-api-meta.service[108427]: INFO dbcounter [None req-f2b3299a-6dd3-4713-acd8-cefb584b33a8 None None] Registered counter for database nova_cell0
Mar 11 17:15:55.623789 np0000158417 devstack@n-api-meta.service[108427]: INFO dbcounter [None req-f2b3299a-6dd3-4713-acd8-cefb584b33a8 None None] Registered counter for database nova_cell1
Mar 11 17:15:55.623877 np0000158417 devstack@n-api-meta.service[108425]: DEBUG dbcounter [-] [108425] Writer thread running {{(pid=108425) stat_writer /opt/stack/data/venv/lib/python3.12/site-packages/dbcounter.py:102}}
Mar 11 17:15:55.623949 np0000158417 devstack@n-api-meta.service[108426]: DEBUG dbcounter [-] [108426] Writer thread running {{(pid=108426) stat_writer /opt/stack/data/venv/lib/python3.12/site-packages/dbcounter.py:102}}
Mar 11 17:15:55.626133 np0000158417 devstack@n-api-meta.service[108426]: DEBUG nova.context [None req-434eae56-ff34-48d0-9d3e-4ad213b132b8 None None] Found 2 cells: 00000000-0000-0000-0000-000000000000(cell0),ece241cf-6e2a-4aa2-b0fa-ba900b4efa13(cell1) {{(pid=108426) load_cells /opt/stack/nova/nova/context.py:509}}
Mar 11 17:15:55.626390 np0000158417 devstack@n-api-meta.service[108426]: INFO nova.utils [None req-434eae56-ff34-48d0-9d3e-4ad213b132b8 None None] The cell worker thread pool MainProcess.cell_worker is initialized
Mar 11 17:15:55.626964 np0000158417 devstack@n-api-meta.service[108425]: DEBUG nova.context [None req-8eb9ca3b-4786-4dd2-ae99-f62fc1916e74 None None] Found 2 cells: 00000000-0000-0000-0000-000000000000(cell0),ece241cf-6e2a-4aa2-b0fa-ba900b4efa13(cell1) {{(pid=108425) load_cells /opt/stack/nova/nova/context.py:509}}
Mar 11 17:15:55.627301 np0000158417 devstack@n-api-meta.service[108425]: INFO nova.utils [None req-8eb9ca3b-4786-4dd2-ae99-f62fc1916e74 None None] The cell worker thread pool MainProcess.cell_worker is initialized
Mar 11 17:15:55.628366 np0000158417 devstack@n-api-meta.service[108426]: DEBUG oslo_concurrency.lockutils [None req-434eae56-ff34-48d0-9d3e-4ad213b132b8 None None] Acquiring lock "00000000-0000-0000-0000-000000000000" by "nova.context.set_target_cell..get_or_set_cached_cell_and_set_connections" {{(pid=108426) inner /opt/stack/data/venv/lib/python3.12/site-packages/oslo_concurrency/lockutils.py:506}}
Mar 11 17:15:55.628604 np0000158417 devstack@n-api-meta.service[108426]: DEBUG oslo_concurrency.lockutils [None req-434eae56-ff34-48d0-9d3e-4ad213b132b8 None None] Lock "00000000-0000-0000-0000-000000000000" acquired by "nova.context.set_target_cell..get_or_set_cached_cell_and_set_connections" :: waited 0.000s {{(pid=108426) inner /opt/stack/data/venv/lib/python3.12/site-packages/oslo_concurrency/lockutils.py:519}}
Mar 11 17:15:55.629035 np0000158417 devstack@n-api-meta.service[108426]: DEBUG oslo_concurrency.lockutils [None req-434eae56-ff34-48d0-9d3e-4ad213b132b8 None None] Lock "00000000-0000-0000-0000-000000000000" "released" by "nova.context.set_target_cell..get_or_set_cached_cell_and_set_connections" :: held 0.000s {{(pid=108426) inner /opt/stack/data/venv/lib/python3.12/site-packages/oslo_concurrency/lockutils.py:538}}
Mar 11 17:15:55.629886 np0000158417 devstack@n-api-meta.service[108426]: DEBUG oslo_concurrency.lockutils [None req-434eae56-ff34-48d0-9d3e-4ad213b132b8 None None] Acquiring lock "ece241cf-6e2a-4aa2-b0fa-ba900b4efa13" by "nova.context.set_target_cell..get_or_set_cached_cell_and_set_connections" {{(pid=108426) inner /opt/stack/data/venv/lib/python3.12/site-packages/oslo_concurrency/lockutils.py:506}}
Mar 11 17:15:55.630024 np0000158417 devstack@n-api-meta.service[108427]: DEBUG oslo_db.sqlalchemy.engines [None req-f2b3299a-6dd3-4713-acd8-cefb584b33a8 None None] MySQL server mode set to STRICT_TRANS_TABLES,STRICT_ALL_TABLES,NO_ZERO_IN_DATE,NO_ZERO_DATE,ERROR_FOR_DIVISION_BY_ZERO,TRADITIONAL,NO_ENGINE_SUBSTITUTION {{(pid=108427) _check_effective_sql_mode /opt/stack/data/venv/lib/python3.12/site-packages/oslo_db/sqlalchemy/engines.py:325}}
Mar 11 17:15:55.630134 np0000158417 devstack@n-api-meta.service[108426]: DEBUG oslo_concurrency.lockutils [None req-434eae56-ff34-48d0-9d3e-4ad213b132b8 None None] Lock "ece241cf-6e2a-4aa2-b0fa-ba900b4efa13" acquired by "nova.context.set_target_cell..get_or_set_cached_cell_and_set_connections" :: waited 0.000s {{(pid=108426) inner /opt/stack/data/venv/lib/python3.12/site-packages/oslo_concurrency/lockutils.py:519}}
Mar 11 17:15:55.630235 np0000158417 devstack@n-api-meta.service[108425]: DEBUG oslo_concurrency.lockutils [None req-8eb9ca3b-4786-4dd2-ae99-f62fc1916e74 None None] Acquiring lock "00000000-0000-0000-0000-000000000000" by "nova.context.set_target_cell..get_or_set_cached_cell_and_set_connections" {{(pid=108425) inner /opt/stack/data/venv/lib/python3.12/site-packages/oslo_concurrency/lockutils.py:506}}
Mar 11 17:15:55.630235 np0000158417 devstack@n-api-meta.service[108425]: DEBUG oslo_concurrency.lockutils [None req-8eb9ca3b-4786-4dd2-ae99-f62fc1916e74 None None] Lock "00000000-0000-0000-0000-000000000000" acquired by "nova.context.set_target_cell..get_or_set_cached_cell_and_set_connections" :: waited 0.000s {{(pid=108425) inner /opt/stack/data/venv/lib/python3.12/site-packages/oslo_concurrency/lockutils.py:519}}
Mar 11 17:15:55.630873 np0000158417 devstack@n-api-meta.service[108426]: DEBUG oslo_concurrency.lockutils [None req-434eae56-ff34-48d0-9d3e-4ad213b132b8 None None] Lock "ece241cf-6e2a-4aa2-b0fa-ba900b4efa13" "released" by "nova.context.set_target_cell..get_or_set_cached_cell_and_set_connections" :: held 0.001s {{(pid=108426) inner /opt/stack/data/venv/lib/python3.12/site-packages/oslo_concurrency/lockutils.py:538}}
Mar 11 17:15:55.630989 np0000158417 devstack@n-api-meta.service[108425]: DEBUG oslo_concurrency.lockutils [None req-8eb9ca3b-4786-4dd2-ae99-f62fc1916e74 None None] Lock "00000000-0000-0000-0000-000000000000" "released" by "nova.context.set_target_cell..get_or_set_cached_cell_and_set_connections" :: held 0.001s {{(pid=108425) inner /opt/stack/data/venv/lib/python3.12/site-packages/oslo_concurrency/lockutils.py:538}}
Mar 11 17:15:55.631940 np0000158417 devstack@n-api-meta.service[108425]: DEBUG oslo_concurrency.lockutils [None req-8eb9ca3b-4786-4dd2-ae99-f62fc1916e74 None None] Acquiring lock "ece241cf-6e2a-4aa2-b0fa-ba900b4efa13" by "nova.context.set_target_cell..get_or_set_cached_cell_and_set_connections" {{(pid=108425) inner /opt/stack/data/venv/lib/python3.12/site-packages/oslo_concurrency/lockutils.py:506}}
Mar 11 17:15:55.632140 np0000158417 devstack@n-api-meta.service[108425]: DEBUG oslo_concurrency.lockutils [None req-8eb9ca3b-4786-4dd2-ae99-f62fc1916e74 None None] Lock "ece241cf-6e2a-4aa2-b0fa-ba900b4efa13" acquired by "nova.context.set_target_cell..get_or_set_cached_cell_and_set_connections" :: waited 0.000s {{(pid=108425) inner /opt/stack/data/venv/lib/python3.12/site-packages/oslo_concurrency/lockutils.py:519}}
Mar 11 17:15:55.633276 np0000158417 devstack@n-api-meta.service[108425]: DEBUG oslo_concurrency.lockutils [None req-8eb9ca3b-4786-4dd2-ae99-f62fc1916e74 None None] Lock "ece241cf-6e2a-4aa2-b0fa-ba900b4efa13" "released" by "nova.context.set_target_cell..get_or_set_cached_cell_and_set_connections" :: held 0.001s {{(pid=108425) inner /opt/stack/data/venv/lib/python3.12/site-packages/oslo_concurrency/lockutils.py:538}}
Mar 11 17:15:55.634346 np0000158417 devstack@n-api-meta.service[108426]: INFO dbcounter [None req-434eae56-ff34-48d0-9d3e-4ad213b132b8 None None] Registered counter for database nova_cell0
Mar 11 17:15:55.636370 np0000158417 devstack@n-api-meta.service[108425]: INFO dbcounter [None req-8eb9ca3b-4786-4dd2-ae99-f62fc1916e74 None None] Registered counter for database nova_cell0
Mar 11 17:15:55.637369 np0000158417 devstack@n-api-meta.service[108427]: DEBUG oslo_db.sqlalchemy.engines [None req-f2b3299a-6dd3-4713-acd8-cefb584b33a8 None None] MySQL server mode set to STRICT_TRANS_TABLES,STRICT_ALL_TABLES,NO_ZERO_IN_DATE,NO_ZERO_DATE,ERROR_FOR_DIVISION_BY_ZERO,TRADITIONAL,NO_ENGINE_SUBSTITUTION {{(pid=108427) _check_effective_sql_mode /opt/stack/data/venv/lib/python3.12/site-packages/oslo_db/sqlalchemy/engines.py:325}}
Mar 11 17:15:55.639354 np0000158417 devstack@n-api-meta.service[108426]: INFO dbcounter [None req-434eae56-ff34-48d0-9d3e-4ad213b132b8 None None] Registered counter for database nova_cell1
Mar 11 17:15:55.642636 np0000158417 devstack@n-api-meta.service[108425]: INFO dbcounter [None req-8eb9ca3b-4786-4dd2-ae99-f62fc1916e74 None None] Registered counter for database nova_cell1
Mar 11 17:15:55.648050 np0000158417 devstack@n-api-meta.service[108426]: DEBUG oslo_db.sqlalchemy.engines [None req-434eae56-ff34-48d0-9d3e-4ad213b132b8 None None] MySQL server mode set to STRICT_TRANS_TABLES,STRICT_ALL_TABLES,NO_ZERO_IN_DATE,NO_ZERO_DATE,ERROR_FOR_DIVISION_BY_ZERO,TRADITIONAL,NO_ENGINE_SUBSTITUTION {{(pid=108426) _check_effective_sql_mode /opt/stack/data/venv/lib/python3.12/site-packages/oslo_db/sqlalchemy/engines.py:325}}
Mar 11 17:15:55.654746 np0000158417 devstack@n-api-meta.service[108426]: DEBUG oslo_db.sqlalchemy.engines [None req-434eae56-ff34-48d0-9d3e-4ad213b132b8 None None] MySQL server mode set to STRICT_TRANS_TABLES,STRICT_ALL_TABLES,NO_ZERO_IN_DATE,NO_ZERO_DATE,ERROR_FOR_DIVISION_BY_ZERO,TRADITIONAL,NO_ENGINE_SUBSTITUTION {{(pid=108426) _check_effective_sql_mode /opt/stack/data/venv/lib/python3.12/site-packages/oslo_db/sqlalchemy/engines.py:325}}
Mar 11 17:15:55.656714 np0000158417 devstack@n-api-meta.service[108424]: DEBUG dbcounter [-] [108424] Writer thread running {{(pid=108424) stat_writer /opt/stack/data/venv/lib/python3.12/site-packages/dbcounter.py:102}}
Mar 11 17:15:55.659376 np0000158417 devstack@n-api-meta.service[108425]: DEBUG oslo_db.sqlalchemy.engines [None req-8eb9ca3b-4786-4dd2-ae99-f62fc1916e74 None None] MySQL server mode set to STRICT_TRANS_TABLES,STRICT_ALL_TABLES,NO_ZERO_IN_DATE,NO_ZERO_DATE,ERROR_FOR_DIVISION_BY_ZERO,TRADITIONAL,NO_ENGINE_SUBSTITUTION {{(pid=108425) _check_effective_sql_mode /opt/stack/data/venv/lib/python3.12/site-packages/oslo_db/sqlalchemy/engines.py:325}}
Mar 11 17:15:55.662035 np0000158417 devstack@n-api-meta.service[108425]: DEBUG oslo_db.sqlalchemy.engines [None req-8eb9ca3b-4786-4dd2-ae99-f62fc1916e74 None None] MySQL server mode set to STRICT_TRANS_TABLES,STRICT_ALL_TABLES,NO_ZERO_IN_DATE,NO_ZERO_DATE,ERROR_FOR_DIVISION_BY_ZERO,TRADITIONAL,NO_ENGINE_SUBSTITUTION {{(pid=108425) _check_effective_sql_mode /opt/stack/data/venv/lib/python3.12/site-packages/oslo_db/sqlalchemy/engines.py:325}}
Mar 11 17:15:55.667476 np0000158417 devstack@n-api-meta.service[108424]: DEBUG dbcounter [-] [108424] Writer thread running {{(pid=108424) stat_writer /opt/stack/data/venv/lib/python3.12/site-packages/dbcounter.py:102}}
Mar 11 17:15:55.670948 np0000158417 devstack@n-api-meta.service[108424]: INFO dbcounter [None req-7cce057c-aa25-409e-8f1d-2b7f791b6f4f None None] Registered counter for database nova_cell0
Mar 11 17:15:55.677996 np0000158417 devstack@n-api-meta.service[108424]: DEBUG oslo_db.sqlalchemy.engines [None req-7cce057c-aa25-409e-8f1d-2b7f791b6f4f None None] MySQL server mode set to STRICT_TRANS_TABLES,STRICT_ALL_TABLES,NO_ZERO_IN_DATE,NO_ZERO_DATE,ERROR_FOR_DIVISION_BY_ZERO,TRADITIONAL,NO_ENGINE_SUBSTITUTION {{(pid=108424) _check_effective_sql_mode /opt/stack/data/venv/lib/python3.12/site-packages/oslo_db/sqlalchemy/engines.py:325}}
Mar 11 17:15:55.684899 np0000158417 devstack@n-api-meta.service[108424]: DEBUG dbcounter [-] [108424] Writer thread running {{(pid=108424) stat_writer /opt/stack/data/venv/lib/python3.12/site-packages/dbcounter.py:102}}
Mar 11 17:15:55.735652 np0000158417 devstack@n-api-meta.service[108424]: WARNING nova.api.metadata.handler [None req-7cce057c-aa25-409e-8f1d-2b7f791b6f4f None None] metadata_proxy_shared_secret is not configured, the metadata information returned by the proxy cannot be trusted
Mar 11 17:15:55.737975 np0000158417 devstack@n-api-meta.service[108424]: DEBUG nova.api.openstack.wsgi_app [None req-7cce057c-aa25-409e-8f1d-2b7f791b6f4f None None] ******************************************************************************** {{(pid=108424) log_opt_values /opt/stack/data/venv/lib/python3.12/site-packages/oslo_config/cfg.py:2979}}
Mar 11 17:15:55.738062 np0000158417 devstack@n-api-meta.service[108424]: DEBUG nova.api.openstack.wsgi_app [None req-7cce057c-aa25-409e-8f1d-2b7f791b6f4f None None] Configuration options gathered from: {{(pid=108424) log_opt_values /opt/stack/data/venv/lib/python3.12/site-packages/oslo_config/cfg.py:2980}}
Mar 11 17:15:55.738245 np0000158417 devstack@n-api-meta.service[108424]: DEBUG nova.api.openstack.wsgi_app [None req-7cce057c-aa25-409e-8f1d-2b7f791b6f4f None None] command line args: [] {{(pid=108424) log_opt_values /opt/stack/data/venv/lib/python3.12/site-packages/oslo_config/cfg.py:2981}}
Mar 11 17:15:55.738450 np0000158417 devstack@n-api-meta.service[108424]: DEBUG nova.api.openstack.wsgi_app [None req-7cce057c-aa25-409e-8f1d-2b7f791b6f4f None None] config files: ['/etc/nova/api-paste.ini', '/etc/nova/nova.conf'] {{(pid=108424) log_opt_values /opt/stack/data/venv/lib/python3.12/site-packages/oslo_config/cfg.py:2982}}
Mar 11 17:15:55.738617 np0000158417 devstack@n-api-meta.service[108424]: DEBUG nova.api.openstack.wsgi_app [None req-7cce057c-aa25-409e-8f1d-2b7f791b6f4f None None] ================================================================================ {{(pid=108424) log_opt_values /opt/stack/data/venv/lib/python3.12/site-packages/oslo_config/cfg.py:2987}}
Mar 11 17:15:55.738798 np0000158417 devstack@n-api-meta.service[108424]: DEBUG nova.api.openstack.wsgi_app [None req-7cce057c-aa25-409e-8f1d-2b7f791b6f4f None None] allow_resize_to_same_host = True {{(pid=108424) log_opt_values /opt/stack/data/venv/lib/python3.12/site-packages/oslo_config/cfg.py:2995}}
Mar 11 17:15:55.738932 np0000158417 devstack@n-api-meta.service[108424]: DEBUG nova.api.openstack.wsgi_app [None req-7cce057c-aa25-409e-8f1d-2b7f791b6f4f None None] arq_binding_timeout = 300 {{(pid=108424) log_opt_values /opt/stack/data/venv/lib/python3.12/site-packages/oslo_config/cfg.py:2995}}
Mar 11 17:15:55.739065 np0000158417 devstack@n-api-meta.service[108424]: DEBUG nova.api.openstack.wsgi_app [None req-7cce057c-aa25-409e-8f1d-2b7f791b6f4f None None] block_device_allocate_retries = 60 {{(pid=108424) log_opt_values /opt/stack/data/venv/lib/python3.12/site-packages/oslo_config/cfg.py:2995}}
Mar 11 17:15:55.739209 np0000158417 devstack@n-api-meta.service[108424]: DEBUG nova.api.openstack.wsgi_app [None req-7cce057c-aa25-409e-8f1d-2b7f791b6f4f None None] block_device_allocate_retries_interval = 3 {{(pid=108424) log_opt_values /opt/stack/data/venv/lib/python3.12/site-packages/oslo_config/cfg.py:2995}}
Mar 11 17:15:55.739353 np0000158417 devstack@n-api-meta.service[108424]: DEBUG nova.api.openstack.wsgi_app [None req-7cce057c-aa25-409e-8f1d-2b7f791b6f4f None None] cell_worker_thread_pool_size = 5 {{(pid=108424) log_opt_values /opt/stack/data/venv/lib/python3.12/site-packages/oslo_config/cfg.py:2995}}
Mar 11 17:15:55.739537 np0000158417 devstack@n-api-meta.service[108424]: DEBUG nova.api.openstack.wsgi_app [None req-7cce057c-aa25-409e-8f1d-2b7f791b6f4f None None] cert = self.pem {{(pid=108424) log_opt_values /opt/stack/data/venv/lib/python3.12/site-packages/oslo_config/cfg.py:2995}}
Mar 11 17:15:55.739687 np0000158417 devstack@n-api-meta.service[108424]: DEBUG nova.api.openstack.wsgi_app [None req-7cce057c-aa25-409e-8f1d-2b7f791b6f4f None None] compute_driver = libvirt.LibvirtDriver {{(pid=108424) log_opt_values /opt/stack/data/venv/lib/python3.12/site-packages/oslo_config/cfg.py:2995}}
Mar 11 17:15:55.739828 np0000158417 devstack@n-api-meta.service[108424]: DEBUG nova.api.openstack.wsgi_app [None req-7cce057c-aa25-409e-8f1d-2b7f791b6f4f None None] compute_monitors = [] {{(pid=108424) log_opt_values /opt/stack/data/venv/lib/python3.12/site-packages/oslo_config/cfg.py:2995}}
Mar 11 17:15:55.739972 np0000158417 devstack@n-api-meta.service[108424]: DEBUG nova.api.openstack.wsgi_app [None req-7cce057c-aa25-409e-8f1d-2b7f791b6f4f None None] config_dir = [] {{(pid=108424) log_opt_values /opt/stack/data/venv/lib/python3.12/site-packages/oslo_config/cfg.py:2995}}
Mar 11 17:15:55.740117 np0000158417 devstack@n-api-meta.service[108424]: DEBUG nova.api.openstack.wsgi_app [None req-7cce057c-aa25-409e-8f1d-2b7f791b6f4f None None] config_drive_format = iso9660 {{(pid=108424) log_opt_values /opt/stack/data/venv/lib/python3.12/site-packages/oslo_config/cfg.py:2995}}
Mar 11 17:15:55.740225 np0000158417 devstack@n-api-meta.service[108424]: DEBUG nova.api.openstack.wsgi_app [None req-7cce057c-aa25-409e-8f1d-2b7f791b6f4f None None] config_file = ['/etc/nova/api-paste.ini', '/etc/nova/nova.conf'] {{(pid=108424) log_opt_values /opt/stack/data/venv/lib/python3.12/site-packages/oslo_config/cfg.py:2995}}
Mar 11 17:15:55.740359 np0000158417 devstack@n-api-meta.service[108424]: DEBUG nova.api.openstack.wsgi_app [None req-7cce057c-aa25-409e-8f1d-2b7f791b6f4f None None] config_source = [] {{(pid=108424) log_opt_values /opt/stack/data/venv/lib/python3.12/site-packages/oslo_config/cfg.py:2995}}
Mar 11 17:15:55.740521 np0000158417 devstack@n-api-meta.service[108424]: DEBUG nova.api.openstack.wsgi_app [None req-7cce057c-aa25-409e-8f1d-2b7f791b6f4f None None] console_host = np0000158417 {{(pid=108424) log_opt_values /opt/stack/data/venv/lib/python3.12/site-packages/oslo_config/cfg.py:2995}}
Mar 11 17:15:55.740738 np0000158417 devstack@n-api-meta.service[108424]: DEBUG nova.api.openstack.wsgi_app [None req-7cce057c-aa25-409e-8f1d-2b7f791b6f4f None None] control_exchange = nova {{(pid=108424) log_opt_values /opt/stack/data/venv/lib/python3.12/site-packages/oslo_config/cfg.py:2995}}
Mar 11 17:15:55.740899 np0000158417 devstack@n-api-meta.service[108424]: DEBUG nova.api.openstack.wsgi_app [None req-7cce057c-aa25-409e-8f1d-2b7f791b6f4f None None] cpu_allocation_ratio = None {{(pid=108424) log_opt_values /opt/stack/data/venv/lib/python3.12/site-packages/oslo_config/cfg.py:2995}}
Mar 11 17:15:55.741100 np0000158417 devstack@n-api-meta.service[108424]: DEBUG nova.api.openstack.wsgi_app [None req-7cce057c-aa25-409e-8f1d-2b7f791b6f4f None None] daemon = False {{(pid=108424) log_opt_values /opt/stack/data/venv/lib/python3.12/site-packages/oslo_config/cfg.py:2995}}
Mar 11 17:15:55.741230 np0000158417 devstack@n-api-meta.service[108424]: DEBUG nova.api.openstack.wsgi_app [None req-7cce057c-aa25-409e-8f1d-2b7f791b6f4f None None] debug = True {{(pid=108424) log_opt_values /opt/stack/data/venv/lib/python3.12/site-packages/oslo_config/cfg.py:2995}}
Mar 11 17:15:55.741382 np0000158417 devstack@n-api-meta.service[108424]: DEBUG nova.api.openstack.wsgi_app [None req-7cce057c-aa25-409e-8f1d-2b7f791b6f4f None None] default_access_ip_network_name = None {{(pid=108424) log_opt_values /opt/stack/data/venv/lib/python3.12/site-packages/oslo_config/cfg.py:2995}}
Mar 11 17:15:55.741566 np0000158417 devstack@n-api-meta.service[108424]: DEBUG nova.api.openstack.wsgi_app [None req-7cce057c-aa25-409e-8f1d-2b7f791b6f4f None None] default_availability_zone = nova {{(pid=108424) log_opt_values /opt/stack/data/venv/lib/python3.12/site-packages/oslo_config/cfg.py:2995}}
Mar 11 17:15:55.741703 np0000158417 devstack@n-api-meta.service[108424]: DEBUG nova.api.openstack.wsgi_app [None req-7cce057c-aa25-409e-8f1d-2b7f791b6f4f None None] default_ephemeral_format = ext4 {{(pid=108424) log_opt_values /opt/stack/data/venv/lib/python3.12/site-packages/oslo_config/cfg.py:2995}}
Mar 11 17:15:55.741855 np0000158417 devstack@n-api-meta.service[108424]: DEBUG nova.api.openstack.wsgi_app [None req-7cce057c-aa25-409e-8f1d-2b7f791b6f4f None None] default_green_pool_size = 1000 {{(pid=108424) log_opt_values /opt/stack/data/venv/lib/python3.12/site-packages/oslo_config/cfg.py:2995}}
Mar 11 17:15:55.742057 np0000158417 devstack@n-api-meta.service[108424]: DEBUG nova.api.openstack.wsgi_app [None req-7cce057c-aa25-409e-8f1d-2b7f791b6f4f None None] default_log_levels = ['amqp=WARN', 'boto=WARN', 'sqlalchemy=WARN', 'suds=INFO', 'oslo.messaging=INFO', 'oslo_messaging=INFO', 'iso8601=WARN', 'requests.packages.urllib3.connectionpool=WARN', 'urllib3.connectionpool=WARN', 'websocket=WARN', 'requests.packages.urllib3.util.retry=WARN', 'urllib3.util.retry=WARN', 'keystonemiddleware=WARN', 'routes.middleware=WARN', 'stevedore=WARN', 'taskflow=WARN', 'keystoneauth=WARN', 'oslo.cache=INFO', 'oslo_policy=INFO', 'dogpile.core.dogpile=INFO', 'glanceclient=WARN', 'oslo.privsep.daemon=INFO'] {{(pid=108424) log_opt_values /opt/stack/data/venv/lib/python3.12/site-packages/oslo_config/cfg.py:2995}}
Mar 11 17:15:55.742224 np0000158417 devstack@n-api-meta.service[108424]: DEBUG nova.api.openstack.wsgi_app [None req-7cce057c-aa25-409e-8f1d-2b7f791b6f4f None None] default_schedule_zone = None {{(pid=108424) log_opt_values /opt/stack/data/venv/lib/python3.12/site-packages/oslo_config/cfg.py:2995}}
Mar 11 17:15:55.742294 np0000158417 devstack@n-api-meta.service[108424]: DEBUG nova.api.openstack.wsgi_app [None req-7cce057c-aa25-409e-8f1d-2b7f791b6f4f None None] default_thread_pool_size = 10 {{(pid=108424) log_opt_values /opt/stack/data/venv/lib/python3.12/site-packages/oslo_config/cfg.py:2995}}
Mar 11 17:15:55.742454 np0000158417 devstack@n-api-meta.service[108424]: DEBUG nova.api.openstack.wsgi_app [None req-7cce057c-aa25-409e-8f1d-2b7f791b6f4f None None] disk_allocation_ratio = None {{(pid=108424) log_opt_values /opt/stack/data/venv/lib/python3.12/site-packages/oslo_config/cfg.py:2995}}
Mar 11 17:15:55.742589 np0000158417 devstack@n-api-meta.service[108424]: DEBUG nova.api.openstack.wsgi_app [None req-7cce057c-aa25-409e-8f1d-2b7f791b6f4f None None] enable_new_services = True {{(pid=108424) log_opt_values /opt/stack/data/venv/lib/python3.12/site-packages/oslo_config/cfg.py:2995}}
Mar 11 17:15:55.742695 np0000158417 devstack@n-api-meta.service[108424]: DEBUG nova.api.openstack.wsgi_app [None req-7cce057c-aa25-409e-8f1d-2b7f791b6f4f None None] flat_injected = False {{(pid=108424) log_opt_values /opt/stack/data/venv/lib/python3.12/site-packages/oslo_config/cfg.py:2995}}
Mar 11 17:15:55.742885 np0000158417 devstack@n-api-meta.service[108424]: DEBUG nova.api.openstack.wsgi_app [None req-7cce057c-aa25-409e-8f1d-2b7f791b6f4f None None] force_config_drive = False {{(pid=108424) log_opt_values /opt/stack/data/venv/lib/python3.12/site-packages/oslo_config/cfg.py:2995}}
Mar 11 17:15:55.743049 np0000158417 devstack@n-api-meta.service[108424]: DEBUG nova.api.openstack.wsgi_app [None req-7cce057c-aa25-409e-8f1d-2b7f791b6f4f None None] force_raw_images = True {{(pid=108424) log_opt_values /opt/stack/data/venv/lib/python3.12/site-packages/oslo_config/cfg.py:2995}}
Mar 11 17:15:55.743191 np0000158417 devstack@n-api-meta.service[108424]: DEBUG nova.api.openstack.wsgi_app [None req-7cce057c-aa25-409e-8f1d-2b7f791b6f4f None None] graceful_shutdown_timeout = 5 {{(pid=108424) log_opt_values /opt/stack/data/venv/lib/python3.12/site-packages/oslo_config/cfg.py:2995}}
Mar 11 17:15:55.743324 np0000158417 devstack@n-api-meta.service[108424]: DEBUG nova.api.openstack.wsgi_app [None req-7cce057c-aa25-409e-8f1d-2b7f791b6f4f None None] heal_instance_info_cache_interval = -1 {{(pid=108424) log_opt_values /opt/stack/data/venv/lib/python3.12/site-packages/oslo_config/cfg.py:2995}}
Mar 11 17:15:55.743526 np0000158417 devstack@n-api-meta.service[108424]: DEBUG nova.api.openstack.wsgi_app [None req-7cce057c-aa25-409e-8f1d-2b7f791b6f4f None None] host = np0000158417 {{(pid=108424) log_opt_values /opt/stack/data/venv/lib/python3.12/site-packages/oslo_config/cfg.py:2995}}
Mar 11 17:15:55.743667 np0000158417 devstack@n-api-meta.service[108424]: DEBUG nova.api.openstack.wsgi_app [None req-7cce057c-aa25-409e-8f1d-2b7f791b6f4f None None] initial_cpu_allocation_ratio = 4.0 {{(pid=108424) log_opt_values /opt/stack/data/venv/lib/python3.12/site-packages/oslo_config/cfg.py:2995}}
Mar 11 17:15:55.743798 np0000158417 devstack@n-api-meta.service[108424]: DEBUG nova.api.openstack.wsgi_app [None req-7cce057c-aa25-409e-8f1d-2b7f791b6f4f None None] initial_disk_allocation_ratio = 1.0 {{(pid=108424) log_opt_values /opt/stack/data/venv/lib/python3.12/site-packages/oslo_config/cfg.py:2995}}
Mar 11 17:15:55.743934 np0000158417 devstack@n-api-meta.service[108424]: DEBUG nova.api.openstack.wsgi_app [None req-7cce057c-aa25-409e-8f1d-2b7f791b6f4f None None] initial_ram_allocation_ratio = 1.0 {{(pid=108424) log_opt_values /opt/stack/data/venv/lib/python3.12/site-packages/oslo_config/cfg.py:2995}}
Mar 11 17:15:55.744114 np0000158417 devstack@n-api-meta.service[108424]: DEBUG nova.api.openstack.wsgi_app [None req-7cce057c-aa25-409e-8f1d-2b7f791b6f4f None None] injected_network_template = /opt/stack/nova/nova/virt/interfaces.template {{(pid=108424) log_opt_values /opt/stack/data/venv/lib/python3.12/site-packages/oslo_config/cfg.py:2995}}
Mar 11 17:15:55.744245 np0000158417 devstack@n-api-meta.service[108424]: DEBUG nova.api.openstack.wsgi_app [None req-7cce057c-aa25-409e-8f1d-2b7f791b6f4f None None] instance_build_timeout = 0 {{(pid=108424) log_opt_values /opt/stack/data/venv/lib/python3.12/site-packages/oslo_config/cfg.py:2995}}
Mar 11 17:15:55.744378 np0000158417 devstack@n-api-meta.service[108424]: DEBUG nova.api.openstack.wsgi_app [None req-7cce057c-aa25-409e-8f1d-2b7f791b6f4f None None] instance_delete_interval = 300 {{(pid=108424) log_opt_values /opt/stack/data/venv/lib/python3.12/site-packages/oslo_config/cfg.py:2995}}
Mar 11 17:15:55.744545 np0000158417 devstack@n-api-meta.service[108424]: DEBUG nova.api.openstack.wsgi_app [None req-7cce057c-aa25-409e-8f1d-2b7f791b6f4f None None] instance_format = [instance: %(uuid)s] {{(pid=108424) log_opt_values /opt/stack/data/venv/lib/python3.12/site-packages/oslo_config/cfg.py:2995}}
Mar 11 17:15:55.744705 np0000158417 devstack@n-api-meta.service[108424]: DEBUG nova.api.openstack.wsgi_app [None req-7cce057c-aa25-409e-8f1d-2b7f791b6f4f None None] instance_name_template = instance-%08x {{(pid=108424) log_opt_values /opt/stack/data/venv/lib/python3.12/site-packages/oslo_config/cfg.py:2995}}
Mar 11 17:15:55.744811 np0000158417 devstack@n-api-meta.service[108424]: DEBUG nova.api.openstack.wsgi_app [None req-7cce057c-aa25-409e-8f1d-2b7f791b6f4f None None] instance_usage_audit = False {{(pid=108424) log_opt_values /opt/stack/data/venv/lib/python3.12/site-packages/oslo_config/cfg.py:2995}}
Mar 11 17:15:55.744944 np0000158417 devstack@n-api-meta.service[108424]: DEBUG nova.api.openstack.wsgi_app [None req-7cce057c-aa25-409e-8f1d-2b7f791b6f4f None None] instance_usage_audit_period = month {{(pid=108424) log_opt_values /opt/stack/data/venv/lib/python3.12/site-packages/oslo_config/cfg.py:2995}}
Mar 11 17:15:55.745070 np0000158417 devstack@n-api-meta.service[108424]: DEBUG nova.api.openstack.wsgi_app [None req-7cce057c-aa25-409e-8f1d-2b7f791b6f4f None None] instance_uuid_format = [instance: %(uuid)s] {{(pid=108424) log_opt_values /opt/stack/data/venv/lib/python3.12/site-packages/oslo_config/cfg.py:2995}}
Mar 11 17:15:55.745206 np0000158417 devstack@n-api-meta.service[108424]: DEBUG nova.api.openstack.wsgi_app [None req-7cce057c-aa25-409e-8f1d-2b7f791b6f4f None None] instances_path = /opt/stack/data/nova/instances {{(pid=108424) log_opt_values /opt/stack/data/venv/lib/python3.12/site-packages/oslo_config/cfg.py:2995}}
Mar 11 17:15:55.745353 np0000158417 devstack@n-api-meta.service[108424]: DEBUG nova.api.openstack.wsgi_app [None req-7cce057c-aa25-409e-8f1d-2b7f791b6f4f None None] internal_service_availability_zone = internal {{(pid=108424) log_opt_values /opt/stack/data/venv/lib/python3.12/site-packages/oslo_config/cfg.py:2995}}
Mar 11 17:15:55.745559 np0000158417 devstack@n-api-meta.service[108424]: DEBUG nova.api.openstack.wsgi_app [None req-7cce057c-aa25-409e-8f1d-2b7f791b6f4f None None] key = None {{(pid=108424) log_opt_values /opt/stack/data/venv/lib/python3.12/site-packages/oslo_config/cfg.py:2995}}
Mar 11 17:15:55.745742 np0000158417 devstack@n-api-meta.service[108424]: DEBUG nova.api.openstack.wsgi_app [None req-7cce057c-aa25-409e-8f1d-2b7f791b6f4f None None] live_migration_retry_count = 30 {{(pid=108424) log_opt_values /opt/stack/data/venv/lib/python3.12/site-packages/oslo_config/cfg.py:2995}}
Mar 11 17:15:55.745742 np0000158417 devstack@n-api-meta.service[108424]: DEBUG nova.api.openstack.wsgi_app [None req-7cce057c-aa25-409e-8f1d-2b7f791b6f4f None None] log_color = False {{(pid=108424) log_opt_values /opt/stack/data/venv/lib/python3.12/site-packages/oslo_config/cfg.py:2995}}
Mar 11 17:15:55.745877 np0000158417 devstack@n-api-meta.service[108424]: DEBUG nova.api.openstack.wsgi_app [None req-7cce057c-aa25-409e-8f1d-2b7f791b6f4f None None] log_config_append = None {{(pid=108424) log_opt_values /opt/stack/data/venv/lib/python3.12/site-packages/oslo_config/cfg.py:2995}}
Mar 11 17:15:55.746010 np0000158417 devstack@n-api-meta.service[108424]: DEBUG nova.api.openstack.wsgi_app [None req-7cce057c-aa25-409e-8f1d-2b7f791b6f4f None None] log_date_format = %Y-%m-%d %H:%M:%S {{(pid=108424) log_opt_values /opt/stack/data/venv/lib/python3.12/site-packages/oslo_config/cfg.py:2995}}
Mar 11 17:15:55.746141 np0000158417 devstack@n-api-meta.service[108424]: DEBUG nova.api.openstack.wsgi_app [None req-7cce057c-aa25-409e-8f1d-2b7f791b6f4f None None] log_dir = None {{(pid=108424) log_opt_values /opt/stack/data/venv/lib/python3.12/site-packages/oslo_config/cfg.py:2995}}
Mar 11 17:15:55.746271 np0000158417 devstack@n-api-meta.service[108424]: DEBUG nova.api.openstack.wsgi_app [None req-7cce057c-aa25-409e-8f1d-2b7f791b6f4f None None] log_file = None {{(pid=108424) log_opt_values /opt/stack/data/venv/lib/python3.12/site-packages/oslo_config/cfg.py:2995}}
Mar 11 17:15:55.746399 np0000158417 devstack@n-api-meta.service[108424]: DEBUG nova.api.openstack.wsgi_app [None req-7cce057c-aa25-409e-8f1d-2b7f791b6f4f None None] log_options = True {{(pid=108424) log_opt_values /opt/stack/data/venv/lib/python3.12/site-packages/oslo_config/cfg.py:2995}}
Mar 11 17:15:55.746574 np0000158417 devstack@n-api-meta.service[108424]: DEBUG nova.api.openstack.wsgi_app [None req-7cce057c-aa25-409e-8f1d-2b7f791b6f4f None None] log_rotate_interval = 1 {{(pid=108424) log_opt_values /opt/stack/data/venv/lib/python3.12/site-packages/oslo_config/cfg.py:2995}}
Mar 11 17:15:55.746665 np0000158417 devstack@n-api-meta.service[108424]: DEBUG nova.api.openstack.wsgi_app [None req-7cce057c-aa25-409e-8f1d-2b7f791b6f4f None None] log_rotate_interval_type = days {{(pid=108424) log_opt_values /opt/stack/data/venv/lib/python3.12/site-packages/oslo_config/cfg.py:2995}}
Mar 11 17:15:55.746797 np0000158417 devstack@n-api-meta.service[108424]: DEBUG nova.api.openstack.wsgi_app [None req-7cce057c-aa25-409e-8f1d-2b7f791b6f4f None None] log_rotation_type = none {{(pid=108424) log_opt_values /opt/stack/data/venv/lib/python3.12/site-packages/oslo_config/cfg.py:2995}}
Mar 11 17:15:55.746902 np0000158417 devstack@n-api-meta.service[108424]: DEBUG nova.api.openstack.wsgi_app [None req-7cce057c-aa25-409e-8f1d-2b7f791b6f4f None None] logging_context_format_string = %(color)s%(levelname)s %(name)s [%(global_request_id)s %(request_id)s %(project_name)s %(user_name)s%(color)s] %(instance)s%(color)s%(message)s {{(pid=108424) log_opt_values /opt/stack/data/venv/lib/python3.12/site-packages/oslo_config/cfg.py:2995}}
Mar 11 17:15:55.747004 np0000158417 devstack@n-api-meta.service[108424]: DEBUG nova.api.openstack.wsgi_app [None req-7cce057c-aa25-409e-8f1d-2b7f791b6f4f None None] logging_debug_format_suffix = {{(pid=%(process)d) %(funcName)s %(pathname)s:%(lineno)d}} {{(pid=108424) log_opt_values /opt/stack/data/venv/lib/python3.12/site-packages/oslo_config/cfg.py:2995}}
Mar 11 17:15:55.747137 np0000158417 devstack@n-api-meta.service[108424]: DEBUG nova.api.openstack.wsgi_app [None req-7cce057c-aa25-409e-8f1d-2b7f791b6f4f None None] logging_default_format_string = %(color)s%(levelname)s %(name)s [-%(color)s] %(instance)s%(color)s%(message)s {{(pid=108424) log_opt_values /opt/stack/data/venv/lib/python3.12/site-packages/oslo_config/cfg.py:2995}}
Mar 11 17:15:55.747270 np0000158417 devstack@n-api-meta.service[108424]: DEBUG nova.api.openstack.wsgi_app [None req-7cce057c-aa25-409e-8f1d-2b7f791b6f4f None None] logging_exception_prefix = ERROR %(name)s %(instance)s {{(pid=108424) log_opt_values /opt/stack/data/venv/lib/python3.12/site-packages/oslo_config/cfg.py:2995}}
Mar 11 17:15:55.747373 np0000158417 devstack@n-api-meta.service[108424]: DEBUG nova.api.openstack.wsgi_app [None req-7cce057c-aa25-409e-8f1d-2b7f791b6f4f None None] logging_user_identity_format = %(user)s %(project)s %(domain)s %(system_scope)s %(user_domain)s %(project_domain)s {{(pid=108424) log_opt_values /opt/stack/data/venv/lib/python3.12/site-packages/oslo_config/cfg.py:2995}}
Mar 11 17:15:55.747524 np0000158417 devstack@n-api-meta.service[108424]: DEBUG nova.api.openstack.wsgi_app [None req-7cce057c-aa25-409e-8f1d-2b7f791b6f4f None None] long_rpc_timeout = 1800 {{(pid=108424) log_opt_values /opt/stack/data/venv/lib/python3.12/site-packages/oslo_config/cfg.py:2995}}
Mar 11 17:15:55.747653 np0000158417 devstack@n-api-meta.service[108424]: DEBUG nova.api.openstack.wsgi_app [None req-7cce057c-aa25-409e-8f1d-2b7f791b6f4f None None] manager_shutdown_timeout = 160 {{(pid=108424) log_opt_values /opt/stack/data/venv/lib/python3.12/site-packages/oslo_config/cfg.py:2995}}
Mar 11 17:15:55.747785 np0000158417 devstack@n-api-meta.service[108424]: DEBUG nova.api.openstack.wsgi_app [None req-7cce057c-aa25-409e-8f1d-2b7f791b6f4f None None] max_concurrent_builds = 10 {{(pid=108424) log_opt_values /opt/stack/data/venv/lib/python3.12/site-packages/oslo_config/cfg.py:2995}}
