Mar 11 17:15:20.824409 np0000158417 devstack@neutron-api.service[103325]: DEBUG ovsdbapp.backend.ovs_idl [None req-f5324c1d-8137-4a22-aeea-61ca2adf99f5 None None] Created lookup_table index Chassis.name {{(pid=103325) autocreate_indices /opt/stack/data/venv/lib/python3.12/site-packages/ovsdbapp/backend/ovs_idl/__init__.py:87}}
Mar 11 17:15:20.824409 np0000158417 devstack@neutron-api.service[103325]: DEBUG ovsdbapp.backend.ovs_idl [None req-f5324c1d-8137-4a22-aeea-61ca2adf99f5 None None] Created lookup_table index Port_Binding.logical_port {{(pid=103325) autocreate_indices /opt/stack/data/venv/lib/python3.12/site-packages/ovsdbapp/backend/ovs_idl/__init__.py:87}}
Mar 11 17:15:20.824668 np0000158417 devstack@neutron-api.service[103325]: DEBUG ovsdbapp.backend.ovs_idl [None req-f5324c1d-8137-4a22-aeea-61ca2adf99f5 None None] Created schema index Chassis_Private.name {{(pid=103325) autocreate_indices /opt/stack/data/venv/lib/python3.12/site-packages/ovsdbapp/backend/ovs_idl/__init__.py:106}}
Mar 11 17:15:20.824668 np0000158417 devstack@neutron-api.service[103325]: DEBUG ovsdbapp.backend.ovs_idl [None req-f5324c1d-8137-4a22-aeea-61ca2adf99f5 None None] Created schema index Datapath_Binding.tunnel_key {{(pid=103325) autocreate_indices /opt/stack/data/venv/lib/python3.12/site-packages/ovsdbapp/backend/ovs_idl/__init__.py:106}}
Mar 11 17:15:20.826736 np0000158417 devstack@neutron-api.service[103328]: INFO ovsdbapp.backend.ovs_idl.vlog [None req-231fa3b7-f51b-445d-90c4-87002d54830e None None] ssl:199.204.45.74:6642: connected
Mar 11 17:15:20.826871 np0000158417 devstack@neutron-api.service[103325]: INFO ovsdbapp.backend.ovs_idl.vlog [None req-f5324c1d-8137-4a22-aeea-61ca2adf99f5 None None] ssl:199.204.45.74:6642: connecting...
Mar 11 17:15:20.833996 np0000158417 devstack@neutron-api.service[103325]: INFO ovsdbapp.backend.ovs_idl.vlog [None req-f5324c1d-8137-4a22-aeea-61ca2adf99f5 None None] ssl:199.204.45.74:6642: connected
Mar 11 17:15:20.846391 np0000158417 devstack@neutron-api.service[103327]: DEBUG ovsdbapp.backend.ovs_idl [None req-92261607-49c3-4f8a-8beb-da8f1ea1a412 None None] Created lookup_table index Logical_Switch.name {{(pid=103327) autocreate_indices /opt/stack/data/venv/lib/python3.12/site-packages/ovsdbapp/backend/ovs_idl/__init__.py:87}}
Mar 11 17:15:20.846621 np0000158417 devstack@neutron-api.service[103327]: DEBUG ovsdbapp.backend.ovs_idl [None req-92261607-49c3-4f8a-8beb-da8f1ea1a412 None None] Created lookup_table index Logical_Router.name {{(pid=103327) autocreate_indices /opt/stack/data/venv/lib/python3.12/site-packages/ovsdbapp/backend/ovs_idl/__init__.py:87}}
Mar 11 17:15:20.846788 np0000158417 devstack@neutron-api.service[103327]: DEBUG ovsdbapp.backend.ovs_idl [None req-92261607-49c3-4f8a-8beb-da8f1ea1a412 None None] Created lookup_table index Load_Balancer.name {{(pid=103327) autocreate_indices /opt/stack/data/venv/lib/python3.12/site-packages/ovsdbapp/backend/ovs_idl/__init__.py:87}}
Mar 11 17:15:20.846954 np0000158417 devstack@neutron-api.service[103327]: DEBUG ovsdbapp.backend.ovs_idl [None req-92261607-49c3-4f8a-8beb-da8f1ea1a412 None None] Created schema index Copp.name {{(pid=103327) autocreate_indices /opt/stack/data/venv/lib/python3.12/site-packages/ovsdbapp/backend/ovs_idl/__init__.py:106}}
Mar 11 17:15:20.847114 np0000158417 devstack@neutron-api.service[103327]: DEBUG ovsdbapp.backend.ovs_idl [None req-92261607-49c3-4f8a-8beb-da8f1ea1a412 None None] Created schema index Meter.name {{(pid=103327) autocreate_indices /opt/stack/data/venv/lib/python3.12/site-packages/ovsdbapp/backend/ovs_idl/__init__.py:106}}
Mar 11 17:15:20.847281 np0000158417 devstack@neutron-api.service[103327]: DEBUG ovsdbapp.backend.ovs_idl [None req-92261607-49c3-4f8a-8beb-da8f1ea1a412 None None] Created schema index Load_Balancer_Group.name {{(pid=103327) autocreate_indices /opt/stack/data/venv/lib/python3.12/site-packages/ovsdbapp/backend/ovs_idl/__init__.py:106}}
Mar 11 17:15:20.847437 np0000158417 devstack@neutron-api.service[103327]: DEBUG ovsdbapp.backend.ovs_idl [None req-92261607-49c3-4f8a-8beb-da8f1ea1a412 None None] Created schema index HA_Chassis_Group.name {{(pid=103327) autocreate_indices /opt/stack/data/venv/lib/python3.12/site-packages/ovsdbapp/backend/ovs_idl/__init__.py:106}}
Mar 11 17:15:20.847619 np0000158417 devstack@neutron-api.service[103327]: DEBUG ovsdbapp.backend.ovs_idl [None req-92261607-49c3-4f8a-8beb-da8f1ea1a412 None None] Created schema index Address_Set.name {{(pid=103327) autocreate_indices /opt/stack/data/venv/lib/python3.12/site-packages/ovsdbapp/backend/ovs_idl/__init__.py:106}}
Mar 11 17:15:20.847773 np0000158417 devstack@neutron-api.service[103327]: DEBUG ovsdbapp.backend.ovs_idl [None req-92261607-49c3-4f8a-8beb-da8f1ea1a412 None None] Created schema index Connection.target {{(pid=103327) autocreate_indices /opt/stack/data/venv/lib/python3.12/site-packages/ovsdbapp/backend/ovs_idl/__init__.py:106}}
Mar 11 17:15:20.847897 np0000158417 devstack@neutron-api.service[103327]: DEBUG ovsdbapp.backend.ovs_idl [None req-92261607-49c3-4f8a-8beb-da8f1ea1a412 None None] Created schema index Gateway_Chassis.name {{(pid=103327) autocreate_indices /opt/stack/data/venv/lib/python3.12/site-packages/ovsdbapp/backend/ovs_idl/__init__.py:106}}
Mar 11 17:15:20.848043 np0000158417 devstack@neutron-api.service[103327]: DEBUG ovsdbapp.backend.ovs_idl [None req-92261607-49c3-4f8a-8beb-da8f1ea1a412 None None] Created schema index Mirror.name {{(pid=103327) autocreate_indices /opt/stack/data/venv/lib/python3.12/site-packages/ovsdbapp/backend/ovs_idl/__init__.py:106}}
Mar 11 17:15:20.848150 np0000158417 devstack@neutron-api.service[103327]: DEBUG ovsdbapp.backend.ovs_idl [None req-92261607-49c3-4f8a-8beb-da8f1ea1a412 None None] Created schema index Chassis_Template_Var.chassis {{(pid=103327) autocreate_indices /opt/stack/data/venv/lib/python3.12/site-packages/ovsdbapp/backend/ovs_idl/__init__.py:106}}
Mar 11 17:15:20.848286 np0000158417 devstack@neutron-api.service[103327]: DEBUG ovsdbapp.backend.ovs_idl [None req-92261607-49c3-4f8a-8beb-da8f1ea1a412 None None] Created schema index Logical_Router_Port.name {{(pid=103327) autocreate_indices /opt/stack/data/venv/lib/python3.12/site-packages/ovsdbapp/backend/ovs_idl/__init__.py:106}}
Mar 11 17:15:20.848459 np0000158417 devstack@neutron-api.service[103327]: DEBUG ovsdbapp.backend.ovs_idl [None req-92261607-49c3-4f8a-8beb-da8f1ea1a412 None None] Created schema index Port_Group.name {{(pid=103327) autocreate_indices /opt/stack/data/venv/lib/python3.12/site-packages/ovsdbapp/backend/ovs_idl/__init__.py:106}}
Mar 11 17:15:20.848561 np0000158417 devstack@neutron-api.service[103327]: DEBUG ovsdbapp.backend.ovs_idl [None req-92261607-49c3-4f8a-8beb-da8f1ea1a412 None None] Created schema index Logical_Switch_Port.name {{(pid=103327) autocreate_indices /opt/stack/data/venv/lib/python3.12/site-packages/ovsdbapp/backend/ovs_idl/__init__.py:106}}
Mar 11 17:15:20.852345 np0000158417 devstack@neutron-api.service[103327]: INFO ovsdbapp.backend.ovs_idl.vlog [None req-92261607-49c3-4f8a-8beb-da8f1ea1a412 None None] ssl:199.204.45.74:6641: connecting...
Mar 11 17:15:20.858740 np0000158417 devstack@neutron-api.service[103328]: DEBUG neutron.common.ovn.hash_ring_manager [None req-231fa3b7-f51b-445d-90c4-87002d54830e None None] Allow caching, nodes 4>=4 {{(pid=103328) _wait_startup_before_caching /opt/stack/neutron/neutron/common/ovn/hash_ring_manager.py:65}}
Mar 11 17:15:20.862309 np0000158417 devstack@neutron-api.service[103328]: DEBUG neutron.common.ovn.hash_ring_manager [None req-231fa3b7-f51b-445d-90c4-87002d54830e None None] Hash Ring loaded. 4 active nodes. 0 offline nodes {{(pid=103328) _load_hash_ring /opt/stack/neutron/neutron/common/ovn/hash_ring_manager.py:102}}
Mar 11 17:15:20.862361 np0000158417 devstack@neutron-api.service[103328]: DEBUG neutron.plugins.ml2.drivers.ovn.mech_driver.ovsdb.ovsdb_monitor [None req-231fa3b7-f51b-445d-90c4-87002d54830e None None] ChassisOVNAgentWriteEvent : Matched Chassis_Private, create, None None {{(pid=103328) matches /opt/stack/neutron/neutron/plugins/ml2/drivers/ovn/mech_driver/ovsdb/ovsdb_monitor.py:64}}
Mar 11 17:15:20.862490 np0000158417 devstack@neutron-api.service[103328]: DEBUG neutron.plugins.ml2.drivers.ovn.mech_driver.ovsdb.ovsdb_monitor [None req-231fa3b7-f51b-445d-90c4-87002d54830e None None] ChassisAgentWriteEvent : Matched Chassis_Private, create, None None {{(pid=103328) matches /opt/stack/neutron/neutron/plugins/ml2/drivers/ovn/mech_driver/ovsdb/ovsdb_monitor.py:64}}
Mar 11 17:15:20.864676 np0000158417 devstack@neutron-api.service[103327]: INFO ovsdbapp.backend.ovs_idl.vlog [None req-92261607-49c3-4f8a-8beb-da8f1ea1a412 None None] ssl:199.204.45.74:6641: connected
Mar 11 17:15:20.864900 np0000158417 devstack@neutron-api.service[103328]: INFO neutron.plugins.ml2.drivers.ovn.mech_driver.mech_driver [None req-231fa3b7-f51b-445d-90c4-87002d54830e None None] WorkerService process has finished the post initialization
Mar 11 17:15:20.866807 np0000158417 devstack@neutron-api.service[103328]: WSGI app 0 (mountpoint='') ready in 7 seconds on interpreter 0x7c039d6a3668 pid: 103328 (default app)
Mar 11 17:15:20.866881 np0000158417 devstack@neutron-api.service[103325]: DEBUG neutron.common.ovn.hash_ring_manager [None req-f5324c1d-8137-4a22-aeea-61ca2adf99f5 None None] Allow caching, nodes 4>=4 {{(pid=103325) _wait_startup_before_caching /opt/stack/neutron/neutron/common/ovn/hash_ring_manager.py:65}}
Mar 11 17:15:20.871372 np0000158417 devstack@neutron-api.service[103325]: DEBUG neutron.common.ovn.hash_ring_manager [None req-f5324c1d-8137-4a22-aeea-61ca2adf99f5 None None] Hash Ring loaded. 4 active nodes. 0 offline nodes {{(pid=103325) _load_hash_ring /opt/stack/neutron/neutron/common/ovn/hash_ring_manager.py:102}}
Mar 11 17:15:20.871673 np0000158417 devstack@neutron-api.service[103325]: DEBUG neutron.plugins.ml2.drivers.ovn.mech_driver.ovsdb.ovsdb_monitor [None req-f5324c1d-8137-4a22-aeea-61ca2adf99f5 None None] ChassisOVNAgentWriteEvent : Matched Chassis_Private, create, None None {{(pid=103325) matches /opt/stack/neutron/neutron/plugins/ml2/drivers/ovn/mech_driver/ovsdb/ovsdb_monitor.py:64}}
Mar 11 17:15:20.871823 np0000158417 devstack@neutron-api.service[103325]: DEBUG neutron.plugins.ml2.drivers.ovn.mech_driver.ovsdb.ovsdb_monitor [None req-f5324c1d-8137-4a22-aeea-61ca2adf99f5 None None] ChassisAgentWriteEvent : Matched Chassis_Private, create, None None {{(pid=103325) matches /opt/stack/neutron/neutron/plugins/ml2/drivers/ovn/mech_driver/ovsdb/ovsdb_monitor.py:64}}
Mar 11 17:15:20.872241 np0000158417 devstack@neutron-api.service[103325]: DEBUG neutron.plugins.ml2.drivers.ovn.mech_driver.ovsdb.ovsdb_monitor [None req-f5324c1d-8137-4a22-aeea-61ca2adf99f5 None None] Hash Ring: Node d1370ed6b565561b8a55ee6ae7bb31e6 (host: np0000158417) handling event "create" for row 60fb41e5-d156-4a8e-bf6e-d70a50c01e44 (table: Chassis_Private) {{(pid=103325) notify /opt/stack/neutron/neutron/plugins/ml2/drivers/ovn/mech_driver/ovsdb/ovsdb_monitor.py:906}}
Mar 11 17:15:20.874940 np0000158417 devstack@neutron-api.service[103325]: INFO neutron.plugins.ml2.drivers.ovn.mech_driver.mech_driver [None req-f5324c1d-8137-4a22-aeea-61ca2adf99f5 None None] WorkerService process has finished the post initialization
Mar 11 17:15:20.876606 np0000158417 devstack@neutron-api.service[103325]: WSGI app 0 (mountpoint='') ready in 7 seconds on interpreter 0x7c039d6a3668 pid: 103325 (default app)
Mar 11 17:15:20.892934 np0000158417 devstack@neutron-api.service[103327]: DEBUG neutron.common.ovn.hash_ring_manager [None req-92261607-49c3-4f8a-8beb-da8f1ea1a412 None None] Allow caching, nodes 4>=4 {{(pid=103327) _wait_startup_before_caching /opt/stack/neutron/neutron/common/ovn/hash_ring_manager.py:65}}
Mar 11 17:15:20.900822 np0000158417 devstack@neutron-api.service[103327]: DEBUG neutron.common.ovn.hash_ring_manager [None req-92261607-49c3-4f8a-8beb-da8f1ea1a412 None None] Hash Ring loaded. 4 active nodes. 0 offline nodes {{(pid=103327) _load_hash_ring /opt/stack/neutron/neutron/common/ovn/hash_ring_manager.py:102}}
Mar 11 17:15:20.901318 np0000158417 devstack@neutron-api.service[103327]: DEBUG neutron.plugins.ml2.drivers.ovn.mech_driver.ovsdb.ovsdb_monitor [None req-92261607-49c3-4f8a-8beb-da8f1ea1a412 None None] Hash Ring: Node 582042cad94b582ab30736aabf2025c2 (host: np0000158417) handling event "create" for row 43d6131f-e408-4303-8372-6a93b7ad12d5 (table: Port_Group) {{(pid=103327) notify /opt/stack/neutron/neutron/plugins/ml2/drivers/ovn/mech_driver/ovsdb/ovsdb_monitor.py:906}}
Mar 11 17:15:20.902852 np0000158417 devstack@neutron-api.service[103327]: INFO neutron.plugins.ml2.drivers.ovn.mech_driver.ovsdb.impl_idl_ovn [None req-92261607-49c3-4f8a-8beb-da8f1ea1a412 None None] Getting OvsdbSbOvnIdl for WorkerService with retry
Mar 11 17:15:20.936264 np0000158417 devstack@neutron-api.service[103327]: DEBUG ovsdbapp.backend.ovs_idl [None req-92261607-49c3-4f8a-8beb-da8f1ea1a412 None None] Created lookup_table index Chassis.name {{(pid=103327) autocreate_indices /opt/stack/data/venv/lib/python3.12/site-packages/ovsdbapp/backend/ovs_idl/__init__.py:87}}
Mar 11 17:15:20.936363 np0000158417 devstack@neutron-api.service[103327]: DEBUG ovsdbapp.backend.ovs_idl [None req-92261607-49c3-4f8a-8beb-da8f1ea1a412 None None] Created lookup_table index Port_Binding.logical_port {{(pid=103327) autocreate_indices /opt/stack/data/venv/lib/python3.12/site-packages/ovsdbapp/backend/ovs_idl/__init__.py:87}}
Mar 11 17:15:20.936554 np0000158417 devstack@neutron-api.service[103327]: DEBUG ovsdbapp.backend.ovs_idl [None req-92261607-49c3-4f8a-8beb-da8f1ea1a412 None None] Created schema index Chassis_Private.name {{(pid=103327) autocreate_indices /opt/stack/data/venv/lib/python3.12/site-packages/ovsdbapp/backend/ovs_idl/__init__.py:106}}
Mar 11 17:15:20.936636 np0000158417 devstack@neutron-api.service[103327]: DEBUG ovsdbapp.backend.ovs_idl [None req-92261607-49c3-4f8a-8beb-da8f1ea1a412 None None] Created schema index Datapath_Binding.tunnel_key {{(pid=103327) autocreate_indices /opt/stack/data/venv/lib/python3.12/site-packages/ovsdbapp/backend/ovs_idl/__init__.py:106}}
Mar 11 17:15:20.938912 np0000158417 devstack@neutron-api.service[103327]: INFO ovsdbapp.backend.ovs_idl.vlog [None req-92261607-49c3-4f8a-8beb-da8f1ea1a412 None None] ssl:199.204.45.74:6642: connecting...
Mar 11 17:15:20.944276 np0000158417 devstack@neutron-api.service[103327]: INFO ovsdbapp.backend.ovs_idl.vlog [None req-92261607-49c3-4f8a-8beb-da8f1ea1a412 None None] ssl:199.204.45.74:6642: connected
Mar 11 17:15:20.977778 np0000158417 devstack@neutron-api.service[103327]: DEBUG neutron.common.ovn.hash_ring_manager [None req-92261607-49c3-4f8a-8beb-da8f1ea1a412 None None] Allow caching, nodes 4>=4 {{(pid=103327) _wait_startup_before_caching /opt/stack/neutron/neutron/common/ovn/hash_ring_manager.py:65}}
Mar 11 17:15:20.982594 np0000158417 devstack@neutron-api.service[103327]: DEBUG neutron.common.ovn.hash_ring_manager [None req-92261607-49c3-4f8a-8beb-da8f1ea1a412 None None] Hash Ring loaded. 4 active nodes. 0 offline nodes {{(pid=103327) _load_hash_ring /opt/stack/neutron/neutron/common/ovn/hash_ring_manager.py:102}}
Mar 11 17:15:20.982863 np0000158417 devstack@neutron-api.service[103327]: DEBUG neutron.plugins.ml2.drivers.ovn.mech_driver.ovsdb.ovsdb_monitor [None req-92261607-49c3-4f8a-8beb-da8f1ea1a412 None None] ChassisOVNAgentWriteEvent : Matched Chassis_Private, create, None None {{(pid=103327) matches /opt/stack/neutron/neutron/plugins/ml2/drivers/ovn/mech_driver/ovsdb/ovsdb_monitor.py:64}}
Mar 11 17:15:20.982970 np0000158417 devstack@neutron-api.service[103327]: DEBUG neutron.plugins.ml2.drivers.ovn.mech_driver.ovsdb.ovsdb_monitor [None req-92261607-49c3-4f8a-8beb-da8f1ea1a412 None None] ChassisAgentWriteEvent : Matched Chassis_Private, create, None None {{(pid=103327) matches /opt/stack/neutron/neutron/plugins/ml2/drivers/ovn/mech_driver/ovsdb/ovsdb_monitor.py:64}}
Mar 11 17:15:20.983365 np0000158417 devstack@neutron-api.service[103327]: DEBUG neutron.plugins.ml2.drivers.ovn.mech_driver.ovsdb.ovsdb_monitor [None req-92261607-49c3-4f8a-8beb-da8f1ea1a412 None None] Hash Ring: Node 582042cad94b582ab30736aabf2025c2 (host: np0000158417) handling event "create" for row 606a8e3c-6dea-41fe-a109-6e6e775118e9 (table: Encap) {{(pid=103327) notify /opt/stack/neutron/neutron/plugins/ml2/drivers/ovn/mech_driver/ovsdb/ovsdb_monitor.py:906}}
Mar 11 17:15:20.985936 np0000158417 devstack@neutron-api.service[103327]: INFO neutron.plugins.ml2.drivers.ovn.mech_driver.mech_driver [None req-92261607-49c3-4f8a-8beb-da8f1ea1a412 None None] WorkerService process has finished the post initialization
Mar 11 17:15:20.987664 np0000158417 devstack@neutron-api.service[103327]: WSGI app 0 (mountpoint='') ready in 7 seconds on interpreter 0x7c039d6a3668 pid: 103327 (default app)
Mar 11 17:15:22.022706 np0000158417 devstack@neutron-api.service[103326]: DEBUG neutron.common.ovn.hash_ring_manager [-] Allow caching, nodes 4>=4 {{(pid=103326) _wait_startup_before_caching /opt/stack/neutron/neutron/common/ovn/hash_ring_manager.py:65}}
Mar 11 17:15:22.023234 np0000158417 devstack@neutron-api.service[103326]: DEBUG neutron.plugins.ml2.drivers.ovn.mech_driver.ovsdb.ovsdb_monitor [-] Hash Ring: Node 11ec570345485953ba13dcb3f998f220 (host: np0000158417) handling event "update" for row 27c23ce6-523d-4d82-8cd3-61b8bbe71f4b (table: Connection) {{(pid=103326) notify /opt/stack/neutron/neutron/plugins/ml2/drivers/ovn/mech_driver/ovsdb/ovsdb_monitor.py:906}}
Mar 11 17:15:24.518202 np0000158417 devstack@neutron-api.service[103326]: DEBUG neutron.plugins.ml2.drivers.ovn.mech_driver.ovsdb.ovsdb_monitor [-] Hash Ring: Node 11ec570345485953ba13dcb3f998f220 (host: np0000158417) handling event "update" for row 27c23ce6-523d-4d82-8cd3-61b8bbe71f4b (table: Connection) {{(pid=103326) notify /opt/stack/neutron/neutron/plugins/ml2/drivers/ovn/mech_driver/ovsdb/ovsdb_monitor.py:906}}
Mar 11 17:15:27.297640 np0000158417 devstack@neutron-api.service[103326]: DEBUG neutron.api.wsgi [None req-d5446afd-75c9-4a7a-be6e-e57d67ceb8c7 admin admin] Missing Content-Type {{(pid=103326) get_content_type /opt/stack/neutron/neutron/api/wsgi.py:85}}
Mar 11 17:15:27.298456 np0000158417 devstack@neutron-api.service[103326]: DEBUG neutron.api.wsgi [None req-d5446afd-75c9-4a7a-be6e-e57d67ceb8c7 admin admin] https://199.204.45.74/networking/v2.0/extensions returned with HTTP 200 {{(pid=103326) __call__ /opt/stack/neutron/neutron/api/wsgi.py:545}}
Mar 11 17:15:27.298456 np0000158417 devstack@neutron-api.service[103326]: [pid: 103326|app: 0|req: 2/2] 199.204.45.74 () {64 vars in 1316 bytes} [Wed Mar 11 17:15:26 2026] GET /networking/v2.0/extensions => generated 15208 bytes in 313 msecs (HTTP/1.1 200) 4 headers in 159 bytes (1 switches on core 0)
Mar 11 17:15:27.728605 np0000158417 devstack@neutron-api.service[103328]: DEBUG neutron.api.v2.base [None req-7130ebab-ac2a-4f66-96b9-fa2d39bc2b02 admin admin] Request body: {'subnetpool': {'name': 'shared-default-subnetpool-v4', 'default_prefixlen': 26, 'shared': True, 'is_default': True, 'prefixes': ['10.1.0.0/20']}} {{(pid=103328) prepare_request_body /opt/stack/neutron/neutron/api/v2/base.py:729}}
Mar 11 17:15:27.943699 np0000158417 devstack@neutron-api.service[103328]: DEBUG neutron.policy [None req-7130ebab-ac2a-4f66-96b9-fa2d39bc2b02 admin admin] Loaded default policies from ['neutron'] under neutron.policies entry points {{(pid=103328) register_rules /opt/stack/neutron/neutron/policy.py:65}}
Mar 11 17:15:28.110954 np0000158417 devstack@neutron-api.service[103328]: DEBUG neutron_lib.callbacks.manager [None req-7130ebab-ac2a-4f66-96b9-fa2d39bc2b02 admin admin] Publish callbacks ['neutron.objects.securitygroup.RbacNeutronDbObjectMixin.validate_rbac_policy_change-2224224753429', 'neutron.objects.address_group.RbacNeutronDbObjectMixin.validate_rbac_policy_change-2224224734653', 'neutron.objects.network.RbacNeutronDbObjectMixin.validate_rbac_policy_change-2224225240277', 'neutron.objects.qos.policy.RbacNeutronDbObjectMixin.validate_rbac_policy_change-2224225253323', 'neutron.objects.subnetpool.RbacNeutronDbObjectMixin.validate_rbac_policy_change-2224225229254', 'neutron.objects.address_scope.RbacNeutronDbObjectMixin.validate_rbac_policy_change-2224225238862', 'neutron.plugins.ml2.plugin.External_net_db_mixin._process_ext_policy_create-200282', 'neutron.plugins.ml2.plugin.NeutronDbPluginV2.validate_network_rbac_policy_change-204444', 'neutron.services.network_ip_availability.plugin.NeutronDbPluginV2.validate_network_rbac_policy_change-219877', 'neutron.services.network_ip_availability.plugin.NeutronDbPluginV2.validate_network_rbac_policy_change-2677045'] for rbac-policy (None), before_create {{(pid=103328) _notify_loop /opt/stack/data/venv/lib/python3.12/site-packages/neutron_lib/callbacks/manager.py:184}}
Mar 11 17:15:28.159043 np0000158417 devstack@neutron-api.service[103328]: DEBUG neutron_lib.callbacks.manager [None req-7130ebab-ac2a-4f66-96b9-fa2d39bc2b02 admin admin] Publish callbacks [] for subnetpool (None), before_response {{(pid=103328) _notify_loop /opt/stack/data/venv/lib/python3.12/site-packages/neutron_lib/callbacks/manager.py:184}}
Mar 11 17:15:28.159787 np0000158417 devstack@neutron-api.service[103328]: [pid: 103328|app: 0|req: 1/3] 199.204.45.74 () {68 vars in 1360 bytes} [Wed Mar 11 17:15:27 2026] POST /networking/v2.0/subnetpools => generated 533 bytes in 548 msecs (HTTP/1.1 201) 4 headers in 162 bytes (1 switches on core 0)
Mar 11 17:15:28.509284 np0000158417 devstack@neutron-api.service[103325]: DEBUG neutron.api.v2.base [None req-15be3435-b3a8-4f0f-974f-94119b64af54 admin admin] Request body: {'subnetpool': {'name': 'shared-default-subnetpool-v6', 'default_prefixlen': 64, 'shared': True, 'is_default': True, 'prefixes': ['fd40:78f6:51d2::/56']}} {{(pid=103325) prepare_request_body /opt/stack/neutron/neutron/api/v2/base.py:729}}
Mar 11 17:15:28.678383 np0000158417 devstack@neutron-api.service[103325]: DEBUG neutron.policy [None req-15be3435-b3a8-4f0f-974f-94119b64af54 admin admin] Loaded default policies from ['neutron'] under neutron.policies entry points {{(pid=103325) register_rules /opt/stack/neutron/neutron/policy.py:65}}
Mar 11 17:15:28.827775 np0000158417 devstack@neutron-api.service[103325]: DEBUG neutron_lib.callbacks.manager [None req-15be3435-b3a8-4f0f-974f-94119b64af54 admin admin] Publish callbacks ['neutron.objects.securitygroup.RbacNeutronDbObjectMixin.validate_rbac_policy_change-2224224753429', 'neutron.objects.address_group.RbacNeutronDbObjectMixin.validate_rbac_policy_change-2224224734653', 'neutron.objects.network.RbacNeutronDbObjectMixin.validate_rbac_policy_change-2224225240277', 'neutron.objects.qos.policy.RbacNeutronDbObjectMixin.validate_rbac_policy_change-2224225253323', 'neutron.objects.subnetpool.RbacNeutronDbObjectMixin.validate_rbac_policy_change-2224225229254', 'neutron.objects.address_scope.RbacNeutronDbObjectMixin.validate_rbac_policy_change-2224225238862', 'neutron.plugins.ml2.plugin.External_net_db_mixin._process_ext_policy_create-1212032', 'neutron.plugins.ml2.plugin.NeutronDbPluginV2.validate_network_rbac_policy_change-1182154', 'neutron.services.network_ip_availability.plugin.NeutronDbPluginV2.validate_network_rbac_policy_change-367710', 'neutron.services.network_ip_availability.plugin.NeutronDbPluginV2.validate_network_rbac_policy_change-2668750'] for rbac-policy (None), before_create {{(pid=103325) _notify_loop /opt/stack/data/venv/lib/python3.12/site-packages/neutron_lib/callbacks/manager.py:184}}
Mar 11 17:15:28.870717 np0000158417 devstack@neutron-api.service[103325]: DEBUG neutron_lib.callbacks.manager [None req-15be3435-b3a8-4f0f-974f-94119b64af54 admin admin] Publish callbacks [] for subnetpool (None), before_response {{(pid=103325) _notify_loop /opt/stack/data/venv/lib/python3.12/site-packages/neutron_lib/callbacks/manager.py:184}}
Mar 11 17:15:28.871400 np0000158417 devstack@neutron-api.service[103325]: [pid: 103325|app: 0|req: 1/4] 199.204.45.74 () {68 vars in 1360 bytes} [Wed Mar 11 17:15:28 2026] POST /networking/v2.0/subnetpools => generated 543 bytes in 465 msecs (HTTP/1.1 201) 4 headers in 162 bytes (1 switches on core 0)
Mar 11 17:15:29.336132 np0000158417 devstack@neutron-api.service[103327]: DEBUG neutron.api.v2.base [None req-da278663-989c-4e78-b0b5-eb74f3961908 admin admin] Request body: {'network': {'admin_state_up': True, 'name': 'private'}} {{(pid=103327) prepare_request_body /opt/stack/neutron/neutron/api/v2/base.py:729}}
Mar 11 17:15:29.361988 np0000158417 devstack@neutron-api.service[103327]: DEBUG neutron.pecan_wsgi.hooks.quota_enforcement [None req-da278663-989c-4e78-b0b5-eb74f3961908 admin admin] Made reservation on behalf of 0e49c2756f3244ebaed4178b105ba7ef for: {'network': 1} {{(pid=103327) before /opt/stack/neutron/neutron/pecan_wsgi/hooks/quota_enforcement.py:66}}
Mar 11 17:15:29.538123 np0000158417 devstack@neutron-api.service[103327]: DEBUG neutron.policy [None req-da278663-989c-4e78-b0b5-eb74f3961908 admin admin] Loaded default policies from ['neutron'] under neutron.policies entry points {{(pid=103327) register_rules /opt/stack/neutron/neutron/policy.py:65}}
Mar 11 17:15:29.639487 np0000158417 devstack@neutron-api.service[103327]: DEBUG neutron_lib.callbacks.manager [None req-da278663-989c-4e78-b0b5-eb74f3961908 admin admin] Publish callbacks ['neutron.plugins.ml2.plugin.SecurityGroupDbMixin._ensure_default_security_group_handler-330350'] for network (None), before_create {{(pid=103327) _notify_loop /opt/stack/data/venv/lib/python3.12/site-packages/neutron_lib/callbacks/manager.py:184}}
Mar 11 17:15:29.661159 np0000158417 devstack@neutron-api.service[103327]: DEBUG neutron_lib.callbacks.manager [None req-da278663-989c-4e78-b0b5-eb74f3961908 admin admin] Publish callbacks [] for security_group (None), before_create {{(pid=103327) _notify_loop /opt/stack/data/venv/lib/python3.12/site-packages/neutron_lib/callbacks/manager.py:184}}
Mar 11 17:15:29.776197 np0000158417 devstack@neutron-api.service[103327]: DEBUG neutron_lib.callbacks.manager [None req-da278663-989c-4e78-b0b5-eb74f3961908 admin admin] Publish callbacks ['neutron.plugins.ml2.drivers.ovn.mech_driver.mech_driver.OVNMechanismDriver._create_security_group_precommit-865675'] for security_group (15f9dc5e-be7a-462d-908a-f064741430ae), precommit_create {{(pid=103327) _notify_loop /opt/stack/data/venv/lib/python3.12/site-packages/neutron_lib/callbacks/manager.py:184}}
Mar 11 17:15:29.776495 np0000158417 devstack@neutron-api.service[103327]: DEBUG neutron.db.ovn_revision_numbers_db [None req-da278663-989c-4e78-b0b5-eb74f3961908 admin admin] create_initial_revision uuid=15f9dc5e-be7a-462d-908a-f064741430ae, type=security_groups, rev=-1 {{(pid=103327) create_initial_revision /opt/stack/neutron/neutron/db/ovn_revision_numbers_db.py:98}}
Mar 11 17:15:29.778758 np0000158417 devstack@neutron-api.service[103327]: DEBUG neutron.db.ovn_revision_numbers_db [None req-da278663-989c-4e78-b0b5-eb74f3961908 admin admin] create_initial_revision uuid=1ec25a1a-62b8-4627-85ec-5a73e3c503da, type=security_group_rules, rev=-1 {{(pid=103327) create_initial_revision /opt/stack/neutron/neutron/db/ovn_revision_numbers_db.py:98}}
Mar 11 17:15:29.779841 np0000158417 devstack@neutron-api.service[103327]: DEBUG neutron.db.ovn_revision_numbers_db [None req-da278663-989c-4e78-b0b5-eb74f3961908 admin admin] create_initial_revision uuid=e5e4bbba-e44e-4363-a3e6-f450c458e895, type=security_group_rules, rev=-1 {{(pid=103327) create_initial_revision /opt/stack/neutron/neutron/db/ovn_revision_numbers_db.py:98}}
Mar 11 17:15:29.780910 np0000158417 devstack@neutron-api.service[103327]: DEBUG neutron.db.ovn_revision_numbers_db [None req-da278663-989c-4e78-b0b5-eb74f3961908 admin admin] create_initial_revision uuid=ed046264-fb36-47e4-b232-1ec8a96ffe23, type=security_group_rules, rev=-1 {{(pid=103327) create_initial_revision /opt/stack/neutron/neutron/db/ovn_revision_numbers_db.py:98}}
Mar 11 17:15:29.781873 np0000158417 devstack@neutron-api.service[103327]: DEBUG neutron.db.ovn_revision_numbers_db [None req-da278663-989c-4e78-b0b5-eb74f3961908 admin admin] create_initial_revision uuid=fbbf5b5c-c97d-47d2-b393-e4cae881c056, type=security_group_rules, rev=-1 {{(pid=103327) create_initial_revision /opt/stack/neutron/neutron/db/ovn_revision_numbers_db.py:98}}
Mar 11 17:15:29.792118 np0000158417 devstack@neutron-api.service[103327]: DEBUG neutron_lib.callbacks.manager [None req-da278663-989c-4e78-b0b5-eb74f3961908 admin admin] Publish callbacks ['neutron.plugins.ml2.drivers.ovn.mech_driver.mech_driver.OVNMechanismDriver._create_security_group-865669', 'neutron.plugins.ml2.ovo_rpc._ObjectChangeHandler.handle_event-3563472'] for security_group (15f9dc5e-be7a-462d-908a-f064741430ae), after_create {{(pid=103327) _notify_loop /opt/stack/data/venv/lib/python3.12/site-packages/neutron_lib/callbacks/manager.py:184}}
Mar 11 17:15:29.792348 np0000158417 devstack@neutron-api.service[103327]: INFO neutron.plugins.ml2.drivers.ovn.mech_driver.ovsdb.extensions.qos [None req-da278663-989c-4e78-b0b5-eb74f3961908 admin admin] Starting OVNClientQosExtension
Mar 11 17:15:29.792610 np0000158417 devstack@neutron-api.service[103327]: INFO neutron.plugins.ml2.drivers.ovn.mech_driver.ovsdb.extensions.placement [None req-da278663-989c-4e78-b0b5-eb74f3961908 admin admin] Starting OVNClientPlacementExtension
Mar 11 17:15:29.794103 np0000158417 devstack@neutron-api.service[103327]: DEBUG ovsdbapp.backend.ovs_idl.transaction [-] Running txn n=1 command(idx=0): PgAddCommand(_result=None, name=pg_15f9dc5e_be7a_462d_908a_f064741430ae, may_exist=False, columns={'acls': [], 'external_ids': {'neutron:security_group_id': '15f9dc5e-be7a-462d-908a-f064741430ae'}}) {{(pid=103327) do_commit /opt/stack/data/venv/lib/python3.12/site-packages/ovsdbapp/backend/ovs_idl/transaction.py:89}}
Mar 11 17:15:29.796285 np0000158417 devstack@neutron-api.service[103327]: DEBUG ovsdbapp.backend.ovs_idl.transaction [-] Running txn n=1 command(idx=1): PgAclAddCommand(_result=None, entity=pg_15f9dc5e_be7a_462d_908a_f064741430ae, direction=from-lport, priority=1002, match=inport == @pg_15f9dc5e_be7a_462d_908a_f064741430ae && ip6, action=allow-related, log=False, may_exist=True, severity=[], name=[], meter=[], external_ids={'neutron:security_group_rule_id': '1ec25a1a-62b8-4627-85ec-5a73e3c503da'}) {{(pid=103327) do_commit /opt/stack/data/venv/lib/python3.12/site-packages/ovsdbapp/backend/ovs_idl/transaction.py:89}}
Mar 11 17:15:29.796959 np0000158417 devstack@neutron-api.service[103327]: DEBUG ovsdbapp.backend.ovs_idl.transaction [-] Running txn n=1 command(idx=2): PgAclAddCommand(_result=None, entity=pg_15f9dc5e_be7a_462d_908a_f064741430ae, direction=to-lport, priority=1002, match=outport == @pg_15f9dc5e_be7a_462d_908a_f064741430ae && ip6 && ip6.src == $pg_15f9dc5e_be7a_462d_908a_f064741430ae_ip6, action=allow-related, log=False, may_exist=True, severity=[], name=[], meter=[], external_ids={'neutron:security_group_rule_id': 'e5e4bbba-e44e-4363-a3e6-f450c458e895'}) {{(pid=103327) do_commit /opt/stack/data/venv/lib/python3.12/site-packages/ovsdbapp/backend/ovs_idl/transaction.py:89}}
Mar 11 17:15:29.797464 np0000158417 devstack@neutron-api.service[103327]: DEBUG ovsdbapp.backend.ovs_idl.transaction [-] Running txn n=1 command(idx=3): PgAclAddCommand(_result=None, entity=pg_15f9dc5e_be7a_462d_908a_f064741430ae, direction=from-lport, priority=1002, match=inport == @pg_15f9dc5e_be7a_462d_908a_f064741430ae && ip4, action=allow-related, log=False, may_exist=True, severity=[], name=[], meter=[], external_ids={'neutron:security_group_rule_id': 'ed046264-fb36-47e4-b232-1ec8a96ffe23'}) {{(pid=103327) do_commit /opt/stack/data/venv/lib/python3.12/site-packages/ovsdbapp/backend/ovs_idl/transaction.py:89}}
Mar 11 17:15:29.797926 np0000158417 devstack@neutron-api.service[103327]: DEBUG ovsdbapp.backend.ovs_idl.transaction [-] Running txn n=1 command(idx=4): PgAclAddCommand(_result=None, entity=pg_15f9dc5e_be7a_462d_908a_f064741430ae, direction=to-lport, priority=1002, match=outport == @pg_15f9dc5e_be7a_462d_908a_f064741430ae && ip4 && ip4.src == $pg_15f9dc5e_be7a_462d_908a_f064741430ae_ip4, action=allow-related, log=False, may_exist=True, severity=[], name=[], meter=[], external_ids={'neutron:security_group_rule_id': 'fbbf5b5c-c97d-47d2-b393-e4cae881c056'}) {{(pid=103327) do_commit /opt/stack/data/venv/lib/python3.12/site-packages/ovsdbapp/backend/ovs_idl/transaction.py:89}}
Mar 11 17:15:29.805363 np0000158417 devstack@neutron-api.service[103327]: DEBUG neutron.plugins.ml2.drivers.ovn.mech_driver.ovsdb.ovsdb_monitor [-] Hash Ring: Node 582042cad94b582ab30736aabf2025c2 (host: np0000158417) handling event "create" for row 920e0437-5114-4c31-aa16-8f49941c9c4e (table: ACL) {{(pid=103327) notify /opt/stack/neutron/neutron/plugins/ml2/drivers/ovn/mech_driver/ovsdb/ovsdb_monitor.py:906}}
Mar 11 17:15:29.806529 np0000158417 devstack@neutron-api.service[103326]: DEBUG neutron.plugins.ml2.drivers.ovn.mech_driver.ovsdb.ovsdb_monitor [-] Hash Ring: Node 11ec570345485953ba13dcb3f998f220 (host: np0000158417) handling event "create" for row 5f6ab768-2b94-41ec-acc7-d1139db7ab5d (table: ACL) {{(pid=103326) notify /opt/stack/neutron/neutron/plugins/ml2/drivers/ovn/mech_driver/ovsdb/ovsdb_monitor.py:906}}
Mar 11 17:15:29.806529 np0000158417 devstack@neutron-api.service[103326]: DEBUG neutron.plugins.ml2.drivers.ovn.mech_driver.ovsdb.ovsdb_monitor [-] Hash Ring: Node 11ec570345485953ba13dcb3f998f220 (host: np0000158417) handling event "create" for row 920e0437-5114-4c31-aa16-8f49941c9c4e (table: ACL) {{(pid=103326) notify /opt/stack/neutron/neutron/plugins/ml2/drivers/ovn/mech_driver/ovsdb/ovsdb_monitor.py:906}}
Mar 11 17:15:29.807729 np0000158417 devstack@neutron-api.service[103326]: DEBUG neutron.plugins.ml2.drivers.ovn.mech_driver.ovsdb.ovsdb_monitor [-] Hash Ring: Node 11ec570345485953ba13dcb3f998f220 (host: np0000158417) handling event "create" for row 976baec6-6386-4663-a0a1-43b4ae68cfdd (table: ACL) {{(pid=103326) notify /opt/stack/neutron/neutron/plugins/ml2/drivers/ovn/mech_driver/ovsdb/ovsdb_monitor.py:906}}
Mar 11 17:15:29.807729 np0000158417 devstack@neutron-api.service[103326]: DEBUG neutron.plugins.ml2.drivers.ovn.mech_driver.ovsdb.ovsdb_monitor [-] Hash Ring: Node 11ec570345485953ba13dcb3f998f220 (host: np0000158417) handling event "create" for row cc44d2de-7c05-4b30-9668-4d9db5450d67 (table: ACL) {{(pid=103326) notify /opt/stack/neutron/neutron/plugins/ml2/drivers/ovn/mech_driver/ovsdb/ovsdb_monitor.py:906}}
Mar 11 17:15:29.807729 np0000158417 devstack@neutron-api.service[103326]: DEBUG neutron.plugins.ml2.drivers.ovn.mech_driver.ovsdb.ovsdb_monitor [-] Hash Ring: Node 11ec570345485953ba13dcb3f998f220 (host: np0000158417) handling event "create" for row a4827141-3d18-4b54-8f4a-fc027caa552e (table: Port_Group) {{(pid=103326) notify /opt/stack/neutron/neutron/plugins/ml2/drivers/ovn/mech_driver/ovsdb/ovsdb_monitor.py:906}}
Mar 11 17:15:29.808039 np0000158417 devstack@neutron-api.service[103328]: DEBUG neutron.plugins.ml2.drivers.ovn.mech_driver.ovsdb.ovsdb_monitor [-] Hash Ring: Node 1d37a164c8a853848dc8343d842cee28 (host: np0000158417) handling event "create" for row 976baec6-6386-4663-a0a1-43b4ae68cfdd (table: ACL) {{(pid=103328) notify /opt/stack/neutron/neutron/plugins/ml2/drivers/ovn/mech_driver/ovsdb/ovsdb_monitor.py:906}}
Mar 11 17:15:29.808546 np0000158417 devstack@neutron-api.service[103328]: DEBUG neutron.plugins.ml2.drivers.ovn.mech_driver.ovsdb.ovsdb_monitor [-] Hash Ring: Node 1d37a164c8a853848dc8343d842cee28 (host: np0000158417) handling event "create" for row cc44d2de-7c05-4b30-9668-4d9db5450d67 (table: ACL) {{(pid=103328) notify /opt/stack/neutron/neutron/plugins/ml2/drivers/ovn/mech_driver/ovsdb/ovsdb_monitor.py:906}}
Mar 11 17:15:29.808546 np0000158417 devstack@neutron-api.service[103328]: DEBUG neutron.plugins.ml2.drivers.ovn.mech_driver.ovsdb.ovsdb_monitor [-] Hash Ring: Node 1d37a164c8a853848dc8343d842cee28 (host: np0000158417) handling event "create" for row a4827141-3d18-4b54-8f4a-fc027caa552e (table: Port_Group) {{(pid=103328) notify /opt/stack/neutron/neutron/plugins/ml2/drivers/ovn/mech_driver/ovsdb/ovsdb_monitor.py:906}}
Mar 11 17:15:29.851028 np0000158417 devstack@neutron-api.service[103327]: INFO neutron.db.ovn_revision_numbers_db [None req-da278663-989c-4e78-b0b5-eb74f3961908 admin admin] Successfully bumped revision number for resource 15f9dc5e-be7a-462d-908a-f064741430ae (type: security_groups) to 1
Mar 11 17:15:29.883112 np0000158417 devstack@neutron-api.service[103327]: INFO neutron.db.ovn_revision_numbers_db [None req-da278663-989c-4e78-b0b5-eb74f3961908 admin admin] Successfully bumped revision number for resource 1ec25a1a-62b8-4627-85ec-5a73e3c503da (type: security_group_rules) to 0
Mar 11 17:15:29.902350 np0000158417 devstack@neutron-api.service[103327]: INFO neutron.db.ovn_revision_numbers_db [None req-da278663-989c-4e78-b0b5-eb74f3961908 admin admin] Successfully bumped revision number for resource e5e4bbba-e44e-4363-a3e6-f450c458e895 (type: security_group_rules) to 0
Mar 11 17:15:29.917590 np0000158417 devstack@neutron-api.service[103327]: INFO neutron.db.ovn_revision_numbers_db [None req-da278663-989c-4e78-b0b5-eb74f3961908 admin admin] Successfully bumped revision number for resource ed046264-fb36-47e4-b232-1ec8a96ffe23 (type: security_group_rules) to 0
Mar 11 17:15:29.932768 np0000158417 devstack@neutron-api.service[103327]: INFO neutron.db.ovn_revision_numbers_db [None req-da278663-989c-4e78-b0b5-eb74f3961908 admin admin] Successfully bumped revision number for resource fbbf5b5c-c97d-47d2-b393-e4cae881c056 (type: security_group_rules) to 0
Mar 11 17:15:29.956639 np0000158417 devstack@neutron-api.service[103327]: DEBUG neutron.api.rpc.handlers.resources_rpc [None req-da278663-989c-4e78-b0b5-eb74f3961908 admin admin] Pushing event updated for resources: {'SecurityGroup': ['ID=15f9dc5e-be7a-462d-908a-f064741430ae,revision_number=1']} {{(pid=103327) push /opt/stack/neutron/neutron/api/rpc/handlers/resources_rpc.py:237}}
Mar 11 17:15:29.965517 np0000158417 devstack@neutron-api.service[103327]: DEBUG ovsdbapp.backend.ovs_idl.transaction [-] Running txn n=1 command(idx=0): CheckLivenessCommand(_result=None) {{(pid=103327) do_commit /opt/stack/data/venv/lib/python3.12/site-packages/ovsdbapp/backend/ovs_idl/transaction.py:89}}
Mar 11 17:15:29.969033 np0000158417 devstack@neutron-api.service[103326]: DEBUG neutron.plugins.ml2.drivers.ovn.mech_driver.ovsdb.ovsdb_monitor [-] Hash Ring: Node 11ec570345485953ba13dcb3f998f220 (host: np0000158417) handling event "update" for row 3ef01ebd-a71d-444b-a1ec-7f07a269829e (table: NB_Global) {{(pid=103326) notify /opt/stack/neutron/neutron/plugins/ml2/drivers/ovn/mech_driver/ovsdb/ovsdb_monitor.py:906}}
Mar 11 17:15:29.970637 np0000158417 devstack@neutron-api.service[103326]: DEBUG neutron.plugins.ml2.drivers.ovn.mech_driver.ovsdb.ovsdb_monitor [-] Hash Ring: Node 11ec570345485953ba13dcb3f998f220 (host: np0000158417) handling event "update" for row 3ef01ebd-a71d-444b-a1ec-7f07a269829e (table: NB_Global) {{(pid=103326) notify /opt/stack/neutron/neutron/plugins/ml2/drivers/ovn/mech_driver/ovsdb/ovsdb_monitor.py:906}}
Mar 11 17:15:29.971369 np0000158417 devstack@neutron-api.service[103327]: DEBUG neutron.api.rpc.callbacks.version_manager [None req-da278663-989c-4e78-b0b5-eb74f3961908 admin admin] Tracked resource versions report:
Mar 11 17:15:29.971369 np0000158417 devstack@neutron-api.service[103327]: pushed versions:
Mar 11 17:15:29.971369 np0000158417 devstack@neutron-api.service[103327]: { 'AddressGroup': {'1.2'},
Mar 11 17:15:29.971369 np0000158417 devstack@neutron-api.service[103327]: 'Agent': {'1.1'},
Mar 11 17:15:29.971369 np0000158417 devstack@neutron-api.service[103327]: 'ConntrackHelper': {'1.0'},
Mar 11 17:15:29.971369 np0000158417 devstack@neutron-api.service[103327]: 'LocalIPAssociation': {'1.0'},
Mar 11 17:15:29.971369 np0000158417 devstack@neutron-api.service[103327]: 'Log': {'1.0'},
Mar 11 17:15:29.971369 np0000158417 devstack@neutron-api.service[103327]: 'NDPProxy': {'1.0'},
Mar 11 17:15:29.971369 np0000158417 devstack@neutron-api.service[103327]: 'Network': {'1.2'},
Mar 11 17:15:29.971369 np0000158417 devstack@neutron-api.service[103327]: 'Port': {'1.10'},
Mar 11 17:15:29.971369 np0000158417 devstack@neutron-api.service[103327]: 'PortForwarding': {'1.3'},
Mar 11 17:15:29.971369 np0000158417 devstack@neutron-api.service[103327]: 'QosPolicy': {'1.10'},
Mar 11 17:15:29.971369 np0000158417 devstack@neutron-api.service[103327]: 'SecurityGroup': {'1.6'},
Mar 11 17:15:29.971369 np0000158417 devstack@neutron-api.service[103327]: 'SecurityGroupRule': {'1.3'},
Mar 11 17:15:29.971369 np0000158417 devstack@neutron-api.service[103327]: 'SubPort': {'1.0'},
Mar 11 17:15:29.971369 np0000158417 devstack@neutron-api.service[103327]: 'Subnet': {'1.2'},
Mar 11 17:15:29.971369 np0000158417 devstack@neutron-api.service[103327]: 'Trunk': {'1.1'}}
Mar 11 17:15:29.971369 np0000158417 devstack@neutron-api.service[103327]: consumer versions:
Mar 11 17:15:29.971369 np0000158417 devstack@neutron-api.service[103327]: {}
Mar 11 17:15:29.971369 np0000158417 devstack@neutron-api.service[103327]: {{(pid=103327) report /opt/stack/neutron/neutron/api/rpc/callbacks/version_manager.py:183}}
Mar 11 17:15:29.973271 np0000158417 devstack@neutron-api.service[103326]: DEBUG neutron.plugins.ml2.drivers.ovn.mech_driver.ovsdb.ovsdb_monitor [-] Hash Ring: Node 11ec570345485953ba13dcb3f998f220 (host: np0000158417) handling event "update" for row 3ef01ebd-a71d-444b-a1ec-7f07a269829e (table: NB_Global) {{(pid=103326) notify /opt/stack/neutron/neutron/plugins/ml2/drivers/ovn/mech_driver/ovsdb/ovsdb_monitor.py:906}}
Mar 11 17:15:29.974387 np0000158417 devstack@neutron-api.service[103326]: DEBUG neutron.plugins.ml2.drivers.ovn.mech_driver.ovsdb.ovsdb_monitor [-] ChassisAgentWriteEvent : Matched Chassis_Private, update, None None {{(pid=103326) matches /opt/stack/neutron/neutron/plugins/ml2/drivers/ovn/mech_driver/ovsdb/ovsdb_monitor.py:64}}
Mar 11 17:15:29.975446 np0000158417 devstack@neutron-api.service[103325]: DEBUG neutron.plugins.ml2.drivers.ovn.mech_driver.ovsdb.ovsdb_monitor [-] ChassisAgentWriteEvent : Matched Chassis_Private, update, None None {{(pid=103325) matches /opt/stack/neutron/neutron/plugins/ml2/drivers/ovn/mech_driver/ovsdb/ovsdb_monitor.py:64}}
Mar 11 17:15:29.976160 np0000158417 devstack@neutron-api.service[103325]: DEBUG neutron.plugins.ml2.drivers.ovn.mech_driver.ovsdb.ovsdb_monitor [-] Hash Ring: Node d1370ed6b565561b8a55ee6ae7bb31e6 (host: np0000158417) handling event "update" for row 60fb41e5-d156-4a8e-bf6e-d70a50c01e44 (table: Chassis_Private) {{(pid=103325) notify /opt/stack/neutron/neutron/plugins/ml2/drivers/ovn/mech_driver/ovsdb/ovsdb_monitor.py:906}}
Mar 11 17:15:29.976258 np0000158417 devstack@neutron-api.service[103328]: DEBUG neutron.plugins.ml2.drivers.ovn.mech_driver.ovsdb.ovsdb_monitor [-] ChassisAgentWriteEvent : Matched Chassis_Private, update, None None {{(pid=103328) matches /opt/stack/neutron/neutron/plugins/ml2/drivers/ovn/mech_driver/ovsdb/ovsdb_monitor.py:64}}
Mar 11 17:15:29.978204 np0000158417 devstack@neutron-api.service[103327]: DEBUG neutron.plugins.ml2.drivers.ovn.mech_driver.ovsdb.ovsdb_monitor [-] ChassisAgentWriteEvent : Matched Chassis_Private, update, None None {{(pid=103327) matches /opt/stack/neutron/neutron/plugins/ml2/drivers/ovn/mech_driver/ovsdb/ovsdb_monitor.py:64}}
Mar 11 17:15:29.978396 np0000158417 devstack@neutron-api.service[103326]: DEBUG neutron.plugins.ml2.drivers.ovn.mech_driver.ovsdb.ovsdb_monitor [-] Hash Ring: Node 11ec570345485953ba13dcb3f998f220 (host: np0000158417) handling event "update" for row 3ef01ebd-a71d-444b-a1ec-7f07a269829e (table: NB_Global) {{(pid=103326) notify /opt/stack/neutron/neutron/plugins/ml2/drivers/ovn/mech_driver/ovsdb/ovsdb_monitor.py:906}}
Mar 11 17:15:29.979171 np0000158417 devstack@neutron-api.service[103325]: DEBUG neutron.plugins.ml2.drivers.ovn.mech_driver.ovsdb.ovsdb_monitor [-] ChassisOVNAgentWriteEvent : Matched Chassis_Private, update, None None {{(pid=103325) matches /opt/stack/neutron/neutron/plugins/ml2/drivers/ovn/mech_driver/ovsdb/ovsdb_monitor.py:64}}
Mar 11 17:15:29.979523 np0000158417 devstack@neutron-api.service[103325]: DEBUG neutron.plugins.ml2.drivers.ovn.mech_driver.ovsdb.ovsdb_monitor [-] Hash Ring: Node d1370ed6b565561b8a55ee6ae7bb31e6 (host: np0000158417) handling event "update" for row 60fb41e5-d156-4a8e-bf6e-d70a50c01e44 (table: Chassis_Private) {{(pid=103325) notify /opt/stack/neutron/neutron/plugins/ml2/drivers/ovn/mech_driver/ovsdb/ovsdb_monitor.py:906}}
Mar 11 17:15:29.979778 np0000158417 devstack@neutron-api.service[103326]: DEBUG neutron.common.ovn.hash_ring_manager [-] Allow caching, nodes 4>=4 {{(pid=103326) _wait_startup_before_caching /opt/stack/neutron/neutron/common/ovn/hash_ring_manager.py:65}}
Mar 11 17:15:29.979778 np0000158417 devstack@neutron-api.service[103326]: DEBUG neutron.plugins.ml2.drivers.ovn.mech_driver.ovsdb.ovsdb_monitor [-] Hash Ring: Node 11ec570345485953ba13dcb3f998f220 (host: np0000158417) handling event "update" for row 60fb41e5-d156-4a8e-bf6e-d70a50c01e44 (table: Chassis_Private) {{(pid=103326) notify /opt/stack/neutron/neutron/plugins/ml2/drivers/ovn/mech_driver/ovsdb/ovsdb_monitor.py:906}}
Mar 11 17:15:29.980573 np0000158417 devstack@neutron-api.service[103326]: DEBUG neutron.plugins.ml2.drivers.ovn.mech_driver.ovsdb.ovsdb_monitor [-] ChassisOVNAgentWriteEvent : Matched Chassis_Private, update, None None {{(pid=103326) matches /opt/stack/neutron/neutron/plugins/ml2/drivers/ovn/mech_driver/ovsdb/ovsdb_monitor.py:64}}
Mar 11 17:15:29.980805 np0000158417 devstack@neutron-api.service[103326]: DEBUG neutron.plugins.ml2.drivers.ovn.mech_driver.ovsdb.ovsdb_monitor [-] Hash Ring: Node 11ec570345485953ba13dcb3f998f220 (host: np0000158417) handling event "update" for row 60fb41e5-d156-4a8e-bf6e-d70a50c01e44 (table: Chassis_Private) {{(pid=103326) notify /opt/stack/neutron/neutron/plugins/ml2/drivers/ovn/mech_driver/ovsdb/ovsdb_monitor.py:906}}
Mar 11 17:15:29.981359 np0000158417 devstack@neutron-api.service[103328]: DEBUG neutron.plugins.ml2.drivers.ovn.mech_driver.ovsdb.ovsdb_monitor [-] ChassisOVNAgentWriteEvent : Matched Chassis_Private, update, None None {{(pid=103328) matches /opt/stack/neutron/neutron/plugins/ml2/drivers/ovn/mech_driver/ovsdb/ovsdb_monitor.py:64}}
Mar 11 17:15:29.981746 np0000158417 devstack@neutron-api.service[103327]: DEBUG neutron.plugins.ml2.drivers.ovn.mech_driver.ovsdb.ovsdb_monitor [-] ChassisOVNAgentWriteEvent : Matched Chassis_Private, update, None None {{(pid=103327) matches /opt/stack/neutron/neutron/plugins/ml2/drivers/ovn/mech_driver/ovsdb/ovsdb_monitor.py:64}}
Mar 11 17:15:30.043616 np0000158417 devstack@neutron-api.service[103327]: DEBUG neutron.plugins.ml2.drivers.helpers [None req-da278663-989c-4e78-b0b5-eb74f3961908 admin admin] geneve segment allocate from pool success with {'geneve_vni': 38151} {{(pid=103327) allocate_partially_specified_segment /opt/stack/neutron/neutron/plugins/ml2/drivers/helpers.py:142}}
Mar 11 17:15:30.056716 np0000158417 devstack@neutron-api.service[103327]: DEBUG neutron_lib.callbacks.manager [None req-da278663-989c-4e78-b0b5-eb74f3961908 admin admin] Publish callbacks ['neutron.services.segments.db._add_segment_host_mapping_for_segment-8522178612548', 'neutron.plugins.ml2.plugin.Ml2Plugin._handle_segment_change-73972'] for segment (614a099c-0318-49d1-9f73-c371eec0fd7a), precommit_create {{(pid=103327) _notify_loop /opt/stack/data/venv/lib/python3.12/site-packages/neutron_lib/callbacks/manager.py:184}}
Mar 11 17:15:30.056915 np0000158417 devstack@neutron-api.service[103327]: INFO neutron.db.segments_db [None req-da278663-989c-4e78-b0b5-eb74f3961908 admin admin] Added segment 614a099c-0318-49d1-9f73-c371eec0fd7a of type geneve for network 65c004be-7d62-431d-93d8-840b6adabc7c
Mar 11 17:15:30.103941 np0000158417 devstack@neutron-api.service[103327]: DEBUG neutron_lib.callbacks.manager [None req-da278663-989c-4e78-b0b5-eb74f3961908 admin admin] Publish callbacks ['neutron.services.auto_allocate.db._ensure_external_network_default_value_callback-8522177409338'] for network (65c004be-7d62-431d-93d8-840b6adabc7c), precommit_create {{(pid=103327) _notify_loop /opt/stack/data/venv/lib/python3.12/site-packages/neutron_lib/callbacks/manager.py:184}}
Mar 11 17:15:30.118379 np0000158417 devstack@neutron-api.service[103327]: DEBUG neutron.plugins.ml2.drivers.ovn.mech_driver.mech_driver [None req-da278663-989c-4e78-b0b5-eb74f3961908 admin admin] Validating network segment with type geneve, segmentation ID 38151, physical network None {{(pid=103327) _validate_network_segments /opt/stack/neutron/neutron/plugins/ml2/drivers/ovn/mech_driver/mech_driver.py:630}}
Mar 11 17:15:30.118527 np0000158417 devstack@neutron-api.service[103327]: DEBUG neutron.db.ovn_revision_numbers_db [None req-da278663-989c-4e78-b0b5-eb74f3961908 admin admin] create_initial_revision uuid=65c004be-7d62-431d-93d8-840b6adabc7c, type=networks, rev=-1 {{(pid=103327) create_initial_revision /opt/stack/neutron/neutron/db/ovn_revision_numbers_db.py:98}}
Mar 11 17:15:30.138367 np0000158417 devstack@neutron-api.service[103327]: DEBUG neutron_lib.callbacks.manager [None req-da278663-989c-4e78-b0b5-eb74f3961908 admin admin] Publish callbacks ['neutron.plugins.ml2.ovo_rpc._ObjectChangeHandler.handle_event-3563333'] for network (65c004be-7d62-431d-93d8-840b6adabc7c), after_create {{(pid=103327) _notify_loop /opt/stack/data/venv/lib/python3.12/site-packages/neutron_lib/callbacks/manager.py:184}}
Mar 11 17:15:30.193346 np0000158417 devstack@neutron-api.service[103327]: DEBUG neutron.api.rpc.handlers.resources_rpc [None req-da278663-989c-4e78-b0b5-eb74f3961908 admin admin] Pushing event updated for resources: {'Network': ['ID=65c004be-7d62-431d-93d8-840b6adabc7c,revision_number=1']} {{(pid=103327) push /opt/stack/neutron/neutron/api/rpc/handlers/resources_rpc.py:237}}
