2026-08-28 05:21:48.520 10 INFO neutron.db.ovn_revision_numbers_db [None req-4a36cd61-0218-4b8f-8cf9-3eb046a9cd02 33135f67f1bd4addb9e4c717e0b9cca2 554ac6df97b24ea2b7b467fe9e6819a7 - - default default] Successfully bumped revision number for resource 49134b48-cf45-48c8-a57b-59cf32d8d353 (type: security_group_rules) to 0
2026-08-28 05:21:48.527 9 INFO neutron.db.segments_db [None req-a2e6f1e4-4084-4ff9-a250-8ed902644c4d 5fe37454671746619876a40b069b482f 8cf120de285043728fa775a1087b538c - - default default] Added segment 45f5d071-a6c2-486d-80b4-6c79efd7e576 of type geneve for network 4debfb07-1087-4761-8348-7cf32502c645
2026-08-28 05:21:48.535 10 INFO neutron.wsgi [req-8e2a2056-de67-429a-964f-1d49c6d58f14 req-0f8798ab-ec04-40d4-81ac-2930e3840448 a45cfbf5301f4b66b2d2979c1357e31a 772c60c6023a4860b2a78696266f39d4 - - 8cefee79c7304dcf9c6f274a61c7b886 8cefee79c7304dcf9c6f274a61c7b886] 10.0.0.225 "GET /v2.0/networks/8b818973-eaa3-4332-a04c-b47878d68b9a?fields=segments HTTP/1.1" status: 200 len: 212 time: 0.0559092
2026-08-28 05:21:48.550 10 INFO neutron.db.ovn_revision_numbers_db [None req-4a36cd61-0218-4b8f-8cf9-3eb046a9cd02 33135f67f1bd4addb9e4c717e0b9cca2 554ac6df97b24ea2b7b467fe9e6819a7 - - default default] Successfully bumped revision number for resource 585416de-8ec8-46b6-803b-739ad8b3feac (type: security_group_rules) to 0
2026-08-28 05:21:48.593 10 INFO neutron.db.ovn_revision_numbers_db [None req-4a36cd61-0218-4b8f-8cf9-3eb046a9cd02 33135f67f1bd4addb9e4c717e0b9cca2 554ac6df97b24ea2b7b467fe9e6819a7 - - default default] Successfully bumped revision number for resource a18ad517-bd1b-4542-9509-de6b6cdf9fd5 (type: security_group_rules) to 0
2026-08-28 05:21:48.624 10 INFO neutron.db.ovn_revision_numbers_db [None req-4a36cd61-0218-4b8f-8cf9-3eb046a9cd02 33135f67f1bd4addb9e4c717e0b9cca2 554ac6df97b24ea2b7b467fe9e6819a7 - - default default] Successfully bumped revision number for resource c83904be-3c16-4051-a7c8-4f346eaf2d8e (type: security_group_rules) to 0
2026-08-28 05:21:48.652 10 INFO neutron.wsgi [req-8e2a2056-de67-429a-964f-1d49c6d58f14 req-04de9abe-acaf-408c-912f-df8d98b6706c a45cfbf5301f4b66b2d2979c1357e31a 772c60c6023a4860b2a78696266f39d4 - - 8cefee79c7304dcf9c6f274a61c7b886 8cefee79c7304dcf9c6f274a61c7b886] 10.0.0.225 "GET /v2.0/networks/8b818973-eaa3-4332-a04c-b47878d68b9a?fields=provider%3Aphysical_network&fields=provider%3Anetwork_type HTTP/1.1" status: 200 len: 277 time: 0.0976655
2026-08-28 05:21:48.656 10 INFO neutron.wsgi [None req-4a36cd61-0218-4b8f-8cf9-3eb046a9cd02 33135f67f1bd4addb9e4c717e0b9cca2 554ac6df97b24ea2b7b467fe9e6819a7 - - default default] 10.0.0.74 "GET /v2.0/security-groups?tenant_id=879c96134a02424f8df6b851a9ec761a&name=default HTTP/1.1" status: 200 len: 2996 time: 0.2994423
2026-08-28 05:21:48.715 9 INFO neutron.db.ovn_revision_numbers_db [None req-a2e6f1e4-4084-4ff9-a250-8ed902644c4d 5fe37454671746619876a40b069b482f 8cf120de285043728fa775a1087b538c - - default default] Successfully bumped revision number for resource 4debfb07-1087-4761-8348-7cf32502c645 (type: networks) to 1
2026-08-28 05:21:48.740 15 INFO neutron.plugins.ml2.drivers.ovn.mech_driver.ovsdb.maintenance [None req-b5cf6f93-e3dc-4cbe-a211-76cf35bfc031 - - - - - -] Maintenance task: Synchronization finished (took 2.39 seconds)
2026-08-28 05:21:48.887 9 WARNING neutron.scheduler.dhcp_agent_scheduler [None req-a2e6f1e4-4084-4ff9-a250-8ed902644c4d 5fe37454671746619876a40b069b482f 8cf120de285043728fa775a1087b538c - - default default] No more DHCP agents
2026-08-28 05:21:48.888 9 WARNING neutron.api.rpc.agentnotifiers.dhcp_rpc_agent_api [None req-a2e6f1e4-4084-4ff9-a250-8ed902644c4d 5fe37454671746619876a40b069b482f 8cf120de285043728fa775a1087b538c - - default default] Unable to schedule network 4debfb07-1087-4761-8348-7cf32502c645: no agents available; will retry on subsequent port and subnet creation events.
2026-08-28 05:21:48.900 10 INFO neutron.wsgi [None req-4df6dbe1-ea63-49ee-a38a-dcd8d5075ba7 33135f67f1bd4addb9e4c717e0b9cca2 554ac6df97b24ea2b7b467fe9e6819a7 - - default default] 10.0.0.74 "DELETE /v2.0/security-groups/1f3859b6-7091-4eec-b0c7-8dff6b077c7b HTTP/1.1" status: 204 len: 168 time: 0.2373035
2026-08-28 05:21:49.008 9 INFO neutron.db.ovn_revision_numbers_db [None req-a2e6f1e4-4084-4ff9-a250-8ed902644c4d 5fe37454671746619876a40b069b482f 8cf120de285043728fa775a1087b538c - - default default] Successfully bumped revision number for resource 03a122c0-ef4c-4b5b-ae68-83d7a30da3d6 (type: ports) to 1
2026-08-28 05:21:49.027 9 INFO neutron.wsgi [None req-a2e6f1e4-4084-4ff9-a250-8ed902644c4d 5fe37454671746619876a40b069b482f 8cf120de285043728fa775a1087b538c - - default default] 10.0.0.74 "POST /v2.0/networks HTTP/1.1" status: 201 len: 831 time: 0.9099360
2026-08-28 05:21:49.088 9 INFO neutron.wsgi [req-03efe6c9-6480-4ba1-8074-62a28e4f7a48 req-cb863712-8e06-4cce-bf97-e363d7784192 33135f67f1bd4addb9e4c717e0b9cca2 554ac6df97b24ea2b7b467fe9e6819a7 - - default default] 10.0.0.225 "GET /v2.0/ports?device_id=c53f1e48-d237-4201-86d9-89863f21a4e2 HTTP/1.1" status: 200 len: 210 time: 0.0233188
2026-08-28 05:21:49.179 10 INFO neutron.wsgi [req-6bca05b7-7d70-49c1-95d3-9a841f25998f req-58f648e4-9e37-4502-93e4-ebf187e75be0 33135f67f1bd4addb9e4c717e0b9cca2 554ac6df97b24ea2b7b467fe9e6819a7 - - default default] 10.0.0.225 "GET /v2.0/ports?device_id=c53f1e48-d237-4201-86d9-89863f21a4e2 HTTP/1.1" status: 200 len: 210 time: 0.0357361
2026-08-28 05:21:49.231 10 INFO neutron.db.ovn_revision_numbers_db [None req-f9ce556b-a19d-4101-8633-c726b5788f44 33135f67f1bd4addb9e4c717e0b9cca2 554ac6df97b24ea2b7b467fe9e6819a7 - - default default] Successfully bumped revision number for resource 7b23d45d-994d-4b8a-aab1-a2e37f3af54b (type: security_groups) to 1
2026-08-28 05:21:49.251 10 INFO neutron.db.ovn_revision_numbers_db [None req-f9ce556b-a19d-4101-8633-c726b5788f44 33135f67f1bd4addb9e4c717e0b9cca2 554ac6df97b24ea2b7b467fe9e6819a7 - - default default] Successfully bumped revision number for resource 06206aca-d65a-45c1-829a-c9e305c76f60 (type: security_group_rules) to 0
2026-08-28 05:21:49.262 9 WARNING neutron.scheduler.dhcp_agent_scheduler [None req-49a23e8d-a3bb-45d6-b3bf-e7697ae0510d 5fe37454671746619876a40b069b482f 8cf120de285043728fa775a1087b538c - - default default] No more DHCP agents
2026-08-28 05:21:49.264 9 WARNING neutron.api.rpc.agentnotifiers.dhcp_rpc_agent_api [None req-49a23e8d-a3bb-45d6-b3bf-e7697ae0510d 5fe37454671746619876a40b069b482f 8cf120de285043728fa775a1087b538c - - default default] Unable to schedule network 4debfb07-1087-4761-8348-7cf32502c645: no agents available; will retry on subsequent port and subnet creation events.
2026-08-28 05:21:49.270 10 INFO neutron.db.ovn_revision_numbers_db [None req-f9ce556b-a19d-4101-8633-c726b5788f44 33135f67f1bd4addb9e4c717e0b9cca2 554ac6df97b24ea2b7b467fe9e6819a7 - - default default] Successfully bumped revision number for resource 2cbbcbe6-7b80-449b-9357-2e668a44a5b7 (type: security_group_rules) to 0
2026-08-28 05:21:49.293 10 INFO neutron.db.ovn_revision_numbers_db [None req-f9ce556b-a19d-4101-8633-c726b5788f44 33135f67f1bd4addb9e4c717e0b9cca2 554ac6df97b24ea2b7b467fe9e6819a7 - - default default] Successfully bumped revision number for resource 686fbb3e-6a03-4ea6-9d1d-872cd5a08321 (type: security_group_rules) to 0
2026-08-28 05:21:49.315 10 INFO neutron.db.ovn_revision_numbers_db [None req-f9ce556b-a19d-4101-8633-c726b5788f44 33135f67f1bd4addb9e4c717e0b9cca2 554ac6df97b24ea2b7b467fe9e6819a7 - - default default] Successfully bumped revision number for resource a3b6c34f-a41b-434f-a9e9-02759784acf6 (type: security_group_rules) to 0
2026-08-28 05:21:49.347 10 INFO neutron.wsgi [None req-f9ce556b-a19d-4101-8633-c726b5788f44 33135f67f1bd4addb9e4c717e0b9cca2 554ac6df97b24ea2b7b467fe9e6819a7 - - default default] 10.0.0.74 "GET /v2.0/security-groups?tenant_id=7d9243753d054b02afff0d1d7ecc3649&name=default HTTP/1.1" status: 200 len: 2996 time: 0.2695994
2026-08-28 05:21:49.596 10 INFO neutron.wsgi [None req-b9ac8728-919f-4478-b0b6-ee7d8ac1bacb 33135f67f1bd4addb9e4c717e0b9cca2 554ac6df97b24ea2b7b467fe9e6819a7 - - default default] 10.0.0.74 "DELETE /v2.0/security-groups/7b23d45d-994d-4b8a-aab1-a2e37f3af54b HTTP/1.1" status: 204 len: 168 time: 0.2442005
2026-08-28 05:21:49.655 9 INFO neutron.db.ovn_revision_numbers_db [None req-49a23e8d-a3bb-45d6-b3bf-e7697ae0510d 5fe37454671746619876a40b069b482f 8cf120de285043728fa775a1087b538c - - default default] Successfully bumped revision number for resource 03a122c0-ef4c-4b5b-ae68-83d7a30da3d6 (type: ports) to 2
2026-08-28 05:21:49.705 9 INFO neutron.db.ovn_revision_numbers_db [None req-49a23e8d-a3bb-45d6-b3bf-e7697ae0510d 5fe37454671746619876a40b069b482f 8cf120de285043728fa775a1087b538c - - default default] Successfully bumped revision number for resource 8d0039a7-41c0-4908-aa51-cebcdb56e731 (type: subnets) to 0
2026-08-28 05:21:49.728 9 INFO neutron.wsgi [None req-49a23e8d-a3bb-45d6-b3bf-e7697ae0510d 5fe37454671746619876a40b069b482f 8cf120de285043728fa775a1087b538c - - default default] 10.0.0.74 "POST /v2.0/subnets HTTP/1.1" status: 201 len: 801 time: 0.6958821
2026-08-28 05:21:49.840 9 INFO neutron.wsgi [None req-2296df98-017b-421d-9f6f-6b1f890c882e 5fe37454671746619876a40b069b482f 8cf120de285043728fa775a1087b538c - - default default] 10.0.0.74 "PUT /v2.0/subnets/8d0039a7-41c0-4908-aa51-cebcdb56e731/tags HTTP/1.1" status: 200 len: 218 time: 0.1061704
2026-08-28 05:21:49.900 9 INFO neutron.wsgi [None req-491df41c-6021-42f9-b884-7173cc3a01bd 5fe37454671746619876a40b069b482f 8cf120de285043728fa775a1087b538c - - default default] 10.0.0.74 "GET /v2.0/subnets/8d0039a7-41c0-4908-aa51-cebcdb56e731/tags HTTP/1.1" status: 200 len: 218 time: 0.0517938
2026-08-28 05:21:49.955 10 INFO neutron.wsgi [req-8e2a2056-de67-429a-964f-1d49c6d58f14 req-a975336e-a5b9-4103-8df2-05f0c8783a1d 33135f67f1bd4addb9e4c717e0b9cca2 554ac6df97b24ea2b7b467fe9e6819a7 - - default default] 162.253.55.38 "GET /v2.0/networks?id=8b818973-eaa3-4332-a04c-b47878d68b9a HTTP/1.1" status: 200 len: 937 time: 0.1089840
2026-08-28 05:21:49.965 9 INFO neutron.wsgi [None req-f483e38f-0bfd-4335-a0b6-e221392a5242 5fe37454671746619876a40b069b482f 8cf120de285043728fa775a1087b538c - - default default] 10.0.0.74 "PUT /v2.0/subnets/8d0039a7-41c0-4908-aa51-cebcdb56e731/tags/green HTTP/1.1" status: 201 len: 201 time: 0.0599258
2026-08-28 05:21:50.013 9 INFO neutron.wsgi [None req-c135e9d2-3c3d-4915-9819-4c73d21903ee 5fe37454671746619876a40b069b482f 8cf120de285043728fa775a1087b538c - - default default] 10.0.0.74 "GET /v2.0/subnets/8d0039a7-41c0-4908-aa51-cebcdb56e731/tags HTTP/1.1" status: 200 len: 227 time: 0.0429957
2026-08-28 05:21:50.024 10 INFO neutron.wsgi [req-8e2a2056-de67-429a-964f-1d49c6d58f14 req-11dbc353-a825-4335-86f6-413d025ab8eb 33135f67f1bd4addb9e4c717e0b9cca2 554ac6df97b24ea2b7b467fe9e6819a7 - - default default] 162.253.55.38 "GET /v2.0/security-groups?fields=id&fields=name&tenant_id=554ac6df97b24ea2b7b467fe9e6819a7 HTTP/1.1" status: 200 len: 542 time: 0.0632520
2026-08-28 05:21:50.053 9 INFO neutron.wsgi [None req-c8813af2-20e1-4742-9dac-1a271fe61e0c 5fe37454671746619876a40b069b482f 8cf120de285043728fa775a1087b538c - - default default] 10.0.0.74 "PUT /v2.0/subnets/8d0039a7-41c0-4908-aa51-cebcdb56e731/tags/red HTTP/1.1" status: 201 len: 201 time: 0.0355399
2026-08-28 05:21:50.097 9 INFO neutron.wsgi [None req-d4c99d7e-4513-45a5-83f9-c53d36a69baf 5fe37454671746619876a40b069b482f 8cf120de285043728fa775a1087b538c - - default default] 10.0.0.74 "GET /v2.0/subnets/8d0039a7-41c0-4908-aa51-cebcdb56e731/tags HTTP/1.1" status: 200 len: 227 time: 0.0337148
2026-08-28 05:21:50.187 10 INFO neutron.wsgi [None req-b38999e4-f749-4169-8c04-aec299f759c6 5fe37454671746619876a40b069b482f 8cf120de285043728fa775a1087b538c - - default default] 10.0.0.74 "PUT /v2.0/subnets/8d0039a7-41c0-4908-aa51-cebcdb56e731/tags/black.or.white HTTP/1.1" status: 201 len: 201 time: 0.0849738
2026-08-28 05:21:50.236 9 INFO neutron.wsgi [None req-af70a3b9-a4f5-4845-94e6-15d64006a4ce 5fe37454671746619876a40b069b482f 8cf120de285043728fa775a1087b538c - - default default] 10.0.0.74 "GET /v2.0/subnets/8d0039a7-41c0-4908-aa51-cebcdb56e731/tags HTTP/1.1" status: 200 len: 245 time: 0.0429187
2026-08-28 05:21:50.294 9 INFO neutron.wsgi [None req-90291ec3-b67a-4ce3-ad06-9860eb3862a6 5fe37454671746619876a40b069b482f 8cf120de285043728fa775a1087b538c - - default default] 10.0.0.74 "PUT /v2.0/subnets/8d0039a7-41c0-4908-aa51-cebcdb56e731/tags HTTP/1.1" status: 200 len: 230 time: 0.0532477 /var/lib/openstack/lib/python3.10/site-packages/pycadf/identifier.py:71: UserWarning: Invalid uuid: neutron. To ensure interoperability, identifiers should be a valid uuid. warnings.warn(('Invalid uuid: %s. To ensure interoperability, '
2026-08-28 05:21:50.345 10 WARNING neutron.scheduler.dhcp_agent_scheduler [req-8e2a2056-de67-429a-964f-1d49c6d58f14 req-cda636ab-ee26-4864-bcee-2c4f7dd6dcbf 33135f67f1bd4addb9e4c717e0b9cca2 554ac6df97b24ea2b7b467fe9e6819a7 - - default default] No more DHCP agents
2026-08-28 05:21:50.347 10 INFO neutron.wsgi [None req-b0b36e34-4352-4a17-96ff-d2e9eea5a927 5fe37454671746619876a40b069b482f 8cf120de285043728fa775a1087b538c - - default default] 10.0.0.74 "GET /v2.0/subnets/8d0039a7-41c0-4908-aa51-cebcdb56e731/tags HTTP/1.1" status: 200 len: 230 time: 0.0480597
2026-08-28 05:21:50.349 10 WARNING neutron.api.rpc.agentnotifiers.dhcp_rpc_agent_api [req-8e2a2056-de67-429a-964f-1d49c6d58f14 req-cda636ab-ee26-4864-bcee-2c4f7dd6dcbf 33135f67f1bd4addb9e4c717e0b9cca2 554ac6df97b24ea2b7b467fe9e6819a7 - - default default] Unable to schedule network 8b818973-eaa3-4332-a04c-b47878d68b9a: no agents available; will retry on subsequent port and subnet creation events. /var/lib/openstack/lib/python3.10/site-packages/pycadf/identifier.py:71: UserWarning: Invalid uuid: neutron. To ensure interoperability, identifiers should be a valid uuid. warnings.warn(('Invalid uuid: %s. To ensure interoperability, '
2026-08-28 05:21:50.389 10 INFO neutron.wsgi [None req-5a6ba11f-3380-46af-bfa5-993b626efc58 5fe37454671746619876a40b069b482f 8cf120de285043728fa775a1087b538c - - default default] 10.0.0.74 "GET /v2.0/subnets/8d0039a7-41c0-4908-aa51-cebcdb56e731/tags/red HTTP/1.1" status: 204 len: 168 time: 0.0376940
2026-08-28 05:21:50.431 10 INFO neutron.api.v2.resource [None req-4de35adb-37ec-4f36-9823-30f1547c0460 5fe37454671746619876a40b069b482f 8cf120de285043728fa775a1087b538c - - default default] show failed (client error): The resource could not be found.
2026-08-28 05:21:50.432 10 INFO neutron.wsgi [None req-4de35adb-37ec-4f36-9823-30f1547c0460 5fe37454671746619876a40b069b482f 8cf120de285043728fa775a1087b538c - - default default] 10.0.0.74 "GET /v2.0/subnets/8d0039a7-41c0-4908-aa51-cebcdb56e731/tags/green HTTP/1.1" status: 404 len: 299 time: 0.0380676
2026-08-28 05:21:50.493 10 INFO neutron.wsgi [None req-2da3b16d-23ba-400a-8656-a7c111d81f0d 5fe37454671746619876a40b069b482f 8cf120de285043728fa775a1087b538c - - default default] 10.0.0.74 "DELETE /v2.0/subnets/8d0039a7-41c0-4908-aa51-cebcdb56e731/tags/red HTTP/1.1" status: 204 len: 168 time: 0.0565405
2026-08-28 05:21:50.522 10 INFO neutron.db.ovn_revision_numbers_db [req-8e2a2056-de67-429a-964f-1d49c6d58f14 req-cda636ab-ee26-4864-bcee-2c4f7dd6dcbf 33135f67f1bd4addb9e4c717e0b9cca2 554ac6df97b24ea2b7b467fe9e6819a7 - - default default] Successfully bumped revision number for resource 773e7b82-05de-427b-b5c6-192f36fedc40 (type: ports) to 1
2026-08-28 05:21:50.549 10 INFO neutron.wsgi [req-8e2a2056-de67-429a-964f-1d49c6d58f14 req-cda636ab-ee26-4864-bcee-2c4f7dd6dcbf 33135f67f1bd4addb9e4c717e0b9cca2 554ac6df97b24ea2b7b467fe9e6819a7 - - default default] 162.253.55.38 "POST /v2.0/ports HTTP/1.1" status: 201 len: 1279 time: 0.5201972
2026-08-28 05:21:50.564 9 INFO neutron.wsgi [None req-e20d7dc7-38c5-4748-aaa8-30baf0087047 5fe37454671746619876a40b069b482f 8cf120de285043728fa775a1087b538c - - default default] 10.0.0.74 "GET /v2.0/subnets/8d0039a7-41c0-4908-aa51-cebcdb56e731/tags HTTP/1.1" status: 200 len: 223 time: 0.0640128
2026-08-28 05:21:50.609 10 INFO neutron.api.v2.resource [None req-a65e1bd1-326d-4883-9c61-c8f0abdc4313 5fe37454671746619876a40b069b482f 8cf120de285043728fa775a1087b538c - - default default] delete failed (client error): The resource could not be found.
2026-08-28 05:21:50.611 10 INFO neutron.wsgi [None req-a65e1bd1-326d-4883-9c61-c8f0abdc4313 5fe37454671746619876a40b069b482f 8cf120de285043728fa775a1087b538c - - default default] 10.0.0.74 "DELETE /v2.0/subnets/8d0039a7-41c0-4908-aa51-cebcdb56e731/tags/green HTTP/1.1" status: 404 len: 299 time: 0.0406528
2026-08-28 05:21:50.670 10 INFO neutron.wsgi [None req-68c82c5b-982c-42d0-8c89-d77e0c6cf143 5fe37454671746619876a40b069b482f 8cf120de285043728fa775a1087b538c - - default default] 10.0.0.74 "DELETE /v2.0/subnets/8d0039a7-41c0-4908-aa51-cebcdb56e731/tags HTTP/1.1" status: 204 len: 168 time: 0.0538514
2026-08-28 05:21:50.707 9 INFO neutron.wsgi [None req-910de533-7265-4e76-b741-413f149e647d 5fe37454671746619876a40b069b482f 8cf120de285043728fa775a1087b538c - - default default] 10.0.0.74 "GET /v2.0/subnets/8d0039a7-41c0-4908-aa51-cebcdb56e731/tags HTTP/1.1" status: 200 len: 205 time: 0.0311596
2026-08-28 05:21:50.989 9 INFO neutron.wsgi [None req-178a06f4-4c11-4a6a-81ee-6dd1c2a46e4e 5fe37454671746619876a40b069b482f 8cf120de285043728fa775a1087b538c - - default default] 10.0.0.74 "DELETE /v2.0/subnets/8d0039a7-41c0-4908-aa51-cebcdb56e731 HTTP/1.1" status: 204 len: 168 time: 0.2662575
2026-08-28 05:21:50.998 10 INFO neutron.db.ovn_revision_numbers_db [req-8e2a2056-de67-429a-964f-1d49c6d58f14 req-21f81deb-815d-4843-b4ec-bf72e5740d65 a45cfbf5301f4b66b2d2979c1357e31a 772c60c6023a4860b2a78696266f39d4 - - 8cefee79c7304dcf9c6f274a61c7b886 8cefee79c7304dcf9c6f274a61c7b886] Successfully bumped revision number for resource 773e7b82-05de-427b-b5c6-192f36fedc40 (type: ports) to 2
2026-08-28 05:21:51.162 10 INFO neutron.db.ovn_revision_numbers_db [req-8e2a2056-de67-429a-964f-1d49c6d58f14 req-21f81deb-815d-4843-b4ec-bf72e5740d65 a45cfbf5301f4b66b2d2979c1357e31a 772c60c6023a4860b2a78696266f39d4 - - 8cefee79c7304dcf9c6f274a61c7b886 8cefee79c7304dcf9c6f274a61c7b886] Successfully bumped revision number for resource 773e7b82-05de-427b-b5c6-192f36fedc40 (type: ports) to 2
2026-08-28 05:21:51.176 10 INFO neutron.wsgi [req-8e2a2056-de67-429a-964f-1d49c6d58f14 req-21f81deb-815d-4843-b4ec-bf72e5740d65 a45cfbf5301f4b66b2d2979c1357e31a 772c60c6023a4860b2a78696266f39d4 - - 8cefee79c7304dcf9c6f274a61c7b886 8cefee79c7304dcf9c6f274a61c7b886] 162.253.55.38 "PUT /v2.0/ports/773e7b82-05de-427b-b5c6-192f36fedc40 HTTP/1.1" status: 200 len: 1376 time: 0.6195314
2026-08-28 05:21:51.207 10 INFO neutron.notifiers.nova [-] Nova event matching ['req-f6e8c04e-eabe-4c5e-8055-5ceb96f8e31f'] response: {'name': 'network-changed', 'server_uuid': 'c53f1e48-d237-4201-86d9-89863f21a4e2', 'tag': '773e7b82-05de-427b-b5c6-192f36fedc40', 'status': 'completed', 'code': 200} /var/lib/openstack/lib/python3.10/site-packages/pycadf/identifier.py:71: UserWarning: Invalid uuid: neutron. To ensure interoperability, identifiers should be a valid uuid. warnings.warn(('Invalid uuid: %s. To ensure interoperability, '
2026-08-28 05:21:51.242 10 INFO neutron.wsgi [req-8e2a2056-de67-429a-964f-1d49c6d58f14 req-eac63200-8aff-4685-ac8e-c4b4d25107e2 a45cfbf5301f4b66b2d2979c1357e31a 772c60c6023a4860b2a78696266f39d4 - - 8cefee79c7304dcf9c6f274a61c7b886 8cefee79c7304dcf9c6f274a61c7b886] 162.253.55.38 "GET /v2.0/ports?tenant_id=554ac6df97b24ea2b7b467fe9e6819a7&device_id=c53f1e48-d237-4201-86d9-89863f21a4e2 HTTP/1.1" status: 200 len: 1407 time: 0.0279372
2026-08-28 05:21:51.268 10 INFO neutron.wsgi [req-8e2a2056-de67-429a-964f-1d49c6d58f14 req-f8268eb1-710f-4382-a5c9-de3daf61214f a45cfbf5301f4b66b2d2979c1357e31a 772c60c6023a4860b2a78696266f39d4 - - 8cefee79c7304dcf9c6f274a61c7b886 8cefee79c7304dcf9c6f274a61c7b886] 162.253.55.38 "GET /v2.0/floatingips?fixed_ip_address=172.24.3.1&port_id=773e7b82-05de-427b-b5c6-192f36fedc40 HTTP/1.1" status: 200 len: 217 time: 0.0205798
2026-08-28 05:21:51.295 10 INFO neutron.wsgi [req-8e2a2056-de67-429a-964f-1d49c6d58f14 req-c8a65420-bf69-4378-a785-1fab8f47b467 a45cfbf5301f4b66b2d2979c1357e31a 772c60c6023a4860b2a78696266f39d4 - - 8cefee79c7304dcf9c6f274a61c7b886 8cefee79c7304dcf9c6f274a61c7b886] 162.253.55.38 "GET /v2.0/subnets?id=497ae576-9ede-4e80-9d74-fcd5539e4997 HTTP/1.1" status: 200 len: 829 time: 0.0240016
2026-08-28 05:21:51.296 9 INFO neutron.services.segments.plugin [-] Segment 45f5d071-a6c2-486d-80b4-6c79efd7e576 resource provider aggregate not found
2026-08-28 05:21:51.301 9 INFO neutron.services.segments.plugin [-] Segment 45f5d071-a6c2-486d-80b4-6c79efd7e576 resource provider aggregate not found
2026-08-28 05:21:51.312 9 INFO neutron.services.segments.plugin [-] Segment 45f5d071-a6c2-486d-80b4-6c79efd7e576 resource provider not found; error: Placement Client Error (4xx): {"errors": [{"status": 404, "title": "Not Found", "detail": "The resource could not be found.\n\n No resource provider with uuid 45f5d071-a6c2-486d-80b4-6c79efd7e576 found for delete ", "request_id": "req-5cf1c32b-ac56-4551-a356-7402708f73a5"}]}
2026-08-28 05:21:51.317 10 INFO neutron.wsgi [req-8e2a2056-de67-429a-964f-1d49c6d58f14 req-5d096e78-67db-44e3-872d-2378c0b35c6a a45cfbf5301f4b66b2d2979c1357e31a 772c60c6023a4860b2a78696266f39d4 - - 8cefee79c7304dcf9c6f274a61c7b886 8cefee79c7304dcf9c6f274a61c7b886] 162.253.55.38 "GET /v2.0/ports?network_id=8b818973-eaa3-4332-a04c-b47878d68b9a&device_owner=network%3Adhcp HTTP/1.1" status: 200 len: 210 time: 0.0164487
2026-08-28 05:21:51.322 9 INFO neutron.services.segments.plugin [-] Segment 45f5d071-a6c2-486d-80b4-6c79efd7e576 resource provider not found; error: Placement Client Error (4xx): {"errors": [{"status": 404, "title": "Not Found", "detail": "The resource could not be found.\n\n No resource provider with uuid 45f5d071-a6c2-486d-80b4-6c79efd7e576 found for delete ", "request_id": "req-60f86597-336b-422f-b044-6c7283fbc9b5"}]}
2026-08-28 05:21:51.334 9 INFO neutron.wsgi [None req-8dd6e86e-7c1a-45ee-9eb5-9950f0a114b4 5fe37454671746619876a40b069b482f 8cf120de285043728fa775a1087b538c - - default default] 10.0.0.74 "DELETE /v2.0/networks/4debfb07-1087-4761-8348-7cf32502c645 HTTP/1.1" status: 204 len: 168 time: 0.3376184
2026-08-28 05:21:51.373 9 INFO neutron.wsgi [req-2cc3cfee-bb2b-471c-80a3-b974ad16b65a req-5e479d99-42c5-428b-be4b-7b3f9e172154 33135f67f1bd4addb9e4c717e0b9cca2 554ac6df97b24ea2b7b467fe9e6819a7 - - default default] 10.0.0.225 "GET /v2.0/ports?device_id=c53f1e48-d237-4201-86d9-89863f21a4e2 HTTP/1.1" status: 200 len: 1407 time: 0.0387251
2026-08-28 05:21:51.390 10 INFO neutron.wsgi [req-8e2a2056-de67-429a-964f-1d49c6d58f14 req-cbdd3ec2-71d4-4803-8f56-a079bca63fdc a45cfbf5301f4b66b2d2979c1357e31a 772c60c6023a4860b2a78696266f39d4 - - 8cefee79c7304dcf9c6f274a61c7b886 8cefee79c7304dcf9c6f274a61c7b886] 162.253.55.38 "GET /v2.0/networks/8b818973-eaa3-4332-a04c-b47878d68b9a?fields=segments HTTP/1.1" status: 200 len: 212 time: 0.0530546
2026-08-28 05:21:51.411 9 INFO neutron.wsgi [req-2cc3cfee-bb2b-471c-80a3-b974ad16b65a req-2a394677-8ed7-413a-8d6e-4fd1d5f54fe0 33135f67f1bd4addb9e4c717e0b9cca2 554ac6df97b24ea2b7b467fe9e6819a7 - - default default] 10.0.0.225 "GET /v2.0/security-groups?id=36b46e52-92aa-469c-9303-5b17638cc5fe&fields=id&fields=name HTTP/1.1" status: 200 len: 294 time: 0.0314605
2026-08-28 05:21:51.459 10 INFO neutron.wsgi [req-8e2a2056-de67-429a-964f-1d49c6d58f14 req-6faf7b8c-3ecb-4f2b-b735-51279fadc363 a45cfbf5301f4b66b2d2979c1357e31a 772c60c6023a4860b2a78696266f39d4 - - 8cefee79c7304dcf9c6f274a61c7b886 8cefee79c7304dcf9c6f274a61c7b886] 162.253.55.38 "GET /v2.0/networks/8b818973-eaa3-4332-a04c-b47878d68b9a?fields=provider%3Aphysical_network&fields=provider%3Anetwork_type HTTP/1.1" status: 200 len: 277 time: 0.0650039
2026-08-28 05:21:51.576 10 INFO neutron.wsgi [req-b2ac384b-d92d-414d-9431-684e7beb142d req-345a736a-1e4a-4edb-9fe1-ac2d3ff03a3f a45cfbf5301f4b66b2d2979c1357e31a 772c60c6023a4860b2a78696266f39d4 - - 8cefee79c7304dcf9c6f274a61c7b886 8cefee79c7304dcf9c6f274a61c7b886] 162.253.55.38 "GET /v2.0/ports?tenant_id=554ac6df97b24ea2b7b467fe9e6819a7&device_id=c53f1e48-d237-4201-86d9-89863f21a4e2 HTTP/1.1" status: 200 len: 1407 time: 0.0577991
2026-08-28 05:21:51.579 10 INFO neutron.wsgi [req-88770fd0-f51e-42f2-9023-5154a23f4873 req-0c45234b-5ff9-4400-b377-a1b2957075bc 33135f67f1bd4addb9e4c717e0b9cca2 554ac6df97b24ea2b7b467fe9e6819a7 - - default default] 10.0.0.225 "GET /v2.0/ports?device_id=c53f1e48-d237-4201-86d9-89863f21a4e2 HTTP/1.1" status: 200 len: 1407 time: 0.0474341
2026-08-28 05:21:51.642 10 INFO neutron.wsgi [req-b2ac384b-d92d-414d-9431-684e7beb142d req-c2736d7f-1060-439d-808f-9067c933a3f9 a45cfbf5301f4b66b2d2979c1357e31a 772c60c6023a4860b2a78696266f39d4 - - 8cefee79c7304dcf9c6f274a61c7b886 8cefee79c7304dcf9c6f274a61c7b886] 162.253.55.38 "GET /v2.0/networks?id=8b818973-eaa3-4332-a04c-b47878d68b9a HTTP/1.1" status: 200 len: 937 time: 0.0572462
2026-08-28 05:21:51.668 10 INFO neutron.wsgi [req-b2ac384b-d92d-414d-9431-684e7beb142d req-6ed8b209-21c4-4e4d-a3aa-dd63b14c2f8e a45cfbf5301f4b66b2d2979c1357e31a 772c60c6023a4860b2a78696266f39d4 - - 8cefee79c7304dcf9c6f274a61c7b886 8cefee79c7304dcf9c6f274a61c7b886] 162.253.55.38 "GET /v2.0/floatingips?fixed_ip_address=172.24.3.1&port_id=773e7b82-05de-427b-b5c6-192f36fedc40 HTTP/1.1" status: 200 len: 217 time: 0.0189986
2026-08-28 05:21:51.688 9 INFO neutron.wsgi [req-da714a31-b86f-4802-b196-011156903fe1 req-ffd28925-99c0-485d-8f47-9f7a21e3eb51 a45cfbf5301f4b66b2d2979c1357e31a 772c60c6023a4860b2a78696266f39d4 - - 8cefee79c7304dcf9c6f274a61c7b886 8cefee79c7304dcf9c6f274a61c7b886] 162.253.55.38 "GET /v2.0/ports?device_id=c53f1e48-d237-4201-86d9-89863f21a4e2 HTTP/1.1" status: 200 len: 1407 time: 0.0287180
2026-08-28 05:21:51.701 10 INFO neutron.wsgi [req-b2ac384b-d92d-414d-9431-684e7beb142d req-d5884435-0663-4b6c-b327-f1970ea5821c a45cfbf5301f4b66b2d2979c1357e31a 772c60c6023a4860b2a78696266f39d4 - - 8cefee79c7304dcf9c6f274a61c7b886 8cefee79c7304dcf9c6f274a61c7b886] 162.253.55.38 "GET /v2.0/subnets?id=497ae576-9ede-4e80-9d74-fcd5539e4997 HTTP/1.1" status: 200 len: 829 time: 0.0256369
2026-08-28 05:21:51.725 10 INFO neutron.wsgi [req-b2ac384b-d92d-414d-9431-684e7beb142d req-e1a9a602-40d4-4508-abe1-86f5b8dfbac0 a45cfbf5301f4b66b2d2979c1357e31a 772c60c6023a4860b2a78696266f39d4 - - 8cefee79c7304dcf9c6f274a61c7b886 8cefee79c7304dcf9c6f274a61c7b886] 162.253.55.38 "GET /v2.0/ports?network_id=8b818973-eaa3-4332-a04c-b47878d68b9a&device_owner=network%3Adhcp HTTP/1.1" status: 200 len: 210 time: 0.0165727
2026-08-28 05:21:51.735 9 INFO neutron.wsgi [req-da714a31-b86f-4802-b196-011156903fe1 req-b2eee8fa-825d-4fbe-bd02-77bed128a462 a45cfbf5301f4b66b2d2979c1357e31a 772c60c6023a4860b2a78696266f39d4 - - 8cefee79c7304dcf9c6f274a61c7b886 8cefee79c7304dcf9c6f274a61c7b886] 162.253.55.38 "GET /v2.0/security-groups?id=36b46e52-92aa-469c-9303-5b17638cc5fe&fields=id&fields=name HTTP/1.1" status: 200 len: 294 time: 0.0398800
2026-08-28 05:21:51.778 10 INFO neutron.wsgi [req-b2ac384b-d92d-414d-9431-684e7beb142d req-1b020f6f-2721-4be0-a7b4-5e78f2ff4694 a45cfbf5301f4b66b2d2979c1357e31a 772c60c6023a4860b2a78696266f39d4 - - 8cefee79c7304dcf9c6f274a61c7b886 8cefee79c7304dcf9c6f274a61c7b886] 162.253.55.38 "GET /v2.0/networks/8b818973-eaa3-4332-a04c-b47878d68b9a?fields=segments HTTP/1.1" status: 200 len: 212 time: 0.0481904
2026-08-28 05:21:51.840 10 INFO neutron.wsgi [req-b2ac384b-d92d-414d-9431-684e7beb142d req-e3a34d70-0ba3-400a-ac6f-1226c86b060d a45cfbf5301f4b66b2d2979c1357e31a 772c60c6023a4860b2a78696266f39d4 - - 8cefee79c7304dcf9c6f274a61c7b886 8cefee79c7304dcf9c6f274a61c7b886] 162.253.55.38 "GET /v2.0/networks/8b818973-eaa3-4332-a04c-b47878d68b9a?fields=provider%3Aphysical_network&fields=provider%3Anetwork_type HTTP/1.1" status: 200 len: 277 time: 0.0560672
2026-08-28 05:21:51.849 10 INFO neutron.plugins.ml2.drivers.ovn.mech_driver.mech_driver [None req-357225a1-d873-437a-91e3-826650292d12 - - - - - -] OVN reports status up for port: 773e7b82-05de-427b-b5c6-192f36fedc40
2026-08-28 05:21:51.861 10 INFO neutron.plugins.ml2.plugin [None req-357225a1-d873-437a-91e3-826650292d12 - - - - - -] Attempt 1 to provision port 773e7b82-05de-427b-b5c6-192f36fedc40
2026-08-28 05:21:52.100 10 INFO neutron.db.ovn_revision_numbers_db [None req-357225a1-d873-437a-91e3-826650292d12 - - - - - -] Successfully bumped revision number for resource 773e7b82-05de-427b-b5c6-192f36fedc40 (type: ports) to 4
2026-08-28 05:21:52.251 9 INFO neutron.wsgi [None req-addd8ba4-ec82-4946-bcf8-d39633a6b38a 33135f67f1bd4addb9e4c717e0b9cca2 554ac6df97b24ea2b7b467fe9e6819a7 - - default default] 10.0.0.74 "GET /v2.0/security-groups?tenant_id=8cf120de285043728fa775a1087b538c&name=default HTTP/1.1" status: 200 len: 2996 time: 0.1801405
2026-08-28 05:21:52.475 9 INFO neutron.wsgi [None req-bb236bfa-b037-4a59-bd8f-6becd9a8f4af 33135f67f1bd4addb9e4c717e0b9cca2 554ac6df97b24ea2b7b467fe9e6819a7 - - default default] 10.0.0.74 "DELETE /v2.0/security-groups/789ae74d-de0c-448b-8e13-33437c5fb401 HTTP/1.1" status: 204 len: 168 time: 0.2181859 /var/lib/openstack/lib/python3.10/site-packages/pycadf/identifier.py:71: UserWarning: Invalid uuid: neutron. To ensure interoperability, identifiers should be a valid uuid. warnings.warn(('Invalid uuid: %s. To ensure interoperability, '
2026-08-28 05:21:52.830 10 INFO neutron.db.ovn_revision_numbers_db [None req-f1391450-30eb-4b2d-b7cc-b145f5d2860f 33135f67f1bd4addb9e4c717e0b9cca2 554ac6df97b24ea2b7b467fe9e6819a7 - - default default] Successfully bumped revision number for resource 8981c2c4-66dc-4a2a-923e-6f1390612555 (type: security_groups) to 1
2026-08-28 05:21:52.850 10 INFO neutron.db.ovn_revision_numbers_db [None req-f1391450-30eb-4b2d-b7cc-b145f5d2860f 33135f67f1bd4addb9e4c717e0b9cca2 554ac6df97b24ea2b7b467fe9e6819a7 - - default default] Successfully bumped revision number for resource 466ed577-f171-41d2-bb85-ed7103858bb5 (type: security_group_rules) to 0
2026-08-28 05:21:52.873 10 INFO neutron.db.ovn_revision_numbers_db [None req-f1391450-30eb-4b2d-b7cc-b145f5d2860f 33135f67f1bd4addb9e4c717e0b9cca2 554ac6df97b24ea2b7b467fe9e6819a7 - - default default] Successfully bumped revision number for resource 4bb840ba-2c50-46de-9a31-096d42926461 (type: security_group_rules) to 0
2026-08-28 05:21:52.894 10 INFO neutron.db.ovn_revision_numbers_db [None req-f1391450-30eb-4b2d-b7cc-b145f5d2860f 33135f67f1bd4addb9e4c717e0b9cca2 554ac6df97b24ea2b7b467fe9e6819a7 - - default default] Successfully bumped revision number for resource c55cee7d-c66f-4a36-8397-f00a3dcf05da (type: security_group_rules) to 0
2026-08-28 05:21:52.916 10 INFO neutron.db.ovn_revision_numbers_db [None req-f1391450-30eb-4b2d-b7cc-b145f5d2860f 33135f67f1bd4addb9e4c717e0b9cca2 554ac6df97b24ea2b7b467fe9e6819a7 - - default default] Successfully bumped revision number for resource ef8895a1-bdd7-4449-b528-f110d6fbfcf4 (type: security_group_rules) to 0
2026-08-28 05:21:52.948 10 INFO neutron.wsgi [None req-f1391450-30eb-4b2d-b7cc-b145f5d2860f 33135f67f1bd4addb9e4c717e0b9cca2 554ac6df97b24ea2b7b467fe9e6819a7 - - default default] 10.0.0.74 "GET /v2.0/security-groups?tenant_id=c6b2f6455ef44291877a2e8ba05cbb1f&name=default HTTP/1.1" status: 200 len: 2996 time: 0.2738266
2026-08-28 05:21:53.445 10 INFO neutron.notifiers.nova [-] Nova event matching ['req-452a7177-0ac7-47c3-9554-b18d586d71f1'] response: {'server_uuid': 'c53f1e48-d237-4201-86d9-89863f21a4e2', 'name': 'network-vif-plugged', 'status': 'completed', 'tag': '773e7b82-05de-427b-b5c6-192f36fedc40', 'code': 200}
2026-08-28 05:21:53.445 10 INFO neutron.notifiers.nova [-] Nova event matching ['req-452a7177-0ac7-47c3-9554-b18d586d71f1'] response: {'server_uuid': 'c53f1e48-d237-4201-86d9-89863f21a4e2', 'name': 'network-vif-plugged', 'status': 'completed', 'tag': '773e7b82-05de-427b-b5c6-192f36fedc40', 'code': 200}
2026-08-28 05:21:53.458 10 INFO neutron.wsgi [None req-43783492-1f51-4e17-a2b0-0a4e3ba364df 33135f67f1bd4addb9e4c717e0b9cca2 554ac6df97b24ea2b7b467fe9e6819a7 - - default default] 10.0.0.74 "DELETE /v2.0/security-groups/8981c2c4-66dc-4a2a-923e-6f1390612555 HTTP/1.1" status: 204 len: 168 time: 0.4992588
2026-08-28 05:21:53.853 9 INFO neutron.wsgi [req-2ef0d83f-7769-4d53-97c7-a358a071fe59 req-6e99462e-fbe7-404c-b728-b75bfb0a9a2e 33135f67f1bd4addb9e4c717e0b9cca2 554ac6df97b24ea2b7b467fe9e6819a7 - - default default] 10.0.0.225 "GET /v2.0/ports?device_id=c53f1e48-d237-4201-86d9-89863f21a4e2 HTTP/1.1" status: 200 len: 1409 time: 0.0462625
2026-08-28 05:21:53.916 9 INFO neutron.wsgi [req-2ef0d83f-7769-4d53-97c7-a358a071fe59 req-0ea2fcf6-86c7-4b16-9401-0c4579f9fc9b 33135f67f1bd4addb9e4c717e0b9cca2 554ac6df97b24ea2b7b467fe9e6819a7 - - default default] 10.0.0.225 "GET /v2.0/security-groups?id=36b46e52-92aa-469c-9303-5b17638cc5fe&fields=id&fields=name HTTP/1.1" status: 200 len: 294 time: 0.0562651
2026-08-28 05:21:54.001 10 INFO neutron.wsgi [req-8271325d-b8e2-49d2-96ec-476f27c5b24c req-d6100b51-b66e-43ab-8ace-84b404dcee43 33135f67f1bd4addb9e4c717e0b9cca2 554ac6df97b24ea2b7b467fe9e6819a7 - - default default] 10.0.0.225 "GET /v2.0/ports?device_id=c53f1e48-d237-4201-86d9-89863f21a4e2 HTTP/1.1" status: 200 len: 1409 time: 0.0290582
2026-08-28 05:21:54.401 10 INFO neutron.wsgi [None req-ac4b48de-bf52-4b5e-89b3-365d22d39bff d6dcf19b863e490182983dbc22753fa4 7aa9b7d5beb14b2882c55b522e583840 - - default default] 10.0.0.74 "POST /v2.0/qos/policies HTTP/1.1" status: 201 len: 558 time: 0.2747793
2026-08-28 05:21:54.442 10 INFO neutron.wsgi [None req-2a6fe9a5-13b4-4b98-93e2-f29ac8c59aee d6dcf19b863e490182983dbc22753fa4 7aa9b7d5beb14b2882c55b522e583840 - - default default] 10.0.0.74 "POST /v2.0/qos/policies HTTP/1.1" status: 201 len: 558 time: 0.0351779
2026-08-28 05:21:54.482 10 INFO neutron.wsgi [None req-e42d72f2-208d-4548-a1c8-647b46a2ebcf d6dcf19b863e490182983dbc22753fa4 7aa9b7d5beb14b2882c55b522e583840 - - default default] 10.0.0.74 "POST /v2.0/qos/policies HTTP/1.1" status: 201 len: 558 time: 0.0351136
2026-08-28 05:21:54.513 10 INFO neutron.wsgi [None req-6da3b716-222e-4a4c-90ab-95b4ff88abce d6dcf19b863e490182983dbc22753fa4 7aa9b7d5beb14b2882c55b522e583840 - - default default] 10.0.0.74 "POST /v2.0/qos/policies HTTP/1.1" status: 201 len: 558 time: 0.0262735
2026-08-28 05:21:54.543 10 INFO neutron.wsgi [None req-34a282a2-ee61-4eb2-be43-d2f9b0900040 d6dcf19b863e490182983dbc22753fa4 7aa9b7d5beb14b2882c55b522e583840 - - default default] 10.0.0.74 "POST /v2.0/qos/policies HTTP/1.1" status: 201 len: 558 time: 0.0263131
2026-08-28 05:21:54.568 10 INFO neutron.wsgi [None req-b0b5490b-393c-4d31-8865-e61edf16ad2b d6dcf19b863e490182983dbc22753fa4 7aa9b7d5beb14b2882c55b522e583840 - - default default] 10.0.0.74 "PUT /v2.0/policies/0dfb9c55-580a-4122-b652-477030761246/tags HTTP/1.1" status: 200 len: 210 time: 0.0199049
2026-08-28 05:21:54.588 10 INFO neutron.wsgi [None req-1db41e48-a919-4542-bb2d-ed0063150eff d6dcf19b863e490182983dbc22753fa4 7aa9b7d5beb14b2882c55b522e583840 - - default default] 10.0.0.74 "PUT /v2.0/policies/4a11bb5a-cb88-409f-be67-1844b5d65d7f/tags HTTP/1.1" status: 200 len: 218 time: 0.0154669
2026-08-28 05:21:54.614 10 INFO neutron.wsgi [None req-fb69a4d0-79d8-4571-b9d1-ae0738c57a38 d6dcf19b863e490182983dbc22753fa4 7aa9b7d5beb14b2882c55b522e583840 - - default default] 10.0.0.74 "PUT /v2.0/policies/171c3e2d-8bbc-44a5-993c-60dd6e60998a/tags HTTP/1.1" status: 200 len: 227 time: 0.0197885
2026-08-28 05:21:54.633 10 INFO neutron.wsgi [None req-47a7026b-c5cd-4ff7-a020-150b559f6fc4 d6dcf19b863e490182983dbc22753fa4 7aa9b7d5beb14b2882c55b522e583840 - - default default] 10.0.0.74 "PUT /v2.0/policies/55039f09-ddcb-412a-ba54-5dd419287abd/tags HTTP/1.1" status: 200 len: 212 time: 0.0157599
2026-08-28 05:21:55.190 10 INFO neutron.wsgi [None req-5e7b1341-a2b7-48f8-948c-731b336d98e2 35f7f88678fc42dcba8a858f46f0c6e1 1197be288e98441fb1b763722f4e1976 - - default default] 10.0.0.74 "GET /v2.0/qos/policies?tags=red HTTP/1.1" status: 200 len: 1296 time: 0.1769147
2026-08-28 05:21:55.301 9 INFO neutron.wsgi [None req-6962d161-8b73-4ae6-9074-5734eeb65e11 35f7f88678fc42dcba8a858f46f0c6e1 1197be288e98441fb1b763722f4e1976 - - default default] 10.0.0.74 "GET /v2.0/qos/policies?tags=red%2Cblue HTTP/1.1" status: 200 len: 941 time: 0.1040733
2026-08-28 05:21:55.347 9 INFO neutron.wsgi [None req-dd298019-2dc5-49cf-8b1c-9edb559d3921 35f7f88678fc42dcba8a858f46f0c6e1 1197be288e98441fb1b763722f4e1976 - - default default] 10.0.0.74 "GET /v2.0/qos/policies?tags-any=blue HTTP/1.1" status: 200 len: 941 time: 0.0413733
2026-08-28 05:21:55.429 9 INFO neutron.wsgi [None req-73cfcbc6-7ab2-43f9-84eb-f0b4045200bc 35f7f88678fc42dcba8a858f46f0c6e1 1197be288e98441fb1b763722f4e1976 - - default default] 10.0.0.74 "GET /v2.0/qos/policies?tags-any=red%2Cblue HTTP/1.1" status: 200 len: 1296 time: 0.0789659
2026-08-28 05:21:55.472 9 INFO neutron.wsgi [None req-dbea6bdb-824e-4dfc-a5b1-6b121b45911b 35f7f88678fc42dcba8a858f46f0c6e1 1197be288e98441fb1b763722f4e1976 - - default default] 10.0.0.74 "GET /v2.0/qos/policies?not-tags=red HTTP/1.1" status: 200 len: 913 time: 0.0383179
2026-08-28 05:21:55.530 9 INFO neutron.wsgi [None req-541fd345-de7a-4604-bb31-bd84991f7dcd 35f7f88678fc42dcba8a858f46f0c6e1 1197be288e98441fb1b763722f4e1976 - - default default] 10.0.0.74 "GET /v2.0/qos/policies?not-tags=red%2Cblue HTTP/1.1" status: 200 len: 1268 time: 0.0541468
2026-08-28 05:21:55.586 9 INFO neutron.wsgi [-] 10.0.0.205 "GET / HTTP/1.1" status: 200 len: 246 time: 0.0012765
2026-08-28 05:21:55.587 10 INFO neutron.wsgi [-] 10.0.0.205 "GET / HTTP/1.1" status: 200 len: 246 time: 0.0016809
2026-08-28 05:21:55.592 9 INFO neutron.wsgi [None req-4e736d95-6455-4db7-858f-1ff0752d47cb 35f7f88678fc42dcba8a858f46f0c6e1 1197be288e98441fb1b763722f4e1976 - - default default] 10.0.0.74 "GET /v2.0/qos/policies?not-tags-any=blue HTTP/1.1" status: 200 len: 1268 time: 0.0578380
2026-08-28 05:21:55.644 10 INFO neutron.wsgi [None req-ff9548c6-fff3-4d63-a3b3-13423c78a73c 35f7f88678fc42dcba8a858f46f0c6e1 1197be288e98441fb1b763722f4e1976 - - default default] 10.0.0.74 "GET /v2.0/qos/policies?not-tags-any=red%2Cblue HTTP/1.1" status: 200 len: 913 time: 0.0479121
2026-08-28 05:21:55.708 10 INFO neutron.wsgi [None req-6f78f6b2-63a1-48a2-8c7c-4658521b968e d6dcf19b863e490182983dbc22753fa4 7aa9b7d5beb14b2882c55b522e583840 - - default default] 10.0.0.74 "DELETE /v2.0/qos/policies/0dfb9c55-580a-4122-b652-477030761246 HTTP/1.1" status: 204 len: 168 time: 0.0569484
2026-08-28 05:21:55.772 10 INFO neutron.wsgi [None req-0cbe52e7-e6d3-4a3b-82cc-d5a5416c98c2 d6dcf19b863e490182983dbc22753fa4 7aa9b7d5beb14b2882c55b522e583840 - - default default] 10.0.0.74 "DELETE /v2.0/qos/policies/4a11bb5a-cb88-409f-be67-1844b5d65d7f HTTP/1.1" status: 204 len: 168 time: 0.0535426
2026-08-28 05:21:55.836 10 INFO neutron.wsgi [None req-f9dbd449-a645-4bc7-8a85-09df14e64a49 d6dcf19b863e490182983dbc22753fa4 7aa9b7d5beb14b2882c55b522e583840 - - default default] 10.0.0.74 "DELETE /v2.0/qos/policies/171c3e2d-8bbc-44a5-993c-60dd6e60998a HTTP/1.1" status: 204 len: 168 time: 0.0582113
2026-08-28 05:21:55.907 10 INFO neutron.wsgi [None req-997e57ec-43ce-46f3-b5a6-aaa7f2e540ce d6dcf19b863e490182983dbc22753fa4 7aa9b7d5beb14b2882c55b522e583840 - - default default] 10.0.0.74 "DELETE /v2.0/qos/policies/55039f09-ddcb-412a-ba54-5dd419287abd HTTP/1.1" status: 204 len: 168 time: 0.0670235
2026-08-28 05:21:55.953 10 INFO neutron.wsgi [None req-87435b8f-15a2-4a8e-a411-5433569e2bf9 d6dcf19b863e490182983dbc22753fa4 7aa9b7d5beb14b2882c55b522e583840 - - default default] 10.0.0.74 "DELETE /v2.0/qos/policies/e0192226-a31f-40e4-8e4f-5f9e6259ecdc HTTP/1.1" status: 204 len: 168 time: 0.0431056
2026-08-28 05:21:57.168 9 INFO neutron.db.ovn_revision_numbers_db [None req-5f722c42-23f5-4f2b-9046-f6a37db4d151 33135f67f1bd4addb9e4c717e0b9cca2 554ac6df97b24ea2b7b467fe9e6819a7 - - default default] Successfully bumped revision number for resource 72f191f1-b4f4-439f-8d8e-92bc8955cde9 (type: security_groups) to 1
2026-08-28 05:21:57.181 9 INFO neutron.db.ovn_revision_numbers_db [None req-5f722c42-23f5-4f2b-9046-f6a37db4d151 33135f67f1bd4addb9e4c717e0b9cca2 554ac6df97b24ea2b7b467fe9e6819a7 - - default default] Successfully bumped revision number for resource 39a21f0e-dc1f-4eb1-8d99-59ab25ebb6a7 (type: security_group_rules) to 0
2026-08-28 05:21:57.193 9 INFO neutron.db.ovn_revision_numbers_db [None req-5f722c42-23f5-4f2b-9046-f6a37db4d151 33135f67f1bd4addb9e4c717e0b9cca2 554ac6df97b24ea2b7b467fe9e6819a7 - - default default] Successfully bumped revision number for resource 5dcdf22d-637d-48eb-8243-b892b3bb87ff (type: security_group_rules) to 0
2026-08-28 05:21:57.214 9 INFO neutron.db.ovn_revision_numbers_db [None req-5f722c42-23f5-4f2b-9046-f6a37db4d151 33135f67f1bd4addb9e4c717e0b9cca2 554ac6df97b24ea2b7b467fe9e6819a7 - - default default] Successfully bumped revision number for resource 82cb4362-86b0-4dbc-8db5-41374549b5db (type: security_group_rules) to 0
2026-08-28 05:21:57.227 9 INFO neutron.db.ovn_revision_numbers_db [None req-5f722c42-23f5-4f2b-9046-f6a37db4d151 33135f67f1bd4addb9e4c717e0b9cca2 554ac6df97b24ea2b7b467fe9e6819a7 - - default default] Successfully bumped revision number for resource b626c543-bb55-4010-ad88-aab780f3720b (type: security_group_rules) to 0
2026-08-28 05:21:57.247 9 INFO neutron.wsgi [None req-5f722c42-23f5-4f2b-9046-f6a37db4d151 33135f67f1bd4addb9e4c717e0b9cca2 554ac6df97b24ea2b7b467fe9e6819a7 - - default default] 10.0.0.74 "GET /v2.0/security-groups?tenant_id=7aa9b7d5beb14b2882c55b522e583840&name=default HTTP/1.1" status: 200 len: 2996 time: 0.3526902
2026-08-28 05:21:57.406 9 INFO neutron.wsgi [None req-d2777c65-53c7-4cbe-8788-b52d095cd2d9 33135f67f1bd4addb9e4c717e0b9cca2 554ac6df97b24ea2b7b467fe9e6819a7 - - default default] 10.0.0.74 "DELETE /v2.0/security-groups/72f191f1-b4f4-439f-8d8e-92bc8955cde9 HTTP/1.1" status: 204 len: 168 time: 0.1551056
2026-08-28 05:21:57.613 10 INFO neutron.db.ovn_revision_numbers_db [None req-a9bca3d4-e27a-486e-be0c-abbb6c859ddf 33135f67f1bd4addb9e4c717e0b9cca2 554ac6df97b24ea2b7b467fe9e6819a7 - - default default] Successfully bumped revision number for resource 0d20b82d-f928-4b73-94a9-8500ee539b51 (type: security_groups) to 1
2026-08-28 05:21:57.625 10 INFO neutron.db.ovn_revision_numbers_db [None req-a9bca3d4-e27a-486e-be0c-abbb6c859ddf 33135f67f1bd4addb9e4c717e0b9cca2 554ac6df97b24ea2b7b467fe9e6819a7 - - default default] Successfully bumped revision number for resource 2d63fc0f-0c17-4c3d-a735-583289135ce3 (type: security_group_rules) to 0
2026-08-28 05:21:57.641 10 INFO neutron.db.ovn_revision_numbers_db [None req-a9bca3d4-e27a-486e-be0c-abbb6c859ddf 33135f67f1bd4addb9e4c717e0b9cca2 554ac6df97b24ea2b7b467fe9e6819a7 - - default default] Successfully bumped revision number for resource 81c26e05-1004-4e5a-8985-1d170ce6c5bd (type: security_group_rules) to 0
2026-08-28 05:21:57.656 10 INFO neutron.db.ovn_revision_numbers_db [None req-a9bca3d4-e27a-486e-be0c-abbb6c859ddf 33135f67f1bd4addb9e4c717e0b9cca2 554ac6df97b24ea2b7b467fe9e6819a7 - - default default] Successfully bumped revision number for resource e9f6ad82-022a-44ad-bc93-36b88df12301 (type: security_group_rules) to 0
2026-08-28 05:21:57.673 10 INFO neutron.db.ovn_revision_numbers_db [None req-a9bca3d4-e27a-486e-be0c-abbb6c859ddf 33135f67f1bd4addb9e4c717e0b9cca2 554ac6df97b24ea2b7b467fe9e6819a7 - - default default] Successfully bumped revision number for resource ef823685-6230-4799-bd8a-a2f84156a22f (type: security_group_rules) to 0
2026-08-28 05:21:57.697 10 INFO neutron.wsgi [None req-a9bca3d4-e27a-486e-be0c-abbb6c859ddf 33135f67f1bd4addb9e4c717e0b9cca2 554ac6df97b24ea2b7b467fe9e6819a7 - - default default] 10.0.0.74 "GET /v2.0/security-groups?tenant_id=411549d63d1c48259fe60770e51c4184&name=default HTTP/1.1" status: 200 len: 2996 time: 0.1797817
2026-08-28 05:21:57.880 10 INFO neutron.wsgi [None req-890b6e11-cc0b-4028-b9e1-48fe71039023 33135f67f1bd4addb9e4c717e0b9cca2 554ac6df97b24ea2b7b467fe9e6819a7 - - default default] 10.0.0.74 "DELETE /v2.0/security-groups/0d20b82d-f928-4b73-94a9-8500ee539b51 HTTP/1.1" status: 204 len: 168 time: 0.1776977
2026-08-28 05:21:58.077 10 INFO neutron.wsgi [req-822f60a6-4972-40cb-b2a6-127e67b70953 req-051211eb-be91-4e2a-aed9-c1246cf9b8d2 a45cfbf5301f4b66b2d2979c1357e31a 772c60c6023a4860b2a78696266f39d4 - - 8cefee79c7304dcf9c6f274a61c7b886 8cefee79c7304dcf9c6f274a61c7b886] 162.253.55.38 "GET /v2.0/ports?device_id=a00f7527-00a1-4bd0-a2bc-94ae0bc0a6d6&fields=binding%3Ahost_id&fields=binding%3Avif_type HTTP/1.1" status: 200 len: 265 time: 0.0511842
2026-08-28 05:21:58.167 9 INFO neutron.db.ovn_revision_numbers_db [None req-e594b68f-9f94-4823-a814-b8b6b4f12236 33135f67f1bd4addb9e4c717e0b9cca2 554ac6df97b24ea2b7b467fe9e6819a7 - - default default] Successfully bumped revision number for resource 43d52498-8cb6-4334-8c6a-6818256563c4 (type: security_groups) to 1
2026-08-28 05:21:58.177 10 INFO neutron.wsgi [req-822f60a6-4972-40cb-b2a6-127e67b70953 req-9961b168-5a03-4b4c-95f6-4f9a2f41effd a45cfbf5301f4b66b2d2979c1357e31a 772c60c6023a4860b2a78696266f39d4 - - 8cefee79c7304dcf9c6f274a61c7b886 8cefee79c7304dcf9c6f274a61c7b886] 162.253.55.38 "GET /v2.0/ports?tenant_id=92f768706dff4d36aeac4a9f6e6a408c&device_id=a00f7527-00a1-4bd0-a2bc-94ae0bc0a6d6 HTTP/1.1" status: 200 len: 1638 time: 0.0538008
2026-08-28 05:21:58.196 9 INFO neutron.db.ovn_revision_numbers_db [None req-e594b68f-9f94-4823-a814-b8b6b4f12236 33135f67f1bd4addb9e4c717e0b9cca2 554ac6df97b24ea2b7b467fe9e6819a7 - - default default] Successfully bumped revision number for resource 06217fd3-06a1-4b4c-b6a6-ad32f2b30748 (type: security_group_rules) to 0
2026-08-28 05:21:58.222 9 INFO neutron.db.ovn_revision_numbers_db [None req-e594b68f-9f94-4823-a814-b8b6b4f12236 33135f67f1bd4addb9e4c717e0b9cca2 554ac6df97b24ea2b7b467fe9e6819a7 - - default default] Successfully bumped revision number for resource 0aeb36e7-d48a-49df-8a3d-b5d7e76cbe15 (type: security_group_rules) to 0
2026-08-28 05:21:58.254 9 INFO neutron.db.ovn_revision_numbers_db [None req-e594b68f-9f94-4823-a814-b8b6b4f12236 33135f67f1bd4addb9e4c717e0b9cca2 554ac6df97b24ea2b7b467fe9e6819a7 - - default default] Successfully bumped revision number for resource a6448528-b694-4003-b585-181b94b3c44e (type: security_group_rules) to 0
2026-08-28 05:21:58.274 9 INFO neutron.db.ovn_revision_numbers_db [None req-e594b68f-9f94-4823-a814-b8b6b4f12236 33135f67f1bd4addb9e4c717e0b9cca2 554ac6df97b24ea2b7b467fe9e6819a7 - - default default] Successfully bumped revision number for resource e7c8ef84-eac4-4a32-9c79-86d4cdc0953d (type: security_group_rules) to 0
2026-08-28 05:21:58.279 10 INFO neutron.wsgi [req-822f60a6-4972-40cb-b2a6-127e67b70953 req-a846c1ff-4495-428a-9853-0441fa2bb38e a45cfbf5301f4b66b2d2979c1357e31a 772c60c6023a4860b2a78696266f39d4 - - 8cefee79c7304dcf9c6f274a61c7b886 8cefee79c7304dcf9c6f274a61c7b886] 162.253.55.38 "GET /v2.0/networks?id=3ac0e8ef-398b-4780-8049-89704ac3322f HTTP/1.1" status: 200 len: 1003 time: 0.0769594
2026-08-28 05:21:58.310 9 INFO neutron.wsgi [None req-e594b68f-9f94-4823-a814-b8b6b4f12236 33135f67f1bd4addb9e4c717e0b9cca2 554ac6df97b24ea2b7b467fe9e6819a7 - - default default] 10.0.0.74 "GET /v2.0/security-groups?tenant_id=1197be288e98441fb1b763722f4e1976&name=default HTTP/1.1" status: 200 len: 2996 time: 0.2630610
2026-08-28 05:21:58.339 10 INFO neutron.wsgi [req-822f60a6-4972-40cb-b2a6-127e67b70953 req-378d43ce-4c44-4d8e-847c-d3dfcd8e4b34 a45cfbf5301f4b66b2d2979c1357e31a 772c60c6023a4860b2a78696266f39d4 - - 8cefee79c7304dcf9c6f274a61c7b886 8cefee79c7304dcf9c6f274a61c7b886] 162.253.55.38 "GET /v2.0/floatingips?fixed_ip_address=10.2.1.193&port_id=a72f449f-355a-4373-93ba-c468d797b431 HTTP/1.1" status: 200 len: 1059 time: 0.0528893
2026-08-28 05:21:58.367 10 INFO neutron.wsgi [req-822f60a6-4972-40cb-b2a6-127e67b70953 req-ee4a0427-bb8c-49e6-9086-efa45cc01364 a45cfbf5301f4b66b2d2979c1357e31a 772c60c6023a4860b2a78696266f39d4 - - 8cefee79c7304dcf9c6f274a61c7b886 8cefee79c7304dcf9c6f274a61c7b886] 162.253.55.38 "GET /v2.0/floatingips?fixed_ip_address=fd7b%3Af9f7%3Afff%3A4eca%3A%3A100&port_id=a72f449f-355a-4373-93ba-c468d797b431 HTTP/1.1" status: 200 len: 217 time: 0.0213640
2026-08-28 05:21:58.401 10 INFO neutron.wsgi [req-822f60a6-4972-40cb-b2a6-127e67b70953 req-ef45f2e0-8406-4fb3-993a-87339a227934 a45cfbf5301f4b66b2d2979c1357e31a 772c60c6023a4860b2a78696266f39d4 - - 8cefee79c7304dcf9c6f274a61c7b886 8cefee79c7304dcf9c6f274a61c7b886] 162.253.55.38 "GET /v2.0/subnets?id=385f1440-5edd-4809-a96f-298d39708f02&id=0db831c0-cacd-429b-888f-a9a0172b6268 HTTP/1.1" status: 200 len: 1561 time: 0.0283766
2026-08-28 05:21:58.428 10 INFO neutron.wsgi [req-822f60a6-4972-40cb-b2a6-127e67b70953 req-879f66ff-7d22-46bd-80ee-35e9e787cecb a45cfbf5301f4b66b2d2979c1357e31a 772c60c6023a4860b2a78696266f39d4 - - 8cefee79c7304dcf9c6f274a61c7b886 8cefee79c7304dcf9c6f274a61c7b886] 162.253.55.38 "GET /v2.0/ports?network_id=3ac0e8ef-398b-4780-8049-89704ac3322f&device_owner=network%3Adhcp HTTP/1.1" status: 200 len: 210 time: 0.0201807
2026-08-28 05:21:58.450 10 INFO neutron.wsgi [req-822f60a6-4972-40cb-b2a6-127e67b70953 req-2dbb8c74-d6e6-404a-b3a5-def20ac41b2f a45cfbf5301f4b66b2d2979c1357e31a 772c60c6023a4860b2a78696266f39d4 - - 8cefee79c7304dcf9c6f274a61c7b886 8cefee79c7304dcf9c6f274a61c7b886] 162.253.55.38 "GET /v2.0/ports?network_id=3ac0e8ef-398b-4780-8049-89704ac3322f&device_owner=network%3Adhcp HTTP/1.1" status: 200 len: 210 time: 0.0169637
2026-08-28 05:21:58.570 9 INFO neutron.wsgi [None req-6576ec8e-4993-4d4c-9f5b-f14f73b946ac 33135f67f1bd4addb9e4c717e0b9cca2 554ac6df97b24ea2b7b467fe9e6819a7 - - default default] 10.0.0.74 "DELETE /v2.0/security-groups/43d52498-8cb6-4334-8c6a-6818256563c4 HTTP/1.1" status: 204 len: 168 time: 0.2549071
