2026-08-28 05:20:53.159 9 INFO neutron.db.ovn_revision_numbers_db [None req-362a90a8-615f-4b59-8b2e-fc689767d9b5 eb764ed209874bc0848a362e575917b6 92f768706dff4d36aeac4a9f6e6a408c - - default default] Successfully bumped revision number for resource 3ac0e8ef-398b-4780-8049-89704ac3322f (type: networks) to 1
2026-08-28 05:20:53.188 10 INFO neutron.wsgi [None req-9cfda1c4-a8d6-4ae7-965b-e309e8b77fe2 3074592fb39f4fa59b6ff2758d8ab251 038fcc15ae454c2ca182dd96a2014c97 - - default default] 10.0.0.74 "DELETE /v2.0/security-groups/a14d402f-cfb0-46d6-8f45-6c8854c07c0d HTTP/1.1" status: 204 len: 168 time: 0.2139916
2026-08-28 05:20:53.371 9 WARNING neutron.scheduler.dhcp_agent_scheduler [None req-362a90a8-615f-4b59-8b2e-fc689767d9b5 eb764ed209874bc0848a362e575917b6 92f768706dff4d36aeac4a9f6e6a408c - - default default] No more DHCP agents
2026-08-28 05:20:53.375 9 WARNING neutron.api.rpc.agentnotifiers.dhcp_rpc_agent_api [None req-362a90a8-615f-4b59-8b2e-fc689767d9b5 eb764ed209874bc0848a362e575917b6 92f768706dff4d36aeac4a9f6e6a408c - - default default] Unable to schedule network 3ac0e8ef-398b-4780-8049-89704ac3322f: no agents available; will retry on subsequent port and subnet creation events.
2026-08-28 05:20:53.489 9 INFO neutron.db.ovn_revision_numbers_db [None req-362a90a8-615f-4b59-8b2e-fc689767d9b5 eb764ed209874bc0848a362e575917b6 92f768706dff4d36aeac4a9f6e6a408c - - default default] Successfully bumped revision number for resource ea4989ae-cea3-4b10-bd6e-ed5967e0f28b (type: ports) to 1
2026-08-28 05:20:53.524 9 INFO neutron.wsgi [None req-362a90a8-615f-4b59-8b2e-fc689767d9b5 eb764ed209874bc0848a362e575917b6 92f768706dff4d36aeac4a9f6e6a408c - - default default] 10.0.0.74 "POST /v2.0/networks HTTP/1.1" status: 201 len: 837 time: 0.6803708
2026-08-28 05:20:53.853 10 WARNING neutron.scheduler.dhcp_agent_scheduler [None req-82e5501e-0275-44a2-b0ea-e11ffa81ec31 eb764ed209874bc0848a362e575917b6 92f768706dff4d36aeac4a9f6e6a408c - - default default] No more DHCP agents
2026-08-28 05:20:53.854 10 WARNING neutron.api.rpc.agentnotifiers.dhcp_rpc_agent_api [None req-82e5501e-0275-44a2-b0ea-e11ffa81ec31 eb764ed209874bc0848a362e575917b6 92f768706dff4d36aeac4a9f6e6a408c - - default default] Unable to schedule network 3ac0e8ef-398b-4780-8049-89704ac3322f: no agents available; will retry on subsequent port and subnet creation events.
2026-08-28 05:20:54.182 9 INFO neutron.wsgi [None req-e7ea42f6-6d47-42fb-9304-e33ec9fa1fac 3074592fb39f4fa59b6ff2758d8ab251 038fcc15ae454c2ca182dd96a2014c97 - - default default] 10.0.0.74 "PUT /v2.0/routers/20797e45-eb1b-438c-81ae-b84bcb9567b2/remove_router_interface HTTP/1.1" status: 200 len: 503 time: 0.9543309 /var/lib/openstack/lib/python3.10/site-packages/pycadf/identifier.py:71: UserWarning: Invalid uuid: neutron. To ensure interoperability, identifiers should be a valid uuid. warnings.warn(('Invalid uuid: %s. To ensure interoperability, '
2026-08-28 05:20:54.344 10 INFO neutron.db.ovn_revision_numbers_db [None req-82e5501e-0275-44a2-b0ea-e11ffa81ec31 eb764ed209874bc0848a362e575917b6 92f768706dff4d36aeac4a9f6e6a408c - - default default] Successfully bumped revision number for resource ea4989ae-cea3-4b10-bd6e-ed5967e0f28b (type: ports) to 2
2026-08-28 05:20:54.371 10 INFO neutron.db.ovn_revision_numbers_db [None req-82e5501e-0275-44a2-b0ea-e11ffa81ec31 eb764ed209874bc0848a362e575917b6 92f768706dff4d36aeac4a9f6e6a408c - - default default] Successfully bumped revision number for resource 385f1440-5edd-4809-a96f-298d39708f02 (type: subnets) to 0
2026-08-28 05:20:54.385 10 INFO neutron.wsgi [None req-82e5501e-0275-44a2-b0ea-e11ffa81ec31 eb764ed209874bc0848a362e575917b6 92f768706dff4d36aeac4a9f6e6a408c - - default default] 10.0.0.74 "POST /v2.0/subnets HTTP/1.1" status: 201 len: 830 time: 0.8555264
2026-08-28 05:20:54.440 9 INFO neutron.wsgi [None req-5fad738f-a05c-4845-9c78-1e88e2536f10 3074592fb39f4fa59b6ff2758d8ab251 038fcc15ae454c2ca182dd96a2014c97 - - default default] 10.0.0.74 "DELETE /v2.0/subnets/5a3ebade-5f26-4570-92d3-078b2500a792 HTTP/1.1" status: 204 len: 168 time: 0.2501481
2026-08-28 05:20:54.705 10 WARNING neutron.scheduler.dhcp_agent_scheduler [None req-445f75ad-6f1d-4d3f-99bc-4bf618655bd6 eb764ed209874bc0848a362e575917b6 92f768706dff4d36aeac4a9f6e6a408c - - default default] No more DHCP agents
2026-08-28 05:20:54.707 10 WARNING neutron.api.rpc.agentnotifiers.dhcp_rpc_agent_api [None req-445f75ad-6f1d-4d3f-99bc-4bf618655bd6 eb764ed209874bc0848a362e575917b6 92f768706dff4d36aeac4a9f6e6a408c - - default default] Unable to schedule network 3ac0e8ef-398b-4780-8049-89704ac3322f: no agents available; will retry on subsequent port and subnet creation events.
2026-08-28 05:20:54.744 10 INFO neutron.db.ovn_revision_numbers_db [None req-445f75ad-6f1d-4d3f-99bc-4bf618655bd6 eb764ed209874bc0848a362e575917b6 92f768706dff4d36aeac4a9f6e6a408c - - default default] Successfully bumped revision number for resource 0db831c0-cacd-429b-888f-a9a0172b6268 (type: subnets) to 0
2026-08-28 05:20:54.758 10 INFO neutron.wsgi [None req-445f75ad-6f1d-4d3f-99bc-4bf618655bd6 eb764ed209874bc0848a362e575917b6 92f768706dff4d36aeac4a9f6e6a408c - - default default] 10.0.0.74 "POST /v2.0/subnets HTTP/1.1" status: 201 len: 900 time: 0.3679361
2026-08-28 05:20:54.913 9 INFO neutron.db.segments_db [None req-1bd8ad7d-c4dc-4c73-b1ff-7f0b05bdce99 eb764ed209874bc0848a362e575917b6 92f768706dff4d36aeac4a9f6e6a408c - - default default] Added segment 47aa6164-2b39-4141-aa69-c412a49da342 of type geneve for network 9846d87b-56ca-427f-93ce-f474db9e01d8
2026-08-28 05:20:55.363 9 INFO neutron.db.ovn_revision_numbers_db [None req-1bd8ad7d-c4dc-4c73-b1ff-7f0b05bdce99 eb764ed209874bc0848a362e575917b6 92f768706dff4d36aeac4a9f6e6a408c - - default default] Successfully bumped revision number for resource 9846d87b-56ca-427f-93ce-f474db9e01d8 (type: networks) to 1
2026-08-28 05:20:55.402 9 INFO neutron.wsgi [None req-f3e82f92-8c9f-48b3-b75e-2e63c8372741 3074592fb39f4fa59b6ff2758d8ab251 038fcc15ae454c2ca182dd96a2014c97 - - default default] 10.0.0.74 "DELETE /v2.0/routers/20797e45-eb1b-438c-81ae-b84bcb9567b2 HTTP/1.1" status: 204 len: 168 time: 0.9565697
2026-08-28 05:20:55.536 9 WARNING neutron.scheduler.dhcp_agent_scheduler [None req-1bd8ad7d-c4dc-4c73-b1ff-7f0b05bdce99 eb764ed209874bc0848a362e575917b6 92f768706dff4d36aeac4a9f6e6a408c - - default default] No more DHCP agents
2026-08-28 05:20:55.539 9 WARNING neutron.api.rpc.agentnotifiers.dhcp_rpc_agent_api [None req-1bd8ad7d-c4dc-4c73-b1ff-7f0b05bdce99 eb764ed209874bc0848a362e575917b6 92f768706dff4d36aeac4a9f6e6a408c - - default default] Unable to schedule network 9846d87b-56ca-427f-93ce-f474db9e01d8: no agents available; will retry on subsequent port and subnet creation events.
2026-08-28 05:20:55.586 9 INFO neutron.wsgi [-] 10.0.0.205 "GET / HTTP/1.1" status: 200 len: 246 time: 0.0012901
2026-08-28 05:20:55.587 9 INFO neutron.wsgi [-] 10.0.0.205 "GET / HTTP/1.1" status: 200 len: 246 time: 0.0008883
2026-08-28 05:20:55.643 9 INFO neutron.db.ovn_revision_numbers_db [None req-1bd8ad7d-c4dc-4c73-b1ff-7f0b05bdce99 eb764ed209874bc0848a362e575917b6 92f768706dff4d36aeac4a9f6e6a408c - - default default] Successfully bumped revision number for resource cc49d133-a065-4ecc-9390-af409c05177f (type: ports) to 1
2026-08-28 05:20:55.667 9 INFO neutron.wsgi [None req-1bd8ad7d-c4dc-4c73-b1ff-7f0b05bdce99 eb764ed209874bc0848a362e575917b6 92f768706dff4d36aeac4a9f6e6a408c - - default default] 10.0.0.74 "POST /v2.0/networks HTTP/1.1" status: 201 len: 836 time: 0.9032414
2026-08-28 05:20:55.879 10 INFO neutron.services.segments.plugin [-] Segment 8ec47119-1e98-4593-8816-0c734993e8d4 resource provider aggregate not found
2026-08-28 05:20:55.885 10 INFO neutron.services.segments.plugin [-] Segment 8ec47119-1e98-4593-8816-0c734993e8d4 resource provider aggregate not found
2026-08-28 05:20:55.901 10 INFO neutron.services.segments.plugin [-] Segment 8ec47119-1e98-4593-8816-0c734993e8d4 resource provider not found; error: Placement Client Error (4xx): {"errors": [{"status": 404, "title": "Not Found", "detail": "The resource could not be found.\n\n No resource provider with uuid 8ec47119-1e98-4593-8816-0c734993e8d4 found for delete ", "request_id": "req-55e095ed-c08e-4fe4-8751-115146f35a47"}]}
2026-08-28 05:20:55.908 10 INFO neutron.services.segments.plugin [-] Segment 8ec47119-1e98-4593-8816-0c734993e8d4 resource provider not found; error: Placement Client Error (4xx): {"errors": [{"status": 404, "title": "Not Found", "detail": "The resource could not be found.\n\n No resource provider with uuid 8ec47119-1e98-4593-8816-0c734993e8d4 found for delete ", "request_id": "req-962235cf-0407-480e-8b80-6ff3f93d0fe6"}]}
2026-08-28 05:20:55.938 10 INFO neutron.wsgi [None req-40884a20-e6d2-45b2-96e0-a9bd99abc5a4 3074592fb39f4fa59b6ff2758d8ab251 038fcc15ae454c2ca182dd96a2014c97 - - default default] 10.0.0.74 "DELETE /v2.0/networks/b43dac77-b8f4-4a1f-a50b-3b1c5b5ea62e HTTP/1.1" status: 204 len: 168 time: 0.5290401
2026-08-28 05:20:56.009 9 WARNING neutron.scheduler.dhcp_agent_scheduler [None req-481b7a19-dcd4-407f-a501-136c8285b6ca eb764ed209874bc0848a362e575917b6 92f768706dff4d36aeac4a9f6e6a408c - - default default] No more DHCP agents
2026-08-28 05:20:56.011 9 WARNING neutron.api.rpc.agentnotifiers.dhcp_rpc_agent_api [None req-481b7a19-dcd4-407f-a501-136c8285b6ca eb764ed209874bc0848a362e575917b6 92f768706dff4d36aeac4a9f6e6a408c - - default default] Unable to schedule network 9846d87b-56ca-427f-93ce-f474db9e01d8: no agents available; will retry on subsequent port and subnet creation events.
2026-08-28 05:20:56.394 9 INFO neutron.db.ovn_revision_numbers_db [None req-481b7a19-dcd4-407f-a501-136c8285b6ca eb764ed209874bc0848a362e575917b6 92f768706dff4d36aeac4a9f6e6a408c - - default default] Successfully bumped revision number for resource cc49d133-a065-4ecc-9390-af409c05177f (type: ports) to 2
2026-08-28 05:20:56.424 9 INFO neutron.db.ovn_revision_numbers_db [None req-481b7a19-dcd4-407f-a501-136c8285b6ca eb764ed209874bc0848a362e575917b6 92f768706dff4d36aeac4a9f6e6a408c - - default default] Successfully bumped revision number for resource 3d14b946-df76-4789-9f85-3efdacda2480 (type: subnets) to 0
2026-08-28 05:20:56.436 9 INFO neutron.wsgi [None req-481b7a19-dcd4-407f-a501-136c8285b6ca eb764ed209874bc0848a362e575917b6 92f768706dff4d36aeac4a9f6e6a408c - - default default] 10.0.0.74 "POST /v2.0/subnets HTTP/1.1" status: 201 len: 831 time: 0.7632563
2026-08-28 05:20:56.633 9 WARNING neutron.scheduler.dhcp_agent_scheduler [None req-b7f8fc56-f1ef-4902-9f8c-986428a1000e eb764ed209874bc0848a362e575917b6 92f768706dff4d36aeac4a9f6e6a408c - - default default] No more DHCP agents
2026-08-28 05:20:56.634 9 WARNING neutron.api.rpc.agentnotifiers.dhcp_rpc_agent_api [None req-b7f8fc56-f1ef-4902-9f8c-986428a1000e eb764ed209874bc0848a362e575917b6 92f768706dff4d36aeac4a9f6e6a408c - - default default] Unable to schedule network 9846d87b-56ca-427f-93ce-f474db9e01d8: no agents available; will retry on subsequent port and subnet creation events.
2026-08-28 05:20:56.662 9 INFO neutron.db.ovn_revision_numbers_db [None req-b7f8fc56-f1ef-4902-9f8c-986428a1000e eb764ed209874bc0848a362e575917b6 92f768706dff4d36aeac4a9f6e6a408c - - default default] Successfully bumped revision number for resource 7f1cfd05-ddc7-47d8-8bd1-e395bf14502c (type: subnets) to 0
2026-08-28 05:20:56.674 9 INFO neutron.wsgi [None req-b7f8fc56-f1ef-4902-9f8c-986428a1000e eb764ed209874bc0848a362e575917b6 92f768706dff4d36aeac4a9f6e6a408c - - default default] 10.0.0.74 "POST /v2.0/subnets HTTP/1.1" status: 201 len: 905 time: 0.2327671
2026-08-28 05:20:56.936 9 INFO neutron.wsgi [None req-199f7fe2-c560-40d7-8897-8487811c2e65 33135f67f1bd4addb9e4c717e0b9cca2 554ac6df97b24ea2b7b467fe9e6819a7 - - default default] 10.0.0.74 "GET /v2.0/security-groups?tenant_id=038fcc15ae454c2ca182dd96a2014c97&name=default HTTP/1.1" status: 200 len: 2996 time: 0.2413497
2026-08-28 05:20:57.200 9 INFO neutron.wsgi [None req-92851b5c-78f3-4a7a-9f99-3f311af3a8df 33135f67f1bd4addb9e4c717e0b9cca2 554ac6df97b24ea2b7b467fe9e6819a7 - - default default] 10.0.0.74 "DELETE /v2.0/security-groups/bd6d116d-ca39-4562-a3ca-68cd6f0dd062 HTTP/1.1" status: 204 len: 168 time: 0.2580125
2026-08-28 05:20:57.216 9 WARNING neutron.scheduler.dhcp_agent_scheduler [None req-106a3243-58c8-48a2-98ca-7195b9230d86 eb764ed209874bc0848a362e575917b6 92f768706dff4d36aeac4a9f6e6a408c - - default default] No more DHCP agents
2026-08-28 05:20:57.218 9 WARNING neutron.api.rpc.agentnotifiers.dhcp_rpc_agent_api [None req-106a3243-58c8-48a2-98ca-7195b9230d86 eb764ed209874bc0848a362e575917b6 92f768706dff4d36aeac4a9f6e6a408c - - default default] Unable to schedule network 66f2af4a-aa51-4790-ab5c-e19d23192e1e: no agents available; will retry on subsequent port and subnet creation events.
2026-08-28 05:20:57.419 9 INFO neutron.db.ovn_revision_numbers_db [None req-106a3243-58c8-48a2-98ca-7195b9230d86 eb764ed209874bc0848a362e575917b6 92f768706dff4d36aeac4a9f6e6a408c - - default default] Successfully bumped revision number for resource 44049355-9f0c-4fb7-b066-8c10860f8482 (type: ports) to 1
2026-08-28 05:20:57.437 10 INFO neutron.db.ovn_revision_numbers_db [None req-d5df3b3f-19b8-4db6-8309-bddba5ae997d 33135f67f1bd4addb9e4c717e0b9cca2 554ac6df97b24ea2b7b467fe9e6819a7 - - default default] Successfully bumped revision number for resource a96858a1-b944-4344-998a-4478302c43f7 (type: security_groups) to 1
2026-08-28 05:20:57.456 10 INFO neutron.db.ovn_revision_numbers_db [None req-d5df3b3f-19b8-4db6-8309-bddba5ae997d 33135f67f1bd4addb9e4c717e0b9cca2 554ac6df97b24ea2b7b467fe9e6819a7 - - default default] Successfully bumped revision number for resource 5779c561-8064-41a7-abae-d4fad38529c9 (type: security_group_rules) to 0
2026-08-28 05:20:57.469 10 INFO neutron.db.ovn_revision_numbers_db [None req-d5df3b3f-19b8-4db6-8309-bddba5ae997d 33135f67f1bd4addb9e4c717e0b9cca2 554ac6df97b24ea2b7b467fe9e6819a7 - - default default] Successfully bumped revision number for resource 6daca97c-6255-4513-b233-37a60328719e (type: security_group_rules) to 0
2026-08-28 05:20:57.484 10 INFO neutron.db.ovn_revision_numbers_db [None req-d5df3b3f-19b8-4db6-8309-bddba5ae997d 33135f67f1bd4addb9e4c717e0b9cca2 554ac6df97b24ea2b7b467fe9e6819a7 - - default default] Successfully bumped revision number for resource 847617e3-d57e-4f51-b60a-b56afda65d41 (type: security_group_rules) to 0
2026-08-28 05:20:57.497 10 INFO neutron.db.ovn_revision_numbers_db [None req-d5df3b3f-19b8-4db6-8309-bddba5ae997d 33135f67f1bd4addb9e4c717e0b9cca2 554ac6df97b24ea2b7b467fe9e6819a7 - - default default] Successfully bumped revision number for resource e47dcd97-9180-446e-ab4d-ae8debdf03fc (type: security_group_rules) to 0
2026-08-28 05:20:57.515 10 INFO neutron.wsgi [None req-d5df3b3f-19b8-4db6-8309-bddba5ae997d 33135f67f1bd4addb9e4c717e0b9cca2 554ac6df97b24ea2b7b467fe9e6819a7 - - default default] 10.0.0.74 "GET /v2.0/security-groups?tenant_id=adc5862bc20b4f059c46bb08e5caa5f7&name=default HTTP/1.1" status: 200 len: 2996 time: 0.1857269
2026-08-28 05:20:57.750 10 INFO neutron.wsgi [None req-845041ab-b681-4a8a-abb2-03b90744342f 33135f67f1bd4addb9e4c717e0b9cca2 554ac6df97b24ea2b7b467fe9e6819a7 - - default default] 10.0.0.74 "DELETE /v2.0/security-groups/a96858a1-b944-4344-998a-4478302c43f7 HTTP/1.1" status: 204 len: 168 time: 0.2299361
2026-08-28 05:20:58.059 10 INFO neutron.plugins.ml2.drivers.ovn.mech_driver.mech_driver [None req-357225a1-d873-437a-91e3-826650292d12 - - - - - -] OVN reports status up for port: 44049355-9f0c-4fb7-b066-8c10860f8482
2026-08-28 05:20:58.069 10 INFO neutron.plugins.ml2.drivers.ovn.mech_driver.ovsdb.ovsdb_monitor [None req-44d8a19a-f7c9-45ae-beee-b39bac4a9bb4 - - - - - -] Router d715b056-4482-4134-8b34-2bb044592aa8 is bound to host instance
2026-08-28 05:20:58.075 10 INFO neutron.wsgi [req-1b5e1172-1917-4f7e-a22c-a60c37bf5397 req-437e0617-2a4a-46e1-bc5b-3b12e9b71cb6 a45cfbf5301f4b66b2d2979c1357e31a 772c60c6023a4860b2a78696266f39d4 - - 8cefee79c7304dcf9c6f274a61c7b886 8cefee79c7304dcf9c6f274a61c7b886] 162.253.55.38 "GET /v2.0/ports?device_id=e7890aaa-d55e-4777-94d8-ed3b1451c263&fields=binding%3Ahost_id&fields=binding%3Avif_type HTTP/1.1" status: 200 len: 265 time: 0.0520856
2026-08-28 05:20:58.075 10 INFO neutron.plugins.ml2.plugin [None req-357225a1-d873-437a-91e3-826650292d12 - - - - - -] Attempt 1 to provision port 44049355-9f0c-4fb7-b066-8c10860f8482
2026-08-28 05:20:58.102 9 INFO neutron.db.ovn_revision_numbers_db [None req-106a3243-58c8-48a2-98ca-7195b9230d86 eb764ed209874bc0848a362e575917b6 92f768706dff4d36aeac4a9f6e6a408c - - default default] Successfully bumped revision number for resource 44049355-9f0c-4fb7-b066-8c10860f8482 (type: router_ports) to 1
2026-08-28 05:20:58.167 10 INFO neutron.wsgi [req-1b5e1172-1917-4f7e-a22c-a60c37bf5397 req-5623ae6d-e0c3-48bf-9126-c78331efa5e1 a45cfbf5301f4b66b2d2979c1357e31a 772c60c6023a4860b2a78696266f39d4 - - 8cefee79c7304dcf9c6f274a61c7b886 8cefee79c7304dcf9c6f274a61c7b886] 162.253.55.38 "GET /v2.0/ports?tenant_id=66e2a27795dd4011a81426b5b2f0f812&device_id=e7890aaa-d55e-4777-94d8-ed3b1451c263 HTTP/1.1" status: 200 len: 1448 time: 0.0409586
2026-08-28 05:20:58.198 9 INFO neutron.db.ovn_revision_numbers_db [None req-106a3243-58c8-48a2-98ca-7195b9230d86 eb764ed209874bc0848a362e575917b6 92f768706dff4d36aeac4a9f6e6a408c - - default default] Successfully bumped revision number for resource d715b056-4482-4134-8b34-2bb044592aa8 (type: routers) to 2
2026-08-28 05:20:58.217 9 INFO neutron.wsgi [None req-106a3243-58c8-48a2-98ca-7195b9230d86 eb764ed209874bc0848a362e575917b6 92f768706dff4d36aeac4a9f6e6a408c - - default default] 10.0.0.74 "POST /v2.0/routers HTTP/1.1" status: 201 len: 864 time: 1.5367610
2026-08-28 05:20:58.259 10 INFO neutron.wsgi [req-1b5e1172-1917-4f7e-a22c-a60c37bf5397 req-4d8ed66b-7df8-4828-ad84-b4bb1de5e65f a45cfbf5301f4b66b2d2979c1357e31a 772c60c6023a4860b2a78696266f39d4 - - 8cefee79c7304dcf9c6f274a61c7b886 8cefee79c7304dcf9c6f274a61c7b886] 162.253.55.38 "GET /v2.0/networks?id=a21c6357-35dc-42e1-a55a-d0f2f4ca60e6 HTTP/1.1" status: 200 len: 971 time: 0.0699699
2026-08-28 05:20:58.311 10 INFO neutron.wsgi [req-1b5e1172-1917-4f7e-a22c-a60c37bf5397 req-7254e626-ae62-402a-a8e5-94ed0823ba31 a45cfbf5301f4b66b2d2979c1357e31a 772c60c6023a4860b2a78696266f39d4 - - 8cefee79c7304dcf9c6f274a61c7b886 8cefee79c7304dcf9c6f274a61c7b886] 162.253.55.38 "GET /v2.0/floatingips?fixed_ip_address=10.100.0.3&port_id=b9e94448-e68f-4e5d-912b-471f22be26b8 HTTP/1.1" status: 200 len: 1059 time: 0.0453923
2026-08-28 05:20:58.361 10 INFO neutron.wsgi [req-1b5e1172-1917-4f7e-a22c-a60c37bf5397 req-2a06e428-b8ba-4886-9203-ca758b98e377 a45cfbf5301f4b66b2d2979c1357e31a 772c60c6023a4860b2a78696266f39d4 - - 8cefee79c7304dcf9c6f274a61c7b886 8cefee79c7304dcf9c6f274a61c7b886] 162.253.55.38 "GET /v2.0/subnets?id=05a1dab7-507e-459d-b098-37ea3af11856 HTTP/1.1" status: 200 len: 866 time: 0.0419939
2026-08-28 05:20:58.390 10 INFO neutron.wsgi [req-1b5e1172-1917-4f7e-a22c-a60c37bf5397 req-cc797839-07c6-463f-b861-c961579494f3 a45cfbf5301f4b66b2d2979c1357e31a 772c60c6023a4860b2a78696266f39d4 - - 8cefee79c7304dcf9c6f274a61c7b886 8cefee79c7304dcf9c6f274a61c7b886] 162.253.55.38 "GET /v2.0/ports?network_id=a21c6357-35dc-42e1-a55a-d0f2f4ca60e6&device_owner=network%3Adhcp HTTP/1.1" status: 200 len: 210 time: 0.0206292
2026-08-28 05:20:58.474 10 INFO neutron.wsgi [req-1b5e1172-1917-4f7e-a22c-a60c37bf5397 req-4020a5f9-15b9-49ae-bb5d-60f2d211ce2a a45cfbf5301f4b66b2d2979c1357e31a 772c60c6023a4860b2a78696266f39d4 - - 8cefee79c7304dcf9c6f274a61c7b886 8cefee79c7304dcf9c6f274a61c7b886] 162.253.55.38 "GET /v2.0/networks/a21c6357-35dc-42e1-a55a-d0f2f4ca60e6?fields=segments HTTP/1.1" status: 200 len: 212 time: 0.0775795
2026-08-28 05:20:58.540 10 INFO neutron.wsgi [req-1b5e1172-1917-4f7e-a22c-a60c37bf5397 req-8e0840f4-0cb4-496a-bdbf-a7a7cece412c a45cfbf5301f4b66b2d2979c1357e31a 772c60c6023a4860b2a78696266f39d4 - - 8cefee79c7304dcf9c6f274a61c7b886 8cefee79c7304dcf9c6f274a61c7b886] 162.253.55.38 "GET /v2.0/networks/a21c6357-35dc-42e1-a55a-d0f2f4ca60e6?fields=provider%3Aphysical_network&fields=provider%3Anetwork_type HTTP/1.1" status: 200 len: 277 time: 0.0599277
2026-08-28 05:20:58.667 10 INFO neutron.db.ovn_revision_numbers_db [None req-44d8a19a-f7c9-45ae-beee-b39bac4a9bb4 - - - - - -] Successfully bumped revision number for resource 44049355-9f0c-4fb7-b066-8c10860f8482 (type: ports) to 1
2026-08-28 05:20:58.686 9 WARNING neutron.scheduler.dhcp_agent_scheduler [None req-f7464657-c9b2-497c-ac24-500727b2f856 eb764ed209874bc0848a362e575917b6 92f768706dff4d36aeac4a9f6e6a408c - - default default] No more DHCP agents
2026-08-28 05:20:58.690 9 WARNING neutron.api.rpc.agentnotifiers.dhcp_rpc_agent_api [None req-f7464657-c9b2-497c-ac24-500727b2f856 eb764ed209874bc0848a362e575917b6 92f768706dff4d36aeac4a9f6e6a408c - - default default] Unable to schedule network a8edb13b-9906-456e-b38f-12a699b3d178: no agents available; will retry on subsequent port and subnet creation events.
2026-08-28 05:20:58.853 9 INFO neutron.db.ovn_revision_numbers_db [None req-f7464657-c9b2-497c-ac24-500727b2f856 eb764ed209874bc0848a362e575917b6 92f768706dff4d36aeac4a9f6e6a408c - - default default] Successfully bumped revision number for resource db36d679-7d0d-4adb-b2c9-17e009c61c99 (type: ports) to 1
2026-08-28 05:20:58.905 10 INFO neutron.db.ovn_revision_numbers_db [None req-44d8a19a-f7c9-45ae-beee-b39bac4a9bb4 - - - - - -] Successfully bumped revision number for resource 44049355-9f0c-4fb7-b066-8c10860f8482 (type: router_ports) to 3
2026-08-28 05:20:59.070 10 INFO neutron.db.ovn_revision_numbers_db [None req-44d8a19a-f7c9-45ae-beee-b39bac4a9bb4 - - - - - -] Successfully bumped revision number for resource 44049355-9f0c-4fb7-b066-8c10860f8482 (type: ports) to 2
2026-08-28 05:20:59.322 10 INFO neutron.db.ovn_revision_numbers_db [None req-44d8a19a-f7c9-45ae-beee-b39bac4a9bb4 - - - - - -] Successfully bumped revision number for resource 44049355-9f0c-4fb7-b066-8c10860f8482 (type: ports) to 4
2026-08-28 05:20:59.610 10 INFO neutron.db.ovn_revision_numbers_db [None req-44d8a19a-f7c9-45ae-beee-b39bac4a9bb4 - - - - - -] Successfully bumped revision number for resource 44049355-9f0c-4fb7-b066-8c10860f8482 (type: router_ports) to 4
2026-08-28 05:20:59.635 9 INFO neutron.db.ovn_revision_numbers_db [None req-f7464657-c9b2-497c-ac24-500727b2f856 eb764ed209874bc0848a362e575917b6 92f768706dff4d36aeac4a9f6e6a408c - - default default] Successfully bumped revision number for resource db36d679-7d0d-4adb-b2c9-17e009c61c99 (type: router_ports) to 1
2026-08-28 05:20:59.804 9 INFO neutron.db.ovn_revision_numbers_db [None req-f7464657-c9b2-497c-ac24-500727b2f856 eb764ed209874bc0848a362e575917b6 92f768706dff4d36aeac4a9f6e6a408c - - default default] Successfully bumped revision number for resource db36d679-7d0d-4adb-b2c9-17e009c61c99 (type: ports) to 1
2026-08-28 05:20:59.891 9 WARNING neutron.scheduler.dhcp_agent_scheduler [None req-f7464657-c9b2-497c-ac24-500727b2f856 eb764ed209874bc0848a362e575917b6 92f768706dff4d36aeac4a9f6e6a408c - - default default] No more DHCP agents
2026-08-28 05:20:59.892 9 WARNING neutron.api.rpc.agentnotifiers.dhcp_rpc_agent_api [None req-f7464657-c9b2-497c-ac24-500727b2f856 eb764ed209874bc0848a362e575917b6 92f768706dff4d36aeac4a9f6e6a408c - - default default] Unable to schedule network a8edb13b-9906-456e-b38f-12a699b3d178: no agents available; will retry on subsequent port and subnet creation events.
2026-08-28 05:21:00.233 9 INFO neutron.db.ovn_revision_numbers_db [None req-f7464657-c9b2-497c-ac24-500727b2f856 eb764ed209874bc0848a362e575917b6 92f768706dff4d36aeac4a9f6e6a408c - - default default] Successfully bumped revision number for resource db36d679-7d0d-4adb-b2c9-17e009c61c99 (type: router_ports) to 1
2026-08-28 05:21:00.235 9 INFO neutron.wsgi [None req-f7464657-c9b2-497c-ac24-500727b2f856 eb764ed209874bc0848a362e575917b6 92f768706dff4d36aeac4a9f6e6a408c - - default default] 10.0.0.74 "PUT /v2.0/routers/d715b056-4482-4134-8b34-2bb044592aa8/add_router_interface HTTP/1.1" status: 200 len: 503 time: 2.0127158
2026-08-28 05:21:00.363 10 INFO neutron.db.ovn_revision_numbers_db [None req-f7a5156b-681b-456c-9a50-0f0781f646cc 33135f67f1bd4addb9e4c717e0b9cca2 554ac6df97b24ea2b7b467fe9e6819a7 - - default default] Successfully bumped revision number for resource e15f0180-65d3-49eb-936f-0689d1835d9a (type: security_groups) to 1
2026-08-28 05:21:00.381 10 INFO neutron.db.ovn_revision_numbers_db [None req-f7a5156b-681b-456c-9a50-0f0781f646cc 33135f67f1bd4addb9e4c717e0b9cca2 554ac6df97b24ea2b7b467fe9e6819a7 - - default default] Successfully bumped revision number for resource 3114dd14-85fd-48cf-ad53-9df427c78c65 (type: security_group_rules) to 0
2026-08-28 05:21:00.395 10 INFO neutron.db.ovn_revision_numbers_db [None req-f7a5156b-681b-456c-9a50-0f0781f646cc 33135f67f1bd4addb9e4c717e0b9cca2 554ac6df97b24ea2b7b467fe9e6819a7 - - default default] Successfully bumped revision number for resource 8d3e0a9d-44f9-41e2-b56b-a10979ee7e2a (type: security_group_rules) to 0
2026-08-28 05:21:00.412 10 INFO neutron.db.ovn_revision_numbers_db [None req-f7a5156b-681b-456c-9a50-0f0781f646cc 33135f67f1bd4addb9e4c717e0b9cca2 554ac6df97b24ea2b7b467fe9e6819a7 - - default default] Successfully bumped revision number for resource e275cca1-7b98-4c84-8c59-72ff190037f3 (type: security_group_rules) to 0
2026-08-28 05:21:00.427 10 INFO neutron.db.ovn_revision_numbers_db [None req-f7a5156b-681b-456c-9a50-0f0781f646cc 33135f67f1bd4addb9e4c717e0b9cca2 554ac6df97b24ea2b7b467fe9e6819a7 - - default default] Successfully bumped revision number for resource f8b75759-7fe6-4a26-b14e-06f358026e5b (type: security_group_rules) to 0
2026-08-28 05:21:00.455 10 INFO neutron.wsgi [None req-f7a5156b-681b-456c-9a50-0f0781f646cc 33135f67f1bd4addb9e4c717e0b9cca2 554ac6df97b24ea2b7b467fe9e6819a7 - - default default] 10.0.0.74 "GET /v2.0/security-groups?tenant_id=b1a1ad1df9374a5a81b60a76a9ef6cdb&name=default HTTP/1.1" status: 200 len: 2996 time: 0.3356988
2026-08-28 05:21:00.622 10 INFO neutron.wsgi [None req-02aec8a5-ca6c-4ece-b9e1-f04769dcf927 33135f67f1bd4addb9e4c717e0b9cca2 554ac6df97b24ea2b7b467fe9e6819a7 - - default default] 10.0.0.74 "DELETE /v2.0/security-groups/e15f0180-65d3-49eb-936f-0689d1835d9a HTTP/1.1" status: 204 len: 168 time: 0.1613615
2026-08-28 05:21:00.692 9 WARNING neutron.scheduler.dhcp_agent_scheduler [None req-3627b5a1-3764-4c01-bed8-5dff3ad3327d eb764ed209874bc0848a362e575917b6 92f768706dff4d36aeac4a9f6e6a408c - - default default] No more DHCP agents
2026-08-28 05:21:00.694 9 WARNING neutron.api.rpc.agentnotifiers.dhcp_rpc_agent_api [None req-3627b5a1-3764-4c01-bed8-5dff3ad3327d eb764ed209874bc0848a362e575917b6 92f768706dff4d36aeac4a9f6e6a408c - - default default] Unable to schedule network 3ac0e8ef-398b-4780-8049-89704ac3322f: no agents available; will retry on subsequent port and subnet creation events.
2026-08-28 05:21:00.867 9 INFO neutron.db.ovn_revision_numbers_db [None req-3627b5a1-3764-4c01-bed8-5dff3ad3327d eb764ed209874bc0848a362e575917b6 92f768706dff4d36aeac4a9f6e6a408c - - default default] Successfully bumped revision number for resource a1b39396-efb7-48a5-9c0f-6d868c6b5bc5 (type: ports) to 1
2026-08-28 05:21:01.013 10 INFO neutron.plugins.ml2.drivers.ovn.mech_driver.mech_driver [None req-357225a1-d873-437a-91e3-826650292d12 - - - - - -] OVN reports status up for port: db36d679-7d0d-4adb-b2c9-17e009c61c99
2026-08-28 05:21:01.023 10 INFO neutron.plugins.ml2.plugin [None req-357225a1-d873-437a-91e3-826650292d12 - - - - - -] Attempt 1 to provision port db36d679-7d0d-4adb-b2c9-17e009c61c99
2026-08-28 05:21:01.292 10 INFO neutron.db.ovn_revision_numbers_db [None req-357225a1-d873-437a-91e3-826650292d12 - - - - - -] Successfully bumped revision number for resource db36d679-7d0d-4adb-b2c9-17e009c61c99 (type: ports) to 2
2026-08-28 05:21:01.299 9 INFO neutron.plugins.ml2.drivers.ovn.mech_driver.mech_driver [None req-f1ee25d0-118e-43bc-b489-bd59cbe78a1e - - - - - -] OVN reports status up for port: a1b39396-efb7-48a5-9c0f-6d868c6b5bc5
2026-08-28 05:21:01.310 9 INFO neutron.plugins.ml2.plugin [None req-f1ee25d0-118e-43bc-b489-bd59cbe78a1e - - - - - -] Attempt 1 to provision port a1b39396-efb7-48a5-9c0f-6d868c6b5bc5
2026-08-28 05:21:01.320 9 INFO neutron.db.ovn_revision_numbers_db [None req-3627b5a1-3764-4c01-bed8-5dff3ad3327d eb764ed209874bc0848a362e575917b6 92f768706dff4d36aeac4a9f6e6a408c - - default default] Successfully bumped revision number for resource a1b39396-efb7-48a5-9c0f-6d868c6b5bc5 (type: router_ports) to 1
2026-08-28 05:21:01.419 10 INFO neutron.db.ovn_revision_numbers_db [None req-357225a1-d873-437a-91e3-826650292d12 - - - - - -] Successfully bumped revision number for resource db36d679-7d0d-4adb-b2c9-17e009c61c99 (type: router_ports) to 2
2026-08-28 05:21:01.495 9 INFO neutron.db.ovn_revision_numbers_db [None req-3627b5a1-3764-4c01-bed8-5dff3ad3327d eb764ed209874bc0848a362e575917b6 92f768706dff4d36aeac4a9f6e6a408c - - default default] Successfully bumped revision number for resource a1b39396-efb7-48a5-9c0f-6d868c6b5bc5 (type: ports) to 1
2026-08-28 05:21:01.591 9 WARNING neutron.scheduler.dhcp_agent_scheduler [None req-3627b5a1-3764-4c01-bed8-5dff3ad3327d eb764ed209874bc0848a362e575917b6 92f768706dff4d36aeac4a9f6e6a408c - - default default] No more DHCP agents
2026-08-28 05:21:01.594 9 WARNING neutron.api.rpc.agentnotifiers.dhcp_rpc_agent_api [None req-3627b5a1-3764-4c01-bed8-5dff3ad3327d eb764ed209874bc0848a362e575917b6 92f768706dff4d36aeac4a9f6e6a408c - - default default] Unable to schedule network 3ac0e8ef-398b-4780-8049-89704ac3322f: no agents available; will retry on subsequent port and subnet creation events.
2026-08-28 05:21:01.636 9 INFO neutron.db.ovn_revision_numbers_db [None req-f1ee25d0-118e-43bc-b489-bd59cbe78a1e - - - - - -] Successfully bumped revision number for resource a1b39396-efb7-48a5-9c0f-6d868c6b5bc5 (type: ports) to 2
2026-08-28 05:21:01.826 9 INFO neutron.db.ovn_revision_numbers_db [None req-f1ee25d0-118e-43bc-b489-bd59cbe78a1e - - - - - -] Successfully bumped revision number for resource a1b39396-efb7-48a5-9c0f-6d868c6b5bc5 (type: router_ports) to 2
2026-08-28 05:21:02.020 9 INFO neutron.db.ovn_revision_numbers_db [None req-3627b5a1-3764-4c01-bed8-5dff3ad3327d eb764ed209874bc0848a362e575917b6 92f768706dff4d36aeac4a9f6e6a408c - - default default] Successfully bumped revision number for resource a1b39396-efb7-48a5-9c0f-6d868c6b5bc5 (type: router_ports) to 2
2026-08-28 05:21:02.023 9 INFO neutron.wsgi [None req-3627b5a1-3764-4c01-bed8-5dff3ad3327d eb764ed209874bc0848a362e575917b6 92f768706dff4d36aeac4a9f6e6a408c - - default default] 10.0.0.74 "PUT /v2.0/routers/d715b056-4482-4134-8b34-2bb044592aa8/add_router_interface HTTP/1.1" status: 200 len: 503 time: 1.7842071
2026-08-28 05:21:02.480 10 INFO neutron.db.ovn_revision_numbers_db [None req-fcd95420-06f4-4290-915e-890668b2da04 1b8ea750648945f89f7ef8229ca0b009 7bd2b615ee5646a78bc4a03b95a74946 - - default default] Successfully bumped revision number for resource 5c3153b0-14ff-4a9a-96f2-e2475977897e (type: security_groups) to 1
2026-08-28 05:21:02.494 10 INFO neutron.db.ovn_revision_numbers_db [None req-fcd95420-06f4-4290-915e-890668b2da04 1b8ea750648945f89f7ef8229ca0b009 7bd2b615ee5646a78bc4a03b95a74946 - - default default] Successfully bumped revision number for resource 25dfc83d-a768-4a17-8423-80eb11b820c6 (type: security_group_rules) to 0
2026-08-28 05:21:02.506 10 INFO neutron.db.ovn_revision_numbers_db [None req-fcd95420-06f4-4290-915e-890668b2da04 1b8ea750648945f89f7ef8229ca0b009 7bd2b615ee5646a78bc4a03b95a74946 - - default default] Successfully bumped revision number for resource 8825b2c3-9539-4331-be26-d50c0f6c3296 (type: security_group_rules) to 0
2026-08-28 05:21:02.522 10 INFO neutron.db.ovn_revision_numbers_db [None req-fcd95420-06f4-4290-915e-890668b2da04 1b8ea750648945f89f7ef8229ca0b009 7bd2b615ee5646a78bc4a03b95a74946 - - default default] Successfully bumped revision number for resource b9caf6b9-6a81-46e3-899a-d0a1001b6e11 (type: security_group_rules) to 0
2026-08-28 05:21:02.536 10 INFO neutron.db.ovn_revision_numbers_db [None req-fcd95420-06f4-4290-915e-890668b2da04 1b8ea750648945f89f7ef8229ca0b009 7bd2b615ee5646a78bc4a03b95a74946 - - default default] Successfully bumped revision number for resource d397c428-90f8-4eb4-8539-1c76ca9328dd (type: security_group_rules) to 0
2026-08-28 05:21:02.599 10 INFO neutron.db.segments_db [None req-fcd95420-06f4-4290-915e-890668b2da04 1b8ea750648945f89f7ef8229ca0b009 7bd2b615ee5646a78bc4a03b95a74946 - - default default] Added segment e1e16977-f5fe-4e1e-8560-a9a69f09b898 of type geneve for network 074331ba-1576-4c65-960c-7009f1e62a78
2026-08-28 05:21:02.615 9 WARNING neutron.scheduler.dhcp_agent_scheduler [None req-7f65c23d-75b1-4201-947d-bd76494e084f eb764ed209874bc0848a362e575917b6 92f768706dff4d36aeac4a9f6e6a408c - - default default] No more DHCP agents
2026-08-28 05:21:02.617 9 WARNING neutron.api.rpc.agentnotifiers.dhcp_rpc_agent_api [None req-7f65c23d-75b1-4201-947d-bd76494e084f eb764ed209874bc0848a362e575917b6 92f768706dff4d36aeac4a9f6e6a408c - - default default] Unable to schedule network 9846d87b-56ca-427f-93ce-f474db9e01d8: no agents available; will retry on subsequent port and subnet creation events.
2026-08-28 05:21:02.732 10 INFO neutron.db.ovn_revision_numbers_db [None req-fcd95420-06f4-4290-915e-890668b2da04 1b8ea750648945f89f7ef8229ca0b009 7bd2b615ee5646a78bc4a03b95a74946 - - default default] Successfully bumped revision number for resource 074331ba-1576-4c65-960c-7009f1e62a78 (type: networks) to 1
2026-08-28 05:21:02.736 9 INFO neutron.db.ovn_revision_numbers_db [None req-7f65c23d-75b1-4201-947d-bd76494e084f eb764ed209874bc0848a362e575917b6 92f768706dff4d36aeac4a9f6e6a408c - - default default] Successfully bumped revision number for resource 53b2eed5-f0ad-4df3-b76c-593dc3b0fb15 (type: ports) to 1
2026-08-28 05:21:02.964 9 INFO neutron.wsgi [req-2ccec965-a58a-4db8-9f24-a765dff9e743 req-8a476d44-33bc-4aed-97fc-cd73c3885b35 1fa89604f4ab4b82aa93d26188607ccf 66e2a27795dd4011a81426b5b2f0f812 - - default default] 10.0.0.225 "GET /v2.0/ports?device_id=e7890aaa-d55e-4777-94d8-ed3b1451c263 HTTP/1.1" status: 200 len: 1210 time: 0.1278110
2026-08-28 05:21:03.023 9 INFO neutron.wsgi [req-2ccec965-a58a-4db8-9f24-a765dff9e743 req-f8204292-9e3c-429e-a7b3-25c4bfec2157 1fa89604f4ab4b82aa93d26188607ccf 66e2a27795dd4011a81426b5b2f0f812 - - default default] 10.0.0.225 "GET /v2.0/security-groups?id=8436ae1d-8ee9-420f-8d10-81ae0344a30d&id=c754ecce-f2e2-4067-a474-b0227a6b3b5a&fields=id&fields=name HTTP/1.1" status: 200 len: 404 time: 0.0520720
2026-08-28 05:21:03.111 10 WARNING neutron.scheduler.dhcp_agent_scheduler [None req-fcd95420-06f4-4290-915e-890668b2da04 1b8ea750648945f89f7ef8229ca0b009 7bd2b615ee5646a78bc4a03b95a74946 - - default default] No more DHCP agents
2026-08-28 05:21:03.113 10 WARNING neutron.api.rpc.agentnotifiers.dhcp_rpc_agent_api [None req-fcd95420-06f4-4290-915e-890668b2da04 1b8ea750648945f89f7ef8229ca0b009 7bd2b615ee5646a78bc4a03b95a74946 - - default default] Unable to schedule network 074331ba-1576-4c65-960c-7009f1e62a78: no agents available; will retry on subsequent port and subnet creation events.
2026-08-28 05:21:03.201 10 INFO neutron.db.ovn_revision_numbers_db [None req-fcd95420-06f4-4290-915e-890668b2da04 1b8ea750648945f89f7ef8229ca0b009 7bd2b615ee5646a78bc4a03b95a74946 - - default default] Successfully bumped revision number for resource c4d6f9fe-0cfb-405f-985b-4248ba7f2541 (type: ports) to 1
2026-08-28 05:21:03.229 10 INFO neutron.wsgi [None req-fcd95420-06f4-4290-915e-890668b2da04 1b8ea750648945f89f7ef8229ca0b009 7bd2b615ee5646a78bc4a03b95a74946 - - default default] 10.0.0.74 "POST /v2.0/networks HTTP/1.1" status: 201 len: 831 time: 1.0546629
2026-08-28 05:21:03.241 10 INFO neutron.wsgi [None req-e67cfae6-59e5-4c3b-ad6f-f958bf5eafd9 5d55939f00f54d87ba35d9522580f677 7973cc0ae6944e5f8b7b5ffd70287309 - - default default] 10.0.0.74 "GET /v2.0/ports?device_id=e7890aaa-d55e-4777-94d8-ed3b1451c263 HTTP/1.1" status: 200 len: 1443 time: 0.1818409
2026-08-28 05:21:03.296 10 INFO neutron.wsgi [None req-2987a683-3a95-440c-84eb-16be7b4f2c6e 1fa89604f4ab4b82aa93d26188607ccf 66e2a27795dd4011a81426b5b2f0f812 - - default default] 10.0.0.74 "GET /v2.0/floatingips?floating_network_id=66f2af4a-aa51-4790-ab5c-e19d23192e1e&port_id=b9e94448-e68f-4e5d-912b-471f22be26b8 HTTP/1.1" status: 200 len: 1054 time: 0.0513072
2026-08-28 05:21:03.362 9 INFO neutron.db.segments_db [None req-fd891d6e-de03-4484-b93c-748c0a9c863c 1b8ea750648945f89f7ef8229ca0b009 7bd2b615ee5646a78bc4a03b95a74946 - - default default] Added segment 4dcbc13c-0fbc-4339-9a09-128c935b8126 of type geneve for network 3999fc23-4f87-4a3b-9f58-ef68a0b18d85
2026-08-28 05:21:03.365 9 INFO neutron.db.ovn_revision_numbers_db [None req-7f65c23d-75b1-4201-947d-bd76494e084f eb764ed209874bc0848a362e575917b6 92f768706dff4d36aeac4a9f6e6a408c - - default default] Successfully bumped revision number for resource 53b2eed5-f0ad-4df3-b76c-593dc3b0fb15 (type: router_ports) to 1
2026-08-28 05:21:03.515 10 INFO neutron.wsgi [req-18fe1e59-b3f4-491b-adf1-c9e37c36d8f4 req-2f75e438-e4e2-412d-9d6c-da624c08c732 a45cfbf5301f4b66b2d2979c1357e31a 772c60c6023a4860b2a78696266f39d4 - - 8cefee79c7304dcf9c6f274a61c7b886 8cefee79c7304dcf9c6f274a61c7b886] 10.0.0.197 "GET /v2.0/ports?device_id=e7890aaa-d55e-4777-94d8-ed3b1451c263 HTTP/1.1" status: 200 len: 1448 time: 0.0401628
2026-08-28 05:21:03.546 9 INFO neutron.db.ovn_revision_numbers_db [None req-fd891d6e-de03-4484-b93c-748c0a9c863c 1b8ea750648945f89f7ef8229ca0b009 7bd2b615ee5646a78bc4a03b95a74946 - - default default] Successfully bumped revision number for resource 3999fc23-4f87-4a3b-9f58-ef68a0b18d85 (type: networks) to 1
2026-08-28 05:21:03.552 10 INFO neutron.wsgi [req-18fe1e59-b3f4-491b-adf1-c9e37c36d8f4 req-5fe4852f-bd2c-4c76-8fbd-3b17c2ff74d3 a45cfbf5301f4b66b2d2979c1357e31a 772c60c6023a4860b2a78696266f39d4 - - 8cefee79c7304dcf9c6f274a61c7b886 8cefee79c7304dcf9c6f274a61c7b886] 10.0.0.197 "GET /v2.0/security-groups?id=8436ae1d-8ee9-420f-8d10-81ae0344a30d&id=c754ecce-f2e2-4067-a474-b0227a6b3b5a&fields=id&fields=name HTTP/1.1" status: 200 len: 404 time: 0.0327048
2026-08-28 05:21:03.625 9 INFO neutron.db.ovn_revision_numbers_db [None req-7f65c23d-75b1-4201-947d-bd76494e084f eb764ed209874bc0848a362e575917b6 92f768706dff4d36aeac4a9f6e6a408c - - default default] Successfully bumped revision number for resource 53b2eed5-f0ad-4df3-b76c-593dc3b0fb15 (type: ports) to 1
2026-08-28 05:21:03.726 9 WARNING neutron.scheduler.dhcp_agent_scheduler [None req-7f65c23d-75b1-4201-947d-bd76494e084f eb764ed209874bc0848a362e575917b6 92f768706dff4d36aeac4a9f6e6a408c - - default default] No more DHCP agents
2026-08-28 05:21:03.732 9 WARNING neutron.api.rpc.agentnotifiers.dhcp_rpc_agent_api [None req-7f65c23d-75b1-4201-947d-bd76494e084f eb764ed209874bc0848a362e575917b6 92f768706dff4d36aeac4a9f6e6a408c - - default default] Unable to schedule network 9846d87b-56ca-427f-93ce-f474db9e01d8: no agents available; will retry on subsequent port and subnet creation events.
2026-08-28 05:21:03.813 9 WARNING neutron.scheduler.dhcp_agent_scheduler [None req-fd891d6e-de03-4484-b93c-748c0a9c863c 1b8ea750648945f89f7ef8229ca0b009 7bd2b615ee5646a78bc4a03b95a74946 - - default default] No more DHCP agents
2026-08-28 05:21:03.817 9 WARNING neutron.api.rpc.agentnotifiers.dhcp_rpc_agent_api [None req-fd891d6e-de03-4484-b93c-748c0a9c863c 1b8ea750648945f89f7ef8229ca0b009 7bd2b615ee5646a78bc4a03b95a74946 - - default default] Unable to schedule network 3999fc23-4f87-4a3b-9f58-ef68a0b18d85: no agents available; will retry on subsequent port and subnet creation events.
2026-08-28 05:21:03.939 9 INFO neutron.db.ovn_revision_numbers_db [None req-fd891d6e-de03-4484-b93c-748c0a9c863c 1b8ea750648945f89f7ef8229ca0b009 7bd2b615ee5646a78bc4a03b95a74946 - - default default] Successfully bumped revision number for resource 14e99ecf-3bb5-4524-be75-fc9bca3d954b (type: ports) to 1
2026-08-28 05:21:03.977 9 INFO neutron.wsgi [None req-fd891d6e-de03-4484-b93c-748c0a9c863c 1b8ea750648945f89f7ef8229ca0b009 7bd2b615ee5646a78bc4a03b95a74946 - - default default] 10.0.0.74 "POST /v2.0/networks HTTP/1.1" status: 201 len: 831 time: 0.7392364
2026-08-28 05:21:04.124 9 INFO neutron.db.segments_db [None req-d764d8c7-b3de-415d-a12c-a94ecdcb7da7 1b8ea750648945f89f7ef8229ca0b009 7bd2b615ee5646a78bc4a03b95a74946 - - default default] Added segment c2285802-1e5f-4cb5-9a25-168611ee8019 of type geneve for network effcd9d5-6cb1-4855-a66c-0802d5c1e936
2026-08-28 05:21:04.165 9 INFO neutron.db.ovn_revision_numbers_db [None req-7f65c23d-75b1-4201-947d-bd76494e084f eb764ed209874bc0848a362e575917b6 92f768706dff4d36aeac4a9f6e6a408c - - default default] Successfully bumped revision number for resource 53b2eed5-f0ad-4df3-b76c-593dc3b0fb15 (type: router_ports) to 1
2026-08-28 05:21:04.169 9 INFO neutron.wsgi [None req-7f65c23d-75b1-4201-947d-bd76494e084f eb764ed209874bc0848a362e575917b6 92f768706dff4d36aeac4a9f6e6a408c - - default default] 10.0.0.74 "PUT /v2.0/routers/d715b056-4482-4134-8b34-2bb044592aa8/add_router_interface HTTP/1.1" status: 200 len: 503 time: 2.1418905
2026-08-28 05:21:04.330 10 INFO neutron.db.ovn_revision_numbers_db [None req-919eca6c-cfda-4200-b6eb-efe57da55623 eb764ed209874bc0848a362e575917b6 92f768706dff4d36aeac4a9f6e6a408c - - default default] Successfully bumped revision number for resource f7f0ebe7-0518-400c-afdc-70f3c7e255bd (type: security_groups) to 1
2026-08-28 05:21:04.349 10 INFO neutron.db.ovn_revision_numbers_db [None req-919eca6c-cfda-4200-b6eb-efe57da55623 eb764ed209874bc0848a362e575917b6 92f768706dff4d36aeac4a9f6e6a408c - - default default] Successfully bumped revision number for resource 07c8661a-a895-4896-a410-22b105bf3e33 (type: security_group_rules) to 0
2026-08-28 05:21:04.350 9 INFO neutron.db.ovn_revision_numbers_db [None req-d764d8c7-b3de-415d-a12c-a94ecdcb7da7 1b8ea750648945f89f7ef8229ca0b009 7bd2b615ee5646a78bc4a03b95a74946 - - default default] Successfully bumped revision number for resource effcd9d5-6cb1-4855-a66c-0802d5c1e936 (type: networks) to 1
2026-08-28 05:21:04.366 10 INFO neutron.db.ovn_revision_numbers_db [None req-919eca6c-cfda-4200-b6eb-efe57da55623 eb764ed209874bc0848a362e575917b6 92f768706dff4d36aeac4a9f6e6a408c - - default default] Successfully bumped revision number for resource 6c5fa8ec-7dfa-45c2-9125-64c653d3317b (type: security_group_rules) to 0
2026-08-28 05:21:04.394 10 INFO neutron.wsgi [None req-919eca6c-cfda-4200-b6eb-efe57da55623 eb764ed209874bc0848a362e575917b6 92f768706dff4d36aeac4a9f6e6a408c - - default default] 10.0.0.74 "POST /v2.0/security-groups HTTP/1.1" status: 201 len: 1763 time: 0.1579854
2026-08-28 05:21:04.542 10 INFO neutron.db.ovn_revision_numbers_db [None req-7a42d2ee-7874-4851-868f-dd9503e096c2 eb764ed209874bc0848a362e575917b6 92f768706dff4d36aeac4a9f6e6a408c - - default default] Successfully bumped revision number for resource 0b6f4598-a5fb-43ee-ad56-67ef8dbfacd1 (type: security_group_rules) to 0
2026-08-28 05:21:04.574 10 INFO neutron.wsgi [None req-7a42d2ee-7874-4851-868f-dd9503e096c2 eb764ed209874bc0848a362e575917b6 92f768706dff4d36aeac4a9f6e6a408c - - default default] 10.0.0.74 "POST /v2.0/security-group-rules HTTP/1.1" status: 201 len: 764 time: 0.1726830
2026-08-28 05:21:04.583 9 WARNING neutron.scheduler.dhcp_agent_scheduler [None req-d764d8c7-b3de-415d-a12c-a94ecdcb7da7 1b8ea750648945f89f7ef8229ca0b009 7bd2b615ee5646a78bc4a03b95a74946 - - default default] No more DHCP agents
2026-08-28 05:21:04.585 9 WARNING neutron.api.rpc.agentnotifiers.dhcp_rpc_agent_api [None req-d764d8c7-b3de-415d-a12c-a94ecdcb7da7 1b8ea750648945f89f7ef8229ca0b009 7bd2b615ee5646a78bc4a03b95a74946 - - default default] Unable to schedule network effcd9d5-6cb1-4855-a66c-0802d5c1e936: no agents available; will retry on subsequent port and subnet creation events.
2026-08-28 05:21:04.700 9 INFO neutron.db.ovn_revision_numbers_db [None req-d764d8c7-b3de-415d-a12c-a94ecdcb7da7 1b8ea750648945f89f7ef8229ca0b009 7bd2b615ee5646a78bc4a03b95a74946 - - default default] Successfully bumped revision number for resource a32de8cd-bdbe-4666-b95a-33eacb8b3550 (type: ports) to 1
2026-08-28 05:21:04.733 10 INFO neutron.db.ovn_revision_numbers_db [None req-ba1b69c9-3503-4322-9de1-5f5d3504924b eb764ed209874bc0848a362e575917b6 92f768706dff4d36aeac4a9f6e6a408c - - default default] Successfully bumped revision number for resource 21902da0-ee6c-493d-ba2e-019ce00ff67a (type: security_group_rules) to 0
2026-08-28 05:21:04.734 9 INFO neutron.wsgi [None req-d764d8c7-b3de-415d-a12c-a94ecdcb7da7 1b8ea750648945f89f7ef8229ca0b009 7bd2b615ee5646a78bc4a03b95a74946 - - default default] 10.0.0.74 "POST /v2.0/networks HTTP/1.1" status: 201 len: 830 time: 0.7524247
2026-08-28 05:21:04.759 10 INFO neutron.wsgi [None req-ba1b69c9-3503-4322-9de1-5f5d3504924b eb764ed209874bc0848a362e575917b6 92f768706dff4d36aeac4a9f6e6a408c - - default default] 10.0.0.74 "POST /v2.0/security-group-rules HTTP/1.1" status: 201 len: 764 time: 0.1806874
2026-08-28 05:21:04.930 9 INFO neutron.db.segments_db [None req-a56f4be4-c3d1-4395-8dcc-2f2ac1b162aa 1b8ea750648945f89f7ef8229ca0b009 7bd2b615ee5646a78bc4a03b95a74946 - - default default] Added segment 589be6bc-7fb5-4825-8d02-558d8302430e of type geneve for network 1abde4cc-bffa-410f-b8ab-1b317bb62721
2026-08-28 05:21:05.076 9 INFO neutron.db.ovn_revision_numbers_db [None req-86c0940f-879f-4a7b-b950-af3f7c45bcd9 eb764ed209874bc0848a362e575917b6 92f768706dff4d36aeac4a9f6e6a408c - - default default] Successfully bumped revision number for resource d83c770a-d81a-468e-a071-fd1a3d478822 (type: security_group_rules) to 0
2026-08-28 05:21:05.122 9 INFO neutron.wsgi [None req-86c0940f-879f-4a7b-b950-af3f7c45bcd9 eb764ed209874bc0848a362e575917b6 92f768706dff4d36aeac4a9f6e6a408c - - default default] 10.0.0.74 "POST /v2.0/security-group-rules HTTP/1.1" status: 201 len: 766 time: 0.3574555
2026-08-28 05:21:05.123 9 INFO neutron.db.ovn_revision_numbers_db [None req-a56f4be4-c3d1-4395-8dcc-2f2ac1b162aa 1b8ea750648945f89f7ef8229ca0b009 7bd2b615ee5646a78bc4a03b95a74946 - - default default] Successfully bumped revision number for resource 1abde4cc-bffa-410f-b8ab-1b317bb62721 (type: networks) to 1
2026-08-28 05:21:05.252 10 INFO neutron.db.ovn_revision_numbers_db [None req-288b4c65-c8e3-44c0-968f-f937a0abf0d5 eb764ed209874bc0848a362e575917b6 92f768706dff4d36aeac4a9f6e6a408c - - default default] Successfully bumped revision number for resource 6f12529a-936d-46de-99e2-f4b50cb3b06f (type: security_group_rules) to 0
2026-08-28 05:21:05.277 10 INFO neutron.wsgi [None req-288b4c65-c8e3-44c0-968f-f937a0abf0d5 eb764ed209874bc0848a362e575917b6 92f768706dff4d36aeac4a9f6e6a408c - - default default] 10.0.0.74 "POST /v2.0/security-group-rules HTTP/1.1" status: 201 len: 768 time: 0.1485889
2026-08-28 05:21:05.308 9 WARNING neutron.scheduler.dhcp_agent_scheduler [None req-a56f4be4-c3d1-4395-8dcc-2f2ac1b162aa 1b8ea750648945f89f7ef8229ca0b009 7bd2b615ee5646a78bc4a03b95a74946 - - default default] No more DHCP agents
2026-08-28 05:21:05.314 9 WARNING neutron.api.rpc.agentnotifiers.dhcp_rpc_agent_api [None req-a56f4be4-c3d1-4395-8dcc-2f2ac1b162aa 1b8ea750648945f89f7ef8229ca0b009 7bd2b615ee5646a78bc4a03b95a74946 - - default default] Unable to schedule network 1abde4cc-bffa-410f-b8ab-1b317bb62721: no agents available; will retry on subsequent port and subnet creation events.
2026-08-28 05:21:05.392 10 INFO neutron.db.ovn_revision_numbers_db [None req-2ff24df3-170b-4792-9a2e-f689d98db566 eb764ed209874bc0848a362e575917b6 92f768706dff4d36aeac4a9f6e6a408c - - default default] Successfully bumped revision number for resource fceeaedb-9b57-4b6d-bf76-fa3ccd4369ca (type: security_group_rules) to 0
2026-08-28 05:21:05.418 10 INFO neutron.wsgi [None req-2ff24df3-170b-4792-9a2e-f689d98db566 eb764ed209874bc0848a362e575917b6 92f768706dff4d36aeac4a9f6e6a408c - - default default] 10.0.0.74 "POST /v2.0/security-group-rules HTTP/1.1" status: 201 len: 768 time: 0.1353710
2026-08-28 05:21:05.428 9 INFO neutron.db.ovn_revision_numbers_db [None req-a56f4be4-c3d1-4395-8dcc-2f2ac1b162aa 1b8ea750648945f89f7ef8229ca0b009 7bd2b615ee5646a78bc4a03b95a74946 - - default default] Successfully bumped revision number for resource 73bb2e29-d4b2-4ccf-99ca-3fe0caf07cd5 (type: ports) to 1
2026-08-28 05:21:05.449 9 INFO neutron.wsgi [None req-a56f4be4-c3d1-4395-8dcc-2f2ac1b162aa 1b8ea750648945f89f7ef8229ca0b009 7bd2b615ee5646a78bc4a03b95a74946 - - default default] 10.0.0.74 "POST /v2.0/networks HTTP/1.1" status: 201 len: 831 time: 0.7102270
2026-08-28 05:21:05.519 10 INFO neutron.db.ovn_revision_numbers_db [None req-73ed1bbd-ec44-4448-aac8-6dfe3fc75764 eb764ed209874bc0848a362e575917b6 92f768706dff4d36aeac4a9f6e6a408c - - default default] Successfully bumped revision number for resource a1824aa7-186d-4a2c-b85f-51a618dfbbf2 (type: security_group_rules) to 0
2026-08-28 05:21:05.545 10 INFO neutron.wsgi [None req-73ed1bbd-ec44-4448-aac8-6dfe3fc75764 eb764ed209874bc0848a362e575917b6 92f768706dff4d36aeac4a9f6e6a408c - - default default] 10.0.0.74 "POST /v2.0/security-group-rules HTTP/1.1" status: 201 len: 764 time: 0.1222236
2026-08-28 05:21:05.581 9 INFO neutron.db.segments_db [None req-9f922af8-c404-4d4e-a5c8-0867b1dc6511 1b8ea750648945f89f7ef8229ca0b009 7bd2b615ee5646a78bc4a03b95a74946 - - default default] Added segment d83eedd1-7431-4523-aaab-964eeed39a9b of type geneve for network 41e00975-6071-475f-aa76-61fd88a15bea
2026-08-28 05:21:05.667 10 INFO neutron.db.ovn_revision_numbers_db [None req-40d0cf50-d8c5-439a-95dd-2de72ce82d5b eb764ed209874bc0848a362e575917b6 92f768706dff4d36aeac4a9f6e6a408c - - default default] Successfully bumped revision number for resource d6aa617a-42f4-4029-884f-ec44fcfaaf5d (type: security_group_rules) to 0
2026-08-28 05:21:05.690 10 INFO neutron.wsgi [None req-40d0cf50-d8c5-439a-95dd-2de72ce82d5b eb764ed209874bc0848a362e575917b6 92f768706dff4d36aeac4a9f6e6a408c - - default default] 10.0.0.74 "POST /v2.0/security-group-rules HTTP/1.1" status: 201 len: 764 time: 0.1387029
