2026-08-28 05:20:39.603 9 INFO neutron.wsgi [None req-4b79bab6-5eea-4172-802c-56948d0611f4 1fa89604f4ab4b82aa93d26188607ccf 66e2a27795dd4011a81426b5b2f0f812 - - default default] 10.0.0.74 "POST /v2.0/security-groups HTTP/1.1" status: 201 len: 1795 time: 0.2171159
2026-08-28 05:20:39.636 9 INFO neutron.wsgi [req-62da6b2f-e1b9-4631-aeb5-8b07cf978976 req-7f96bcdc-2517-496d-9067-e974efa1904a 53aa45422c544a398bb0955ad8dde738 4c71faf7888b4cc69966af4158c6a49a - - default default] 10.0.0.225 "GET /v2.0/security-groups?id=e83490fc-6215-432b-9b89-7e3b6cf69c42&fields=id&fields=name HTTP/1.1" status: 200 len: 286 time: 0.0322886
2026-08-28 05:20:39.797 10 INFO neutron.db.ovn_revision_numbers_db [None req-47f480ee-12e6-413b-ada0-f95e6896fe36 1fa89604f4ab4b82aa93d26188607ccf 66e2a27795dd4011a81426b5b2f0f812 - - default default] Successfully bumped revision number for resource ace26886-90d2-4556-bc63-70e5b36d64fe (type: security_group_rules) to 0
2026-08-28 05:20:39.846 10 INFO neutron.wsgi [None req-47f480ee-12e6-413b-ada0-f95e6896fe36 1fa89604f4ab4b82aa93d26188607ccf 66e2a27795dd4011a81426b5b2f0f812 - - default default] 10.0.0.74 "POST /v2.0/security-group-rules HTTP/1.1" status: 201 len: 764 time: 0.2301791
2026-08-28 05:20:40.018 10 INFO neutron.wsgi [req-004e9ac5-cfdd-4891-9130-bc22b9ee82b0 req-2a155b53-59b7-491b-82bd-691000be2fbd 53aa45422c544a398bb0955ad8dde738 4c71faf7888b4cc69966af4158c6a49a - - default default] 162.253.55.38 "GET /v2.0/ports?device_id=27424840-dacb-406d-8723-d22155a451e1 HTTP/1.1" status: 200 len: 1172 time: 0.1578147
2026-08-28 05:20:40.026 10 INFO neutron.db.ovn_revision_numbers_db [None req-357225a1-d873-437a-91e3-826650292d12 - - - - - -] Successfully bumped revision number for resource 9f49fca9-0e63-4a9b-923d-d8b1352d3b02 (type: ports) to 5
2026-08-28 05:20:40.112 10 INFO neutron.db.ovn_revision_numbers_db [None req-89cdb0eb-c940-49b6-a170-fd97c090a5ef 1fa89604f4ab4b82aa93d26188607ccf 66e2a27795dd4011a81426b5b2f0f812 - - default default] Successfully bumped revision number for resource 83496e53-254d-4460-b9d5-947751f4b907 (type: security_group_rules) to 0
2026-08-28 05:20:40.152 10 INFO neutron.wsgi [None req-89cdb0eb-c940-49b6-a170-fd97c090a5ef 1fa89604f4ab4b82aa93d26188607ccf 66e2a27795dd4011a81426b5b2f0f812 - - default default] 10.0.0.74 "POST /v2.0/security-group-rules HTTP/1.1" status: 201 len: 769 time: 0.3011627 /var/lib/openstack/lib/python3.10/site-packages/pycadf/identifier.py:71: UserWarning: Invalid uuid: neutron. To ensure interoperability, identifiers should be a valid uuid. warnings.warn(('Invalid uuid: %s. To ensure interoperability, '
2026-08-28 05:20:40.263 9 INFO neutron.db.ovn_revision_numbers_db [None req-7d0cff4d-6d42-46d0-884d-52be68db8feb 33135f67f1bd4addb9e4c717e0b9cca2 554ac6df97b24ea2b7b467fe9e6819a7 - - default default] Successfully bumped revision number for resource 785ec87d-5b48-4f5b-a5bf-21c0ec5f2f26 (type: security_groups) to 1
2026-08-28 05:20:40.277 9 INFO neutron.db.ovn_revision_numbers_db [None req-7d0cff4d-6d42-46d0-884d-52be68db8feb 33135f67f1bd4addb9e4c717e0b9cca2 554ac6df97b24ea2b7b467fe9e6819a7 - - default default] Successfully bumped revision number for resource 050518ae-e61f-4ccd-ab37-6c115dc7cde9 (type: security_group_rules) to 0
2026-08-28 05:20:40.293 9 INFO neutron.db.ovn_revision_numbers_db [None req-7d0cff4d-6d42-46d0-884d-52be68db8feb 33135f67f1bd4addb9e4c717e0b9cca2 554ac6df97b24ea2b7b467fe9e6819a7 - - default default] Successfully bumped revision number for resource 0f552127-8c00-45e1-a4f0-e16603c2bc0a (type: security_group_rules) to 0
2026-08-28 05:20:40.307 9 INFO neutron.db.ovn_revision_numbers_db [None req-7d0cff4d-6d42-46d0-884d-52be68db8feb 33135f67f1bd4addb9e4c717e0b9cca2 554ac6df97b24ea2b7b467fe9e6819a7 - - default default] Successfully bumped revision number for resource 6506c77a-269e-4feb-9761-27fd314ae7d6 (type: security_group_rules) to 0
2026-08-28 05:20:40.320 9 INFO neutron.db.ovn_revision_numbers_db [None req-7d0cff4d-6d42-46d0-884d-52be68db8feb 33135f67f1bd4addb9e4c717e0b9cca2 554ac6df97b24ea2b7b467fe9e6819a7 - - default default] Successfully bumped revision number for resource 74839c26-0810-4109-9c77-2b00dde47605 (type: security_group_rules) to 0
2026-08-28 05:20:40.348 9 INFO neutron.wsgi [None req-7d0cff4d-6d42-46d0-884d-52be68db8feb 33135f67f1bd4addb9e4c717e0b9cca2 554ac6df97b24ea2b7b467fe9e6819a7 - - default default] 10.0.0.74 "GET /v2.0/security-groups?tenant_id=d5d0904af1eb497daef147e951e33b48&name=default HTTP/1.1" status: 200 len: 2996 time: 0.3763947
2026-08-28 05:20:40.359 10 INFO neutron.wsgi [req-004e9ac5-cfdd-4891-9130-bc22b9ee82b0 req-982badec-3e1d-4873-83e3-94346fed8c72 53aa45422c544a398bb0955ad8dde738 4c71faf7888b4cc69966af4158c6a49a - - default default] 162.253.55.38 "DELETE /v2.0/ports/9f49fca9-0e63-4a9b-923d-d8b1352d3b02 HTTP/1.1" status: 204 len: 173 time: 0.3353019
2026-08-28 05:20:40.437 10 WARNING neutron.scheduler.dhcp_agent_scheduler [None req-015b693d-4d89-43cb-970d-2b82327d5d80 1fa89604f4ab4b82aa93d26188607ccf 66e2a27795dd4011a81426b5b2f0f812 - - default default] No more DHCP agents
2026-08-28 05:20:40.444 10 WARNING neutron.api.rpc.agentnotifiers.dhcp_rpc_agent_api [None req-015b693d-4d89-43cb-970d-2b82327d5d80 1fa89604f4ab4b82aa93d26188607ccf 66e2a27795dd4011a81426b5b2f0f812 - - default default] Unable to schedule network 66f2af4a-aa51-4790-ab5c-e19d23192e1e: no agents available; will retry on subsequent port and subnet creation events.
2026-08-28 05:20:40.591 9 INFO neutron.wsgi [None req-468cdeb0-350c-4aca-b7c1-509cd1a7353a 33135f67f1bd4addb9e4c717e0b9cca2 554ac6df97b24ea2b7b467fe9e6819a7 - - default default] 10.0.0.74 "DELETE /v2.0/security-groups/785ec87d-5b48-4f5b-a5bf-21c0ec5f2f26 HTTP/1.1" status: 204 len: 168 time: 0.2373774
2026-08-28 05:20:40.591 10 INFO neutron.wsgi [-] 10.0.0.205 "GET / HTTP/1.1" status: 200 len: 246 time: 0.0019789
2026-08-28 05:20:40.592 9 INFO neutron.wsgi [-] 10.0.0.205 "GET / HTTP/1.1" status: 200 len: 246 time: 0.0010636
2026-08-28 05:20:40.726 10 INFO neutron.wsgi [req-26907d19-3a3f-44d1-9f8a-9473187e1786 req-901602ab-45bd-4094-86ba-d44dd8a5492f 53aa45422c544a398bb0955ad8dde738 4c71faf7888b4cc69966af4158c6a49a - - default default] 10.0.0.225 "GET /v2.0/ports?device_id=27424840-dacb-406d-8723-d22155a451e1 HTTP/1.1" status: 200 len: 210 time: 0.0293331
2026-08-28 05:20:40.780 10 INFO neutron.db.ovn_revision_numbers_db [None req-015b693d-4d89-43cb-970d-2b82327d5d80 1fa89604f4ab4b82aa93d26188607ccf 66e2a27795dd4011a81426b5b2f0f812 - - default default] Successfully bumped revision number for resource fc30e5bd-4813-4b83-a368-fcfd5b1ddddb (type: floatingips) to 0
2026-08-28 05:20:40.799 10 INFO neutron.wsgi [None req-015b693d-4d89-43cb-970d-2b82327d5d80 1fa89604f4ab4b82aa93d26188607ccf 66e2a27795dd4011a81426b5b2f0f812 - - default default] 10.0.0.74 "POST /v2.0/floatingips HTTP/1.1" status: 201 len: 751 time: 0.6411226
2026-08-28 05:20:40.940 10 INFO neutron.notifiers.nova [-] Nova event matching ['req-22994b55-037a-4c8b-9f40-c9653cfbac30'] response: {'server_uuid': '27424840-dacb-406d-8723-d22155a451e1', 'name': 'network-vif-unplugged', 'status': 'completed', 'tag': '9f49fca9-0e63-4a9b-923d-d8b1352d3b02', 'code': 200}
2026-08-28 05:20:40.941 10 INFO neutron.notifiers.nova [-] Nova event matching ['req-22994b55-037a-4c8b-9f40-c9653cfbac30'] response: {'server_uuid': '27424840-dacb-406d-8723-d22155a451e1', 'name': 'network-vif-plugged', 'status': 'completed', 'tag': '9f49fca9-0e63-4a9b-923d-d8b1352d3b02', 'code': 200}
2026-08-28 05:20:40.941 10 INFO neutron.notifiers.nova [-] Nova event matching ['req-22994b55-037a-4c8b-9f40-c9653cfbac30'] response: {'server_uuid': '27424840-dacb-406d-8723-d22155a451e1', 'name': 'network-vif-deleted', 'tag': '9f49fca9-0e63-4a9b-923d-d8b1352d3b02', 'status': 'completed', 'code': 200}
2026-08-28 05:20:40.970 9 INFO neutron.wsgi [req-fd4c600e-eaad-499d-a337-0bf7711b56d9 req-05dd9900-8c5e-49b6-b8c0-5c7dc888fb99 1fa89604f4ab4b82aa93d26188607ccf 66e2a27795dd4011a81426b5b2f0f812 - - default default] 10.0.0.225 "GET /v2.0/security-groups?name=tempest-secgroup-smoke-265643701&fields=id&tenant_id=66e2a27795dd4011a81426b5b2f0f812 HTTP/1.1" status: 200 len: 267 time: 0.0773354
2026-08-28 05:20:41.051 9 INFO neutron.wsgi [req-fd4c600e-eaad-499d-a337-0bf7711b56d9 req-3e70d532-e944-48d3-a2fc-3ed3fe291fa0 1fa89604f4ab4b82aa93d26188607ccf 66e2a27795dd4011a81426b5b2f0f812 - - default default] 10.0.0.225 "GET /v2.0/security-groups?name=tempest-securitygroup--646505586&fields=id&tenant_id=66e2a27795dd4011a81426b5b2f0f812 HTTP/1.1" status: 200 len: 267 time: 0.0728004
2026-08-28 05:20:41.161 9 INFO neutron.wsgi [req-fd4c600e-eaad-499d-a337-0bf7711b56d9 req-a09f43d5-a312-4ac4-bf1f-197dd4e9c491 1fa89604f4ab4b82aa93d26188607ccf 66e2a27795dd4011a81426b5b2f0f812 - - default default] 10.0.0.225 "GET /v2.0/networks?id=a21c6357-35dc-42e1-a55a-d0f2f4ca60e6 HTTP/1.1" status: 200 len: 872 time: 0.1026795
2026-08-28 05:20:41.185 9 INFO neutron.wsgi [req-fd4c600e-eaad-499d-a337-0bf7711b56d9 req-e61abe96-56a7-4c8c-bd4f-10ed41674a7a 1fa89604f4ab4b82aa93d26188607ccf 66e2a27795dd4011a81426b5b2f0f812 - - default default] 10.0.0.225 "GET /v2.0/quotas/66e2a27795dd4011a81426b5b2f0f812 HTTP/1.1" status: 200 len: 386 time: 0.0139790
2026-08-28 05:20:41.298 9 INFO neutron.wsgi [req-fd4c600e-eaad-499d-a337-0bf7711b56d9 req-436ab625-740b-4ed5-8d21-d29df557c8d6 1fa89604f4ab4b82aa93d26188607ccf 66e2a27795dd4011a81426b5b2f0f812 - - default default] 10.0.0.225 "GET /v2.0/ports?tenant_id=66e2a27795dd4011a81426b5b2f0f812&fields=id HTTP/1.1" status: 200 len: 302 time: 0.0988171
2026-08-28 05:20:41.366 9 INFO neutron.wsgi [req-fd4c600e-eaad-499d-a337-0bf7711b56d9 req-f9124a98-a062-49ee-b4eb-038d776ce234 a45cfbf5301f4b66b2d2979c1357e31a 772c60c6023a4860b2a78696266f39d4 - - 8cefee79c7304dcf9c6f274a61c7b886 8cefee79c7304dcf9c6f274a61c7b886] 10.0.0.225 "GET /v2.0/networks/a21c6357-35dc-42e1-a55a-d0f2f4ca60e6?fields=segments HTTP/1.1" status: 200 len: 212 time: 0.0567853
2026-08-28 05:20:41.418 9 INFO neutron.wsgi [req-fd4c600e-eaad-499d-a337-0bf7711b56d9 req-c560950f-4e93-4706-a273-ed8bce3d5657 a45cfbf5301f4b66b2d2979c1357e31a 772c60c6023a4860b2a78696266f39d4 - - 8cefee79c7304dcf9c6f274a61c7b886 8cefee79c7304dcf9c6f274a61c7b886] 10.0.0.225 "GET /v2.0/networks/a21c6357-35dc-42e1-a55a-d0f2f4ca60e6?fields=provider%3Aphysical_network&fields=provider%3Anetwork_type HTTP/1.1" status: 200 len: 277 time: 0.0468495
2026-08-28 05:20:41.572 10 INFO neutron.wsgi [req-a839846a-17a9-45c5-b4af-8bc1ae9984f9 req-1e7fac41-a68e-4892-b68e-26b175229897 1fa89604f4ab4b82aa93d26188607ccf 66e2a27795dd4011a81426b5b2f0f812 - - default default] 10.0.0.225 "GET /v2.0/ports?device_id=e7890aaa-d55e-4777-94d8-ed3b1451c263 HTTP/1.1" status: 200 len: 210 time: 0.0153675
2026-08-28 05:20:42.236 9 WARNING neutron.plugins.ml2.drivers.ovn.mech_driver.ovsdb.ovn_client [None req-f1ee25d0-118e-43bc-b489-bd59cbe78a1e - - - - - -] No hosting information found for port a468b8da-44b6-46ae-8bc3-f0ad38dd0b53: RuntimeError: No hosting information found for port a468b8da-44b6-46ae-8bc3-f0ad38dd0b53
2026-08-28 05:20:42.237 9 INFO neutron.plugins.ml2.drivers.ovn.mech_driver.mech_driver [None req-f1ee25d0-118e-43bc-b489-bd59cbe78a1e - - - - - -] OVN reports status up for port: 03f253c9-a0ab-4e89-ad38-68f17da9cf2c
2026-08-28 05:20:42.251 9 INFO neutron.plugins.ml2.plugin [None req-f1ee25d0-118e-43bc-b489-bd59cbe78a1e - - - - - -] Attempt 1 to provision port 03f253c9-a0ab-4e89-ad38-68f17da9cf2c
2026-08-28 05:20:42.347 9 INFO neutron.plugins.ml2.drivers.ovn.mech_driver.mech_driver [None req-f1ee25d0-118e-43bc-b489-bd59cbe78a1e - - - - - -] OVN reports status up for port: a8e520b9-add8-4480-bff5-896bb1ba54f6
2026-08-28 05:20:42.357 9 INFO neutron.plugins.ml2.plugin [None req-f1ee25d0-118e-43bc-b489-bd59cbe78a1e - - - - - -] Attempt 1 to provision port a8e520b9-add8-4480-bff5-896bb1ba54f6
2026-08-28 05:20:42.395 10 INFO neutron.wsgi [req-fd4c600e-eaad-499d-a337-0bf7711b56d9 req-d19263fd-66a0-43f4-98da-624094497211 1fa89604f4ab4b82aa93d26188607ccf 66e2a27795dd4011a81426b5b2f0f812 - - default default] 162.253.55.38 "GET /v2.0/networks?id=a21c6357-35dc-42e1-a55a-d0f2f4ca60e6 HTTP/1.1" status: 200 len: 872 time: 0.1006074
2026-08-28 05:20:42.459 10 INFO neutron.wsgi [req-fd4c600e-eaad-499d-a337-0bf7711b56d9 req-bee374f3-964a-4c92-a77c-3819cb53894e 1fa89604f4ab4b82aa93d26188607ccf 66e2a27795dd4011a81426b5b2f0f812 - - default default] 162.253.55.38 "GET /v2.0/security-groups?fields=id&fields=name&tenant_id=66e2a27795dd4011a81426b5b2f0f812 HTTP/1.1" status: 200 len: 471 time: 0.0554695
2026-08-28 05:20:42.570 9 INFO neutron.db.ovn_revision_numbers_db [None req-f1ee25d0-118e-43bc-b489-bd59cbe78a1e - - - - - -] Successfully bumped revision number for resource a8e520b9-add8-4480-bff5-896bb1ba54f6 (type: ports) to 2
2026-08-28 05:20:42.675 10 INFO neutron.wsgi [req-d577fd52-ff8a-439f-b78f-fa76eb3ee1f5 req-0acc2837-a93e-4787-9b60-c5cead06bb4d 1fa89604f4ab4b82aa93d26188607ccf 66e2a27795dd4011a81426b5b2f0f812 - - default default] 10.0.0.225 "GET /v2.0/ports?device_id=e7890aaa-d55e-4777-94d8-ed3b1451c263 HTTP/1.1" status: 200 len: 210 time: 0.0256722
2026-08-28 05:20:42.680 9 INFO neutron.db.ovn_revision_numbers_db [None req-f1ee25d0-118e-43bc-b489-bd59cbe78a1e - - - - - -] Successfully bumped revision number for resource a8e520b9-add8-4480-bff5-896bb1ba54f6 (type: router_ports) to 2
2026-08-28 05:20:42.880 10 WARNING neutron.scheduler.dhcp_agent_scheduler [req-fd4c600e-eaad-499d-a337-0bf7711b56d9 req-30ae5cad-6817-4a7e-ad16-6f7374a09c2b 1fa89604f4ab4b82aa93d26188607ccf 66e2a27795dd4011a81426b5b2f0f812 - - default default] No more DHCP agents
2026-08-28 05:20:42.883 10 WARNING neutron.api.rpc.agentnotifiers.dhcp_rpc_agent_api [req-fd4c600e-eaad-499d-a337-0bf7711b56d9 req-30ae5cad-6817-4a7e-ad16-6f7374a09c2b 1fa89604f4ab4b82aa93d26188607ccf 66e2a27795dd4011a81426b5b2f0f812 - - default default] Unable to schedule network a21c6357-35dc-42e1-a55a-d0f2f4ca60e6: no agents available; will retry on subsequent port and subnet creation events.
2026-08-28 05:20:43.082 10 INFO neutron.db.ovn_revision_numbers_db [req-fd4c600e-eaad-499d-a337-0bf7711b56d9 req-30ae5cad-6817-4a7e-ad16-6f7374a09c2b 1fa89604f4ab4b82aa93d26188607ccf 66e2a27795dd4011a81426b5b2f0f812 - - default default] Successfully bumped revision number for resource b9e94448-e68f-4e5d-912b-471f22be26b8 (type: ports) to 1
2026-08-28 05:20:43.102 10 INFO neutron.wsgi [req-fd4c600e-eaad-499d-a337-0bf7711b56d9 req-30ae5cad-6817-4a7e-ad16-6f7374a09c2b 1fa89604f4ab4b82aa93d26188607ccf 66e2a27795dd4011a81426b5b2f0f812 - - default default] 162.253.55.38 "POST /v2.0/ports HTTP/1.1" status: 201 len: 1197 time: 0.6098959 /var/lib/openstack/lib/python3.10/site-packages/pycadf/identifier.py:71: UserWarning: Invalid uuid: neutron. To ensure interoperability, identifiers should be a valid uuid. warnings.warn(('Invalid uuid: %s. To ensure interoperability, '
2026-08-28 05:20:43.468 10 INFO neutron.db.ovn_revision_numbers_db [req-fd4c600e-eaad-499d-a337-0bf7711b56d9 req-5126a21b-3111-4dea-a91b-7d6346bdf8eb a45cfbf5301f4b66b2d2979c1357e31a 772c60c6023a4860b2a78696266f39d4 - - 8cefee79c7304dcf9c6f274a61c7b886 8cefee79c7304dcf9c6f274a61c7b886] Successfully bumped revision number for resource b9e94448-e68f-4e5d-912b-471f22be26b8 (type: ports) to 2
2026-08-28 05:20:43.669 10 INFO neutron.db.ovn_revision_numbers_db [req-fd4c600e-eaad-499d-a337-0bf7711b56d9 req-5126a21b-3111-4dea-a91b-7d6346bdf8eb a45cfbf5301f4b66b2d2979c1357e31a 772c60c6023a4860b2a78696266f39d4 - - 8cefee79c7304dcf9c6f274a61c7b886 8cefee79c7304dcf9c6f274a61c7b886] Successfully bumped revision number for resource b9e94448-e68f-4e5d-912b-471f22be26b8 (type: ports) to 2
2026-08-28 05:20:43.680 10 INFO neutron.wsgi [req-fd4c600e-eaad-499d-a337-0bf7711b56d9 req-5126a21b-3111-4dea-a91b-7d6346bdf8eb a45cfbf5301f4b66b2d2979c1357e31a 772c60c6023a4860b2a78696266f39d4 - - 8cefee79c7304dcf9c6f274a61c7b886 8cefee79c7304dcf9c6f274a61c7b886] 162.253.55.38 "PUT /v2.0/ports/b9e94448-e68f-4e5d-912b-471f22be26b8 HTTP/1.1" status: 200 len: 1415 time: 0.5660827
2026-08-28 05:20:43.706 10 INFO neutron.notifiers.nova [-] Nova event matching ['req-43202949-cca7-40aa-afbd-eba94b8a26c0'] response: {'name': 'network-changed', 'server_uuid': 'e7890aaa-d55e-4777-94d8-ed3b1451c263', 'tag': 'b9e94448-e68f-4e5d-912b-471f22be26b8', 'status': 'completed', 'code': 200} /var/lib/openstack/lib/python3.10/site-packages/pycadf/identifier.py:71: UserWarning: Invalid uuid: neutron. To ensure interoperability, identifiers should be a valid uuid. warnings.warn(('Invalid uuid: %s. To ensure interoperability, '
2026-08-28 05:20:43.734 10 INFO neutron.wsgi [req-fd4c600e-eaad-499d-a337-0bf7711b56d9 req-7476c8ba-0d96-4cb2-b99e-b729f431aac6 a45cfbf5301f4b66b2d2979c1357e31a 772c60c6023a4860b2a78696266f39d4 - - 8cefee79c7304dcf9c6f274a61c7b886 8cefee79c7304dcf9c6f274a61c7b886] 162.253.55.38 "GET /v2.0/ports?tenant_id=66e2a27795dd4011a81426b5b2f0f812&device_id=e7890aaa-d55e-4777-94d8-ed3b1451c263 HTTP/1.1" status: 200 len: 1446 time: 0.0254591
2026-08-28 05:20:43.757 10 INFO neutron.wsgi [req-fd4c600e-eaad-499d-a337-0bf7711b56d9 req-21e287b0-8197-4e0e-b92d-05c4f11cec08 a45cfbf5301f4b66b2d2979c1357e31a 772c60c6023a4860b2a78696266f39d4 - - 8cefee79c7304dcf9c6f274a61c7b886 8cefee79c7304dcf9c6f274a61c7b886] 162.253.55.38 "GET /v2.0/floatingips?fixed_ip_address=10.100.0.3&port_id=b9e94448-e68f-4e5d-912b-471f22be26b8 HTTP/1.1" status: 200 len: 217 time: 0.0178313
2026-08-28 05:20:43.842 10 INFO neutron.wsgi [req-fd4c600e-eaad-499d-a337-0bf7711b56d9 req-75952014-7d6a-4327-bc61-7085a8cc0f88 a45cfbf5301f4b66b2d2979c1357e31a 772c60c6023a4860b2a78696266f39d4 - - 8cefee79c7304dcf9c6f274a61c7b886 8cefee79c7304dcf9c6f274a61c7b886] 162.253.55.38 "GET /v2.0/subnets?id=05a1dab7-507e-459d-b098-37ea3af11856 HTTP/1.1" status: 200 len: 866 time: 0.0796237
2026-08-28 05:20:43.900 10 INFO neutron.wsgi [req-fd4c600e-eaad-499d-a337-0bf7711b56d9 req-d60913e6-f306-49de-ac33-7f662f0fd284 a45cfbf5301f4b66b2d2979c1357e31a 772c60c6023a4860b2a78696266f39d4 - - 8cefee79c7304dcf9c6f274a61c7b886 8cefee79c7304dcf9c6f274a61c7b886] 162.253.55.38 "GET /v2.0/ports?network_id=a21c6357-35dc-42e1-a55a-d0f2f4ca60e6&device_owner=network%3Adhcp HTTP/1.1" status: 200 len: 210 time: 0.0436168
2026-08-28 05:20:43.944 10 INFO neutron.wsgi [req-7cf61e38-315c-46d1-bdbd-f1ec0d9418b6 req-adf8eb7b-d540-4d69-8a13-1f1f9c0668aa 1fa89604f4ab4b82aa93d26188607ccf 66e2a27795dd4011a81426b5b2f0f812 - - default default] 10.0.0.225 "GET /v2.0/ports?device_id=e7890aaa-d55e-4777-94d8-ed3b1451c263 HTTP/1.1" status: 200 len: 1208 time: 0.1886659
2026-08-28 05:20:43.967 10 INFO neutron.wsgi [req-fd4c600e-eaad-499d-a337-0bf7711b56d9 req-7241000e-7470-4561-9ada-3351b41600d8 a45cfbf5301f4b66b2d2979c1357e31a 772c60c6023a4860b2a78696266f39d4 - - 8cefee79c7304dcf9c6f274a61c7b886 8cefee79c7304dcf9c6f274a61c7b886] 162.253.55.38 "GET /v2.0/networks/a21c6357-35dc-42e1-a55a-d0f2f4ca60e6?fields=segments HTTP/1.1" status: 200 len: 212 time: 0.0596578
2026-08-28 05:20:43.998 10 INFO neutron.wsgi [req-7cf61e38-315c-46d1-bdbd-f1ec0d9418b6 req-b75f20e2-ea64-482c-baeb-a5a2b87e009b 1fa89604f4ab4b82aa93d26188607ccf 66e2a27795dd4011a81426b5b2f0f812 - - default default] 10.0.0.225 "GET /v2.0/security-groups?id=8436ae1d-8ee9-420f-8d10-81ae0344a30d&id=c754ecce-f2e2-4067-a474-b0227a6b3b5a&fields=id&fields=name HTTP/1.1" status: 200 len: 404 time: 0.0452116
2026-08-28 05:20:44.028 10 INFO neutron.wsgi [req-fd4c600e-eaad-499d-a337-0bf7711b56d9 req-413bc354-7ad5-46dd-90a9-b8b360ec90b3 a45cfbf5301f4b66b2d2979c1357e31a 772c60c6023a4860b2a78696266f39d4 - - 8cefee79c7304dcf9c6f274a61c7b886 8cefee79c7304dcf9c6f274a61c7b886] 162.253.55.38 "GET /v2.0/networks/a21c6357-35dc-42e1-a55a-d0f2f4ca60e6?fields=provider%3Aphysical_network&fields=provider%3Anetwork_type HTTP/1.1" status: 200 len: 277 time: 0.0531924
2026-08-28 05:20:44.102 10 INFO neutron.wsgi [req-3db501a2-d3df-4ec6-9528-edab7436dc88 req-128949ef-a761-4138-a527-68b8d569ba6e a45cfbf5301f4b66b2d2979c1357e31a 772c60c6023a4860b2a78696266f39d4 - - 8cefee79c7304dcf9c6f274a61c7b886 8cefee79c7304dcf9c6f274a61c7b886] 162.253.55.38 "GET /v2.0/ports?tenant_id=66e2a27795dd4011a81426b5b2f0f812&device_id=e7890aaa-d55e-4777-94d8-ed3b1451c263 HTTP/1.1" status: 200 len: 1446 time: 0.0366352
2026-08-28 05:20:44.186 10 INFO neutron.wsgi [req-3db501a2-d3df-4ec6-9528-edab7436dc88 req-44e84642-9297-4668-b4ba-385878719e3f a45cfbf5301f4b66b2d2979c1357e31a 772c60c6023a4860b2a78696266f39d4 - - 8cefee79c7304dcf9c6f274a61c7b886 8cefee79c7304dcf9c6f274a61c7b886] 162.253.55.38 "GET /v2.0/networks?id=a21c6357-35dc-42e1-a55a-d0f2f4ca60e6 HTTP/1.1" status: 200 len: 971 time: 0.0779939
2026-08-28 05:20:44.219 10 INFO neutron.wsgi [req-3db501a2-d3df-4ec6-9528-edab7436dc88 req-cd611b61-f679-461c-8bf7-0a35b4122d59 a45cfbf5301f4b66b2d2979c1357e31a 772c60c6023a4860b2a78696266f39d4 - - 8cefee79c7304dcf9c6f274a61c7b886 8cefee79c7304dcf9c6f274a61c7b886] 162.253.55.38 "GET /v2.0/floatingips?fixed_ip_address=10.100.0.3&port_id=b9e94448-e68f-4e5d-912b-471f22be26b8 HTTP/1.1" status: 200 len: 217 time: 0.0258336
2026-08-28 05:20:44.248 9 INFO neutron.wsgi [req-36ba7a27-9247-4664-9c62-37a5152b1667 req-1a95ec7c-0e4b-43e7-8c13-f5b37d0ac013 a45cfbf5301f4b66b2d2979c1357e31a 772c60c6023a4860b2a78696266f39d4 - - 8cefee79c7304dcf9c6f274a61c7b886 8cefee79c7304dcf9c6f274a61c7b886] 162.253.55.38 "GET /v2.0/ports?device_id=e7890aaa-d55e-4777-94d8-ed3b1451c263 HTTP/1.1" status: 200 len: 1446 time: 0.0548801
2026-08-28 05:20:44.258 10 INFO neutron.wsgi [req-3db501a2-d3df-4ec6-9528-edab7436dc88 req-097d4766-2394-41ea-9272-b03b10cdd7a5 a45cfbf5301f4b66b2d2979c1357e31a 772c60c6023a4860b2a78696266f39d4 - - 8cefee79c7304dcf9c6f274a61c7b886 8cefee79c7304dcf9c6f274a61c7b886] 162.253.55.38 "GET /v2.0/subnets?id=05a1dab7-507e-459d-b098-37ea3af11856 HTTP/1.1" status: 200 len: 866 time: 0.0318213
2026-08-28 05:20:44.277 10 INFO neutron.wsgi [req-3db501a2-d3df-4ec6-9528-edab7436dc88 req-c2c66d75-b4d1-45b5-a0c0-a10e998bb9bd a45cfbf5301f4b66b2d2979c1357e31a 772c60c6023a4860b2a78696266f39d4 - - 8cefee79c7304dcf9c6f274a61c7b886 8cefee79c7304dcf9c6f274a61c7b886] 162.253.55.38 "GET /v2.0/ports?network_id=a21c6357-35dc-42e1-a55a-d0f2f4ca60e6&device_owner=network%3Adhcp HTTP/1.1" status: 200 len: 210 time: 0.0142953
2026-08-28 05:20:44.327 9 INFO neutron.wsgi [req-36ba7a27-9247-4664-9c62-37a5152b1667 req-09b05c70-49a4-429f-81ac-b70184839138 a45cfbf5301f4b66b2d2979c1357e31a 772c60c6023a4860b2a78696266f39d4 - - 8cefee79c7304dcf9c6f274a61c7b886 8cefee79c7304dcf9c6f274a61c7b886] 162.253.55.38 "GET /v2.0/security-groups?id=c754ecce-f2e2-4067-a474-b0227a6b3b5a&id=8436ae1d-8ee9-420f-8d10-81ae0344a30d&fields=id&fields=name HTTP/1.1" status: 200 len: 404 time: 0.0733135
2026-08-28 05:20:44.341 10 INFO neutron.wsgi [req-3db501a2-d3df-4ec6-9528-edab7436dc88 req-27ce8878-62ec-4aec-915d-8fe07c5c6149 a45cfbf5301f4b66b2d2979c1357e31a 772c60c6023a4860b2a78696266f39d4 - - 8cefee79c7304dcf9c6f274a61c7b886 8cefee79c7304dcf9c6f274a61c7b886] 162.253.55.38 "GET /v2.0/networks/a21c6357-35dc-42e1-a55a-d0f2f4ca60e6?fields=segments HTTP/1.1" status: 200 len: 212 time: 0.0587950
2026-08-28 05:20:44.387 9 INFO neutron.wsgi [None req-6d971d72-a1d2-4440-8293-695060e38f51 33135f67f1bd4addb9e4c717e0b9cca2 554ac6df97b24ea2b7b467fe9e6819a7 - - default default] 10.0.0.74 "PUT /v2.0/routers/828a3589-8746-4b3f-ae88-1d317c224f16/remove_router_interface HTTP/1.1" status: 200 len: 503 time: 1.4127381 /var/lib/openstack/lib/python3.10/site-packages/pycadf/identifier.py:71: UserWarning: Invalid uuid: neutron. To ensure interoperability, identifiers should be a valid uuid. warnings.warn(('Invalid uuid: %s. To ensure interoperability, '
2026-08-28 05:20:44.422 10 INFO neutron.wsgi [req-3db501a2-d3df-4ec6-9528-edab7436dc88 req-b48f611e-58e8-44e4-b448-303c5bb20c11 a45cfbf5301f4b66b2d2979c1357e31a 772c60c6023a4860b2a78696266f39d4 - - 8cefee79c7304dcf9c6f274a61c7b886 8cefee79c7304dcf9c6f274a61c7b886] 162.253.55.38 "GET /v2.0/networks/a21c6357-35dc-42e1-a55a-d0f2f4ca60e6?fields=provider%3Aphysical_network&fields=provider%3Anetwork_type HTTP/1.1" status: 200 len: 277 time: 0.0594230
2026-08-28 05:20:44.437 10 INFO neutron.plugins.ml2.drivers.ovn.mech_driver.mech_driver [None req-357225a1-d873-437a-91e3-826650292d12 - - - - - -] OVN reports status up for port: b9e94448-e68f-4e5d-912b-471f22be26b8
2026-08-28 05:20:44.454 10 INFO neutron.plugins.ml2.plugin [None req-357225a1-d873-437a-91e3-826650292d12 - - - - - -] Attempt 1 to provision port b9e94448-e68f-4e5d-912b-471f22be26b8
2026-08-28 05:20:44.737 10 INFO neutron.db.ovn_revision_numbers_db [None req-357225a1-d873-437a-91e3-826650292d12 - - - - - -] Successfully bumped revision number for resource b9e94448-e68f-4e5d-912b-471f22be26b8 (type: ports) to 4
2026-08-28 05:20:44.966 9 INFO neutron.wsgi [None req-a0f755d3-8cba-4ed8-ad4a-feeccef29968 33135f67f1bd4addb9e4c717e0b9cca2 554ac6df97b24ea2b7b467fe9e6819a7 - - default default] 10.0.0.74 "DELETE /v2.0/routers/828a3589-8746-4b3f-ae88-1d317c224f16 HTTP/1.1" status: 204 len: 168 time: 0.5748684
2026-08-28 05:20:45.118 9 INFO neutron.wsgi [req-a59ffcc9-145a-4992-8a06-74d5ef4d2804 req-9d5ac196-ea05-45c0-8ccd-c120a8f31900 1fa89604f4ab4b82aa93d26188607ccf 66e2a27795dd4011a81426b5b2f0f812 - - default default] 10.0.0.225 "GET /v2.0/ports?device_id=e7890aaa-d55e-4777-94d8-ed3b1451c263 HTTP/1.1" status: 200 len: 1210 time: 0.0369709
2026-08-28 05:20:45.172 9 INFO neutron.wsgi [req-a59ffcc9-145a-4992-8a06-74d5ef4d2804 req-40a8b8ad-df91-4d4f-b79b-a83441c1a2fe 1fa89604f4ab4b82aa93d26188607ccf 66e2a27795dd4011a81426b5b2f0f812 - - default default] 10.0.0.225 "GET /v2.0/security-groups?id=8436ae1d-8ee9-420f-8d10-81ae0344a30d&id=c754ecce-f2e2-4067-a474-b0227a6b3b5a&fields=id&fields=name HTTP/1.1" status: 200 len: 404 time: 0.0480025
2026-08-28 05:20:45.203 9 INFO neutron.wsgi [None req-916cac97-b08c-432d-98ef-babf74068ab5 33135f67f1bd4addb9e4c717e0b9cca2 554ac6df97b24ea2b7b467fe9e6819a7 - - default default] 10.0.0.74 "DELETE /v2.0/subnets/92eb1697-9c3b-4515-83b2-c785ca5c20e6 HTTP/1.1" status: 204 len: 168 time: 0.2316751 /var/lib/openstack/lib/python3.10/site-packages/pycadf/identifier.py:71: UserWarning: Invalid uuid: neutron. To ensure interoperability, identifiers should be a valid uuid. warnings.warn(('Invalid uuid: %s. To ensure interoperability, '
2026-08-28 05:20:45.553 9 INFO neutron.services.segments.plugin [-] Segment 46927a91-e93a-4521-bb5a-519709c0e430 resource provider aggregate not found
2026-08-28 05:20:45.558 9 INFO neutron.services.segments.plugin [-] Segment 46927a91-e93a-4521-bb5a-519709c0e430 resource provider aggregate not found
2026-08-28 05:20:45.571 9 INFO neutron.services.segments.plugin [-] Segment 46927a91-e93a-4521-bb5a-519709c0e430 resource provider not found; error: Placement Client Error (4xx): {"errors": [{"status": 404, "title": "Not Found", "detail": "The resource could not be found.\n\n No resource provider with uuid 46927a91-e93a-4521-bb5a-519709c0e430 found for delete ", "request_id": "req-72d6bf66-7f8f-4d5e-a210-18d40ecf41e2"}]}
2026-08-28 05:20:45.573 9 INFO neutron.services.segments.plugin [-] Segment 46927a91-e93a-4521-bb5a-519709c0e430 resource provider not found; error: Placement Client Error (4xx): {"errors": [{"status": 404, "title": "Not Found", "detail": "The resource could not be found.\n\n No resource provider with uuid 46927a91-e93a-4521-bb5a-519709c0e430 found for delete ", "request_id": "req-ac8d8fde-ba14-4a55-b7cc-5bc489c98412"}]}
2026-08-28 05:20:45.577 10 INFO neutron.wsgi [req-c40a4fc5-c8ef-4ac3-a454-3dfab821f0eb req-a3d4cd84-e6db-440e-bad8-fc400191c2ce a45cfbf5301f4b66b2d2979c1357e31a 772c60c6023a4860b2a78696266f39d4 - - 8cefee79c7304dcf9c6f274a61c7b886 8cefee79c7304dcf9c6f274a61c7b886] 10.0.0.197 "GET /v2.0/ports?device_id=2118c523-90f0-4290-9a2c-a6837c27ecd0 HTTP/1.1" status: 200 len: 1413 time: 0.0657814
2026-08-28 05:20:45.605 9 INFO neutron.wsgi [None req-36579564-9dd9-43b7-9753-c2e09fce15eb 33135f67f1bd4addb9e4c717e0b9cca2 554ac6df97b24ea2b7b467fe9e6819a7 - - default default] 10.0.0.74 "DELETE /v2.0/networks/d911da91-71cf-4b1a-a657-3b41ab17bc32 HTTP/1.1" status: 204 len: 168 time: 0.3982656
2026-08-28 05:20:45.641 10 INFO neutron.wsgi [req-c40a4fc5-c8ef-4ac3-a454-3dfab821f0eb req-50cce7bf-a0c1-4b73-adfa-ff3bed6ef4ae a45cfbf5301f4b66b2d2979c1357e31a 772c60c6023a4860b2a78696266f39d4 - - 8cefee79c7304dcf9c6f274a61c7b886 8cefee79c7304dcf9c6f274a61c7b886] 10.0.0.197 "GET /v2.0/security-groups?id=839b3d6c-f37f-4892-b22b-c11d7f9569c6&fields=id&fields=name HTTP/1.1" status: 200 len: 312 time: 0.0579839
2026-08-28 05:20:45.764 10 INFO neutron.notifiers.nova [-] Nova event matching ['req-9a303b67-f423-4531-af02-c184d4cfd667'] response: {'server_uuid': 'e7890aaa-d55e-4777-94d8-ed3b1451c263', 'name': 'network-vif-plugged', 'status': 'completed', 'tag': 'b9e94448-e68f-4e5d-912b-471f22be26b8', 'code': 200}
2026-08-28 05:20:45.766 10 INFO neutron.notifiers.nova [-] Nova event matching ['req-9a303b67-f423-4531-af02-c184d4cfd667'] response: {'server_uuid': 'e7890aaa-d55e-4777-94d8-ed3b1451c263', 'name': 'network-vif-plugged', 'status': 'completed', 'tag': 'b9e94448-e68f-4e5d-912b-471f22be26b8', 'code': 200}
2026-08-28 05:20:45.866 10 INFO neutron.wsgi [None req-a12d00f9-2378-4dac-8d0c-64a9b6e0f17e 33135f67f1bd4addb9e4c717e0b9cca2 554ac6df97b24ea2b7b467fe9e6819a7 - - default default] 10.0.0.74 "GET /v2.0/security-groups?tenant_id=4c71faf7888b4cc69966af4158c6a49a&name=default HTTP/1.1" status: 200 len: 2996 time: 0.0457737
2026-08-28 05:20:46.109 10 INFO neutron.wsgi [None req-e4f254d6-1080-4d4e-a52a-277b9f9836ac 33135f67f1bd4addb9e4c717e0b9cca2 554ac6df97b24ea2b7b467fe9e6819a7 - - default default] 10.0.0.74 "DELETE /v2.0/security-groups/e83490fc-6215-432b-9b89-7e3b6cf69c42 HTTP/1.1" status: 204 len: 168 time: 0.2334917
2026-08-28 05:20:46.343 10 INFO neutron.wsgi [req-5fcf3655-15fe-42c1-8df1-55a4b9cd736d req-15136208-eea5-462e-ace7-ceab2d11a95a 1fa89604f4ab4b82aa93d26188607ccf 66e2a27795dd4011a81426b5b2f0f812 - - default default] 10.0.0.225 "GET /v2.0/ports?device_id=e7890aaa-d55e-4777-94d8-ed3b1451c263 HTTP/1.1" status: 200 len: 1210 time: 0.0711944
2026-08-28 05:20:46.402 10 INFO neutron.wsgi [req-5fcf3655-15fe-42c1-8df1-55a4b9cd736d req-1e017d18-8c8b-4364-8a1a-fbed2968e9b3 1fa89604f4ab4b82aa93d26188607ccf 66e2a27795dd4011a81426b5b2f0f812 - - default default] 10.0.0.225 "GET /v2.0/security-groups?id=8436ae1d-8ee9-420f-8d10-81ae0344a30d&id=c754ecce-f2e2-4067-a474-b0227a6b3b5a&fields=id&fields=name HTTP/1.1" status: 200 len: 404 time: 0.0513566
2026-08-28 05:20:46.559 9 INFO neutron.wsgi [req-3e79f192-9a36-494b-ab54-1d18fcad66a3 req-b82c44ea-ad57-4669-acb4-7437888030be 1fa89604f4ab4b82aa93d26188607ccf 66e2a27795dd4011a81426b5b2f0f812 - - default default] 10.0.0.225 "GET /v2.0/ports?device_id=e7890aaa-d55e-4777-94d8-ed3b1451c263 HTTP/1.1" status: 200 len: 1210 time: 0.0964048
2026-08-28 05:20:46.769 9 INFO neutron.db.l3_db [None req-f020358e-05ee-4def-9f75-549f041b1e34 1fa89604f4ab4b82aa93d26188607ccf 66e2a27795dd4011a81426b5b2f0f812 - - default default] Floating IP fc30e5bd-4813-4b83-a368-fcfd5b1ddddb associated. External IP: 10.96.250.219, port: b9e94448-e68f-4e5d-912b-471f22be26b8.
2026-08-28 05:20:47.156 9 INFO neutron.db.ovn_revision_numbers_db [None req-f020358e-05ee-4def-9f75-549f041b1e34 1fa89604f4ab4b82aa93d26188607ccf 66e2a27795dd4011a81426b5b2f0f812 - - default default] Successfully bumped revision number for resource fc30e5bd-4813-4b83-a368-fcfd5b1ddddb (type: floatingips) to 1
2026-08-28 05:20:47.242 9 INFO neutron.db.ovn_revision_numbers_db [None req-f020358e-05ee-4def-9f75-549f041b1e34 1fa89604f4ab4b82aa93d26188607ccf 66e2a27795dd4011a81426b5b2f0f812 - - default default] Successfully bumped revision number for resource fc30e5bd-4813-4b83-a368-fcfd5b1ddddb (type: floatingips) to 2
2026-08-28 05:20:47.263 9 INFO neutron.wsgi [None req-f020358e-05ee-4def-9f75-549f041b1e34 1fa89604f4ab4b82aa93d26188607ccf 66e2a27795dd4011a81426b5b2f0f812 - - default default] 10.0.0.74 "PUT /v2.0/floatingips/fc30e5bd-4813-4b83-a368-fcfd5b1ddddb HTTP/1.1" status: 200 len: 1049 time: 0.6930685
2026-08-28 05:20:47.304 9 INFO neutron.notifiers.nova [-] Nova event matching ['req-a1ac70b6-5f5b-4f41-a947-c20394ef987b'] response: {'name': 'network-changed', 'server_uuid': 'e7890aaa-d55e-4777-94d8-ed3b1451c263', 'tag': 'b9e94448-e68f-4e5d-912b-471f22be26b8', 'status': 'completed', 'code': 200}
2026-08-28 05:20:47.373 10 INFO neutron.wsgi [req-5b78725b-a1e3-49ad-9e33-196bd24a8bad req-c4dffa1a-7e3f-47e6-946b-d2144028c568 a45cfbf5301f4b66b2d2979c1357e31a 772c60c6023a4860b2a78696266f39d4 - - 8cefee79c7304dcf9c6f274a61c7b886 8cefee79c7304dcf9c6f274a61c7b886] 162.253.55.38 "GET /v2.0/ports?tenant_id=66e2a27795dd4011a81426b5b2f0f812&device_id=e7890aaa-d55e-4777-94d8-ed3b1451c263 HTTP/1.1" status: 200 len: 1448 time: 0.0439193
2026-08-28 05:20:47.462 10 INFO neutron.wsgi [req-5b78725b-a1e3-49ad-9e33-196bd24a8bad req-03de5709-7430-49bc-91b7-48dcff1b08d1 a45cfbf5301f4b66b2d2979c1357e31a 772c60c6023a4860b2a78696266f39d4 - - 8cefee79c7304dcf9c6f274a61c7b886 8cefee79c7304dcf9c6f274a61c7b886] 162.253.55.38 "GET /v2.0/networks?id=a21c6357-35dc-42e1-a55a-d0f2f4ca60e6 HTTP/1.1" status: 200 len: 971 time: 0.0783124
2026-08-28 05:20:47.502 10 INFO neutron.wsgi [req-5b78725b-a1e3-49ad-9e33-196bd24a8bad req-464c1e6e-1ca2-4be9-8470-00c94cd8b9c5 a45cfbf5301f4b66b2d2979c1357e31a 772c60c6023a4860b2a78696266f39d4 - - 8cefee79c7304dcf9c6f274a61c7b886 8cefee79c7304dcf9c6f274a61c7b886] 162.253.55.38 "GET /v2.0/floatingips?fixed_ip_address=10.100.0.3&port_id=b9e94448-e68f-4e5d-912b-471f22be26b8 HTTP/1.1" status: 200 len: 1059 time: 0.0330055
2026-08-28 05:20:47.536 10 INFO neutron.wsgi [req-5b78725b-a1e3-49ad-9e33-196bd24a8bad req-14cddb91-a5b2-4f00-93b3-1e2ce2e6d79a a45cfbf5301f4b66b2d2979c1357e31a 772c60c6023a4860b2a78696266f39d4 - - 8cefee79c7304dcf9c6f274a61c7b886 8cefee79c7304dcf9c6f274a61c7b886] 162.253.55.38 "GET /v2.0/subnets?id=05a1dab7-507e-459d-b098-37ea3af11856 HTTP/1.1" status: 200 len: 866 time: 0.0235143
2026-08-28 05:20:47.562 10 INFO neutron.wsgi [req-5b78725b-a1e3-49ad-9e33-196bd24a8bad req-09ec6336-7f02-437e-a138-c8f7278e7cca a45cfbf5301f4b66b2d2979c1357e31a 772c60c6023a4860b2a78696266f39d4 - - 8cefee79c7304dcf9c6f274a61c7b886 8cefee79c7304dcf9c6f274a61c7b886] 162.253.55.38 "GET /v2.0/ports?network_id=a21c6357-35dc-42e1-a55a-d0f2f4ca60e6&device_owner=network%3Adhcp HTTP/1.1" status: 200 len: 210 time: 0.0160546
2026-08-28 05:20:47.621 10 INFO neutron.wsgi [req-5b78725b-a1e3-49ad-9e33-196bd24a8bad req-c631bf00-7519-43a3-86dd-8a64cbe27802 a45cfbf5301f4b66b2d2979c1357e31a 772c60c6023a4860b2a78696266f39d4 - - 8cefee79c7304dcf9c6f274a61c7b886 8cefee79c7304dcf9c6f274a61c7b886] 162.253.55.38 "GET /v2.0/networks/a21c6357-35dc-42e1-a55a-d0f2f4ca60e6?fields=segments HTTP/1.1" status: 200 len: 212 time: 0.0523424
2026-08-28 05:20:47.716 10 INFO neutron.wsgi [req-5b78725b-a1e3-49ad-9e33-196bd24a8bad req-46c38d2c-d9f6-43d4-be5c-531f690cb802 a45cfbf5301f4b66b2d2979c1357e31a 772c60c6023a4860b2a78696266f39d4 - - 8cefee79c7304dcf9c6f274a61c7b886 8cefee79c7304dcf9c6f274a61c7b886] 162.253.55.38 "GET /v2.0/networks/a21c6357-35dc-42e1-a55a-d0f2f4ca60e6?fields=provider%3Aphysical_network&fields=provider%3Anetwork_type HTTP/1.1" status: 200 len: 277 time: 0.0906327
2026-08-28 05:20:48.031 9 WARNING neutron.plugins.ml2.drivers.ovn.mech_driver.ovsdb.ovn_client [None req-f1ee25d0-118e-43bc-b489-bd59cbe78a1e - - - - - -] No hosting information found for port a8e520b9-add8-4480-bff5-896bb1ba54f6: RuntimeError: No hosting information found for port a8e520b9-add8-4480-bff5-896bb1ba54f6 /var/lib/openstack/lib/python3.10/site-packages/pycadf/identifier.py:71: UserWarning: Invalid uuid: neutron. To ensure interoperability, identifiers should be a valid uuid. warnings.warn(('Invalid uuid: %s. To ensure interoperability, '
2026-08-28 05:20:48.759 10 INFO neutron.plugins.ml2.drivers.ovn.mech_driver.mech_driver [None req-357225a1-d873-437a-91e3-826650292d12 - - - - - -] OVN reports status down for port: 7d19548a-1286-45c8-8eb4-d858cb6648fb
2026-08-28 05:20:48.797 9 INFO neutron.wsgi [req-e1683cff-466b-408f-be8c-81c69af4b04c req-9b9947d9-ba40-4e4e-8cf8-0ee07d2ed3ba 3074592fb39f4fa59b6ff2758d8ab251 038fcc15ae454c2ca182dd96a2014c97 - - default default] 10.0.0.225 "GET /v2.0/ports?device_id=2118c523-90f0-4290-9a2c-a6837c27ecd0 HTTP/1.1" status: 200 len: 1174 time: 0.0988910
2026-08-28 05:20:48.863 9 INFO neutron.wsgi [req-e1683cff-466b-408f-be8c-81c69af4b04c req-e807e771-5b70-4531-8edf-dc0c8daff612 3074592fb39f4fa59b6ff2758d8ab251 038fcc15ae454c2ca182dd96a2014c97 - - default default] 10.0.0.225 "GET /v2.0/security-groups?id=839b3d6c-f37f-4892-b22b-c11d7f9569c6&fields=id&fields=name HTTP/1.1" status: 200 len: 312 time: 0.0619879
2026-08-28 05:20:48.923 10 INFO neutron.notifiers.nova [-] Nova event matching ['req-e97b6c01-6ba1-4408-90d1-35a289de29c6'] response: {'server_uuid': '2118c523-90f0-4290-9a2c-a6837c27ecd0', 'name': 'network-vif-unplugged', 'status': 'completed', 'tag': '7d19548a-1286-45c8-8eb4-d858cb6648fb', 'code': 200}
2026-08-28 05:20:49.090 10 INFO neutron.wsgi [req-6b012614-4f8a-4100-ba5d-5089a0a324c2 req-6ecc63e7-5f04-48e2-9a4e-67a5d4f835bb 3074592fb39f4fa59b6ff2758d8ab251 038fcc15ae454c2ca182dd96a2014c97 - - default default] 162.253.55.38 "GET /v2.0/ports?device_id=2118c523-90f0-4290-9a2c-a6837c27ecd0 HTTP/1.1" status: 200 len: 1172 time: 0.0838041
2026-08-28 05:20:49.091 10 INFO neutron.db.ovn_revision_numbers_db [None req-357225a1-d873-437a-91e3-826650292d12 - - - - - -] Successfully bumped revision number for resource 7d19548a-1286-45c8-8eb4-d858cb6648fb (type: ports) to 5
2026-08-28 05:20:49.341 10 INFO neutron.db.l3_db [req-6b012614-4f8a-4100-ba5d-5089a0a324c2 req-e8edfc1d-1342-4a1d-a539-c46321473638 3074592fb39f4fa59b6ff2758d8ab251 038fcc15ae454c2ca182dd96a2014c97 - - default default] Floating IP 96c5174a-6e6e-4819-9ddf-ade0b1fb9ad2 disassociated. External IP: 10.96.250.216, port: 7d19548a-1286-45c8-8eb4-d858cb6648fb.
2026-08-28 05:20:49.766 10 INFO neutron.wsgi [req-6b012614-4f8a-4100-ba5d-5089a0a324c2 req-e8edfc1d-1342-4a1d-a539-c46321473638 3074592fb39f4fa59b6ff2758d8ab251 038fcc15ae454c2ca182dd96a2014c97 - - default default] 162.253.55.38 "DELETE /v2.0/ports/7d19548a-1286-45c8-8eb4-d858cb6648fb HTTP/1.1" status: 204 len: 173 time: 0.6724434 /var/lib/openstack/lib/python3.10/site-packages/pycadf/identifier.py:71: UserWarning: Invalid uuid: neutron. To ensure interoperability, identifiers should be a valid uuid. warnings.warn(('Invalid uuid: %s. To ensure interoperability, '
2026-08-28 05:20:49.974 9 INFO neutron.wsgi [req-12120326-db42-41fc-aa1c-079895f25885 req-06194169-bff3-466d-b372-f72bc86ff55f 3074592fb39f4fa59b6ff2758d8ab251 038fcc15ae454c2ca182dd96a2014c97 - - default default] 10.0.0.225 "GET /v2.0/ports?device_id=2118c523-90f0-4290-9a2c-a6837c27ecd0 HTTP/1.1" status: 200 len: 210 time: 0.0271413 /var/lib/openstack/lib/python3.10/site-packages/pycadf/identifier.py:71: UserWarning: Invalid uuid: neutron. To ensure interoperability, identifiers should be a valid uuid. warnings.warn(('Invalid uuid: %s. To ensure interoperability, '
2026-08-28 05:20:50.952 10 INFO neutron.db.ovn_revision_numbers_db [None req-37960653-c915-4ef0-99ee-abdf4ffe34be eb764ed209874bc0848a362e575917b6 92f768706dff4d36aeac4a9f6e6a408c - - default default] Successfully bumped revision number for resource dc64e04b-87bb-4608-b578-56cc6a46a5a6 (type: security_groups) to 1
2026-08-28 05:20:50.970 10 INFO neutron.db.ovn_revision_numbers_db [None req-37960653-c915-4ef0-99ee-abdf4ffe34be eb764ed209874bc0848a362e575917b6 92f768706dff4d36aeac4a9f6e6a408c - - default default] Successfully bumped revision number for resource 3960929b-5287-4d3b-8aea-e6d742b95dd3 (type: security_group_rules) to 0
2026-08-28 05:20:50.974 10 INFO neutron.notifiers.nova [-] Nova event matching ['req-27622de4-bad0-4723-b984-94ffde8c8198'] response: {'server_uuid': '2118c523-90f0-4290-9a2c-a6837c27ecd0', 'name': 'network-vif-plugged', 'status': 'completed', 'tag': '7d19548a-1286-45c8-8eb4-d858cb6648fb', 'code': 200}
2026-08-28 05:20:50.975 10 INFO neutron.notifiers.nova [-] Nova event matching ['req-27622de4-bad0-4723-b984-94ffde8c8198'] response: {'server_uuid': '2118c523-90f0-4290-9a2c-a6837c27ecd0', 'name': 'network-vif-deleted', 'tag': '7d19548a-1286-45c8-8eb4-d858cb6648fb', 'status': 'completed', 'code': 200}
2026-08-28 05:20:50.989 10 INFO neutron.db.ovn_revision_numbers_db [None req-37960653-c915-4ef0-99ee-abdf4ffe34be eb764ed209874bc0848a362e575917b6 92f768706dff4d36aeac4a9f6e6a408c - - default default] Successfully bumped revision number for resource 798975ef-f9ea-4625-b0ce-87b01217cbbc (type: security_group_rules) to 0
2026-08-28 05:20:51.006 10 INFO neutron.db.ovn_revision_numbers_db [None req-37960653-c915-4ef0-99ee-abdf4ffe34be eb764ed209874bc0848a362e575917b6 92f768706dff4d36aeac4a9f6e6a408c - - default default] Successfully bumped revision number for resource d036961f-067c-4970-bb02-ab40dc0eec74 (type: security_group_rules) to 0
2026-08-28 05:20:51.025 10 INFO neutron.db.ovn_revision_numbers_db [None req-37960653-c915-4ef0-99ee-abdf4ffe34be eb764ed209874bc0848a362e575917b6 92f768706dff4d36aeac4a9f6e6a408c - - default default] Successfully bumped revision number for resource fd8e8b48-40c3-4f30-a20b-84edd18b45f9 (type: security_group_rules) to 0
2026-08-28 05:20:51.077 10 INFO neutron.db.segments_db [None req-37960653-c915-4ef0-99ee-abdf4ffe34be eb764ed209874bc0848a362e575917b6 92f768706dff4d36aeac4a9f6e6a408c - - default default] Added segment 26cbfeef-a1bb-4a1f-bed5-3c60a73277fc of type geneve for network a8edb13b-9906-456e-b38f-12a699b3d178
2026-08-28 05:20:51.237 9 INFO neutron.wsgi [None req-8d76d270-b901-42c1-839a-c66953e32bd0 3074592fb39f4fa59b6ff2758d8ab251 038fcc15ae454c2ca182dd96a2014c97 - - default default] 10.0.0.74 "DELETE /v2.0/security-groups/839b3d6c-f37f-4892-b22b-c11d7f9569c6 HTTP/1.1" status: 204 len: 168 time: 0.1961424
2026-08-28 05:20:51.285 10 INFO neutron.db.ovn_revision_numbers_db [None req-37960653-c915-4ef0-99ee-abdf4ffe34be eb764ed209874bc0848a362e575917b6 92f768706dff4d36aeac4a9f6e6a408c - - default default] Successfully bumped revision number for resource a8edb13b-9906-456e-b38f-12a699b3d178 (type: networks) to 1
2026-08-28 05:20:51.471 10 WARNING neutron.scheduler.dhcp_agent_scheduler [None req-37960653-c915-4ef0-99ee-abdf4ffe34be eb764ed209874bc0848a362e575917b6 92f768706dff4d36aeac4a9f6e6a408c - - default default] No more DHCP agents
2026-08-28 05:20:51.475 10 WARNING neutron.api.rpc.agentnotifiers.dhcp_rpc_agent_api [None req-37960653-c915-4ef0-99ee-abdf4ffe34be eb764ed209874bc0848a362e575917b6 92f768706dff4d36aeac4a9f6e6a408c - - default default] Unable to schedule network a8edb13b-9906-456e-b38f-12a699b3d178: no agents available; will retry on subsequent port and subnet creation events.
2026-08-28 05:20:51.568 10 INFO neutron.db.ovn_revision_numbers_db [None req-37960653-c915-4ef0-99ee-abdf4ffe34be eb764ed209874bc0848a362e575917b6 92f768706dff4d36aeac4a9f6e6a408c - - default default] Successfully bumped revision number for resource 53380be4-b3dd-4efe-bc00-17d8833c9688 (type: ports) to 1
2026-08-28 05:20:51.589 10 INFO neutron.wsgi [None req-37960653-c915-4ef0-99ee-abdf4ffe34be eb764ed209874bc0848a362e575917b6 92f768706dff4d36aeac4a9f6e6a408c - - default default] 10.0.0.74 "POST /v2.0/networks HTTP/1.1" status: 201 len: 839 time: 1.0277617
2026-08-28 05:20:51.595 9 INFO neutron.wsgi [None req-cc32a091-85ec-4575-9d77-cde6c72dbd4f 3074592fb39f4fa59b6ff2758d8ab251 038fcc15ae454c2ca182dd96a2014c97 - - default default] 10.0.0.74 "DELETE /v2.0/floatingips/96c5174a-6e6e-4819-9ddf-ade0b1fb9ad2 HTTP/1.1" status: 204 len: 168 time: 0.3213019
2026-08-28 05:20:51.821 10 INFO neutron.wsgi [req-fb859c4e-119e-4456-9e82-d72e3c2ea65d req-24284c6f-4409-44a0-9ae8-6bcb5dfa6c01 3074592fb39f4fa59b6ff2758d8ab251 038fcc15ae454c2ca182dd96a2014c97 - - default default] 10.0.0.225 "GET /v2.0/ports?device_id=c4385c92-a3cb-4e8b-9c17-8ccb8a854043 HTTP/1.1" status: 200 len: 1174 time: 0.0691204
2026-08-28 05:20:51.824 10 INFO neutron.plugins.ml2.drivers.ovn.mech_driver.mech_driver [None req-357225a1-d873-437a-91e3-826650292d12 - - - - - -] OVN reports status down for port: 68cbe297-0c0f-448c-bbea-a89d24e7d026
2026-08-28 05:20:51.892 9 WARNING neutron.scheduler.dhcp_agent_scheduler [None req-0ab3150b-3b84-4cb8-923a-a26b94afae2c eb764ed209874bc0848a362e575917b6 92f768706dff4d36aeac4a9f6e6a408c - - default default] No more DHCP agents
2026-08-28 05:20:51.895 9 WARNING neutron.api.rpc.agentnotifiers.dhcp_rpc_agent_api [None req-0ab3150b-3b84-4cb8-923a-a26b94afae2c eb764ed209874bc0848a362e575917b6 92f768706dff4d36aeac4a9f6e6a408c - - default default] Unable to schedule network a8edb13b-9906-456e-b38f-12a699b3d178: no agents available; will retry on subsequent port and subnet creation events.
2026-08-28 05:20:51.902 10 INFO neutron.wsgi [req-fb859c4e-119e-4456-9e82-d72e3c2ea65d req-b3d2379b-434b-4647-8ba0-87fafc32543d 3074592fb39f4fa59b6ff2758d8ab251 038fcc15ae454c2ca182dd96a2014c97 - - default default] 10.0.0.225 "GET /v2.0/security-groups?id=a14d402f-cfb0-46d6-8f45-6c8854c07c0d&fields=id&fields=name HTTP/1.1" status: 200 len: 311 time: 0.0624146
2026-08-28 05:20:52.119 10 INFO neutron.wsgi [req-1916c8ac-b483-4417-96af-49078b3e0cfa req-4d22ddf6-4a9d-437f-ac4d-33b932b76fd2 3074592fb39f4fa59b6ff2758d8ab251 038fcc15ae454c2ca182dd96a2014c97 - - default default] 162.253.55.38 "GET /v2.0/ports?device_id=c4385c92-a3cb-4e8b-9c17-8ccb8a854043 HTTP/1.1" status: 200 len: 1172 time: 0.0333059
2026-08-28 05:20:52.163 10 INFO neutron.db.ovn_revision_numbers_db [None req-357225a1-d873-437a-91e3-826650292d12 - - - - - -] Successfully bumped revision number for resource 68cbe297-0c0f-448c-bbea-a89d24e7d026 (type: ports) to 5
2026-08-28 05:20:52.344 10 INFO neutron.wsgi [req-1916c8ac-b483-4417-96af-49078b3e0cfa req-29cb0c67-2b71-4009-bcda-34f9a1c7a7c1 3074592fb39f4fa59b6ff2758d8ab251 038fcc15ae454c2ca182dd96a2014c97 - - default default] 162.253.55.38 "DELETE /v2.0/ports/68cbe297-0c0f-448c-bbea-a89d24e7d026 HTTP/1.1" status: 204 len: 173 time: 0.2191572
2026-08-28 05:20:52.374 9 INFO neutron.db.ovn_revision_numbers_db [None req-0ab3150b-3b84-4cb8-923a-a26b94afae2c eb764ed209874bc0848a362e575917b6 92f768706dff4d36aeac4a9f6e6a408c - - default default] Successfully bumped revision number for resource 53380be4-b3dd-4efe-bc00-17d8833c9688 (type: ports) to 2
2026-08-28 05:20:52.401 9 INFO neutron.db.ovn_revision_numbers_db [None req-0ab3150b-3b84-4cb8-923a-a26b94afae2c eb764ed209874bc0848a362e575917b6 92f768706dff4d36aeac4a9f6e6a408c - - default default] Successfully bumped revision number for resource 8540ec21-d403-4e14-9722-8e0d0c908731 (type: subnets) to 0
2026-08-28 05:20:52.415 9 INFO neutron.wsgi [None req-0ab3150b-3b84-4cb8-923a-a26b94afae2c eb764ed209874bc0848a362e575917b6 92f768706dff4d36aeac4a9f6e6a408c - - default default] 10.0.0.74 "POST /v2.0/subnets HTTP/1.1" status: 201 len: 832 time: 0.8146772
2026-08-28 05:20:52.490 9 INFO neutron.wsgi [None req-897b30bd-907a-4d33-8c88-0325bbd4e9b1 4cd7f2afe1564c79be7c7348e60ddbea 5e31e6a5daf94f628d764d78d6da6765 - - default default] 10.0.0.74 "GET /v2.0/subnetpools?name=shared-default-subnetpool-v6 HTTP/1.1" status: 200 len: 212 time: 0.0696020
2026-08-28 05:20:52.758 9 WARNING neutron.scheduler.dhcp_agent_scheduler [None req-cbf515f3-6dfd-4a44-bc5b-148b63dd877b eb764ed209874bc0848a362e575917b6 92f768706dff4d36aeac4a9f6e6a408c - - default default] No more DHCP agents
2026-08-28 05:20:52.761 9 WARNING neutron.api.rpc.agentnotifiers.dhcp_rpc_agent_api [None req-cbf515f3-6dfd-4a44-bc5b-148b63dd877b eb764ed209874bc0848a362e575917b6 92f768706dff4d36aeac4a9f6e6a408c - - default default] Unable to schedule network a8edb13b-9906-456e-b38f-12a699b3d178: no agents available; will retry on subsequent port and subnet creation events.
2026-08-28 05:20:52.809 9 INFO neutron.db.ovn_revision_numbers_db [None req-cbf515f3-6dfd-4a44-bc5b-148b63dd877b eb764ed209874bc0848a362e575917b6 92f768706dff4d36aeac4a9f6e6a408c - - default default] Successfully bumped revision number for resource adcf3aa9-2b5a-49dc-90e7-87c6e8a4d725 (type: subnets) to 0
2026-08-28 05:20:52.834 9 INFO neutron.wsgi [None req-cbf515f3-6dfd-4a44-bc5b-148b63dd877b eb764ed209874bc0848a362e575917b6 92f768706dff4d36aeac4a9f6e6a408c - - default default] 10.0.0.74 "POST /v2.0/subnets HTTP/1.1" status: 201 len: 907 time: 0.3370235 /var/lib/openstack/lib/python3.10/site-packages/pycadf/identifier.py:71: UserWarning: Invalid uuid: neutron. To ensure interoperability, identifiers should be a valid uuid. warnings.warn(('Invalid uuid: %s. To ensure interoperability, '
2026-08-28 05:20:52.992 9 INFO neutron.db.segments_db [None req-362a90a8-615f-4b59-8b2e-fc689767d9b5 eb764ed209874bc0848a362e575917b6 92f768706dff4d36aeac4a9f6e6a408c - - default default] Added segment f8fab313-5888-422b-a4e3-29b3c56f3cfb of type geneve for network 3ac0e8ef-398b-4780-8049-89704ac3322f
2026-08-28 05:20:53.036 10 INFO neutron.notifiers.nova [-] Nova event matching ['req-0e80afc0-08cc-4cea-a916-6990ba05df95'] response: {'server_uuid': 'c4385c92-a3cb-4e8b-9c17-8ccb8a854043', 'name': 'network-vif-unplugged', 'status': 'completed', 'tag': '68cbe297-0c0f-448c-bbea-a89d24e7d026', 'code': 200}
2026-08-28 05:20:53.037 10 INFO neutron.notifiers.nova [-] Nova event matching ['req-0e80afc0-08cc-4cea-a916-6990ba05df95'] response: {'server_uuid': 'c4385c92-a3cb-4e8b-9c17-8ccb8a854043', 'name': 'network-vif-plugged', 'status': 'completed', 'tag': '68cbe297-0c0f-448c-bbea-a89d24e7d026', 'code': 200}
2026-08-28 05:20:53.037 10 INFO neutron.notifiers.nova [-] Nova event matching ['req-0e80afc0-08cc-4cea-a916-6990ba05df95'] response: {'server_uuid': 'c4385c92-a3cb-4e8b-9c17-8ccb8a854043', 'name': 'network-vif-deleted', 'tag': '68cbe297-0c0f-448c-bbea-a89d24e7d026', 'status': 'completed', 'code': 200}
