2026-08-28 05:21:22.822 10 INFO neutron.wsgi [None req-160708b1-44c4-4272-930f-1f94346e963b eb764ed209874bc0848a362e575917b6 92f768706dff4d36aeac4a9f6e6a408c - - default default] 10.0.0.74 "POST /v2.0/floatingips HTTP/1.1" status: 201 len: 1054 time: 1.6743612
2026-08-28 05:21:22.857 10 INFO neutron.wsgi [None req-d4b3678d-8037-482d-8539-ae94417e858d d8086240ef444abc8424c6f440cfc6cf f57bf32720854cf0914db14b7497ec2b - - default default] 10.0.0.74 "GET /v2.0/ports?device_id=772d61e3-1cef-487d-8b41-b0bdb7119a0d HTTP/1.1" status: 200 len: 205 time: 0.0296557
2026-08-28 05:21:22.858 9 INFO neutron.wsgi [None req-e96e7dd3-c2d0-4ddc-99b4-7add62a665f5 bf1a5b5621bb455e9cf8bd3318c16fca 4b14ac3d92e24996b950321ffccbb8d5 - - default default] 10.0.0.74 "DELETE /v2.0/floatingips/4b5f6b39-ee14-4321-822c-cd46cdd1c11a HTTP/1.1" status: 204 len: 168 time: 0.7561409 /var/lib/openstack/lib/python3.10/site-packages/pycadf/identifier.py:71: UserWarning: Invalid uuid: neutron. To ensure interoperability, identifiers should be a valid uuid. warnings.warn(('Invalid uuid: %s. To ensure interoperability, '
2026-08-28 05:21:22.878 10 INFO neutron.notifiers.nova [-] Nova event matching ['req-167620fc-7c72-4431-8ae8-7f8dd725a673'] response: {'name': 'network-changed', 'server_uuid': 'aac9ce2c-8100-4c18-a9f0-8c799a620631', 'tag': '432d4273-35cc-4bba-a5b2-ab551000aa36', 'status': 'completed', 'code': 200}
2026-08-28 05:21:22.985 10 INFO neutron.wsgi [req-d592988f-1b54-4896-bdff-8f4d08067ec1 req-2e25f06f-7c12-4cc6-8ebf-2401c6bc19d7 a45cfbf5301f4b66b2d2979c1357e31a 772c60c6023a4860b2a78696266f39d4 - - 8cefee79c7304dcf9c6f274a61c7b886 8cefee79c7304dcf9c6f274a61c7b886] 162.253.55.38 "GET /v2.0/ports?tenant_id=92f768706dff4d36aeac4a9f6e6a408c&device_id=aac9ce2c-8100-4c18-a9f0-8c799a620631 HTTP/1.1" status: 200 len: 1642 time: 0.0754924
2026-08-28 05:21:23.128 10 INFO neutron.wsgi [req-d592988f-1b54-4896-bdff-8f4d08067ec1 req-03c9af6c-9677-4c32-8c79-b1d3b04fac44 a45cfbf5301f4b66b2d2979c1357e31a 772c60c6023a4860b2a78696266f39d4 - - 8cefee79c7304dcf9c6f274a61c7b886 8cefee79c7304dcf9c6f274a61c7b886] 162.253.55.38 "GET /v2.0/networks?id=9846d87b-56ca-427f-93ce-f474db9e01d8 HTTP/1.1" status: 200 len: 1002 time: 0.1364846
2026-08-28 05:21:23.150 9 INFO neutron.wsgi [None req-4591b894-89ce-4477-8ca0-797db198695c bf1a5b5621bb455e9cf8bd3318c16fca 4b14ac3d92e24996b950321ffccbb8d5 - - default default] 10.0.0.74 "DELETE /v2.0/floatingips/31e3ac36-10e8-4229-8229-a02f742a7a99 HTTP/1.1" status: 204 len: 168 time: 0.2790573
2026-08-28 05:21:23.186 10 INFO neutron.wsgi [req-d592988f-1b54-4896-bdff-8f4d08067ec1 req-e9467091-71a2-40b0-943b-4c84e0730a88 a45cfbf5301f4b66b2d2979c1357e31a 772c60c6023a4860b2a78696266f39d4 - - 8cefee79c7304dcf9c6f274a61c7b886 8cefee79c7304dcf9c6f274a61c7b886] 162.253.55.38 "GET /v2.0/floatingips?fixed_ip_address=10.2.2.206&port_id=432d4273-35cc-4bba-a5b2-ab551000aa36 HTTP/1.1" status: 200 len: 1059 time: 0.0495193
2026-08-28 05:21:23.189 10 INFO neutron.wsgi [None req-a3f70dc1-790c-4afb-a117-503be2466ee1 d8086240ef444abc8424c6f440cfc6cf f57bf32720854cf0914db14b7497ec2b - - default default] 10.0.0.74 "DELETE /v2.0/routers/772d61e3-1cef-487d-8b41-b0bdb7119a0d HTTP/1.1" status: 204 len: 168 time: 0.3216031
2026-08-28 05:21:23.234 10 INFO neutron.wsgi [req-d592988f-1b54-4896-bdff-8f4d08067ec1 req-592daa5e-f57f-4e5c-bd50-04fc020e7cb6 a45cfbf5301f4b66b2d2979c1357e31a 772c60c6023a4860b2a78696266f39d4 - - 8cefee79c7304dcf9c6f274a61c7b886 8cefee79c7304dcf9c6f274a61c7b886] 162.253.55.38 "GET /v2.0/floatingips?fixed_ip_address=fd77%3A1457%3A4cf0%3A26a8%3A%3A10c&port_id=432d4273-35cc-4bba-a5b2-ab551000aa36 HTTP/1.1" status: 200 len: 217 time: 0.0318346
2026-08-28 05:21:23.256 10 INFO neutron.wsgi [None req-a93942a6-0b15-4397-9c3b-0f7b616f70c8 d8086240ef444abc8424c6f440cfc6cf f57bf32720854cf0914db14b7497ec2b - - default default] 10.0.0.74 "GET /v2.0/routers/db581982-f1e6-43ca-89c9-9ba99c0daf71 HTTP/1.1" status: 200 len: 677 time: 0.0555341
2026-08-28 05:21:23.279 10 INFO neutron.wsgi [req-d592988f-1b54-4896-bdff-8f4d08067ec1 req-985d0324-e183-4359-8943-27ce3b8cffc0 a45cfbf5301f4b66b2d2979c1357e31a 772c60c6023a4860b2a78696266f39d4 - - 8cefee79c7304dcf9c6f274a61c7b886 8cefee79c7304dcf9c6f274a61c7b886] 162.253.55.38 "GET /v2.0/subnets?id=3d14b946-df76-4789-9f85-3efdacda2480&id=7f1cfd05-ddc7-47d8-8bd1-e395bf14502c HTTP/1.1" status: 200 len: 1567 time: 0.0373585
2026-08-28 05:21:23.530 10 INFO neutron.wsgi [req-d592988f-1b54-4896-bdff-8f4d08067ec1 req-e97898e3-5afa-4bb2-b238-9169ed56f3cc a45cfbf5301f4b66b2d2979c1357e31a 772c60c6023a4860b2a78696266f39d4 - - 8cefee79c7304dcf9c6f274a61c7b886 8cefee79c7304dcf9c6f274a61c7b886] 162.253.55.38 "GET /v2.0/ports?network_id=9846d87b-56ca-427f-93ce-f474db9e01d8&device_owner=network%3Adhcp HTTP/1.1" status: 200 len: 210 time: 0.0169487
2026-08-28 05:21:23.548 10 INFO neutron.db.ovn_revision_numbers_db [None req-f29599ed-6443-4693-8e82-51159ec2f348 58b9ac03e7994bf881574ad5f359dea9 b80f93e5c02744d4882399469680f15a - - default default] Successfully bumped revision number for resource 87b175b1-b9dd-4b4d-9e10-087d7e737468 (type: ports) to 2
2026-08-28 05:21:23.550 10 INFO neutron.wsgi [req-d592988f-1b54-4896-bdff-8f4d08067ec1 req-1840b876-eee9-4226-8cc9-6409d258e84a a45cfbf5301f4b66b2d2979c1357e31a 772c60c6023a4860b2a78696266f39d4 - - 8cefee79c7304dcf9c6f274a61c7b886 8cefee79c7304dcf9c6f274a61c7b886] 162.253.55.38 "GET /v2.0/ports?network_id=9846d87b-56ca-427f-93ce-f474db9e01d8&device_owner=network%3Adhcp HTTP/1.1" status: 200 len: 210 time: 0.0163882
2026-08-28 05:21:23.594 10 INFO neutron.db.ovn_revision_numbers_db [None req-f29599ed-6443-4693-8e82-51159ec2f348 58b9ac03e7994bf881574ad5f359dea9 b80f93e5c02744d4882399469680f15a - - default default] Successfully bumped revision number for resource c34c057e-398e-4429-9896-8aa3cb6afa97 (type: subnets) to 0
2026-08-28 05:21:23.600 9 INFO neutron.wsgi [None req-314f0914-8207-45af-8a1d-945a9c8b709c bf1a5b5621bb455e9cf8bd3318c16fca 4b14ac3d92e24996b950321ffccbb8d5 - - default default] 10.0.0.74 "DELETE /v2.0/floatingips/8dec2ec0-fbdd-4f81-b446-7bc949ea9bbf HTTP/1.1" status: 204 len: 168 time: 0.4426696
2026-08-28 05:21:23.604 10 INFO neutron.wsgi [req-d592988f-1b54-4896-bdff-8f4d08067ec1 req-35db6cdd-52c8-4fee-8753-6834190ff5d5 a45cfbf5301f4b66b2d2979c1357e31a 772c60c6023a4860b2a78696266f39d4 - - 8cefee79c7304dcf9c6f274a61c7b886 8cefee79c7304dcf9c6f274a61c7b886] 162.253.55.38 "GET /v2.0/networks/9846d87b-56ca-427f-93ce-f474db9e01d8?fields=segments HTTP/1.1" status: 200 len: 212 time: 0.0493691
2026-08-28 05:21:23.626 10 INFO neutron.wsgi [None req-f29599ed-6443-4693-8e82-51159ec2f348 58b9ac03e7994bf881574ad5f359dea9 b80f93e5c02744d4882399469680f15a - - default default] 10.0.0.74 "POST /v2.0/subnets HTTP/1.1" status: 201 len: 819 time: 1.3362343
2026-08-28 05:21:23.639 10 WARNING neutron.api.v2.base [None req-0962d955-70d9-4218-8be2-90a60e0fa9f2 58b9ac03e7994bf881574ad5f359dea9 b80f93e5c02744d4882399469680f15a - - default default] An exception happened while processing the request body. The exception message is [Invalid input for target_tenant. Reason: 'None' is not a valid string.].: webob.exc.HTTPBadRequest: Invalid input for target_tenant. Reason: 'None' is not a valid string.
2026-08-28 05:21:23.642 10 INFO neutron.api.v2.resource [None req-0962d955-70d9-4218-8be2-90a60e0fa9f2 58b9ac03e7994bf881574ad5f359dea9 b80f93e5c02744d4882399469680f15a - - default default] create failed (client error): Invalid input for target_tenant. Reason: 'None' is not a valid string.
2026-08-28 05:21:23.643 10 INFO neutron.wsgi [None req-0962d955-70d9-4218-8be2-90a60e0fa9f2 58b9ac03e7994bf881574ad5f359dea9 b80f93e5c02744d4882399469680f15a - - default default] 10.0.0.74 "POST /v2.0/rbac-policies HTTP/1.1" status: 400 len: 346 time: 0.0083389
2026-08-28 05:21:23.665 9 INFO neutron.db.ovn_revision_numbers_db [None req-a349507d-a7fc-4e85-a0cd-f85980268191 d8086240ef444abc8424c6f440cfc6cf f57bf32720854cf0914db14b7497ec2b - - default default] Successfully bumped revision number for resource db581982-f1e6-43ca-89c9-9ba99c0daf71 (type: routers) to 2
2026-08-28 05:21:23.667 9 INFO neutron.wsgi [None req-a349507d-a7fc-4e85-a0cd-f85980268191 d8086240ef444abc8424c6f440cfc6cf f57bf32720854cf0914db14b7497ec2b - - default default] 10.0.0.74 "PUT /v2.0/routers/db581982-f1e6-43ca-89c9-9ba99c0daf71 HTTP/1.1" status: 200 len: 677 time: 0.4038157
2026-08-28 05:21:23.691 9 INFO neutron.wsgi [None req-3c559758-5f9a-4e4e-93c7-bf89d860c9ee d8086240ef444abc8424c6f440cfc6cf f57bf32720854cf0914db14b7497ec2b - - default default] 10.0.0.74 "GET /v2.0/ports?device_id=db581982-f1e6-43ca-89c9-9ba99c0daf71 HTTP/1.1" status: 200 len: 205 time: 0.0196536
2026-08-28 05:21:23.714 10 INFO neutron.wsgi [req-d592988f-1b54-4896-bdff-8f4d08067ec1 req-8b8a4e09-2fe2-4bde-9970-2aeef20debc2 a45cfbf5301f4b66b2d2979c1357e31a 772c60c6023a4860b2a78696266f39d4 - - 8cefee79c7304dcf9c6f274a61c7b886 8cefee79c7304dcf9c6f274a61c7b886] 162.253.55.38 "GET /v2.0/networks/9846d87b-56ca-427f-93ce-f474db9e01d8?fields=provider%3Aphysical_network&fields=provider%3Anetwork_type HTTP/1.1" status: 200 len: 277 time: 0.1039464
2026-08-28 05:21:23.909 9 INFO neutron.wsgi [None req-d7b461ef-b732-4474-9ddd-d62821d07a97 d8086240ef444abc8424c6f440cfc6cf f57bf32720854cf0914db14b7497ec2b - - default default] 10.0.0.74 "DELETE /v2.0/routers/db581982-f1e6-43ca-89c9-9ba99c0daf71 HTTP/1.1" status: 204 len: 168 time: 0.2144990
2026-08-28 05:21:23.971 10 INFO neutron.wsgi [None req-e480d022-b8dd-4f11-af51-6a203e828484 d8086240ef444abc8424c6f440cfc6cf f57bf32720854cf0914db14b7497ec2b - - default default] 10.0.0.74 "GET /v2.0/routers/bd7fefd1-c11b-4ddb-8e5f-cf0eac10ab5d HTTP/1.1" status: 200 len: 662 time: 0.0560749
2026-08-28 05:21:24.081 10 INFO neutron.wsgi [None req-07cdd1b4-23fd-4d93-bdb7-450fd1c8da16 bf1a5b5621bb455e9cf8bd3318c16fca 4b14ac3d92e24996b950321ffccbb8d5 - - default default] 10.0.0.74 "DELETE /v2.0/floatingips/e87f939e-1814-4896-a14c-da1769befaf1 HTTP/1.1" status: 204 len: 168 time: 0.4760332
2026-08-28 05:21:24.233 10 INFO neutron.services.segments.plugin [-] Segment e08a4408-c2ba-4b74-a165-72a513ae58d6 resource provider aggregate not found
2026-08-28 05:21:24.239 10 INFO neutron.services.segments.plugin [-] Segment e08a4408-c2ba-4b74-a165-72a513ae58d6 resource provider aggregate not found
2026-08-28 05:21:24.250 10 INFO neutron.services.segments.plugin [-] Segment e08a4408-c2ba-4b74-a165-72a513ae58d6 resource provider not found; error: Placement Client Error (4xx): {"errors": [{"status": 404, "title": "Not Found", "detail": "The resource could not be found.\n\n No resource provider with uuid e08a4408-c2ba-4b74-a165-72a513ae58d6 found for delete ", "request_id": "req-51abdf57-664e-457a-b026-44ef8760f975"}]}
2026-08-28 05:21:24.260 10 INFO neutron.services.segments.plugin [-] Segment e08a4408-c2ba-4b74-a165-72a513ae58d6 resource provider not found; error: Placement Client Error (4xx): {"errors": [{"status": 404, "title": "Not Found", "detail": "The resource could not be found.\n\n No resource provider with uuid e08a4408-c2ba-4b74-a165-72a513ae58d6 found for delete ", "request_id": "req-af16ce13-36cb-434c-a141-4acee1cc8607"}]}
2026-08-28 05:21:24.289 10 INFO neutron.wsgi [None req-3d5a5dbe-489f-4478-91c6-6790ae3135fe 58b9ac03e7994bf881574ad5f359dea9 b80f93e5c02744d4882399469680f15a - - default default] 10.0.0.74 "DELETE /v2.0/networks/a608e6f9-f028-4f19-97c3-2775a2d616f3 HTTP/1.1" status: 204 len: 168 time: 0.6415493
2026-08-28 05:21:24.362 9 INFO neutron.db.ovn_revision_numbers_db [None req-0fadb6ae-a063-4288-a6d4-fea1a8928169 d8086240ef444abc8424c6f440cfc6cf f57bf32720854cf0914db14b7497ec2b - - default default] Successfully bumped revision number for resource bd7fefd1-c11b-4ddb-8e5f-cf0eac10ab5d (type: routers) to 2
2026-08-28 05:21:24.365 9 INFO neutron.wsgi [None req-0fadb6ae-a063-4288-a6d4-fea1a8928169 d8086240ef444abc8424c6f440cfc6cf f57bf32720854cf0914db14b7497ec2b - - default default] 10.0.0.74 "PUT /v2.0/routers/bd7fefd1-c11b-4ddb-8e5f-cf0eac10ab5d HTTP/1.1" status: 200 len: 662 time: 0.3898263
2026-08-28 05:21:24.388 9 INFO neutron.wsgi [None req-681be202-cc23-4fc9-9a60-45d315036ecd d8086240ef444abc8424c6f440cfc6cf f57bf32720854cf0914db14b7497ec2b - - default default] 10.0.0.74 "GET /v2.0/ports?device_id=bd7fefd1-c11b-4ddb-8e5f-cf0eac10ab5d HTTP/1.1" status: 200 len: 205 time: 0.0188766
2026-08-28 05:21:24.406 9 INFO neutron.db.segments_db [None req-7495ff06-3df7-4185-9e50-82421b381b90 58b9ac03e7994bf881574ad5f359dea9 b80f93e5c02744d4882399469680f15a - - default default] Added segment e6ea4622-fd72-42f5-89a8-e770a303e647 of type geneve for network 5e1970b0-1559-4360-a723-faf446aee032
2026-08-28 05:21:24.713 10 INFO neutron.wsgi [None req-c87c0bf0-bf0d-41c3-afb4-33a6e9d24b72 d8086240ef444abc8424c6f440cfc6cf f57bf32720854cf0914db14b7497ec2b - - default default] 10.0.0.74 "DELETE /v2.0/routers/bd7fefd1-c11b-4ddb-8e5f-cf0eac10ab5d HTTP/1.1" status: 204 len: 168 time: 0.3214769
2026-08-28 05:21:24.765 10 INFO neutron.wsgi [None req-34eda002-acd8-4e91-92e9-a3c5f90727cc d8086240ef444abc8424c6f440cfc6cf f57bf32720854cf0914db14b7497ec2b - - default default] 10.0.0.74 "GET /v2.0/routers/7f4235cf-1f23-4f5b-aae6-69d182af90c5 HTTP/1.1" status: 200 len: 655 time: 0.0450420
2026-08-28 05:21:24.802 9 INFO neutron.db.ovn_revision_numbers_db [None req-7495ff06-3df7-4185-9e50-82421b381b90 58b9ac03e7994bf881574ad5f359dea9 b80f93e5c02744d4882399469680f15a - - default default] Successfully bumped revision number for resource 5e1970b0-1559-4360-a723-faf446aee032 (type: networks) to 1
2026-08-28 05:21:24.956 9 WARNING neutron.scheduler.dhcp_agent_scheduler [None req-7495ff06-3df7-4185-9e50-82421b381b90 58b9ac03e7994bf881574ad5f359dea9 b80f93e5c02744d4882399469680f15a - - default default] No more DHCP agents
2026-08-28 05:21:24.958 9 WARNING neutron.api.rpc.agentnotifiers.dhcp_rpc_agent_api [None req-7495ff06-3df7-4185-9e50-82421b381b90 58b9ac03e7994bf881574ad5f359dea9 b80f93e5c02744d4882399469680f15a - - default default] Unable to schedule network 5e1970b0-1559-4360-a723-faf446aee032: no agents available; will retry on subsequent port and subnet creation events.
2026-08-28 05:21:25.039 9 INFO neutron.db.ovn_revision_numbers_db [None req-7495ff06-3df7-4185-9e50-82421b381b90 58b9ac03e7994bf881574ad5f359dea9 b80f93e5c02744d4882399469680f15a - - default default] Successfully bumped revision number for resource 68e4b21c-0593-465e-b2f7-f1f95df48a12 (type: ports) to 1
2026-08-28 05:21:25.056 9 INFO neutron.wsgi [None req-7495ff06-3df7-4185-9e50-82421b381b90 58b9ac03e7994bf881574ad5f359dea9 b80f93e5c02744d4882399469680f15a - - default default] 10.0.0.74 "POST /v2.0/networks HTTP/1.1" status: 201 len: 929 time: 0.7617607
2026-08-28 05:21:25.098 10 INFO neutron.wsgi [req-bcc95234-b4c7-41ac-8170-f6df5fa9af66 req-fae4170b-cbed-4079-ab59-53acc605caca a45cfbf5301f4b66b2d2979c1357e31a 772c60c6023a4860b2a78696266f39d4 - - 8cefee79c7304dcf9c6f274a61c7b886 8cefee79c7304dcf9c6f274a61c7b886] 10.0.0.197 "GET /v2.0/ports?device_id=a00f7527-00a1-4bd0-a2bc-94ae0bc0a6d6 HTTP/1.1" status: 200 len: 1638 time: 0.0622785
2026-08-28 05:21:25.193 10 INFO neutron.wsgi [req-bcc95234-b4c7-41ac-8170-f6df5fa9af66 req-f016f759-9f67-466b-ba55-b5a7c20a3b1d a45cfbf5301f4b66b2d2979c1357e31a 772c60c6023a4860b2a78696266f39d4 - - 8cefee79c7304dcf9c6f274a61c7b886 8cefee79c7304dcf9c6f274a61c7b886] 10.0.0.197 "GET /v2.0/security-groups?id=f7f0ebe7-0518-400c-afdc-70f3c7e255bd&fields=id&fields=name HTTP/1.1" status: 200 len: 310 time: 0.0857255
2026-08-28 05:21:25.220 9 WARNING neutron.scheduler.dhcp_agent_scheduler [None req-e0282a76-1112-4d89-91f8-7f9637dd7de8 58b9ac03e7994bf881574ad5f359dea9 b80f93e5c02744d4882399469680f15a - - default default] No more DHCP agents
2026-08-28 05:21:25.222 9 WARNING neutron.api.rpc.agentnotifiers.dhcp_rpc_agent_api [None req-e0282a76-1112-4d89-91f8-7f9637dd7de8 58b9ac03e7994bf881574ad5f359dea9 b80f93e5c02744d4882399469680f15a - - default default] Unable to schedule network 5e1970b0-1559-4360-a723-faf446aee032: no agents available; will retry on subsequent port and subnet creation events.
2026-08-28 05:21:25.241 10 INFO neutron.wsgi [None req-4b3c5c5f-f9c0-4fc5-8002-733119360391 d8086240ef444abc8424c6f440cfc6cf f57bf32720854cf0914db14b7497ec2b - - default default] 10.0.0.74 "PUT /v2.0/routers/7f4235cf-1f23-4f5b-aae6-69d182af90c5 HTTP/1.1" status: 200 len: 655 time: 0.4701810
2026-08-28 05:21:25.267 10 INFO neutron.wsgi [None req-f54768c8-345f-408d-bc41-e2da67219ca2 d8086240ef444abc8424c6f440cfc6cf f57bf32720854cf0914db14b7497ec2b - - default default] 10.0.0.74 "GET /v2.0/ports?device_id=7f4235cf-1f23-4f5b-aae6-69d182af90c5 HTTP/1.1" status: 200 len: 205 time: 0.0215600
2026-08-28 05:21:25.469 9 INFO neutron.db.ovn_revision_numbers_db [None req-6b2d8ad6-f574-4bce-b825-e424f5c8aa1e 33135f67f1bd4addb9e4c717e0b9cca2 554ac6df97b24ea2b7b467fe9e6819a7 - - default default] Successfully bumped revision number for resource 7c722385-2199-4e17-b1b0-b16cb382235c (type: security_groups) to 1
2026-08-28 05:21:25.487 9 INFO neutron.db.ovn_revision_numbers_db [None req-6b2d8ad6-f574-4bce-b825-e424f5c8aa1e 33135f67f1bd4addb9e4c717e0b9cca2 554ac6df97b24ea2b7b467fe9e6819a7 - - default default] Successfully bumped revision number for resource 59560097-f894-47bf-adcb-c55e38951f40 (type: security_group_rules) to 0
2026-08-28 05:21:25.499 10 INFO neutron.wsgi [None req-376af8cf-08eb-46f2-8c82-73678f85795f d8086240ef444abc8424c6f440cfc6cf f57bf32720854cf0914db14b7497ec2b - - default default] 10.0.0.74 "DELETE /v2.0/routers/7f4235cf-1f23-4f5b-aae6-69d182af90c5 HTTP/1.1" status: 204 len: 168 time: 0.2253747
2026-08-28 05:21:25.506 9 INFO neutron.db.ovn_revision_numbers_db [None req-6b2d8ad6-f574-4bce-b825-e424f5c8aa1e 33135f67f1bd4addb9e4c717e0b9cca2 554ac6df97b24ea2b7b467fe9e6819a7 - - default default] Successfully bumped revision number for resource 765e5806-109c-45dd-881f-caf18ed631e8 (type: security_group_rules) to 0
2026-08-28 05:21:25.545 9 INFO neutron.db.ovn_revision_numbers_db [None req-6b2d8ad6-f574-4bce-b825-e424f5c8aa1e 33135f67f1bd4addb9e4c717e0b9cca2 554ac6df97b24ea2b7b467fe9e6819a7 - - default default] Successfully bumped revision number for resource ade775ce-07a3-4218-8976-cccd8665bd41 (type: security_group_rules) to 0
2026-08-28 05:21:25.571 9 INFO neutron.db.ovn_revision_numbers_db [None req-6b2d8ad6-f574-4bce-b825-e424f5c8aa1e 33135f67f1bd4addb9e4c717e0b9cca2 554ac6df97b24ea2b7b467fe9e6819a7 - - default default] Successfully bumped revision number for resource dda3aa68-acd2-409e-832f-1c4b6a827dcd (type: security_group_rules) to 0
2026-08-28 05:21:25.589 10 INFO neutron.wsgi [-] 10.0.0.205 "GET / HTTP/1.1" status: 200 len: 246 time: 0.0037422
2026-08-28 05:21:25.593 10 INFO neutron.wsgi [-] 10.0.0.205 "GET / HTTP/1.1" status: 200 len: 246 time: 0.0028043
2026-08-28 05:21:25.601 9 INFO neutron.wsgi [None req-6b2d8ad6-f574-4bce-b825-e424f5c8aa1e 33135f67f1bd4addb9e4c717e0b9cca2 554ac6df97b24ea2b7b467fe9e6819a7 - - default default] 10.0.0.74 "GET /v2.0/security-groups?tenant_id=798fa7e1027d4ddf95d6a76ae5d15648&name=default HTTP/1.1" status: 200 len: 2996 time: 0.4715924
2026-08-28 05:21:25.733 9 INFO neutron.db.ovn_revision_numbers_db [None req-e0282a76-1112-4d89-91f8-7f9637dd7de8 58b9ac03e7994bf881574ad5f359dea9 b80f93e5c02744d4882399469680f15a - - default default] Successfully bumped revision number for resource 68e4b21c-0593-465e-b2f7-f1f95df48a12 (type: ports) to 2
2026-08-28 05:21:25.767 9 INFO neutron.db.ovn_revision_numbers_db [None req-e0282a76-1112-4d89-91f8-7f9637dd7de8 58b9ac03e7994bf881574ad5f359dea9 b80f93e5c02744d4882399469680f15a - - default default] Successfully bumped revision number for resource bd6573ee-9ba5-4f7b-9ee1-29e1046610e3 (type: subnets) to 0
2026-08-28 05:21:25.782 9 INFO neutron.wsgi [None req-e0282a76-1112-4d89-91f8-7f9637dd7de8 58b9ac03e7994bf881574ad5f359dea9 b80f93e5c02744d4882399469680f15a - - default default] 10.0.0.74 "POST /v2.0/subnets HTTP/1.1" status: 201 len: 822 time: 0.7208989
2026-08-28 05:21:25.792 9 WARNING neutron.api.v2.base [None req-5cf844bb-7067-4855-bea0-bd6c54663ae6 58b9ac03e7994bf881574ad5f359dea9 b80f93e5c02744d4882399469680f15a - - default default] An exception happened while processing the request body. The exception message is [Invalid input for target_tenant. Reason: '1234123412341234123412341234123412341234123412341234123412341234123412341234123412341234123412341234123412341234123412341234123412341234123412341234123412341234123412341234123412341234123412341234123412341234123412341234123412341234123412341234123412341234123412341234123412341234123412341234123412341234123412341234123412341234123412341234123412341234123412341234123412341234123412341234123412341234' exceeds maximum length of 255.].: webob.exc.HTTPBadRequest: Invalid input for target_tenant. Reason: '1234123412341234123412341234123412341234123412341234123412341234123412341234123412341234123412341234123412341234123412341234123412341234123412341234123412341234123412341234123412341234123412341234123412341234123412341234123412341234123412341234123412341234123412341234123412341234123412341234123412341234123412341234123412341234123412341234123412341234123412341234123412341234123412341234123412341234' exceeds maximum length of 255.
2026-08-28 05:21:25.792 9 INFO neutron.api.v2.resource [None req-5cf844bb-7067-4855-bea0-bd6c54663ae6 58b9ac03e7994bf881574ad5f359dea9 b80f93e5c02744d4882399469680f15a - - default default] create failed (client error): Invalid input for target_tenant. Reason: '1234123412341234123412341234123412341234123412341234123412341234123412341234123412341234123412341234123412341234123412341234123412341234123412341234123412341234123412341234123412341234123412341234123412341234123412341234123412341234123412341234123412341234123412341234123412341234123412341234123412341234123412341234123412341234123412341234123412341234123412341234123412341234123412341234123412341234' exceeds maximum length of 255.
2026-08-28 05:21:25.794 9 INFO neutron.wsgi [None req-5cf844bb-7067-4855-bea0-bd6c54663ae6 58b9ac03e7994bf881574ad5f359dea9 b80f93e5c02744d4882399469680f15a - - default default] 10.0.0.74 "POST /v2.0/rbac-policies HTTP/1.1" status: 400 len: 750 time: 0.0056541
2026-08-28 05:21:25.850 10 INFO neutron.wsgi [None req-f9cd7489-754c-431c-aa9b-02ab67171a60 33135f67f1bd4addb9e4c717e0b9cca2 554ac6df97b24ea2b7b467fe9e6819a7 - - default default] 10.0.0.74 "DELETE /v2.0/security-groups/7c722385-2199-4e17-b1b0-b16cb382235c HTTP/1.1" status: 204 len: 168 time: 0.2435441
2026-08-28 05:21:26.171 10 INFO neutron.db.ovn_revision_numbers_db [None req-197a902f-0ad6-46f9-8679-fcf531926a59 33135f67f1bd4addb9e4c717e0b9cca2 554ac6df97b24ea2b7b467fe9e6819a7 - - default default] Successfully bumped revision number for resource add70f9e-a873-4908-ba18-602a3e005ac2 (type: security_groups) to 1
2026-08-28 05:21:26.189 10 INFO neutron.db.ovn_revision_numbers_db [None req-197a902f-0ad6-46f9-8679-fcf531926a59 33135f67f1bd4addb9e4c717e0b9cca2 554ac6df97b24ea2b7b467fe9e6819a7 - - default default] Successfully bumped revision number for resource 3b60441f-998e-4450-9279-99ecd92af68d (type: security_group_rules) to 0
2026-08-28 05:21:26.220 10 INFO neutron.db.ovn_revision_numbers_db [None req-197a902f-0ad6-46f9-8679-fcf531926a59 33135f67f1bd4addb9e4c717e0b9cca2 554ac6df97b24ea2b7b467fe9e6819a7 - - default default] Successfully bumped revision number for resource 718fd678-9319-451d-961a-49751ee5a6ac (type: security_group_rules) to 0
2026-08-28 05:21:26.245 10 INFO neutron.db.ovn_revision_numbers_db [None req-197a902f-0ad6-46f9-8679-fcf531926a59 33135f67f1bd4addb9e4c717e0b9cca2 554ac6df97b24ea2b7b467fe9e6819a7 - - default default] Successfully bumped revision number for resource 753a380b-8b4c-4094-a5c8-987102818be1 (type: security_group_rules) to 0
2026-08-28 05:21:26.268 10 INFO neutron.db.ovn_revision_numbers_db [None req-197a902f-0ad6-46f9-8679-fcf531926a59 33135f67f1bd4addb9e4c717e0b9cca2 554ac6df97b24ea2b7b467fe9e6819a7 - - default default] Successfully bumped revision number for resource aaea60c2-c19c-4469-b095-034b9daf3598 (type: security_group_rules) to 0
2026-08-28 05:21:26.296 10 INFO neutron.wsgi [None req-197a902f-0ad6-46f9-8679-fcf531926a59 33135f67f1bd4addb9e4c717e0b9cca2 554ac6df97b24ea2b7b467fe9e6819a7 - - default default] 10.0.0.74 "GET /v2.0/security-groups?tenant_id=d57dc71e9abd49d2a72358291bb83216&name=default HTTP/1.1" status: 200 len: 2996 time: 0.2616551
2026-08-28 05:21:26.508 9 INFO neutron.services.segments.plugin [-] Segment e6ea4622-fd72-42f5-89a8-e770a303e647 resource provider aggregate not found
2026-08-28 05:21:26.512 9 INFO neutron.services.segments.plugin [-] Segment e6ea4622-fd72-42f5-89a8-e770a303e647 resource provider aggregate not found
2026-08-28 05:21:26.523 9 INFO neutron.services.segments.plugin [-] Segment e6ea4622-fd72-42f5-89a8-e770a303e647 resource provider not found; error: Placement Client Error (4xx): {"errors": [{"status": 404, "title": "Not Found", "detail": "The resource could not be found.\n\n No resource provider with uuid e6ea4622-fd72-42f5-89a8-e770a303e647 found for delete ", "request_id": "req-a125676c-bc3b-4090-9689-ee0929ae416e"}]}
2026-08-28 05:21:26.532 9 INFO neutron.services.segments.plugin [-] Segment e6ea4622-fd72-42f5-89a8-e770a303e647 resource provider not found; error: Placement Client Error (4xx): {"errors": [{"status": 404, "title": "Not Found", "detail": "The resource could not be found.\n\n No resource provider with uuid e6ea4622-fd72-42f5-89a8-e770a303e647 found for delete ", "request_id": "req-f2fa9815-62a9-45f4-970b-9605073c3f08"}]}
2026-08-28 05:21:26.549 9 INFO neutron.wsgi [None req-88cd9bbf-d4c2-44ff-bc39-78f2293babcb 58b9ac03e7994bf881574ad5f359dea9 b80f93e5c02744d4882399469680f15a - - default default] 10.0.0.74 "DELETE /v2.0/networks/5e1970b0-1559-4360-a723-faf446aee032 HTTP/1.1" status: 204 len: 168 time: 0.7498825
2026-08-28 05:21:26.597 9 INFO neutron.wsgi [None req-f32703d5-c8e9-45fe-8d69-e29ba6c9f394 33135f67f1bd4addb9e4c717e0b9cca2 554ac6df97b24ea2b7b467fe9e6819a7 - - default default] 10.0.0.74 "DELETE /v2.0/security-groups/add70f9e-a873-4908-ba18-602a3e005ac2 HTTP/1.1" status: 204 len: 168 time: 0.2964616
2026-08-28 05:21:26.660 9 INFO neutron.db.segments_db [None req-99ada5ab-ae93-4440-8436-ce262b9018be 58b9ac03e7994bf881574ad5f359dea9 b80f93e5c02744d4882399469680f15a - - default default] Added segment 2b0507dd-4761-4da0-aa0f-979662572568 of type geneve for network 7c26d28d-4cf2-4fff-951f-61b8abc88fa4
2026-08-28 05:21:26.673 10 INFO neutron.db.ovn_revision_numbers_db [None req-dd8582d0-82cf-449c-9be2-b3ebba917b11 33135f67f1bd4addb9e4c717e0b9cca2 554ac6df97b24ea2b7b467fe9e6819a7 - - default default] Successfully bumped revision number for resource 24f37d32-8939-437f-9835-85941958a65a (type: security_groups) to 1
2026-08-28 05:21:26.685 10 INFO neutron.db.ovn_revision_numbers_db [None req-dd8582d0-82cf-449c-9be2-b3ebba917b11 33135f67f1bd4addb9e4c717e0b9cca2 554ac6df97b24ea2b7b467fe9e6819a7 - - default default] Successfully bumped revision number for resource 12edaaaf-a3c7-4a42-ae78-a374aea671ef (type: security_group_rules) to 0
2026-08-28 05:21:26.699 10 INFO neutron.db.ovn_revision_numbers_db [None req-dd8582d0-82cf-449c-9be2-b3ebba917b11 33135f67f1bd4addb9e4c717e0b9cca2 554ac6df97b24ea2b7b467fe9e6819a7 - - default default] Successfully bumped revision number for resource 183d8013-a513-4a41-9318-e6a436f14e45 (type: security_group_rules) to 0
2026-08-28 05:21:26.715 10 INFO neutron.db.ovn_revision_numbers_db [None req-dd8582d0-82cf-449c-9be2-b3ebba917b11 33135f67f1bd4addb9e4c717e0b9cca2 554ac6df97b24ea2b7b467fe9e6819a7 - - default default] Successfully bumped revision number for resource 5c4fe073-b0c6-4c3d-9af4-74316f768c24 (type: security_group_rules) to 0
2026-08-28 05:21:26.740 10 INFO neutron.db.ovn_revision_numbers_db [None req-dd8582d0-82cf-449c-9be2-b3ebba917b11 33135f67f1bd4addb9e4c717e0b9cca2 554ac6df97b24ea2b7b467fe9e6819a7 - - default default] Successfully bumped revision number for resource 9022694d-83f3-4795-99fe-bd355604d1a7 (type: security_group_rules) to 0
2026-08-28 05:21:26.779 10 INFO neutron.wsgi [None req-dd8582d0-82cf-449c-9be2-b3ebba917b11 33135f67f1bd4addb9e4c717e0b9cca2 554ac6df97b24ea2b7b467fe9e6819a7 - - default default] 10.0.0.74 "GET /v2.0/security-groups?tenant_id=40436e4804444386a7a0d03cbec6043a&name=default HTTP/1.1" status: 200 len: 2996 time: 0.4028692
2026-08-28 05:21:26.802 9 INFO neutron.db.ovn_revision_numbers_db [None req-99ada5ab-ae93-4440-8436-ce262b9018be 58b9ac03e7994bf881574ad5f359dea9 b80f93e5c02744d4882399469680f15a - - default default] Successfully bumped revision number for resource 7c26d28d-4cf2-4fff-951f-61b8abc88fa4 (type: networks) to 1
2026-08-28 05:21:26.918 10 INFO neutron.db.ovn_revision_numbers_db [None req-2aa762c1-77c3-400e-ae81-b820829d9425 33135f67f1bd4addb9e4c717e0b9cca2 554ac6df97b24ea2b7b467fe9e6819a7 - - default default] Successfully bumped revision number for resource 251ec88b-3163-4d93-a032-c185ef094be7 (type: security_groups) to 1
2026-08-28 05:21:26.933 10 INFO neutron.db.ovn_revision_numbers_db [None req-2aa762c1-77c3-400e-ae81-b820829d9425 33135f67f1bd4addb9e4c717e0b9cca2 554ac6df97b24ea2b7b467fe9e6819a7 - - default default] Successfully bumped revision number for resource 25c2d62f-6afc-475c-8947-2b549ad65d22 (type: security_group_rules) to 0
2026-08-28 05:21:26.948 10 INFO neutron.db.ovn_revision_numbers_db [None req-2aa762c1-77c3-400e-ae81-b820829d9425 33135f67f1bd4addb9e4c717e0b9cca2 554ac6df97b24ea2b7b467fe9e6819a7 - - default default] Successfully bumped revision number for resource 4a273531-7b51-489d-b419-543ec3f65ff8 (type: security_group_rules) to 0
2026-08-28 05:21:26.956 9 WARNING neutron.scheduler.dhcp_agent_scheduler [None req-99ada5ab-ae93-4440-8436-ce262b9018be 58b9ac03e7994bf881574ad5f359dea9 b80f93e5c02744d4882399469680f15a - - default default] No more DHCP agents
2026-08-28 05:21:26.958 9 WARNING neutron.api.rpc.agentnotifiers.dhcp_rpc_agent_api [None req-99ada5ab-ae93-4440-8436-ce262b9018be 58b9ac03e7994bf881574ad5f359dea9 b80f93e5c02744d4882399469680f15a - - default default] Unable to schedule network 7c26d28d-4cf2-4fff-951f-61b8abc88fa4: no agents available; will retry on subsequent port and subnet creation events.
2026-08-28 05:21:26.964 10 INFO neutron.db.ovn_revision_numbers_db [None req-2aa762c1-77c3-400e-ae81-b820829d9425 33135f67f1bd4addb9e4c717e0b9cca2 554ac6df97b24ea2b7b467fe9e6819a7 - - default default] Successfully bumped revision number for resource 644548de-5068-4f32-833f-7e2eec4d72a3 (type: security_group_rules) to 0
2026-08-28 05:21:26.978 10 INFO neutron.db.ovn_revision_numbers_db [None req-2aa762c1-77c3-400e-ae81-b820829d9425 33135f67f1bd4addb9e4c717e0b9cca2 554ac6df97b24ea2b7b467fe9e6819a7 - - default default] Successfully bumped revision number for resource 8804602d-2320-4cb1-965e-0d33c994c26e (type: security_group_rules) to 0
2026-08-28 05:21:27.004 10 INFO neutron.wsgi [None req-2aa762c1-77c3-400e-ae81-b820829d9425 33135f67f1bd4addb9e4c717e0b9cca2 554ac6df97b24ea2b7b467fe9e6819a7 - - default default] 10.0.0.74 "GET /v2.0/security-groups?tenant_id=4b14ac3d92e24996b950321ffccbb8d5&name=default HTTP/1.1" status: 200 len: 2996 time: 0.2835412
2026-08-28 05:21:27.027 9 INFO neutron.db.ovn_revision_numbers_db [None req-99ada5ab-ae93-4440-8436-ce262b9018be 58b9ac03e7994bf881574ad5f359dea9 b80f93e5c02744d4882399469680f15a - - default default] Successfully bumped revision number for resource af561bb5-533b-4604-a152-0f8645b19561 (type: ports) to 1
2026-08-28 05:21:27.039 10 INFO neutron.wsgi [None req-9a72b99c-dae1-4a1c-8c72-d3c605d06b9b 33135f67f1bd4addb9e4c717e0b9cca2 554ac6df97b24ea2b7b467fe9e6819a7 - - default default] 10.0.0.74 "DELETE /v2.0/security-groups/24f37d32-8939-437f-9835-85941958a65a HTTP/1.1" status: 204 len: 168 time: 0.2485874
2026-08-28 05:21:27.044 9 INFO neutron.wsgi [None req-99ada5ab-ae93-4440-8436-ce262b9018be 58b9ac03e7994bf881574ad5f359dea9 b80f93e5c02744d4882399469680f15a - - default default] 10.0.0.74 "POST /v2.0/networks HTTP/1.1" status: 201 len: 928 time: 0.4885249
2026-08-28 05:21:27.173 10 INFO neutron.wsgi [None req-e17ff4c9-ea32-41d0-a259-baf2143bccfc 33135f67f1bd4addb9e4c717e0b9cca2 554ac6df97b24ea2b7b467fe9e6819a7 - - default default] 10.0.0.74 "DELETE /v2.0/security-groups/251ec88b-3163-4d93-a032-c185ef094be7 HTTP/1.1" status: 204 len: 168 time: 0.1626170
2026-08-28 05:21:27.227 9 WARNING neutron.scheduler.dhcp_agent_scheduler [None req-ec256ac9-4f75-437c-b1b5-82898600cb02 58b9ac03e7994bf881574ad5f359dea9 b80f93e5c02744d4882399469680f15a - - default default] No more DHCP agents
2026-08-28 05:21:27.231 9 WARNING neutron.api.rpc.agentnotifiers.dhcp_rpc_agent_api [None req-ec256ac9-4f75-437c-b1b5-82898600cb02 58b9ac03e7994bf881574ad5f359dea9 b80f93e5c02744d4882399469680f15a - - default default] Unable to schedule network 7c26d28d-4cf2-4fff-951f-61b8abc88fa4: no agents available; will retry on subsequent port and subnet creation events.
2026-08-28 05:21:27.394 10 INFO neutron.db.ovn_revision_numbers_db [None req-0eaa2146-df21-406b-996f-1cad6637063e 33135f67f1bd4addb9e4c717e0b9cca2 554ac6df97b24ea2b7b467fe9e6819a7 - - default default] Successfully bumped revision number for resource fc59ef5f-25d6-4bb6-b65b-19827bea9d0e (type: security_groups) to 1
2026-08-28 05:21:27.411 10 INFO neutron.db.ovn_revision_numbers_db [None req-0eaa2146-df21-406b-996f-1cad6637063e 33135f67f1bd4addb9e4c717e0b9cca2 554ac6df97b24ea2b7b467fe9e6819a7 - - default default] Successfully bumped revision number for resource 0783023a-89dd-4e0c-8fa3-6a0b3c5bb1ac (type: security_group_rules) to 0
2026-08-28 05:21:27.424 10 INFO neutron.db.ovn_revision_numbers_db [None req-0eaa2146-df21-406b-996f-1cad6637063e 33135f67f1bd4addb9e4c717e0b9cca2 554ac6df97b24ea2b7b467fe9e6819a7 - - default default] Successfully bumped revision number for resource 3bc830f7-7fd4-452b-9248-9556cd99d848 (type: security_group_rules) to 0
2026-08-28 05:21:27.437 10 INFO neutron.db.ovn_revision_numbers_db [None req-0eaa2146-df21-406b-996f-1cad6637063e 33135f67f1bd4addb9e4c717e0b9cca2 554ac6df97b24ea2b7b467fe9e6819a7 - - default default] Successfully bumped revision number for resource 656df81d-b8c8-416d-a9b0-755fa10a71ef (type: security_group_rules) to 0
2026-08-28 05:21:27.450 10 INFO neutron.db.ovn_revision_numbers_db [None req-0eaa2146-df21-406b-996f-1cad6637063e 33135f67f1bd4addb9e4c717e0b9cca2 554ac6df97b24ea2b7b467fe9e6819a7 - - default default] Successfully bumped revision number for resource a2946325-74e8-4271-9a69-c7e902125cdf (type: security_group_rules) to 0
2026-08-28 05:21:27.467 10 INFO neutron.wsgi [None req-0eaa2146-df21-406b-996f-1cad6637063e 33135f67f1bd4addb9e4c717e0b9cca2 554ac6df97b24ea2b7b467fe9e6819a7 - - default default] 10.0.0.74 "GET /v2.0/security-groups?tenant_id=45c4d6c996284391a9a748e0bfad29cc&name=default HTTP/1.1" status: 200 len: 2996 time: 0.1700494
2026-08-28 05:21:27.637 10 INFO neutron.wsgi [None req-a3f555cb-42d5-4fa5-8311-736542c83994 33135f67f1bd4addb9e4c717e0b9cca2 554ac6df97b24ea2b7b467fe9e6819a7 - - default default] 10.0.0.74 "DELETE /v2.0/security-groups/fc59ef5f-25d6-4bb6-b65b-19827bea9d0e HTTP/1.1" status: 204 len: 168 time: 0.1638048
2026-08-28 05:21:27.659 9 INFO neutron.db.ovn_revision_numbers_db [None req-ec256ac9-4f75-437c-b1b5-82898600cb02 58b9ac03e7994bf881574ad5f359dea9 b80f93e5c02744d4882399469680f15a - - default default] Successfully bumped revision number for resource af561bb5-533b-4604-a152-0f8645b19561 (type: ports) to 2
2026-08-28 05:21:27.691 9 INFO neutron.db.ovn_revision_numbers_db [None req-ec256ac9-4f75-437c-b1b5-82898600cb02 58b9ac03e7994bf881574ad5f359dea9 b80f93e5c02744d4882399469680f15a - - default default] Successfully bumped revision number for resource e4bb6188-5de5-40b7-911b-2ca6916dae0d (type: subnets) to 0
2026-08-28 05:21:27.703 9 INFO neutron.wsgi [None req-ec256ac9-4f75-437c-b1b5-82898600cb02 58b9ac03e7994bf881574ad5f359dea9 b80f93e5c02744d4882399469680f15a - - default default] 10.0.0.74 "POST /v2.0/subnets HTTP/1.1" status: 201 len: 822 time: 0.6546278
2026-08-28 05:21:27.994 10 INFO neutron.db.ovn_revision_numbers_db [None req-0d9de0a4-5ff3-40b7-8eda-3112f8dbc61b 33135f67f1bd4addb9e4c717e0b9cca2 554ac6df97b24ea2b7b467fe9e6819a7 - - default default] Successfully bumped revision number for resource a1c3d01e-c061-4b68-8fd8-5dfdbba669c7 (type: security_groups) to 1
2026-08-28 05:21:28.008 10 INFO neutron.db.ovn_revision_numbers_db [None req-0d9de0a4-5ff3-40b7-8eda-3112f8dbc61b 33135f67f1bd4addb9e4c717e0b9cca2 554ac6df97b24ea2b7b467fe9e6819a7 - - default default] Successfully bumped revision number for resource 5c13adab-fff3-455b-a6b6-5951b7305e27 (type: security_group_rules) to 0
2026-08-28 05:21:28.019 10 INFO neutron.db.ovn_revision_numbers_db [None req-0d9de0a4-5ff3-40b7-8eda-3112f8dbc61b 33135f67f1bd4addb9e4c717e0b9cca2 554ac6df97b24ea2b7b467fe9e6819a7 - - default default] Successfully bumped revision number for resource 5c334062-6456-4945-a8d8-3273a6c9d14c (type: security_group_rules) to 0
2026-08-28 05:21:28.035 10 INFO neutron.db.ovn_revision_numbers_db [None req-0d9de0a4-5ff3-40b7-8eda-3112f8dbc61b 33135f67f1bd4addb9e4c717e0b9cca2 554ac6df97b24ea2b7b467fe9e6819a7 - - default default] Successfully bumped revision number for resource a2fecee0-5d7d-487d-a4af-02f387a86b4e (type: security_group_rules) to 0
2026-08-28 05:21:28.049 10 INFO neutron.db.ovn_revision_numbers_db [None req-0d9de0a4-5ff3-40b7-8eda-3112f8dbc61b 33135f67f1bd4addb9e4c717e0b9cca2 554ac6df97b24ea2b7b467fe9e6819a7 - - default default] Successfully bumped revision number for resource d9b68cbf-e783-4c21-9f8e-cf1e39816c53 (type: security_group_rules) to 0
2026-08-28 05:21:28.050 9 INFO neutron.wsgi [None req-d7675851-8848-4fe6-9707-2e5b48baddc4 58b9ac03e7994bf881574ad5f359dea9 b80f93e5c02744d4882399469680f15a - - default default] 10.0.0.74 "POST /v2.0/rbac-policies HTTP/1.1" status: 201 len: 523 time: 0.3420181
2026-08-28 05:21:28.084 10 INFO neutron.wsgi [None req-0d9de0a4-5ff3-40b7-8eda-3112f8dbc61b 33135f67f1bd4addb9e4c717e0b9cca2 554ac6df97b24ea2b7b467fe9e6819a7 - - default default] 10.0.0.74 "GET /v2.0/security-groups?tenant_id=f57bf32720854cf0914db14b7497ec2b&name=default HTTP/1.1" status: 200 len: 2996 time: 0.2689302
2026-08-28 05:21:28.287 10 INFO neutron.wsgi [None req-19d8dee0-ae1e-4676-affe-45c080f0eeb4 33135f67f1bd4addb9e4c717e0b9cca2 554ac6df97b24ea2b7b467fe9e6819a7 - - default default] 10.0.0.74 "DELETE /v2.0/security-groups/a1c3d01e-c061-4b68-8fd8-5dfdbba669c7 HTTP/1.1" status: 204 len: 168 time: 0.1979764
2026-08-28 05:21:28.735 10 INFO neutron.wsgi [None req-e980e1c2-748b-4d30-843d-ffc785c51b98 ec9bcbc19d5045d0a1cc59acb5252ec7 216944d5ec7746c292b8b0755921a9d2 - - default default] 10.0.0.74 "GET /v2.0/networks/7c26d28d-4cf2-4fff-951f-61b8abc88fa4 HTTP/1.1" status: 200 len: 848 time: 0.3038650
2026-08-28 05:21:29.229 10 INFO neutron.pecan_wsgi.hooks.translation [None req-a3fcb890-69ec-47f0-bb44-189e38f93d25 5dc496b79207491a82f6797efffed4b2 18d32439922944b2b6cb408a7af99a8a - - default default] GET failed (client error): The resource could not be found.
2026-08-28 05:21:29.232 10 INFO neutron.wsgi [None req-a3fcb890-69ec-47f0-bb44-189e38f93d25 5dc496b79207491a82f6797efffed4b2 18d32439922944b2b6cb408a7af99a8a - - default default] 10.0.0.74 "GET /v2.0/networks/7c26d28d-4cf2-4fff-951f-61b8abc88fa4 HTTP/1.1" status: 404 len: 339 time: 0.1329629
2026-08-28 05:21:29.665 10 INFO neutron.services.segments.plugin [-] Segment 2b0507dd-4761-4da0-aa0f-979662572568 resource provider aggregate not found
2026-08-28 05:21:29.676 10 INFO neutron.services.segments.plugin [-] Segment 2b0507dd-4761-4da0-aa0f-979662572568 resource provider aggregate not found
2026-08-28 05:21:29.696 10 INFO neutron.services.segments.plugin [-] Segment 2b0507dd-4761-4da0-aa0f-979662572568 resource provider not found; error: Placement Client Error (4xx): {"errors": [{"status": 404, "title": "Not Found", "detail": "The resource could not be found.\n\n No resource provider with uuid 2b0507dd-4761-4da0-aa0f-979662572568 found for delete ", "request_id": "req-310094f0-715b-47ba-8454-a8ea15d7df3c"}]}
2026-08-28 05:21:29.701 10 INFO neutron.services.segments.plugin [-] Segment 2b0507dd-4761-4da0-aa0f-979662572568 resource provider not found; error: Placement Client Error (4xx): {"errors": [{"status": 404, "title": "Not Found", "detail": "The resource could not be found.\n\n No resource provider with uuid 2b0507dd-4761-4da0-aa0f-979662572568 found for delete ", "request_id": "req-ca9c65b8-2f25-4d5f-a479-203c3e6e5c28"}]}
2026-08-28 05:21:29.728 10 INFO neutron.wsgi [None req-fdf1eb5f-447d-4348-a5e8-ca794fffdcf8 58b9ac03e7994bf881574ad5f359dea9 b80f93e5c02744d4882399469680f15a - - default default] 10.0.0.74 "DELETE /v2.0/networks/7c26d28d-4cf2-4fff-951f-61b8abc88fa4 HTTP/1.1" status: 204 len: 168 time: 0.4888611
2026-08-28 05:21:29.750 9 INFO neutron.pecan_wsgi.hooks.translation [None req-1469ea34-0bf2-472f-bbf8-631dad47c420 58b9ac03e7994bf881574ad5f359dea9 b80f93e5c02744d4882399469680f15a - - default default] DELETE failed (client error): The resource could not be found.
2026-08-28 05:21:29.753 9 INFO neutron.wsgi [None req-1469ea34-0bf2-472f-bbf8-631dad47c420 58b9ac03e7994bf881574ad5f359dea9 b80f93e5c02744d4882399469680f15a - - default default] 10.0.0.74 "DELETE /v2.0/subnets/c34c057e-398e-4429-9896-8aa3cb6afa97 HTTP/1.1" status: 404 len: 337 time: 0.0198147
2026-08-28 05:21:29.775 9 INFO neutron.pecan_wsgi.hooks.translation [None req-1e483866-5218-4e93-8e73-88e889c56917 58b9ac03e7994bf881574ad5f359dea9 b80f93e5c02744d4882399469680f15a - - default default] DELETE failed (client error): The resource could not be found.
2026-08-28 05:21:29.777 9 INFO neutron.wsgi [None req-1e483866-5218-4e93-8e73-88e889c56917 58b9ac03e7994bf881574ad5f359dea9 b80f93e5c02744d4882399469680f15a - - default default] 10.0.0.74 "DELETE /v2.0/subnets/bd6573ee-9ba5-4f7b-9ee1-29e1046610e3 HTTP/1.1" status: 404 len: 337 time: 0.0183964
2026-08-28 05:21:29.795 9 INFO neutron.pecan_wsgi.hooks.translation [None req-0dc7e3d3-263b-419e-8443-9bf2defa8fbc 58b9ac03e7994bf881574ad5f359dea9 b80f93e5c02744d4882399469680f15a - - default default] DELETE failed (client error): The resource could not be found.
2026-08-28 05:21:29.797 9 INFO neutron.wsgi [None req-0dc7e3d3-263b-419e-8443-9bf2defa8fbc 58b9ac03e7994bf881574ad5f359dea9 b80f93e5c02744d4882399469680f15a - - default default] 10.0.0.74 "DELETE /v2.0/subnets/e4bb6188-5de5-40b7-911b-2ca6916dae0d HTTP/1.1" status: 404 len: 337 time: 0.0152817
2026-08-28 05:21:30.221 10 INFO neutron.wsgi [req-7494d76a-f281-42d0-b9da-fa6cd7de2f34 req-3f7c2145-d907-472c-8a4c-23b29e4ceb0c a45cfbf5301f4b66b2d2979c1357e31a 772c60c6023a4860b2a78696266f39d4 - - 8cefee79c7304dcf9c6f274a61c7b886 8cefee79c7304dcf9c6f274a61c7b886] 10.0.0.197 "GET /v2.0/ports?device_id=aac9ce2c-8100-4c18-a9f0-8c799a620631 HTTP/1.1" status: 200 len: 1642 time: 0.0603943
2026-08-28 05:21:30.275 10 INFO neutron.wsgi [req-7494d76a-f281-42d0-b9da-fa6cd7de2f34 req-96bf01ff-c848-4bf4-968c-eea34bb711f2 a45cfbf5301f4b66b2d2979c1357e31a 772c60c6023a4860b2a78696266f39d4 - - 8cefee79c7304dcf9c6f274a61c7b886 8cefee79c7304dcf9c6f274a61c7b886] 10.0.0.197 "GET /v2.0/security-groups?id=f7f0ebe7-0518-400c-afdc-70f3c7e255bd&fields=id&fields=name HTTP/1.1" status: 200 len: 310 time: 0.0463130
2026-08-28 05:21:30.972 9 INFO neutron.db.ovn_revision_numbers_db [None req-c0e52f64-5c41-412d-99fd-75bf907dc435 33135f67f1bd4addb9e4c717e0b9cca2 554ac6df97b24ea2b7b467fe9e6819a7 - - default default] Successfully bumped revision number for resource 8577bb4a-3fa0-4f51-92c3-10001271a338 (type: security_groups) to 1
2026-08-28 05:21:30.987 9 INFO neutron.db.ovn_revision_numbers_db [None req-c0e52f64-5c41-412d-99fd-75bf907dc435 33135f67f1bd4addb9e4c717e0b9cca2 554ac6df97b24ea2b7b467fe9e6819a7 - - default default] Successfully bumped revision number for resource 149ceffb-ddab-4d63-8a4b-61b017c7d06a (type: security_group_rules) to 0
2026-08-28 05:21:31.001 9 INFO neutron.db.ovn_revision_numbers_db [None req-c0e52f64-5c41-412d-99fd-75bf907dc435 33135f67f1bd4addb9e4c717e0b9cca2 554ac6df97b24ea2b7b467fe9e6819a7 - - default default] Successfully bumped revision number for resource 36423878-0c88-4ebf-a034-872542234b81 (type: security_group_rules) to 0
2026-08-28 05:21:31.022 9 INFO neutron.db.ovn_revision_numbers_db [None req-c0e52f64-5c41-412d-99fd-75bf907dc435 33135f67f1bd4addb9e4c717e0b9cca2 554ac6df97b24ea2b7b467fe9e6819a7 - - default default] Successfully bumped revision number for resource 4bd58f61-76e1-48bf-be38-92648078b19d (type: security_group_rules) to 0
2026-08-28 05:21:31.037 9 INFO neutron.db.ovn_revision_numbers_db [None req-c0e52f64-5c41-412d-99fd-75bf907dc435 33135f67f1bd4addb9e4c717e0b9cca2 554ac6df97b24ea2b7b467fe9e6819a7 - - default default] Successfully bumped revision number for resource 6aec0841-7800-43d1-bcbe-f27a89f83a3c (type: security_group_rules) to 0
2026-08-28 05:21:31.058 9 INFO neutron.wsgi [None req-c0e52f64-5c41-412d-99fd-75bf907dc435 33135f67f1bd4addb9e4c717e0b9cca2 554ac6df97b24ea2b7b467fe9e6819a7 - - default default] 10.0.0.74 "GET /v2.0/security-groups?tenant_id=216944d5ec7746c292b8b0755921a9d2&name=default HTTP/1.1" status: 200 len: 2996 time: 0.3640506
2026-08-28 05:21:31.126 9 INFO neutron.db.ovn_revision_numbers_db [None req-af951149-9167-4402-8e68-f8de308baebc f0605afc94eb4f2896f35a3e596e75bf 88434a37f91a47f98a87e43dbcf55a5d - - default default] Successfully bumped revision number for resource e2619036-bdd5-41ee-b9a6-1221eca6fc7e (type: security_groups) to 1
2026-08-28 05:21:31.145 9 INFO neutron.db.ovn_revision_numbers_db [None req-af951149-9167-4402-8e68-f8de308baebc f0605afc94eb4f2896f35a3e596e75bf 88434a37f91a47f98a87e43dbcf55a5d - - default default] Successfully bumped revision number for resource 30d8f704-36a5-43f1-b2ef-c21721635f5d (type: security_group_rules) to 0
2026-08-28 05:21:31.156 9 INFO neutron.db.ovn_revision_numbers_db [None req-af951149-9167-4402-8e68-f8de308baebc f0605afc94eb4f2896f35a3e596e75bf 88434a37f91a47f98a87e43dbcf55a5d - - default default] Successfully bumped revision number for resource 4db0ee6f-6ac6-4b09-8b13-45d70f07fa8a (type: security_group_rules) to 0
2026-08-28 05:21:31.174 9 INFO neutron.db.ovn_revision_numbers_db [None req-af951149-9167-4402-8e68-f8de308baebc f0605afc94eb4f2896f35a3e596e75bf 88434a37f91a47f98a87e43dbcf55a5d - - default default] Successfully bumped revision number for resource 4f0f23e0-ac7d-404a-a278-44bbfa69f752 (type: security_group_rules) to 0
2026-08-28 05:21:31.190 9 INFO neutron.db.ovn_revision_numbers_db [None req-af951149-9167-4402-8e68-f8de308baebc f0605afc94eb4f2896f35a3e596e75bf 88434a37f91a47f98a87e43dbcf55a5d - - default default] Successfully bumped revision number for resource 724e7811-56fc-4857-b2aa-af0df75d00d5 (type: security_group_rules) to 0
2026-08-28 05:21:31.242 9 INFO neutron.db.segments_db [None req-af951149-9167-4402-8e68-f8de308baebc f0605afc94eb4f2896f35a3e596e75bf 88434a37f91a47f98a87e43dbcf55a5d - - default default] Added segment e023d494-b730-4fde-854c-130581fa1a86 of type geneve for network f3ec3ba7-91f7-4b0a-b0dc-e2583b83d9c2
2026-08-28 05:21:31.320 10 INFO neutron.wsgi [None req-c4a3848d-645e-4454-814c-3dcb63b1cf88 33135f67f1bd4addb9e4c717e0b9cca2 554ac6df97b24ea2b7b467fe9e6819a7 - - default default] 10.0.0.74 "DELETE /v2.0/security-groups/8577bb4a-3fa0-4f51-92c3-10001271a338 HTTP/1.1" status: 204 len: 168 time: 0.2576303
2026-08-28 05:21:31.398 9 INFO neutron.db.ovn_revision_numbers_db [None req-af951149-9167-4402-8e68-f8de308baebc f0605afc94eb4f2896f35a3e596e75bf 88434a37f91a47f98a87e43dbcf55a5d - - default default] Successfully bumped revision number for resource f3ec3ba7-91f7-4b0a-b0dc-e2583b83d9c2 (type: networks) to 1
2026-08-28 05:21:31.550 9 WARNING neutron.scheduler.dhcp_agent_scheduler [None req-af951149-9167-4402-8e68-f8de308baebc f0605afc94eb4f2896f35a3e596e75bf 88434a37f91a47f98a87e43dbcf55a5d - - default default] No more DHCP agents
2026-08-28 05:21:31.551 9 WARNING neutron.api.rpc.agentnotifiers.dhcp_rpc_agent_api [None req-af951149-9167-4402-8e68-f8de308baebc f0605afc94eb4f2896f35a3e596e75bf 88434a37f91a47f98a87e43dbcf55a5d - - default default] Unable to schedule network f3ec3ba7-91f7-4b0a-b0dc-e2583b83d9c2: no agents available; will retry on subsequent port and subnet creation events.
2026-08-28 05:21:31.577 10 INFO neutron.db.ovn_revision_numbers_db [None req-9a60379a-995d-4e78-af3e-33722af526e4 33135f67f1bd4addb9e4c717e0b9cca2 554ac6df97b24ea2b7b467fe9e6819a7 - - default default] Successfully bumped revision number for resource 504ae3c8-af0f-45a0-a7ee-c7afbdeb2456 (type: security_groups) to 1
2026-08-28 05:21:31.593 10 INFO neutron.db.ovn_revision_numbers_db [None req-9a60379a-995d-4e78-af3e-33722af526e4 33135f67f1bd4addb9e4c717e0b9cca2 554ac6df97b24ea2b7b467fe9e6819a7 - - default default] Successfully bumped revision number for resource 673fc2b2-4364-40ce-8238-bbb51917c830 (type: security_group_rules) to 0
2026-08-28 05:21:31.618 10 INFO neutron.db.ovn_revision_numbers_db [None req-9a60379a-995d-4e78-af3e-33722af526e4 33135f67f1bd4addb9e4c717e0b9cca2 554ac6df97b24ea2b7b467fe9e6819a7 - - default default] Successfully bumped revision number for resource 7ec13870-9281-4343-ace5-24aca4953e5a (type: security_group_rules) to 0
2026-08-28 05:21:31.626 9 INFO neutron.db.ovn_revision_numbers_db [None req-af951149-9167-4402-8e68-f8de308baebc f0605afc94eb4f2896f35a3e596e75bf 88434a37f91a47f98a87e43dbcf55a5d - - default default] Successfully bumped revision number for resource 018611c1-1a1d-4fad-8960-dd022e5d769b (type: ports) to 1
2026-08-28 05:21:31.631 10 INFO neutron.db.ovn_revision_numbers_db [None req-9a60379a-995d-4e78-af3e-33722af526e4 33135f67f1bd4addb9e4c717e0b9cca2 554ac6df97b24ea2b7b467fe9e6819a7 - - default default] Successfully bumped revision number for resource dd08a6e8-7a68-47b3-9142-e04aa1f5110b (type: security_group_rules) to 0
