2026-08-28 05:18:54.111 10 INFO neutron.wsgi [None req-451565d9-c2f4-4497-a188-1b6823b09952 33135f67f1bd4addb9e4c717e0b9cca2 554ac6df97b24ea2b7b467fe9e6819a7 - - default default] 10.0.0.74 "DELETE /v2.0/networks/3bc87dad-9e40-4aaa-84da-80175fe229fd HTTP/1.1" status: 204 len: 168 time: 0.4391346
2026-08-28 05:18:54.131 9 WARNING neutron.scheduler.dhcp_agent_scheduler [None req-ce0ddff4-1599-4dd9-9797-6dacbf43d550 b044d00bd4224132a13ca375a96a86fb ce9c0cc8738542bd9f94610294655fac - - default default] No more DHCP agents
2026-08-28 05:18:54.135 9 WARNING neutron.api.rpc.agentnotifiers.dhcp_rpc_agent_api [None req-ce0ddff4-1599-4dd9-9797-6dacbf43d550 b044d00bd4224132a13ca375a96a86fb ce9c0cc8738542bd9f94610294655fac - - default default] Unable to schedule network 8c933059-460e-4bc1-94e7-598d0b9ad206: no agents available; will retry on subsequent port and subnet creation events.
2026-08-28 05:18:54.135 10 WARNING neutron.scheduler.dhcp_agent_scheduler [None req-ace65583-c5a4-4631-b29f-d5f8e19c9463 33135f67f1bd4addb9e4c717e0b9cca2 554ac6df97b24ea2b7b467fe9e6819a7 - - default default] No more DHCP agents
2026-08-28 05:18:54.138 10 WARNING neutron.api.rpc.agentnotifiers.dhcp_rpc_agent_api [None req-ace65583-c5a4-4631-b29f-d5f8e19c9463 33135f67f1bd4addb9e4c717e0b9cca2 554ac6df97b24ea2b7b467fe9e6819a7 - - default default] Unable to schedule network 4874547a-7194-434f-9a69-c217ca454cee: no agents available; will retry on subsequent port and subnet creation events.
2026-08-28 05:18:54.227 9 INFO neutron.db.ovn_revision_numbers_db [req-190c013f-5060-403d-ae41-a12572b6bcb6 req-d22c02d1-8257-47e4-9de0-1a774a81151a 32dd9368bc9a423694536d7261f1fd1e defa31a299fa4358ad3459e97387ffaf - - default default] Successfully bumped revision number for resource 408ff944-942d-4dd9-a745-8b4de176aa84 (type: ports) to 5
2026-08-28 05:18:54.247 9 INFO neutron.wsgi [req-190c013f-5060-403d-ae41-a12572b6bcb6 req-d22c02d1-8257-47e4-9de0-1a774a81151a 32dd9368bc9a423694536d7261f1fd1e defa31a299fa4358ad3459e97387ffaf - - default default] 162.253.55.38 "PUT /v2.0/ports/408ff944-942d-4dd9-a745-8b4de176aa84 HTTP/1.1" status: 200 len: 1349 time: 1.0456469
2026-08-28 05:18:54.267 9 INFO neutron.db.ovn_revision_numbers_db [None req-ce0ddff4-1599-4dd9-9797-6dacbf43d550 b044d00bd4224132a13ca375a96a86fb ce9c0cc8738542bd9f94610294655fac - - default default] Successfully bumped revision number for resource decb003c-4e94-4742-94d7-e752b9ff567d (type: ports) to 1 /var/lib/openstack/lib/python3.10/site-packages/pycadf/identifier.py:71: UserWarning: Invalid uuid: neutron. To ensure interoperability, identifiers should be a valid uuid. warnings.warn(('Invalid uuid: %s. To ensure interoperability, '
2026-08-28 05:18:54.281 10 INFO neutron.db.ovn_revision_numbers_db [None req-ace65583-c5a4-4631-b29f-d5f8e19c9463 33135f67f1bd4addb9e4c717e0b9cca2 554ac6df97b24ea2b7b467fe9e6819a7 - - default default] Successfully bumped revision number for resource 803de0da-3d84-4dc2-86b3-63ea3cbbbfa8 (type: ports) to 1
2026-08-28 05:18:54.293 9 INFO neutron.notifiers.nova [-] Nova event matching ['req-55d68592-9a66-431b-8b14-44b6c139132e'] response: {'name': 'network-changed', 'server_uuid': 'db103a39-938e-47ab-8eed-191cb2c632f2', 'tag': '408ff944-942d-4dd9-a745-8b4de176aa84', 'status': 'completed', 'code': 200}
2026-08-28 05:18:54.308 9 INFO neutron.wsgi [None req-ce0ddff4-1599-4dd9-9797-6dacbf43d550 b044d00bd4224132a13ca375a96a86fb ce9c0cc8738542bd9f94610294655fac - - default default] 10.0.0.74 "POST /v2.0/networks HTTP/1.1" status: 201 len: 828 time: 1.7216554
2026-08-28 05:18:54.314 9 INFO neutron.wsgi [req-190c013f-5060-403d-ae41-a12572b6bcb6 req-8c9f3df3-9cba-47f9-9e99-8b67ae6c8cfe a45cfbf5301f4b66b2d2979c1357e31a 772c60c6023a4860b2a78696266f39d4 - - 8cefee79c7304dcf9c6f274a61c7b886 8cefee79c7304dcf9c6f274a61c7b886] 162.253.55.38 "GET /v2.0/ports?tenant_id=defa31a299fa4358ad3459e97387ffaf&device_id=db103a39-938e-47ab-8eed-191cb2c632f2 HTTP/1.1" status: 200 len: 1590 time: 0.0413945
2026-08-28 05:18:54.383 9 INFO neutron.wsgi [None req-6ce6b5c5-779b-499a-ad9b-3e587cf6782c 33135f67f1bd4addb9e4c717e0b9cca2 554ac6df97b24ea2b7b467fe9e6819a7 - - default default] 10.0.0.74 "GET /v2.0/security-groups?tenant_id=df89718479c9455a89f9899baeb69ba0&name=default HTTP/1.1" status: 200 len: 2996 time: 0.0668123
2026-08-28 05:18:54.405 9 INFO neutron.wsgi [req-190c013f-5060-403d-ae41-a12572b6bcb6 req-2d68c1dc-d808-49d1-9cf2-58fb72c1b607 a45cfbf5301f4b66b2d2979c1357e31a 772c60c6023a4860b2a78696266f39d4 - - 8cefee79c7304dcf9c6f274a61c7b886 8cefee79c7304dcf9c6f274a61c7b886] 162.253.55.38 "GET /v2.0/networks?id=bf061733-7259-4908-978d-05421db87181 HTTP/1.1" status: 200 len: 981 time: 0.0881102
2026-08-28 05:18:54.413 9 INFO neutron.db.ovn_revision_numbers_db [None req-6c9fff0c-6743-40bc-b622-de3eb5ea980a - - - - - -] Successfully bumped revision number for resource 80f61036-e277-4c62-aebc-25aaaaa049e9 (type: ports) to 1
2026-08-28 05:18:54.434 9 INFO neutron.wsgi [req-190c013f-5060-403d-ae41-a12572b6bcb6 req-80118bf1-4443-447e-a7f4-f14fb529fbf7 a45cfbf5301f4b66b2d2979c1357e31a 772c60c6023a4860b2a78696266f39d4 - - 8cefee79c7304dcf9c6f274a61c7b886 8cefee79c7304dcf9c6f274a61c7b886] 162.253.55.38 "GET /v2.0/floatingips?fixed_ip_address=10.100.0.14&port_id=408ff944-942d-4dd9-a745-8b4de176aa84 HTTP/1.1" status: 200 len: 217 time: 0.0196040
2026-08-28 05:18:54.450 10 INFO neutron.db.segments_db [None req-c79aefaf-7d7a-4c41-9598-6952085f7aa6 b044d00bd4224132a13ca375a96a86fb ce9c0cc8738542bd9f94610294655fac - - default default] Added segment 73bc6a78-4e1a-4898-8f90-b83dbf42ccd7 of type geneve for network 2be22983-3adb-4584-8ea4-0e494c9b3c70
2026-08-28 05:18:54.486 9 INFO neutron.wsgi [req-190c013f-5060-403d-ae41-a12572b6bcb6 req-acc84a81-7bc2-48a9-b345-ebe51a3d69dd a45cfbf5301f4b66b2d2979c1357e31a 772c60c6023a4860b2a78696266f39d4 - - 8cefee79c7304dcf9c6f274a61c7b886 8cefee79c7304dcf9c6f274a61c7b886] 162.253.55.38 "GET /v2.0/floatingips?fixed_ip_address=10.100.0.3&port_id=408ff944-942d-4dd9-a745-8b4de176aa84 HTTP/1.1" status: 200 len: 1059 time: 0.0467634
2026-08-28 05:18:54.545 9 INFO neutron.wsgi [req-190c013f-5060-403d-ae41-a12572b6bcb6 req-b52c7f9f-1189-4ce4-8a13-1bae54ebae3f a45cfbf5301f4b66b2d2979c1357e31a 772c60c6023a4860b2a78696266f39d4 - - 8cefee79c7304dcf9c6f274a61c7b886 8cefee79c7304dcf9c6f274a61c7b886] 162.253.55.38 "GET /v2.0/subnets?id=2a5791da-c1cc-4fa9-8a0f-1f98fdceab82 HTTP/1.1" status: 200 len: 876 time: 0.0524070
2026-08-28 05:18:54.584 9 INFO neutron.wsgi [req-190c013f-5060-403d-ae41-a12572b6bcb6 req-b392cfbb-c90f-4069-89ae-e1d252c74df5 a45cfbf5301f4b66b2d2979c1357e31a 772c60c6023a4860b2a78696266f39d4 - - 8cefee79c7304dcf9c6f274a61c7b886 8cefee79c7304dcf9c6f274a61c7b886] 162.253.55.38 "GET /v2.0/ports?network_id=bf061733-7259-4908-978d-05421db87181&device_owner=network%3Adhcp HTTP/1.1" status: 200 len: 210 time: 0.0303557
2026-08-28 05:18:54.666 10 INFO neutron.db.ovn_revision_numbers_db [None req-c79aefaf-7d7a-4c41-9598-6952085f7aa6 b044d00bd4224132a13ca375a96a86fb ce9c0cc8738542bd9f94610294655fac - - default default] Successfully bumped revision number for resource 2be22983-3adb-4584-8ea4-0e494c9b3c70 (type: networks) to 1
2026-08-28 05:18:54.669 9 INFO neutron.wsgi [req-190c013f-5060-403d-ae41-a12572b6bcb6 req-1f4a1f46-4930-40c0-8871-dbca38777246 a45cfbf5301f4b66b2d2979c1357e31a 772c60c6023a4860b2a78696266f39d4 - - 8cefee79c7304dcf9c6f274a61c7b886 8cefee79c7304dcf9c6f274a61c7b886] 162.253.55.38 "GET /v2.0/networks/bf061733-7259-4908-978d-05421db87181?fields=segments HTTP/1.1" status: 200 len: 212 time: 0.0791492
2026-08-28 05:18:54.740 9 INFO neutron.wsgi [req-190c013f-5060-403d-ae41-a12572b6bcb6 req-eddae2a6-a153-4b78-a535-b1428108e140 a45cfbf5301f4b66b2d2979c1357e31a 772c60c6023a4860b2a78696266f39d4 - - 8cefee79c7304dcf9c6f274a61c7b886 8cefee79c7304dcf9c6f274a61c7b886] 162.253.55.38 "GET /v2.0/networks/bf061733-7259-4908-978d-05421db87181?fields=provider%3Aphysical_network&fields=provider%3Anetwork_type HTTP/1.1" status: 200 len: 277 time: 0.0627074
2026-08-28 05:18:54.779 9 INFO neutron.db.ovn_revision_numbers_db [None req-6c9fff0c-6743-40bc-b622-de3eb5ea980a - - - - - -] Successfully bumped revision number for resource 80f61036-e277-4c62-aebc-25aaaaa049e9 (type: router_ports) to 3
2026-08-28 05:18:54.803 10 INFO neutron.wsgi [None req-2bc6f880-4e79-4c16-a1e9-87db3182eced 33135f67f1bd4addb9e4c717e0b9cca2 554ac6df97b24ea2b7b467fe9e6819a7 - - default default] 10.0.0.74 "DELETE /v2.0/security-groups/157b9859-2312-4f1f-90e1-df401932379e HTTP/1.1" status: 204 len: 168 time: 0.4132245
2026-08-28 05:18:54.823 9 INFO neutron.wsgi [req-8292c45c-3703-42ca-9f7a-b7a52f21a001 req-3f42391f-0dae-4f11-928f-9fb96113cfe4 a45cfbf5301f4b66b2d2979c1357e31a 772c60c6023a4860b2a78696266f39d4 - - 8cefee79c7304dcf9c6f274a61c7b886 8cefee79c7304dcf9c6f274a61c7b886] 162.253.55.38 "GET /v2.0/ports?tenant_id=defa31a299fa4358ad3459e97387ffaf&device_id=db103a39-938e-47ab-8eed-191cb2c632f2 HTTP/1.1" status: 200 len: 1590 time: 0.0302060
2026-08-28 05:18:54.830 10 INFO neutron.plugins.ml2.drivers.ovn.mech_driver.mech_driver [None req-357225a1-d873-437a-91e3-826650292d12 - - - - - -] OVN reports status up for port: 803de0da-3d84-4dc2-86b3-63ea3cbbbfa8
2026-08-28 05:18:54.852 10 INFO neutron.plugins.ml2.plugin [None req-357225a1-d873-437a-91e3-826650292d12 - - - - - -] Attempt 1 to provision port 803de0da-3d84-4dc2-86b3-63ea3cbbbfa8
2026-08-28 05:18:54.890 10 INFO neutron.db.ovn_revision_numbers_db [None req-ace65583-c5a4-4631-b29f-d5f8e19c9463 33135f67f1bd4addb9e4c717e0b9cca2 554ac6df97b24ea2b7b467fe9e6819a7 - - default default] Successfully bumped revision number for resource 803de0da-3d84-4dc2-86b3-63ea3cbbbfa8 (type: router_ports) to 1
2026-08-28 05:18:54.896 9 INFO neutron.wsgi [req-8292c45c-3703-42ca-9f7a-b7a52f21a001 req-e56d4d93-5933-4bc5-bdc1-330079eb827c a45cfbf5301f4b66b2d2979c1357e31a 772c60c6023a4860b2a78696266f39d4 - - 8cefee79c7304dcf9c6f274a61c7b886 8cefee79c7304dcf9c6f274a61c7b886] 162.253.55.38 "GET /v2.0/networks?id=bf061733-7259-4908-978d-05421db87181 HTTP/1.1" status: 200 len: 981 time: 0.0632758
2026-08-28 05:18:54.929 9 INFO neutron.wsgi [req-8292c45c-3703-42ca-9f7a-b7a52f21a001 req-fca5b3c2-2554-4cf3-ac72-1d76b2fb6ff7 a45cfbf5301f4b66b2d2979c1357e31a 772c60c6023a4860b2a78696266f39d4 - - 8cefee79c7304dcf9c6f274a61c7b886 8cefee79c7304dcf9c6f274a61c7b886] 162.253.55.38 "GET /v2.0/floatingips?fixed_ip_address=10.100.0.14&port_id=408ff944-942d-4dd9-a745-8b4de176aa84 HTTP/1.1" status: 200 len: 217 time: 0.0246091
2026-08-28 05:18:54.952 10 WARNING neutron.scheduler.dhcp_agent_scheduler [None req-c79aefaf-7d7a-4c41-9598-6952085f7aa6 b044d00bd4224132a13ca375a96a86fb ce9c0cc8738542bd9f94610294655fac - - default default] No more DHCP agents
2026-08-28 05:18:54.954 10 WARNING neutron.api.rpc.agentnotifiers.dhcp_rpc_agent_api [None req-c79aefaf-7d7a-4c41-9598-6952085f7aa6 b044d00bd4224132a13ca375a96a86fb ce9c0cc8738542bd9f94610294655fac - - default default] Unable to schedule network 2be22983-3adb-4584-8ea4-0e494c9b3c70: no agents available; will retry on subsequent port and subnet creation events.
2026-08-28 05:18:54.972 9 INFO neutron.wsgi [req-8292c45c-3703-42ca-9f7a-b7a52f21a001 req-c92d0bbb-397e-4b49-97a2-7d3b8f531776 a45cfbf5301f4b66b2d2979c1357e31a 772c60c6023a4860b2a78696266f39d4 - - 8cefee79c7304dcf9c6f274a61c7b886 8cefee79c7304dcf9c6f274a61c7b886] 162.253.55.38 "GET /v2.0/floatingips?fixed_ip_address=10.100.0.3&port_id=408ff944-942d-4dd9-a745-8b4de176aa84 HTTP/1.1" status: 200 len: 1059 time: 0.0396678
2026-08-28 05:18:55.008 9 INFO neutron.db.ovn_revision_numbers_db [None req-6c9fff0c-6743-40bc-b622-de3eb5ea980a - - - - - -] Successfully bumped revision number for resource 80f61036-e277-4c62-aebc-25aaaaa049e9 (type: ports) to 2
2026-08-28 05:18:55.011 9 INFO neutron.wsgi [req-8292c45c-3703-42ca-9f7a-b7a52f21a001 req-cb825f6f-b3a3-45ae-8162-b4da4160b603 a45cfbf5301f4b66b2d2979c1357e31a 772c60c6023a4860b2a78696266f39d4 - - 8cefee79c7304dcf9c6f274a61c7b886 8cefee79c7304dcf9c6f274a61c7b886] 162.253.55.38 "GET /v2.0/subnets?id=2a5791da-c1cc-4fa9-8a0f-1f98fdceab82 HTTP/1.1" status: 200 len: 876 time: 0.0283284
2026-08-28 05:18:55.033 9 INFO neutron.wsgi [req-8292c45c-3703-42ca-9f7a-b7a52f21a001 req-70861b3a-2ab7-4054-8bee-ce5c5896903e a45cfbf5301f4b66b2d2979c1357e31a 772c60c6023a4860b2a78696266f39d4 - - 8cefee79c7304dcf9c6f274a61c7b886 8cefee79c7304dcf9c6f274a61c7b886] 162.253.55.38 "GET /v2.0/ports?network_id=bf061733-7259-4908-978d-05421db87181&device_owner=network%3Adhcp HTTP/1.1" status: 200 len: 210 time: 0.0161140
2026-08-28 05:18:55.106 10 INFO neutron.db.ovn_revision_numbers_db [None req-c79aefaf-7d7a-4c41-9598-6952085f7aa6 b044d00bd4224132a13ca375a96a86fb ce9c0cc8738542bd9f94610294655fac - - default default] Successfully bumped revision number for resource ba864410-3b6f-4a9f-8bbf-732803be6a6b (type: ports) to 1
2026-08-28 05:18:55.114 9 INFO neutron.wsgi [req-8292c45c-3703-42ca-9f7a-b7a52f21a001 req-9c8a6b57-a6a4-4d96-88ca-c55ee8fd1aaf a45cfbf5301f4b66b2d2979c1357e31a 772c60c6023a4860b2a78696266f39d4 - - 8cefee79c7304dcf9c6f274a61c7b886 8cefee79c7304dcf9c6f274a61c7b886] 162.253.55.38 "GET /v2.0/networks/bf061733-7259-4908-978d-05421db87181?fields=segments HTTP/1.1" status: 200 len: 212 time: 0.0759993
2026-08-28 05:18:55.152 10 INFO neutron.wsgi [None req-c79aefaf-7d7a-4c41-9598-6952085f7aa6 b044d00bd4224132a13ca375a96a86fb ce9c0cc8738542bd9f94610294655fac - - default default] 10.0.0.74 "POST /v2.0/networks HTTP/1.1" status: 201 len: 828 time: 0.8380961
2026-08-28 05:18:55.223 9 INFO neutron.wsgi [req-8292c45c-3703-42ca-9f7a-b7a52f21a001 req-f7ad4215-954e-4f24-996b-9d67799c6d76 a45cfbf5301f4b66b2d2979c1357e31a 772c60c6023a4860b2a78696266f39d4 - - 8cefee79c7304dcf9c6f274a61c7b886 8cefee79c7304dcf9c6f274a61c7b886] 162.253.55.38 "GET /v2.0/networks/bf061733-7259-4908-978d-05421db87181?fields=provider%3Aphysical_network&fields=provider%3Anetwork_type HTTP/1.1" status: 200 len: 277 time: 0.0985713
2026-08-28 05:18:55.223 10 INFO neutron.db.ovn_revision_numbers_db [None req-ace65583-c5a4-4631-b29f-d5f8e19c9463 33135f67f1bd4addb9e4c717e0b9cca2 554ac6df97b24ea2b7b467fe9e6819a7 - - default default] Successfully bumped revision number for resource 803de0da-3d84-4dc2-86b3-63ea3cbbbfa8 (type: ports) to 1
2026-08-28 05:18:55.266 10 INFO neutron.wsgi [req-52dd1e44-4db4-42b8-99aa-de915394c9d5 req-9bf68ddf-efa5-41e4-a73b-01ba624a25e2 32dd9368bc9a423694536d7261f1fd1e defa31a299fa4358ad3459e97387ffaf - - default default] 10.0.0.225 "GET /v2.0/ports?device_id=db103a39-938e-47ab-8eed-191cb2c632f2 HTTP/1.1" status: 200 len: 1352 time: 0.0530319
2026-08-28 05:18:55.306 9 INFO neutron.db.ovn_revision_numbers_db [None req-6c9fff0c-6743-40bc-b622-de3eb5ea980a - - - - - -] Successfully bumped revision number for resource 80f61036-e277-4c62-aebc-25aaaaa049e9 (type: ports) to 4
2026-08-28 05:18:55.508 9 INFO neutron.db.ovn_revision_numbers_db [None req-6c9fff0c-6743-40bc-b622-de3eb5ea980a - - - - - -] Successfully bumped revision number for resource 80f61036-e277-4c62-aebc-25aaaaa049e9 (type: router_ports) to 4
2026-08-28 05:18:55.547 10 INFO neutron.wsgi [req-52dd1e44-4db4-42b8-99aa-de915394c9d5 req-7be038e5-37a6-4ef2-8415-9a2589e89906 32dd9368bc9a423694536d7261f1fd1e defa31a299fa4358ad3459e97387ffaf - - default default] 10.0.0.225 "GET /v2.0/security-groups?id=d43b5738-7576-4be3-b780-b0f011c7d85d&fields=id&fields=name HTTP/1.1" status: 200 len: 313 time: 0.2721815
2026-08-28 05:18:55.577 10 WARNING neutron.scheduler.dhcp_agent_scheduler [None req-ace65583-c5a4-4631-b29f-d5f8e19c9463 33135f67f1bd4addb9e4c717e0b9cca2 554ac6df97b24ea2b7b467fe9e6819a7 - - default default] No more DHCP agents
2026-08-28 05:18:55.579 10 WARNING neutron.api.rpc.agentnotifiers.dhcp_rpc_agent_api [None req-ace65583-c5a4-4631-b29f-d5f8e19c9463 33135f67f1bd4addb9e4c717e0b9cca2 554ac6df97b24ea2b7b467fe9e6819a7 - - default default] Unable to schedule network 4874547a-7194-434f-9a69-c217ca454cee: no agents available; will retry on subsequent port and subnet creation events.
2026-08-28 05:18:55.584 10 INFO neutron.db.ovn_revision_numbers_db [None req-357225a1-d873-437a-91e3-826650292d12 - - - - - -] Successfully bumped revision number for resource 803de0da-3d84-4dc2-86b3-63ea3cbbbfa8 (type: ports) to 2
2026-08-28 05:18:55.586 9 INFO neutron.wsgi [-] 10.0.0.205 "GET / HTTP/1.1" status: 200 len: 246 time: 0.0016439
2026-08-28 05:18:55.588 9 INFO neutron.wsgi [-] 10.0.0.205 "GET / HTTP/1.1" status: 200 len: 246 time: 0.0013480
2026-08-28 05:18:55.749 10 WARNING neutron.scheduler.dhcp_agent_scheduler [None req-0af93278-e13a-4885-af5d-503a4f3448f9 b044d00bd4224132a13ca375a96a86fb ce9c0cc8738542bd9f94610294655fac - - default default] No more DHCP agents
2026-08-28 05:18:55.750 9 INFO neutron.wsgi [req-5fcba4de-ccc6-425c-9696-e92f2e6752f7 req-4f019a22-1c0b-4ac3-9032-79fe2c1c9df0 32dd9368bc9a423694536d7261f1fd1e defa31a299fa4358ad3459e97387ffaf - - default default] 162.253.55.38 "GET /v2.0/ports?device_id=db103a39-938e-47ab-8eed-191cb2c632f2&device_owner=compute%3Anova&fixed_ips=ip_address%3D10.100.0.14 HTTP/1.1" status: 200 len: 1352 time: 0.0415988
2026-08-28 05:18:55.754 10 WARNING neutron.api.rpc.agentnotifiers.dhcp_rpc_agent_api [None req-0af93278-e13a-4885-af5d-503a4f3448f9 b044d00bd4224132a13ca375a96a86fb ce9c0cc8738542bd9f94610294655fac - - default default] Unable to schedule network 8c933059-460e-4bc1-94e7-598d0b9ad206: no agents available; will retry on subsequent port and subnet creation events.
2026-08-28 05:18:55.786 10 INFO neutron.db.ovn_revision_numbers_db [None req-357225a1-d873-437a-91e3-826650292d12 - - - - - -] Successfully bumped revision number for resource 803de0da-3d84-4dc2-86b3-63ea3cbbbfa8 (type: router_ports) to 2
2026-08-28 05:18:56.067 10 INFO neutron.wsgi [req-e32efb4e-2a87-4b51-92ec-9206ecd99e79 req-e1784708-b85a-493b-baef-3745e4c99e21 a45cfbf5301f4b66b2d2979c1357e31a 772c60c6023a4860b2a78696266f39d4 - - 8cefee79c7304dcf9c6f274a61c7b886 8cefee79c7304dcf9c6f274a61c7b886] 162.253.55.38 "GET /v2.0/ports?device_id=db103a39-938e-47ab-8eed-191cb2c632f2&fields=binding%3Ahost_id&fields=binding%3Avif_type HTTP/1.1" status: 200 len: 265 time: 0.0392618
2026-08-28 05:18:56.330 10 INFO neutron.db.ovn_revision_numbers_db [None req-ace65583-c5a4-4631-b29f-d5f8e19c9463 33135f67f1bd4addb9e4c717e0b9cca2 554ac6df97b24ea2b7b467fe9e6819a7 - - default default] Successfully bumped revision number for resource 803de0da-3d84-4dc2-86b3-63ea3cbbbfa8 (type: router_ports) to 2
2026-08-28 05:18:56.332 10 INFO neutron.wsgi [None req-ace65583-c5a4-4631-b29f-d5f8e19c9463 33135f67f1bd4addb9e4c717e0b9cca2 554ac6df97b24ea2b7b467fe9e6819a7 - - default default] 10.0.0.74 "PUT /v2.0/routers/e1b6be14-29ac-4388-9f81-298c6bc5a18d/add_router_interface HTTP/1.1" status: 200 len: 503 time: 2.7135861
2026-08-28 05:18:56.348 10 INFO neutron.db.ovn_revision_numbers_db [None req-0af93278-e13a-4885-af5d-503a4f3448f9 b044d00bd4224132a13ca375a96a86fb ce9c0cc8738542bd9f94610294655fac - - default default] Successfully bumped revision number for resource decb003c-4e94-4742-94d7-e752b9ff567d (type: ports) to 2
2026-08-28 05:18:56.375 10 INFO neutron.db.ovn_revision_numbers_db [None req-0af93278-e13a-4885-af5d-503a4f3448f9 b044d00bd4224132a13ca375a96a86fb ce9c0cc8738542bd9f94610294655fac - - default default] Successfully bumped revision number for resource 85d817b0-6829-41dd-a2be-57b049c3b466 (type: subnets) to 0
2026-08-28 05:18:56.388 10 INFO neutron.wsgi [None req-0af93278-e13a-4885-af5d-503a4f3448f9 b044d00bd4224132a13ca375a96a86fb ce9c0cc8738542bd9f94610294655fac - - default default] 10.0.0.74 "POST /v2.0/subnets HTTP/1.1" status: 201 len: 801 time: 1.2249329
2026-08-28 05:18:56.466 9 INFO neutron.db.ovn_revision_numbers_db [req-5fcba4de-ccc6-425c-9696-e92f2e6752f7 req-0e212732-50ea-4e70-97a1-aae622cefa3d 32dd9368bc9a423694536d7261f1fd1e defa31a299fa4358ad3459e97387ffaf - - default default] Successfully bumped revision number for resource 408ff944-942d-4dd9-a745-8b4de176aa84 (type: ports) to 6
2026-08-28 05:18:56.476 9 INFO neutron.wsgi [req-5fcba4de-ccc6-425c-9696-e92f2e6752f7 req-0e212732-50ea-4e70-97a1-aae622cefa3d 32dd9368bc9a423694536d7261f1fd1e defa31a299fa4358ad3459e97387ffaf - - default default] 162.253.55.38 "PUT /v2.0/ports/408ff944-942d-4dd9-a745-8b4de176aa84 HTTP/1.1" status: 200 len: 1167 time: 0.7215962 /var/lib/openstack/lib/python3.10/site-packages/pycadf/identifier.py:71: UserWarning: Invalid uuid: neutron. To ensure interoperability, identifiers should be a valid uuid. warnings.warn(('Invalid uuid: %s. To ensure interoperability, '
2026-08-28 05:18:56.511 9 INFO neutron.notifiers.nova [-] Nova event matching ['req-b46a3fd4-51d9-4ab1-a061-3efcdbad1c20'] response: {'name': 'network-changed', 'server_uuid': 'db103a39-938e-47ab-8eed-191cb2c632f2', 'tag': '408ff944-942d-4dd9-a745-8b4de176aa84', 'status': 'completed', 'code': 200}
2026-08-28 05:18:56.533 9 INFO neutron.wsgi [req-5fcba4de-ccc6-425c-9696-e92f2e6752f7 req-619c46cf-18b9-4834-987a-ca78c4efe3b2 a45cfbf5301f4b66b2d2979c1357e31a 772c60c6023a4860b2a78696266f39d4 - - 8cefee79c7304dcf9c6f274a61c7b886 8cefee79c7304dcf9c6f274a61c7b886] 162.253.55.38 "GET /v2.0/ports?tenant_id=defa31a299fa4358ad3459e97387ffaf&device_id=db103a39-938e-47ab-8eed-191cb2c632f2 HTTP/1.1" status: 200 len: 1409 time: 0.0320091
2026-08-28 05:18:56.599 9 INFO neutron.wsgi [req-5fcba4de-ccc6-425c-9696-e92f2e6752f7 req-f411824c-6fa9-46b9-8931-c6a94f237d9e a45cfbf5301f4b66b2d2979c1357e31a 772c60c6023a4860b2a78696266f39d4 - - 8cefee79c7304dcf9c6f274a61c7b886 8cefee79c7304dcf9c6f274a61c7b886] 162.253.55.38 "GET /v2.0/networks?id=bf061733-7259-4908-978d-05421db87181 HTTP/1.1" status: 200 len: 981 time: 0.0593574
2026-08-28 05:18:56.612 10 WARNING neutron.scheduler.dhcp_agent_scheduler [None req-499e69d9-8690-41a4-a5d3-55f8895c66cc b044d00bd4224132a13ca375a96a86fb ce9c0cc8738542bd9f94610294655fac - - default default] No more DHCP agents
2026-08-28 05:18:56.614 10 WARNING neutron.api.rpc.agentnotifiers.dhcp_rpc_agent_api [None req-499e69d9-8690-41a4-a5d3-55f8895c66cc b044d00bd4224132a13ca375a96a86fb ce9c0cc8738542bd9f94610294655fac - - default default] Unable to schedule network 2be22983-3adb-4584-8ea4-0e494c9b3c70: no agents available; will retry on subsequent port and subnet creation events.
2026-08-28 05:18:56.646 9 INFO neutron.wsgi [req-5fcba4de-ccc6-425c-9696-e92f2e6752f7 req-24da7b0b-f456-40cc-8a48-9b46c79ccf9d a45cfbf5301f4b66b2d2979c1357e31a 772c60c6023a4860b2a78696266f39d4 - - 8cefee79c7304dcf9c6f274a61c7b886 8cefee79c7304dcf9c6f274a61c7b886] 162.253.55.38 "GET /v2.0/floatingips?fixed_ip_address=10.100.0.3&port_id=408ff944-942d-4dd9-a745-8b4de176aa84 HTTP/1.1" status: 200 len: 1059 time: 0.0375679
2026-08-28 05:18:56.677 9 INFO neutron.wsgi [req-5fcba4de-ccc6-425c-9696-e92f2e6752f7 req-1a4ec666-75ea-4db8-aeba-92aaff3319b9 a45cfbf5301f4b66b2d2979c1357e31a 772c60c6023a4860b2a78696266f39d4 - - 8cefee79c7304dcf9c6f274a61c7b886 8cefee79c7304dcf9c6f274a61c7b886] 162.253.55.38 "GET /v2.0/subnets?id=2a5791da-c1cc-4fa9-8a0f-1f98fdceab82 HTTP/1.1" status: 200 len: 876 time: 0.0241559
2026-08-28 05:18:56.702 9 INFO neutron.wsgi [req-5fcba4de-ccc6-425c-9696-e92f2e6752f7 req-214d0a4d-4e2b-4fec-8bdf-c2ac2dd38094 a45cfbf5301f4b66b2d2979c1357e31a 772c60c6023a4860b2a78696266f39d4 - - 8cefee79c7304dcf9c6f274a61c7b886 8cefee79c7304dcf9c6f274a61c7b886] 162.253.55.38 "GET /v2.0/ports?network_id=bf061733-7259-4908-978d-05421db87181&device_owner=network%3Adhcp HTTP/1.1" status: 200 len: 210 time: 0.0150568
2026-08-28 05:18:56.781 9 INFO neutron.wsgi [req-5fcba4de-ccc6-425c-9696-e92f2e6752f7 req-21613364-dd11-411f-8420-4c8b609dbca8 a45cfbf5301f4b66b2d2979c1357e31a 772c60c6023a4860b2a78696266f39d4 - - 8cefee79c7304dcf9c6f274a61c7b886 8cefee79c7304dcf9c6f274a61c7b886] 162.253.55.38 "GET /v2.0/networks/bf061733-7259-4908-978d-05421db87181?fields=segments HTTP/1.1" status: 200 len: 212 time: 0.0731585
2026-08-28 05:18:56.886 9 INFO neutron.wsgi [req-5fcba4de-ccc6-425c-9696-e92f2e6752f7 req-ba06fde9-410c-4506-b9ec-1e0e1063c871 a45cfbf5301f4b66b2d2979c1357e31a 772c60c6023a4860b2a78696266f39d4 - - 8cefee79c7304dcf9c6f274a61c7b886 8cefee79c7304dcf9c6f274a61c7b886] 162.253.55.38 "GET /v2.0/networks/bf061733-7259-4908-978d-05421db87181?fields=provider%3Aphysical_network&fields=provider%3Anetwork_type HTTP/1.1" status: 200 len: 277 time: 0.1002350
2026-08-28 05:18:57.003 9 INFO neutron.db.ovn_revision_numbers_db [None req-6bdea416-4e8f-42f4-b897-bdfb35e18655 33135f67f1bd4addb9e4c717e0b9cca2 554ac6df97b24ea2b7b467fe9e6819a7 - - default default] Successfully bumped revision number for resource 408b8aaa-363a-4c41-afe7-5929a8edec9d (type: security_groups) to 1
2026-08-28 05:18:57.018 9 INFO neutron.wsgi [req-e32efb4e-2a87-4b51-92ec-9206ecd99e79 req-cdc568ff-1be5-4e11-8ce8-b3a011b7e1ba a45cfbf5301f4b66b2d2979c1357e31a 772c60c6023a4860b2a78696266f39d4 - - 8cefee79c7304dcf9c6f274a61c7b886 8cefee79c7304dcf9c6f274a61c7b886] 162.253.55.38 "GET /v2.0/ports?tenant_id=defa31a299fa4358ad3459e97387ffaf&device_id=db103a39-938e-47ab-8eed-191cb2c632f2 HTTP/1.1" status: 200 len: 1409 time: 0.0337398
2026-08-28 05:18:57.019 9 INFO neutron.db.ovn_revision_numbers_db [None req-6bdea416-4e8f-42f4-b897-bdfb35e18655 33135f67f1bd4addb9e4c717e0b9cca2 554ac6df97b24ea2b7b467fe9e6819a7 - - default default] Successfully bumped revision number for resource 0827961c-d636-412f-97ad-d41aa24b3f39 (type: security_group_rules) to 0
2026-08-28 05:18:57.035 9 INFO neutron.db.ovn_revision_numbers_db [None req-6bdea416-4e8f-42f4-b897-bdfb35e18655 33135f67f1bd4addb9e4c717e0b9cca2 554ac6df97b24ea2b7b467fe9e6819a7 - - default default] Successfully bumped revision number for resource 3bd385dc-da1e-46a4-b8ad-ea3926508dd5 (type: security_group_rules) to 0
2026-08-28 05:18:57.065 9 INFO neutron.db.ovn_revision_numbers_db [None req-6bdea416-4e8f-42f4-b897-bdfb35e18655 33135f67f1bd4addb9e4c717e0b9cca2 554ac6df97b24ea2b7b467fe9e6819a7 - - default default] Successfully bumped revision number for resource 64f4df5f-6f65-4513-bbea-f5a9bb1981f2 (type: security_group_rules) to 0
2026-08-28 05:18:57.081 9 INFO neutron.db.ovn_revision_numbers_db [None req-6bdea416-4e8f-42f4-b897-bdfb35e18655 33135f67f1bd4addb9e4c717e0b9cca2 554ac6df97b24ea2b7b467fe9e6819a7 - - default default] Successfully bumped revision number for resource e42330cc-b04e-4339-903c-a7097e5dd20b (type: security_group_rules) to 0
2026-08-28 05:18:57.104 9 INFO neutron.wsgi [req-e32efb4e-2a87-4b51-92ec-9206ecd99e79 req-bc47698c-047c-472c-9e7b-16f80b63dcee a45cfbf5301f4b66b2d2979c1357e31a 772c60c6023a4860b2a78696266f39d4 - - 8cefee79c7304dcf9c6f274a61c7b886 8cefee79c7304dcf9c6f274a61c7b886] 162.253.55.38 "GET /v2.0/networks?id=bf061733-7259-4908-978d-05421db87181 HTTP/1.1" status: 200 len: 981 time: 0.0667868
2026-08-28 05:18:57.152 10 INFO neutron.db.ovn_revision_numbers_db [None req-499e69d9-8690-41a4-a5d3-55f8895c66cc b044d00bd4224132a13ca375a96a86fb ce9c0cc8738542bd9f94610294655fac - - default default] Successfully bumped revision number for resource ba864410-3b6f-4a9f-8bbf-732803be6a6b (type: ports) to 2
2026-08-28 05:18:57.163 9 INFO neutron.db.segments_db [None req-6bdea416-4e8f-42f4-b897-bdfb35e18655 33135f67f1bd4addb9e4c717e0b9cca2 554ac6df97b24ea2b7b467fe9e6819a7 - - default default] Added segment 44a9fad0-b051-4764-9b7f-e5e798143a6d of type geneve for network b9d68eb4-4394-4c3f-895d-10f5c0c7cd98
2026-08-28 05:18:57.180 10 INFO neutron.db.ovn_revision_numbers_db [None req-499e69d9-8690-41a4-a5d3-55f8895c66cc b044d00bd4224132a13ca375a96a86fb ce9c0cc8738542bd9f94610294655fac - - default default] Successfully bumped revision number for resource bcaff405-d4c4-40b9-80ce-09dc4865b9e5 (type: subnets) to 0
2026-08-28 05:18:57.187 9 INFO neutron.wsgi [req-e32efb4e-2a87-4b51-92ec-9206ecd99e79 req-e622e55c-48ea-41f2-8f58-24763d1f1d1d a45cfbf5301f4b66b2d2979c1357e31a 772c60c6023a4860b2a78696266f39d4 - - 8cefee79c7304dcf9c6f274a61c7b886 8cefee79c7304dcf9c6f274a61c7b886] 162.253.55.38 "GET /v2.0/floatingips?fixed_ip_address=10.100.0.3&port_id=408ff944-942d-4dd9-a745-8b4de176aa84 HTTP/1.1" status: 200 len: 1059 time: 0.0764015
2026-08-28 05:18:57.198 10 INFO neutron.wsgi [None req-499e69d9-8690-41a4-a5d3-55f8895c66cc b044d00bd4224132a13ca375a96a86fb ce9c0cc8738542bd9f94610294655fac - - default default] 10.0.0.74 "POST /v2.0/subnets HTTP/1.1" status: 201 len: 801 time: 0.8053393
2026-08-28 05:18:57.245 9 INFO neutron.wsgi [req-e32efb4e-2a87-4b51-92ec-9206ecd99e79 req-46ff114e-12ac-49af-990e-35ecf5fb9297 a45cfbf5301f4b66b2d2979c1357e31a 772c60c6023a4860b2a78696266f39d4 - - 8cefee79c7304dcf9c6f274a61c7b886 8cefee79c7304dcf9c6f274a61c7b886] 162.253.55.38 "GET /v2.0/subnets?id=2a5791da-c1cc-4fa9-8a0f-1f98fdceab82 HTTP/1.1" status: 200 len: 876 time: 0.0529876
2026-08-28 05:18:57.272 9 INFO neutron.wsgi [req-e32efb4e-2a87-4b51-92ec-9206ecd99e79 req-e881afc8-498a-453f-9396-604b4553c645 a45cfbf5301f4b66b2d2979c1357e31a 772c60c6023a4860b2a78696266f39d4 - - 8cefee79c7304dcf9c6f274a61c7b886 8cefee79c7304dcf9c6f274a61c7b886] 162.253.55.38 "GET /v2.0/ports?network_id=bf061733-7259-4908-978d-05421db87181&device_owner=network%3Adhcp HTTP/1.1" status: 200 len: 210 time: 0.0209482
2026-08-28 05:18:57.372 9 INFO neutron.db.ovn_revision_numbers_db [None req-6bdea416-4e8f-42f4-b897-bdfb35e18655 33135f67f1bd4addb9e4c717e0b9cca2 554ac6df97b24ea2b7b467fe9e6819a7 - - default default] Successfully bumped revision number for resource b9d68eb4-4394-4c3f-895d-10f5c0c7cd98 (type: networks) to 1
2026-08-28 05:18:57.410 9 INFO neutron.wsgi [req-e32efb4e-2a87-4b51-92ec-9206ecd99e79 req-71e174eb-9e62-4aa6-9f4a-bfea9e498de1 a45cfbf5301f4b66b2d2979c1357e31a 772c60c6023a4860b2a78696266f39d4 - - 8cefee79c7304dcf9c6f274a61c7b886 8cefee79c7304dcf9c6f274a61c7b886] 162.253.55.38 "GET /v2.0/networks/bf061733-7259-4908-978d-05421db87181?fields=segments HTTP/1.1" status: 200 len: 212 time: 0.1316111
2026-08-28 05:18:57.458 9 INFO neutron.wsgi [req-0e11615e-219f-45aa-a921-72f0ff05ae2a req-1fc651f6-1396-474b-893d-2f86a0c71e06 c478ce8c97d240948ce83d8c20f957bc 26d674287eb84959bbd4695de8c09fe7 - - default default] 10.0.0.225 "GET /v2.0/networks?id=4874547a-7194-434f-9a69-c217ca454cee HTTP/1.1" status: 200 len: 876 time: 0.1204607
2026-08-28 05:18:57.491 9 INFO neutron.wsgi [req-0e11615e-219f-45aa-a921-72f0ff05ae2a req-b357065e-9072-48b1-a829-25d29c2f37bf c478ce8c97d240948ce83d8c20f957bc 26d674287eb84959bbd4695de8c09fe7 - - default default] 10.0.0.225 "GET /v2.0/quotas/26d674287eb84959bbd4695de8c09fe7 HTTP/1.1" status: 200 len: 386 time: 0.0229211
2026-08-28 05:18:57.518 9 INFO neutron.wsgi [req-e32efb4e-2a87-4b51-92ec-9206ecd99e79 req-5091c64d-b03d-4b37-9c17-89ff917e46cf a45cfbf5301f4b66b2d2979c1357e31a 772c60c6023a4860b2a78696266f39d4 - - 8cefee79c7304dcf9c6f274a61c7b886 8cefee79c7304dcf9c6f274a61c7b886] 162.253.55.38 "GET /v2.0/networks/bf061733-7259-4908-978d-05421db87181?fields=provider%3Aphysical_network&fields=provider%3Anetwork_type HTTP/1.1" status: 200 len: 277 time: 0.1005733
2026-08-28 05:18:57.560 10 INFO neutron.db.ovn_revision_numbers_db [None req-0bfe8a9f-74b2-4025-af19-1f73c962e2c7 b044d00bd4224132a13ca375a96a86fb ce9c0cc8738542bd9f94610294655fac - - default default] Successfully bumped revision number for resource 262223dc-58d4-4271-a384-0508af001d4b (type: routers) to 1
2026-08-28 05:18:57.572 10 INFO neutron.wsgi [None req-0bfe8a9f-74b2-4025-af19-1f73c962e2c7 b044d00bd4224132a13ca375a96a86fb ce9c0cc8738542bd9f94610294655fac - - default default] 10.0.0.74 "POST /v2.0/routers HTTP/1.1" status: 201 len: 686 time: 0.3685043
2026-08-28 05:18:57.639 9 INFO neutron.wsgi [req-3e44ea7d-55b6-47ba-bb75-6d957a3a72bb req-dd238bca-9f9f-40b2-b9c6-07d6702b23cc a45cfbf5301f4b66b2d2979c1357e31a 772c60c6023a4860b2a78696266f39d4 - - 8cefee79c7304dcf9c6f274a61c7b886 8cefee79c7304dcf9c6f274a61c7b886] 162.253.55.38 "GET /v2.0/ports?tenant_id=defa31a299fa4358ad3459e97387ffaf&device_id=db103a39-938e-47ab-8eed-191cb2c632f2 HTTP/1.1" status: 200 len: 1409 time: 0.0632174
2026-08-28 05:18:57.681 9 INFO neutron.wsgi [req-0e11615e-219f-45aa-a921-72f0ff05ae2a req-678163dd-073b-48d5-91cd-28b21781fb82 c478ce8c97d240948ce83d8c20f957bc 26d674287eb84959bbd4695de8c09fe7 - - default default] 10.0.0.225 "GET /v2.0/ports?tenant_id=26d674287eb84959bbd4695de8c09fe7&fields=id HTTP/1.1" status: 200 len: 302 time: 0.1812119
2026-08-28 05:18:57.742 9 WARNING neutron.scheduler.dhcp_agent_scheduler [None req-6bdea416-4e8f-42f4-b897-bdfb35e18655 33135f67f1bd4addb9e4c717e0b9cca2 554ac6df97b24ea2b7b467fe9e6819a7 - - default default] No more DHCP agents
2026-08-28 05:18:57.752 9 WARNING neutron.api.rpc.agentnotifiers.dhcp_rpc_agent_api [None req-6bdea416-4e8f-42f4-b897-bdfb35e18655 33135f67f1bd4addb9e4c717e0b9cca2 554ac6df97b24ea2b7b467fe9e6819a7 - - default default] Unable to schedule network b9d68eb4-4394-4c3f-895d-10f5c0c7cd98: no agents available; will retry on subsequent port and subnet creation events.
2026-08-28 05:18:57.784 9 INFO neutron.wsgi [req-3e44ea7d-55b6-47ba-bb75-6d957a3a72bb req-3551be2b-ccbc-44ae-bf97-0c0f9d9760a6 a45cfbf5301f4b66b2d2979c1357e31a 772c60c6023a4860b2a78696266f39d4 - - 8cefee79c7304dcf9c6f274a61c7b886 8cefee79c7304dcf9c6f274a61c7b886] 162.253.55.38 "GET /v2.0/networks?id=bf061733-7259-4908-978d-05421db87181 HTTP/1.1" status: 200 len: 981 time: 0.1399729
2026-08-28 05:18:57.813 9 INFO neutron.wsgi [req-0e11615e-219f-45aa-a921-72f0ff05ae2a req-09928fff-cc69-4e0a-b6a0-bcc5f6e7fd27 a45cfbf5301f4b66b2d2979c1357e31a 772c60c6023a4860b2a78696266f39d4 - - 8cefee79c7304dcf9c6f274a61c7b886 8cefee79c7304dcf9c6f274a61c7b886] 10.0.0.225 "GET /v2.0/networks/4874547a-7194-434f-9a69-c217ca454cee?fields=segments HTTP/1.1" status: 200 len: 212 time: 0.1103156
2026-08-28 05:18:57.887 9 INFO neutron.wsgi [req-3e44ea7d-55b6-47ba-bb75-6d957a3a72bb req-af12aaaf-78df-4815-bf27-a312e5108223 a45cfbf5301f4b66b2d2979c1357e31a 772c60c6023a4860b2a78696266f39d4 - - 8cefee79c7304dcf9c6f274a61c7b886 8cefee79c7304dcf9c6f274a61c7b886] 162.253.55.38 "GET /v2.0/floatingips?fixed_ip_address=10.100.0.3&port_id=408ff944-942d-4dd9-a745-8b4de176aa84 HTTP/1.1" status: 200 len: 1059 time: 0.0947297
2026-08-28 05:18:57.916 9 INFO neutron.db.ovn_revision_numbers_db [None req-6bdea416-4e8f-42f4-b897-bdfb35e18655 33135f67f1bd4addb9e4c717e0b9cca2 554ac6df97b24ea2b7b467fe9e6819a7 - - default default] Successfully bumped revision number for resource b92b0697-cc3e-42ba-81ae-6da18ad0f500 (type: ports) to 1
2026-08-28 05:18:57.934 9 INFO neutron.wsgi [req-0e11615e-219f-45aa-a921-72f0ff05ae2a req-cca2815f-f100-4f64-b85e-1fe8a48a08c0 a45cfbf5301f4b66b2d2979c1357e31a 772c60c6023a4860b2a78696266f39d4 - - 8cefee79c7304dcf9c6f274a61c7b886 8cefee79c7304dcf9c6f274a61c7b886] 10.0.0.225 "GET /v2.0/networks/4874547a-7194-434f-9a69-c217ca454cee?fields=provider%3Aphysical_network&fields=provider%3Anetwork_type HTTP/1.1" status: 200 len: 277 time: 0.1068234
2026-08-28 05:18:57.937 9 INFO neutron.wsgi [req-3e44ea7d-55b6-47ba-bb75-6d957a3a72bb req-e335523e-2f7e-400e-914e-c003bdd103d5 a45cfbf5301f4b66b2d2979c1357e31a 772c60c6023a4860b2a78696266f39d4 - - 8cefee79c7304dcf9c6f274a61c7b886 8cefee79c7304dcf9c6f274a61c7b886] 162.253.55.38 "GET /v2.0/subnets?id=2a5791da-c1cc-4fa9-8a0f-1f98fdceab82 HTTP/1.1" status: 200 len: 876 time: 0.0427620
2026-08-28 05:18:57.944 10 WARNING neutron.scheduler.dhcp_agent_scheduler [None req-c321ed70-c6f5-4b6f-a6c8-05784fc52c8b b044d00bd4224132a13ca375a96a86fb ce9c0cc8738542bd9f94610294655fac - - default default] No more DHCP agents
2026-08-28 05:18:57.946 10 WARNING neutron.api.rpc.agentnotifiers.dhcp_rpc_agent_api [None req-c321ed70-c6f5-4b6f-a6c8-05784fc52c8b b044d00bd4224132a13ca375a96a86fb ce9c0cc8738542bd9f94610294655fac - - default default] Unable to schedule network 8c933059-460e-4bc1-94e7-598d0b9ad206: no agents available; will retry on subsequent port and subnet creation events.
2026-08-28 05:18:57.954 9 INFO neutron.wsgi [None req-6bdea416-4e8f-42f4-b897-bdfb35e18655 33135f67f1bd4addb9e4c717e0b9cca2 554ac6df97b24ea2b7b467fe9e6819a7 - - default default] 10.0.0.74 "POST /v2.0/networks HTTP/1.1" status: 201 len: 946 time: 1.3194582
2026-08-28 05:18:57.974 9 INFO neutron.wsgi [req-3e44ea7d-55b6-47ba-bb75-6d957a3a72bb req-405a66eb-8ee4-4930-b63d-c0d1235b0526 a45cfbf5301f4b66b2d2979c1357e31a 772c60c6023a4860b2a78696266f39d4 - - 8cefee79c7304dcf9c6f274a61c7b886 8cefee79c7304dcf9c6f274a61c7b886] 162.253.55.38 "GET /v2.0/ports?network_id=bf061733-7259-4908-978d-05421db87181&device_owner=network%3Adhcp HTTP/1.1" status: 200 len: 210 time: 0.0320046
2026-08-28 05:18:58.050 9 INFO neutron.plugins.ml2.drivers.ovn.mech_driver.mech_driver [None req-f1ee25d0-118e-43bc-b489-bd59cbe78a1e - - - - - -] OVN reports status down for port: 408ff944-942d-4dd9-a745-8b4de176aa84
2026-08-28 05:18:58.107 9 INFO neutron.wsgi [req-3e44ea7d-55b6-47ba-bb75-6d957a3a72bb req-e09c9097-f5f1-42c8-84a4-f9096967055e a45cfbf5301f4b66b2d2979c1357e31a 772c60c6023a4860b2a78696266f39d4 - - 8cefee79c7304dcf9c6f274a61c7b886 8cefee79c7304dcf9c6f274a61c7b886] 162.253.55.38 "GET /v2.0/networks/bf061733-7259-4908-978d-05421db87181?fields=segments HTTP/1.1" status: 200 len: 212 time: 0.1295521
2026-08-28 05:18:58.129 9 INFO neutron.wsgi [req-50d60b3c-600f-416a-be55-42a1f507d25e req-0a39e031-bb4c-4e1e-b8f2-10ba7c94cfee c478ce8c97d240948ce83d8c20f957bc 26d674287eb84959bbd4695de8c09fe7 - - default default] 10.0.0.225 "GET /v2.0/ports?device_id=2d708882-2b10-462d-8761-6d91dea088b9 HTTP/1.1" status: 200 len: 210 time: 0.0346148
2026-08-28 05:18:58.138 10 INFO neutron.wsgi [req-e20d505f-4f25-44e6-b413-0fa8a4733955 req-e07651c4-0984-4309-aa21-4aef609516c7 32dd9368bc9a423694536d7261f1fd1e defa31a299fa4358ad3459e97387ffaf - - default default] 10.0.0.225 "GET /v2.0/ports?device_id=db103a39-938e-47ab-8eed-191cb2c632f2 HTTP/1.1" status: 200 len: 1170 time: 0.1659095
2026-08-28 05:18:58.180 9 INFO neutron.wsgi [req-3e44ea7d-55b6-47ba-bb75-6d957a3a72bb req-bf5e2258-58bc-4d0e-8a97-603104e2ed5f a45cfbf5301f4b66b2d2979c1357e31a 772c60c6023a4860b2a78696266f39d4 - - 8cefee79c7304dcf9c6f274a61c7b886 8cefee79c7304dcf9c6f274a61c7b886] 162.253.55.38 "GET /v2.0/networks/bf061733-7259-4908-978d-05421db87181?fields=provider%3Aphysical_network&fields=provider%3Anetwork_type HTTP/1.1" status: 200 len: 277 time: 0.0675321
2026-08-28 05:18:58.230 10 INFO neutron.wsgi [req-e20d505f-4f25-44e6-b413-0fa8a4733955 req-8df56eac-cff2-439c-a66c-20c8067017d7 32dd9368bc9a423694536d7261f1fd1e defa31a299fa4358ad3459e97387ffaf - - default default] 10.0.0.225 "GET /v2.0/security-groups?id=d43b5738-7576-4be3-b780-b0f011c7d85d&fields=id&fields=name HTTP/1.1" status: 200 len: 313 time: 0.0874546
2026-08-28 05:18:58.233 10 WARNING neutron.scheduler.dhcp_agent_scheduler [None req-2c8bc253-b453-41d5-86b6-d954665223a3 33135f67f1bd4addb9e4c717e0b9cca2 554ac6df97b24ea2b7b467fe9e6819a7 - - default default] No more DHCP agents
2026-08-28 05:18:58.235 10 WARNING neutron.api.rpc.agentnotifiers.dhcp_rpc_agent_api [None req-2c8bc253-b453-41d5-86b6-d954665223a3 33135f67f1bd4addb9e4c717e0b9cca2 554ac6df97b24ea2b7b467fe9e6819a7 - - default default] Unable to schedule network b9d68eb4-4394-4c3f-895d-10f5c0c7cd98: no agents available; will retry on subsequent port and subnet creation events.
2026-08-28 05:18:58.246 10 INFO neutron.db.ovn_revision_numbers_db [None req-c321ed70-c6f5-4b6f-a6c8-05784fc52c8b b044d00bd4224132a13ca375a96a86fb ce9c0cc8738542bd9f94610294655fac - - default default] Successfully bumped revision number for resource ae49aa5c-c847-4396-a29f-2e3063e46631 (type: ports) to 1
2026-08-28 05:18:58.365 9 INFO neutron.db.ovn_revision_numbers_db [None req-f1ee25d0-118e-43bc-b489-bd59cbe78a1e - - - - - -] Successfully bumped revision number for resource 408ff944-942d-4dd9-a745-8b4de176aa84 (type: ports) to 7
2026-08-28 05:18:58.374 9 INFO neutron.wsgi [req-c8693e01-a8ca-4143-b92e-7561d47b1949 req-72fe85bc-4ad0-4692-a5d2-af23fcef9168 32dd9368bc9a423694536d7261f1fd1e defa31a299fa4358ad3459e97387ffaf - - default default] 162.253.55.38 "GET /v2.0/ports?device_id=db103a39-938e-47ab-8eed-191cb2c632f2 HTTP/1.1" status: 200 len: 1168 time: 0.0833240
2026-08-28 05:18:58.578 9 INFO neutron.notifiers.nova [-] Nova event matching ['req-3d33ebb6-f447-48aa-b693-0c418218fada'] response: {'server_uuid': 'db103a39-938e-47ab-8eed-191cb2c632f2', 'name': 'network-vif-unplugged', 'status': 'completed', 'tag': '408ff944-942d-4dd9-a745-8b4de176aa84', 'code': 200}
2026-08-28 05:18:58.579 9 INFO neutron.notifiers.nova [-] Nova event matching ['req-3d33ebb6-f447-48aa-b693-0c418218fada'] response: {'server_uuid': 'db103a39-938e-47ab-8eed-191cb2c632f2', 'name': 'network-vif-plugged', 'status': 'completed', 'tag': '408ff944-942d-4dd9-a745-8b4de176aa84', 'code': 200}
2026-08-28 05:18:58.692 9 INFO neutron.db.l3_db [req-c8693e01-a8ca-4143-b92e-7561d47b1949 req-b6e9c9c8-db33-47a7-86c0-a89e97a46ca2 32dd9368bc9a423694536d7261f1fd1e defa31a299fa4358ad3459e97387ffaf - - default default] Floating IP a3832cdd-9792-4fbf-a63e-82e23c7ccf50 disassociated. External IP: 10.96.250.202, port: 408ff944-942d-4dd9-a745-8b4de176aa84.
2026-08-28 05:18:58.732 9 INFO neutron.plugins.ml2.drivers.ovn.mech_driver.mech_driver [None req-f1ee25d0-118e-43bc-b489-bd59cbe78a1e - - - - - -] OVN reports status up for port: ae49aa5c-c847-4396-a29f-2e3063e46631
2026-08-28 05:18:58.743 10 INFO neutron.db.ovn_revision_numbers_db [None req-c321ed70-c6f5-4b6f-a6c8-05784fc52c8b b044d00bd4224132a13ca375a96a86fb ce9c0cc8738542bd9f94610294655fac - - default default] Successfully bumped revision number for resource ae49aa5c-c847-4396-a29f-2e3063e46631 (type: router_ports) to 1
2026-08-28 05:18:58.751 9 INFO neutron.plugins.ml2.plugin [None req-f1ee25d0-118e-43bc-b489-bd59cbe78a1e - - - - - -] Attempt 1 to provision port ae49aa5c-c847-4396-a29f-2e3063e46631
2026-08-28 05:18:58.877 10 INFO neutron.db.ovn_revision_numbers_db [None req-2c8bc253-b453-41d5-86b6-d954665223a3 33135f67f1bd4addb9e4c717e0b9cca2 554ac6df97b24ea2b7b467fe9e6819a7 - - default default] Successfully bumped revision number for resource b92b0697-cc3e-42ba-81ae-6da18ad0f500 (type: ports) to 2
2026-08-28 05:18:58.948 9 INFO neutron.wsgi [req-c8693e01-a8ca-4143-b92e-7561d47b1949 req-b6e9c9c8-db33-47a7-86c0-a89e97a46ca2 32dd9368bc9a423694536d7261f1fd1e defa31a299fa4358ad3459e97387ffaf - - default default] 162.253.55.38 "DELETE /v2.0/ports/408ff944-942d-4dd9-a745-8b4de176aa84 HTTP/1.1" status: 204 len: 173 time: 0.5673802
2026-08-28 05:18:58.955 10 INFO neutron.wsgi [req-0e11615e-219f-45aa-a921-72f0ff05ae2a req-4bee811a-0b54-4404-b4d8-ed4948737c45 c478ce8c97d240948ce83d8c20f957bc 26d674287eb84959bbd4695de8c09fe7 - - default default] 162.253.55.38 "GET /v2.0/networks?id=4874547a-7194-434f-9a69-c217ca454cee HTTP/1.1" status: 200 len: 876 time: 0.1028504
2026-08-28 05:18:58.960 10 INFO neutron.db.ovn_revision_numbers_db [None req-2c8bc253-b453-41d5-86b6-d954665223a3 33135f67f1bd4addb9e4c717e0b9cca2 554ac6df97b24ea2b7b467fe9e6819a7 - - default default] Successfully bumped revision number for resource d509e5ae-0bfc-46fc-b9fe-cebb3f9be8a5 (type: subnets) to 0
2026-08-28 05:18:58.990 10 INFO neutron.db.ovn_revision_numbers_db [None req-c321ed70-c6f5-4b6f-a6c8-05784fc52c8b b044d00bd4224132a13ca375a96a86fb ce9c0cc8738542bd9f94610294655fac - - default default] Successfully bumped revision number for resource ae49aa5c-c847-4396-a29f-2e3063e46631 (type: ports) to 1
2026-08-28 05:18:59.000 10 INFO neutron.wsgi [None req-2c8bc253-b453-41d5-86b6-d954665223a3 33135f67f1bd4addb9e4c717e0b9cca2 554ac6df97b24ea2b7b467fe9e6819a7 - - default default] 10.0.0.74 "POST /v2.0/subnets HTTP/1.1" status: 201 len: 866 time: 1.0394795
2026-08-28 05:18:59.077 9 INFO neutron.db.ovn_revision_numbers_db [None req-f1ee25d0-118e-43bc-b489-bd59cbe78a1e - - - - - -] Successfully bumped revision number for resource ae49aa5c-c847-4396-a29f-2e3063e46631 (type: ports) to 2
2026-08-28 05:18:59.109 10 WARNING neutron.scheduler.dhcp_agent_scheduler [None req-c321ed70-c6f5-4b6f-a6c8-05784fc52c8b b044d00bd4224132a13ca375a96a86fb ce9c0cc8738542bd9f94610294655fac - - default default] No more DHCP agents
2026-08-28 05:18:59.113 10 WARNING neutron.api.rpc.agentnotifiers.dhcp_rpc_agent_api [None req-c321ed70-c6f5-4b6f-a6c8-05784fc52c8b b044d00bd4224132a13ca375a96a86fb ce9c0cc8738542bd9f94610294655fac - - default default] Unable to schedule network 8c933059-460e-4bc1-94e7-598d0b9ad206: no agents available; will retry on subsequent port and subnet creation events.
2026-08-28 05:18:59.182 9 INFO neutron.db.ovn_revision_numbers_db [None req-f1ee25d0-118e-43bc-b489-bd59cbe78a1e - - - - - -] Successfully bumped revision number for resource ae49aa5c-c847-4396-a29f-2e3063e46631 (type: router_ports) to 2 /var/lib/openstack/lib/python3.10/site-packages/pycadf/identifier.py:71: UserWarning: Invalid uuid: neutron. To ensure interoperability, identifiers should be a valid uuid. warnings.warn(('Invalid uuid: %s. To ensure interoperability, '
2026-08-28 05:18:59.340 9 INFO neutron.wsgi [req-890f714b-8f57-4db2-b41e-397064be1202 req-1a3fb155-20b4-406e-9a3a-f767a3b1e729 32dd9368bc9a423694536d7261f1fd1e defa31a299fa4358ad3459e97387ffaf - - default default] 10.0.0.225 "GET /v2.0/ports?device_id=db103a39-938e-47ab-8eed-191cb2c632f2 HTTP/1.1" status: 200 len: 210 time: 0.0220191
2026-08-28 05:18:59.461 10 INFO neutron.wsgi [req-b6cf2f8c-0a59-4bd4-b88d-bf9ae14ee395 req-4282487a-8c90-4f0e-ba21-4b060fa90440 c478ce8c97d240948ce83d8c20f957bc 26d674287eb84959bbd4695de8c09fe7 - - default default] 10.0.0.225 "GET /v2.0/ports?device_id=2d708882-2b10-462d-8761-6d91dea088b9 HTTP/1.1" status: 200 len: 210 time: 0.2467525
2026-08-28 05:18:59.697 10 INFO neutron.db.ovn_revision_numbers_db [None req-c321ed70-c6f5-4b6f-a6c8-05784fc52c8b b044d00bd4224132a13ca375a96a86fb ce9c0cc8738542bd9f94610294655fac - - default default] Successfully bumped revision number for resource ae49aa5c-c847-4396-a29f-2e3063e46631 (type: router_ports) to 2
2026-08-28 05:18:59.699 10 INFO neutron.wsgi [None req-c321ed70-c6f5-4b6f-a6c8-05784fc52c8b b044d00bd4224132a13ca375a96a86fb ce9c0cc8738542bd9f94610294655fac - - default default] 10.0.0.74 "PUT /v2.0/routers/262223dc-58d4-4271-a384-0508af001d4b/add_router_interface HTTP/1.1" status: 200 len: 503 time: 2.1223807
2026-08-28 05:18:59.738 10 WARNING neutron.scheduler.dhcp_agent_scheduler [req-0e11615e-219f-45aa-a921-72f0ff05ae2a req-deb53616-b8da-4999-969c-03df139dc06f c478ce8c97d240948ce83d8c20f957bc 26d674287eb84959bbd4695de8c09fe7 - - default default] No more DHCP agents
2026-08-28 05:18:59.744 10 WARNING neutron.api.rpc.agentnotifiers.dhcp_rpc_agent_api [req-0e11615e-219f-45aa-a921-72f0ff05ae2a req-deb53616-b8da-4999-969c-03df139dc06f c478ce8c97d240948ce83d8c20f957bc 26d674287eb84959bbd4695de8c09fe7 - - default default] Unable to schedule network 4874547a-7194-434f-9a69-c217ca454cee: no agents available; will retry on subsequent port and subnet creation events.
2026-08-28 05:18:59.918 10 WARNING neutron.scheduler.dhcp_agent_scheduler [None req-8e559d05-b2b5-4c42-95e4-95e3365147c6 33135f67f1bd4addb9e4c717e0b9cca2 554ac6df97b24ea2b7b467fe9e6819a7 - - default default] No more DHCP agents
2026-08-28 05:18:59.922 10 WARNING neutron.api.rpc.agentnotifiers.dhcp_rpc_agent_api [None req-8e559d05-b2b5-4c42-95e4-95e3365147c6 33135f67f1bd4addb9e4c717e0b9cca2 554ac6df97b24ea2b7b467fe9e6819a7 - - default default] Unable to schedule network 66f2af4a-aa51-4790-ab5c-e19d23192e1e: no agents available; will retry on subsequent port and subnet creation events.
2026-08-28 05:18:59.986 10 INFO neutron.db.ovn_revision_numbers_db [req-0e11615e-219f-45aa-a921-72f0ff05ae2a req-deb53616-b8da-4999-969c-03df139dc06f c478ce8c97d240948ce83d8c20f957bc 26d674287eb84959bbd4695de8c09fe7 - - default default] Successfully bumped revision number for resource 5e7a4ec3-1cbb-4246-9cf9-fa8d130d6d55 (type: ports) to 1
2026-08-28 05:18:59.990 9 INFO neutron.wsgi [None req-e561a8a0-ee01-4041-8cb7-abf8470ecb93 b044d00bd4224132a13ca375a96a86fb ce9c0cc8738542bd9f94610294655fac - - default default] 10.0.0.74 "GET /v2.0/ports/ae49aa5c-c847-4396-a29f-2e3063e46631 HTTP/1.1" status: 200 len: 1137 time: 0.2866075
2026-08-28 05:19:00.055 10 INFO neutron.wsgi [req-0e11615e-219f-45aa-a921-72f0ff05ae2a req-deb53616-b8da-4999-969c-03df139dc06f c478ce8c97d240948ce83d8c20f957bc 26d674287eb84959bbd4695de8c09fe7 - - default default] 162.253.55.38 "POST /v2.0/ports HTTP/1.1" status: 201 len: 1162 time: 1.0895526 /var/lib/openstack/lib/python3.10/site-packages/pycadf/identifier.py:71: UserWarning: Invalid uuid: neutron. To ensure interoperability, identifiers should be a valid uuid. warnings.warn(('Invalid uuid: %s. To ensure interoperability, '
2026-08-28 05:19:00.080 10 INFO neutron.db.ovn_revision_numbers_db [None req-8e559d05-b2b5-4c42-95e4-95e3365147c6 33135f67f1bd4addb9e4c717e0b9cca2 554ac6df97b24ea2b7b467fe9e6819a7 - - default default] Successfully bumped revision number for resource a1413829-6418-406d-a9b6-48dffc914476 (type: ports) to 1
2026-08-28 05:19:00.437 9 WARNING neutron.scheduler.dhcp_agent_scheduler [None req-40857f30-7ca6-4d99-a3b2-3eef44730cd9 b044d00bd4224132a13ca375a96a86fb ce9c0cc8738542bd9f94610294655fac - - default default] No more DHCP agents
2026-08-28 05:19:00.440 9 WARNING neutron.api.rpc.agentnotifiers.dhcp_rpc_agent_api [None req-40857f30-7ca6-4d99-a3b2-3eef44730cd9 b044d00bd4224132a13ca375a96a86fb ce9c0cc8738542bd9f94610294655fac - - default default] Unable to schedule network 2be22983-3adb-4584-8ea4-0e494c9b3c70: no agents available; will retry on subsequent port and subnet creation events. /var/lib/openstack/lib/python3.10/site-packages/pycadf/identifier.py:71: UserWarning: Invalid uuid: neutron. To ensure interoperability, identifiers should be a valid uuid. warnings.warn(('Invalid uuid: %s. To ensure interoperability, '
