2026-08-28 05:21:31.644 9 INFO neutron.wsgi [None req-af951149-9167-4402-8e68-f8de308baebc f0605afc94eb4f2896f35a3e596e75bf 88434a37f91a47f98a87e43dbcf55a5d - - default default] 10.0.0.74 "POST /v2.0/networks HTTP/1.1" status: 201 len: 831 time: 0.8251331
2026-08-28 05:21:31.647 10 INFO neutron.db.ovn_revision_numbers_db [None req-9a60379a-995d-4e78-af3e-33722af526e4 33135f67f1bd4addb9e4c717e0b9cca2 554ac6df97b24ea2b7b467fe9e6819a7 - - default default] Successfully bumped revision number for resource eb5156ec-a76d-4692-b6bf-966739f026f1 (type: security_group_rules) to 0
2026-08-28 05:21:31.677 10 INFO neutron.wsgi [None req-9a60379a-995d-4e78-af3e-33722af526e4 33135f67f1bd4addb9e4c717e0b9cca2 554ac6df97b24ea2b7b467fe9e6819a7 - - default default] 10.0.0.74 "GET /v2.0/security-groups?tenant_id=18d32439922944b2b6cb408a7af99a8a&name=default HTTP/1.1" status: 200 len: 2996 time: 0.2308981
2026-08-28 05:21:31.704 9 INFO neutron.wsgi [None req-67bfdeb9-7f8b-4b5f-b43d-c79c46261fcc f0605afc94eb4f2896f35a3e596e75bf 88434a37f91a47f98a87e43dbcf55a5d - - default default] 10.0.0.74 "PUT /v2.0/networks/f3ec3ba7-91f7-4b0a-b0dc-e2583b83d9c2/tags HTTP/1.1" status: 200 len: 218 time: 0.0550807
2026-08-28 05:21:31.748 9 INFO neutron.wsgi [None req-dc186f88-954c-4f47-b692-836231947539 f0605afc94eb4f2896f35a3e596e75bf 88434a37f91a47f98a87e43dbcf55a5d - - default default] 10.0.0.74 "GET /v2.0/networks/f3ec3ba7-91f7-4b0a-b0dc-e2583b83d9c2/tags HTTP/1.1" status: 200 len: 218 time: 0.0396304
2026-08-28 05:21:31.815 9 INFO neutron.wsgi [None req-641ef3dd-415f-4276-9a05-7ad6ba398222 f0605afc94eb4f2896f35a3e596e75bf 88434a37f91a47f98a87e43dbcf55a5d - - default default] 10.0.0.74 "PUT /v2.0/networks/f3ec3ba7-91f7-4b0a-b0dc-e2583b83d9c2/tags/green HTTP/1.1" status: 201 len: 201 time: 0.0623977
2026-08-28 05:21:31.861 9 INFO neutron.wsgi [None req-591d9171-e126-4a10-9e3f-696b1302ab99 f0605afc94eb4f2896f35a3e596e75bf 88434a37f91a47f98a87e43dbcf55a5d - - default default] 10.0.0.74 "GET /v2.0/networks/f3ec3ba7-91f7-4b0a-b0dc-e2583b83d9c2/tags HTTP/1.1" status: 200 len: 227 time: 0.0393715
2026-08-28 05:21:31.904 9 INFO neutron.wsgi [None req-afe8d7ba-65ce-44e5-a17e-a1739a0dddfb f0605afc94eb4f2896f35a3e596e75bf 88434a37f91a47f98a87e43dbcf55a5d - - default default] 10.0.0.74 "PUT /v2.0/networks/f3ec3ba7-91f7-4b0a-b0dc-e2583b83d9c2/tags/red HTTP/1.1" status: 201 len: 201 time: 0.0397670
2026-08-28 05:21:31.954 9 INFO neutron.wsgi [None req-0aadf41b-f0a6-43b0-94a5-d574a3aab4c4 f0605afc94eb4f2896f35a3e596e75bf 88434a37f91a47f98a87e43dbcf55a5d - - default default] 10.0.0.74 "GET /v2.0/networks/f3ec3ba7-91f7-4b0a-b0dc-e2583b83d9c2/tags HTTP/1.1" status: 200 len: 227 time: 0.0461550
2026-08-28 05:21:32.016 9 INFO neutron.wsgi [None req-a52f0129-60ad-46a2-846b-6e615bab7018 f0605afc94eb4f2896f35a3e596e75bf 88434a37f91a47f98a87e43dbcf55a5d - - default default] 10.0.0.74 "PUT /v2.0/networks/f3ec3ba7-91f7-4b0a-b0dc-e2583b83d9c2/tags/black.or.white HTTP/1.1" status: 201 len: 201 time: 0.0587878
2026-08-28 05:21:32.059 9 INFO neutron.wsgi [None req-b6a93482-8875-417d-8327-c5efe325eed9 f0605afc94eb4f2896f35a3e596e75bf 88434a37f91a47f98a87e43dbcf55a5d - - default default] 10.0.0.74 "GET /v2.0/networks/f3ec3ba7-91f7-4b0a-b0dc-e2583b83d9c2/tags HTTP/1.1" status: 200 len: 245 time: 0.0379839
2026-08-28 05:21:32.120 9 INFO neutron.wsgi [None req-12af1dfa-4ff6-4b8d-8bb2-7554bf66e8f7 f0605afc94eb4f2896f35a3e596e75bf 88434a37f91a47f98a87e43dbcf55a5d - - default default] 10.0.0.74 "PUT /v2.0/networks/f3ec3ba7-91f7-4b0a-b0dc-e2583b83d9c2/tags HTTP/1.1" status: 200 len: 230 time: 0.0570409
2026-08-28 05:21:32.177 10 INFO neutron.wsgi [None req-4d567d38-4c58-46d6-8c3a-b73f7fc424ea f0605afc94eb4f2896f35a3e596e75bf 88434a37f91a47f98a87e43dbcf55a5d - - default default] 10.0.0.74 "GET /v2.0/networks/f3ec3ba7-91f7-4b0a-b0dc-e2583b83d9c2/tags HTTP/1.1" status: 200 len: 230 time: 0.0513961
2026-08-28 05:21:32.196 10 INFO neutron.wsgi [None req-f598a68e-2383-4170-a5f0-1ecd5e9b2615 33135f67f1bd4addb9e4c717e0b9cca2 554ac6df97b24ea2b7b467fe9e6819a7 - - default default] 10.0.0.74 "DELETE /v2.0/security-groups/504ae3c8-af0f-45a0-a7ee-c7afbdeb2456 HTTP/1.1" status: 204 len: 168 time: 0.5148163
2026-08-28 05:21:32.222 9 INFO neutron.wsgi [None req-f3f08950-5e88-468b-848d-25201d935c4c f0605afc94eb4f2896f35a3e596e75bf 88434a37f91a47f98a87e43dbcf55a5d - - default default] 10.0.0.74 "GET /v2.0/networks/f3ec3ba7-91f7-4b0a-b0dc-e2583b83d9c2/tags/red HTTP/1.1" status: 204 len: 168 time: 0.0401146
2026-08-28 05:21:32.269 9 WARNING neutron.scheduler.dhcp_agent_scheduler [None req-39d7858c-4292-4afd-aff4-510536ee5c2f acad6d252dd045ada38c8ca5aaa81805 ca0de818b28b4032b0e2b3657f6b4e3b - - default default] No more DHCP agents
2026-08-28 05:21:32.275 9 WARNING neutron.api.rpc.agentnotifiers.dhcp_rpc_agent_api [None req-39d7858c-4292-4afd-aff4-510536ee5c2f acad6d252dd045ada38c8ca5aaa81805 ca0de818b28b4032b0e2b3657f6b4e3b - - default default] Unable to schedule network 66f2af4a-aa51-4790-ab5c-e19d23192e1e: no agents available; will retry on subsequent port and subnet creation events.
2026-08-28 05:21:32.279 9 INFO neutron.api.v2.resource [None req-ca36565d-5d4b-43bb-bf90-6a242f828371 f0605afc94eb4f2896f35a3e596e75bf 88434a37f91a47f98a87e43dbcf55a5d - - default default] show failed (client error): The resource could not be found.
2026-08-28 05:21:32.280 9 INFO neutron.wsgi [None req-ca36565d-5d4b-43bb-bf90-6a242f828371 f0605afc94eb4f2896f35a3e596e75bf 88434a37f91a47f98a87e43dbcf55a5d - - default default] 10.0.0.74 "GET /v2.0/networks/f3ec3ba7-91f7-4b0a-b0dc-e2583b83d9c2/tags/green HTTP/1.1" status: 404 len: 299 time: 0.0528116
2026-08-28 05:21:32.368 10 INFO neutron.wsgi [None req-a7fb5f28-d278-4ea9-b320-1578ee34ef42 f0605afc94eb4f2896f35a3e596e75bf 88434a37f91a47f98a87e43dbcf55a5d - - default default] 10.0.0.74 "DELETE /v2.0/networks/f3ec3ba7-91f7-4b0a-b0dc-e2583b83d9c2/tags/red HTTP/1.1" status: 204 len: 168 time: 0.0769958
2026-08-28 05:21:32.418 9 INFO neutron.wsgi [None req-1a23f2b5-3376-4b1c-a3da-5b69a1651c92 33135f67f1bd4addb9e4c717e0b9cca2 554ac6df97b24ea2b7b467fe9e6819a7 - - default default] 10.0.0.74 "GET /v2.0/security-groups?tenant_id=b80f93e5c02744d4882399469680f15a&name=default HTTP/1.1" status: 200 len: 2996 time: 0.0508473
2026-08-28 05:21:32.430 10 INFO neutron.wsgi [None req-456a70af-87a8-46d7-af31-c0b1c2e89c3c f0605afc94eb4f2896f35a3e596e75bf 88434a37f91a47f98a87e43dbcf55a5d - - default default] 10.0.0.74 "GET /v2.0/networks/f3ec3ba7-91f7-4b0a-b0dc-e2583b83d9c2/tags HTTP/1.1" status: 200 len: 223 time: 0.0557871
2026-08-28 05:21:32.481 9 INFO neutron.api.v2.resource [None req-9b4bea38-2c17-4a76-b6c4-b105100d9e3b f0605afc94eb4f2896f35a3e596e75bf 88434a37f91a47f98a87e43dbcf55a5d - - default default] delete failed (client error): The resource could not be found.
2026-08-28 05:21:32.483 9 INFO neutron.wsgi [None req-9b4bea38-2c17-4a76-b6c4-b105100d9e3b f0605afc94eb4f2896f35a3e596e75bf 88434a37f91a47f98a87e43dbcf55a5d - - default default] 10.0.0.74 "DELETE /v2.0/networks/f3ec3ba7-91f7-4b0a-b0dc-e2583b83d9c2/tags/green HTTP/1.1" status: 404 len: 299 time: 0.0492802
2026-08-28 05:21:32.550 9 INFO neutron.wsgi [None req-99350520-2e08-4291-9e2a-a986c7eddf70 f0605afc94eb4f2896f35a3e596e75bf 88434a37f91a47f98a87e43dbcf55a5d - - default default] 10.0.0.74 "DELETE /v2.0/networks/f3ec3ba7-91f7-4b0a-b0dc-e2583b83d9c2/tags HTTP/1.1" status: 204 len: 168 time: 0.0625010
2026-08-28 05:21:32.596 10 INFO neutron.wsgi [None req-d7abaa86-a864-4c1c-8913-a12226edab30 33135f67f1bd4addb9e4c717e0b9cca2 554ac6df97b24ea2b7b467fe9e6819a7 - - default default] 10.0.0.74 "DELETE /v2.0/security-groups/1d6775b6-d71c-49b6-8614-a0b127cb1b1d HTTP/1.1" status: 204 len: 168 time: 0.1744685
2026-08-28 05:21:32.607 9 INFO neutron.wsgi [None req-c18ea286-7d12-4346-82f0-32ef1e5fc9f0 f0605afc94eb4f2896f35a3e596e75bf 88434a37f91a47f98a87e43dbcf55a5d - - default default] 10.0.0.74 "GET /v2.0/networks/f3ec3ba7-91f7-4b0a-b0dc-e2583b83d9c2/tags HTTP/1.1" status: 200 len: 205 time: 0.0519071
2026-08-28 05:21:32.668 9 INFO neutron.db.ovn_revision_numbers_db [None req-39d7858c-4292-4afd-aff4-510536ee5c2f acad6d252dd045ada38c8ca5aaa81805 ca0de818b28b4032b0e2b3657f6b4e3b - - default default] Successfully bumped revision number for resource 9204e0b8-3d94-4346-82f2-790932c9dc5f (type: floatingips) to 0
2026-08-28 05:21:32.681 9 INFO neutron.wsgi [None req-39d7858c-4292-4afd-aff4-510536ee5c2f acad6d252dd045ada38c8ca5aaa81805 ca0de818b28b4032b0e2b3657f6b4e3b - - default default] 10.0.0.74 "POST /v2.0/floatingips HTTP/1.1" status: 201 len: 751 time: 0.9537721
2026-08-28 05:21:32.723 9 INFO neutron.wsgi [None req-6f2b2727-ba7f-440d-87a0-c81ad017af1e acad6d252dd045ada38c8ca5aaa81805 ca0de818b28b4032b0e2b3657f6b4e3b - - default default] 10.0.0.74 "PUT /v2.0/floatingips/9204e0b8-3d94-4346-82f2-790932c9dc5f/tags HTTP/1.1" status: 200 len: 218 time: 0.0360608
2026-08-28 05:21:32.755 9 INFO neutron.wsgi [None req-e6a5284c-daf8-4586-a920-e0ee19b42d9b acad6d252dd045ada38c8ca5aaa81805 ca0de818b28b4032b0e2b3657f6b4e3b - - default default] 10.0.0.74 "GET /v2.0/floatingips/9204e0b8-3d94-4346-82f2-790932c9dc5f/tags HTTP/1.1" status: 200 len: 218 time: 0.0261817
2026-08-28 05:21:32.805 9 INFO neutron.wsgi [None req-91741b8d-b5c9-4488-abf6-c9109be569fc acad6d252dd045ada38c8ca5aaa81805 ca0de818b28b4032b0e2b3657f6b4e3b - - default default] 10.0.0.74 "PUT /v2.0/floatingips/9204e0b8-3d94-4346-82f2-790932c9dc5f/tags/green HTTP/1.1" status: 201 len: 201 time: 0.0455809
2026-08-28 05:21:32.966 10 INFO neutron.services.segments.plugin [-] Segment e023d494-b730-4fde-854c-130581fa1a86 resource provider aggregate not found
2026-08-28 05:21:32.970 10 INFO neutron.services.segments.plugin [-] Segment e023d494-b730-4fde-854c-130581fa1a86 resource provider aggregate not found
2026-08-28 05:21:32.983 10 INFO neutron.services.segments.plugin [-] Segment e023d494-b730-4fde-854c-130581fa1a86 resource provider not found; error: Placement Client Error (4xx): {"errors": [{"status": 404, "title": "Not Found", "detail": "The resource could not be found.\n\n No resource provider with uuid e023d494-b730-4fde-854c-130581fa1a86 found for delete ", "request_id": "req-876d8cee-7bc2-46fe-8b23-ef623ac294c7"}]}
2026-08-28 05:21:32.986 10 INFO neutron.services.segments.plugin [-] Segment e023d494-b730-4fde-854c-130581fa1a86 resource provider not found; error: Placement Client Error (4xx): {"errors": [{"status": 404, "title": "Not Found", "detail": "The resource could not be found.\n\n No resource provider with uuid e023d494-b730-4fde-854c-130581fa1a86 found for delete ", "request_id": "req-96bdb25b-1347-4a3d-8007-bf6e0aae89d3"}]}
2026-08-28 05:21:33.020 10 INFO neutron.wsgi [None req-19d543c7-abfe-4a0a-801f-716b7bdaea39 f0605afc94eb4f2896f35a3e596e75bf 88434a37f91a47f98a87e43dbcf55a5d - - default default] 10.0.0.74 "DELETE /v2.0/networks/f3ec3ba7-91f7-4b0a-b0dc-e2583b83d9c2 HTTP/1.1" status: 204 len: 168 time: 0.4062991
2026-08-28 05:21:33.101 9 INFO neutron.wsgi [None req-db995ab7-ccca-4039-bce5-57e72ee624cc acad6d252dd045ada38c8ca5aaa81805 ca0de818b28b4032b0e2b3657f6b4e3b - - default default] 10.0.0.74 "GET /v2.0/floatingips/9204e0b8-3d94-4346-82f2-790932c9dc5f/tags HTTP/1.1" status: 200 len: 227 time: 0.2892756
2026-08-28 05:21:33.125 9 INFO neutron.wsgi [None req-d6107040-6092-4c91-8818-ef982e92204e acad6d252dd045ada38c8ca5aaa81805 ca0de818b28b4032b0e2b3657f6b4e3b - - default default] 10.0.0.74 "PUT /v2.0/floatingips/9204e0b8-3d94-4346-82f2-790932c9dc5f/tags/red HTTP/1.1" status: 201 len: 201 time: 0.0203464
2026-08-28 05:21:33.150 9 INFO neutron.wsgi [None req-bcd262dc-8693-41d4-8e9f-90e03b0e6744 acad6d252dd045ada38c8ca5aaa81805 ca0de818b28b4032b0e2b3657f6b4e3b - - default default] 10.0.0.74 "GET /v2.0/floatingips/9204e0b8-3d94-4346-82f2-790932c9dc5f/tags HTTP/1.1" status: 200 len: 227 time: 0.0219655
2026-08-28 05:21:33.183 9 INFO neutron.wsgi [None req-88a9568c-dbd0-4586-9fdd-3a34b02b66ba acad6d252dd045ada38c8ca5aaa81805 ca0de818b28b4032b0e2b3657f6b4e3b - - default default] 10.0.0.74 "PUT /v2.0/floatingips/9204e0b8-3d94-4346-82f2-790932c9dc5f/tags/black.or.white HTTP/1.1" status: 201 len: 201 time: 0.0303121
2026-08-28 05:21:33.206 9 INFO neutron.wsgi [None req-b672659e-8a09-4062-97d0-bee408c44694 acad6d252dd045ada38c8ca5aaa81805 ca0de818b28b4032b0e2b3657f6b4e3b - - default default] 10.0.0.74 "GET /v2.0/floatingips/9204e0b8-3d94-4346-82f2-790932c9dc5f/tags HTTP/1.1" status: 200 len: 245 time: 0.0185735
2026-08-28 05:21:33.241 9 INFO neutron.wsgi [None req-6ed5c5c0-7a88-467c-ab10-5a62ff4401d8 acad6d252dd045ada38c8ca5aaa81805 ca0de818b28b4032b0e2b3657f6b4e3b - - default default] 10.0.0.74 "PUT /v2.0/floatingips/9204e0b8-3d94-4346-82f2-790932c9dc5f/tags HTTP/1.1" status: 200 len: 230 time: 0.0319335
2026-08-28 05:21:33.266 9 INFO neutron.wsgi [None req-d6d3c16c-ccdb-4278-9d34-c5e94b8b2e03 acad6d252dd045ada38c8ca5aaa81805 ca0de818b28b4032b0e2b3657f6b4e3b - - default default] 10.0.0.74 "GET /v2.0/floatingips/9204e0b8-3d94-4346-82f2-790932c9dc5f/tags HTTP/1.1" status: 200 len: 230 time: 0.0199287
2026-08-28 05:21:33.303 9 INFO neutron.wsgi [None req-a7541d14-a19f-476a-97f0-4e50a1e603b1 acad6d252dd045ada38c8ca5aaa81805 ca0de818b28b4032b0e2b3657f6b4e3b - - default default] 10.0.0.74 "GET /v2.0/floatingips/9204e0b8-3d94-4346-82f2-790932c9dc5f/tags/red HTTP/1.1" status: 204 len: 168 time: 0.0209868
2026-08-28 05:21:33.339 9 INFO neutron.api.v2.resource [None req-98bb251a-414b-48dd-b655-d10021ef2cb6 acad6d252dd045ada38c8ca5aaa81805 ca0de818b28b4032b0e2b3657f6b4e3b - - default default] show failed (client error): The resource could not be found.
2026-08-28 05:21:33.341 9 INFO neutron.wsgi [None req-98bb251a-414b-48dd-b655-d10021ef2cb6 acad6d252dd045ada38c8ca5aaa81805 ca0de818b28b4032b0e2b3657f6b4e3b - - default default] 10.0.0.74 "GET /v2.0/floatingips/9204e0b8-3d94-4346-82f2-790932c9dc5f/tags/green HTTP/1.1" status: 404 len: 299 time: 0.0321157
2026-08-28 05:21:33.403 9 INFO neutron.wsgi [None req-87cfb556-35e5-468a-855c-96720122d985 acad6d252dd045ada38c8ca5aaa81805 ca0de818b28b4032b0e2b3657f6b4e3b - - default default] 10.0.0.74 "DELETE /v2.0/floatingips/9204e0b8-3d94-4346-82f2-790932c9dc5f/tags/red HTTP/1.1" status: 204 len: 168 time: 0.0594587
2026-08-28 05:21:33.431 9 INFO neutron.wsgi [None req-c1b47344-852f-4a16-a43c-89183087ede6 acad6d252dd045ada38c8ca5aaa81805 ca0de818b28b4032b0e2b3657f6b4e3b - - default default] 10.0.0.74 "GET /v2.0/floatingips/9204e0b8-3d94-4346-82f2-790932c9dc5f/tags HTTP/1.1" status: 200 len: 223 time: 0.0211885
2026-08-28 05:21:33.461 9 INFO neutron.api.v2.resource [None req-ffe43180-710a-4123-9f41-5215994b1a68 acad6d252dd045ada38c8ca5aaa81805 ca0de818b28b4032b0e2b3657f6b4e3b - - default default] delete failed (client error): The resource could not be found.
2026-08-28 05:21:33.462 9 INFO neutron.wsgi [None req-ffe43180-710a-4123-9f41-5215994b1a68 acad6d252dd045ada38c8ca5aaa81805 ca0de818b28b4032b0e2b3657f6b4e3b - - default default] 10.0.0.74 "DELETE /v2.0/floatingips/9204e0b8-3d94-4346-82f2-790932c9dc5f/tags/green HTTP/1.1" status: 404 len: 299 time: 0.0259759
2026-08-28 05:21:33.500 9 INFO neutron.wsgi [None req-de633a9b-8c29-4bfb-a077-b5963af80ba6 acad6d252dd045ada38c8ca5aaa81805 ca0de818b28b4032b0e2b3657f6b4e3b - - default default] 10.0.0.74 "DELETE /v2.0/floatingips/9204e0b8-3d94-4346-82f2-790932c9dc5f/tags HTTP/1.1" status: 204 len: 168 time: 0.0324275
2026-08-28 05:21:33.532 9 INFO neutron.wsgi [None req-3fa45a45-b07e-4caa-8081-4a302c2c271a acad6d252dd045ada38c8ca5aaa81805 ca0de818b28b4032b0e2b3657f6b4e3b - - default default] 10.0.0.74 "GET /v2.0/floatingips/9204e0b8-3d94-4346-82f2-790932c9dc5f/tags HTTP/1.1" status: 200 len: 205 time: 0.0208845
2026-08-28 05:21:33.838 9 INFO neutron.wsgi [None req-e694ac6a-a425-4970-ae56-372c86aaa9ca acad6d252dd045ada38c8ca5aaa81805 ca0de818b28b4032b0e2b3657f6b4e3b - - default default] 10.0.0.74 "DELETE /v2.0/floatingips/9204e0b8-3d94-4346-82f2-790932c9dc5f HTTP/1.1" status: 204 len: 168 time: 0.2996793
2026-08-28 05:21:34.003 9 INFO neutron.db.ovn_revision_numbers_db [None req-e7916be2-4035-4982-b7ea-a5707f554d3d 33135f67f1bd4addb9e4c717e0b9cca2 554ac6df97b24ea2b7b467fe9e6819a7 - - default default] Successfully bumped revision number for resource ff9ffc35-9c63-463d-b901-cf861220f61a (type: security_groups) to 1
2026-08-28 05:21:34.018 9 INFO neutron.db.ovn_revision_numbers_db [None req-e7916be2-4035-4982-b7ea-a5707f554d3d 33135f67f1bd4addb9e4c717e0b9cca2 554ac6df97b24ea2b7b467fe9e6819a7 - - default default] Successfully bumped revision number for resource 15efd4f5-ea1d-4357-8200-85ddd2079769 (type: security_group_rules) to 0
2026-08-28 05:21:34.036 9 INFO neutron.db.ovn_revision_numbers_db [None req-e7916be2-4035-4982-b7ea-a5707f554d3d 33135f67f1bd4addb9e4c717e0b9cca2 554ac6df97b24ea2b7b467fe9e6819a7 - - default default] Successfully bumped revision number for resource 19a6f176-be0b-499f-8335-4adba00d747e (type: security_group_rules) to 0
2026-08-28 05:21:34.052 9 INFO neutron.db.ovn_revision_numbers_db [None req-e7916be2-4035-4982-b7ea-a5707f554d3d 33135f67f1bd4addb9e4c717e0b9cca2 554ac6df97b24ea2b7b467fe9e6819a7 - - default default] Successfully bumped revision number for resource 990f23c5-b448-4135-9ef9-c5fdacedc859 (type: security_group_rules) to 0
2026-08-28 05:21:34.066 9 INFO neutron.db.ovn_revision_numbers_db [None req-e7916be2-4035-4982-b7ea-a5707f554d3d 33135f67f1bd4addb9e4c717e0b9cca2 554ac6df97b24ea2b7b467fe9e6819a7 - - default default] Successfully bumped revision number for resource 9bbb19be-c147-419d-afa2-94ec53b1e1d2 (type: security_group_rules) to 0
2026-08-28 05:21:34.089 9 INFO neutron.wsgi [None req-e7916be2-4035-4982-b7ea-a5707f554d3d 33135f67f1bd4addb9e4c717e0b9cca2 554ac6df97b24ea2b7b467fe9e6819a7 - - default default] 10.0.0.74 "GET /v2.0/security-groups?tenant_id=cc9d332c132b407c815ba52471e2bdaf&name=default HTTP/1.1" status: 200 len: 2996 time: 0.3582335
2026-08-28 05:21:34.261 9 INFO neutron.wsgi [None req-6ec18e3f-0367-448d-b162-266a43389f05 33135f67f1bd4addb9e4c717e0b9cca2 554ac6df97b24ea2b7b467fe9e6819a7 - - default default] 10.0.0.74 "DELETE /v2.0/security-groups/ff9ffc35-9c63-463d-b901-cf861220f61a HTTP/1.1" status: 204 len: 168 time: 0.1674182
2026-08-28 05:21:34.471 9 INFO neutron.wsgi [None req-7563ad7d-2d87-4faf-a479-7a26546af925 33135f67f1bd4addb9e4c717e0b9cca2 554ac6df97b24ea2b7b467fe9e6819a7 - - default default] 10.0.0.74 "GET /v2.0/security-groups?tenant_id=88434a37f91a47f98a87e43dbcf55a5d&name=default HTTP/1.1" status: 200 len: 2996 time: 0.0539589
2026-08-28 05:21:34.714 10 INFO neutron.wsgi [None req-f8865524-5c74-4da5-800f-ddb1e093b0ec 33135f67f1bd4addb9e4c717e0b9cca2 554ac6df97b24ea2b7b467fe9e6819a7 - - default default] 10.0.0.74 "DELETE /v2.0/security-groups/e2619036-bdd5-41ee-b9a6-1221eca6fc7e HTTP/1.1" status: 204 len: 168 time: 0.2371478
2026-08-28 05:21:34.773 9 INFO neutron.db.ovn_revision_numbers_db [None req-9448bc93-7062-4a22-930a-c648d13010b9 33135f67f1bd4addb9e4c717e0b9cca2 554ac6df97b24ea2b7b467fe9e6819a7 - - default default] Successfully bumped revision number for resource 23f9b5a4-9714-4ded-afdc-0ded04e5309f (type: security_groups) to 1
2026-08-28 05:21:34.800 9 INFO neutron.db.ovn_revision_numbers_db [None req-9448bc93-7062-4a22-930a-c648d13010b9 33135f67f1bd4addb9e4c717e0b9cca2 554ac6df97b24ea2b7b467fe9e6819a7 - - default default] Successfully bumped revision number for resource 499d6e50-79d4-4bbf-9d88-000a8dbb3c83 (type: security_group_rules) to 0
2026-08-28 05:21:34.823 9 INFO neutron.db.ovn_revision_numbers_db [None req-9448bc93-7062-4a22-930a-c648d13010b9 33135f67f1bd4addb9e4c717e0b9cca2 554ac6df97b24ea2b7b467fe9e6819a7 - - default default] Successfully bumped revision number for resource 7e633dd1-8318-48c6-bc0d-964dc7bcb984 (type: security_group_rules) to 0
2026-08-28 05:21:34.849 9 INFO neutron.db.ovn_revision_numbers_db [None req-9448bc93-7062-4a22-930a-c648d13010b9 33135f67f1bd4addb9e4c717e0b9cca2 554ac6df97b24ea2b7b467fe9e6819a7 - - default default] Successfully bumped revision number for resource 90907424-e0c7-4f75-bf53-b0554e924eaf (type: security_group_rules) to 0
2026-08-28 05:21:34.877 9 INFO neutron.db.ovn_revision_numbers_db [None req-9448bc93-7062-4a22-930a-c648d13010b9 33135f67f1bd4addb9e4c717e0b9cca2 554ac6df97b24ea2b7b467fe9e6819a7 - - default default] Successfully bumped revision number for resource c93736aa-6af1-41b7-b120-fe95a88734d5 (type: security_group_rules) to 0
2026-08-28 05:21:34.906 9 INFO neutron.wsgi [None req-9448bc93-7062-4a22-930a-c648d13010b9 33135f67f1bd4addb9e4c717e0b9cca2 554ac6df97b24ea2b7b467fe9e6819a7 - - default default] 10.0.0.74 "GET /v2.0/security-groups?tenant_id=ca0de818b28b4032b0e2b3657f6b4e3b&name=default HTTP/1.1" status: 200 len: 2996 time: 0.4036431
2026-08-28 05:21:35.081 9 INFO neutron.wsgi [None req-ef614c5c-7eb1-4663-9fd5-4c35877851b7 33135f67f1bd4addb9e4c717e0b9cca2 554ac6df97b24ea2b7b467fe9e6819a7 - - default default] 10.0.0.74 "DELETE /v2.0/security-groups/23f9b5a4-9714-4ded-afdc-0ded04e5309f HTTP/1.1" status: 204 len: 168 time: 0.1712174
2026-08-28 05:21:35.290 10 INFO neutron.db.ovn_revision_numbers_db [None req-b4b71780-b2e0-49f2-ae0d-185111f94c31 33135f67f1bd4addb9e4c717e0b9cca2 554ac6df97b24ea2b7b467fe9e6819a7 - - default default] Successfully bumped revision number for resource cf1cd872-4595-4c1a-bffe-527882aa6808 (type: security_groups) to 1
2026-08-28 05:21:35.312 10 INFO neutron.db.ovn_revision_numbers_db [None req-b4b71780-b2e0-49f2-ae0d-185111f94c31 33135f67f1bd4addb9e4c717e0b9cca2 554ac6df97b24ea2b7b467fe9e6819a7 - - default default] Successfully bumped revision number for resource 614143f3-3e6e-4150-9b85-69c77290d112 (type: security_group_rules) to 0
2026-08-28 05:21:35.329 10 INFO neutron.db.ovn_revision_numbers_db [None req-b4b71780-b2e0-49f2-ae0d-185111f94c31 33135f67f1bd4addb9e4c717e0b9cca2 554ac6df97b24ea2b7b467fe9e6819a7 - - default default] Successfully bumped revision number for resource 7116401e-c6d6-4d51-9e17-b7784b270eba (type: security_group_rules) to 0
2026-08-28 05:21:35.358 10 INFO neutron.db.ovn_revision_numbers_db [None req-b4b71780-b2e0-49f2-ae0d-185111f94c31 33135f67f1bd4addb9e4c717e0b9cca2 554ac6df97b24ea2b7b467fe9e6819a7 - - default default] Successfully bumped revision number for resource 9ed33122-aefc-4772-a2bd-0ff9dfc24174 (type: security_group_rules) to 0
2026-08-28 05:21:35.361 10 INFO neutron.wsgi [None req-d95b4d33-b61c-4e5c-b113-dba6de0ee992 4cd7f2afe1564c79be7c7348e60ddbea 5e31e6a5daf94f628d764d78d6da6765 - - default default] 10.0.0.74 "GET /v2.0/subnets/8540ec21-d403-4e14-9722-8e0d0c908731 HTTP/1.1" status: 200 len: 845 time: 0.0325761
2026-08-28 05:21:35.399 10 INFO neutron.db.ovn_revision_numbers_db [None req-b4b71780-b2e0-49f2-ae0d-185111f94c31 33135f67f1bd4addb9e4c717e0b9cca2 554ac6df97b24ea2b7b467fe9e6819a7 - - default default] Successfully bumped revision number for resource b658a8d0-6fae-4358-8214-6fc184665836 (type: security_group_rules) to 0
2026-08-28 05:21:35.436 10 INFO neutron.wsgi [None req-b4b71780-b2e0-49f2-ae0d-185111f94c31 33135f67f1bd4addb9e4c717e0b9cca2 554ac6df97b24ea2b7b467fe9e6819a7 - - default default] 10.0.0.74 "GET /v2.0/security-groups?tenant_id=31a80174509c4c2c9ead1379ca6a980e&name=default HTTP/1.1" status: 200 len: 2996 time: 0.2393413
2026-08-28 05:21:35.696 10 INFO neutron.wsgi [None req-172136ba-2dbb-4b46-9421-a1cbdffd0dd9 33135f67f1bd4addb9e4c717e0b9cca2 554ac6df97b24ea2b7b467fe9e6819a7 - - default default] 10.0.0.74 "DELETE /v2.0/security-groups/cf1cd872-4595-4c1a-bffe-527882aa6808 HTTP/1.1" status: 204 len: 168 time: 0.2547419
2026-08-28 05:21:36.077 9 INFO neutron.wsgi [None req-535ca270-cdfc-4cf7-aa0f-c1312d16daff 33135f67f1bd4addb9e4c717e0b9cca2 554ac6df97b24ea2b7b467fe9e6819a7 - - default default] 10.0.0.37 "GET /v2.0/extensions/security-group HTTP/1.1" status: 200 len: 369 time: 0.1743138
2026-08-28 05:21:36.089 9 INFO neutron.wsgi [None req-d8899a8e-ebfa-4d5c-92fe-47e4951850b5 33135f67f1bd4addb9e4c717e0b9cca2 554ac6df97b24ea2b7b467fe9e6819a7 - - default default] 10.0.0.37 "GET /v2.0/extensions/dns-integration HTTP/1.1" status: 200 len: 371 time: 0.0050068
2026-08-28 05:21:36.100 9 INFO neutron.wsgi [None req-a8906212-3727-426c-8329-20878979817e 33135f67f1bd4addb9e4c717e0b9cca2 554ac6df97b24ea2b7b467fe9e6819a7 - - default default] 10.0.0.37 "GET /v2.0/extensions/qos HTTP/1.1" status: 200 len: 365 time: 0.0050621
2026-08-28 05:21:36.112 9 INFO neutron.wsgi [None req-54887839-457f-4f84-bef1-cca6d572fba7 33135f67f1bd4addb9e4c717e0b9cca2 554ac6df97b24ea2b7b467fe9e6819a7 - - default default] 10.0.0.37 "GET /v2.0/extensions/allowed-address-pairs HTTP/1.1" status: 200 len: 383 time: 0.0042801
2026-08-28 05:21:36.675 9 INFO neutron.wsgi [-] 10.0.0.37 "GET / HTTP/1.1" status: 200 len: 284 time: 0.0013185
2026-08-28 05:21:36.713 9 INFO neutron.wsgi [None req-1de05c1e-da7e-4158-b988-39ff255fa40b eb764ed209874bc0848a362e575917b6 92f768706dff4d36aeac4a9f6e6a408c - - default default] 10.0.0.37 "GET /v2.0/subnets/8540ec21-d403-4e14-9722-8e0d0c908731 HTTP/1.1" status: 200 len: 832 time: 0.0312943
2026-08-28 05:21:36.725 9 INFO neutron.wsgi [None req-c8a0213e-52b3-4529-98ac-00068bd51247 33135f67f1bd4addb9e4c717e0b9cca2 554ac6df97b24ea2b7b467fe9e6819a7 - - default default] 10.0.0.37 "GET /v2.0/extensions/security-group HTTP/1.1" status: 200 len: 369 time: 0.0035377
2026-08-28 05:21:36.735 9 INFO neutron.wsgi [None req-fd5d1ba9-61ba-49a9-8e89-176a9b72e8ff 33135f67f1bd4addb9e4c717e0b9cca2 554ac6df97b24ea2b7b467fe9e6819a7 - - default default] 10.0.0.37 "GET /v2.0/extensions/dns-integration HTTP/1.1" status: 200 len: 371 time: 0.0031440
2026-08-28 05:21:36.744 9 INFO neutron.wsgi [None req-27e9dc74-716d-4dc5-8b76-a8e46afbf747 33135f67f1bd4addb9e4c717e0b9cca2 554ac6df97b24ea2b7b467fe9e6819a7 - - default default] 10.0.0.37 "GET /v2.0/extensions/qos HTTP/1.1" status: 200 len: 365 time: 0.0029478
2026-08-28 05:21:36.755 9 INFO neutron.wsgi [None req-1abb40d8-e1dd-470c-a693-44847450718d 33135f67f1bd4addb9e4c717e0b9cca2 554ac6df97b24ea2b7b467fe9e6819a7 - - default default] 10.0.0.37 "GET /v2.0/extensions/allowed-address-pairs HTTP/1.1" status: 200 len: 383 time: 0.0029280
2026-08-28 05:21:36.806 9 INFO neutron.wsgi [None req-4b558d42-1ff2-418b-9b8b-7dc1e24b3adc 33135f67f1bd4addb9e4c717e0b9cca2 554ac6df97b24ea2b7b467fe9e6819a7 - - default default] 10.0.0.37 "GET /v2.0/subnets/8540ec21-d403-4e14-9722-8e0d0c908731 HTTP/1.1" status: 200 len: 850 time: 0.0374932
2026-08-28 05:21:37.028 9 INFO neutron.wsgi [None req-9e9fff5e-3f8c-47f7-b73e-6504dad03c2a 33135f67f1bd4addb9e4c717e0b9cca2 554ac6df97b24ea2b7b467fe9e6819a7 - - default default] 10.0.0.37 "GET /v2.0/extensions/security-group HTTP/1.1" status: 200 len: 369 time: 0.0072427
2026-08-28 05:21:37.038 9 INFO neutron.wsgi [None req-e4e9c2f7-72fe-4843-8463-9414eaad6ca6 33135f67f1bd4addb9e4c717e0b9cca2 554ac6df97b24ea2b7b467fe9e6819a7 - - default default] 10.0.0.37 "GET /v2.0/extensions/dns-integration HTTP/1.1" status: 200 len: 371 time: 0.0061345
2026-08-28 05:21:37.050 9 INFO neutron.wsgi [None req-89aed761-f411-489b-96c9-0cd78a5df312 33135f67f1bd4addb9e4c717e0b9cca2 554ac6df97b24ea2b7b467fe9e6819a7 - - default default] 10.0.0.37 "GET /v2.0/extensions/qos HTTP/1.1" status: 200 len: 365 time: 0.0083597
2026-08-28 05:21:37.063 9 INFO neutron.wsgi [None req-aae6a977-fdb8-478e-86d2-8033b538e09c 33135f67f1bd4addb9e4c717e0b9cca2 554ac6df97b24ea2b7b467fe9e6819a7 - - default default] 10.0.0.37 "GET /v2.0/extensions/allowed-address-pairs HTTP/1.1" status: 200 len: 383 time: 0.0072997
2026-08-28 05:21:37.157 9 INFO neutron.wsgi [None req-4b921b07-9723-4bed-9f64-5603e2415740 33135f67f1bd4addb9e4c717e0b9cca2 554ac6df97b24ea2b7b467fe9e6819a7 - - default default] 10.0.0.37 "GET /v2.0/networks/a8edb13b-9906-456e-b38f-12a699b3d178 HTTP/1.1" status: 200 len: 1002 time: 0.0876815
2026-08-28 05:21:37.171 9 INFO neutron.wsgi [None req-20a77431-7364-4857-a8b8-baa19389b14f 33135f67f1bd4addb9e4c717e0b9cca2 554ac6df97b24ea2b7b467fe9e6819a7 - - default default] 10.0.0.37 "GET /v2.0/extensions/project-id HTTP/1.1" status: 200 len: 403 time: 0.0056677
2026-08-28 05:21:37.243 9 INFO neutron.db.ovn_revision_numbers_db [None req-a8547618-0b31-4af7-ac07-d9c975f923ca 1729f59019cd4acf8d01ef48090f406a d610e75c22e24d909db21d3c63b99cab - - default default] Successfully bumped revision number for resource 542da266-d3d1-4bc9-a463-ee4c52025d3f (type: security_groups) to 1
2026-08-28 05:21:37.275 9 INFO neutron.db.ovn_revision_numbers_db [None req-a8547618-0b31-4af7-ac07-d9c975f923ca 1729f59019cd4acf8d01ef48090f406a d610e75c22e24d909db21d3c63b99cab - - default default] Successfully bumped revision number for resource 29749055-a5ba-4411-bf13-5088a4df9a79 (type: security_group_rules) to 0
2026-08-28 05:21:37.295 9 INFO neutron.db.ovn_revision_numbers_db [None req-a8547618-0b31-4af7-ac07-d9c975f923ca 1729f59019cd4acf8d01ef48090f406a d610e75c22e24d909db21d3c63b99cab - - default default] Successfully bumped revision number for resource 5cc2ec80-c4bf-4327-a6db-d0d01404563d (type: security_group_rules) to 0
2026-08-28 05:21:37.316 9 INFO neutron.db.ovn_revision_numbers_db [None req-a8547618-0b31-4af7-ac07-d9c975f923ca 1729f59019cd4acf8d01ef48090f406a d610e75c22e24d909db21d3c63b99cab - - default default] Successfully bumped revision number for resource 65f2d998-923d-47e2-9726-3292ebb81322 (type: security_group_rules) to 0
2026-08-28 05:21:37.333 9 INFO neutron.db.ovn_revision_numbers_db [None req-a8547618-0b31-4af7-ac07-d9c975f923ca 1729f59019cd4acf8d01ef48090f406a d610e75c22e24d909db21d3c63b99cab - - default default] Successfully bumped revision number for resource a14b1266-3a70-44a9-86d7-2be661efbadd (type: security_group_rules) to 0
2026-08-28 05:21:37.386 9 INFO neutron.db.segments_db [None req-a8547618-0b31-4af7-ac07-d9c975f923ca 1729f59019cd4acf8d01ef48090f406a d610e75c22e24d909db21d3c63b99cab - - default default] Added segment 0d832057-4bb3-478d-a107-1fc885604284 of type geneve for network 6558325b-f20c-4030-9a11-5d56e468ff3c
2026-08-28 05:21:37.545 9 WARNING neutron.scheduler.dhcp_agent_scheduler [None req-f66680bf-d133-457a-8753-8b4da31f5547 33135f67f1bd4addb9e4c717e0b9cca2 554ac6df97b24ea2b7b467fe9e6819a7 - - default default] No more DHCP agents
2026-08-28 05:21:37.556 9 WARNING neutron.api.rpc.agentnotifiers.dhcp_rpc_agent_api [None req-f66680bf-d133-457a-8753-8b4da31f5547 33135f67f1bd4addb9e4c717e0b9cca2 554ac6df97b24ea2b7b467fe9e6819a7 - - default default] Unable to schedule network a8edb13b-9906-456e-b38f-12a699b3d178: no agents available; will retry on subsequent port and subnet creation events.
2026-08-28 05:21:37.578 9 INFO neutron.db.ovn_revision_numbers_db [None req-a8547618-0b31-4af7-ac07-d9c975f923ca 1729f59019cd4acf8d01ef48090f406a d610e75c22e24d909db21d3c63b99cab - - default default] Successfully bumped revision number for resource 6558325b-f20c-4030-9a11-5d56e468ff3c (type: networks) to 1
2026-08-28 05:21:37.800 9 INFO neutron.db.ovn_revision_numbers_db [None req-f66680bf-d133-457a-8753-8b4da31f5547 33135f67f1bd4addb9e4c717e0b9cca2 554ac6df97b24ea2b7b467fe9e6819a7 - - default default] Successfully bumped revision number for resource 77bf03d9-06e8-46bc-8f94-ca53c5e99e98 (type: ports) to 1
2026-08-28 05:21:37.818 9 WARNING neutron.scheduler.dhcp_agent_scheduler [None req-a8547618-0b31-4af7-ac07-d9c975f923ca 1729f59019cd4acf8d01ef48090f406a d610e75c22e24d909db21d3c63b99cab - - default default] No more DHCP agents
2026-08-28 05:21:37.822 9 WARNING neutron.api.rpc.agentnotifiers.dhcp_rpc_agent_api [None req-a8547618-0b31-4af7-ac07-d9c975f923ca 1729f59019cd4acf8d01ef48090f406a d610e75c22e24d909db21d3c63b99cab - - default default] Unable to schedule network 6558325b-f20c-4030-9a11-5d56e468ff3c: no agents available; will retry on subsequent port and subnet creation events.
2026-08-28 05:21:37.840 9 INFO neutron.wsgi [None req-f66680bf-d133-457a-8753-8b4da31f5547 33135f67f1bd4addb9e4c717e0b9cca2 554ac6df97b24ea2b7b467fe9e6819a7 - - default default] 10.0.0.37 "POST /v2.0/ports HTTP/1.1" status: 201 len: 1333 time: 0.6628034
2026-08-28 05:21:37.917 9 INFO neutron.db.ovn_revision_numbers_db [None req-a8547618-0b31-4af7-ac07-d9c975f923ca 1729f59019cd4acf8d01ef48090f406a d610e75c22e24d909db21d3c63b99cab - - default default] Successfully bumped revision number for resource c1ab7338-8765-41e8-9857-2a58d4542151 (type: ports) to 1
2026-08-28 05:21:37.934 9 INFO neutron.wsgi [None req-a8547618-0b31-4af7-ac07-d9c975f923ca 1729f59019cd4acf8d01ef48090f406a d610e75c22e24d909db21d3c63b99cab - - default default] 10.0.0.74 "POST /v2.0/networks HTTP/1.1" status: 201 len: 829 time: 1.0332046 /var/lib/openstack/lib/python3.10/site-packages/pycadf/identifier.py:71: UserWarning: Invalid uuid: neutron. To ensure interoperability, identifiers should be a valid uuid. warnings.warn(('Invalid uuid: %s. To ensure interoperability, '
2026-08-28 05:21:38.211 9 WARNING neutron.scheduler.dhcp_agent_scheduler [None req-5ff612de-882d-48d2-8fef-f7f5ef0bb91b 1729f59019cd4acf8d01ef48090f406a d610e75c22e24d909db21d3c63b99cab - - default default] No more DHCP agents
2026-08-28 05:21:38.212 9 WARNING neutron.api.rpc.agentnotifiers.dhcp_rpc_agent_api [None req-5ff612de-882d-48d2-8fef-f7f5ef0bb91b 1729f59019cd4acf8d01ef48090f406a d610e75c22e24d909db21d3c63b99cab - - default default] Unable to schedule network 6558325b-f20c-4030-9a11-5d56e468ff3c: no agents available; will retry on subsequent port and subnet creation events.
2026-08-28 05:21:38.293 9 INFO neutron.db.ovn_revision_numbers_db [None req-5ff612de-882d-48d2-8fef-f7f5ef0bb91b 1729f59019cd4acf8d01ef48090f406a d610e75c22e24d909db21d3c63b99cab - - default default] Successfully bumped revision number for resource 8a4662e7-08a8-47f5-a844-463cda571f92 (type: ports) to 1
2026-08-28 05:21:38.315 9 INFO neutron.wsgi [None req-5ff612de-882d-48d2-8fef-f7f5ef0bb91b 1729f59019cd4acf8d01ef48090f406a d610e75c22e24d909db21d3c63b99cab - - default default] 10.0.0.74 "POST /v2.0/ports HTTP/1.1" status: 201 len: 942 time: 0.3761873 /var/lib/openstack/lib/python3.10/site-packages/pycadf/identifier.py:71: UserWarning: Invalid uuid: neutron. To ensure interoperability, identifiers should be a valid uuid. warnings.warn(('Invalid uuid: %s. To ensure interoperability, '
2026-08-28 05:21:38.391 10 INFO neutron.wsgi [None req-ecaa0d5f-7e9d-478b-a9e7-001105a62ce8 bacc68f7df42485fa537eb1f345ea7d4 5388aa1cbe0643438bedef05e07d8830 - - default default] 10.0.0.74 "POST /v2.0/subnetpools HTTP/1.1" status: 201 len: 715 time: 0.2978463
2026-08-28 05:21:38.400 9 INFO neutron.db.segments_db [None req-03fe43ce-18b6-4b61-9395-3c023190eda1 1729f59019cd4acf8d01ef48090f406a d610e75c22e24d909db21d3c63b99cab - - default default] Added segment 7976a915-3864-4b20-80b4-2b6f5c343ee1 of type geneve for network 2a5884f8-f93b-4da2-80e0-57261faac5c2
2026-08-28 05:21:38.429 10 INFO neutron.wsgi [None req-ad9cd728-b139-40a9-86a6-71a8fd3e5f2d bacc68f7df42485fa537eb1f345ea7d4 5388aa1cbe0643438bedef05e07d8830 - - default default] 10.0.0.74 "PUT /v2.0/subnetpools/be4ead7f-08eb-468a-9619-7150140bf8d8/tags HTTP/1.1" status: 200 len: 218 time: 0.0316927
2026-08-28 05:21:38.449 10 INFO neutron.wsgi [None req-234b060f-c021-4a20-b815-eba3b554dfc1 bacc68f7df42485fa537eb1f345ea7d4 5388aa1cbe0643438bedef05e07d8830 - - default default] 10.0.0.74 "GET /v2.0/subnetpools/be4ead7f-08eb-468a-9619-7150140bf8d8/tags HTTP/1.1" status: 200 len: 218 time: 0.0147824
2026-08-28 05:21:38.484 10 INFO neutron.wsgi [None req-41ca471d-c9ae-44b7-8f7b-b3d067017699 bacc68f7df42485fa537eb1f345ea7d4 5388aa1cbe0643438bedef05e07d8830 - - default default] 10.0.0.74 "PUT /v2.0/subnetpools/be4ead7f-08eb-468a-9619-7150140bf8d8/tags/green HTTP/1.1" status: 201 len: 201 time: 0.0301235
2026-08-28 05:21:38.503 10 INFO neutron.wsgi [None req-66fbd025-8a21-4418-b6ad-c5a8367178f4 bacc68f7df42485fa537eb1f345ea7d4 5388aa1cbe0643438bedef05e07d8830 - - default default] 10.0.0.74 "GET /v2.0/subnetpools/be4ead7f-08eb-468a-9619-7150140bf8d8/tags HTTP/1.1" status: 200 len: 227 time: 0.0146141
2026-08-28 05:21:38.530 10 INFO neutron.wsgi [None req-3a3319b2-19f5-4bc7-af66-61a8ae3bc666 bacc68f7df42485fa537eb1f345ea7d4 5388aa1cbe0643438bedef05e07d8830 - - default default] 10.0.0.74 "PUT /v2.0/subnetpools/be4ead7f-08eb-468a-9619-7150140bf8d8/tags/red HTTP/1.1" status: 201 len: 201 time: 0.0151474
2026-08-28 05:21:38.547 10 INFO neutron.wsgi [None req-3079799e-8614-40e4-bdd6-b6a92dae58f1 bacc68f7df42485fa537eb1f345ea7d4 5388aa1cbe0643438bedef05e07d8830 - - default default] 10.0.0.74 "GET /v2.0/subnetpools/be4ead7f-08eb-468a-9619-7150140bf8d8/tags HTTP/1.1" status: 200 len: 227 time: 0.0127709
2026-08-28 05:21:38.556 9 INFO neutron.db.ovn_revision_numbers_db [None req-03fe43ce-18b6-4b61-9395-3c023190eda1 1729f59019cd4acf8d01ef48090f406a d610e75c22e24d909db21d3c63b99cab - - default default] Successfully bumped revision number for resource 2a5884f8-f93b-4da2-80e0-57261faac5c2 (type: networks) to 1
2026-08-28 05:21:38.574 10 INFO neutron.wsgi [None req-1005d10e-a198-4913-8fc3-3075eaf305b7 bacc68f7df42485fa537eb1f345ea7d4 5388aa1cbe0643438bedef05e07d8830 - - default default] 10.0.0.74 "PUT /v2.0/subnetpools/be4ead7f-08eb-468a-9619-7150140bf8d8/tags/black.or.white HTTP/1.1" status: 201 len: 201 time: 0.0231864
2026-08-28 05:21:38.607 9 INFO neutron.wsgi [None req-1c8e11c5-b962-4238-8952-38d8673d5d38 bacc68f7df42485fa537eb1f345ea7d4 5388aa1cbe0643438bedef05e07d8830 - - default default] 10.0.0.74 "GET /v2.0/subnetpools/be4ead7f-08eb-468a-9619-7150140bf8d8/tags HTTP/1.1" status: 200 len: 245 time: 0.0279498
2026-08-28 05:21:38.642 10 INFO neutron.wsgi [None req-a71b590c-0945-47d5-b59b-01ff01970b86 bacc68f7df42485fa537eb1f345ea7d4 5388aa1cbe0643438bedef05e07d8830 - - default default] 10.0.0.74 "PUT /v2.0/subnetpools/be4ead7f-08eb-468a-9619-7150140bf8d8/tags HTTP/1.1" status: 200 len: 230 time: 0.0269578
2026-08-28 05:21:38.661 10 INFO neutron.wsgi [None req-96ba4115-0e36-4e87-a657-2c3d2d2e4845 bacc68f7df42485fa537eb1f345ea7d4 5388aa1cbe0643438bedef05e07d8830 - - default default] 10.0.0.74 "GET /v2.0/subnetpools/be4ead7f-08eb-468a-9619-7150140bf8d8/tags HTTP/1.1" status: 200 len: 230 time: 0.0145292
2026-08-28 05:21:38.678 10 INFO neutron.wsgi [None req-6d2913ec-d36f-4cfb-9aec-7835613f7b94 bacc68f7df42485fa537eb1f345ea7d4 5388aa1cbe0643438bedef05e07d8830 - - default default] 10.0.0.74 "GET /v2.0/subnetpools/be4ead7f-08eb-468a-9619-7150140bf8d8/tags/red HTTP/1.1" status: 204 len: 168 time: 0.0133379
2026-08-28 05:21:38.695 10 INFO neutron.api.v2.resource [None req-7e6dcf1e-8fd6-47f3-83bb-5ba7001a7579 bacc68f7df42485fa537eb1f345ea7d4 5388aa1cbe0643438bedef05e07d8830 - - default default] show failed (client error): The resource could not be found.
2026-08-28 05:21:38.696 10 INFO neutron.wsgi [None req-7e6dcf1e-8fd6-47f3-83bb-5ba7001a7579 bacc68f7df42485fa537eb1f345ea7d4 5388aa1cbe0643438bedef05e07d8830 - - default default] 10.0.0.74 "GET /v2.0/subnetpools/be4ead7f-08eb-468a-9619-7150140bf8d8/tags/green HTTP/1.1" status: 404 len: 299 time: 0.0133111
2026-08-28 05:21:38.727 10 INFO neutron.wsgi [None req-333bdcb4-2c1c-4018-9cce-ce74fe974f4c bacc68f7df42485fa537eb1f345ea7d4 5388aa1cbe0643438bedef05e07d8830 - - default default] 10.0.0.74 "DELETE /v2.0/subnetpools/be4ead7f-08eb-468a-9619-7150140bf8d8/tags/red HTTP/1.1" status: 204 len: 168 time: 0.0271056
2026-08-28 05:21:38.733 9 WARNING neutron.scheduler.dhcp_agent_scheduler [None req-03fe43ce-18b6-4b61-9395-3c023190eda1 1729f59019cd4acf8d01ef48090f406a d610e75c22e24d909db21d3c63b99cab - - default default] No more DHCP agents
2026-08-28 05:21:38.735 9 WARNING neutron.api.rpc.agentnotifiers.dhcp_rpc_agent_api [None req-03fe43ce-18b6-4b61-9395-3c023190eda1 1729f59019cd4acf8d01ef48090f406a d610e75c22e24d909db21d3c63b99cab - - default default] Unable to schedule network 2a5884f8-f93b-4da2-80e0-57261faac5c2: no agents available; will retry on subsequent port and subnet creation events.
2026-08-28 05:21:38.745 10 INFO neutron.wsgi [None req-d5a30a08-6aae-42f9-9a9e-22a474c66366 bacc68f7df42485fa537eb1f345ea7d4 5388aa1cbe0643438bedef05e07d8830 - - default default] 10.0.0.74 "GET /v2.0/subnetpools/be4ead7f-08eb-468a-9619-7150140bf8d8/tags HTTP/1.1" status: 200 len: 223 time: 0.0143790
2026-08-28 05:21:38.765 10 INFO neutron.api.v2.resource [None req-f60d81d1-155a-4e05-b409-5d70cf6c976f bacc68f7df42485fa537eb1f345ea7d4 5388aa1cbe0643438bedef05e07d8830 - - default default] delete failed (client error): The resource could not be found.
2026-08-28 05:21:38.766 10 INFO neutron.wsgi [None req-f60d81d1-155a-4e05-b409-5d70cf6c976f bacc68f7df42485fa537eb1f345ea7d4 5388aa1cbe0643438bedef05e07d8830 - - default default] 10.0.0.74 "DELETE /v2.0/subnetpools/be4ead7f-08eb-468a-9619-7150140bf8d8/tags/green HTTP/1.1" status: 404 len: 299 time: 0.0173514
2026-08-28 05:21:38.811 9 INFO neutron.db.ovn_revision_numbers_db [None req-03fe43ce-18b6-4b61-9395-3c023190eda1 1729f59019cd4acf8d01ef48090f406a d610e75c22e24d909db21d3c63b99cab - - default default] Successfully bumped revision number for resource d83c8529-8ab0-40c6-8722-4401a133fabf (type: ports) to 1
2026-08-28 05:21:38.814 10 INFO neutron.wsgi [None req-933c2409-0f9a-481a-a581-823283c263bf bacc68f7df42485fa537eb1f345ea7d4 5388aa1cbe0643438bedef05e07d8830 - - default default] 10.0.0.74 "DELETE /v2.0/subnetpools/be4ead7f-08eb-468a-9619-7150140bf8d8/tags HTTP/1.1" status: 204 len: 168 time: 0.0396514
2026-08-28 05:21:38.838 9 INFO neutron.wsgi [None req-03fe43ce-18b6-4b61-9395-3c023190eda1 1729f59019cd4acf8d01ef48090f406a d610e75c22e24d909db21d3c63b99cab - - default default] 10.0.0.74 "POST /v2.0/networks HTTP/1.1" status: 201 len: 830 time: 0.5193708
2026-08-28 05:21:38.840 9 INFO neutron.wsgi [None req-bcdb0d7d-619e-433d-88b0-bf34a40c5c7b bacc68f7df42485fa537eb1f345ea7d4 5388aa1cbe0643438bedef05e07d8830 - - default default] 10.0.0.74 "GET /v2.0/subnetpools/be4ead7f-08eb-468a-9619-7150140bf8d8/tags HTTP/1.1" status: 200 len: 205 time: 0.0198872
2026-08-28 05:21:38.906 10 INFO neutron.wsgi [None req-ac69ff84-a720-4ee2-9893-922d0d053c81 bacc68f7df42485fa537eb1f345ea7d4 5388aa1cbe0643438bedef05e07d8830 - - default default] 10.0.0.74 "DELETE /v2.0/subnetpools/be4ead7f-08eb-468a-9619-7150140bf8d8 HTTP/1.1" status: 204 len: 168 time: 0.0588427
2026-08-28 05:21:39.060 9 WARNING neutron.scheduler.dhcp_agent_scheduler [None req-f5114f39-3481-4b23-8f01-9ac2e00447dc 1729f59019cd4acf8d01ef48090f406a d610e75c22e24d909db21d3c63b99cab - - default default] No more DHCP agents
2026-08-28 05:21:39.063 9 WARNING neutron.api.rpc.agentnotifiers.dhcp_rpc_agent_api [None req-f5114f39-3481-4b23-8f01-9ac2e00447dc 1729f59019cd4acf8d01ef48090f406a d610e75c22e24d909db21d3c63b99cab - - default default] Unable to schedule network 2a5884f8-f93b-4da2-80e0-57261faac5c2: no agents available; will retry on subsequent port and subnet creation events.
2026-08-28 05:21:39.151 9 INFO neutron.db.ovn_revision_numbers_db [None req-f5114f39-3481-4b23-8f01-9ac2e00447dc 1729f59019cd4acf8d01ef48090f406a d610e75c22e24d909db21d3c63b99cab - - default default] Successfully bumped revision number for resource 5968946d-2aea-468e-9cb8-70e9c28cff29 (type: ports) to 1
2026-08-28 05:21:39.182 9 INFO neutron.wsgi [None req-f5114f39-3481-4b23-8f01-9ac2e00447dc 1729f59019cd4acf8d01ef48090f406a d610e75c22e24d909db21d3c63b99cab - - default default] 10.0.0.74 "POST /v2.0/ports HTTP/1.1" status: 201 len: 942 time: 0.3389184 /var/lib/openstack/lib/python3.10/site-packages/pycadf/identifier.py:71: UserWarning: Invalid uuid: neutron. To ensure interoperability, identifiers should be a valid uuid. warnings.warn(('Invalid uuid: %s. To ensure interoperability, '
2026-08-28 05:21:39.276 9 INFO neutron.db.segments_db [None req-2be678d5-949b-43b7-8e42-11dbecd26b13 1729f59019cd4acf8d01ef48090f406a d610e75c22e24d909db21d3c63b99cab - - default default] Added segment 600ae7ce-25e6-4237-a46c-2d5a631f9e87 of type geneve for network 599e8df6-7ade-4dbc-8cb1-33c9027803d7
2026-08-28 05:21:39.407 9 INFO neutron.db.ovn_revision_numbers_db [None req-2be678d5-949b-43b7-8e42-11dbecd26b13 1729f59019cd4acf8d01ef48090f406a d610e75c22e24d909db21d3c63b99cab - - default default] Successfully bumped revision number for resource 599e8df6-7ade-4dbc-8cb1-33c9027803d7 (type: networks) to 1
2026-08-28 05:21:39.481 10 INFO neutron.wsgi [None req-2907cb36-878d-4e0b-9605-48b5259254f0 33135f67f1bd4addb9e4c717e0b9cca2 554ac6df97b24ea2b7b467fe9e6819a7 - - default default] 162.253.55.38 "GET /v2.0/extensions/security-group HTTP/1.1" status: 200 len: 369 time: 0.2507534
2026-08-28 05:21:39.490 10 INFO neutron.wsgi [None req-54aed4b5-085f-452c-aecc-2a8698526bcc 33135f67f1bd4addb9e4c717e0b9cca2 554ac6df97b24ea2b7b467fe9e6819a7 - - default default] 162.253.55.38 "GET /v2.0/extensions/dns-integration HTTP/1.1" status: 200 len: 371 time: 0.0051153
2026-08-28 05:21:39.498 10 INFO neutron.wsgi [None req-15d8ab0d-d9da-417e-8323-4ca0b813b570 33135f67f1bd4addb9e4c717e0b9cca2 554ac6df97b24ea2b7b467fe9e6819a7 - - default default] 162.253.55.38 "GET /v2.0/extensions/qos HTTP/1.1" status: 200 len: 365 time: 0.0040772
2026-08-28 05:21:39.506 10 INFO neutron.wsgi [None req-80c381ad-440b-4b63-a968-b8abf48dc4fe 33135f67f1bd4addb9e4c717e0b9cca2 554ac6df97b24ea2b7b467fe9e6819a7 - - default default] 162.253.55.38 "GET /v2.0/extensions/allowed-address-pairs HTTP/1.1" status: 200 len: 383 time: 0.0029700
2026-08-28 05:21:39.537 10 INFO neutron.wsgi [None req-f106814d-5163-4289-a54d-34d8ddf0444b 33135f67f1bd4addb9e4c717e0b9cca2 554ac6df97b24ea2b7b467fe9e6819a7 - - default default] 162.253.55.38 "GET /v2.0/ports/77bf03d9-06e8-46bc-8f94-ca53c5e99e98 HTTP/1.1" status: 200 len: 1328 time: 0.0260959
2026-08-28 05:21:39.597 9 WARNING neutron.scheduler.dhcp_agent_scheduler [None req-2be678d5-949b-43b7-8e42-11dbecd26b13 1729f59019cd4acf8d01ef48090f406a d610e75c22e24d909db21d3c63b99cab - - default default] No more DHCP agents
2026-08-28 05:21:39.601 9 WARNING neutron.api.rpc.agentnotifiers.dhcp_rpc_agent_api [None req-2be678d5-949b-43b7-8e42-11dbecd26b13 1729f59019cd4acf8d01ef48090f406a d610e75c22e24d909db21d3c63b99cab - - default default] Unable to schedule network 599e8df6-7ade-4dbc-8cb1-33c9027803d7: no agents available; will retry on subsequent port and subnet creation events.
2026-08-28 05:21:39.642 9 INFO neutron.db.ovn_revision_numbers_db [None req-0c760326-2a62-4687-aa6d-5a1ceed9bedd e4eeb5d61099430ebcef64f408360940 b7b5cf20f97946bb932964e25c3e6608 - - default default] Successfully bumped revision number for resource e8e2d810-ab41-4c21-84a1-2d4dfa1b9fbd (type: security_groups) to 1
2026-08-28 05:21:39.663 9 INFO neutron.db.ovn_revision_numbers_db [None req-0c760326-2a62-4687-aa6d-5a1ceed9bedd e4eeb5d61099430ebcef64f408360940 b7b5cf20f97946bb932964e25c3e6608 - - default default] Successfully bumped revision number for resource 4c2ba383-7c25-4f98-8b0a-b88dcaea4f66 (type: security_group_rules) to 0
2026-08-28 05:21:39.664 10 INFO neutron.wsgi [None req-ba1c91ad-a800-4d2f-9da2-42ceffdb44f1 33135f67f1bd4addb9e4c717e0b9cca2 554ac6df97b24ea2b7b467fe9e6819a7 - - default default] 162.253.55.38 "GET /v2.0/extensions/security-group HTTP/1.1" status: 200 len: 369 time: 0.0062904
2026-08-28 05:21:39.681 10 INFO neutron.wsgi [None req-05d32fa9-6e67-471f-a9b2-70596882fa44 33135f67f1bd4addb9e4c717e0b9cca2 554ac6df97b24ea2b7b467fe9e6819a7 - - default default] 162.253.55.38 "GET /v2.0/extensions/dns-integration HTTP/1.1" status: 200 len: 371 time: 0.0113139
2026-08-28 05:21:39.685 9 INFO neutron.db.ovn_revision_numbers_db [None req-0c760326-2a62-4687-aa6d-5a1ceed9bedd e4eeb5d61099430ebcef64f408360940 b7b5cf20f97946bb932964e25c3e6608 - - default default] Successfully bumped revision number for resource 7475915d-5662-4be7-9020-84043539035d (type: security_group_rules) to 0
2026-08-28 05:21:39.688 9 INFO neutron.db.ovn_revision_numbers_db [None req-2be678d5-949b-43b7-8e42-11dbecd26b13 1729f59019cd4acf8d01ef48090f406a d610e75c22e24d909db21d3c63b99cab - - default default] Successfully bumped revision number for resource fd90c765-2b5c-4300-9eab-a2d5fd332549 (type: ports) to 1
2026-08-28 05:21:39.693 10 INFO neutron.wsgi [None req-74e9b31a-fe21-4c71-88db-98458347227f 33135f67f1bd4addb9e4c717e0b9cca2 554ac6df97b24ea2b7b467fe9e6819a7 - - default default] 162.253.55.38 "GET /v2.0/extensions/qos HTTP/1.1" status: 200 len: 365 time: 0.0070357
2026-08-28 05:21:39.702 9 INFO neutron.db.ovn_revision_numbers_db [None req-0c760326-2a62-4687-aa6d-5a1ceed9bedd e4eeb5d61099430ebcef64f408360940 b7b5cf20f97946bb932964e25c3e6608 - - default default] Successfully bumped revision number for resource 8ee51369-12da-478b-8ea7-7c3763140382 (type: security_group_rules) to 0
2026-08-28 05:21:39.706 10 INFO neutron.wsgi [None req-122c7a38-84c4-498a-b0c5-be93c9ca19cb 33135f67f1bd4addb9e4c717e0b9cca2 554ac6df97b24ea2b7b467fe9e6819a7 - - default default] 162.253.55.38 "GET /v2.0/extensions/allowed-address-pairs HTTP/1.1" status: 200 len: 383 time: 0.0086110
2026-08-28 05:21:39.709 9 INFO neutron.wsgi [None req-2be678d5-949b-43b7-8e42-11dbecd26b13 1729f59019cd4acf8d01ef48090f406a d610e75c22e24d909db21d3c63b99cab - - default default] 10.0.0.74 "POST /v2.0/networks HTTP/1.1" status: 201 len: 831 time: 0.5207424
2026-08-28 05:21:39.721 9 INFO neutron.db.ovn_revision_numbers_db [None req-0c760326-2a62-4687-aa6d-5a1ceed9bedd e4eeb5d61099430ebcef64f408360940 b7b5cf20f97946bb932964e25c3e6608 - - default default] Successfully bumped revision number for resource 9922a3cf-f566-465d-abab-cfca51d62444 (type: security_group_rules) to 0
2026-08-28 05:21:39.739 10 INFO neutron.wsgi [None req-d2387baa-45ef-418f-a10f-109f0e3b403b 33135f67f1bd4addb9e4c717e0b9cca2 554ac6df97b24ea2b7b467fe9e6819a7 - - default default] 162.253.55.38 "GET /v2.0/security-groups?name=lb-aa79e211-9d1e-4362-9444-992668ea84ef HTTP/1.1" status: 200 len: 221 time: 0.0267789
