2026-08-28 05:23:30.335 10 INFO neutron.wsgi [None req-31177d8c-69f3-47ac-8336-0deaaa376e72 33135f67f1bd4addb9e4c717e0b9cca2 554ac6df97b24ea2b7b467fe9e6819a7 - - default default] 162.253.55.38 "GET /v2.0/networks/a8edb13b-9906-456e-b38f-12a699b3d178 HTTP/1.1" status: 200 len: 1002 time: 0.0628109
2026-08-28 05:23:30.375 10 INFO neutron.wsgi [None req-4fe436b9-d3b1-4507-9a5b-b2b70e2cd88c 33135f67f1bd4addb9e4c717e0b9cca2 554ac6df97b24ea2b7b467fe9e6819a7 - - default default] 162.253.55.38 "GET /v2.0/ports/77bf03d9-06e8-46bc-8f94-ca53c5e99e98 HTTP/1.1" status: 200 len: 1336 time: 0.0327520
2026-08-28 05:23:30.402 10 INFO neutron.wsgi [req-dfc67ada-1810-4321-a1f1-8a543c75b985 req-11fa8a18-ce35-4623-a338-829f48da0d77 a45cfbf5301f4b66b2d2979c1357e31a 772c60c6023a4860b2a78696266f39d4 - - 8cefee79c7304dcf9c6f274a61c7b886 8cefee79c7304dcf9c6f274a61c7b886] 162.253.55.38 "GET /v2.0/networks/3ac0e8ef-398b-4780-8049-89704ac3322f?fields=provider%3Aphysical_network&fields=provider%3Anetwork_type HTTP/1.1" status: 200 len: 277 time: 0.0648241
2026-08-28 05:23:30.408 10 INFO neutron.wsgi [None req-32de5817-3833-432f-8768-5833692064b3 33135f67f1bd4addb9e4c717e0b9cca2 554ac6df97b24ea2b7b467fe9e6819a7 - - default default] 162.253.55.38 "GET /v2.0/subnets/8540ec21-d403-4e14-9722-8e0d0c908731 HTTP/1.1" status: 200 len: 850 time: 0.0275297
2026-08-28 05:23:30.700 10 INFO neutron.notifiers.nova [-] Nova event matching ['req-0aebcbe3-a6c9-46ba-8446-2235757a972d'] response: {'server_uuid': 'c53f1e48-d237-4201-86d9-89863f21a4e2', 'name': 'network-vif-deleted', 'tag': '09f533a4-a2a0-44d1-a2a0-324e9e029ab2', 'status': 'completed', 'code': 200}
2026-08-28 05:23:31.296 9 INFO neutron.notifiers.nova [-] Nova event matching ['req-1d3d718b-8457-4a40-adb5-ff4b3e76c096'] response: {'server_uuid': 'c53f1e48-d237-4201-86d9-89863f21a4e2', 'name': 'network-vif-plugged', 'status': 'completed', 'tag': '09f533a4-a2a0-44d1-a2a0-324e9e029ab2', 'code': 200}
2026-08-28 05:23:33.373 10 INFO neutron.wsgi [None req-2e66f155-f2d0-4f6b-9aad-7016bf58a7e0 33135f67f1bd4addb9e4c717e0b9cca2 554ac6df97b24ea2b7b467fe9e6819a7 - - default default] 162.253.55.38 "GET /v2.0/extensions/security-group HTTP/1.1" status: 200 len: 369 time: 0.0056303
2026-08-28 05:23:33.380 10 INFO neutron.wsgi [None req-a3614254-ca21-40ba-8fd6-790eec3a86b9 33135f67f1bd4addb9e4c717e0b9cca2 554ac6df97b24ea2b7b467fe9e6819a7 - - default default] 162.253.55.38 "GET /v2.0/extensions/dns-integration HTTP/1.1" status: 200 len: 371 time: 0.0043719
2026-08-28 05:23:33.389 10 INFO neutron.wsgi [None req-875b7ae3-89de-43f2-8426-a2ed3e6f9c56 33135f67f1bd4addb9e4c717e0b9cca2 554ac6df97b24ea2b7b467fe9e6819a7 - - default default] 162.253.55.38 "GET /v2.0/extensions/qos HTTP/1.1" status: 200 len: 365 time: 0.0056050
2026-08-28 05:23:33.399 10 INFO neutron.wsgi [None req-f650f122-5add-4293-807e-4a6de4e8edec 33135f67f1bd4addb9e4c717e0b9cca2 554ac6df97b24ea2b7b467fe9e6819a7 - - default default] 162.253.55.38 "GET /v2.0/extensions/allowed-address-pairs HTTP/1.1" status: 200 len: 383 time: 0.0063062
2026-08-28 05:23:33.446 10 INFO neutron.wsgi [None req-14da41b2-58b0-4d70-962e-7add5c727316 33135f67f1bd4addb9e4c717e0b9cca2 554ac6df97b24ea2b7b467fe9e6819a7 - - default default] 162.253.55.38 "GET /v2.0/ports?device_id=c53f1e48-d237-4201-86d9-89863f21a4e2 HTTP/1.1" status: 200 len: 3913 time: 0.0414131
2026-08-28 05:23:33.644 10 INFO neutron.wsgi [None req-fd14d240-7914-4f94-8bfa-360f29697f92 33135f67f1bd4addb9e4c717e0b9cca2 554ac6df97b24ea2b7b467fe9e6819a7 - - default default] 162.253.55.38 "GET /v2.0/extensions/security-group HTTP/1.1" status: 200 len: 369 time: 0.0084879
2026-08-28 05:23:33.663 10 INFO neutron.wsgi [None req-5a3f6fe0-87ae-4fe4-910c-107ea76f4ee5 33135f67f1bd4addb9e4c717e0b9cca2 554ac6df97b24ea2b7b467fe9e6819a7 - - default default] 162.253.55.38 "GET /v2.0/extensions/dns-integration HTTP/1.1" status: 200 len: 371 time: 0.0142207
2026-08-28 05:23:33.677 10 INFO neutron.wsgi [None req-8a0e09d7-f997-4e31-97ca-333aa1e57402 33135f67f1bd4addb9e4c717e0b9cca2 554ac6df97b24ea2b7b467fe9e6819a7 - - default default] 162.253.55.38 "GET /v2.0/extensions/qos HTTP/1.1" status: 200 len: 365 time: 0.0076530
2026-08-28 05:23:33.689 10 INFO neutron.wsgi [None req-8abc890f-8f61-4f86-9796-3c6d8319039c 33135f67f1bd4addb9e4c717e0b9cca2 554ac6df97b24ea2b7b467fe9e6819a7 - - default default] 162.253.55.38 "GET /v2.0/extensions/allowed-address-pairs HTTP/1.1" status: 200 len: 383 time: 0.0051372
2026-08-28 05:23:33.723 10 INFO neutron.wsgi [None req-22e5269b-2658-4b8c-94ea-cea76aa866ec 33135f67f1bd4addb9e4c717e0b9cca2 554ac6df97b24ea2b7b467fe9e6819a7 - - default default] 162.253.55.38 "GET /v2.0/ports/095170b6-77d7-4904-bdb6-badc4fa261f4 HTTP/1.1" status: 200 len: 1406 time: 0.0267227
2026-08-28 05:23:34.103 10 INFO neutron.db.ovn_revision_numbers_db [None req-71a2a492-9f97-4b29-a267-61b40cacac58 33135f67f1bd4addb9e4c717e0b9cca2 554ac6df97b24ea2b7b467fe9e6819a7 - - default default] Successfully bumped revision number for resource 095170b6-77d7-4904-bdb6-badc4fa261f4 (type: ports) to 6
2026-08-28 05:23:34.110 10 INFO neutron.wsgi [None req-71a2a492-9f97-4b29-a267-61b40cacac58 33135f67f1bd4addb9e4c717e0b9cca2 554ac6df97b24ea2b7b467fe9e6819a7 - - default default] 162.253.55.38 "PUT /v2.0/ports/095170b6-77d7-4904-bdb6-badc4fa261f4 HTTP/1.1" status: 200 len: 1203 time: 0.3810093 /var/lib/openstack/lib/python3.10/site-packages/pycadf/identifier.py:71: UserWarning: Invalid uuid: neutron. To ensure interoperability, identifiers should be a valid uuid. warnings.warn(('Invalid uuid: %s. To ensure interoperability, '
2026-08-28 05:23:34.161 10 INFO neutron.notifiers.nova [-] Nova event matching ['req-f37ccc70-f42c-4f95-aa64-a88d25dcb894'] response: {'name': 'network-changed', 'server_uuid': 'c53f1e48-d237-4201-86d9-89863f21a4e2', 'tag': '095170b6-77d7-4904-bdb6-badc4fa261f4', 'status': 'completed', 'code': 200}
2026-08-28 05:23:34.188 10 INFO neutron.wsgi [None req-249edd42-58e6-42b1-bb92-601b9ebaef01 33135f67f1bd4addb9e4c717e0b9cca2 554ac6df97b24ea2b7b467fe9e6819a7 - - default default] 162.253.55.38 "GET /v2.0/networks/3ac0e8ef-398b-4780-8049-89704ac3322f HTTP/1.1" status: 200 len: 1000 time: 0.0721667
2026-08-28 05:23:34.230 10 INFO neutron.wsgi [req-4ff8b588-998c-4657-8d2d-4c702be6f521 req-e3950b82-e006-40d3-b95f-ecb7b70d25f8 a45cfbf5301f4b66b2d2979c1357e31a 772c60c6023a4860b2a78696266f39d4 - - 8cefee79c7304dcf9c6f274a61c7b886 8cefee79c7304dcf9c6f274a61c7b886] 162.253.55.38 "GET /v2.0/ports?tenant_id=554ac6df97b24ea2b7b467fe9e6819a7&device_id=c53f1e48-d237-4201-86d9-89863f21a4e2 HTTP/1.1" status: 200 len: 3738 time: 0.0506778
2026-08-28 05:23:34.239 10 INFO neutron.wsgi [None req-f74f472b-8660-4de7-9b34-348331e0a7e8 33135f67f1bd4addb9e4c717e0b9cca2 554ac6df97b24ea2b7b467fe9e6819a7 - - default default] 162.253.55.38 "GET /v2.0/ports?device_id=c53f1e48-d237-4201-86d9-89863f21a4e2 HTTP/1.1" status: 200 len: 3738 time: 0.0451820
2026-08-28 05:23:34.286 10 INFO neutron.wsgi [req-4ff8b588-998c-4657-8d2d-4c702be6f521 req-458cd8fc-b8a0-40b1-9937-7ffb5ba46dba a45cfbf5301f4b66b2d2979c1357e31a 772c60c6023a4860b2a78696266f39d4 - - 8cefee79c7304dcf9c6f274a61c7b886 8cefee79c7304dcf9c6f274a61c7b886] 162.253.55.38 "GET /v2.0/networks?id=3ac0e8ef-398b-4780-8049-89704ac3322f HTTP/1.1" status: 200 len: 1003 time: 0.0496006
2026-08-28 05:23:34.357 10 INFO neutron.wsgi [req-4ff8b588-998c-4657-8d2d-4c702be6f521 req-e9988d79-d366-4871-bcce-e13eb75e84a2 a45cfbf5301f4b66b2d2979c1357e31a 772c60c6023a4860b2a78696266f39d4 - - 8cefee79c7304dcf9c6f274a61c7b886 8cefee79c7304dcf9c6f274a61c7b886] 162.253.55.38 "GET /v2.0/networks/3ac0e8ef-398b-4780-8049-89704ac3322f?fields=segments HTTP/1.1" status: 200 len: 212 time: 0.0669179
2026-08-28 05:23:34.376 10 INFO neutron.wsgi [None req-28d20ee7-8cc3-47a7-bb8c-bafd748c7f52 33135f67f1bd4addb9e4c717e0b9cca2 554ac6df97b24ea2b7b467fe9e6819a7 - - default default] 162.253.55.38 "GET /v2.0/ports?device_id=c53f1e48-d237-4201-86d9-89863f21a4e2 HTTP/1.1" status: 200 len: 3738 time: 0.0410037
2026-08-28 05:23:34.417 10 INFO neutron.wsgi [req-4ff8b588-998c-4657-8d2d-4c702be6f521 req-6c0839d9-1c93-412b-a646-99c0b6972c6b a45cfbf5301f4b66b2d2979c1357e31a 772c60c6023a4860b2a78696266f39d4 - - 8cefee79c7304dcf9c6f274a61c7b886 8cefee79c7304dcf9c6f274a61c7b886] 162.253.55.38 "GET /v2.0/networks/3ac0e8ef-398b-4780-8049-89704ac3322f?fields=provider%3Aphysical_network&fields=provider%3Anetwork_type HTTP/1.1" status: 200 len: 277 time: 0.0528104
2026-08-28 05:23:34.680 9 INFO neutron.plugins.ml2.drivers.ovn.mech_driver.mech_driver [None req-f1ee25d0-118e-43bc-b489-bd59cbe78a1e - - - - - -] OVN reports status down for port: 095170b6-77d7-4904-bdb6-badc4fa261f4
2026-08-28 05:23:34.759 10 INFO neutron.wsgi [req-13681465-6f49-438f-aea4-f4b0bb362ad9 req-7f5f01b3-3fd1-4495-8c94-c8f39cf7bad5 a45cfbf5301f4b66b2d2979c1357e31a 772c60c6023a4860b2a78696266f39d4 - - 8cefee79c7304dcf9c6f274a61c7b886 8cefee79c7304dcf9c6f274a61c7b886] 162.253.55.38 "GET /v2.0/ports/095170b6-77d7-4904-bdb6-badc4fa261f4 HTTP/1.1" status: 200 len: 1231 time: 0.0477872
2026-08-28 05:23:34.826 9 INFO neutron.notifiers.nova [-] Nova event matching ['req-ab49a5f5-4e76-4b9d-b8a2-df428d2fe4e4'] response: {'server_uuid': 'c53f1e48-d237-4201-86d9-89863f21a4e2', 'name': 'network-vif-unplugged', 'status': 'completed', 'tag': '095170b6-77d7-4904-bdb6-badc4fa261f4', 'code': 200}
2026-08-28 05:23:34.968 9 INFO neutron.db.ovn_revision_numbers_db [None req-f1ee25d0-118e-43bc-b489-bd59cbe78a1e - - - - - -] Successfully bumped revision number for resource 095170b6-77d7-4904-bdb6-badc4fa261f4 (type: ports) to 7
2026-08-28 05:23:35.039 10 INFO neutron.wsgi [req-13681465-6f49-438f-aea4-f4b0bb362ad9 req-66a08ee3-f1fc-4e7a-855a-2d3592e27302 33135f67f1bd4addb9e4c717e0b9cca2 554ac6df97b24ea2b7b467fe9e6819a7 - - default default] 162.253.55.38 "DELETE /v2.0/ports/095170b6-77d7-4904-bdb6-badc4fa261f4 HTTP/1.1" status: 204 len: 173 time: 0.2743776
2026-08-28 05:23:35.137 10 INFO neutron.wsgi [req-13681465-6f49-438f-aea4-f4b0bb362ad9 req-7812dcb8-006c-412a-91f4-c4c32bcf56ee a45cfbf5301f4b66b2d2979c1357e31a 772c60c6023a4860b2a78696266f39d4 - - 8cefee79c7304dcf9c6f274a61c7b886 8cefee79c7304dcf9c6f274a61c7b886] 162.253.55.38 "GET /v2.0/ports?tenant_id=554ac6df97b24ea2b7b467fe9e6819a7&device_id=c53f1e48-d237-4201-86d9-89863f21a4e2 HTTP/1.1" status: 200 len: 2715 time: 0.0503931
2026-08-28 05:23:35.219 10 INFO neutron.wsgi [req-13681465-6f49-438f-aea4-f4b0bb362ad9 req-38b2f899-0f63-42bd-bd0b-f05b726ab516 a45cfbf5301f4b66b2d2979c1357e31a 772c60c6023a4860b2a78696266f39d4 - - 8cefee79c7304dcf9c6f274a61c7b886 8cefee79c7304dcf9c6f274a61c7b886] 162.253.55.38 "GET /v2.0/networks?id=8b818973-eaa3-4332-a04c-b47878d68b9a&id=a8edb13b-9906-456e-b38f-12a699b3d178&id=3ac0e8ef-398b-4780-8049-89704ac3322f HTTP/1.1" status: 200 len: 2520 time: 0.0749514
2026-08-28 05:23:35.244 10 INFO neutron.wsgi [req-13681465-6f49-438f-aea4-f4b0bb362ad9 req-92ae347a-22e8-4855-8a98-ec4a79466f5a a45cfbf5301f4b66b2d2979c1357e31a 772c60c6023a4860b2a78696266f39d4 - - 8cefee79c7304dcf9c6f274a61c7b886 8cefee79c7304dcf9c6f274a61c7b886] 162.253.55.38 "GET /v2.0/floatingips?fixed_ip_address=172.24.3.1&port_id=773e7b82-05de-427b-b5c6-192f36fedc40 HTTP/1.1" status: 200 len: 217 time: 0.0188050
2026-08-28 05:23:35.276 10 INFO neutron.wsgi [req-13681465-6f49-438f-aea4-f4b0bb362ad9 req-04c35797-f550-4f01-9774-bc75e5f89ec1 a45cfbf5301f4b66b2d2979c1357e31a 772c60c6023a4860b2a78696266f39d4 - - 8cefee79c7304dcf9c6f274a61c7b886 8cefee79c7304dcf9c6f274a61c7b886] 162.253.55.38 "GET /v2.0/subnets?id=497ae576-9ede-4e80-9d74-fcd5539e4997 HTTP/1.1" status: 200 len: 829 time: 0.0260437
2026-08-28 05:23:35.294 10 INFO neutron.wsgi [req-13681465-6f49-438f-aea4-f4b0bb362ad9 req-6953c2bc-53d6-46cf-84a0-2c4d6e490e07 a45cfbf5301f4b66b2d2979c1357e31a 772c60c6023a4860b2a78696266f39d4 - - 8cefee79c7304dcf9c6f274a61c7b886 8cefee79c7304dcf9c6f274a61c7b886] 162.253.55.38 "GET /v2.0/ports?network_id=8b818973-eaa3-4332-a04c-b47878d68b9a&device_owner=network%3Adhcp HTTP/1.1" status: 200 len: 210 time: 0.0151238
2026-08-28 05:23:35.351 10 INFO neutron.wsgi [req-13681465-6f49-438f-aea4-f4b0bb362ad9 req-0bfe1f36-dcad-4fe0-8f1b-26b05fc29fa4 a45cfbf5301f4b66b2d2979c1357e31a 772c60c6023a4860b2a78696266f39d4 - - 8cefee79c7304dcf9c6f274a61c7b886 8cefee79c7304dcf9c6f274a61c7b886] 162.253.55.38 "GET /v2.0/networks/8b818973-eaa3-4332-a04c-b47878d68b9a?fields=segments HTTP/1.1" status: 200 len: 212 time: 0.0540626
2026-08-28 05:23:35.446 10 INFO neutron.wsgi [None req-aa04f4da-a011-4010-9077-74ff39261797 33135f67f1bd4addb9e4c717e0b9cca2 554ac6df97b24ea2b7b467fe9e6819a7 - - default default] 162.253.55.38 "GET /v2.0/ports?device_id=c53f1e48-d237-4201-86d9-89863f21a4e2 HTTP/1.1" status: 200 len: 2715 time: 0.0453234
2026-08-28 05:23:35.470 10 INFO neutron.wsgi [req-13681465-6f49-438f-aea4-f4b0bb362ad9 req-c8e6c000-1c4c-4a67-b11b-6f28829f91c5 a45cfbf5301f4b66b2d2979c1357e31a 772c60c6023a4860b2a78696266f39d4 - - 8cefee79c7304dcf9c6f274a61c7b886 8cefee79c7304dcf9c6f274a61c7b886] 162.253.55.38 "GET /v2.0/networks/8b818973-eaa3-4332-a04c-b47878d68b9a?fields=provider%3Aphysical_network&fields=provider%3Anetwork_type HTTP/1.1" status: 200 len: 277 time: 0.1160672
2026-08-28 05:23:35.488 10 INFO neutron.pecan_wsgi.hooks.translation [None req-581e0800-a96d-4244-9f84-d14ac2d6a19c 33135f67f1bd4addb9e4c717e0b9cca2 554ac6df97b24ea2b7b467fe9e6819a7 - - default default] DELETE failed (client error): The resource could not be found.
2026-08-28 05:23:35.490 10 INFO neutron.wsgi [None req-581e0800-a96d-4244-9f84-d14ac2d6a19c 33135f67f1bd4addb9e4c717e0b9cca2 554ac6df97b24ea2b7b467fe9e6819a7 - - default default] 162.253.55.38 "DELETE /v2.0/ports/095170b6-77d7-4904-bdb6-badc4fa261f4 HTTP/1.1" status: 404 len: 338 time: 0.0360413
2026-08-28 05:23:35.505 10 INFO neutron.wsgi [req-13681465-6f49-438f-aea4-f4b0bb362ad9 req-8dd11c45-a68e-4e97-81a3-1a132b9f3b36 a45cfbf5301f4b66b2d2979c1357e31a 772c60c6023a4860b2a78696266f39d4 - - 8cefee79c7304dcf9c6f274a61c7b886 8cefee79c7304dcf9c6f274a61c7b886] 162.253.55.38 "GET /v2.0/floatingips?fixed_ip_address=10.1.1.69&port_id=7652121c-c85a-46d8-9df7-115110270298 HTTP/1.1" status: 200 len: 217 time: 0.0253801
2026-08-28 05:23:35.554 10 INFO neutron.wsgi [req-13681465-6f49-438f-aea4-f4b0bb362ad9 req-2ea6c168-69af-4c73-b323-094d88d43188 a45cfbf5301f4b66b2d2979c1357e31a 772c60c6023a4860b2a78696266f39d4 - - 8cefee79c7304dcf9c6f274a61c7b886 8cefee79c7304dcf9c6f274a61c7b886] 162.253.55.38 "GET /v2.0/subnets?id=8540ec21-d403-4e14-9722-8e0d0c908731 HTTP/1.1" status: 200 len: 853 time: 0.0428019
2026-08-28 05:23:35.580 10 INFO neutron.wsgi [None req-dec76178-89a4-4c4f-93f7-5db6735906b3 33135f67f1bd4addb9e4c717e0b9cca2 554ac6df97b24ea2b7b467fe9e6819a7 - - default default] 162.253.55.38 "GET /v2.0/extensions/security-group HTTP/1.1" status: 200 len: 369 time: 0.0087688
2026-08-28 05:23:35.594 10 INFO neutron.wsgi [None req-373e3050-4510-43e9-8de3-1167600b0410 33135f67f1bd4addb9e4c717e0b9cca2 554ac6df97b24ea2b7b467fe9e6819a7 - - default default] 162.253.55.38 "GET /v2.0/extensions/dns-integration HTTP/1.1" status: 200 len: 371 time: 0.0047295
2026-08-28 05:23:35.596 10 INFO neutron.wsgi [req-13681465-6f49-438f-aea4-f4b0bb362ad9 req-5be6dae2-3359-45b8-a461-abbedee380de a45cfbf5301f4b66b2d2979c1357e31a 772c60c6023a4860b2a78696266f39d4 - - 8cefee79c7304dcf9c6f274a61c7b886 8cefee79c7304dcf9c6f274a61c7b886] 162.253.55.38 "GET /v2.0/ports?network_id=a8edb13b-9906-456e-b38f-12a699b3d178&device_owner=network%3Adhcp HTTP/1.1" status: 200 len: 210 time: 0.0355346
2026-08-28 05:23:35.605 10 INFO neutron.wsgi [None req-32948a43-45e8-497c-9139-894519dd79d4 33135f67f1bd4addb9e4c717e0b9cca2 554ac6df97b24ea2b7b467fe9e6819a7 - - default default] 162.253.55.38 "GET /v2.0/extensions/qos HTTP/1.1" status: 200 len: 365 time: 0.0058329
2026-08-28 05:23:35.618 10 INFO neutron.wsgi [None req-24e24caf-9fb4-4358-b9eb-ab5e21ecb123 33135f67f1bd4addb9e4c717e0b9cca2 554ac6df97b24ea2b7b467fe9e6819a7 - - default default] 162.253.55.38 "GET /v2.0/extensions/allowed-address-pairs HTTP/1.1" status: 200 len: 383 time: 0.0045261
2026-08-28 05:23:35.667 10 INFO neutron.wsgi [None req-35f1e1c3-5e6c-47e6-852d-a353afe8016a 33135f67f1bd4addb9e4c717e0b9cca2 554ac6df97b24ea2b7b467fe9e6819a7 - - default default] 162.253.55.38 "GET /v2.0/subnets/8540ec21-d403-4e14-9722-8e0d0c908731 HTTP/1.1" status: 200 len: 850 time: 0.0414803
2026-08-28 05:23:35.673 10 INFO neutron.wsgi [req-13681465-6f49-438f-aea4-f4b0bb362ad9 req-4220b76f-c58a-4c9b-8370-eae1b31c0304 a45cfbf5301f4b66b2d2979c1357e31a 772c60c6023a4860b2a78696266f39d4 - - 8cefee79c7304dcf9c6f274a61c7b886 8cefee79c7304dcf9c6f274a61c7b886] 162.253.55.38 "GET /v2.0/networks/a8edb13b-9906-456e-b38f-12a699b3d178?fields=segments HTTP/1.1" status: 200 len: 212 time: 0.0672002
2026-08-28 05:23:35.700 10 INFO neutron.wsgi [None req-b83157e5-1183-4167-a092-8b0dea1ebdeb 33135f67f1bd4addb9e4c717e0b9cca2 554ac6df97b24ea2b7b467fe9e6819a7 - - default default] 162.253.55.38 "GET /v2.0/ports/77bf03d9-06e8-46bc-8f94-ca53c5e99e98 HTTP/1.1" status: 200 len: 1336 time: 0.0266404
2026-08-28 05:23:35.737 10 INFO neutron.wsgi [None req-9b0953ae-8835-4679-9de3-9175d86439c7 33135f67f1bd4addb9e4c717e0b9cca2 554ac6df97b24ea2b7b467fe9e6819a7 - - default default] 162.253.55.38 "GET /v2.0/ports/7652121c-c85a-46d8-9df7-115110270298 HTTP/1.1" status: 200 len: 1514 time: 0.0257273
2026-08-28 05:23:35.753 10 INFO neutron.wsgi [req-13681465-6f49-438f-aea4-f4b0bb362ad9 req-aa206c86-ad2f-49b9-9492-7df104f76711 a45cfbf5301f4b66b2d2979c1357e31a 772c60c6023a4860b2a78696266f39d4 - - 8cefee79c7304dcf9c6f274a61c7b886 8cefee79c7304dcf9c6f274a61c7b886] 162.253.55.38 "GET /v2.0/networks/a8edb13b-9906-456e-b38f-12a699b3d178?fields=provider%3Aphysical_network&fields=provider%3Anetwork_type HTTP/1.1" status: 200 len: 277 time: 0.0679896
2026-08-28 05:23:35.773 10 INFO neutron.wsgi [None req-476e353f-80d5-46b2-9c70-97261ca4a013 33135f67f1bd4addb9e4c717e0b9cca2 554ac6df97b24ea2b7b467fe9e6819a7 - - default default] 162.253.55.38 "GET /v2.0/subnets/8540ec21-d403-4e14-9722-8e0d0c908731 HTTP/1.1" status: 200 len: 850 time: 0.0301173
2026-08-28 05:23:35.857 10 INFO neutron.wsgi [None req-4b12ef72-d1ec-4a0e-861e-16d0f2110750 33135f67f1bd4addb9e4c717e0b9cca2 554ac6df97b24ea2b7b467fe9e6819a7 - - default default] 162.253.55.38 "GET /v2.0/networks/a8edb13b-9906-456e-b38f-12a699b3d178 HTTP/1.1" status: 200 len: 1002 time: 0.0771101
2026-08-28 05:23:35.903 10 INFO neutron.wsgi [None req-afb0ca7d-1f54-4fb5-9af0-68e961eb576e 33135f67f1bd4addb9e4c717e0b9cca2 554ac6df97b24ea2b7b467fe9e6819a7 - - default default] 162.253.55.38 "GET /v2.0/ports/77bf03d9-06e8-46bc-8f94-ca53c5e99e98 HTTP/1.1" status: 200 len: 1336 time: 0.0369768
2026-08-28 05:23:35.934 10 INFO neutron.wsgi [None req-f2428b37-ade8-4a2f-b4b2-201fc4473b70 33135f67f1bd4addb9e4c717e0b9cca2 554ac6df97b24ea2b7b467fe9e6819a7 - - default default] 162.253.55.38 "GET /v2.0/subnets/8540ec21-d403-4e14-9722-8e0d0c908731 HTTP/1.1" status: 200 len: 850 time: 0.0248222
2026-08-28 05:23:36.207 10 INFO neutron.notifiers.nova [-] Nova event matching ['req-efd543ab-54f0-4ff0-a4b3-3e59ca1b0984'] response: {'server_uuid': 'c53f1e48-d237-4201-86d9-89863f21a4e2', 'name': 'network-vif-deleted', 'tag': '095170b6-77d7-4904-bdb6-badc4fa261f4', 'status': 'completed', 'code': 200}
2026-08-28 05:23:36.877 9 INFO neutron.notifiers.nova [-] Nova event matching ['req-a585d239-e2c7-4afb-ac83-30356fa3007c'] response: {'server_uuid': 'c53f1e48-d237-4201-86d9-89863f21a4e2', 'name': 'network-vif-plugged', 'status': 'completed', 'tag': '095170b6-77d7-4904-bdb6-badc4fa261f4', 'code': 200}
2026-08-28 05:23:40.589 9 INFO neutron.wsgi [-] 10.0.0.205 "GET / HTTP/1.1" status: 200 len: 246 time: 0.0035563
2026-08-28 05:23:40.593 9 INFO neutron.wsgi [-] 10.0.0.205 "GET / HTTP/1.1" status: 200 len: 246 time: 0.0029855
2026-08-28 05:23:44.892 10 INFO neutron.wsgi [None req-c4bbe687-8174-4fce-9661-f87a35cf29f6 33135f67f1bd4addb9e4c717e0b9cca2 554ac6df97b24ea2b7b467fe9e6819a7 - - default default] 162.253.55.38 "GET /v2.0/extensions/security-group HTTP/1.1" status: 200 len: 369 time: 0.0069754
2026-08-28 05:23:44.901 10 INFO neutron.wsgi [None req-bab165ee-dd64-491d-9c4c-707e0ce88ee2 33135f67f1bd4addb9e4c717e0b9cca2 554ac6df97b24ea2b7b467fe9e6819a7 - - default default] 162.253.55.38 "GET /v2.0/extensions/dns-integration HTTP/1.1" status: 200 len: 371 time: 0.0052643
2026-08-28 05:23:44.913 10 INFO neutron.wsgi [None req-bac63359-f4d3-486a-b44e-7b5c91dec347 33135f67f1bd4addb9e4c717e0b9cca2 554ac6df97b24ea2b7b467fe9e6819a7 - - default default] 162.253.55.38 "GET /v2.0/extensions/qos HTTP/1.1" status: 200 len: 365 time: 0.0086815
2026-08-28 05:23:44.931 10 INFO neutron.wsgi [None req-e2773e60-9d86-4a9e-bd5d-515c040057ce 33135f67f1bd4addb9e4c717e0b9cca2 554ac6df97b24ea2b7b467fe9e6819a7 - - default default] 162.253.55.38 "GET /v2.0/extensions/allowed-address-pairs HTTP/1.1" status: 200 len: 383 time: 0.0075612
2026-08-28 05:23:44.993 10 INFO neutron.wsgi [None req-5941931f-d648-41e4-8525-8024b82b81e3 33135f67f1bd4addb9e4c717e0b9cca2 554ac6df97b24ea2b7b467fe9e6819a7 - - default default] 162.253.55.38 "GET /v2.0/security-groups?name=lb-aa79e211-9d1e-4362-9444-992668ea84ef HTTP/1.1" status: 200 len: 2939 time: 0.0574467
2026-08-28 05:23:45.040 10 INFO neutron.wsgi [None req-85acf206-50f7-4a5d-a52f-e2917b766abe 33135f67f1bd4addb9e4c717e0b9cca2 554ac6df97b24ea2b7b467fe9e6819a7 - - default default] 162.253.55.38 "GET /v2.0/security-group-rules?security_group_id=b692fbca-bea3-4618-a372-d70ba3301fc4 HTTP/1.1" status: 200 len: 2406 time: 0.0396645
2026-08-28 05:23:45.153 10 INFO neutron.wsgi [None req-8f8f4804-4adf-4453-87fc-08c149455fb9 33135f67f1bd4addb9e4c717e0b9cca2 554ac6df97b24ea2b7b467fe9e6819a7 - - default default] 162.253.55.38 "DELETE /v2.0/security-group-rules/1b188238-9640-474c-a893-aa629eaa9972 HTTP/1.1" status: 204 len: 173 time: 0.1073275
2026-08-28 05:23:45.240 10 INFO neutron.wsgi [None req-266383d2-0e80-4fa2-9e4b-147949eb21d5 33135f67f1bd4addb9e4c717e0b9cca2 554ac6df97b24ea2b7b467fe9e6819a7 - - default default] 162.253.55.38 "DELETE /v2.0/security-group-rules/2fcbaf55-0657-4c5e-8cdc-24d8750fc57f HTTP/1.1" status: 204 len: 173 time: 0.0811279
2026-08-28 05:23:49.637 10 INFO neutron.db.l3_db [None req-6948f27c-c1f4-48ab-9f89-8a8223aba31d eb764ed209874bc0848a362e575917b6 92f768706dff4d36aeac4a9f6e6a408c - - default default] Floating IP c61426ff-bb0f-41f7-a867-b50c329a1cbb disassociated (deleted). External IP: 10.96.250.212, port: 77bf03d9-06e8-46bc-8f94-ca53c5e99e98.
2026-08-28 05:23:49.692 10 INFO neutron.wsgi [None req-6948f27c-c1f4-48ab-9f89-8a8223aba31d eb764ed209874bc0848a362e575917b6 92f768706dff4d36aeac4a9f6e6a408c - - default default] 10.0.0.74 "DELETE /v2.0/floatingips/c61426ff-bb0f-41f7-a867-b50c329a1cbb HTTP/1.1" status: 204 len: 168 time: 0.4162416 /var/lib/openstack/lib/python3.10/site-packages/pycadf/identifier.py:71: UserWarning: Invalid uuid: neutron. To ensure interoperability, identifiers should be a valid uuid. warnings.warn(('Invalid uuid: %s. To ensure interoperability, '
2026-08-28 05:23:49.715 10 INFO neutron.api.v2.resource [None req-295cb008-f537-47ac-99f7-5da78b09a1f0 eb764ed209874bc0848a362e575917b6 92f768706dff4d36aeac4a9f6e6a408c - - default default] show failed (client error): The resource could not be found.
2026-08-28 05:23:49.716 10 INFO neutron.wsgi [None req-295cb008-f537-47ac-99f7-5da78b09a1f0 eb764ed209874bc0848a362e575917b6 92f768706dff4d36aeac4a9f6e6a408c - - default default] 10.0.0.74 "GET /v2.0/floatingips/c61426ff-bb0f-41f7-a867-b50c329a1cbb HTTP/1.1" status: 404 len: 345 time: 0.0176990
2026-08-28 05:23:50.016 10 INFO neutron.wsgi [None req-2fbb58f5-7f69-4592-a4e4-34475c356d2a 33135f67f1bd4addb9e4c717e0b9cca2 554ac6df97b24ea2b7b467fe9e6819a7 - - default default] 162.253.55.38 "GET /v2.0/extensions/security-group HTTP/1.1" status: 200 len: 369 time: 0.0073614
2026-08-28 05:23:50.026 10 INFO neutron.wsgi [None req-d781b9eb-73c5-4d5c-af54-bf03003f9b53 33135f67f1bd4addb9e4c717e0b9cca2 554ac6df97b24ea2b7b467fe9e6819a7 - - default default] 162.253.55.38 "GET /v2.0/extensions/dns-integration HTTP/1.1" status: 200 len: 371 time: 0.0064025
2026-08-28 05:23:50.036 10 INFO neutron.wsgi [None req-56088081-d7da-4f04-a7f2-b73ecac04218 33135f67f1bd4addb9e4c717e0b9cca2 554ac6df97b24ea2b7b467fe9e6819a7 - - default default] 162.253.55.38 "GET /v2.0/extensions/qos HTTP/1.1" status: 200 len: 365 time: 0.0065944
2026-08-28 05:23:50.264 10 INFO neutron.wsgi [None req-78a2035f-c2fb-4529-9e81-c08d511d0fec 33135f67f1bd4addb9e4c717e0b9cca2 554ac6df97b24ea2b7b467fe9e6819a7 - - default default] 162.253.55.38 "GET /v2.0/extensions/allowed-address-pairs HTTP/1.1" status: 200 len: 383 time: 0.2243576
2026-08-28 05:23:50.294 10 INFO neutron.wsgi [None req-edac1a30-dc3c-42e4-bbe3-eba16e7f9c6c 33135f67f1bd4addb9e4c717e0b9cca2 554ac6df97b24ea2b7b467fe9e6819a7 - - default default] 162.253.55.38 "GET /v2.0/subnets/8540ec21-d403-4e14-9722-8e0d0c908731 HTTP/1.1" status: 200 len: 850 time: 0.0219805
2026-08-28 05:23:50.327 10 INFO neutron.wsgi [None req-92113fd3-d1ba-4386-bfdf-4c3294485637 33135f67f1bd4addb9e4c717e0b9cca2 554ac6df97b24ea2b7b467fe9e6819a7 - - default default] 162.253.55.38 "GET /v2.0/ports?device_id=c53f1e48-d237-4201-86d9-89863f21a4e2 HTTP/1.1" status: 200 len: 2715 time: 0.0274446
2026-08-28 05:23:50.361 10 INFO neutron.wsgi [None req-a53522bc-633b-4122-8145-37d8cd57a051 33135f67f1bd4addb9e4c717e0b9cca2 554ac6df97b24ea2b7b467fe9e6819a7 - - default default] 162.253.55.38 "GET /v2.0/ports?device_id=c53f1e48-d237-4201-86d9-89863f21a4e2 HTTP/1.1" status: 200 len: 2715 time: 0.0276909
2026-08-28 05:23:50.439 10 INFO neutron.wsgi [None req-8aff6d64-a578-4f70-9475-6b27289d7915 33135f67f1bd4addb9e4c717e0b9cca2 554ac6df97b24ea2b7b467fe9e6819a7 - - default default] 162.253.55.38 "GET /v2.0/ports?device_id=c53f1e48-d237-4201-86d9-89863f21a4e2 HTTP/1.1" status: 200 len: 2715 time: 0.0279465
2026-08-28 05:23:50.745 9 INFO neutron.plugins.ml2.drivers.ovn.mech_driver.mech_driver [None req-f1ee25d0-118e-43bc-b489-bd59cbe78a1e - - - - - -] OVN reports status down for port: 7652121c-c85a-46d8-9df7-115110270298
2026-08-28 05:23:50.752 10 INFO neutron.plugins.ml2.drivers.ovn.mech_driver.mech_driver [None req-357225a1-d873-437a-91e3-826650292d12 - - - - - -] OVN reports status down for port: 77bf03d9-06e8-46bc-8f94-ca53c5e99e98
2026-08-28 05:23:50.869 10 INFO neutron.wsgi [req-5b2bcde2-b9b8-4450-9b14-9f4ce716bcd2 req-0c197b76-9c35-4b98-bac1-78b9e678a465 a45cfbf5301f4b66b2d2979c1357e31a 772c60c6023a4860b2a78696266f39d4 - - 8cefee79c7304dcf9c6f274a61c7b886 8cefee79c7304dcf9c6f274a61c7b886] 162.253.55.38 "GET /v2.0/ports/7652121c-c85a-46d8-9df7-115110270298 HTTP/1.1" status: 200 len: 1514 time: 0.0695589
2026-08-28 05:23:50.922 10 INFO neutron.wsgi [req-5b2bcde2-b9b8-4450-9b14-9f4ce716bcd2 req-afa1f53f-ea18-406d-904a-e83a8037e37d 33135f67f1bd4addb9e4c717e0b9cca2 554ac6df97b24ea2b7b467fe9e6819a7 - - default default] 162.253.55.38 "GET /v2.0/ports/7652121c-c85a-46d8-9df7-115110270298?fields=binding%3Aprofile&fields=network_id HTTP/1.1" status: 200 len: 281 time: 0.0452275
2026-08-28 05:23:50.926 9 INFO neutron.notifiers.nova [-] Nova event matching ['req-0bb18aad-1214-444e-be6c-96589408a31c'] response: {'server_uuid': 'c53f1e48-d237-4201-86d9-89863f21a4e2', 'name': 'network-vif-unplugged', 'status': 'completed', 'tag': '7652121c-c85a-46d8-9df7-115110270298', 'code': 200}
2026-08-28 05:23:50.995 10 INFO neutron.db.ovn_revision_numbers_db [None req-44d8a19a-f7c9-45ae-beee-b39bac4a9bb4 - - - - - -] Successfully bumped revision number for resource 77bf03d9-06e8-46bc-8f94-ca53c5e99e98 (type: ports) to 6
2026-08-28 05:23:51.006 10 INFO neutron.wsgi [req-5b2bcde2-b9b8-4450-9b14-9f4ce716bcd2 req-d4092a0f-2591-4981-9b30-1e1cc006526e 33135f67f1bd4addb9e4c717e0b9cca2 554ac6df97b24ea2b7b467fe9e6819a7 - - default default] 162.253.55.38 "GET /v2.0/networks/a8edb13b-9906-456e-b38f-12a699b3d178?fields=dns_domain HTTP/1.1" status: 200 len: 227 time: 0.0803702
2026-08-28 05:23:51.073 9 INFO neutron.db.ovn_revision_numbers_db [None req-f1ee25d0-118e-43bc-b489-bd59cbe78a1e - - - - - -] Successfully bumped revision number for resource 7652121c-c85a-46d8-9df7-115110270298 (type: ports) to 7
2026-08-28 05:23:51.341 10 INFO neutron.db.ovn_revision_numbers_db [req-5b2bcde2-b9b8-4450-9b14-9f4ce716bcd2 req-c244c84d-4504-4af5-bc8f-47092a49a400 a45cfbf5301f4b66b2d2979c1357e31a 772c60c6023a4860b2a78696266f39d4 - - 8cefee79c7304dcf9c6f274a61c7b886 8cefee79c7304dcf9c6f274a61c7b886] Successfully bumped revision number for resource 7652121c-c85a-46d8-9df7-115110270298 (type: ports) to 8
2026-08-28 05:23:51.353 10 INFO neutron.wsgi [req-5b2bcde2-b9b8-4450-9b14-9f4ce716bcd2 req-c244c84d-4504-4af5-bc8f-47092a49a400 a45cfbf5301f4b66b2d2979c1357e31a 772c60c6023a4860b2a78696266f39d4 - - 8cefee79c7304dcf9c6f274a61c7b886 8cefee79c7304dcf9c6f274a61c7b886] 162.253.55.38 "PUT /v2.0/ports/7652121c-c85a-46d8-9df7-115110270298 HTTP/1.1" status: 200 len: 1346 time: 0.3408842 /var/lib/openstack/lib/python3.10/site-packages/pycadf/identifier.py:71: UserWarning: Invalid uuid: neutron. To ensure interoperability, identifiers should be a valid uuid. warnings.warn(('Invalid uuid: %s. To ensure interoperability, '
2026-08-28 05:23:51.433 10 INFO neutron.wsgi [req-5b2bcde2-b9b8-4450-9b14-9f4ce716bcd2 req-fa52a7e5-3ab7-4167-ba11-ad0c1fc7cd3a a45cfbf5301f4b66b2d2979c1357e31a 772c60c6023a4860b2a78696266f39d4 - - 8cefee79c7304dcf9c6f274a61c7b886 8cefee79c7304dcf9c6f274a61c7b886] 162.253.55.38 "GET /v2.0/ports?tenant_id=554ac6df97b24ea2b7b467fe9e6819a7&device_id=c53f1e48-d237-4201-86d9-89863f21a4e2 HTTP/1.1" status: 200 len: 1409 time: 0.0278411
2026-08-28 05:23:51.488 10 INFO neutron.wsgi [None req-7f535cc7-07c7-4f75-8740-6e4c9c9a6e14 33135f67f1bd4addb9e4c717e0b9cca2 554ac6df97b24ea2b7b467fe9e6819a7 - - default default] 162.253.55.38 "GET /v2.0/ports?device_id=c53f1e48-d237-4201-86d9-89863f21a4e2 HTTP/1.1" status: 200 len: 1409 time: 0.0421081
2026-08-28 05:23:51.525 10 INFO neutron.wsgi [req-5b2bcde2-b9b8-4450-9b14-9f4ce716bcd2 req-fb4b24e7-6cfb-4259-b30a-7c62ed04f28f a45cfbf5301f4b66b2d2979c1357e31a 772c60c6023a4860b2a78696266f39d4 - - 8cefee79c7304dcf9c6f274a61c7b886 8cefee79c7304dcf9c6f274a61c7b886] 162.253.55.38 "GET /v2.0/networks?id=8b818973-eaa3-4332-a04c-b47878d68b9a&id=a8edb13b-9906-456e-b38f-12a699b3d178 HTTP/1.1" status: 200 len: 1730 time: 0.0847130
2026-08-28 05:23:51.588 10 INFO neutron.wsgi [req-5b2bcde2-b9b8-4450-9b14-9f4ce716bcd2 req-15f3d4d8-c51c-4a09-872f-f82d8ba5ff0a a45cfbf5301f4b66b2d2979c1357e31a 772c60c6023a4860b2a78696266f39d4 - - 8cefee79c7304dcf9c6f274a61c7b886 8cefee79c7304dcf9c6f274a61c7b886] 162.253.55.38 "GET /v2.0/floatingips?fixed_ip_address=172.24.3.1&port_id=773e7b82-05de-427b-b5c6-192f36fedc40 HTTP/1.1" status: 200 len: 217 time: 0.0549495
2026-08-28 05:23:51.646 10 INFO neutron.wsgi [req-5b2bcde2-b9b8-4450-9b14-9f4ce716bcd2 req-267e8ba3-f58f-47d5-9fb9-7a621a73690d a45cfbf5301f4b66b2d2979c1357e31a 772c60c6023a4860b2a78696266f39d4 - - 8cefee79c7304dcf9c6f274a61c7b886 8cefee79c7304dcf9c6f274a61c7b886] 162.253.55.38 "GET /v2.0/subnets?id=497ae576-9ede-4e80-9d74-fcd5539e4997 HTTP/1.1" status: 200 len: 829 time: 0.0523825
2026-08-28 05:23:51.674 10 INFO neutron.wsgi [req-5b2bcde2-b9b8-4450-9b14-9f4ce716bcd2 req-499d8368-fc6a-4af2-b74c-8664dc453f05 a45cfbf5301f4b66b2d2979c1357e31a 772c60c6023a4860b2a78696266f39d4 - - 8cefee79c7304dcf9c6f274a61c7b886 8cefee79c7304dcf9c6f274a61c7b886] 162.253.55.38 "GET /v2.0/ports?network_id=8b818973-eaa3-4332-a04c-b47878d68b9a&device_owner=network%3Adhcp HTTP/1.1" status: 200 len: 210 time: 0.0193019
2026-08-28 05:23:51.738 10 INFO neutron.wsgi [req-5b2bcde2-b9b8-4450-9b14-9f4ce716bcd2 req-daed83c6-8aad-4891-be1c-35702f14a3ff a45cfbf5301f4b66b2d2979c1357e31a 772c60c6023a4860b2a78696266f39d4 - - 8cefee79c7304dcf9c6f274a61c7b886 8cefee79c7304dcf9c6f274a61c7b886] 162.253.55.38 "GET /v2.0/networks/8b818973-eaa3-4332-a04c-b47878d68b9a?fields=segments HTTP/1.1" status: 200 len: 212 time: 0.0544484
2026-08-28 05:23:51.844 10 INFO neutron.wsgi [req-5b2bcde2-b9b8-4450-9b14-9f4ce716bcd2 req-1b88863a-53d8-4be3-a08e-f2ed53f5b116 a45cfbf5301f4b66b2d2979c1357e31a 772c60c6023a4860b2a78696266f39d4 - - 8cefee79c7304dcf9c6f274a61c7b886 8cefee79c7304dcf9c6f274a61c7b886] 162.253.55.38 "GET /v2.0/networks/8b818973-eaa3-4332-a04c-b47878d68b9a?fields=provider%3Aphysical_network&fields=provider%3Anetwork_type HTTP/1.1" status: 200 len: 277 time: 0.0984404
2026-08-28 05:23:52.008 10 INFO neutron.db.ovn_revision_numbers_db [None req-5467682d-a3f8-4ae3-8e75-19fd7b43b883 33135f67f1bd4addb9e4c717e0b9cca2 554ac6df97b24ea2b7b467fe9e6819a7 - - default default] Successfully bumped revision number for resource 7652121c-c85a-46d8-9df7-115110270298 (type: ports) to 9
2026-08-28 05:23:52.028 10 INFO neutron.wsgi [None req-5467682d-a3f8-4ae3-8e75-19fd7b43b883 33135f67f1bd4addb9e4c717e0b9cca2 554ac6df97b24ea2b7b467fe9e6819a7 - - default default] 162.253.55.38 "PUT /v2.0/ports/7652121c-c85a-46d8-9df7-115110270298 HTTP/1.1" status: 200 len: 1286 time: 0.5336630 /var/lib/openstack/lib/python3.10/site-packages/pycadf/identifier.py:71: UserWarning: Invalid uuid: neutron. To ensure interoperability, identifiers should be a valid uuid. warnings.warn(('Invalid uuid: %s. To ensure interoperability, '
2026-08-28 05:23:52.064 10 INFO neutron.wsgi [None req-55e4950f-af00-4321-a62f-2ede69da7a43 33135f67f1bd4addb9e4c717e0b9cca2 554ac6df97b24ea2b7b467fe9e6819a7 - - default default] 162.253.55.38 "GET /v2.0/ports/7652121c-c85a-46d8-9df7-115110270298 HTTP/1.1" status: 200 len: 1286 time: 0.0300617
2026-08-28 05:23:52.111 10 INFO neutron.db.ovn_revision_numbers_db [None req-44d8a19a-f7c9-45ae-beee-b39bac4a9bb4 - - - - - -] Successfully bumped revision number for resource 77bf03d9-06e8-46bc-8f94-ca53c5e99e98 (type: ports) to 8
2026-08-28 05:23:52.292 10 INFO neutron.wsgi [None req-1417ec4e-b3f6-4b4b-ba72-bb96f77a224d 33135f67f1bd4addb9e4c717e0b9cca2 554ac6df97b24ea2b7b467fe9e6819a7 - - default default] 162.253.55.38 "DELETE /v2.0/ports/7652121c-c85a-46d8-9df7-115110270298 HTTP/1.1" status: 204 len: 173 time: 0.2215178
2026-08-28 05:23:52.336 10 INFO neutron.wsgi [None req-efdf68b9-69f0-4679-b4c1-79b7aa9e3107 33135f67f1bd4addb9e4c717e0b9cca2 554ac6df97b24ea2b7b467fe9e6819a7 - - default default] 162.253.55.38 "GET /v2.0/extensions/security-group HTTP/1.1" status: 200 len: 369 time: 0.0049584
2026-08-28 05:23:52.348 10 INFO neutron.wsgi [None req-06f9143d-9cb6-410d-a7f2-5c597d75bf52 33135f67f1bd4addb9e4c717e0b9cca2 554ac6df97b24ea2b7b467fe9e6819a7 - - default default] 162.253.55.38 "GET /v2.0/extensions/dns-integration HTTP/1.1" status: 200 len: 371 time: 0.0044138
2026-08-28 05:23:52.359 10 INFO neutron.wsgi [None req-32602ab7-51b7-42c5-851d-8759359ee88c 33135f67f1bd4addb9e4c717e0b9cca2 554ac6df97b24ea2b7b467fe9e6819a7 - - default default] 162.253.55.38 "GET /v2.0/extensions/qos HTTP/1.1" status: 200 len: 365 time: 0.0044260
2026-08-28 05:23:52.372 10 INFO neutron.wsgi [None req-b03697d4-a0b2-4160-bca0-b3247535c214 33135f67f1bd4addb9e4c717e0b9cca2 554ac6df97b24ea2b7b467fe9e6819a7 - - default default] 162.253.55.38 "GET /v2.0/extensions/allowed-address-pairs HTTP/1.1" status: 200 len: 383 time: 0.0046728
2026-08-28 05:23:52.394 10 INFO neutron.pecan_wsgi.hooks.translation [None req-628de91c-d164-482f-84c3-18b663ed7a3e 33135f67f1bd4addb9e4c717e0b9cca2 554ac6df97b24ea2b7b467fe9e6819a7 - - default default] DELETE failed (client error): The resource could not be found.
2026-08-28 05:23:52.396 10 INFO neutron.wsgi [None req-628de91c-d164-482f-84c3-18b663ed7a3e 33135f67f1bd4addb9e4c717e0b9cca2 554ac6df97b24ea2b7b467fe9e6819a7 - - default default] 162.253.55.38 "DELETE /v2.0/ports/7652121c-c85a-46d8-9df7-115110270298 HTTP/1.1" status: 404 len: 338 time: 0.0162790
2026-08-28 05:23:52.433 10 INFO neutron.wsgi [None req-abf53b42-9ecc-4c6e-8f8a-d9b6d0f0d898 33135f67f1bd4addb9e4c717e0b9cca2 554ac6df97b24ea2b7b467fe9e6819a7 - - default default] 162.253.55.38 "GET /v2.0/ports/77bf03d9-06e8-46bc-8f94-ca53c5e99e98 HTTP/1.1" status: 200 len: 1328 time: 0.0293412
2026-08-28 05:23:52.472 10 INFO neutron.wsgi [None req-683b77ae-b93a-43e5-a957-f172312161cf 33135f67f1bd4addb9e4c717e0b9cca2 554ac6df97b24ea2b7b467fe9e6819a7 - - default default] 162.253.55.38 "GET /v2.0/security-groups?name=lb-aa79e211-9d1e-4362-9444-992668ea84ef HTTP/1.1" status: 200 len: 1775 time: 0.0312624
2026-08-28 05:23:52.505 10 INFO neutron.wsgi [None req-8a5c8ad5-29c9-48d7-89b7-bd8915c36a95 33135f67f1bd4addb9e4c717e0b9cca2 554ac6df97b24ea2b7b467fe9e6819a7 - - default default] 162.253.55.38 "GET /v2.0/ports/77bf03d9-06e8-46bc-8f94-ca53c5e99e98 HTTP/1.1" status: 200 len: 1328 time: 0.0267243
2026-08-28 05:23:52.890 10 INFO neutron.db.ovn_revision_numbers_db [None req-70c170ab-9dc0-402e-bf52-ee2ac6006cc5 33135f67f1bd4addb9e4c717e0b9cca2 554ac6df97b24ea2b7b467fe9e6819a7 - - default default] Successfully bumped revision number for resource 77bf03d9-06e8-46bc-8f94-ca53c5e99e98 (type: ports) to 9
2026-08-28 05:23:52.913 10 INFO neutron.wsgi [None req-70c170ab-9dc0-402e-bf52-ee2ac6006cc5 33135f67f1bd4addb9e4c717e0b9cca2 554ac6df97b24ea2b7b467fe9e6819a7 - - default default] 162.253.55.38 "PUT /v2.0/ports/77bf03d9-06e8-46bc-8f94-ca53c5e99e98 HTTP/1.1" status: 200 len: 1290 time: 0.4013000
2026-08-28 05:23:52.974 9 INFO neutron.notifiers.nova [-] Nova event matching ['req-dfb32376-c64e-4110-a791-8f85893c7584'] response: {'server_uuid': 'c53f1e48-d237-4201-86d9-89863f21a4e2', 'name': 'network-vif-plugged', 'status': 'completed', 'tag': '7652121c-c85a-46d8-9df7-115110270298', 'code': 200}
2026-08-28 05:23:53.049 10 INFO neutron.wsgi [None req-a0d5f2c7-54eb-4841-b174-5d4f48bdabe6 33135f67f1bd4addb9e4c717e0b9cca2 554ac6df97b24ea2b7b467fe9e6819a7 - - default default] 162.253.55.38 "DELETE /v2.0/security-groups/b692fbca-bea3-4618-a372-d70ba3301fc4 HTTP/1.1" status: 204 len: 173 time: 0.1297331
2026-08-28 05:23:53.314 10 INFO neutron.wsgi [None req-c35045d1-2bb6-48ba-aa00-9f03bfcdcda5 33135f67f1bd4addb9e4c717e0b9cca2 554ac6df97b24ea2b7b467fe9e6819a7 - - default default] 162.253.55.38 "DELETE /v2.0/ports/77bf03d9-06e8-46bc-8f94-ca53c5e99e98 HTTP/1.1" status: 204 len: 173 time: 0.2600646
2026-08-28 05:23:53.619 10 INFO neutron.plugins.ml2.drivers.ovn.mech_driver.mech_driver [None req-357225a1-d873-437a-91e3-826650292d12 - - - - - -] OVN reports status down for port: 773e7b82-05de-427b-b5c6-192f36fedc40
2026-08-28 05:23:53.790 10 INFO neutron.notifiers.nova [-] Nova event matching ['req-67b2e9a6-cdbe-44fb-a773-f29a99a7fad0'] response: {'server_uuid': 'c53f1e48-d237-4201-86d9-89863f21a4e2', 'name': 'network-vif-unplugged', 'status': 'completed', 'tag': '773e7b82-05de-427b-b5c6-192f36fedc40', 'code': 200}
2026-08-28 05:23:53.933 10 INFO neutron.wsgi [req-de445da3-547b-45d1-9a14-19ccc6c22907 req-45831139-e626-4a06-a31f-708cf1995725 33135f67f1bd4addb9e4c717e0b9cca2 554ac6df97b24ea2b7b467fe9e6819a7 - - default default] 162.253.55.38 "GET /v2.0/ports?device_id=c53f1e48-d237-4201-86d9-89863f21a4e2 HTTP/1.1" status: 200 len: 1407 time: 0.0569944
2026-08-28 05:23:53.989 10 INFO neutron.db.ovn_revision_numbers_db [None req-357225a1-d873-437a-91e3-826650292d12 - - - - - -] Successfully bumped revision number for resource 773e7b82-05de-427b-b5c6-192f36fedc40 (type: ports) to 5
2026-08-28 05:23:54.228 10 INFO neutron.wsgi [req-de445da3-547b-45d1-9a14-19ccc6c22907 req-d20b28bf-982e-4e6e-a37b-3b8664ac4cac 33135f67f1bd4addb9e4c717e0b9cca2 554ac6df97b24ea2b7b467fe9e6819a7 - - default default] 162.253.55.38 "DELETE /v2.0/ports/773e7b82-05de-427b-b5c6-192f36fedc40 HTTP/1.1" status: 204 len: 173 time: 0.2890503 /var/lib/openstack/lib/python3.10/site-packages/pycadf/identifier.py:71: UserWarning: Invalid uuid: neutron. To ensure interoperability, identifiers should be a valid uuid. warnings.warn(('Invalid uuid: %s. To ensure interoperability, '
2026-08-28 05:23:55.368 10 INFO neutron.db.l3_db [None req-139486cd-f8f1-48ea-98e5-9b02d9d5d27a eb764ed209874bc0848a362e575917b6 92f768706dff4d36aeac4a9f6e6a408c - - default default] Floating IP 3788c507-0a7b-4d56-86d9-80c504384c15 disassociated (deleted). External IP: 10.96.250.213, port: 432d4273-35cc-4bba-a5b2-ab551000aa36.
2026-08-28 05:23:55.419 10 INFO neutron.wsgi [None req-139486cd-f8f1-48ea-98e5-9b02d9d5d27a eb764ed209874bc0848a362e575917b6 92f768706dff4d36aeac4a9f6e6a408c - - default default] 10.0.0.74 "DELETE /v2.0/floatingips/3788c507-0a7b-4d56-86d9-80c504384c15 HTTP/1.1" status: 204 len: 168 time: 0.3614666
2026-08-28 05:23:55.450 10 INFO neutron.api.v2.resource [None req-6aae00f3-3e92-42b2-8256-b1134c77b4ca eb764ed209874bc0848a362e575917b6 92f768706dff4d36aeac4a9f6e6a408c - - default default] show failed (client error): The resource could not be found.
2026-08-28 05:23:55.452 10 INFO neutron.wsgi [None req-6aae00f3-3e92-42b2-8256-b1134c77b4ca eb764ed209874bc0848a362e575917b6 92f768706dff4d36aeac4a9f6e6a408c - - default default] 10.0.0.74 "GET /v2.0/floatingips/3788c507-0a7b-4d56-86d9-80c504384c15 HTTP/1.1" status: 404 len: 345 time: 0.0265460
2026-08-28 05:23:55.587 10 INFO neutron.wsgi [-] 10.0.0.205 "GET / HTTP/1.1" status: 200 len: 246 time: 0.0017309
2026-08-28 05:23:55.589 10 INFO neutron.wsgi [-] 10.0.0.205 "GET / HTTP/1.1" status: 200 len: 246 time: 0.0012276 /var/lib/openstack/lib/python3.10/site-packages/pycadf/identifier.py:71: UserWarning: Invalid uuid: neutron. To ensure interoperability, identifiers should be a valid uuid. warnings.warn(('Invalid uuid: %s. To ensure interoperability, '
2026-08-28 05:23:55.669 9 INFO neutron.plugins.ml2.drivers.ovn.mech_driver.mech_driver [None req-f1ee25d0-118e-43bc-b489-bd59cbe78a1e - - - - - -] OVN reports status down for port: 432d4273-35cc-4bba-a5b2-ab551000aa36
2026-08-28 05:23:55.757 9 INFO neutron.wsgi [req-fa34cca6-9218-417f-bd84-fcc3628397f6 req-979df750-d166-42ab-8470-2a9fc5e1eb0b eb764ed209874bc0848a362e575917b6 92f768706dff4d36aeac4a9f6e6a408c - - default default] 10.0.0.225 "GET /v2.0/ports?device_id=aac9ce2c-8100-4c18-a9f0-8c799a620631 HTTP/1.1" status: 200 len: 1404 time: 0.1354511
2026-08-28 05:23:55.833 10 INFO neutron.notifiers.nova [-] Nova event matching ['req-d91e4902-500c-4d60-9ac0-d358fb336291'] response: {'server_uuid': 'c53f1e48-d237-4201-86d9-89863f21a4e2', 'name': 'network-vif-plugged', 'status': 'completed', 'tag': '773e7b82-05de-427b-b5c6-192f36fedc40', 'code': 200}
2026-08-28 05:23:55.833 10 INFO neutron.notifiers.nova [-] Nova event matching ['req-d91e4902-500c-4d60-9ac0-d358fb336291'] response: {'server_uuid': 'c53f1e48-d237-4201-86d9-89863f21a4e2', 'name': 'network-vif-deleted', 'tag': '773e7b82-05de-427b-b5c6-192f36fedc40', 'status': 'completed', 'code': 200}
2026-08-28 05:23:55.833 10 INFO neutron.notifiers.nova [-] Nova event matching ['req-d91e4902-500c-4d60-9ac0-d358fb336291'] response: {'name': 'network-changed', 'server_uuid': 'aac9ce2c-8100-4c18-a9f0-8c799a620631', 'tag': '432d4273-35cc-4bba-a5b2-ab551000aa36', 'status': 'completed', 'code': 200}
2026-08-28 05:23:55.848 9 INFO neutron.wsgi [req-fa34cca6-9218-417f-bd84-fcc3628397f6 req-4ecdbd5a-347d-479d-bbb9-b7f595cea1a0 eb764ed209874bc0848a362e575917b6 92f768706dff4d36aeac4a9f6e6a408c - - default default] 10.0.0.225 "GET /v2.0/security-groups?id=f7f0ebe7-0518-400c-afdc-70f3c7e255bd&fields=id&fields=name HTTP/1.1" status: 200 len: 310 time: 0.0822859
2026-08-28 05:23:55.861 9 INFO neutron.notifiers.nova [-] Nova event matching ['req-f11f8e11-3282-4a54-b28f-03a3a2c98dee'] response: {'server_uuid': 'aac9ce2c-8100-4c18-a9f0-8c799a620631', 'name': 'network-vif-unplugged', 'status': 'completed', 'tag': '432d4273-35cc-4bba-a5b2-ab551000aa36', 'code': 200}
2026-08-28 05:23:55.927 10 INFO neutron.wsgi [req-03a705df-b54e-4fe1-ba76-0a88536df8a9 req-23be3690-1078-4052-9893-d6e308f8724b a45cfbf5301f4b66b2d2979c1357e31a 772c60c6023a4860b2a78696266f39d4 - - 8cefee79c7304dcf9c6f274a61c7b886 8cefee79c7304dcf9c6f274a61c7b886] 162.253.55.38 "GET /v2.0/ports?tenant_id=92f768706dff4d36aeac4a9f6e6a408c&device_id=aac9ce2c-8100-4c18-a9f0-8c799a620631 HTTP/1.1" status: 200 len: 1640 time: 0.0611153
2026-08-28 05:23:55.990 9 INFO neutron.wsgi [req-dd57406a-c9b0-4cfe-aa60-7f1794257fe1 req-31e3dc76-5bf6-473e-be6c-07bf3024bde4 eb764ed209874bc0848a362e575917b6 92f768706dff4d36aeac4a9f6e6a408c - - default default] 162.253.55.38 "GET /v2.0/ports?device_id=aac9ce2c-8100-4c18-a9f0-8c799a620631 HTTP/1.1" status: 200 len: 1402 time: 0.0402360
2026-08-28 05:23:56.014 10 INFO neutron.wsgi [req-03a705df-b54e-4fe1-ba76-0a88536df8a9 req-d2a7bff7-71e8-441f-a9a1-ed0b3f07ba7e a45cfbf5301f4b66b2d2979c1357e31a 772c60c6023a4860b2a78696266f39d4 - - 8cefee79c7304dcf9c6f274a61c7b886 8cefee79c7304dcf9c6f274a61c7b886] 162.253.55.38 "GET /v2.0/networks?id=9846d87b-56ca-427f-93ce-f474db9e01d8 HTTP/1.1" status: 200 len: 1002 time: 0.0746343
2026-08-28 05:23:56.048 10 INFO neutron.wsgi [req-03a705df-b54e-4fe1-ba76-0a88536df8a9 req-c28c18a0-b782-4b88-b1fb-2aa1b4208209 a45cfbf5301f4b66b2d2979c1357e31a 772c60c6023a4860b2a78696266f39d4 - - 8cefee79c7304dcf9c6f274a61c7b886 8cefee79c7304dcf9c6f274a61c7b886] 162.253.55.38 "GET /v2.0/floatingips?fixed_ip_address=10.2.2.206&port_id=432d4273-35cc-4bba-a5b2-ab551000aa36 HTTP/1.1" status: 200 len: 217 time: 0.0273972
2026-08-28 05:23:56.067 9 INFO neutron.db.ovn_revision_numbers_db [None req-f1ee25d0-118e-43bc-b489-bd59cbe78a1e - - - - - -] Successfully bumped revision number for resource 432d4273-35cc-4bba-a5b2-ab551000aa36 (type: ports) to 5
2026-08-28 05:23:56.090 10 INFO neutron.wsgi [req-03a705df-b54e-4fe1-ba76-0a88536df8a9 req-b4265af8-a6df-4021-a4c7-5d613ce32dcd a45cfbf5301f4b66b2d2979c1357e31a 772c60c6023a4860b2a78696266f39d4 - - 8cefee79c7304dcf9c6f274a61c7b886 8cefee79c7304dcf9c6f274a61c7b886] 162.253.55.38 "GET /v2.0/floatingips?fixed_ip_address=fd77%3A1457%3A4cf0%3A26a8%3A%3A10c&port_id=432d4273-35cc-4bba-a5b2-ab551000aa36 HTTP/1.1" status: 200 len: 217 time: 0.0348034
2026-08-28 05:23:56.134 10 INFO neutron.wsgi [req-03a705df-b54e-4fe1-ba76-0a88536df8a9 req-8ba3c181-ff8f-4e1f-ad42-0333312e4748 a45cfbf5301f4b66b2d2979c1357e31a 772c60c6023a4860b2a78696266f39d4 - - 8cefee79c7304dcf9c6f274a61c7b886 8cefee79c7304dcf9c6f274a61c7b886] 162.253.55.38 "GET /v2.0/subnets?id=3d14b946-df76-4789-9f85-3efdacda2480&id=7f1cfd05-ddc7-47d8-8bd1-e395bf14502c HTTP/1.1" status: 200 len: 1567 time: 0.0388668
2026-08-28 05:23:56.157 10 INFO neutron.wsgi [req-03a705df-b54e-4fe1-ba76-0a88536df8a9 req-b944efbf-e567-4b86-974b-3c1d96a4c0a9 a45cfbf5301f4b66b2d2979c1357e31a 772c60c6023a4860b2a78696266f39d4 - - 8cefee79c7304dcf9c6f274a61c7b886 8cefee79c7304dcf9c6f274a61c7b886] 162.253.55.38 "GET /v2.0/ports?network_id=9846d87b-56ca-427f-93ce-f474db9e01d8&device_owner=network%3Adhcp HTTP/1.1" status: 200 len: 210 time: 0.0171285
2026-08-28 05:23:56.180 10 INFO neutron.wsgi [req-03a705df-b54e-4fe1-ba76-0a88536df8a9 req-7f0fcae0-56a7-45a8-8ee8-d8817c38799a a45cfbf5301f4b66b2d2979c1357e31a 772c60c6023a4860b2a78696266f39d4 - - 8cefee79c7304dcf9c6f274a61c7b886 8cefee79c7304dcf9c6f274a61c7b886] 162.253.55.38 "GET /v2.0/ports?network_id=9846d87b-56ca-427f-93ce-f474db9e01d8&device_owner=network%3Adhcp HTTP/1.1" status: 200 len: 210 time: 0.0167873
2026-08-28 05:23:56.242 10 INFO neutron.wsgi [req-03a705df-b54e-4fe1-ba76-0a88536df8a9 req-f097545e-46ea-4821-b116-549f7de21e0e a45cfbf5301f4b66b2d2979c1357e31a 772c60c6023a4860b2a78696266f39d4 - - 8cefee79c7304dcf9c6f274a61c7b886 8cefee79c7304dcf9c6f274a61c7b886] 162.253.55.38 "GET /v2.0/networks/9846d87b-56ca-427f-93ce-f474db9e01d8?fields=segments HTTP/1.1" status: 200 len: 212 time: 0.0555973
2026-08-28 05:23:56.300 10 INFO neutron.wsgi [req-03a705df-b54e-4fe1-ba76-0a88536df8a9 req-6abed696-3a9a-4fa4-bbdd-adb3db4d4482 a45cfbf5301f4b66b2d2979c1357e31a 772c60c6023a4860b2a78696266f39d4 - - 8cefee79c7304dcf9c6f274a61c7b886 8cefee79c7304dcf9c6f274a61c7b886] 162.253.55.38 "GET /v2.0/networks/9846d87b-56ca-427f-93ce-f474db9e01d8?fields=provider%3Aphysical_network&fields=provider%3Anetwork_type HTTP/1.1" status: 200 len: 277 time: 0.0512166
2026-08-28 05:23:56.314 9 INFO neutron.wsgi [req-dd57406a-c9b0-4cfe-aa60-7f1794257fe1 req-6464d01f-cb39-4402-b6d0-e5e6d25c7f4a eb764ed209874bc0848a362e575917b6 92f768706dff4d36aeac4a9f6e6a408c - - default default] 162.253.55.38 "DELETE /v2.0/ports/432d4273-35cc-4bba-a5b2-ab551000aa36 HTTP/1.1" status: 204 len: 173 time: 0.3153031
2026-08-28 05:23:57.920 9 INFO neutron.notifiers.nova [-] Nova event matching ['req-9097cf3d-8374-4075-99bb-f544c508256b'] response: {'server_uuid': 'aac9ce2c-8100-4c18-a9f0-8c799a620631', 'name': 'network-vif-plugged', 'status': 'completed', 'tag': '432d4273-35cc-4bba-a5b2-ab551000aa36', 'code': 200}
2026-08-28 05:23:57.922 9 INFO neutron.notifiers.nova [-] Nova event matching ['req-9097cf3d-8374-4075-99bb-f544c508256b'] response: {'server_uuid': 'aac9ce2c-8100-4c18-a9f0-8c799a620631', 'name': 'network-vif-deleted', 'tag': '432d4273-35cc-4bba-a5b2-ab551000aa36', 'status': 'completed', 'code': 200} /var/lib/openstack/lib/python3.10/site-packages/pycadf/identifier.py:71: UserWarning: Invalid uuid: neutron. To ensure interoperability, identifiers should be a valid uuid. warnings.warn(('Invalid uuid: %s. To ensure interoperability, '
2026-08-28 05:24:01.325 9 INFO neutron.db.l3_db [None req-2f80068c-a4f4-4b32-a7df-8622465c5abd eb764ed209874bc0848a362e575917b6 92f768706dff4d36aeac4a9f6e6a408c - - default default] Floating IP 49e89799-5a87-45a4-bb78-84f548e13b20 disassociated (deleted). External IP: 10.96.250.214, port: a72f449f-355a-4373-93ba-c468d797b431.
