2026-08-28 05:19:28.422 10 INFO neutron.wsgi [req-0aaa5c19-6434-40db-91cf-4dbd776e9ef5 req-e552d1d1-b086-480f-8785-a511464f2484 a45cfbf5301f4b66b2d2979c1357e31a 772c60c6023a4860b2a78696266f39d4 - - 8cefee79c7304dcf9c6f274a61c7b886 8cefee79c7304dcf9c6f274a61c7b886] 162.253.55.38 "GET /v2.0/ports?tenant_id=b5462de04e814ec995a0cda05a9fb28e&device_id=63c95e71-ebf5-4356-a998-c7fb48700685 HTTP/1.1" status: 200 len: 1413 time: 0.0464730
2026-08-28 05:19:28.430 9 INFO neutron.db.ovn_revision_numbers_db [None req-562acc60-4811-420a-ab76-74030eee9232 33135f67f1bd4addb9e4c717e0b9cca2 554ac6df97b24ea2b7b467fe9e6819a7 - - default default] Successfully bumped revision number for resource 95f73804-ccc9-4b6f-8dc5-14bef2fbd450 (type: security_group_rules) to 0
2026-08-28 05:19:28.450 9 INFO neutron.wsgi [req-88b5336e-6fbd-4cd1-a692-bbe54c4311fc req-6f225812-d6ca-4255-b22c-f60c46d3fc07 f789e42922e544a8844a4341b5afbfaa b5462de04e814ec995a0cda05a9fb28e - - default default] 10.0.0.225 "GET /v2.0/ports?device_id=63c95e71-ebf5-4356-a998-c7fb48700685 HTTP/1.1" status: 200 len: 1174 time: 0.0706987
2026-08-28 05:19:28.465 9 INFO neutron.db.ovn_revision_numbers_db [None req-562acc60-4811-420a-ab76-74030eee9232 33135f67f1bd4addb9e4c717e0b9cca2 554ac6df97b24ea2b7b467fe9e6819a7 - - default default] Successfully bumped revision number for resource a90093e8-933b-4ed0-8011-e2c6aec40acf (type: security_group_rules) to 0
2026-08-28 05:19:28.488 9 INFO neutron.db.ovn_revision_numbers_db [None req-562acc60-4811-420a-ab76-74030eee9232 33135f67f1bd4addb9e4c717e0b9cca2 554ac6df97b24ea2b7b467fe9e6819a7 - - default default] Successfully bumped revision number for resource f88fb29c-f4ee-459c-9ac3-1812e766ddfa (type: security_group_rules) to 0
2026-08-28 05:19:28.509 10 INFO neutron.wsgi [req-0aaa5c19-6434-40db-91cf-4dbd776e9ef5 req-23e166f0-4fb8-4eb8-9680-d06c6ce2c0d6 a45cfbf5301f4b66b2d2979c1357e31a 772c60c6023a4860b2a78696266f39d4 - - 8cefee79c7304dcf9c6f274a61c7b886 8cefee79c7304dcf9c6f274a61c7b886] 162.253.55.38 "GET /v2.0/networks?id=b9d68eb4-4394-4c3f-895d-10f5c0c7cd98 HTTP/1.1" status: 200 len: 974 time: 0.0773828
2026-08-28 05:19:28.525 9 INFO neutron.wsgi [req-88b5336e-6fbd-4cd1-a692-bbe54c4311fc req-185cea92-261f-446f-8481-e5b06ed54f4d f789e42922e544a8844a4341b5afbfaa b5462de04e814ec995a0cda05a9fb28e - - default default] 10.0.0.225 "GET /v2.0/security-groups?id=98adce29-7e0c-44b7-8444-149492ba0d7b&fields=id&fields=name HTTP/1.1" status: 200 len: 312 time: 0.0670362
2026-08-28 05:19:28.527 9 INFO neutron.wsgi [None req-562acc60-4811-420a-ab76-74030eee9232 33135f67f1bd4addb9e4c717e0b9cca2 554ac6df97b24ea2b7b467fe9e6819a7 - - default default] 10.0.0.74 "GET /v2.0/security-groups?tenant_id=8b908d9aad3b4ea492fb3d4cdddda9a4&name=default HTTP/1.1" status: 200 len: 2996 time: 0.3229258
2026-08-28 05:19:28.567 10 INFO neutron.wsgi [req-0aaa5c19-6434-40db-91cf-4dbd776e9ef5 req-a2d28014-adf8-4890-bcdf-6970eec8b35c a45cfbf5301f4b66b2d2979c1357e31a 772c60c6023a4860b2a78696266f39d4 - - 8cefee79c7304dcf9c6f274a61c7b886 8cefee79c7304dcf9c6f274a61c7b886] 162.253.55.38 "GET /v2.0/floatingips?fixed_ip_address=10.100.0.10&port_id=407ac333-9d47-4d15-abcb-86a6233248fa HTTP/1.1" status: 200 len: 1060 time: 0.0479171
2026-08-28 05:19:28.631 10 INFO neutron.wsgi [req-0aaa5c19-6434-40db-91cf-4dbd776e9ef5 req-ee9f0bf7-d125-463a-9772-b6dbdc05c654 a45cfbf5301f4b66b2d2979c1357e31a 772c60c6023a4860b2a78696266f39d4 - - 8cefee79c7304dcf9c6f274a61c7b886 8cefee79c7304dcf9c6f274a61c7b886] 162.253.55.38 "GET /v2.0/subnets?id=d509e5ae-0bfc-46fc-b9fe-cebb3f9be8a5 HTTP/1.1" status: 200 len: 869 time: 0.0425794
2026-08-28 05:19:28.665 10 INFO neutron.wsgi [req-0aaa5c19-6434-40db-91cf-4dbd776e9ef5 req-9eabd3c4-66af-49eb-b220-587e107d1eec a45cfbf5301f4b66b2d2979c1357e31a 772c60c6023a4860b2a78696266f39d4 - - 8cefee79c7304dcf9c6f274a61c7b886 8cefee79c7304dcf9c6f274a61c7b886] 162.253.55.38 "GET /v2.0/ports?network_id=b9d68eb4-4394-4c3f-895d-10f5c0c7cd98&device_owner=network%3Adhcp HTTP/1.1" status: 200 len: 210 time: 0.0262017
2026-08-28 05:19:28.747 10 INFO neutron.wsgi [req-0aaa5c19-6434-40db-91cf-4dbd776e9ef5 req-a9fec695-c90c-4692-a8f4-d4f4bc629db4 a45cfbf5301f4b66b2d2979c1357e31a 772c60c6023a4860b2a78696266f39d4 - - 8cefee79c7304dcf9c6f274a61c7b886 8cefee79c7304dcf9c6f274a61c7b886] 162.253.55.38 "GET /v2.0/networks/b9d68eb4-4394-4c3f-895d-10f5c0c7cd98?fields=segments HTTP/1.1" status: 200 len: 212 time: 0.0747316
2026-08-28 05:19:28.796 9 INFO neutron.wsgi [None req-9728e626-b523-471f-8bfc-42e78afabc57 33135f67f1bd4addb9e4c717e0b9cca2 554ac6df97b24ea2b7b467fe9e6819a7 - - default default] 10.0.0.74 "DELETE /v2.0/security-groups/70657c79-04b0-4492-b8bb-74c6559d3bc8 HTTP/1.1" status: 204 len: 168 time: 0.2645640
2026-08-28 05:19:28.815 10 INFO neutron.wsgi [req-0aaa5c19-6434-40db-91cf-4dbd776e9ef5 req-60185741-49cd-4101-a20a-e28bb6b4627b a45cfbf5301f4b66b2d2979c1357e31a 772c60c6023a4860b2a78696266f39d4 - - 8cefee79c7304dcf9c6f274a61c7b886 8cefee79c7304dcf9c6f274a61c7b886] 162.253.55.38 "GET /v2.0/networks/b9d68eb4-4394-4c3f-895d-10f5c0c7cd98?fields=provider%3Aphysical_network&fields=provider%3Anetwork_type HTTP/1.1" status: 200 len: 277 time: 0.0626562
2026-08-28 05:19:29.043 10 INFO neutron.plugins.ml2.drivers.ovn.mech_driver.mech_driver [None req-357225a1-d873-437a-91e3-826650292d12 - - - - - -] OVN reports status down for port: 407ac333-9d47-4d15-abcb-86a6233248fa
2026-08-28 05:19:29.236 10 INFO neutron.notifiers.nova [-] Nova event matching ['req-2d349ab8-f69e-4767-877d-96285108dea7'] response: {'server_uuid': '63c95e71-ebf5-4356-a998-c7fb48700685', 'name': 'network-vif-unplugged', 'status': 'completed', 'tag': '407ac333-9d47-4d15-abcb-86a6233248fa', 'code': 200}
2026-08-28 05:19:29.437 10 INFO neutron.db.ovn_revision_numbers_db [None req-24c69fd1-ecf3-4652-92e0-cc9e93a84a32 89b6f11343de4c8fabbc7588cc89ccb0 07ef5a81c9b044d68cc15130865e36eb - - default default] Successfully bumped revision number for resource df119834-0c72-4012-84d5-768f4d9f1952 (type: security_groups) to 1
2026-08-28 05:19:29.442 10 INFO neutron.db.ovn_revision_numbers_db [None req-357225a1-d873-437a-91e3-826650292d12 - - - - - -] Successfully bumped revision number for resource 407ac333-9d47-4d15-abcb-86a6233248fa (type: ports) to 5
2026-08-28 05:19:29.459 10 INFO neutron.db.ovn_revision_numbers_db [None req-24c69fd1-ecf3-4652-92e0-cc9e93a84a32 89b6f11343de4c8fabbc7588cc89ccb0 07ef5a81c9b044d68cc15130865e36eb - - default default] Successfully bumped revision number for resource 2e682df6-fb04-4682-8215-0bb98811882f (type: security_group_rules) to 0
2026-08-28 05:19:29.479 10 INFO neutron.db.ovn_revision_numbers_db [None req-24c69fd1-ecf3-4652-92e0-cc9e93a84a32 89b6f11343de4c8fabbc7588cc89ccb0 07ef5a81c9b044d68cc15130865e36eb - - default default] Successfully bumped revision number for resource 43c68b73-b15c-4bbb-8d03-5e06b387f84c (type: security_group_rules) to 0
2026-08-28 05:19:29.503 10 INFO neutron.db.ovn_revision_numbers_db [None req-24c69fd1-ecf3-4652-92e0-cc9e93a84a32 89b6f11343de4c8fabbc7588cc89ccb0 07ef5a81c9b044d68cc15130865e36eb - - default default] Successfully bumped revision number for resource a53510af-8fdb-448e-8e7a-cc0629dbc9a9 (type: security_group_rules) to 0
2026-08-28 05:19:29.531 10 INFO neutron.db.ovn_revision_numbers_db [None req-24c69fd1-ecf3-4652-92e0-cc9e93a84a32 89b6f11343de4c8fabbc7588cc89ccb0 07ef5a81c9b044d68cc15130865e36eb - - default default] Successfully bumped revision number for resource a80e2647-73e6-47a9-8c34-055a429ce8fc (type: security_group_rules) to 0
2026-08-28 05:19:29.602 10 INFO neutron.db.segments_db [None req-24c69fd1-ecf3-4652-92e0-cc9e93a84a32 89b6f11343de4c8fabbc7588cc89ccb0 07ef5a81c9b044d68cc15130865e36eb - - default default] Added segment 5c7bca19-ff3f-4ea8-bb57-6f3fcf4ffbf3 of type geneve for network 32e8254f-d7e2-4a2c-9f21-21bd027359fb
2026-08-28 05:19:29.625 10 INFO neutron.plugins.ml2.drivers.ovn.mech_driver.mech_driver [None req-357225a1-d873-437a-91e3-826650292d12 - - - - - -] OVN reports status up for port: 407ac333-9d47-4d15-abcb-86a6233248fa
2026-08-28 05:19:29.651 10 INFO neutron.plugins.ml2.plugin [None req-357225a1-d873-437a-91e3-826650292d12 - - - - - -] Attempt 1 to provision port 407ac333-9d47-4d15-abcb-86a6233248fa
2026-08-28 05:19:29.655 9 INFO neutron.wsgi [req-bb0c7b8e-802a-4f13-9db1-99a39e71f217 req-bb29f90a-15d5-4d55-88c9-21d33d2b1053 f789e42922e544a8844a4341b5afbfaa b5462de04e814ec995a0cda05a9fb28e - - default default] 10.0.0.225 "GET /v2.0/ports?device_id=63c95e71-ebf5-4356-a998-c7fb48700685 HTTP/1.1" status: 200 len: 1172 time: 0.0583510
2026-08-28 05:19:29.714 9 INFO neutron.wsgi [req-bb0c7b8e-802a-4f13-9db1-99a39e71f217 req-2dcf984a-02f3-47e1-b54d-acf809bf28e6 f789e42922e544a8844a4341b5afbfaa b5462de04e814ec995a0cda05a9fb28e - - default default] 10.0.0.225 "GET /v2.0/security-groups?id=98adce29-7e0c-44b7-8444-149492ba0d7b&fields=id&fields=name HTTP/1.1" status: 200 len: 312 time: 0.0538661
2026-08-28 05:19:29.769 10 INFO neutron.db.ovn_revision_numbers_db [None req-24c69fd1-ecf3-4652-92e0-cc9e93a84a32 89b6f11343de4c8fabbc7588cc89ccb0 07ef5a81c9b044d68cc15130865e36eb - - default default] Successfully bumped revision number for resource 32e8254f-d7e2-4a2c-9f21-21bd027359fb (type: networks) to 1
2026-08-28 05:19:30.012 10 WARNING neutron.scheduler.dhcp_agent_scheduler [None req-24c69fd1-ecf3-4652-92e0-cc9e93a84a32 89b6f11343de4c8fabbc7588cc89ccb0 07ef5a81c9b044d68cc15130865e36eb - - default default] No more DHCP agents
2026-08-28 05:19:30.017 10 WARNING neutron.api.rpc.agentnotifiers.dhcp_rpc_agent_api [None req-24c69fd1-ecf3-4652-92e0-cc9e93a84a32 89b6f11343de4c8fabbc7588cc89ccb0 07ef5a81c9b044d68cc15130865e36eb - - default default] Unable to schedule network 32e8254f-d7e2-4a2c-9f21-21bd027359fb: no agents available; will retry on subsequent port and subnet creation events.
2026-08-28 05:19:30.026 10 INFO neutron.db.ovn_revision_numbers_db [None req-357225a1-d873-437a-91e3-826650292d12 - - - - - -] Successfully bumped revision number for resource 407ac333-9d47-4d15-abcb-86a6233248fa (type: ports) to 6
2026-08-28 05:19:30.117 10 INFO neutron.db.ovn_revision_numbers_db [None req-24c69fd1-ecf3-4652-92e0-cc9e93a84a32 89b6f11343de4c8fabbc7588cc89ccb0 07ef5a81c9b044d68cc15130865e36eb - - default default] Successfully bumped revision number for resource 0ef764d6-feb3-482e-b2a9-708b8e7af18c (type: ports) to 1
2026-08-28 05:19:30.137 10 INFO neutron.wsgi [None req-24c69fd1-ecf3-4652-92e0-cc9e93a84a32 89b6f11343de4c8fabbc7588cc89ccb0 07ef5a81c9b044d68cc15130865e36eb - - default default] 10.0.0.74 "POST /v2.0/networks HTTP/1.1" status: 201 len: 848 time: 1.1265068 /var/lib/openstack/lib/python3.10/site-packages/pycadf/identifier.py:71: UserWarning: Invalid uuid: neutron. To ensure interoperability, identifiers should be a valid uuid. warnings.warn(('Invalid uuid: %s. To ensure interoperability, '
2026-08-28 05:19:30.287 9 INFO neutron.db.ovn_revision_numbers_db [None req-5a690fcd-4e31-43e8-97b7-21bec61d2e58 33135f67f1bd4addb9e4c717e0b9cca2 554ac6df97b24ea2b7b467fe9e6819a7 - - default default] Successfully bumped revision number for resource 0e5407e6-167a-489e-a674-6c1486dce4eb (type: security_groups) to 1
2026-08-28 05:19:30.303 9 INFO neutron.db.ovn_revision_numbers_db [None req-5a690fcd-4e31-43e8-97b7-21bec61d2e58 33135f67f1bd4addb9e4c717e0b9cca2 554ac6df97b24ea2b7b467fe9e6819a7 - - default default] Successfully bumped revision number for resource 42171290-df73-4330-9593-25718005422e (type: security_group_rules) to 0
2026-08-28 05:19:30.315 9 INFO neutron.db.ovn_revision_numbers_db [None req-5a690fcd-4e31-43e8-97b7-21bec61d2e58 33135f67f1bd4addb9e4c717e0b9cca2 554ac6df97b24ea2b7b467fe9e6819a7 - - default default] Successfully bumped revision number for resource eb9dbe34-ee1b-403d-af3c-d9553bec94dd (type: security_group_rules) to 0
2026-08-28 05:19:30.329 9 INFO neutron.db.ovn_revision_numbers_db [None req-5a690fcd-4e31-43e8-97b7-21bec61d2e58 33135f67f1bd4addb9e4c717e0b9cca2 554ac6df97b24ea2b7b467fe9e6819a7 - - default default] Successfully bumped revision number for resource f55a9539-ebbd-4f2d-8747-1b749bce1177 (type: security_group_rules) to 0
2026-08-28 05:19:30.342 9 INFO neutron.db.ovn_revision_numbers_db [None req-5a690fcd-4e31-43e8-97b7-21bec61d2e58 33135f67f1bd4addb9e4c717e0b9cca2 554ac6df97b24ea2b7b467fe9e6819a7 - - default default] Successfully bumped revision number for resource fa9cf08d-eb17-4b56-8dd5-58e9680b0472 (type: security_group_rules) to 0
2026-08-28 05:19:30.366 10 WARNING neutron.scheduler.dhcp_agent_scheduler [None req-e3b2ad2f-3568-4c8b-b718-d677bc62ad0e 89b6f11343de4c8fabbc7588cc89ccb0 07ef5a81c9b044d68cc15130865e36eb - - default default] No more DHCP agents
2026-08-28 05:19:30.370 10 WARNING neutron.api.rpc.agentnotifiers.dhcp_rpc_agent_api [None req-e3b2ad2f-3568-4c8b-b718-d677bc62ad0e 89b6f11343de4c8fabbc7588cc89ccb0 07ef5a81c9b044d68cc15130865e36eb - - default default] Unable to schedule network 32e8254f-d7e2-4a2c-9f21-21bd027359fb: no agents available; will retry on subsequent port and subnet creation events.
2026-08-28 05:19:30.380 9 INFO neutron.wsgi [None req-5a690fcd-4e31-43e8-97b7-21bec61d2e58 33135f67f1bd4addb9e4c717e0b9cca2 554ac6df97b24ea2b7b467fe9e6819a7 - - default default] 10.0.0.74 "GET /v2.0/security-groups?tenant_id=1756f3635e944e1191783ec58646523a&name=default HTTP/1.1" status: 200 len: 2996 time: 0.3339403
2026-08-28 05:19:30.440 10 INFO neutron.db.ovn_revision_numbers_db [None req-e3b2ad2f-3568-4c8b-b718-d677bc62ad0e 89b6f11343de4c8fabbc7588cc89ccb0 07ef5a81c9b044d68cc15130865e36eb - - default default] Successfully bumped revision number for resource 9a3c7e34-3a2a-4bfb-8180-2295b3a86ebf (type: ports) to 1
2026-08-28 05:19:30.479 10 INFO neutron.wsgi [None req-e3b2ad2f-3568-4c8b-b718-d677bc62ad0e 89b6f11343de4c8fabbc7588cc89ccb0 07ef5a81c9b044d68cc15130865e36eb - - default default] 10.0.0.74 "POST /v2.0/ports HTTP/1.1" status: 201 len: 978 time: 0.3370152 /var/lib/openstack/lib/python3.10/site-packages/pycadf/identifier.py:71: UserWarning: Invalid uuid: neutron. To ensure interoperability, identifiers should be a valid uuid. warnings.warn(('Invalid uuid: %s. To ensure interoperability, '
2026-08-28 05:19:30.560 10 INFO neutron.db.segments_db [None req-05bd03e3-3bb8-4a2b-8915-2ddfab450244 89b6f11343de4c8fabbc7588cc89ccb0 07ef5a81c9b044d68cc15130865e36eb - - default default] Added segment 7018847c-cf8c-42a0-901c-27857d6957ca of type geneve for network 6ee34498-6274-41ce-8c90-f71a99f12994
2026-08-28 05:19:30.600 9 INFO neutron.wsgi [None req-22fdd11d-f9b1-458f-9822-cf1a41c7a4f4 33135f67f1bd4addb9e4c717e0b9cca2 554ac6df97b24ea2b7b467fe9e6819a7 - - default default] 10.0.0.74 "DELETE /v2.0/security-groups/0e5407e6-167a-489e-a674-6c1486dce4eb HTTP/1.1" status: 204 len: 168 time: 0.2161093
2026-08-28 05:19:30.750 10 INFO neutron.db.ovn_revision_numbers_db [None req-05bd03e3-3bb8-4a2b-8915-2ddfab450244 89b6f11343de4c8fabbc7588cc89ccb0 07ef5a81c9b044d68cc15130865e36eb - - default default] Successfully bumped revision number for resource 6ee34498-6274-41ce-8c90-f71a99f12994 (type: networks) to 1
2026-08-28 05:19:30.835 10 INFO neutron.wsgi [req-4b218af9-0b24-4454-b9de-a59ab1fca06d req-ed94aeea-cdca-4821-a0ee-e09591c5e683 f789e42922e544a8844a4341b5afbfaa b5462de04e814ec995a0cda05a9fb28e - - default default] 10.0.0.225 "GET /v2.0/ports?device_id=63c95e71-ebf5-4356-a998-c7fb48700685 HTTP/1.1" status: 200 len: 1174 time: 0.0440621
2026-08-28 05:19:30.868 9 INFO neutron.db.ovn_revision_numbers_db [None req-baf0d32a-e24e-4bdc-bbfe-4cd4decc28c5 33135f67f1bd4addb9e4c717e0b9cca2 554ac6df97b24ea2b7b467fe9e6819a7 - - default default] Successfully bumped revision number for resource 772805b5-d7de-410e-aa36-9818cf920446 (type: security_groups) to 1
2026-08-28 05:19:30.884 9 INFO neutron.db.ovn_revision_numbers_db [None req-baf0d32a-e24e-4bdc-bbfe-4cd4decc28c5 33135f67f1bd4addb9e4c717e0b9cca2 554ac6df97b24ea2b7b467fe9e6819a7 - - default default] Successfully bumped revision number for resource 6c3bae12-f08a-45d8-b00f-f92924201d07 (type: security_group_rules) to 0
2026-08-28 05:19:30.888 10 INFO neutron.wsgi [req-4b218af9-0b24-4454-b9de-a59ab1fca06d req-086645de-0d04-4949-8854-441428ad8eea f789e42922e544a8844a4341b5afbfaa b5462de04e814ec995a0cda05a9fb28e - - default default] 10.0.0.225 "GET /v2.0/security-groups?id=98adce29-7e0c-44b7-8444-149492ba0d7b&fields=id&fields=name HTTP/1.1" status: 200 len: 312 time: 0.0436428
2026-08-28 05:19:30.900 9 INFO neutron.db.ovn_revision_numbers_db [None req-baf0d32a-e24e-4bdc-bbfe-4cd4decc28c5 33135f67f1bd4addb9e4c717e0b9cca2 554ac6df97b24ea2b7b467fe9e6819a7 - - default default] Successfully bumped revision number for resource b3b0b892-a1f2-4207-b87d-4743b3e7df82 (type: security_group_rules) to 0
2026-08-28 05:19:30.921 9 INFO neutron.db.ovn_revision_numbers_db [None req-baf0d32a-e24e-4bdc-bbfe-4cd4decc28c5 33135f67f1bd4addb9e4c717e0b9cca2 554ac6df97b24ea2b7b467fe9e6819a7 - - default default] Successfully bumped revision number for resource e47f9df7-e167-46c2-a567-1ea449633959 (type: security_group_rules) to 0
2026-08-28 05:19:30.935 9 INFO neutron.db.ovn_revision_numbers_db [None req-baf0d32a-e24e-4bdc-bbfe-4cd4decc28c5 33135f67f1bd4addb9e4c717e0b9cca2 554ac6df97b24ea2b7b467fe9e6819a7 - - default default] Successfully bumped revision number for resource f4b2c5e9-c42f-4490-979f-601fb8cecf69 (type: security_group_rules) to 0
2026-08-28 05:19:30.953 9 INFO neutron.wsgi [None req-baf0d32a-e24e-4bdc-bbfe-4cd4decc28c5 33135f67f1bd4addb9e4c717e0b9cca2 554ac6df97b24ea2b7b467fe9e6819a7 - - default default] 10.0.0.74 "GET /v2.0/security-groups?tenant_id=4154601b28ab42a2b09e3d14d5033592&name=default HTTP/1.1" status: 200 len: 2996 time: 0.2013714
2026-08-28 05:19:31.123 9 INFO neutron.wsgi [None req-e82ebb4b-e4dd-4519-aea4-12034d42612c 33135f67f1bd4addb9e4c717e0b9cca2 554ac6df97b24ea2b7b467fe9e6819a7 - - default default] 10.0.0.74 "DELETE /v2.0/security-groups/772805b5-d7de-410e-aa36-9818cf920446 HTTP/1.1" status: 204 len: 168 time: 0.1625531
2026-08-28 05:19:31.180 10 WARNING neutron.scheduler.dhcp_agent_scheduler [None req-05bd03e3-3bb8-4a2b-8915-2ddfab450244 89b6f11343de4c8fabbc7588cc89ccb0 07ef5a81c9b044d68cc15130865e36eb - - default default] No more DHCP agents
2026-08-28 05:19:31.183 10 WARNING neutron.api.rpc.agentnotifiers.dhcp_rpc_agent_api [None req-05bd03e3-3bb8-4a2b-8915-2ddfab450244 89b6f11343de4c8fabbc7588cc89ccb0 07ef5a81c9b044d68cc15130865e36eb - - default default] Unable to schedule network 6ee34498-6274-41ce-8c90-f71a99f12994: no agents available; will retry on subsequent port and subnet creation events.
2026-08-28 05:19:31.267 10 INFO neutron.db.ovn_revision_numbers_db [None req-05bd03e3-3bb8-4a2b-8915-2ddfab450244 89b6f11343de4c8fabbc7588cc89ccb0 07ef5a81c9b044d68cc15130865e36eb - - default default] Successfully bumped revision number for resource a7410eb6-79e7-4304-89fe-bb4a3bc78861 (type: ports) to 1
2026-08-28 05:19:31.287 10 INFO neutron.wsgi [None req-05bd03e3-3bb8-4a2b-8915-2ddfab450244 89b6f11343de4c8fabbc7588cc89ccb0 07ef5a81c9b044d68cc15130865e36eb - - default default] 10.0.0.74 "POST /v2.0/networks HTTP/1.1" status: 201 len: 835 time: 0.8041043
2026-08-28 05:19:31.301 10 INFO neutron.notifiers.nova [-] Nova event matching ['req-d1b40f02-5361-45ab-a9a0-659eaf564a77'] response: {'server_uuid': '63c95e71-ebf5-4356-a998-c7fb48700685', 'name': 'network-vif-plugged', 'status': 'completed', 'tag': '407ac333-9d47-4d15-abcb-86a6233248fa', 'code': 200}
2026-08-28 05:19:31.302 10 INFO neutron.notifiers.nova [-] Nova event matching ['req-d1b40f02-5361-45ab-a9a0-659eaf564a77'] response: {'server_uuid': '63c95e71-ebf5-4356-a998-c7fb48700685', 'name': 'network-vif-plugged', 'status': 'completed', 'tag': '407ac333-9d47-4d15-abcb-86a6233248fa', 'code': 200}
2026-08-28 05:19:31.302 10 INFO neutron.notifiers.nova [-] Nova event matching ['req-d1b40f02-5361-45ab-a9a0-659eaf564a77'] response: {'server_uuid': '63c95e71-ebf5-4356-a998-c7fb48700685', 'name': 'network-vif-plugged', 'status': 'completed', 'tag': '407ac333-9d47-4d15-abcb-86a6233248fa', 'code': 200}
2026-08-28 05:19:31.503 10 WARNING neutron.scheduler.dhcp_agent_scheduler [None req-c5b3c976-0c4b-46b0-b0c8-9e4b0ab5739a 89b6f11343de4c8fabbc7588cc89ccb0 07ef5a81c9b044d68cc15130865e36eb - - default default] No more DHCP agents
2026-08-28 05:19:31.505 10 WARNING neutron.api.rpc.agentnotifiers.dhcp_rpc_agent_api [None req-c5b3c976-0c4b-46b0-b0c8-9e4b0ab5739a 89b6f11343de4c8fabbc7588cc89ccb0 07ef5a81c9b044d68cc15130865e36eb - - default default] Unable to schedule network 6ee34498-6274-41ce-8c90-f71a99f12994: no agents available; will retry on subsequent port and subnet creation events.
2026-08-28 05:19:31.537 10 INFO neutron.db.ovn_revision_numbers_db [None req-c5b3c976-0c4b-46b0-b0c8-9e4b0ab5739a 89b6f11343de4c8fabbc7588cc89ccb0 07ef5a81c9b044d68cc15130865e36eb - - default default] Successfully bumped revision number for resource 52b8096d-1527-4ce3-b0aa-812f99a0432c (type: subnets) to 0
2026-08-28 05:19:31.552 10 INFO neutron.wsgi [None req-c5b3c976-0c4b-46b0-b0c8-9e4b0ab5739a 89b6f11343de4c8fabbc7588cc89ccb0 07ef5a81c9b044d68cc15130865e36eb - - default default] 10.0.0.74 "POST /v2.0/subnets HTTP/1.1" status: 201 len: 821 time: 0.2614458
2026-08-28 05:19:31.880 10 WARNING neutron.scheduler.dhcp_agent_scheduler [None req-1a02968c-2c37-43d2-a78c-da7764c68eff 89b6f11343de4c8fabbc7588cc89ccb0 07ef5a81c9b044d68cc15130865e36eb - - default default] No more DHCP agents
2026-08-28 05:19:31.882 10 WARNING neutron.api.rpc.agentnotifiers.dhcp_rpc_agent_api [None req-1a02968c-2c37-43d2-a78c-da7764c68eff 89b6f11343de4c8fabbc7588cc89ccb0 07ef5a81c9b044d68cc15130865e36eb - - default default] Unable to schedule network 6ee34498-6274-41ce-8c90-f71a99f12994: no agents available; will retry on subsequent port and subnet creation events.
2026-08-28 05:19:32.000 10 INFO neutron.db.ovn_revision_numbers_db [None req-1a02968c-2c37-43d2-a78c-da7764c68eff 89b6f11343de4c8fabbc7588cc89ccb0 07ef5a81c9b044d68cc15130865e36eb - - default default] Successfully bumped revision number for resource 3c3b8d89-4554-48bb-9482-a8dc90d22ac9 (type: ports) to 1
2026-08-28 05:19:32.021 10 INFO neutron.wsgi [None req-1a02968c-2c37-43d2-a78c-da7764c68eff 89b6f11343de4c8fabbc7588cc89ccb0 07ef5a81c9b044d68cc15130865e36eb - - default default] 10.0.0.74 "POST /v2.0/ports HTTP/1.1" status: 201 len: 1163 time: 0.4651818 /var/lib/openstack/lib/python3.10/site-packages/pycadf/identifier.py:71: UserWarning: Invalid uuid: neutron. To ensure interoperability, identifiers should be a valid uuid. warnings.warn(('Invalid uuid: %s. To ensure interoperability, '
2026-08-28 05:19:32.243 10 INFO neutron.wsgi [None req-2277a951-2f13-49e2-9347-9cd09d73ad45 89b6f11343de4c8fabbc7588cc89ccb0 07ef5a81c9b044d68cc15130865e36eb - - default default] 10.0.0.74 "DELETE /v2.0/ports/3c3b8d89-4554-48bb-9482-a8dc90d22ac9 HTTP/1.1" status: 204 len: 168 time: 0.2185855
2026-08-28 05:19:32.260 10 INFO neutron.pecan_wsgi.hooks.translation [None req-efa0bb9d-f666-497c-9f0a-05b6cc1b2902 89b6f11343de4c8fabbc7588cc89ccb0 07ef5a81c9b044d68cc15130865e36eb - - default default] DELETE failed (client error): The resource could not be found.
2026-08-28 05:19:32.263 10 INFO neutron.wsgi [None req-efa0bb9d-f666-497c-9f0a-05b6cc1b2902 89b6f11343de4c8fabbc7588cc89ccb0 07ef5a81c9b044d68cc15130865e36eb - - default default] 10.0.0.74 "DELETE /v2.0/ports/3c3b8d89-4554-48bb-9482-a8dc90d22ac9 HTTP/1.1" status: 404 len: 333 time: 0.0147109
2026-08-28 05:19:32.281 10 INFO neutron.pecan_wsgi.hooks.translation [None req-b3d4f2e2-c55f-4764-8345-bcf0f10de22f 89b6f11343de4c8fabbc7588cc89ccb0 07ef5a81c9b044d68cc15130865e36eb - - default default] GET failed (client error): The resource could not be found.
2026-08-28 05:19:32.282 10 INFO neutron.wsgi [None req-b3d4f2e2-c55f-4764-8345-bcf0f10de22f 89b6f11343de4c8fabbc7588cc89ccb0 07ef5a81c9b044d68cc15130865e36eb - - default default] 10.0.0.74 "GET /v2.0/ports/3c3b8d89-4554-48bb-9482-a8dc90d22ac9 HTTP/1.1" status: 404 len: 333 time: 0.0144687
2026-08-28 05:19:32.451 10 INFO neutron.wsgi [None req-297d7e9a-59cc-442b-8d64-f1d8f19dd830 89b6f11343de4c8fabbc7588cc89ccb0 07ef5a81c9b044d68cc15130865e36eb - - default default] 10.0.0.74 "DELETE /v2.0/subnets/52b8096d-1527-4ce3-b0aa-812f99a0432c HTTP/1.1" status: 204 len: 168 time: 0.1632028
2026-08-28 05:19:32.756 10 INFO neutron.services.segments.plugin [-] Segment 7018847c-cf8c-42a0-901c-27857d6957ca resource provider aggregate not found
2026-08-28 05:19:32.760 10 INFO neutron.services.segments.plugin [-] Segment 7018847c-cf8c-42a0-901c-27857d6957ca resource provider aggregate not found
2026-08-28 05:19:32.773 10 INFO neutron.services.segments.plugin [-] Segment 7018847c-cf8c-42a0-901c-27857d6957ca resource provider not found; error: Placement Client Error (4xx): {"errors": [{"status": 404, "title": "Not Found", "detail": "The resource could not be found.\n\n No resource provider with uuid 7018847c-cf8c-42a0-901c-27857d6957ca found for delete ", "request_id": "req-c143ef20-767a-4b7a-ad6a-af4f628cc58c"}]}
2026-08-28 05:19:32.788 10 INFO neutron.services.segments.plugin [-] Segment 7018847c-cf8c-42a0-901c-27857d6957ca resource provider not found; error: Placement Client Error (4xx): {"errors": [{"status": 404, "title": "Not Found", "detail": "The resource could not be found.\n\n No resource provider with uuid 7018847c-cf8c-42a0-901c-27857d6957ca found for delete ", "request_id": "req-b817237e-b812-4d3f-ab26-0716cd379d93"}]}
2026-08-28 05:19:32.802 10 INFO neutron.wsgi [None req-13c4d5fe-b311-419f-bb8c-4be0228005c8 89b6f11343de4c8fabbc7588cc89ccb0 07ef5a81c9b044d68cc15130865e36eb - - default default] 10.0.0.74 "DELETE /v2.0/networks/6ee34498-6274-41ce-8c90-f71a99f12994 HTTP/1.1" status: 204 len: 168 time: 0.3469386
2026-08-28 05:19:32.907 10 INFO neutron.db.segments_db [None req-7330009c-b271-4492-ac02-911eb3b9c372 89b6f11343de4c8fabbc7588cc89ccb0 07ef5a81c9b044d68cc15130865e36eb - - default default] Added segment 708b934a-6613-4b13-908f-657aadf3062d of type geneve for network de374924-bf25-47f7-9262-67dd3aa9dcfa
2026-08-28 05:19:33.060 10 INFO neutron.db.ovn_revision_numbers_db [None req-7330009c-b271-4492-ac02-911eb3b9c372 89b6f11343de4c8fabbc7588cc89ccb0 07ef5a81c9b044d68cc15130865e36eb - - default default] Successfully bumped revision number for resource de374924-bf25-47f7-9262-67dd3aa9dcfa (type: networks) to 1
2026-08-28 05:19:33.198 10 WARNING neutron.scheduler.dhcp_agent_scheduler [None req-7330009c-b271-4492-ac02-911eb3b9c372 89b6f11343de4c8fabbc7588cc89ccb0 07ef5a81c9b044d68cc15130865e36eb - - default default] No more DHCP agents
2026-08-28 05:19:33.199 10 WARNING neutron.api.rpc.agentnotifiers.dhcp_rpc_agent_api [None req-7330009c-b271-4492-ac02-911eb3b9c372 89b6f11343de4c8fabbc7588cc89ccb0 07ef5a81c9b044d68cc15130865e36eb - - default default] Unable to schedule network de374924-bf25-47f7-9262-67dd3aa9dcfa: no agents available; will retry on subsequent port and subnet creation events.
2026-08-28 05:19:33.279 10 INFO neutron.db.ovn_revision_numbers_db [None req-7330009c-b271-4492-ac02-911eb3b9c372 89b6f11343de4c8fabbc7588cc89ccb0 07ef5a81c9b044d68cc15130865e36eb - - default default] Successfully bumped revision number for resource ae3a90e2-f869-4392-92e9-1097d1dc5674 (type: ports) to 1
2026-08-28 05:19:33.295 10 INFO neutron.wsgi [None req-7330009c-b271-4492-ac02-911eb3b9c372 89b6f11343de4c8fabbc7588cc89ccb0 07ef5a81c9b044d68cc15130865e36eb - - default default] 10.0.0.74 "POST /v2.0/networks HTTP/1.1" status: 201 len: 835 time: 0.4859087
2026-08-28 05:19:33.500 10 WARNING neutron.scheduler.dhcp_agent_scheduler [None req-e45143ea-d0f9-4039-9eab-1a442c1e6c36 89b6f11343de4c8fabbc7588cc89ccb0 07ef5a81c9b044d68cc15130865e36eb - - default default] No more DHCP agents
2026-08-28 05:19:33.502 10 WARNING neutron.api.rpc.agentnotifiers.dhcp_rpc_agent_api [None req-e45143ea-d0f9-4039-9eab-1a442c1e6c36 89b6f11343de4c8fabbc7588cc89ccb0 07ef5a81c9b044d68cc15130865e36eb - - default default] Unable to schedule network de374924-bf25-47f7-9262-67dd3aa9dcfa: no agents available; will retry on subsequent port and subnet creation events.
2026-08-28 05:19:33.538 10 INFO neutron.db.ovn_revision_numbers_db [None req-e45143ea-d0f9-4039-9eab-1a442c1e6c36 89b6f11343de4c8fabbc7588cc89ccb0 07ef5a81c9b044d68cc15130865e36eb - - default default] Successfully bumped revision number for resource 48beb5f4-611c-41f5-9b1f-f6f57b26b235 (type: subnets) to 0
2026-08-28 05:19:33.555 10 INFO neutron.wsgi [None req-e45143ea-d0f9-4039-9eab-1a442c1e6c36 89b6f11343de4c8fabbc7588cc89ccb0 07ef5a81c9b044d68cc15130865e36eb - - default default] 10.0.0.74 "POST /v2.0/subnets HTTP/1.1" status: 201 len: 821 time: 0.2539387
2026-08-28 05:19:33.665 10 INFO neutron.db.ovn_revision_numbers_db [None req-f2be5c0c-6fe9-41a4-a67f-7993addf006b 33135f67f1bd4addb9e4c717e0b9cca2 554ac6df97b24ea2b7b467fe9e6819a7 - - default default] Successfully bumped revision number for resource 439c4c5a-db0c-4f27-8754-35fa0a3c83b7 (type: security_groups) to 1
2026-08-28 05:19:33.694 10 INFO neutron.db.ovn_revision_numbers_db [None req-f2be5c0c-6fe9-41a4-a67f-7993addf006b 33135f67f1bd4addb9e4c717e0b9cca2 554ac6df97b24ea2b7b467fe9e6819a7 - - default default] Successfully bumped revision number for resource 2eda4f98-ed40-41c6-bc90-856a682066e7 (type: security_group_rules) to 0
2026-08-28 05:19:33.713 10 INFO neutron.db.ovn_revision_numbers_db [None req-f2be5c0c-6fe9-41a4-a67f-7993addf006b 33135f67f1bd4addb9e4c717e0b9cca2 554ac6df97b24ea2b7b467fe9e6819a7 - - default default] Successfully bumped revision number for resource a1055fad-cf33-49d6-bc58-fa7b872e2e54 (type: security_group_rules) to 0
2026-08-28 05:19:33.732 10 INFO neutron.db.ovn_revision_numbers_db [None req-f2be5c0c-6fe9-41a4-a67f-7993addf006b 33135f67f1bd4addb9e4c717e0b9cca2 554ac6df97b24ea2b7b467fe9e6819a7 - - default default] Successfully bumped revision number for resource c5d5c31c-cef1-475c-964a-4c0f509b8e36 (type: security_group_rules) to 0
2026-08-28 05:19:33.758 10 INFO neutron.db.ovn_revision_numbers_db [None req-f2be5c0c-6fe9-41a4-a67f-7993addf006b 33135f67f1bd4addb9e4c717e0b9cca2 554ac6df97b24ea2b7b467fe9e6819a7 - - default default] Successfully bumped revision number for resource d5f984fb-7d6f-480b-9b16-84d2af18459d (type: security_group_rules) to 0
2026-08-28 05:19:33.782 10 INFO neutron.wsgi [None req-f2be5c0c-6fe9-41a4-a67f-7993addf006b 33135f67f1bd4addb9e4c717e0b9cca2 554ac6df97b24ea2b7b467fe9e6819a7 - - default default] 10.0.0.74 "GET /v2.0/security-groups?tenant_id=12ac992f2c1b448dbff7e494f0df9f50&name=default HTTP/1.1" status: 200 len: 2996 time: 0.4326308
2026-08-28 05:19:33.886 10 WARNING neutron.scheduler.dhcp_agent_scheduler [None req-b05e98f5-c1e1-4e3d-8d4f-c38aac399170 89b6f11343de4c8fabbc7588cc89ccb0 07ef5a81c9b044d68cc15130865e36eb - - default default] No more DHCP agents
2026-08-28 05:19:33.891 10 WARNING neutron.api.rpc.agentnotifiers.dhcp_rpc_agent_api [None req-b05e98f5-c1e1-4e3d-8d4f-c38aac399170 89b6f11343de4c8fabbc7588cc89ccb0 07ef5a81c9b044d68cc15130865e36eb - - default default] Unable to schedule network de374924-bf25-47f7-9262-67dd3aa9dcfa: no agents available; will retry on subsequent port and subnet creation events.
2026-08-28 05:19:34.008 10 INFO neutron.db.ovn_revision_numbers_db [None req-b05e98f5-c1e1-4e3d-8d4f-c38aac399170 89b6f11343de4c8fabbc7588cc89ccb0 07ef5a81c9b044d68cc15130865e36eb - - default default] Successfully bumped revision number for resource 56c54dc0-6bd1-482d-b9e8-2589a13e9cdd (type: ports) to 1
2026-08-28 05:19:34.018 9 INFO neutron.wsgi [None req-b88df389-cb56-422a-bd42-6313bf41568b 33135f67f1bd4addb9e4c717e0b9cca2 554ac6df97b24ea2b7b467fe9e6819a7 - - default default] 10.0.0.74 "DELETE /v2.0/security-groups/439c4c5a-db0c-4f27-8754-35fa0a3c83b7 HTTP/1.1" status: 204 len: 168 time: 0.2311013
2026-08-28 05:19:34.044 10 INFO neutron.wsgi [None req-b05e98f5-c1e1-4e3d-8d4f-c38aac399170 89b6f11343de4c8fabbc7588cc89ccb0 07ef5a81c9b044d68cc15130865e36eb - - default default] 10.0.0.74 "POST /v2.0/ports HTTP/1.1" status: 201 len: 1127 time: 0.4835930
2026-08-28 05:19:34.290 10 INFO neutron.wsgi [None req-ca2c8231-2bbb-4e76-8337-2ca8e41da6da 89b6f11343de4c8fabbc7588cc89ccb0 07ef5a81c9b044d68cc15130865e36eb - - default default] 10.0.0.74 "DELETE /v2.0/ports/56c54dc0-6bd1-482d-b9e8-2589a13e9cdd HTTP/1.1" status: 204 len: 168 time: 0.2415402
2026-08-28 05:19:34.311 10 INFO neutron.pecan_wsgi.hooks.translation [None req-2ad1c2e0-7e0d-4382-826e-26c490df5f00 89b6f11343de4c8fabbc7588cc89ccb0 07ef5a81c9b044d68cc15130865e36eb - - default default] GET failed (client error): The resource could not be found.
2026-08-28 05:19:34.313 10 INFO neutron.wsgi [None req-2ad1c2e0-7e0d-4382-826e-26c490df5f00 89b6f11343de4c8fabbc7588cc89ccb0 07ef5a81c9b044d68cc15130865e36eb - - default default] 10.0.0.74 "GET /v2.0/ports/56c54dc0-6bd1-482d-b9e8-2589a13e9cdd HTTP/1.1" status: 404 len: 333 time: 0.0169189
2026-08-28 05:19:34.370 9 INFO neutron.db.ovn_revision_numbers_db [None req-26561a71-5bb7-48f9-827c-fac7c171b237 33135f67f1bd4addb9e4c717e0b9cca2 554ac6df97b24ea2b7b467fe9e6819a7 - - default default] Successfully bumped revision number for resource ea8f3f94-0b58-4a09-b691-02a87760c092 (type: security_groups) to 1
2026-08-28 05:19:34.387 9 INFO neutron.db.ovn_revision_numbers_db [None req-26561a71-5bb7-48f9-827c-fac7c171b237 33135f67f1bd4addb9e4c717e0b9cca2 554ac6df97b24ea2b7b467fe9e6819a7 - - default default] Successfully bumped revision number for resource 25f0eb5a-b7f0-477d-ac27-f8c6ff8cbb23 (type: security_group_rules) to 0
2026-08-28 05:19:34.404 9 INFO neutron.db.ovn_revision_numbers_db [None req-26561a71-5bb7-48f9-827c-fac7c171b237 33135f67f1bd4addb9e4c717e0b9cca2 554ac6df97b24ea2b7b467fe9e6819a7 - - default default] Successfully bumped revision number for resource 4d963162-8495-4a06-966b-f2ded15217cc (type: security_group_rules) to 0
2026-08-28 05:19:34.422 9 INFO neutron.db.ovn_revision_numbers_db [None req-26561a71-5bb7-48f9-827c-fac7c171b237 33135f67f1bd4addb9e4c717e0b9cca2 554ac6df97b24ea2b7b467fe9e6819a7 - - default default] Successfully bumped revision number for resource 6374c8fd-39a9-43c8-984e-396368fa10d3 (type: security_group_rules) to 0
2026-08-28 05:19:34.438 9 INFO neutron.db.ovn_revision_numbers_db [None req-26561a71-5bb7-48f9-827c-fac7c171b237 33135f67f1bd4addb9e4c717e0b9cca2 554ac6df97b24ea2b7b467fe9e6819a7 - - default default] Successfully bumped revision number for resource e8485bf0-07f9-4b74-9690-207e91fd7d65 (type: security_group_rules) to 0
2026-08-28 05:19:34.461 9 INFO neutron.wsgi [None req-26561a71-5bb7-48f9-827c-fac7c171b237 33135f67f1bd4addb9e4c717e0b9cca2 554ac6df97b24ea2b7b467fe9e6819a7 - - default default] 10.0.0.74 "GET /v2.0/security-groups?tenant_id=b8f2e55199a849c39c73f88cfcbc61a0&name=default HTTP/1.1" status: 200 len: 2996 time: 0.2592738
2026-08-28 05:19:34.508 9 INFO neutron.wsgi [None req-bedc4896-1e53-40bd-ac0a-cb21f24169f1 89b6f11343de4c8fabbc7588cc89ccb0 07ef5a81c9b044d68cc15130865e36eb - - default default] 10.0.0.74 "DELETE /v2.0/subnets/48beb5f4-611c-41f5-9b1f-f6f57b26b235 HTTP/1.1" status: 204 len: 168 time: 0.1907730
2026-08-28 05:19:34.625 9 INFO neutron.wsgi [None req-ee8158a2-12f3-490b-912f-0c200a8230c7 33135f67f1bd4addb9e4c717e0b9cca2 554ac6df97b24ea2b7b467fe9e6819a7 - - default default] 10.0.0.74 "DELETE /v2.0/security-groups/ea8f3f94-0b58-4a09-b691-02a87760c092 HTTP/1.1" status: 204 len: 168 time: 0.1606033
2026-08-28 05:19:34.956 10 INFO neutron.services.segments.plugin [-] Segment 708b934a-6613-4b13-908f-657aadf3062d resource provider aggregate not found
2026-08-28 05:19:34.972 10 INFO neutron.services.segments.plugin [-] Segment 708b934a-6613-4b13-908f-657aadf3062d resource provider not found; error: Placement Client Error (4xx): {"errors": [{"status": 404, "title": "Not Found", "detail": "The resource could not be found.\n\n No resource provider with uuid 708b934a-6613-4b13-908f-657aadf3062d found for delete ", "request_id": "req-756e607a-2bfa-4936-b487-cd2c90dec156"}]}
2026-08-28 05:19:34.973 10 INFO neutron.services.segments.plugin [-] Segment 708b934a-6613-4b13-908f-657aadf3062d resource provider aggregate not found
2026-08-28 05:19:34.994 10 INFO neutron.services.segments.plugin [-] Segment 708b934a-6613-4b13-908f-657aadf3062d resource provider not found; error: Placement Client Error (4xx): {"errors": [{"status": 404, "title": "Not Found", "detail": "The resource could not be found.\n\n No resource provider with uuid 708b934a-6613-4b13-908f-657aadf3062d found for delete ", "request_id": "req-ef3e952e-51d2-412b-b2c8-182b2e1f9b9c"}]}
2026-08-28 05:19:35.019 10 INFO neutron.wsgi [None req-74efccbf-b2ac-4b1a-a24a-756572acac5d 89b6f11343de4c8fabbc7588cc89ccb0 07ef5a81c9b044d68cc15130865e36eb - - default default] 10.0.0.74 "DELETE /v2.0/networks/de374924-bf25-47f7-9262-67dd3aa9dcfa HTTP/1.1" status: 204 len: 168 time: 0.5051684
2026-08-28 05:19:35.271 10 WARNING neutron.scheduler.dhcp_agent_scheduler [None req-94ee0f6f-6e9e-4891-98f0-924363deaac3 89b6f11343de4c8fabbc7588cc89ccb0 07ef5a81c9b044d68cc15130865e36eb - - default default] No more DHCP agents
2026-08-28 05:19:35.274 10 WARNING neutron.api.rpc.agentnotifiers.dhcp_rpc_agent_api [None req-94ee0f6f-6e9e-4891-98f0-924363deaac3 89b6f11343de4c8fabbc7588cc89ccb0 07ef5a81c9b044d68cc15130865e36eb - - default default] Unable to schedule network 32e8254f-d7e2-4a2c-9f21-21bd027359fb: no agents available; will retry on subsequent port and subnet creation events.
2026-08-28 05:19:35.352 10 INFO neutron.db.ovn_revision_numbers_db [None req-94ee0f6f-6e9e-4891-98f0-924363deaac3 89b6f11343de4c8fabbc7588cc89ccb0 07ef5a81c9b044d68cc15130865e36eb - - default default] Successfully bumped revision number for resource 67d66c4f-4d4a-4a3e-a6fd-2f35de26ffba (type: ports) to 1
2026-08-28 05:19:35.373 10 INFO neutron.wsgi [None req-94ee0f6f-6e9e-4891-98f0-924363deaac3 89b6f11343de4c8fabbc7588cc89ccb0 07ef5a81c9b044d68cc15130865e36eb - - default default] 10.0.0.74 "POST /v2.0/ports HTTP/1.1" status: 201 len: 977 time: 0.3447888 /var/lib/openstack/lib/python3.10/site-packages/pycadf/identifier.py:71: UserWarning: Invalid uuid: neutron. To ensure interoperability, identifiers should be a valid uuid. warnings.warn(('Invalid uuid: %s. To ensure interoperability, '
2026-08-28 05:19:35.576 10 INFO neutron.plugins.ml2.drivers.ovn.mech_driver.mech_driver [None req-357225a1-d873-437a-91e3-826650292d12 - - - - - -] OVN reports status down for port: 67d66c4f-4d4a-4a3e-a6fd-2f35de26ffba
2026-08-28 05:19:35.610 10 INFO neutron.db.ovn_revision_numbers_db [None req-9306e891-9dd7-48d6-888c-e516f4b24b1f 89b6f11343de4c8fabbc7588cc89ccb0 07ef5a81c9b044d68cc15130865e36eb - - default default] Successfully bumped revision number for resource 67d66c4f-4d4a-4a3e-a6fd-2f35de26ffba (type: ports) to 2
2026-08-28 05:19:35.619 10 INFO neutron.wsgi [None req-9306e891-9dd7-48d6-888c-e516f4b24b1f 89b6f11343de4c8fabbc7588cc89ccb0 07ef5a81c9b044d68cc15130865e36eb - - default default] 10.0.0.74 "PUT /v2.0/ports/67d66c4f-4d4a-4a3e-a6fd-2f35de26ffba HTTP/1.1" status: 200 len: 946 time: 0.2406490 /var/lib/openstack/lib/python3.10/site-packages/pycadf/identifier.py:71: UserWarning: Invalid uuid: neutron. To ensure interoperability, identifiers should be a valid uuid. warnings.warn(('Invalid uuid: %s. To ensure interoperability, '
2026-08-28 05:19:35.841 10 INFO neutron.wsgi [None req-c6d837a1-12ff-4fce-b4f4-5a483874f4fd 89b6f11343de4c8fabbc7588cc89ccb0 07ef5a81c9b044d68cc15130865e36eb - - default default] 10.0.0.74 "DELETE /v2.0/ports/67d66c4f-4d4a-4a3e-a6fd-2f35de26ffba HTTP/1.1" status: 204 len: 168 time: 0.2175956
2026-08-28 05:19:35.944 10 INFO neutron.wsgi [None req-b794fd48-6ed0-43a0-974e-0c09668c9d39 89b6f11343de4c8fabbc7588cc89ccb0 07ef5a81c9b044d68cc15130865e36eb - - default default] 10.0.0.74 "GET /v2.0/ports HTTP/1.1" status: 200 len: 1733 time: 0.0972431
2026-08-28 05:19:35.980 10 INFO neutron.pecan_wsgi.hooks.translation [None req-73fccf2a-d5ff-4ced-a582-77a87bd32fd2 89b6f11343de4c8fabbc7588cc89ccb0 07ef5a81c9b044d68cc15130865e36eb - - default default] GET failed (client error): The resource could not be found.
2026-08-28 05:19:35.981 10 INFO neutron.wsgi [None req-73fccf2a-d5ff-4ced-a582-77a87bd32fd2 89b6f11343de4c8fabbc7588cc89ccb0 07ef5a81c9b044d68cc15130865e36eb - - default default] 10.0.0.74 "GET /v2.0/ports/67d66c4f-4d4a-4a3e-a6fd-2f35de26ffba HTTP/1.1" status: 404 len: 333 time: 0.0311918
2026-08-28 05:19:36.020 10 INFO neutron.wsgi [None req-51bf0766-9adb-4a6e-bce0-82afb079f915 89b6f11343de4c8fabbc7588cc89ccb0 07ef5a81c9b044d68cc15130865e36eb - - default default] 10.0.0.74 "GET /v2.0/ports HTTP/1.1" status: 200 len: 1733 time: 0.0323861
2026-08-28 05:19:36.049 10 INFO neutron.wsgi [None req-368d615c-9616-488a-ae7f-aefcdd5bfe39 89b6f11343de4c8fabbc7588cc89ccb0 07ef5a81c9b044d68cc15130865e36eb - - default default] 10.0.0.74 "GET /v2.0/ports/9a3c7e34-3a2a-4bfb-8180-2295b3a86ebf HTTP/1.1" status: 200 len: 973 time: 0.0257583
2026-08-28 05:19:36.067 9 INFO neutron.pecan_wsgi.hooks.translation [None req-0409b3dd-16c5-40c7-95ea-1b14f3d7ad17 89b6f11343de4c8fabbc7588cc89ccb0 07ef5a81c9b044d68cc15130865e36eb - - default default] DELETE failed (client error): The resource could not be found.
2026-08-28 05:19:36.070 9 INFO neutron.wsgi [None req-0409b3dd-16c5-40c7-95ea-1b14f3d7ad17 89b6f11343de4c8fabbc7588cc89ccb0 07ef5a81c9b044d68cc15130865e36eb - - default default] 10.0.0.74 "DELETE /v2.0/ports/56c54dc0-6bd1-482d-b9e8-2589a13e9cdd HTTP/1.1" status: 404 len: 333 time: 0.0174015
2026-08-28 05:19:36.091 10 INFO neutron.pecan_wsgi.hooks.translation [None req-f71f426d-f7c7-4934-ade7-766f23ed5895 89b6f11343de4c8fabbc7588cc89ccb0 07ef5a81c9b044d68cc15130865e36eb - - default default] DELETE failed (client error): The resource could not be found.
2026-08-28 05:19:36.094 10 INFO neutron.wsgi [None req-f71f426d-f7c7-4934-ade7-766f23ed5895 89b6f11343de4c8fabbc7588cc89ccb0 07ef5a81c9b044d68cc15130865e36eb - - default default] 10.0.0.74 "DELETE /v2.0/subnets/48beb5f4-611c-41f5-9b1f-f6f57b26b235 HTTP/1.1" status: 404 len: 337 time: 0.0196409
2026-08-28 05:19:36.115 10 INFO neutron.pecan_wsgi.hooks.translation [None req-f9a6f600-aa80-438d-b26c-74fe3fe7bc9d 89b6f11343de4c8fabbc7588cc89ccb0 07ef5a81c9b044d68cc15130865e36eb - - default default] DELETE failed (client error): The resource could not be found.
2026-08-28 05:19:36.118 10 INFO neutron.wsgi [None req-f9a6f600-aa80-438d-b26c-74fe3fe7bc9d 89b6f11343de4c8fabbc7588cc89ccb0 07ef5a81c9b044d68cc15130865e36eb - - default default] 10.0.0.74 "DELETE /v2.0/subnets/52b8096d-1527-4ce3-b0aa-812f99a0432c HTTP/1.1" status: 404 len: 337 time: 0.0201271
2026-08-28 05:19:36.327 10 INFO neutron.wsgi [None req-293a4418-1811-4af5-b6b7-2d40e7bb2949 89b6f11343de4c8fabbc7588cc89ccb0 07ef5a81c9b044d68cc15130865e36eb - - default default] 10.0.0.74 "DELETE /v2.0/ports/9a3c7e34-3a2a-4bfb-8180-2295b3a86ebf HTTP/1.1" status: 204 len: 168 time: 0.2057378
2026-08-28 05:19:36.624 10 INFO neutron.wsgi [None req-cb514027-dfa2-4465-9d40-1783a02cd70a 89b6f11343de4c8fabbc7588cc89ccb0 07ef5a81c9b044d68cc15130865e36eb - - default default] 10.0.0.74 "DELETE /v2.0/networks/32e8254f-d7e2-4a2c-9f21-21bd027359fb HTTP/1.1" status: 204 len: 168 time: 0.2896233
2026-08-28 05:19:36.694 9 INFO neutron.db.ovn_revision_numbers_db [None req-bd7ee080-1b63-4788-9ff0-1fd9e955172d 33135f67f1bd4addb9e4c717e0b9cca2 554ac6df97b24ea2b7b467fe9e6819a7 - - default default] Successfully bumped revision number for resource fff1bfe8-02a2-4f1b-9f25-09072cb6e378 (type: security_groups) to 1
2026-08-28 05:19:36.707 9 INFO neutron.db.ovn_revision_numbers_db [None req-bd7ee080-1b63-4788-9ff0-1fd9e955172d 33135f67f1bd4addb9e4c717e0b9cca2 554ac6df97b24ea2b7b467fe9e6819a7 - - default default] Successfully bumped revision number for resource 14cef978-0110-4aa3-aa1d-af687e1789a3 (type: security_group_rules) to 0
2026-08-28 05:19:36.724 9 INFO neutron.db.ovn_revision_numbers_db [None req-bd7ee080-1b63-4788-9ff0-1fd9e955172d 33135f67f1bd4addb9e4c717e0b9cca2 554ac6df97b24ea2b7b467fe9e6819a7 - - default default] Successfully bumped revision number for resource 521f64a4-07d9-44f7-9846-9bc55d29552d (type: security_group_rules) to 0
2026-08-28 05:19:36.740 9 INFO neutron.db.ovn_revision_numbers_db [None req-bd7ee080-1b63-4788-9ff0-1fd9e955172d 33135f67f1bd4addb9e4c717e0b9cca2 554ac6df97b24ea2b7b467fe9e6819a7 - - default default] Successfully bumped revision number for resource 81db80e2-e7dd-4739-9296-255575b2b7c0 (type: security_group_rules) to 0
2026-08-28 05:19:36.754 9 INFO neutron.db.ovn_revision_numbers_db [None req-bd7ee080-1b63-4788-9ff0-1fd9e955172d 33135f67f1bd4addb9e4c717e0b9cca2 554ac6df97b24ea2b7b467fe9e6819a7 - - default default] Successfully bumped revision number for resource a6a0b937-4516-47d7-9659-951319ddaf17 (type: security_group_rules) to 0
2026-08-28 05:19:36.785 9 INFO neutron.wsgi [None req-bd7ee080-1b63-4788-9ff0-1fd9e955172d 33135f67f1bd4addb9e4c717e0b9cca2 554ac6df97b24ea2b7b467fe9e6819a7 - - default default] 10.0.0.74 "GET /v2.0/security-groups?tenant_id=59ef778e221d401d86f1b462a3b70511&name=default HTTP/1.1" status: 200 len: 2996 time: 0.3676999
2026-08-28 05:19:36.982 9 INFO neutron.wsgi [None req-9fddacc0-b4b9-4d14-becc-6ec4022ca018 33135f67f1bd4addb9e4c717e0b9cca2 554ac6df97b24ea2b7b467fe9e6819a7 - - default default] 10.0.0.74 "DELETE /v2.0/security-groups/fff1bfe8-02a2-4f1b-9f25-09072cb6e378 HTTP/1.1" status: 204 len: 168 time: 0.1913972
2026-08-28 05:19:37.002 10 INFO neutron.services.segments.plugin [-] Segment 5c7bca19-ff3f-4ea8-bb57-6f3fcf4ffbf3 resource provider aggregate not found
2026-08-28 05:19:37.024 10 INFO neutron.services.segments.plugin [-] Segment 5c7bca19-ff3f-4ea8-bb57-6f3fcf4ffbf3 resource provider aggregate not found
2026-08-28 05:19:37.033 10 INFO neutron.services.segments.plugin [-] Segment 5c7bca19-ff3f-4ea8-bb57-6f3fcf4ffbf3 resource provider not found; error: Placement Client Error (4xx): {"errors": [{"status": 404, "title": "Not Found", "detail": "The resource could not be found.\n\n No resource provider with uuid 5c7bca19-ff3f-4ea8-bb57-6f3fcf4ffbf3 found for delete ", "request_id": "req-41391e91-8b65-4b17-9643-3808a1423959"}]}
2026-08-28 05:19:37.046 10 INFO neutron.services.segments.plugin [-] Segment 5c7bca19-ff3f-4ea8-bb57-6f3fcf4ffbf3 resource provider not found; error: Placement Client Error (4xx): {"errors": [{"status": 404, "title": "Not Found", "detail": "The resource could not be found.\n\n No resource provider with uuid 5c7bca19-ff3f-4ea8-bb57-6f3fcf4ffbf3 found for delete ", "request_id": "req-df24183b-beee-4709-912a-4683d788bd51"}]}
2026-08-28 05:19:37.327 9 INFO neutron.db.ovn_revision_numbers_db [None req-02e82317-2b8b-4d66-8ffc-b8d478089585 33135f67f1bd4addb9e4c717e0b9cca2 554ac6df97b24ea2b7b467fe9e6819a7 - - default default] Successfully bumped revision number for resource a0f266d9-e8a8-4bc1-898c-95a8e21012b6 (type: security_groups) to 1
2026-08-28 05:19:37.342 9 INFO neutron.db.ovn_revision_numbers_db [None req-02e82317-2b8b-4d66-8ffc-b8d478089585 33135f67f1bd4addb9e4c717e0b9cca2 554ac6df97b24ea2b7b467fe9e6819a7 - - default default] Successfully bumped revision number for resource 345dabd7-7309-4bea-b75e-3410d61b32b2 (type: security_group_rules) to 0
2026-08-28 05:19:37.359 9 INFO neutron.db.ovn_revision_numbers_db [None req-02e82317-2b8b-4d66-8ffc-b8d478089585 33135f67f1bd4addb9e4c717e0b9cca2 554ac6df97b24ea2b7b467fe9e6819a7 - - default default] Successfully bumped revision number for resource 42f7f548-0471-44e6-8040-2cf91c9b7836 (type: security_group_rules) to 0
2026-08-28 05:19:37.375 9 INFO neutron.db.ovn_revision_numbers_db [None req-02e82317-2b8b-4d66-8ffc-b8d478089585 33135f67f1bd4addb9e4c717e0b9cca2 554ac6df97b24ea2b7b467fe9e6819a7 - - default default] Successfully bumped revision number for resource 81209b85-f769-4baf-b1d7-f41874da0329 (type: security_group_rules) to 0
2026-08-28 05:19:37.392 9 INFO neutron.db.ovn_revision_numbers_db [None req-02e82317-2b8b-4d66-8ffc-b8d478089585 33135f67f1bd4addb9e4c717e0b9cca2 554ac6df97b24ea2b7b467fe9e6819a7 - - default default] Successfully bumped revision number for resource b278e647-a791-415a-b4c7-99cdbb1ae42a (type: security_group_rules) to 0
2026-08-28 05:19:37.415 9 INFO neutron.wsgi [None req-02e82317-2b8b-4d66-8ffc-b8d478089585 33135f67f1bd4addb9e4c717e0b9cca2 554ac6df97b24ea2b7b467fe9e6819a7 - - default default] 10.0.0.74 "GET /v2.0/security-groups?tenant_id=7b8802a67f4c4516958bae17d7109c80&name=default HTTP/1.1" status: 200 len: 2996 time: 0.2344425
2026-08-28 05:19:37.512 10 INFO neutron.wsgi [None req-908516d9-d38a-48cf-afd8-8b3232729215 33135f67f1bd4addb9e4c717e0b9cca2 554ac6df97b24ea2b7b467fe9e6819a7 - - default default] 10.0.0.74 "GET /v2.0/security-groups?tenant_id=07ef5a81c9b044d68cc15130865e36eb&name=default HTTP/1.1" status: 200 len: 2996 time: 0.2686453
2026-08-28 05:19:37.672 10 INFO neutron.wsgi [None req-625ae5f6-7974-4d23-82a7-dc9465092af1 33135f67f1bd4addb9e4c717e0b9cca2 554ac6df97b24ea2b7b467fe9e6819a7 - - default default] 10.0.0.74 "DELETE /v2.0/security-groups/a0f266d9-e8a8-4bc1-898c-95a8e21012b6 HTTP/1.1" status: 204 len: 168 time: 0.2527750
2026-08-28 05:19:37.731 10 INFO neutron.wsgi [None req-485da8f1-f4b7-4abe-b27c-9c40e7b31ae5 33135f67f1bd4addb9e4c717e0b9cca2 554ac6df97b24ea2b7b467fe9e6819a7 - - default default] 10.0.0.74 "DELETE /v2.0/security-groups/df119834-0c72-4012-84d5-768f4d9f1952 HTTP/1.1" status: 204 len: 168 time: 0.2140288
2026-08-28 05:19:40.072 10 INFO neutron.db.ovn_revision_numbers_db [None req-86f33e15-1793-49f5-a4dc-67f6ebaead50 88accebe3f004c9cafe58789a12fa940 dbab1b6bd46b4a85b7f31060f22ef721 - - default default] Successfully bumped revision number for resource e659011e-a712-4fae-978f-16e7f3f57641 (type: security_groups) to 1
