2026-08-28 05:21:05.802 9 INFO neutron.db.ovn_revision_numbers_db [None req-9f922af8-c404-4d4e-a5c8-0867b1dc6511 1b8ea750648945f89f7ef8229ca0b009 7bd2b615ee5646a78bc4a03b95a74946 - - default default] Successfully bumped revision number for resource 41e00975-6071-475f-aa76-61fd88a15bea (type: networks) to 1
2026-08-28 05:21:05.869 10 INFO neutron.db.ovn_revision_numbers_db [None req-ccd5d0d2-d46c-4811-aecc-b67c073ffeb4 eb764ed209874bc0848a362e575917b6 92f768706dff4d36aeac4a9f6e6a408c - - default default] Successfully bumped revision number for resource 664526c6-1e07-4937-9de3-09a53964bc2d (type: security_group_rules) to 0
2026-08-28 05:21:05.902 10 INFO neutron.wsgi [None req-ccd5d0d2-d46c-4811-aecc-b67c073ffeb4 eb764ed209874bc0848a362e575917b6 92f768706dff4d36aeac4a9f6e6a408c - - default default] 10.0.0.74 "POST /v2.0/security-group-rules HTTP/1.1" status: 201 len: 764 time: 0.2076719
2026-08-28 05:21:05.996 9 INFO neutron.wsgi [req-81f598dd-0716-43d7-9c89-5baccbda26ef req-ece7946f-c21b-4aef-b415-7b52b7953d44 1fa89604f4ab4b82aa93d26188607ccf 66e2a27795dd4011a81426b5b2f0f812 - - default default] 10.0.0.225 "GET /v2.0/ports?device_id=e7890aaa-d55e-4777-94d8-ed3b1451c263 HTTP/1.1" status: 200 len: 1210 time: 0.0516913
2026-08-28 05:21:06.078 9 INFO neutron.wsgi [req-81f598dd-0716-43d7-9c89-5baccbda26ef req-87d78d10-ae77-45a6-85b9-afdecb50d218 1fa89604f4ab4b82aa93d26188607ccf 66e2a27795dd4011a81426b5b2f0f812 - - default default] 10.0.0.225 "GET /v2.0/security-groups?id=8436ae1d-8ee9-420f-8d10-81ae0344a30d&id=c754ecce-f2e2-4067-a474-b0227a6b3b5a&fields=id&fields=name HTTP/1.1" status: 200 len: 404 time: 0.0736029
2026-08-28 05:21:06.103 9 WARNING neutron.scheduler.dhcp_agent_scheduler [None req-9f922af8-c404-4d4e-a5c8-0867b1dc6511 1b8ea750648945f89f7ef8229ca0b009 7bd2b615ee5646a78bc4a03b95a74946 - - default default] No more DHCP agents
2026-08-28 05:21:06.107 9 WARNING neutron.api.rpc.agentnotifiers.dhcp_rpc_agent_api [None req-9f922af8-c404-4d4e-a5c8-0867b1dc6511 1b8ea750648945f89f7ef8229ca0b009 7bd2b615ee5646a78bc4a03b95a74946 - - default default] Unable to schedule network 41e00975-6071-475f-aa76-61fd88a15bea: no agents available; will retry on subsequent port and subnet creation events.
2026-08-28 05:21:06.199 9 INFO neutron.db.ovn_revision_numbers_db [None req-fd7470ae-f6ea-469f-96cc-bae2a4e0298a eb764ed209874bc0848a362e575917b6 92f768706dff4d36aeac4a9f6e6a408c - - default default] Successfully bumped revision number for resource 0d79abb6-7f00-4a61-8513-918f6570d073 (type: security_group_rules) to 0
2026-08-28 05:21:06.215 9 INFO neutron.db.ovn_revision_numbers_db [None req-9f922af8-c404-4d4e-a5c8-0867b1dc6511 1b8ea750648945f89f7ef8229ca0b009 7bd2b615ee5646a78bc4a03b95a74946 - - default default] Successfully bumped revision number for resource b21fd87d-f582-4fcd-9ad5-fdafea827473 (type: ports) to 1
2026-08-28 05:21:06.225 9 INFO neutron.wsgi [None req-fd7470ae-f6ea-469f-96cc-bae2a4e0298a eb764ed209874bc0848a362e575917b6 92f768706dff4d36aeac4a9f6e6a408c - - default default] 10.0.0.74 "POST /v2.0/security-group-rules HTTP/1.1" status: 201 len: 766 time: 0.3189948
2026-08-28 05:21:06.244 9 INFO neutron.wsgi [None req-9f922af8-c404-4d4e-a5c8-0867b1dc6511 1b8ea750648945f89f7ef8229ca0b009 7bd2b615ee5646a78bc4a03b95a74946 - - default default] 10.0.0.74 "POST /v2.0/networks HTTP/1.1" status: 201 len: 830 time: 0.7878687
2026-08-28 05:21:06.322 9 INFO neutron.wsgi [None req-dd99abf8-2412-4b7a-896a-6bb54e4d2709 1b8ea750648945f89f7ef8229ca0b009 7bd2b615ee5646a78bc4a03b95a74946 - - default default] 10.0.0.74 "PUT /v2.0/networks/074331ba-1576-4c65-960c-7009f1e62a78/tags HTTP/1.1" status: 200 len: 210 time: 0.0725372
2026-08-28 05:21:06.376 10 INFO neutron.wsgi [req-b0089523-15b9-4408-94a0-51d23b3f2acd req-8ad1f8de-0f8f-42ea-b5da-58ef77287161 1fa89604f4ab4b82aa93d26188607ccf 66e2a27795dd4011a81426b5b2f0f812 - - default default] 162.253.55.38 "GET /v2.0/ports?device_id=e7890aaa-d55e-4777-94d8-ed3b1451c263 HTTP/1.1" status: 200 len: 1210 time: 0.1168327
2026-08-28 05:21:06.402 9 INFO neutron.wsgi [None req-d581caf1-0547-4f4c-9510-cc2feeda72e8 1b8ea750648945f89f7ef8229ca0b009 7bd2b615ee5646a78bc4a03b95a74946 - - default default] 10.0.0.74 "PUT /v2.0/networks/3999fc23-4f87-4a3b-9f58-ef68a0b18d85/tags HTTP/1.1" status: 200 len: 218 time: 0.0738647
2026-08-28 05:21:06.468 9 INFO neutron.wsgi [None req-422b8250-99e1-49ad-af9c-c86477d0df2d 1b8ea750648945f89f7ef8229ca0b009 7bd2b615ee5646a78bc4a03b95a74946 - - default default] 10.0.0.74 "PUT /v2.0/networks/effcd9d5-6cb1-4855-a66c-0802d5c1e936/tags HTTP/1.1" status: 200 len: 227 time: 0.0603218
2026-08-28 05:21:06.469 9 INFO neutron.db.ovn_revision_numbers_db [None req-f21b8f67-8329-4777-8aba-eabbdf0c132c eb764ed209874bc0848a362e575917b6 92f768706dff4d36aeac4a9f6e6a408c - - default default] Successfully bumped revision number for resource 84072e85-a3aa-465c-9682-03f69fd668d6 (type: security_group_rules) to 0
2026-08-28 05:21:06.508 9 INFO neutron.wsgi [None req-f21b8f67-8329-4777-8aba-eabbdf0c132c eb764ed209874bc0848a362e575917b6 92f768706dff4d36aeac4a9f6e6a408c - - default default] 10.0.0.74 "POST /v2.0/security-group-rules HTTP/1.1" status: 201 len: 768 time: 0.2784874
2026-08-28 05:21:06.529 9 INFO neutron.wsgi [None req-4acb0f0a-387a-4872-85cb-f6f9d8efcfbf 1b8ea750648945f89f7ef8229ca0b009 7bd2b615ee5646a78bc4a03b95a74946 - - default default] 10.0.0.74 "PUT /v2.0/networks/1abde4cc-bffa-410f-b8ab-1b317bb62721/tags HTTP/1.1" status: 200 len: 212 time: 0.0550220
2026-08-28 05:21:06.598 10 WARNING neutron.plugins.ml2.drivers.ovn.mech_driver.ovsdb.ovn_client [None req-357225a1-d873-437a-91e3-826650292d12 - - - - - -] No hosting information found for port db36d679-7d0d-4adb-b2c9-17e009c61c99: RuntimeError: No hosting information found for port db36d679-7d0d-4adb-b2c9-17e009c61c99
2026-08-28 05:21:06.599 10 INFO neutron.plugins.ml2.drivers.ovn.mech_driver.mech_driver [None req-357225a1-d873-437a-91e3-826650292d12 - - - - - -] OVN reports status up for port: 53b2eed5-f0ad-4df3-b76c-593dc3b0fb15
2026-08-28 05:21:06.604 9 INFO neutron.wsgi [None req-b1f19f4a-f294-419a-9da0-e6c37296ffd7 1b8ea750648945f89f7ef8229ca0b009 7bd2b615ee5646a78bc4a03b95a74946 - - default default] 10.0.0.74 "GET /v2.0/networks?tags=red HTTP/1.1" status: 200 len: 2069 time: 0.0695431
2026-08-28 05:21:06.623 10 INFO neutron.plugins.ml2.plugin [None req-357225a1-d873-437a-91e3-826650292d12 - - - - - -] Attempt 1 to provision port 53b2eed5-f0ad-4df3-b76c-593dc3b0fb15
2026-08-28 05:21:06.668 9 INFO neutron.db.ovn_revision_numbers_db [None req-129289e5-0858-4afe-bcf2-dc6b9c6fd8ff eb764ed209874bc0848a362e575917b6 92f768706dff4d36aeac4a9f6e6a408c - - default default] Successfully bumped revision number for resource 4dfea1b3-f125-4f86-a700-6da988545a32 (type: security_group_rules) to 0
2026-08-28 05:21:06.695 9 INFO neutron.wsgi [None req-129289e5-0858-4afe-bcf2-dc6b9c6fd8ff eb764ed209874bc0848a362e575917b6 92f768706dff4d36aeac4a9f6e6a408c - - default default] 10.0.0.74 "POST /v2.0/security-group-rules HTTP/1.1" status: 201 len: 764 time: 0.1825666
2026-08-28 05:21:06.716 10 INFO neutron.db.l3_db [req-b0089523-15b9-4408-94a0-51d23b3f2acd req-8b9f19c8-2f72-4b91-8d32-7e7265eb02b0 1fa89604f4ab4b82aa93d26188607ccf 66e2a27795dd4011a81426b5b2f0f812 - - default default] Floating IP fc30e5bd-4813-4b83-a368-fcfd5b1ddddb disassociated. External IP: 10.96.250.219, port: b9e94448-e68f-4e5d-912b-471f22be26b8.
2026-08-28 05:21:06.736 10 INFO neutron.wsgi [None req-319b4e41-2ed6-4ce6-8c10-604393dd5abc 1b8ea750648945f89f7ef8229ca0b009 7bd2b615ee5646a78bc4a03b95a74946 - - default default] 10.0.0.74 "GET /v2.0/networks?tags=red%2Cblue HTTP/1.1" status: 200 len: 1456 time: 0.1271992
2026-08-28 05:21:06.835 9 INFO neutron.wsgi [None req-9e564560-efd3-484a-8982-68c62584cf28 1b8ea750648945f89f7ef8229ca0b009 7bd2b615ee5646a78bc4a03b95a74946 - - default default] 10.0.0.74 "GET /v2.0/networks?tags-any=blue HTTP/1.1" status: 200 len: 1456 time: 0.0934114
2026-08-28 05:21:06.963 10 INFO neutron.wsgi [req-b0089523-15b9-4408-94a0-51d23b3f2acd req-8b9f19c8-2f72-4b91-8d32-7e7265eb02b0 1fa89604f4ab4b82aa93d26188607ccf 66e2a27795dd4011a81426b5b2f0f812 - - default default] 162.253.55.38 "DELETE /v2.0/ports/b9e94448-e68f-4e5d-912b-471f22be26b8 HTTP/1.1" status: 204 len: 173 time: 0.5811055
2026-08-28 05:21:07.027 10 INFO neutron.notifiers.nova [-] Nova event matching ['req-30bc9c8c-7b2c-48d6-9403-9350955bd3a7'] response: {'server_uuid': 'e7890aaa-d55e-4777-94d8-ed3b1451c263', 'name': 'network-vif-deleted', 'tag': 'b9e94448-e68f-4e5d-912b-471f22be26b8', 'status': 'completed', 'code': 200}
2026-08-28 05:21:07.042 10 INFO neutron.db.ovn_revision_numbers_db [None req-357225a1-d873-437a-91e3-826650292d12 - - - - - -] Successfully bumped revision number for resource 53b2eed5-f0ad-4df3-b76c-593dc3b0fb15 (type: ports) to 2
2026-08-28 05:21:07.174 10 INFO neutron.db.ovn_revision_numbers_db [None req-357225a1-d873-437a-91e3-826650292d12 - - - - - -] Successfully bumped revision number for resource 53b2eed5-f0ad-4df3-b76c-593dc3b0fb15 (type: router_ports) to 2
2026-08-28 05:21:07.188 9 WARNING neutron.plugins.ml2.drivers.ovn.mech_driver.ovsdb.ovn_client [None req-f1ee25d0-118e-43bc-b489-bd59cbe78a1e - - - - - -] No hosting information found for port a1b39396-efb7-48a5-9c0f-6d868c6b5bc5: RuntimeError: No hosting information found for port a1b39396-efb7-48a5-9c0f-6d868c6b5bc5
2026-08-28 05:21:07.210 10 INFO neutron.wsgi [req-86726a10-4dcb-4d87-b54e-bac45ce7baf7 req-cad801a1-3f3d-4d51-bb48-bef2c443e490 1fa89604f4ab4b82aa93d26188607ccf 66e2a27795dd4011a81426b5b2f0f812 - - default default] 10.0.0.225 "GET /v2.0/ports?device_id=e7890aaa-d55e-4777-94d8-ed3b1451c263 HTTP/1.1" status: 200 len: 210 time: 0.0320847
2026-08-28 05:21:07.218 9 INFO neutron.wsgi [None req-a01fba45-ba5f-4a12-900e-8f11c389ccc6 1b8ea750648945f89f7ef8229ca0b009 7bd2b615ee5646a78bc4a03b95a74946 - - default default] 10.0.0.74 "GET /v2.0/networks?tags-any=red%2Cblue HTTP/1.1" status: 200 len: 2069 time: 0.3727429
2026-08-28 05:21:07.261 9 INFO neutron.wsgi [req-eb8a8278-208c-41b8-8850-a7518ae0a9de req-9ce12041-da15-46a3-8354-da04e92cbb7e eb764ed209874bc0848a362e575917b6 92f768706dff4d36aeac4a9f6e6a408c - - default default] 10.0.0.225 "GET /v2.0/security-groups?name=tempest-lb_member_SG-854742486&fields=id&tenant_id=92f768706dff4d36aeac4a9f6e6a408c HTTP/1.1" status: 200 len: 267 time: 0.1139269 /var/lib/openstack/lib/python3.10/site-packages/pycadf/identifier.py:71: UserWarning: Invalid uuid: neutron. To ensure interoperability, identifiers should be a valid uuid. warnings.warn(('Invalid uuid: %s. To ensure interoperability, '
2026-08-28 05:21:07.323 10 INFO neutron.wsgi [None req-3f868e20-5268-43e6-b66b-3f6b773c3004 1b8ea750648945f89f7ef8229ca0b009 7bd2b615ee5646a78bc4a03b95a74946 - - default default] 10.0.0.74 "GET /v2.0/networks?not-tags=red HTTP/1.1" status: 200 len: 2068 time: 0.0993910
2026-08-28 05:21:07.354 9 INFO neutron.wsgi [req-eb8a8278-208c-41b8-8850-a7518ae0a9de req-351896a4-8e6c-40c4-be69-9c44bf525645 eb764ed209874bc0848a362e575917b6 92f768706dff4d36aeac4a9f6e6a408c - - default default] 10.0.0.225 "GET /v2.0/networks?id=3ac0e8ef-398b-4780-8049-89704ac3322f HTTP/1.1" status: 200 len: 904 time: 0.0829539
2026-08-28 05:21:07.371 9 INFO neutron.wsgi [req-eb8a8278-208c-41b8-8850-a7518ae0a9de req-4305faa9-fb48-4179-a229-8205751113a6 eb764ed209874bc0848a362e575917b6 92f768706dff4d36aeac4a9f6e6a408c - - default default] 10.0.0.225 "GET /v2.0/quotas/92f768706dff4d36aeac4a9f6e6a408c HTTP/1.1" status: 200 len: 386 time: 0.0095537
2026-08-28 05:21:07.420 10 INFO neutron.wsgi [None req-eb002b60-baed-42b4-8eb0-d050db8a1380 1b8ea750648945f89f7ef8229ca0b009 7bd2b615ee5646a78bc4a03b95a74946 - - default default] 10.0.0.74 "GET /v2.0/networks?not-tags=red%2Cblue HTTP/1.1" status: 200 len: 2681 time: 0.0915744
2026-08-28 05:21:07.512 10 INFO neutron.wsgi [None req-95191e2f-49ea-4eb4-b140-5b670dcb7850 1b8ea750648945f89f7ef8229ca0b009 7bd2b615ee5646a78bc4a03b95a74946 - - default default] 10.0.0.74 "GET /v2.0/networks?not-tags-any=blue HTTP/1.1" status: 200 len: 2681 time: 0.0843751
2026-08-28 05:21:07.545 9 INFO neutron.wsgi [req-eb8a8278-208c-41b8-8850-a7518ae0a9de req-6c86eb2d-51fc-4e98-886c-d818d1a29fbe eb764ed209874bc0848a362e575917b6 92f768706dff4d36aeac4a9f6e6a408c - - default default] 10.0.0.225 "GET /v2.0/ports?tenant_id=92f768706dff4d36aeac4a9f6e6a408c&fields=id HTTP/1.1" status: 200 len: 486 time: 0.1660149
2026-08-28 05:21:07.589 10 INFO neutron.wsgi [None req-07d6dec8-7b30-4db7-a9b6-e1ca54df2d26 1b8ea750648945f89f7ef8229ca0b009 7bd2b615ee5646a78bc4a03b95a74946 - - default default] 10.0.0.74 "GET /v2.0/networks?not-tags-any=red%2Cblue HTTP/1.1" status: 200 len: 2068 time: 0.0719297
2026-08-28 05:21:07.611 9 INFO neutron.wsgi [req-eb8a8278-208c-41b8-8850-a7518ae0a9de req-76f2bfb4-188d-434b-a279-1b2d120f7d13 a45cfbf5301f4b66b2d2979c1357e31a 772c60c6023a4860b2a78696266f39d4 - - 8cefee79c7304dcf9c6f274a61c7b886 8cefee79c7304dcf9c6f274a61c7b886] 10.0.0.225 "GET /v2.0/networks/3ac0e8ef-398b-4780-8049-89704ac3322f?fields=segments HTTP/1.1" status: 200 len: 212 time: 0.0507793
2026-08-28 05:21:07.670 9 INFO neutron.wsgi [req-eb8a8278-208c-41b8-8850-a7518ae0a9de req-492c88f6-09b9-4b4a-a280-c02cc9b38e8b a45cfbf5301f4b66b2d2979c1357e31a 772c60c6023a4860b2a78696266f39d4 - - 8cefee79c7304dcf9c6f274a61c7b886 8cefee79c7304dcf9c6f274a61c7b886] 10.0.0.225 "GET /v2.0/networks/3ac0e8ef-398b-4780-8049-89704ac3322f?fields=provider%3Aphysical_network&fields=provider%3Anetwork_type HTTP/1.1" status: 200 len: 277 time: 0.0532417
2026-08-28 05:21:07.881 10 INFO neutron.wsgi [req-8dc6afd1-2e79-4f09-8ce9-f9e1f352e615 req-30c321b6-11ef-4626-a823-5e9c567e669d eb764ed209874bc0848a362e575917b6 92f768706dff4d36aeac4a9f6e6a408c - - default default] 10.0.0.225 "GET /v2.0/ports?device_id=a00f7527-00a1-4bd0-a2bc-94ae0bc0a6d6 HTTP/1.1" status: 200 len: 210 time: 0.0382662
2026-08-28 05:21:07.972 10 INFO neutron.services.segments.plugin [-] Segment e1e16977-f5fe-4e1e-8560-a9a69f09b898 resource provider aggregate not found
2026-08-28 05:21:07.982 10 INFO neutron.services.segments.plugin [-] Segment e1e16977-f5fe-4e1e-8560-a9a69f09b898 resource provider aggregate not found
2026-08-28 05:21:07.991 10 INFO neutron.services.segments.plugin [-] Segment e1e16977-f5fe-4e1e-8560-a9a69f09b898 resource provider not found; error: Placement Client Error (4xx): {"errors": [{"status": 404, "title": "Not Found", "detail": "The resource could not be found.\n\n No resource provider with uuid e1e16977-f5fe-4e1e-8560-a9a69f09b898 found for delete ", "request_id": "req-19a5c9e0-17d2-4373-b2cf-5467d3924663"}]}
2026-08-28 05:21:07.998 10 INFO neutron.services.segments.plugin [-] Segment e1e16977-f5fe-4e1e-8560-a9a69f09b898 resource provider not found; error: Placement Client Error (4xx): {"errors": [{"status": 404, "title": "Not Found", "detail": "The resource could not be found.\n\n No resource provider with uuid e1e16977-f5fe-4e1e-8560-a9a69f09b898 found for delete ", "request_id": "req-786d8178-9255-4127-ab7d-d92028da1c33"}]}
2026-08-28 05:21:08.019 10 INFO neutron.wsgi [None req-ecd2472c-868f-4e88-95a2-9ee0e8b8adbf 1b8ea750648945f89f7ef8229ca0b009 7bd2b615ee5646a78bc4a03b95a74946 - - default default] 10.0.0.74 "DELETE /v2.0/networks/074331ba-1576-4c65-960c-7009f1e62a78 HTTP/1.1" status: 204 len: 168 time: 0.4223506
2026-08-28 05:21:08.351 9 INFO neutron.services.segments.plugin [-] Segment 4dcbc13c-0fbc-4339-9a09-128c935b8126 resource provider aggregate not found
2026-08-28 05:21:08.359 9 INFO neutron.services.segments.plugin [-] Segment 4dcbc13c-0fbc-4339-9a09-128c935b8126 resource provider aggregate not found
2026-08-28 05:21:08.373 9 INFO neutron.services.segments.plugin [-] Segment 4dcbc13c-0fbc-4339-9a09-128c935b8126 resource provider not found; error: Placement Client Error (4xx): {"errors": [{"status": 404, "title": "Not Found", "detail": "The resource could not be found.\n\n No resource provider with uuid 4dcbc13c-0fbc-4339-9a09-128c935b8126 found for delete ", "request_id": "req-78dddf31-8ae5-4810-97f2-bde674e1bc11"}]}
2026-08-28 05:21:08.386 9 INFO neutron.services.segments.plugin [-] Segment 4dcbc13c-0fbc-4339-9a09-128c935b8126 resource provider not found; error: Placement Client Error (4xx): {"errors": [{"status": 404, "title": "Not Found", "detail": "The resource could not be found.\n\n No resource provider with uuid 4dcbc13c-0fbc-4339-9a09-128c935b8126 found for delete ", "request_id": "req-5d499029-4942-4a21-978c-78cedae0b626"}]}
2026-08-28 05:21:08.395 9 INFO neutron.wsgi [None req-2dfc7a8f-b8c1-4033-a1a6-645a551225f4 1b8ea750648945f89f7ef8229ca0b009 7bd2b615ee5646a78bc4a03b95a74946 - - default default] 10.0.0.74 "DELETE /v2.0/networks/3999fc23-4f87-4a3b-9f58-ef68a0b18d85 HTTP/1.1" status: 204 len: 168 time: 0.3702016
2026-08-28 05:21:08.592 10 INFO neutron.wsgi [None req-464112f9-14f1-4b96-af9e-a8da9106d41d 1fa89604f4ab4b82aa93d26188607ccf 66e2a27795dd4011a81426b5b2f0f812 - - default default] 10.0.0.74 "DELETE /v2.0/security-groups/8436ae1d-8ee9-420f-8d10-81ae0344a30d HTTP/1.1" status: 204 len: 168 time: 0.1781008
2026-08-28 05:21:08.619 9 INFO neutron.api.v2.resource [None req-d6377986-b1e0-4c4c-a6b7-a5a0e7b75bec 1fa89604f4ab4b82aa93d26188607ccf 66e2a27795dd4011a81426b5b2f0f812 - - default default] show failed (client error): The resource could not be found.
2026-08-28 05:21:08.621 9 INFO neutron.wsgi [None req-d6377986-b1e0-4c4c-a6b7-a5a0e7b75bec 1fa89604f4ab4b82aa93d26188607ccf 66e2a27795dd4011a81426b5b2f0f812 - - default default] 10.0.0.74 "GET /v2.0/security-groups/8436ae1d-8ee9-420f-8d10-81ae0344a30d HTTP/1.1" status: 404 len: 347 time: 0.0218871
2026-08-28 05:21:08.742 10 INFO neutron.wsgi [req-eb8a8278-208c-41b8-8850-a7518ae0a9de req-156e5f28-72e1-4a8d-8dcd-81467426692f eb764ed209874bc0848a362e575917b6 92f768706dff4d36aeac4a9f6e6a408c - - default default] 162.253.55.38 "GET /v2.0/networks?id=3ac0e8ef-398b-4780-8049-89704ac3322f HTTP/1.1" status: 200 len: 904 time: 0.1108034
2026-08-28 05:21:08.810 10 INFO neutron.wsgi [req-eb8a8278-208c-41b8-8850-a7518ae0a9de req-551c9229-f62e-4663-9255-a5f930677580 eb764ed209874bc0848a362e575917b6 92f768706dff4d36aeac4a9f6e6a408c - - default default] 162.253.55.38 "GET /v2.0/security-groups?fields=id&fields=name&tenant_id=92f768706dff4d36aeac4a9f6e6a408c HTTP/1.1" status: 200 len: 377 time: 0.0582330
2026-08-28 05:21:08.930 10 INFO neutron.wsgi [None req-667b9604-211e-4480-98f2-32f94b1dea13 1b8ea750648945f89f7ef8229ca0b009 7bd2b615ee5646a78bc4a03b95a74946 - - default default] 10.0.0.74 "DELETE /v2.0/networks/effcd9d5-6cb1-4855-a66c-0802d5c1e936 HTTP/1.1" status: 204 len: 168 time: 0.5296104
2026-08-28 05:21:09.058 9 INFO neutron.wsgi [None req-fac95f4d-0e53-4a93-9b53-7089b30b879f 1fa89604f4ab4b82aa93d26188607ccf 66e2a27795dd4011a81426b5b2f0f812 - - default default] 10.0.0.74 "DELETE /v2.0/floatingips/fc30e5bd-4813-4b83-a368-fcfd5b1ddddb HTTP/1.1" status: 204 len: 168 time: 0.4321978
2026-08-28 05:21:09.185 9 INFO neutron.wsgi [None req-10002ed0-cda6-4918-b2ae-23ba05d2134a 1fa89604f4ab4b82aa93d26188607ccf 66e2a27795dd4011a81426b5b2f0f812 - - default default] 10.0.0.74 "DELETE /v2.0/security-groups/c754ecce-f2e2-4067-a474-b0227a6b3b5a HTTP/1.1" status: 204 len: 168 time: 0.1230695
2026-08-28 05:21:09.511 10 WARNING neutron.scheduler.dhcp_agent_scheduler [req-eb8a8278-208c-41b8-8850-a7518ae0a9de req-75144ab6-7b8d-416c-ba78-694dab983fc6 eb764ed209874bc0848a362e575917b6 92f768706dff4d36aeac4a9f6e6a408c - - default default] No more DHCP agents
2026-08-28 05:21:09.514 10 WARNING neutron.api.rpc.agentnotifiers.dhcp_rpc_agent_api [req-eb8a8278-208c-41b8-8850-a7518ae0a9de req-75144ab6-7b8d-416c-ba78-694dab983fc6 eb764ed209874bc0848a362e575917b6 92f768706dff4d36aeac4a9f6e6a408c - - default default] Unable to schedule network 3ac0e8ef-398b-4780-8049-89704ac3322f: no agents available; will retry on subsequent port and subnet creation events.
2026-08-28 05:21:09.606 10 INFO neutron.wsgi [None req-97a4c4ef-2d89-4db2-8062-48cdd71a6517 1b8ea750648945f89f7ef8229ca0b009 7bd2b615ee5646a78bc4a03b95a74946 - - default default] 10.0.0.74 "DELETE /v2.0/networks/1abde4cc-bffa-410f-b8ab-1b317bb62721 HTTP/1.1" status: 204 len: 168 time: 0.6702189
2026-08-28 05:21:09.678 10 INFO neutron.db.ovn_revision_numbers_db [req-eb8a8278-208c-41b8-8850-a7518ae0a9de req-75144ab6-7b8d-416c-ba78-694dab983fc6 eb764ed209874bc0848a362e575917b6 92f768706dff4d36aeac4a9f6e6a408c - - default default] Successfully bumped revision number for resource a72f449f-355a-4373-93ba-c468d797b431 (type: ports) to 1
2026-08-28 05:21:09.697 10 INFO neutron.wsgi [req-eb8a8278-208c-41b8-8850-a7518ae0a9de req-75144ab6-7b8d-416c-ba78-694dab983fc6 eb764ed209874bc0848a362e575917b6 92f768706dff4d36aeac4a9f6e6a408c - - default default] 162.253.55.38 "POST /v2.0/ports HTTP/1.1" status: 201 len: 1388 time: 0.8797686 /var/lib/openstack/lib/python3.10/site-packages/pycadf/identifier.py:71: UserWarning: Invalid uuid: neutron. To ensure interoperability, identifiers should be a valid uuid. warnings.warn(('Invalid uuid: %s. To ensure interoperability, '
2026-08-28 05:21:10.019 10 INFO neutron.services.segments.plugin [-] Segment c2285802-1e5f-4cb5-9a25-168611ee8019 resource provider aggregate not found
2026-08-28 05:21:10.026 10 INFO neutron.services.segments.plugin [-] Segment c2285802-1e5f-4cb5-9a25-168611ee8019 resource provider aggregate not found
2026-08-28 05:21:10.042 10 INFO neutron.services.segments.plugin [-] Segment c2285802-1e5f-4cb5-9a25-168611ee8019 resource provider not found; error: Placement Client Error (4xx): {"errors": [{"status": 404, "title": "Not Found", "detail": "The resource could not be found.\n\n No resource provider with uuid c2285802-1e5f-4cb5-9a25-168611ee8019 found for delete ", "request_id": "req-7de2c406-59a3-475d-b9c2-31f5de3fa278"}]}
2026-08-28 05:21:10.049 10 INFO neutron.services.segments.plugin [-] Segment c2285802-1e5f-4cb5-9a25-168611ee8019 resource provider not found; error: Placement Client Error (4xx): {"errors": [{"status": 404, "title": "Not Found", "detail": "The resource could not be found.\n\n No resource provider with uuid c2285802-1e5f-4cb5-9a25-168611ee8019 found for delete ", "request_id": "req-a8ab6079-752b-4b68-8d36-905943843bc8"}]}
2026-08-28 05:21:10.063 10 INFO neutron.services.segments.plugin [-] Segment 589be6bc-7fb5-4825-8d02-558d8302430e resource provider aggregate not found
2026-08-28 05:21:10.068 10 INFO neutron.services.segments.plugin [-] Segment 589be6bc-7fb5-4825-8d02-558d8302430e resource provider aggregate not found
2026-08-28 05:21:10.089 10 INFO neutron.services.segments.plugin [-] Segment 589be6bc-7fb5-4825-8d02-558d8302430e resource provider not found; error: Placement Client Error (4xx): {"errors": [{"status": 404, "title": "Not Found", "detail": "The resource could not be found.\n\n No resource provider with uuid 589be6bc-7fb5-4825-8d02-558d8302430e found for delete ", "request_id": "req-8c7a02ff-f5c8-4349-9368-936561fcece2"}]}
2026-08-28 05:21:10.091 10 INFO neutron.services.segments.plugin [-] Segment 589be6bc-7fb5-4825-8d02-558d8302430e resource provider not found; error: Placement Client Error (4xx): {"errors": [{"status": 404, "title": "Not Found", "detail": "The resource could not be found.\n\n No resource provider with uuid 589be6bc-7fb5-4825-8d02-558d8302430e found for delete ", "request_id": "req-f9f22284-ff25-4906-b5ca-a721dae0bd24"}]}
2026-08-28 05:21:10.188 10 INFO neutron.db.ovn_revision_numbers_db [req-eb8a8278-208c-41b8-8850-a7518ae0a9de req-195531fc-582c-4f70-94e3-a02dade6eec6 a45cfbf5301f4b66b2d2979c1357e31a 772c60c6023a4860b2a78696266f39d4 - - 8cefee79c7304dcf9c6f274a61c7b886 8cefee79c7304dcf9c6f274a61c7b886] Successfully bumped revision number for resource a72f449f-355a-4373-93ba-c468d797b431 (type: ports) to 2
2026-08-28 05:21:10.214 9 INFO neutron.wsgi [None req-9af47bab-a44c-4975-b482-724fcd5ce495 1b8ea750648945f89f7ef8229ca0b009 7bd2b615ee5646a78bc4a03b95a74946 - - default default] 10.0.0.74 "DELETE /v2.0/networks/41e00975-6071-475f-aa76-61fd88a15bea HTTP/1.1" status: 204 len: 168 time: 0.6024857
2026-08-28 05:21:10.346 10 INFO neutron.db.ovn_revision_numbers_db [req-eb8a8278-208c-41b8-8850-a7518ae0a9de req-195531fc-582c-4f70-94e3-a02dade6eec6 a45cfbf5301f4b66b2d2979c1357e31a 772c60c6023a4860b2a78696266f39d4 - - 8cefee79c7304dcf9c6f274a61c7b886 8cefee79c7304dcf9c6f274a61c7b886] Successfully bumped revision number for resource a72f449f-355a-4373-93ba-c468d797b431 (type: ports) to 2
2026-08-28 05:21:10.359 10 INFO neutron.wsgi [req-eb8a8278-208c-41b8-8850-a7518ae0a9de req-195531fc-582c-4f70-94e3-a02dade6eec6 a45cfbf5301f4b66b2d2979c1357e31a 772c60c6023a4860b2a78696266f39d4 - - 8cefee79c7304dcf9c6f274a61c7b886 8cefee79c7304dcf9c6f274a61c7b886] 162.253.55.38 "PUT /v2.0/ports/a72f449f-355a-4373-93ba-c468d797b431 HTTP/1.1" status: 200 len: 1605 time: 0.6519377
2026-08-28 05:21:10.399 9 INFO neutron.services.segments.plugin [-] Segment d83eedd1-7431-4523-aaab-964eeed39a9b resource provider aggregate not found /var/lib/openstack/lib/python3.10/site-packages/pycadf/identifier.py:71: UserWarning: Invalid uuid: neutron. To ensure interoperability, identifiers should be a valid uuid. warnings.warn(('Invalid uuid: %s. To ensure interoperability, '
2026-08-28 05:21:10.414 10 INFO neutron.notifiers.nova [-] Nova event matching ['req-917e3e55-cba7-4ead-a35a-59c2eb8cb217'] response: {'name': 'network-changed', 'server_uuid': 'a00f7527-00a1-4bd0-a2bc-94ae0bc0a6d6', 'tag': 'a72f449f-355a-4373-93ba-c468d797b431', 'status': 'completed', 'code': 200}
2026-08-28 05:21:10.419 9 INFO neutron.services.segments.plugin [-] Segment d83eedd1-7431-4523-aaab-964eeed39a9b resource provider aggregate not found
2026-08-28 05:21:10.429 9 INFO neutron.services.segments.plugin [-] Segment d83eedd1-7431-4523-aaab-964eeed39a9b resource provider not found; error: Placement Client Error (4xx): {"errors": [{"status": 404, "title": "Not Found", "detail": "The resource could not be found.\n\n No resource provider with uuid d83eedd1-7431-4523-aaab-964eeed39a9b found for delete ", "request_id": "req-38482c33-20b8-464c-9a17-79caf18889e1"}]}
2026-08-28 05:21:10.462 9 INFO neutron.services.segments.plugin [-] Segment d83eedd1-7431-4523-aaab-964eeed39a9b resource provider not found; error: Placement Client Error (4xx): {"errors": [{"status": 404, "title": "Not Found", "detail": "The resource could not be found.\n\n No resource provider with uuid d83eedd1-7431-4523-aaab-964eeed39a9b found for delete ", "request_id": "req-c87f5cc9-6a2c-4d23-a2ae-eae95b7023fc"}]}
2026-08-28 05:21:10.481 10 INFO neutron.wsgi [req-eb8a8278-208c-41b8-8850-a7518ae0a9de req-dcf5431a-f157-4bdd-b457-cb02afca0189 a45cfbf5301f4b66b2d2979c1357e31a 772c60c6023a4860b2a78696266f39d4 - - 8cefee79c7304dcf9c6f274a61c7b886 8cefee79c7304dcf9c6f274a61c7b886] 162.253.55.38 "GET /v2.0/ports?tenant_id=92f768706dff4d36aeac4a9f6e6a408c&device_id=a00f7527-00a1-4bd0-a2bc-94ae0bc0a6d6 HTTP/1.1" status: 200 len: 1636 time: 0.0860133
2026-08-28 05:21:10.515 10 INFO neutron.wsgi [req-eb8a8278-208c-41b8-8850-a7518ae0a9de req-737cc020-234c-4a9c-9e40-5fb825cc30aa a45cfbf5301f4b66b2d2979c1357e31a 772c60c6023a4860b2a78696266f39d4 - - 8cefee79c7304dcf9c6f274a61c7b886 8cefee79c7304dcf9c6f274a61c7b886] 162.253.55.38 "GET /v2.0/floatingips?fixed_ip_address=10.2.1.193&port_id=a72f449f-355a-4373-93ba-c468d797b431 HTTP/1.1" status: 200 len: 217 time: 0.0240097
2026-08-28 05:21:10.547 10 INFO neutron.wsgi [req-eb8a8278-208c-41b8-8850-a7518ae0a9de req-cd8cf263-f867-4975-9f50-9a1710b7b694 a45cfbf5301f4b66b2d2979c1357e31a 772c60c6023a4860b2a78696266f39d4 - - 8cefee79c7304dcf9c6f274a61c7b886 8cefee79c7304dcf9c6f274a61c7b886] 162.253.55.38 "GET /v2.0/floatingips?fixed_ip_address=fd7b%3Af9f7%3Afff%3A4eca%3A%3A100&port_id=a72f449f-355a-4373-93ba-c468d797b431 HTTP/1.1" status: 200 len: 217 time: 0.0268755
2026-08-28 05:21:10.587 9 INFO neutron.wsgi [-] 10.0.0.205 "GET / HTTP/1.1" status: 200 len: 246 time: 0.0018709
2026-08-28 05:21:10.589 9 INFO neutron.wsgi [-] 10.0.0.205 "GET / HTTP/1.1" status: 200 len: 246 time: 0.0013509
2026-08-28 05:21:10.616 10 INFO neutron.wsgi [req-eb8a8278-208c-41b8-8850-a7518ae0a9de req-991044b6-b076-4eb8-bb05-27d6b9c90512 a45cfbf5301f4b66b2d2979c1357e31a 772c60c6023a4860b2a78696266f39d4 - - 8cefee79c7304dcf9c6f274a61c7b886 8cefee79c7304dcf9c6f274a61c7b886] 162.253.55.38 "GET /v2.0/subnets?id=385f1440-5edd-4809-a96f-298d39708f02&id=0db831c0-cacd-429b-888f-a9a0172b6268 HTTP/1.1" status: 200 len: 1561 time: 0.0651128
2026-08-28 05:21:10.641 10 INFO neutron.wsgi [req-eb8a8278-208c-41b8-8850-a7518ae0a9de req-02e63c2e-05e8-426e-b9a8-90f88186f6b1 a45cfbf5301f4b66b2d2979c1357e31a 772c60c6023a4860b2a78696266f39d4 - - 8cefee79c7304dcf9c6f274a61c7b886 8cefee79c7304dcf9c6f274a61c7b886] 162.253.55.38 "GET /v2.0/ports?network_id=3ac0e8ef-398b-4780-8049-89704ac3322f&device_owner=network%3Adhcp HTTP/1.1" status: 200 len: 210 time: 0.0189030
2026-08-28 05:21:10.666 10 INFO neutron.wsgi [req-eb8a8278-208c-41b8-8850-a7518ae0a9de req-4ea23dad-f196-400a-800e-6c2805c9071f a45cfbf5301f4b66b2d2979c1357e31a 772c60c6023a4860b2a78696266f39d4 - - 8cefee79c7304dcf9c6f274a61c7b886 8cefee79c7304dcf9c6f274a61c7b886] 162.253.55.38 "GET /v2.0/ports?network_id=3ac0e8ef-398b-4780-8049-89704ac3322f&device_owner=network%3Adhcp HTTP/1.1" status: 200 len: 210 time: 0.0183263
2026-08-28 05:21:10.711 9 INFO neutron.wsgi [None req-1c26ca6c-66d4-4462-9595-e9c6b0081dc3 33135f67f1bd4addb9e4c717e0b9cca2 554ac6df97b24ea2b7b467fe9e6819a7 - - default default] 10.0.0.74 "PUT /v2.0/routers/49ec9f8f-950b-4739-a98e-5959b4d30476/remove_router_interface HTTP/1.1" status: 200 len: 503 time: 1.4876468 /var/lib/openstack/lib/python3.10/site-packages/pycadf/identifier.py:71: UserWarning: Invalid uuid: neutron. To ensure interoperability, identifiers should be a valid uuid. warnings.warn(('Invalid uuid: %s. To ensure interoperability, '
2026-08-28 05:21:10.730 10 INFO neutron.wsgi [req-eb8a8278-208c-41b8-8850-a7518ae0a9de req-e1990a71-8af0-4862-bc17-a0f159d3ff15 a45cfbf5301f4b66b2d2979c1357e31a 772c60c6023a4860b2a78696266f39d4 - - 8cefee79c7304dcf9c6f274a61c7b886 8cefee79c7304dcf9c6f274a61c7b886] 162.253.55.38 "GET /v2.0/networks/3ac0e8ef-398b-4780-8049-89704ac3322f?fields=segments HTTP/1.1" status: 200 len: 212 time: 0.0564926
2026-08-28 05:21:10.816 10 INFO neutron.wsgi [req-eb8a8278-208c-41b8-8850-a7518ae0a9de req-11300d0e-e05c-4d64-8437-fc7d0ca0b1d9 a45cfbf5301f4b66b2d2979c1357e31a 772c60c6023a4860b2a78696266f39d4 - - 8cefee79c7304dcf9c6f274a61c7b886 8cefee79c7304dcf9c6f274a61c7b886] 162.253.55.38 "GET /v2.0/networks/3ac0e8ef-398b-4780-8049-89704ac3322f?fields=provider%3Aphysical_network&fields=provider%3Anetwork_type HTTP/1.1" status: 200 len: 277 time: 0.0793209
2026-08-28 05:21:10.921 10 INFO neutron.wsgi [req-25fe2aab-a9af-4d90-a7c4-7abb856db2c5 req-35e4baed-1ef8-4ff4-921d-3c1fa4fbe7ed a45cfbf5301f4b66b2d2979c1357e31a 772c60c6023a4860b2a78696266f39d4 - - 8cefee79c7304dcf9c6f274a61c7b886 8cefee79c7304dcf9c6f274a61c7b886] 162.253.55.38 "GET /v2.0/ports?tenant_id=92f768706dff4d36aeac4a9f6e6a408c&device_id=a00f7527-00a1-4bd0-a2bc-94ae0bc0a6d6 HTTP/1.1" status: 200 len: 1636 time: 0.0368078
2026-08-28 05:21:11.011 10 INFO neutron.wsgi [req-25fe2aab-a9af-4d90-a7c4-7abb856db2c5 req-2147760b-0447-4f1f-9c57-55cc0bd752b4 a45cfbf5301f4b66b2d2979c1357e31a 772c60c6023a4860b2a78696266f39d4 - - 8cefee79c7304dcf9c6f274a61c7b886 8cefee79c7304dcf9c6f274a61c7b886] 162.253.55.38 "GET /v2.0/networks?id=3ac0e8ef-398b-4780-8049-89704ac3322f HTTP/1.1" status: 200 len: 1003 time: 0.0825450
2026-08-28 05:21:11.046 10 INFO neutron.wsgi [req-25fe2aab-a9af-4d90-a7c4-7abb856db2c5 req-786f0161-1104-4e6d-b537-805cdf206eec a45cfbf5301f4b66b2d2979c1357e31a 772c60c6023a4860b2a78696266f39d4 - - 8cefee79c7304dcf9c6f274a61c7b886 8cefee79c7304dcf9c6f274a61c7b886] 162.253.55.38 "GET /v2.0/floatingips?fixed_ip_address=10.2.1.193&port_id=a72f449f-355a-4373-93ba-c468d797b431 HTTP/1.1" status: 200 len: 217 time: 0.0284626
2026-08-28 05:21:11.072 10 INFO neutron.wsgi [req-25fe2aab-a9af-4d90-a7c4-7abb856db2c5 req-2da18683-1f51-44f3-9dac-c2eebdc927f1 a45cfbf5301f4b66b2d2979c1357e31a 772c60c6023a4860b2a78696266f39d4 - - 8cefee79c7304dcf9c6f274a61c7b886 8cefee79c7304dcf9c6f274a61c7b886] 162.253.55.38 "GET /v2.0/floatingips?fixed_ip_address=fd7b%3Af9f7%3Afff%3A4eca%3A%3A100&port_id=a72f449f-355a-4373-93ba-c468d797b431 HTTP/1.1" status: 200 len: 217 time: 0.0199096
2026-08-28 05:21:11.118 10 INFO neutron.wsgi [req-25fe2aab-a9af-4d90-a7c4-7abb856db2c5 req-4737f977-5a33-43c9-a45c-e261a18df8dc a45cfbf5301f4b66b2d2979c1357e31a 772c60c6023a4860b2a78696266f39d4 - - 8cefee79c7304dcf9c6f274a61c7b886 8cefee79c7304dcf9c6f274a61c7b886] 162.253.55.38 "GET /v2.0/subnets?id=385f1440-5edd-4809-a96f-298d39708f02&id=0db831c0-cacd-429b-888f-a9a0172b6268 HTTP/1.1" status: 200 len: 1561 time: 0.0365248
2026-08-28 05:21:11.141 10 INFO neutron.wsgi [req-25fe2aab-a9af-4d90-a7c4-7abb856db2c5 req-ca24be09-de91-465f-b15e-54803a796af9 a45cfbf5301f4b66b2d2979c1357e31a 772c60c6023a4860b2a78696266f39d4 - - 8cefee79c7304dcf9c6f274a61c7b886 8cefee79c7304dcf9c6f274a61c7b886] 162.253.55.38 "GET /v2.0/ports?network_id=3ac0e8ef-398b-4780-8049-89704ac3322f&device_owner=network%3Adhcp HTTP/1.1" status: 200 len: 210 time: 0.0193319
2026-08-28 05:21:11.179 10 INFO neutron.wsgi [req-25fe2aab-a9af-4d90-a7c4-7abb856db2c5 req-54f7af20-11a9-4a35-9ddd-b727da68e08f a45cfbf5301f4b66b2d2979c1357e31a 772c60c6023a4860b2a78696266f39d4 - - 8cefee79c7304dcf9c6f274a61c7b886 8cefee79c7304dcf9c6f274a61c7b886] 162.253.55.38 "GET /v2.0/ports?network_id=3ac0e8ef-398b-4780-8049-89704ac3322f&device_owner=network%3Adhcp HTTP/1.1" status: 200 len: 210 time: 0.0327947
2026-08-28 05:21:11.258 10 INFO neutron.wsgi [req-25fe2aab-a9af-4d90-a7c4-7abb856db2c5 req-a729675b-6fcf-47e2-9c91-aa7b63952db2 a45cfbf5301f4b66b2d2979c1357e31a 772c60c6023a4860b2a78696266f39d4 - - 8cefee79c7304dcf9c6f274a61c7b886 8cefee79c7304dcf9c6f274a61c7b886] 162.253.55.38 "GET /v2.0/networks/3ac0e8ef-398b-4780-8049-89704ac3322f?fields=segments HTTP/1.1" status: 200 len: 212 time: 0.0749846
2026-08-28 05:21:11.324 10 INFO neutron.wsgi [req-25fe2aab-a9af-4d90-a7c4-7abb856db2c5 req-fe6abc30-643e-44d9-a24c-dc1e5e758c26 a45cfbf5301f4b66b2d2979c1357e31a 772c60c6023a4860b2a78696266f39d4 - - 8cefee79c7304dcf9c6f274a61c7b886 8cefee79c7304dcf9c6f274a61c7b886] 162.253.55.38 "GET /v2.0/networks/3ac0e8ef-398b-4780-8049-89704ac3322f?fields=provider%3Aphysical_network&fields=provider%3Anetwork_type HTTP/1.1" status: 200 len: 277 time: 0.0618069
2026-08-28 05:21:11.376 9 INFO neutron.wsgi [None req-bf9bf39b-068e-45f8-ac2a-98d902f29b62 33135f67f1bd4addb9e4c717e0b9cca2 554ac6df97b24ea2b7b467fe9e6819a7 - - default default] 10.0.0.74 "DELETE /v2.0/routers/49ec9f8f-950b-4739-a98e-5959b4d30476 HTTP/1.1" status: 204 len: 168 time: 0.6598217
2026-08-28 05:21:11.390 10 INFO neutron.wsgi [None req-7b8da6e7-40ee-41bd-b0fd-df9f2b883177 33135f67f1bd4addb9e4c717e0b9cca2 554ac6df97b24ea2b7b467fe9e6819a7 - - default default] 10.0.0.74 "GET /v2.0/security-groups?tenant_id=7bd2b615ee5646a78bc4a03b95a74946&name=default HTTP/1.1" status: 200 len: 2996 time: 0.1483705
2026-08-28 05:21:11.481 10 INFO neutron.db.ovn_revision_numbers_db [None req-df98ded4-d1f7-4609-9f7e-d0cb5bfe36ca 33135f67f1bd4addb9e4c717e0b9cca2 554ac6df97b24ea2b7b467fe9e6819a7 - - default default] Successfully bumped revision number for resource e995013f-ab70-4503-a0a7-bffe3b4cb2c0 (type: security_groups) to 1
2026-08-28 05:21:11.491 10 INFO neutron.db.ovn_revision_numbers_db [None req-df98ded4-d1f7-4609-9f7e-d0cb5bfe36ca 33135f67f1bd4addb9e4c717e0b9cca2 554ac6df97b24ea2b7b467fe9e6819a7 - - default default] Successfully bumped revision number for resource 7bc21c9e-ad58-4f13-b5cb-6d6c2d5a8b20 (type: security_group_rules) to 0
2026-08-28 05:21:11.502 10 INFO neutron.db.ovn_revision_numbers_db [None req-df98ded4-d1f7-4609-9f7e-d0cb5bfe36ca 33135f67f1bd4addb9e4c717e0b9cca2 554ac6df97b24ea2b7b467fe9e6819a7 - - default default] Successfully bumped revision number for resource 813df5f8-5d4f-4d2b-b657-58d445a0e247 (type: security_group_rules) to 0
2026-08-28 05:21:11.518 10 INFO neutron.db.ovn_revision_numbers_db [None req-df98ded4-d1f7-4609-9f7e-d0cb5bfe36ca 33135f67f1bd4addb9e4c717e0b9cca2 554ac6df97b24ea2b7b467fe9e6819a7 - - default default] Successfully bumped revision number for resource eca54a5e-d33d-4763-ada4-4336995a6b4e (type: security_group_rules) to 0
2026-08-28 05:21:11.535 10 INFO neutron.db.ovn_revision_numbers_db [None req-df98ded4-d1f7-4609-9f7e-d0cb5bfe36ca 33135f67f1bd4addb9e4c717e0b9cca2 554ac6df97b24ea2b7b467fe9e6819a7 - - default default] Successfully bumped revision number for resource fd7b2b59-6166-477d-a884-079389a22007 (type: security_group_rules) to 0
2026-08-28 05:21:11.556 10 INFO neutron.wsgi [None req-df98ded4-d1f7-4609-9f7e-d0cb5bfe36ca 33135f67f1bd4addb9e4c717e0b9cca2 554ac6df97b24ea2b7b467fe9e6819a7 - - default default] 10.0.0.74 "GET /v2.0/security-groups?tenant_id=3f5d7d0467574c77bd8516c5e2f510cb&name=default HTTP/1.1" status: 200 len: 2996 time: 0.3290613
2026-08-28 05:21:11.735 10 INFO neutron.wsgi [None req-87d1a5c4-e9c6-47c8-8f65-2077beb309f0 33135f67f1bd4addb9e4c717e0b9cca2 554ac6df97b24ea2b7b467fe9e6819a7 - - default default] 10.0.0.74 "DELETE /v2.0/security-groups/e995013f-ab70-4503-a0a7-bffe3b4cb2c0 HTTP/1.1" status: 204 len: 168 time: 0.1752295
2026-08-28 05:21:11.853 9 INFO neutron.wsgi [None req-4c981ee2-9f1e-43ce-bb08-83e6406969d1 33135f67f1bd4addb9e4c717e0b9cca2 554ac6df97b24ea2b7b467fe9e6819a7 - - default default] 10.0.0.74 "DELETE /v2.0/subnets/05a1dab7-507e-459d-b098-37ea3af11856 HTTP/1.1" status: 204 len: 168 time: 0.4658968
2026-08-28 05:21:11.905 9 INFO neutron.wsgi [None req-4ce7bf34-624c-4ec3-9859-d331eb6c2647 33135f67f1bd4addb9e4c717e0b9cca2 554ac6df97b24ea2b7b467fe9e6819a7 - - default default] 10.0.0.74 "DELETE /v2.0/security-groups/5c3153b0-14ff-4a9a-96f2-e2475977897e HTTP/1.1" status: 204 len: 168 time: 0.5111117
2026-08-28 05:21:12.216 9 INFO neutron.wsgi [None req-73152d1f-9d3d-4e75-8298-05a88989a603 33135f67f1bd4addb9e4c717e0b9cca2 554ac6df97b24ea2b7b467fe9e6819a7 - - default default] 10.0.0.74 "DELETE /v2.0/networks/a21c6357-35dc-42e1-a55a-d0f2f4ca60e6 HTTP/1.1" status: 204 len: 168 time: 0.3583591
2026-08-28 05:21:12.230 9 INFO neutron.db.ovn_revision_numbers_db [None req-70a4923a-99f4-477c-9573-4196e0b62aad 33135f67f1bd4addb9e4c717e0b9cca2 554ac6df97b24ea2b7b467fe9e6819a7 - - default default] Successfully bumped revision number for resource ad6a8b7d-0181-4bf6-82ca-9152035da5e2 (type: security_groups) to 1
2026-08-28 05:21:12.246 9 INFO neutron.db.ovn_revision_numbers_db [None req-70a4923a-99f4-477c-9573-4196e0b62aad 33135f67f1bd4addb9e4c717e0b9cca2 554ac6df97b24ea2b7b467fe9e6819a7 - - default default] Successfully bumped revision number for resource 5065a074-9a6e-4267-a3e4-a81d6e4ff121 (type: security_group_rules) to 0
2026-08-28 05:21:12.259 9 INFO neutron.db.ovn_revision_numbers_db [None req-70a4923a-99f4-477c-9573-4196e0b62aad 33135f67f1bd4addb9e4c717e0b9cca2 554ac6df97b24ea2b7b467fe9e6819a7 - - default default] Successfully bumped revision number for resource 7ba5747d-1524-4b01-8f40-b8c325c0b2f2 (type: security_group_rules) to 0
2026-08-28 05:21:12.272 9 INFO neutron.db.ovn_revision_numbers_db [None req-70a4923a-99f4-477c-9573-4196e0b62aad 33135f67f1bd4addb9e4c717e0b9cca2 554ac6df97b24ea2b7b467fe9e6819a7 - - default default] Successfully bumped revision number for resource a15be7f8-667e-4daa-90ae-9806b8ef1fac (type: security_group_rules) to 0
2026-08-28 05:21:12.284 9 INFO neutron.db.ovn_revision_numbers_db [None req-70a4923a-99f4-477c-9573-4196e0b62aad 33135f67f1bd4addb9e4c717e0b9cca2 554ac6df97b24ea2b7b467fe9e6819a7 - - default default] Successfully bumped revision number for resource a7d330b8-1d92-4e24-b918-6c2c2acd0900 (type: security_group_rules) to 0
2026-08-28 05:21:12.302 9 INFO neutron.wsgi [None req-70a4923a-99f4-477c-9573-4196e0b62aad 33135f67f1bd4addb9e4c717e0b9cca2 554ac6df97b24ea2b7b467fe9e6819a7 - - default default] 10.0.0.74 "GET /v2.0/security-groups?tenant_id=539cc9926709450e9431daa2db52f36c&name=default HTTP/1.1" status: 200 len: 2996 time: 0.1876626
2026-08-28 05:21:12.376 10 WARNING neutron.plugins.ml2.drivers.ovn.mech_driver.ovsdb.ovn_client [None req-357225a1-d873-437a-91e3-826650292d12 - - - - - -] No hosting information found for port 53b2eed5-f0ad-4df3-b76c-593dc3b0fb15: RuntimeError: No hosting information found for port 53b2eed5-f0ad-4df3-b76c-593dc3b0fb15
2026-08-28 05:21:12.377 10 INFO neutron.plugins.ml2.drivers.ovn.mech_driver.mech_driver [None req-357225a1-d873-437a-91e3-826650292d12 - - - - - -] OVN reports status down for port: b9e94448-e68f-4e5d-912b-471f22be26b8
2026-08-28 05:21:12.397 10 INFO neutron.plugins.ml2.drivers.ovn.mech_driver.mech_driver [None req-357225a1-d873-437a-91e3-826650292d12 - - - - - -] OVN reports status up for port: a72f449f-355a-4373-93ba-c468d797b431
2026-08-28 05:21:12.418 10 INFO neutron.plugins.ml2.plugin [None req-357225a1-d873-437a-91e3-826650292d12 - - - - - -] Attempt 1 to provision port a72f449f-355a-4373-93ba-c468d797b431
2026-08-28 05:21:12.453 9 INFO neutron.services.segments.plugin [-] Segment 56e6dbcf-fed6-4183-b5cc-de71e6dd94f6 resource provider aggregate not found
2026-08-28 05:21:12.479 9 INFO neutron.services.segments.plugin [-] Segment 56e6dbcf-fed6-4183-b5cc-de71e6dd94f6 resource provider not found; error: Placement Client Error (4xx): {"errors": [{"status": 404, "title": "Not Found", "detail": "The resource could not be found.\n\n No resource provider with uuid 56e6dbcf-fed6-4183-b5cc-de71e6dd94f6 found for delete ", "request_id": "req-9f003fc4-3a71-4b53-8b3f-2236af90a96b"}]}
2026-08-28 05:21:12.483 9 INFO neutron.services.segments.plugin [-] Segment 56e6dbcf-fed6-4183-b5cc-de71e6dd94f6 resource provider aggregate not found
2026-08-28 05:21:12.493 9 INFO neutron.wsgi [None req-56259f17-9c3a-43a7-bf73-ee1311166e24 33135f67f1bd4addb9e4c717e0b9cca2 554ac6df97b24ea2b7b467fe9e6819a7 - - default default] 10.0.0.74 "DELETE /v2.0/security-groups/ad6a8b7d-0181-4bf6-82ca-9152035da5e2 HTTP/1.1" status: 204 len: 168 time: 0.1874425
2026-08-28 05:21:12.509 9 INFO neutron.services.segments.plugin [-] Segment 56e6dbcf-fed6-4183-b5cc-de71e6dd94f6 resource provider not found; error: Placement Client Error (4xx): {"errors": [{"status": 404, "title": "Not Found", "detail": "The resource could not be found.\n\n No resource provider with uuid 56e6dbcf-fed6-4183-b5cc-de71e6dd94f6 found for delete ", "request_id": "req-cd8b51b6-575e-433a-ade1-e83d31deeb7e"}]}
2026-08-28 05:21:12.619 10 INFO neutron.notifiers.nova [-] Nova event matching ['req-272c456a-37b8-47f5-8caf-32b5bea8b277'] response: {'server_uuid': 'a00f7527-00a1-4bd0-a2bc-94ae0bc0a6d6', 'name': 'network-vif-plugged', 'status': 'completed', 'tag': 'a72f449f-355a-4373-93ba-c468d797b431', 'code': 200}
2026-08-28 05:21:12.736 9 INFO neutron.db.ovn_revision_numbers_db [None req-491dc2d1-f650-4216-b7af-03e824d3c3a9 33135f67f1bd4addb9e4c717e0b9cca2 554ac6df97b24ea2b7b467fe9e6819a7 - - default default] Successfully bumped revision number for resource 05572492-0d1a-495a-9903-f2bcbf88b484 (type: security_groups) to 1
2026-08-28 05:21:12.752 9 INFO neutron.db.ovn_revision_numbers_db [None req-491dc2d1-f650-4216-b7af-03e824d3c3a9 33135f67f1bd4addb9e4c717e0b9cca2 554ac6df97b24ea2b7b467fe9e6819a7 - - default default] Successfully bumped revision number for resource 462b9dfb-0117-4890-a380-4ca783756c68 (type: security_group_rules) to 0
2026-08-28 05:21:12.771 9 INFO neutron.db.ovn_revision_numbers_db [None req-491dc2d1-f650-4216-b7af-03e824d3c3a9 33135f67f1bd4addb9e4c717e0b9cca2 554ac6df97b24ea2b7b467fe9e6819a7 - - default default] Successfully bumped revision number for resource 614e7c96-b198-4763-93bb-987478b28304 (type: security_group_rules) to 0
2026-08-28 05:21:12.790 9 INFO neutron.db.ovn_revision_numbers_db [None req-491dc2d1-f650-4216-b7af-03e824d3c3a9 33135f67f1bd4addb9e4c717e0b9cca2 554ac6df97b24ea2b7b467fe9e6819a7 - - default default] Successfully bumped revision number for resource 9b442866-c54a-4e9a-8498-3bd978d9babe (type: security_group_rules) to 0
2026-08-28 05:21:12.809 9 INFO neutron.db.ovn_revision_numbers_db [None req-491dc2d1-f650-4216-b7af-03e824d3c3a9 33135f67f1bd4addb9e4c717e0b9cca2 554ac6df97b24ea2b7b467fe9e6819a7 - - default default] Successfully bumped revision number for resource f3fb14c3-ebe7-44d2-89ae-6a490efb5568 (type: security_group_rules) to 0
2026-08-28 05:21:12.836 9 INFO neutron.wsgi [None req-491dc2d1-f650-4216-b7af-03e824d3c3a9 33135f67f1bd4addb9e4c717e0b9cca2 554ac6df97b24ea2b7b467fe9e6819a7 - - default default] 10.0.0.74 "GET /v2.0/security-groups?tenant_id=38e5464550b24d19a03935e4087f8d48&name=default HTTP/1.1" status: 200 len: 2996 time: 0.2362716
2026-08-28 05:21:12.899 10 INFO neutron.db.ovn_revision_numbers_db [None req-357225a1-d873-437a-91e3-826650292d12 - - - - - -] Successfully bumped revision number for resource a72f449f-355a-4373-93ba-c468d797b431 (type: ports) to 4 /var/lib/openstack/lib/python3.10/site-packages/pycadf/identifier.py:71: UserWarning: Invalid uuid: neutron. To ensure interoperability, identifiers should be a valid uuid. warnings.warn(('Invalid uuid: %s. To ensure interoperability, '
2026-08-28 05:21:13.021 9 INFO neutron.wsgi [None req-b5764b0b-f6b1-491b-be95-93ccaf848e23 33135f67f1bd4addb9e4c717e0b9cca2 554ac6df97b24ea2b7b467fe9e6819a7 - - default default] 10.0.0.74 "DELETE /v2.0/security-groups/05572492-0d1a-495a-9903-f2bcbf88b484 HTTP/1.1" status: 204 len: 168 time: 0.1797259
2026-08-28 05:21:13.237 10 INFO neutron.wsgi [req-4e267815-eaed-4410-addd-a385c864f5c7 req-45782702-25cd-494d-93c4-50aa22239f69 eb764ed209874bc0848a362e575917b6 92f768706dff4d36aeac4a9f6e6a408c - - default default] 10.0.0.225 "GET /v2.0/ports?device_id=a00f7527-00a1-4bd0-a2bc-94ae0bc0a6d6 HTTP/1.1" status: 200 len: 1400 time: 0.2798319
2026-08-28 05:21:13.299 10 INFO neutron.wsgi [req-4e267815-eaed-4410-addd-a385c864f5c7 req-beef6ae8-58ab-42af-a95f-ff04c4812ab3 eb764ed209874bc0848a362e575917b6 92f768706dff4d36aeac4a9f6e6a408c - - default default] 10.0.0.225 "GET /v2.0/security-groups?id=f7f0ebe7-0518-400c-afdc-70f3c7e255bd&fields=id&fields=name HTTP/1.1" status: 200 len: 310 time: 0.0523932
2026-08-28 05:21:13.444 9 INFO neutron.wsgi [None req-e4bdfbab-3223-4dc2-a61d-f178556ef5e0 eb764ed209874bc0848a362e575917b6 92f768706dff4d36aeac4a9f6e6a408c - - default default] 10.0.0.74 "GET /v2.0/ports?network_id=3ac0e8ef-398b-4780-8049-89704ac3322f&mac_address=fa%3A16%3A3e%3Abd%3Af2%3A22 HTTP/1.1" status: 200 len: 1395 time: 0.1189330
2026-08-28 05:21:13.613 10 INFO neutron.wsgi [None req-cd2612fa-7b4a-4ef8-a436-9a18dc0ee4b2 33135f67f1bd4addb9e4c717e0b9cca2 554ac6df97b24ea2b7b467fe9e6819a7 - - default default] 10.0.0.74 "PUT /v2.0/routers/0cbc5712-7576-491c-b6ad-2ea749e9fcfc/remove_router_interface HTTP/1.1" status: 200 len: 503 time: 1.3914173 /var/lib/openstack/lib/python3.10/site-packages/pycadf/identifier.py:71: UserWarning: Invalid uuid: neutron. To ensure interoperability, identifiers should be a valid uuid. warnings.warn(('Invalid uuid: %s. To ensure interoperability, '
2026-08-28 05:21:13.737 9 WARNING neutron.scheduler.dhcp_agent_scheduler [None req-048d1046-b9d4-47fe-9e5f-ff4d816083e4 eb764ed209874bc0848a362e575917b6 92f768706dff4d36aeac4a9f6e6a408c - - default default] No more DHCP agents
2026-08-28 05:21:13.741 9 WARNING neutron.api.rpc.agentnotifiers.dhcp_rpc_agent_api [None req-048d1046-b9d4-47fe-9e5f-ff4d816083e4 eb764ed209874bc0848a362e575917b6 92f768706dff4d36aeac4a9f6e6a408c - - default default] Unable to schedule network 66f2af4a-aa51-4790-ab5c-e19d23192e1e: no agents available; will retry on subsequent port and subnet creation events.
2026-08-28 05:21:14.214 10 INFO neutron.wsgi [None req-5bd18feb-b634-4e1c-b866-c7d2e25633a2 33135f67f1bd4addb9e4c717e0b9cca2 554ac6df97b24ea2b7b467fe9e6819a7 - - default default] 10.0.0.74 "DELETE /v2.0/routers/0cbc5712-7576-491c-b6ad-2ea749e9fcfc HTTP/1.1" status: 204 len: 168 time: 0.5944917
2026-08-28 05:21:14.266 9 INFO neutron.db.l3_db [None req-048d1046-b9d4-47fe-9e5f-ff4d816083e4 eb764ed209874bc0848a362e575917b6 92f768706dff4d36aeac4a9f6e6a408c - - default default] Floating IP 49e89799-5a87-45a4-bb78-84f548e13b20 associated. External IP: 10.96.250.214, port: a72f449f-355a-4373-93ba-c468d797b431.
2026-08-28 05:21:14.450 10 INFO neutron.wsgi [None req-2596d20f-c8d8-44d8-9946-51dfb66c0849 33135f67f1bd4addb9e4c717e0b9cca2 554ac6df97b24ea2b7b467fe9e6819a7 - - default default] 10.0.0.74 "DELETE /v2.0/subnets/4f6f6bc9-e8fe-4170-91e4-64989ff0f5e2 HTTP/1.1" status: 204 len: 168 time: 0.2195339
2026-08-28 05:21:14.544 9 INFO neutron.db.ovn_revision_numbers_db [None req-048d1046-b9d4-47fe-9e5f-ff4d816083e4 eb764ed209874bc0848a362e575917b6 92f768706dff4d36aeac4a9f6e6a408c - - default default] Successfully bumped revision number for resource 49e89799-5a87-45a4-bb78-84f548e13b20 (type: floatingips) to 0
2026-08-28 05:21:14.666 10 INFO neutron.notifiers.nova [-] Nova event matching ['req-7ac90567-0b6c-4b76-8d13-64a60da9185d'] response: {'server_uuid': 'a00f7527-00a1-4bd0-a2bc-94ae0bc0a6d6', 'name': 'network-vif-plugged', 'status': 'completed', 'tag': 'a72f449f-355a-4373-93ba-c468d797b431', 'code': 200}
2026-08-28 05:21:14.687 9 INFO neutron.db.ovn_revision_numbers_db [None req-048d1046-b9d4-47fe-9e5f-ff4d816083e4 eb764ed209874bc0848a362e575917b6 92f768706dff4d36aeac4a9f6e6a408c - - default default] Successfully bumped revision number for resource 49e89799-5a87-45a4-bb78-84f548e13b20 (type: floatingips) to 1
2026-08-28 05:21:14.727 9 INFO neutron.wsgi [None req-048d1046-b9d4-47fe-9e5f-ff4d816083e4 eb764ed209874bc0848a362e575917b6 92f768706dff4d36aeac4a9f6e6a408c - - default default] 10.0.0.74 "POST /v2.0/floatingips HTTP/1.1" status: 201 len: 1054 time: 1.2785139
