2026-08-28 05:12:16.824 10 INFO neutron.wsgi [None req-04c09660-9607-47f3-9228-7f4d9d8f6682 33135f67f1bd4addb9e4c717e0b9cca2 554ac6df97b24ea2b7b467fe9e6819a7 - - default default] 10.0.0.79 "GET /v2.0/subnetpools HTTP/1.1" status: 200 len: 193 time: 0.0135796
2026-08-28 05:12:25.588 9 INFO neutron.wsgi [-] 10.0.0.205 "GET / HTTP/1.1" status: 200 len: 246 time: 0.0022645
2026-08-28 05:12:25.588 10 INFO neutron.wsgi [-] 10.0.0.205 "GET / HTTP/1.1" status: 200 len: 246 time: 0.0021825
2026-08-28 05:12:40.589 10 INFO neutron.wsgi [-] 10.0.0.205 "GET / HTTP/1.1" status: 200 len: 246 time: 0.0036604
2026-08-28 05:12:40.591 10 INFO neutron.wsgi [-] 10.0.0.205 "GET / HTTP/1.1" status: 200 len: 246 time: 0.0019128
2026-08-28 05:12:55.588 9 INFO neutron.wsgi [-] 10.0.0.205 "GET / HTTP/1.1" status: 200 len: 246 time: 0.0019505
2026-08-28 05:12:55.588 10 INFO neutron.wsgi [-] 10.0.0.205 "GET / HTTP/1.1" status: 200 len: 246 time: 0.0022113
2026-08-28 05:13:10.588 9 INFO neutron.wsgi [-] 10.0.0.205 "GET / HTTP/1.1" status: 200 len: 246 time: 0.0029955
2026-08-28 05:13:10.589 10 INFO neutron.wsgi [-] 10.0.0.205 "GET / HTTP/1.1" status: 200 len: 246 time: 0.0029068
2026-08-28 05:13:16.512 10 INFO neutron.wsgi [None req-9a7fcd59-469f-4f55-80b7-bd9c75521fda 33135f67f1bd4addb9e4c717e0b9cca2 554ac6df97b24ea2b7b467fe9e6819a7 - - default default] 10.0.0.79 "GET /v2.0/subnets HTTP/1.1" status: 200 len: 1437 time: 0.1092920
2026-08-28 05:13:16.526 10 INFO neutron.wsgi [None req-1edae0e8-950f-407a-a9b9-058e78074702 33135f67f1bd4addb9e4c717e0b9cca2 554ac6df97b24ea2b7b467fe9e6819a7 - - default default] 10.0.0.79 "GET /v2.0/subnetpools HTTP/1.1" status: 200 len: 193 time: 0.0124886
2026-08-28 05:13:16.557 10 INFO neutron.wsgi [None req-e8693733-ea90-468e-ab3a-8f4c8709f507 33135f67f1bd4addb9e4c717e0b9cca2 554ac6df97b24ea2b7b467fe9e6819a7 - - default default] 10.0.0.79 "GET /v2.0/floatingips HTTP/1.1" status: 200 len: 193 time: 0.0308084
2026-08-28 05:13:16.590 10 INFO neutron.wsgi [None req-7c52aad9-b4a8-472d-af6d-29cfc47c980a 33135f67f1bd4addb9e4c717e0b9cca2 554ac6df97b24ea2b7b467fe9e6819a7 - - default default] 10.0.0.79 "GET /v2.0/ports HTTP/1.1" status: 200 len: 5343 time: 0.0319936
2026-08-28 05:13:16.616 10 INFO neutron.wsgi [None req-7402581e-b9f8-4df9-99f6-5efc456f9834 33135f67f1bd4addb9e4c717e0b9cca2 554ac6df97b24ea2b7b467fe9e6819a7 - - default default] 10.0.0.79 "GET /v2.0/network-ip-availabilities HTTP/1.1" status: 200 len: 1280 time: 0.0231881
2026-08-28 05:13:16.669 10 INFO neutron.wsgi [None req-1b8fed89-1870-41e9-a71e-8ecf27a0c5b3 33135f67f1bd4addb9e4c717e0b9cca2 554ac6df97b24ea2b7b467fe9e6819a7 - - default default] 10.0.0.79 "GET /v2.0/networks HTTP/1.1" status: 200 len: 2350 time: 0.0515654
2026-08-28 05:13:16.709 10 INFO neutron.wsgi [None req-c708cb62-9295-408b-b7c5-60b11fb8d867 33135f67f1bd4addb9e4c717e0b9cca2 554ac6df97b24ea2b7b467fe9e6819a7 - - default default] 10.0.0.79 "GET /v2.0/security-groups HTTP/1.1" status: 200 len: 16795 time: 0.0366893
2026-08-28 05:13:16.741 10 INFO neutron.wsgi [None req-fcd10a32-3201-49e4-8f18-0deafa9b845e 33135f67f1bd4addb9e4c717e0b9cca2 554ac6df97b24ea2b7b467fe9e6819a7 - - default default] 10.0.0.79 "GET /v2.0/subnets HTTP/1.1" status: 200 len: 1437 time: 0.0283914
2026-08-28 05:13:16.761 10 INFO neutron.wsgi [None req-435afdb2-9e3f-465b-9d38-b89721de7b33 33135f67f1bd4addb9e4c717e0b9cca2 554ac6df97b24ea2b7b467fe9e6819a7 - - default default] 10.0.0.79 "GET /v2.0/routers HTTP/1.1" status: 200 len: 189 time: 0.0187266
2026-08-28 05:13:16.816 10 INFO neutron.wsgi [None req-54d27581-93ed-4b52-abaa-82c94812e4b8 33135f67f1bd4addb9e4c717e0b9cca2 554ac6df97b24ea2b7b467fe9e6819a7 - - default default] 10.0.0.79 "GET /v2.0/agents?binary=ovn-controller HTTP/1.1" status: 200 len: 591 time: 0.0541372
2026-08-28 05:13:16.828 10 INFO neutron.wsgi [None req-bac03454-544d-47d0-ad41-af796d2450b6 33135f67f1bd4addb9e4c717e0b9cca2 554ac6df97b24ea2b7b467fe9e6819a7 - - default default] 10.0.0.79 "GET /v2.0/agents HTTP/1.1" status: 200 len: 997 time: 0.0103278
2026-08-28 05:13:25.588 10 INFO neutron.wsgi [-] 10.0.0.205 "GET / HTTP/1.1" status: 200 len: 246 time: 0.0024357
2026-08-28 05:13:25.588 9 INFO neutron.wsgi [-] 10.0.0.205 "GET / HTTP/1.1" status: 200 len: 246 time: 0.0023839
2026-08-28 05:13:40.587 10 INFO neutron.wsgi [-] 10.0.0.205 "GET / HTTP/1.1" status: 200 len: 246 time: 0.0012846
2026-08-28 05:13:40.589 10 INFO neutron.wsgi [-] 10.0.0.205 "GET / HTTP/1.1" status: 200 len: 246 time: 0.0018148
2026-08-28 05:13:55.587 9 INFO neutron.wsgi [-] 10.0.0.205 "GET / HTTP/1.1" status: 200 len: 246 time: 0.0015848
2026-08-28 05:13:55.588 10 INFO neutron.wsgi [-] 10.0.0.205 "GET / HTTP/1.1" status: 200 len: 246 time: 0.0023456
2026-08-28 05:13:57.900 10 INFO neutron.wsgi [None req-42633824-afef-4781-8483-10e18b213f23 33135f67f1bd4addb9e4c717e0b9cca2 554ac6df97b24ea2b7b467fe9e6819a7 - - default default] 162.253.55.38,10.0.0.205 "GET /v2.0/networks HTTP/1.1" status: 200 len: 2350 time: 0.1266799
2026-08-28 05:13:59.003 10 INFO neutron.wsgi [None req-71862b6b-8616-4816-8c4d-04e834dead6c 33135f67f1bd4addb9e4c717e0b9cca2 554ac6df97b24ea2b7b467fe9e6819a7 - - default default] 162.253.55.38,10.0.0.205 "GET /v2.0/subnets HTTP/1.1" status: 200 len: 1437 time: 0.1096141
2026-08-28 05:13:59.088 10 INFO neutron.wsgi [None req-cf2377a2-043b-4fd9-97e3-42722f486bc7 33135f67f1bd4addb9e4c717e0b9cca2 554ac6df97b24ea2b7b467fe9e6819a7 - - default default] 162.253.55.38,10.0.0.205 "GET /v2.0/networks HTTP/1.1" status: 200 len: 2350 time: 0.0784142
2026-08-28 05:14:10.588 9 INFO neutron.wsgi [-] 10.0.0.205 "GET / HTTP/1.1" status: 200 len: 246 time: 0.0022051
2026-08-28 05:14:10.589 9 INFO neutron.wsgi [-] 10.0.0.205 "GET / HTTP/1.1" status: 200 len: 246 time: 0.0010977
2026-08-28 05:14:16.552 10 INFO neutron.wsgi [None req-af60447d-21ed-4fc5-a96d-78ad0b27ee49 33135f67f1bd4addb9e4c717e0b9cca2 554ac6df97b24ea2b7b467fe9e6819a7 - - default default] 10.0.0.79 "GET /v2.0/security-groups HTTP/1.1" status: 200 len: 16795 time: 0.1351438
2026-08-28 05:14:16.617 10 INFO neutron.wsgi [None req-18941b50-607e-450a-937e-99535f3cbff1 33135f67f1bd4addb9e4c717e0b9cca2 554ac6df97b24ea2b7b467fe9e6819a7 - - default default] 10.0.0.79 "GET /v2.0/subnets HTTP/1.1" status: 200 len: 1437 time: 0.0582767
2026-08-28 05:14:16.634 10 INFO neutron.wsgi [None req-2f42b882-ec3c-4361-9bde-442ef6d54222 33135f67f1bd4addb9e4c717e0b9cca2 554ac6df97b24ea2b7b467fe9e6819a7 - - default default] 10.0.0.79 "GET /v2.0/network-ip-availabilities HTTP/1.1" status: 200 len: 1280 time: 0.0138102
2026-08-28 05:14:16.669 10 INFO neutron.wsgi [None req-5fbbfc29-8fd5-4ba3-8303-27aca1fef9cc 33135f67f1bd4addb9e4c717e0b9cca2 554ac6df97b24ea2b7b467fe9e6819a7 - - default default] 10.0.0.79 "GET /v2.0/subnets HTTP/1.1" status: 200 len: 1437 time: 0.0343347
2026-08-28 05:14:16.687 10 INFO neutron.wsgi [None req-51c23763-5807-483d-912d-42d3270421e4 33135f67f1bd4addb9e4c717e0b9cca2 554ac6df97b24ea2b7b467fe9e6819a7 - - default default] 10.0.0.79 "GET /v2.0/subnetpools HTTP/1.1" status: 200 len: 193 time: 0.0164585
2026-08-28 05:14:16.731 10 INFO neutron.wsgi [None req-32dd2bea-e00f-4ed2-b1ed-0039e5128dfa 33135f67f1bd4addb9e4c717e0b9cca2 554ac6df97b24ea2b7b467fe9e6819a7 - - default default] 10.0.0.79 "GET /v2.0/floatingips HTTP/1.1" status: 200 len: 193 time: 0.0428152
2026-08-28 05:14:16.823 10 INFO neutron.wsgi [None req-5fb22db9-f8b8-4209-8795-31f742fa6f76 33135f67f1bd4addb9e4c717e0b9cca2 554ac6df97b24ea2b7b467fe9e6819a7 - - default default] 10.0.0.79 "GET /v2.0/networks HTTP/1.1" status: 200 len: 2350 time: 0.0906212
2026-08-28 05:14:16.881 10 INFO neutron.wsgi [None req-ea59fbe8-9ab6-40f7-9e6d-df2b40bee522 33135f67f1bd4addb9e4c717e0b9cca2 554ac6df97b24ea2b7b467fe9e6819a7 - - default default] 10.0.0.79 "GET /v2.0/agents HTTP/1.1" status: 200 len: 997 time: 0.0555315
2026-08-28 05:14:16.921 10 INFO neutron.wsgi [None req-39e92b0b-b055-4679-b1aa-3df82afb5784 33135f67f1bd4addb9e4c717e0b9cca2 554ac6df97b24ea2b7b467fe9e6819a7 - - default default] 10.0.0.79 "GET /v2.0/ports HTTP/1.1" status: 200 len: 5343 time: 0.0385859
2026-08-28 05:14:16.941 10 INFO neutron.wsgi [None req-7f32d97c-49a5-4ab8-a44c-8fb10f38d7ca 33135f67f1bd4addb9e4c717e0b9cca2 554ac6df97b24ea2b7b467fe9e6819a7 - - default default] 10.0.0.79 "GET /v2.0/routers HTTP/1.1" status: 200 len: 189 time: 0.0172048
2026-08-28 05:14:16.950 10 INFO neutron.wsgi [None req-97c38495-4e1e-4abe-9644-cb28d3caccb7 33135f67f1bd4addb9e4c717e0b9cca2 554ac6df97b24ea2b7b467fe9e6819a7 - - default default] 10.0.0.79 "GET /v2.0/agents?binary=ovn-controller HTTP/1.1" status: 200 len: 591 time: 0.0085366
2026-08-28 05:14:25.588 10 INFO neutron.wsgi [-] 10.0.0.205 "GET / HTTP/1.1" status: 200 len: 246 time: 0.0031936
2026-08-28 05:14:25.596 9 INFO neutron.wsgi [-] 10.0.0.205 "GET / HTTP/1.1" status: 200 len: 246 time: 0.0092998
2026-08-28 05:14:37.177 10 INFO neutron.wsgi [None req-58741962-89e7-492d-adcd-5d2813ccfbf0 33135f67f1bd4addb9e4c717e0b9cca2 554ac6df97b24ea2b7b467fe9e6819a7 - - default default] 162.253.55.38,10.0.0.205 "GET /v2.0/networks HTTP/1.1" status: 200 len: 2350 time: 0.0844119
2026-08-28 05:14:38.119 10 INFO neutron.wsgi [None req-d62857a1-cec0-4e68-a036-2697511d9434 33135f67f1bd4addb9e4c717e0b9cca2 554ac6df97b24ea2b7b467fe9e6819a7 - - default default] 162.253.55.38,10.0.0.205 "GET /v2.0/subnets HTTP/1.1" status: 200 len: 1437 time: 0.1006715
2026-08-28 05:14:38.184 10 INFO neutron.wsgi [None req-eb99527a-dcde-44aa-8b94-fabeb4ff40ad 33135f67f1bd4addb9e4c717e0b9cca2 554ac6df97b24ea2b7b467fe9e6819a7 - - default default] 162.253.55.38,10.0.0.205 "GET /v2.0/networks HTTP/1.1" status: 200 len: 2350 time: 0.0585778
2026-08-28 05:14:39.324 10 INFO neutron.wsgi [None req-9d5cf2dd-dc82-4dea-98e4-1c8be866781f 33135f67f1bd4addb9e4c717e0b9cca2 554ac6df97b24ea2b7b467fe9e6819a7 - - default default] 162.253.55.38,10.0.0.205 "GET /v2.0/security-groups?tenant_id=554ac6df97b24ea2b7b467fe9e6819a7 HTTP/1.1" status: 200 len: 10153 time: 0.0995784
2026-08-28 05:14:40.537 10 INFO neutron.wsgi [None req-c6bf27cc-2c52-4410-9370-92656528bba1 33135f67f1bd4addb9e4c717e0b9cca2 554ac6df97b24ea2b7b467fe9e6819a7 - - default default] 162.253.55.38,10.0.0.205 "GET /v2.0/security-groups?tenant_id=554ac6df97b24ea2b7b467fe9e6819a7 HTTP/1.1" status: 200 len: 10153 time: 0.1318305
2026-08-28 05:14:40.586 10 INFO neutron.wsgi [-] 10.0.0.205 "GET / HTTP/1.1" status: 200 len: 246 time: 0.0016754
2026-08-28 05:14:40.587 9 INFO neutron.wsgi [-] 10.0.0.205 "GET / HTTP/1.1" status: 200 len: 246 time: 0.0017447
2026-08-28 05:14:41.448 10 INFO neutron.wsgi [None req-65913eae-8b0a-4718-970f-f238cc652d40 33135f67f1bd4addb9e4c717e0b9cca2 554ac6df97b24ea2b7b467fe9e6819a7 - - default default] 162.253.55.38,10.0.0.205 "GET /v2.0/security-groups?tenant_id=554ac6df97b24ea2b7b467fe9e6819a7 HTTP/1.1" status: 200 len: 10153 time: 0.0887914
2026-08-28 05:14:42.374 10 INFO neutron.wsgi [None req-6cf21073-b47d-4c1c-9c40-2823f1c5a391 33135f67f1bd4addb9e4c717e0b9cca2 554ac6df97b24ea2b7b467fe9e6819a7 - - default default] 162.253.55.38,10.0.0.205 "GET /v2.0/security-groups?tenant_id=554ac6df97b24ea2b7b467fe9e6819a7 HTTP/1.1" status: 200 len: 10153 time: 0.0895998
2026-08-28 05:14:43.211 10 INFO neutron.wsgi [None req-adff83e0-2f07-4b14-acd5-59febab00dc1 33135f67f1bd4addb9e4c717e0b9cca2 554ac6df97b24ea2b7b467fe9e6819a7 - - default default] 162.253.55.38,10.0.0.205 "GET /v2.0/security-groups?tenant_id=554ac6df97b24ea2b7b467fe9e6819a7 HTTP/1.1" status: 200 len: 10153 time: 0.0961735
2026-08-28 05:14:44.171 10 INFO neutron.wsgi [None req-046d625c-f109-4ae9-8c21-e47ca2919f8a 33135f67f1bd4addb9e4c717e0b9cca2 554ac6df97b24ea2b7b467fe9e6819a7 - - default default] 162.253.55.38,10.0.0.205 "GET /v2.0/security-groups?tenant_id=554ac6df97b24ea2b7b467fe9e6819a7 HTTP/1.1" status: 200 len: 10153 time: 0.1006691
2026-08-28 05:14:45.487 10 INFO neutron.wsgi [None req-378a03dd-3164-4555-907b-a736ba098e62 33135f67f1bd4addb9e4c717e0b9cca2 554ac6df97b24ea2b7b467fe9e6819a7 - - default default] 162.253.55.38,10.0.0.205 "GET /v2.0/security-groups HTTP/1.1" status: 200 len: 16795 time: 0.1050456
2026-08-28 05:14:45.526 10 INFO neutron.wsgi [None req-2feb1f8e-3337-4193-9164-8ae367c3492d 33135f67f1bd4addb9e4c717e0b9cca2 554ac6df97b24ea2b7b467fe9e6819a7 - - default default] 162.253.55.38,10.0.0.205 "GET /v2.0/ports HTTP/1.1" status: 200 len: 5343 time: 0.0287642
2026-08-28 05:14:53.038 10 INFO neutron.pecan_wsgi.hooks.translation [None req-e23a4ca5-c724-4ee2-8266-d35584d5c705 33135f67f1bd4addb9e4c717e0b9cca2 554ac6df97b24ea2b7b467fe9e6819a7 - - default default] GET failed (client error): The resource could not be found.
2026-08-28 05:14:53.041 10 INFO neutron.wsgi [None req-e23a4ca5-c724-4ee2-8266-d35584d5c705 33135f67f1bd4addb9e4c717e0b9cca2 554ac6df97b24ea2b7b467fe9e6819a7 - - default default] 162.253.55.38,10.0.0.205 "GET /v2.0/ports/octavia-health-manager-port-instance HTTP/1.1" status: 404 len: 314 time: 0.0628300
2026-08-28 05:14:53.079 10 INFO neutron.wsgi [None req-44b155fa-1795-477e-9dd8-c03661366497 33135f67f1bd4addb9e4c717e0b9cca2 554ac6df97b24ea2b7b467fe9e6819a7 - - default default] 162.253.55.38,10.0.0.205 "GET /v2.0/ports?name=octavia-health-manager-port-instance HTTP/1.1" status: 200 len: 1391 time: 0.0340271
2026-08-28 05:14:54.525 10 INFO neutron.wsgi [None req-4d6c61bf-01c7-47d8-b975-abbf079ebbb1 33135f67f1bd4addb9e4c717e0b9cca2 554ac6df97b24ea2b7b467fe9e6819a7 - - default default] 162.253.55.38,10.0.0.205 "GET /v2.0/ports HTTP/1.1" status: 200 len: 5343 time: 0.0917232
2026-08-28 05:14:55.588 9 INFO neutron.wsgi [-] 10.0.0.205 "GET / HTTP/1.1" status: 200 len: 246 time: 0.0023050
2026-08-28 05:14:55.589 10 INFO neutron.wsgi [-] 10.0.0.205 "GET / HTTP/1.1" status: 200 len: 246 time: 0.0029035
2026-08-28 05:14:55.604 10 INFO neutron.wsgi [None req-193ec547-f63e-4cfa-8d01-9ca690e1cd97 33135f67f1bd4addb9e4c717e0b9cca2 554ac6df97b24ea2b7b467fe9e6819a7 - - default default] 162.253.55.38,10.0.0.205 "GET /v2.0/security-groups?tenant_id=554ac6df97b24ea2b7b467fe9e6819a7 HTTP/1.1" status: 200 len: 10153 time: 0.1050217
2026-08-28 05:14:56.566 10 INFO neutron.wsgi [None req-958501ee-e110-4a38-b519-f152d354e1b9 33135f67f1bd4addb9e4c717e0b9cca2 554ac6df97b24ea2b7b467fe9e6819a7 - - default default] 162.253.55.38,10.0.0.205 "GET /v2.0/security-groups?tenant_id=554ac6df97b24ea2b7b467fe9e6819a7 HTTP/1.1" status: 200 len: 10153 time: 0.0925653
2026-08-28 05:14:57.551 10 INFO neutron.wsgi [None req-63c606e0-cbda-4748-9a4c-c6ddae3bbc45 33135f67f1bd4addb9e4c717e0b9cca2 554ac6df97b24ea2b7b467fe9e6819a7 - - default default] 162.253.55.38,10.0.0.205 "GET /v2.0/security-groups?tenant_id=554ac6df97b24ea2b7b467fe9e6819a7 HTTP/1.1" status: 200 len: 10153 time: 0.0841308
2026-08-28 05:15:09.283 10 INFO neutron.wsgi [None req-37ef719f-7de2-4586-8faa-0c6b06ae3cc3 33135f67f1bd4addb9e4c717e0b9cca2 554ac6df97b24ea2b7b467fe9e6819a7 - - default default] 162.253.55.38,10.0.0.205 "GET /v2.0/quotas/554ac6df97b24ea2b7b467fe9e6819a7 HTTP/1.1" status: 200 len: 361 time: 0.0160532
2026-08-28 05:15:10.587 10 INFO neutron.wsgi [-] 10.0.0.205 "GET / HTTP/1.1" status: 200 len: 246 time: 0.0022333
2026-08-28 05:15:10.588 9 INFO neutron.wsgi [-] 10.0.0.205 "GET / HTTP/1.1" status: 200 len: 246 time: 0.0025458
2026-08-28 05:15:16.479 10 INFO neutron.wsgi [None req-16906491-2057-439e-b874-28a846c63f62 33135f67f1bd4addb9e4c717e0b9cca2 554ac6df97b24ea2b7b467fe9e6819a7 - - default default] 10.0.0.79 "GET /v2.0/routers HTTP/1.1" status: 200 len: 189 time: 0.1093607
2026-08-28 05:15:16.526 10 INFO neutron.wsgi [None req-90825b03-004a-4ddd-a2d7-cd5c775d7af4 33135f67f1bd4addb9e4c717e0b9cca2 554ac6df97b24ea2b7b467fe9e6819a7 - - default default] 10.0.0.79 "GET /v2.0/agents?binary=ovn-controller HTTP/1.1" status: 200 len: 591 time: 0.0458012
2026-08-28 05:15:16.545 10 INFO neutron.wsgi [None req-7823c10a-bda2-4c55-b2dc-7ed4951b073d 33135f67f1bd4addb9e4c717e0b9cca2 554ac6df97b24ea2b7b467fe9e6819a7 - - default default] 10.0.0.79 "GET /v2.0/floatingips HTTP/1.1" status: 200 len: 193 time: 0.0190389
2026-08-28 05:15:16.585 10 INFO neutron.wsgi [None req-e75030d3-6815-4130-8428-22a0686621c2 33135f67f1bd4addb9e4c717e0b9cca2 554ac6df97b24ea2b7b467fe9e6819a7 - - default default] 10.0.0.79 "GET /v2.0/ports HTTP/1.1" status: 200 len: 5343 time: 0.0389841
2026-08-28 05:15:16.623 10 INFO neutron.wsgi [None req-1203bd90-6cea-4f15-92d4-2ccaeeb98d20 33135f67f1bd4addb9e4c717e0b9cca2 554ac6df97b24ea2b7b467fe9e6819a7 - - default default] 10.0.0.79 "GET /v2.0/subnets HTTP/1.1" status: 200 len: 1437 time: 0.0316706
2026-08-28 05:15:16.631 10 INFO neutron.wsgi [None req-73100808-7612-42a4-8cbb-a941332408af 33135f67f1bd4addb9e4c717e0b9cca2 554ac6df97b24ea2b7b467fe9e6819a7 - - default default] 10.0.0.79 "GET /v2.0/subnetpools HTTP/1.1" status: 200 len: 193 time: 0.0075748
2026-08-28 05:15:16.640 10 INFO neutron.wsgi [None req-f08afb97-e2ba-4862-bb08-0d656b4a8e07 33135f67f1bd4addb9e4c717e0b9cca2 554ac6df97b24ea2b7b467fe9e6819a7 - - default default] 10.0.0.79 "GET /v2.0/agents HTTP/1.1" status: 200 len: 997 time: 0.0080190
2026-08-28 05:15:16.662 10 INFO neutron.wsgi [None req-13d02ad2-4d54-463b-8a4a-ce401c181d3b 33135f67f1bd4addb9e4c717e0b9cca2 554ac6df97b24ea2b7b467fe9e6819a7 - - default default] 10.0.0.79 "GET /v2.0/network-ip-availabilities HTTP/1.1" status: 200 len: 1280 time: 0.0207636
2026-08-28 05:15:16.714 10 INFO neutron.wsgi [None req-db20d7fa-4064-4e2c-9b87-68c8f30c0968 33135f67f1bd4addb9e4c717e0b9cca2 554ac6df97b24ea2b7b467fe9e6819a7 - - default default] 10.0.0.79 "GET /v2.0/networks HTTP/1.1" status: 200 len: 2350 time: 0.0518358
2026-08-28 05:15:16.761 10 INFO neutron.wsgi [None req-7fa069fd-d4e1-43dd-8bab-9d03f5c0d896 33135f67f1bd4addb9e4c717e0b9cca2 554ac6df97b24ea2b7b467fe9e6819a7 - - default default] 10.0.0.79 "GET /v2.0/subnets HTTP/1.1" status: 200 len: 1437 time: 0.0448921
2026-08-28 05:15:16.840 10 INFO neutron.wsgi [None req-83e0c4c7-143e-4894-ab3d-501956500b13 33135f67f1bd4addb9e4c717e0b9cca2 554ac6df97b24ea2b7b467fe9e6819a7 - - default default] 10.0.0.79 "GET /v2.0/security-groups HTTP/1.1" status: 200 len: 16795 time: 0.0774636
2026-08-28 05:15:25.587 9 INFO neutron.wsgi [-] 10.0.0.205 "GET / HTTP/1.1" status: 200 len: 246 time: 0.0016661
2026-08-28 05:15:25.588 10 INFO neutron.wsgi [-] 10.0.0.205 "GET / HTTP/1.1" status: 200 len: 246 time: 0.0022120
2026-08-28 05:15:40.587 9 INFO neutron.wsgi [-] 10.0.0.205 "GET / HTTP/1.1" status: 200 len: 246 time: 0.0013986
2026-08-28 05:15:40.587 10 INFO neutron.wsgi [-] 10.0.0.205 "GET / HTTP/1.1" status: 200 len: 246 time: 0.0018547
2026-08-28 05:15:55.587 10 INFO neutron.wsgi [-] 10.0.0.205 "GET / HTTP/1.1" status: 200 len: 246 time: 0.0022631
2026-08-28 05:15:55.588 9 INFO neutron.wsgi [-] 10.0.0.205 "GET / HTTP/1.1" status: 200 len: 246 time: 0.0025291
2026-08-28 05:16:01.268 10 INFO neutron.wsgi [None req-2ac78717-6789-4e3d-9116-177b9a0ffee2 33135f67f1bd4addb9e4c717e0b9cca2 554ac6df97b24ea2b7b467fe9e6819a7 - - default default] 162.253.55.38,10.0.0.205 "GET /v2.0/security-groups?tenant_id=772c60c6023a4860b2a78696266f39d4 HTTP/1.1" status: 200 len: 6838 time: 0.1165788
2026-08-28 05:16:02.206 10 INFO neutron.wsgi [None req-7176f41f-61ce-429a-97af-7b4154c831ee 33135f67f1bd4addb9e4c717e0b9cca2 554ac6df97b24ea2b7b467fe9e6819a7 - - default default] 162.253.55.38,10.0.0.205 "GET /v2.0/security-groups?tenant_id=772c60c6023a4860b2a78696266f39d4 HTTP/1.1" status: 200 len: 6838 time: 0.0764468
2026-08-28 05:16:03.127 10 INFO neutron.wsgi [None req-f3815b12-5aab-41e0-90b3-bc215065792e 33135f67f1bd4addb9e4c717e0b9cca2 554ac6df97b24ea2b7b467fe9e6819a7 - - default default] 162.253.55.38,10.0.0.205 "GET /v2.0/security-groups?tenant_id=772c60c6023a4860b2a78696266f39d4 HTTP/1.1" status: 200 len: 6838 time: 0.0970666
2026-08-28 05:16:04.132 10 INFO neutron.wsgi [None req-df5d1a20-fcec-40f5-8851-bde7fe7bd3ba 33135f67f1bd4addb9e4c717e0b9cca2 554ac6df97b24ea2b7b467fe9e6819a7 - - default default] 162.253.55.38,10.0.0.205 "GET /v2.0/security-groups?tenant_id=772c60c6023a4860b2a78696266f39d4 HTTP/1.1" status: 200 len: 6838 time: 0.0997770
2026-08-28 05:16:05.154 10 INFO neutron.wsgi [None req-ecdc3b89-0249-47de-8dbb-515da1d074c6 33135f67f1bd4addb9e4c717e0b9cca2 554ac6df97b24ea2b7b467fe9e6819a7 - - default default] 162.253.55.38,10.0.0.205 "GET /v2.0/security-groups?tenant_id=772c60c6023a4860b2a78696266f39d4 HTTP/1.1" status: 200 len: 6838 time: 0.0941017
2026-08-28 05:16:10.587 10 INFO neutron.wsgi [-] 10.0.0.205 "GET / HTTP/1.1" status: 200 len: 246 time: 0.0019832
2026-08-28 05:16:10.588 9 INFO neutron.wsgi [-] 10.0.0.205 "GET / HTTP/1.1" status: 200 len: 246 time: 0.0031233
2026-08-28 05:16:13.061 10 INFO neutron.wsgi [None req-2c3cf59f-b6e1-4349-9d9f-a69058011bcd 33135f67f1bd4addb9e4c717e0b9cca2 554ac6df97b24ea2b7b467fe9e6819a7 - - default default] 162.253.55.38,10.0.0.205 "GET /v2.0/quotas/772c60c6023a4860b2a78696266f39d4 HTTP/1.1" status: 200 len: 361 time: 0.0073190
2026-08-28 05:16:16.544 10 INFO neutron.wsgi [None req-d9067baf-a4ae-46d3-8448-07eca22cac76 33135f67f1bd4addb9e4c717e0b9cca2 554ac6df97b24ea2b7b467fe9e6819a7 - - default default] 10.0.0.79 "GET /v2.0/ports HTTP/1.1" status: 200 len: 5343 time: 0.0779700
2026-08-28 05:16:16.557 10 INFO neutron.wsgi [None req-93219506-c664-4e90-9846-be47b1e47f79 33135f67f1bd4addb9e4c717e0b9cca2 554ac6df97b24ea2b7b467fe9e6819a7 - - default default] 10.0.0.79 "GET /v2.0/network-ip-availabilities HTTP/1.1" status: 200 len: 1280 time: 0.0102258
2026-08-28 05:16:16.585 10 INFO neutron.wsgi [None req-96bf0981-66bd-4879-8881-ed30cf71a1d5 33135f67f1bd4addb9e4c717e0b9cca2 554ac6df97b24ea2b7b467fe9e6819a7 - - default default] 10.0.0.79 "GET /v2.0/routers HTTP/1.1" status: 200 len: 189 time: 0.0234699
2026-08-28 05:16:16.622 10 INFO neutron.wsgi [None req-ceba36c1-2b3d-408c-8a0f-da539f7ab564 33135f67f1bd4addb9e4c717e0b9cca2 554ac6df97b24ea2b7b467fe9e6819a7 - - default default] 10.0.0.79 "GET /v2.0/agents?binary=ovn-controller HTTP/1.1" status: 200 len: 591 time: 0.0370662
2026-08-28 05:16:16.632 10 INFO neutron.wsgi [None req-ecac1c1e-3941-437a-8c12-719d49cf5fb2 33135f67f1bd4addb9e4c717e0b9cca2 554ac6df97b24ea2b7b467fe9e6819a7 - - default default] 10.0.0.79 "GET /v2.0/agents HTTP/1.1" status: 200 len: 997 time: 0.0085695
2026-08-28 05:16:16.662 10 INFO neutron.wsgi [None req-71967380-36d7-4e7c-a09c-d582afcf54d3 33135f67f1bd4addb9e4c717e0b9cca2 554ac6df97b24ea2b7b467fe9e6819a7 - - default default] 10.0.0.79 "GET /v2.0/subnets HTTP/1.1" status: 200 len: 1437 time: 0.0294521
2026-08-28 05:16:16.670 10 INFO neutron.wsgi [None req-f10a9c0c-80f1-478f-a7fe-2fe72dd24052 33135f67f1bd4addb9e4c717e0b9cca2 554ac6df97b24ea2b7b467fe9e6819a7 - - default default] 10.0.0.79 "GET /v2.0/subnetpools HTTP/1.1" status: 200 len: 193 time: 0.0067930
2026-08-28 05:16:16.684 10 INFO neutron.wsgi [None req-e95de7fe-5728-4a8f-a87f-6750ee9972b9 33135f67f1bd4addb9e4c717e0b9cca2 554ac6df97b24ea2b7b467fe9e6819a7 - - default default] 10.0.0.79 "GET /v2.0/floatingips HTTP/1.1" status: 200 len: 193 time: 0.0136774
2026-08-28 05:16:16.756 10 INFO neutron.wsgi [None req-1587dada-cd44-4b6b-a72f-fa67a7aa2ad6 33135f67f1bd4addb9e4c717e0b9cca2 554ac6df97b24ea2b7b467fe9e6819a7 - - default default] 10.0.0.79 "GET /v2.0/networks HTTP/1.1" status: 200 len: 2350 time: 0.0712314
2026-08-28 05:16:16.989 10 INFO neutron.wsgi [None req-6f7392c0-fd1b-4cf3-9cbb-18670961bf5a 33135f67f1bd4addb9e4c717e0b9cca2 554ac6df97b24ea2b7b467fe9e6819a7 - - default default] 10.0.0.79 "GET /v2.0/subnets HTTP/1.1" status: 200 len: 1437 time: 0.2306411
2026-08-28 05:16:17.046 10 INFO neutron.wsgi [None req-b1d2c68b-559c-4a61-bbbb-d3f7d19ee916 33135f67f1bd4addb9e4c717e0b9cca2 554ac6df97b24ea2b7b467fe9e6819a7 - - default default] 10.0.0.79 "GET /v2.0/security-groups HTTP/1.1" status: 200 len: 16795 time: 0.0561523
2026-08-28 05:16:25.588 10 INFO neutron.wsgi [-] 10.0.0.205 "GET / HTTP/1.1" status: 200 len: 246 time: 0.0023193
2026-08-28 05:16:25.588 9 INFO neutron.wsgi [-] 10.0.0.205 "GET / HTTP/1.1" status: 200 len: 246 time: 0.0023398
2026-08-28 05:16:40.587 10 INFO neutron.wsgi [-] 10.0.0.205 "GET / HTTP/1.1" status: 200 len: 246 time: 0.0016267
2026-08-28 05:16:40.588 9 INFO neutron.wsgi [-] 10.0.0.205 "GET / HTTP/1.1" status: 200 len: 246 time: 0.0018668
2026-08-28 05:16:55.589 9 INFO neutron.wsgi [-] 10.0.0.205 "GET / HTTP/1.1" status: 200 len: 246 time: 0.0036521
2026-08-28 05:16:55.590 10 INFO neutron.wsgi [-] 10.0.0.205 "GET / HTTP/1.1" status: 200 len: 246 time: 0.0039463
2026-08-28 05:17:07.733 9 INFO neutron.wsgi [None req-7f7f161d-5a05-497e-a19b-49222cf20a9a 33135f67f1bd4addb9e4c717e0b9cca2 554ac6df97b24ea2b7b467fe9e6819a7 - - default default] 162.253.55.38,10.0.0.205 "GET /v2.0/networks HTTP/1.1" status: 200 len: 2350 time: 0.1819193
2026-08-28 05:17:10.588 9 INFO neutron.wsgi [-] 10.0.0.205 "GET / HTTP/1.1" status: 200 len: 246 time: 0.0021226
2026-08-28 05:17:10.591 10 INFO neutron.wsgi [-] 10.0.0.205 "GET / HTTP/1.1" status: 200 len: 246 time: 0.0042145
2026-08-28 05:17:16.526 10 INFO neutron.wsgi [None req-2a42829d-0221-4cb3-930c-7c660a837ef2 33135f67f1bd4addb9e4c717e0b9cca2 554ac6df97b24ea2b7b467fe9e6819a7 - - default default] 10.0.0.79 "GET /v2.0/networks HTTP/1.1" status: 200 len: 2350 time: 0.1216028
2026-08-28 05:17:16.550 10 INFO neutron.wsgi [None req-d6ff93cb-941c-4a2b-85f3-faa94762ae39 33135f67f1bd4addb9e4c717e0b9cca2 554ac6df97b24ea2b7b467fe9e6819a7 - - default default] 10.0.0.79 "GET /v2.0/subnets HTTP/1.1" status: 200 len: 1437 time: 0.0227671
2026-08-28 05:17:16.569 10 INFO neutron.wsgi [None req-5c7de9f1-4b38-4368-b417-3028bdce2125 33135f67f1bd4addb9e4c717e0b9cca2 554ac6df97b24ea2b7b467fe9e6819a7 - - default default] 10.0.0.79 "GET /v2.0/routers HTTP/1.1" status: 200 len: 189 time: 0.0176122
2026-08-28 05:17:16.600 10 INFO neutron.wsgi [None req-97f2d63b-8459-4cbe-aa03-b0cf56413a93 33135f67f1bd4addb9e4c717e0b9cca2 554ac6df97b24ea2b7b467fe9e6819a7 - - default default] 10.0.0.79 "GET /v2.0/agents?binary=ovn-controller HTTP/1.1" status: 200 len: 591 time: 0.0305555
2026-08-28 05:17:16.623 10 INFO neutron.wsgi [None req-58ec82f4-0d5c-4c23-8884-eb88232ce51a 33135f67f1bd4addb9e4c717e0b9cca2 554ac6df97b24ea2b7b467fe9e6819a7 - - default default] 10.0.0.79 "GET /v2.0/floatingips HTTP/1.1" status: 200 len: 193 time: 0.0188277
2026-08-28 05:17:16.670 10 INFO neutron.wsgi [None req-67020109-eafd-46d5-9114-9fef2f201b05 33135f67f1bd4addb9e4c717e0b9cca2 554ac6df97b24ea2b7b467fe9e6819a7 - - default default] 10.0.0.79 "GET /v2.0/security-groups HTTP/1.1" status: 200 len: 16795 time: 0.0448534
2026-08-28 05:17:16.727 10 INFO neutron.wsgi [None req-b37f492d-744e-4845-ab40-e354a583422e 33135f67f1bd4addb9e4c717e0b9cca2 554ac6df97b24ea2b7b467fe9e6819a7 - - default default] 10.0.0.79 "GET /v2.0/ports HTTP/1.1" status: 200 len: 5343 time: 0.0512731
2026-08-28 05:17:16.741 10 INFO neutron.wsgi [None req-2cba2609-294e-4e4a-b3ea-e5acc2b355ac 33135f67f1bd4addb9e4c717e0b9cca2 554ac6df97b24ea2b7b467fe9e6819a7 - - default default] 10.0.0.79 "GET /v2.0/agents HTTP/1.1" status: 200 len: 997 time: 0.0103879
2026-08-28 05:17:16.761 10 INFO neutron.wsgi [None req-fb5cecf5-9fa9-458b-8bb6-c4d7c4d42063 33135f67f1bd4addb9e4c717e0b9cca2 554ac6df97b24ea2b7b467fe9e6819a7 - - default default] 10.0.0.79 "GET /v2.0/network-ip-availabilities HTTP/1.1" status: 200 len: 1280 time: 0.0191741
2026-08-28 05:17:16.804 10 INFO neutron.wsgi [None req-d8a388eb-eaa1-4924-9836-dbd0dff5bd33 33135f67f1bd4addb9e4c717e0b9cca2 554ac6df97b24ea2b7b467fe9e6819a7 - - default default] 10.0.0.79 "GET /v2.0/subnets HTTP/1.1" status: 200 len: 1437 time: 0.0399604
2026-08-28 05:17:16.818 10 INFO neutron.wsgi [None req-29c93a5f-6059-4363-aa53-504ae457b2ad 33135f67f1bd4addb9e4c717e0b9cca2 554ac6df97b24ea2b7b467fe9e6819a7 - - default default] 10.0.0.79 "GET /v2.0/subnetpools HTTP/1.1" status: 200 len: 193 time: 0.0117638
2026-08-28 05:17:25.587 10 INFO neutron.wsgi [-] 10.0.0.205 "GET / HTTP/1.1" status: 200 len: 246 time: 0.0012279
2026-08-28 05:17:25.589 9 INFO neutron.wsgi [-] 10.0.0.205 "GET / HTTP/1.1" status: 200 len: 246 time: 0.0028148
2026-08-28 05:17:40.587 9 INFO neutron.wsgi [-] 10.0.0.205 "GET / HTTP/1.1" status: 200 len: 246 time: 0.0020263
2026-08-28 05:17:40.587 10 INFO neutron.wsgi [-] 10.0.0.205 "GET / HTTP/1.1" status: 200 len: 246 time: 0.0020232
2026-08-28 05:17:47.620 10 INFO neutron.wsgi [None req-d0cda55e-0ce0-4cd6-b599-863a77aae73a 33135f67f1bd4addb9e4c717e0b9cca2 554ac6df97b24ea2b7b467fe9e6819a7 - - default default] 10.0.0.74 "GET /v2.0/networks HTTP/1.1" status: 200 len: 2369 time: 0.2386186 /var/lib/openstack/lib/python3.10/site-packages/pycadf/identifier.py:71: UserWarning: Invalid uuid: neutron. To ensure interoperability, identifiers should be a valid uuid. warnings.warn(('Invalid uuid: %s. To ensure interoperability, '
2026-08-28 05:17:49.030 9 INFO neutron.wsgi [None req-a32639bc-f611-4565-b50d-c04e10f7618e 33135f67f1bd4addb9e4c717e0b9cca2 554ac6df97b24ea2b7b467fe9e6819a7 - - default default] 10.0.0.74 "GET /v2.0/floatingips HTTP/1.1" status: 200 len: 212 time: 0.0512695
2026-08-28 05:17:49.083 9 INFO neutron.wsgi [None req-ccbc5ea0-3d6b-46f9-a244-b3024566cd1b 33135f67f1bd4addb9e4c717e0b9cca2 554ac6df97b24ea2b7b467fe9e6819a7 - - default default] 10.0.0.74 "GET /v2.0/routers HTTP/1.1" status: 200 len: 208 time: 0.0467162
2026-08-28 05:17:49.137 9 INFO neutron.wsgi [None req-b0b65276-69af-4db5-b590-d020e09724ee 33135f67f1bd4addb9e4c717e0b9cca2 554ac6df97b24ea2b7b467fe9e6819a7 - - default default] 10.0.0.74 "GET /v2.0/ports HTTP/1.1" status: 200 len: 5362 time: 0.0487843
2026-08-28 05:17:49.179 9 INFO neutron.wsgi [None req-0ddc5290-12e6-4028-aed9-f9404d2d0ea7 33135f67f1bd4addb9e4c717e0b9cca2 554ac6df97b24ea2b7b467fe9e6819a7 - - default default] 10.0.0.74 "GET /v2.0/subnets HTTP/1.1" status: 200 len: 1456 time: 0.0367081
2026-08-28 05:17:49.232 9 INFO neutron.wsgi [None req-6d427886-81ed-4351-92be-d372ac100d57 33135f67f1bd4addb9e4c717e0b9cca2 554ac6df97b24ea2b7b467fe9e6819a7 - - default default] 10.0.0.74 "GET /v2.0/networks HTTP/1.1" status: 200 len: 2369 time: 0.0458527
2026-08-28 05:17:49.311 10 INFO neutron.wsgi [None req-585ffc77-2cac-4284-bb7b-eaad327d5cec 33135f67f1bd4addb9e4c717e0b9cca2 554ac6df97b24ea2b7b467fe9e6819a7 - - default default] 10.0.0.74 "GET /v2.0/security-groups HTTP/1.1" status: 200 len: 16814 time: 0.0720651
2026-08-28 05:17:49.330 10 INFO neutron.wsgi [None req-6ca56213-e02e-4f67-abc4-b72255aaebc2 33135f67f1bd4addb9e4c717e0b9cca2 554ac6df97b24ea2b7b467fe9e6819a7 - - default default] 10.0.0.74 "GET /v2.0/subnetpools HTTP/1.1" status: 200 len: 212 time: 0.0129337
2026-08-28 05:17:55.589 9 INFO neutron.wsgi [-] 10.0.0.205 "GET / HTTP/1.1" status: 200 len: 246 time: 0.0033252
2026-08-28 05:17:55.591 10 INFO neutron.wsgi [-] 10.0.0.205 "GET / HTTP/1.1" status: 200 len: 246 time: 0.0039227
2026-08-28 05:18:00.814 9 INFO neutron.db.ovn_revision_numbers_db [None req-33ffbe22-f450-4315-b4d5-56ec9d8b7496 33135f67f1bd4addb9e4c717e0b9cca2 554ac6df97b24ea2b7b467fe9e6819a7 - - default default] Successfully bumped revision number for resource 57711f09-b072-46b2-a114-21dc0595a87a (type: security_groups) to 1
2026-08-28 05:18:00.819 9 INFO neutron.db.ovn_revision_numbers_db [None req-da5d3340-7df9-446d-aa5c-7874cb3b31f7 33135f67f1bd4addb9e4c717e0b9cca2 554ac6df97b24ea2b7b467fe9e6819a7 - - default default] Successfully bumped revision number for resource 1817aa88-0388-4316-bd4b-9d43bd44e627 (type: security_groups) to 1
2026-08-28 05:18:00.836 9 INFO neutron.db.ovn_revision_numbers_db [None req-33ffbe22-f450-4315-b4d5-56ec9d8b7496 33135f67f1bd4addb9e4c717e0b9cca2 554ac6df97b24ea2b7b467fe9e6819a7 - - default default] Successfully bumped revision number for resource 023365dd-a570-4c90-b8b0-c49d594982dd (type: security_group_rules) to 0
2026-08-28 05:18:00.838 9 INFO neutron.db.ovn_revision_numbers_db [None req-da5d3340-7df9-446d-aa5c-7874cb3b31f7 33135f67f1bd4addb9e4c717e0b9cca2 554ac6df97b24ea2b7b467fe9e6819a7 - - default default] Successfully bumped revision number for resource 2a6305c6-feaf-499a-8432-c0003921bbba (type: security_group_rules) to 0
2026-08-28 05:18:00.856 9 INFO neutron.db.ovn_revision_numbers_db [None req-da5d3340-7df9-446d-aa5c-7874cb3b31f7 33135f67f1bd4addb9e4c717e0b9cca2 554ac6df97b24ea2b7b467fe9e6819a7 - - default default] Successfully bumped revision number for resource 3b9eba76-b7ee-4691-b6ab-15719cc5fcc9 (type: security_group_rules) to 0
2026-08-28 05:18:00.861 9 INFO neutron.db.ovn_revision_numbers_db [None req-33ffbe22-f450-4315-b4d5-56ec9d8b7496 33135f67f1bd4addb9e4c717e0b9cca2 554ac6df97b24ea2b7b467fe9e6819a7 - - default default] Successfully bumped revision number for resource 4aabbc2f-6f2b-4111-ae3e-55b1d46f9500 (type: security_group_rules) to 0
2026-08-28 05:18:00.880 9 INFO neutron.db.ovn_revision_numbers_db [None req-33ffbe22-f450-4315-b4d5-56ec9d8b7496 33135f67f1bd4addb9e4c717e0b9cca2 554ac6df97b24ea2b7b467fe9e6819a7 - - default default] Successfully bumped revision number for resource 5bb3eb16-984c-4346-ad63-2d5676658618 (type: security_group_rules) to 0
2026-08-28 05:18:00.882 9 INFO neutron.db.ovn_revision_numbers_db [None req-da5d3340-7df9-446d-aa5c-7874cb3b31f7 33135f67f1bd4addb9e4c717e0b9cca2 554ac6df97b24ea2b7b467fe9e6819a7 - - default default] Successfully bumped revision number for resource 82980ee2-e3a8-4eb2-a04e-fe18d4cdac74 (type: security_group_rules) to 0
2026-08-28 05:18:00.897 9 INFO neutron.db.ovn_revision_numbers_db [None req-33ffbe22-f450-4315-b4d5-56ec9d8b7496 33135f67f1bd4addb9e4c717e0b9cca2 554ac6df97b24ea2b7b467fe9e6819a7 - - default default] Successfully bumped revision number for resource e4d88c21-1e0c-4a34-b603-a7918dc7fd06 (type: security_group_rules) to 0
2026-08-28 05:18:00.901 9 INFO neutron.db.ovn_revision_numbers_db [None req-da5d3340-7df9-446d-aa5c-7874cb3b31f7 33135f67f1bd4addb9e4c717e0b9cca2 554ac6df97b24ea2b7b467fe9e6819a7 - - default default] Successfully bumped revision number for resource f25ce852-5810-4aa6-b903-3c45e1443adc (type: security_group_rules) to 0
2026-08-28 05:18:00.968 9 INFO neutron.db.segments_db [None req-da5d3340-7df9-446d-aa5c-7874cb3b31f7 33135f67f1bd4addb9e4c717e0b9cca2 554ac6df97b24ea2b7b467fe9e6819a7 - - default default] Added segment 2950272d-3e69-48ab-b2d2-14b578cd52db of type geneve for network 5d3a79d8-9822-47ad-ac54-9a7c85150fd6
2026-08-28 05:18:00.969 9 INFO neutron.db.segments_db [None req-33ffbe22-f450-4315-b4d5-56ec9d8b7496 33135f67f1bd4addb9e4c717e0b9cca2 554ac6df97b24ea2b7b467fe9e6819a7 - - default default] Added segment 66106b3a-5b95-424c-8ef5-b4480fd9c00c of type geneve for network 7ba30eb4-43cc-4086-b3b4-02462d27e046
2026-08-28 05:18:01.055 10 INFO neutron.db.ovn_revision_numbers_db [None req-bddd7292-8571-4e1d-960e-3e2bbdf85867 33135f67f1bd4addb9e4c717e0b9cca2 554ac6df97b24ea2b7b467fe9e6819a7 - - default default] Successfully bumped revision number for resource c5611c74-6034-4768-8cd4-47a0d9112cfc (type: security_groups) to 1
2026-08-28 05:18:01.070 10 INFO neutron.db.ovn_revision_numbers_db [None req-bddd7292-8571-4e1d-960e-3e2bbdf85867 33135f67f1bd4addb9e4c717e0b9cca2 554ac6df97b24ea2b7b467fe9e6819a7 - - default default] Successfully bumped revision number for resource 293d3201-dfd8-4a71-93b5-3b030905ba41 (type: security_group_rules) to 0
2026-08-28 05:18:01.079 10 INFO neutron.db.ovn_revision_numbers_db [None req-bddd7292-8571-4e1d-960e-3e2bbdf85867 33135f67f1bd4addb9e4c717e0b9cca2 554ac6df97b24ea2b7b467fe9e6819a7 - - default default] Successfully bumped revision number for resource 2cc16d90-ffae-4a36-bdaa-c3468f8d6031 (type: security_group_rules) to 0
2026-08-28 05:18:01.099 10 INFO neutron.db.ovn_revision_numbers_db [None req-bddd7292-8571-4e1d-960e-3e2bbdf85867 33135f67f1bd4addb9e4c717e0b9cca2 554ac6df97b24ea2b7b467fe9e6819a7 - - default default] Successfully bumped revision number for resource 3f5bbc43-ce0b-484a-b5d5-ba67241b3d56 (type: security_group_rules) to 0
2026-08-28 05:18:01.113 10 INFO neutron.db.ovn_revision_numbers_db [None req-bddd7292-8571-4e1d-960e-3e2bbdf85867 33135f67f1bd4addb9e4c717e0b9cca2 554ac6df97b24ea2b7b467fe9e6819a7 - - default default] Successfully bumped revision number for resource c55321ad-0dbd-42c2-9fe0-323a5da8dd54 (type: security_group_rules) to 0
2026-08-28 05:18:01.153 10 INFO neutron.wsgi [None req-bddd7292-8571-4e1d-960e-3e2bbdf85867 33135f67f1bd4addb9e4c717e0b9cca2 554ac6df97b24ea2b7b467fe9e6819a7 - - default default] 10.0.0.74 "GET /v2.0/security-groups?tenant_id=35dee79e31a74404aa14a8ed835b4807&name=default HTTP/1.1" status: 200 len: 2992 time: 0.2963169
2026-08-28 05:18:01.209 9 INFO neutron.db.ovn_revision_numbers_db [None req-33ffbe22-f450-4315-b4d5-56ec9d8b7496 33135f67f1bd4addb9e4c717e0b9cca2 554ac6df97b24ea2b7b467fe9e6819a7 - - default default] Successfully bumped revision number for resource 7ba30eb4-43cc-4086-b3b4-02462d27e046 (type: networks) to 1
2026-08-28 05:18:01.227 9 INFO neutron.db.ovn_revision_numbers_db [None req-da5d3340-7df9-446d-aa5c-7874cb3b31f7 33135f67f1bd4addb9e4c717e0b9cca2 554ac6df97b24ea2b7b467fe9e6819a7 - - default default] Successfully bumped revision number for resource 5d3a79d8-9822-47ad-ac54-9a7c85150fd6 (type: networks) to 1
2026-08-28 05:18:01.379 10 INFO neutron.wsgi [None req-bd067acb-083f-454c-868b-d26d87d33298 33135f67f1bd4addb9e4c717e0b9cca2 554ac6df97b24ea2b7b467fe9e6819a7 - - default default] 10.0.0.74 "DELETE /v2.0/security-groups/c5611c74-6034-4768-8cd4-47a0d9112cfc HTTP/1.1" status: 204 len: 168 time: 0.2203255
2026-08-28 05:18:01.465 9 WARNING neutron.scheduler.dhcp_agent_scheduler [None req-33ffbe22-f450-4315-b4d5-56ec9d8b7496 33135f67f1bd4addb9e4c717e0b9cca2 554ac6df97b24ea2b7b467fe9e6819a7 - - default default] No more DHCP agents
2026-08-28 05:18:01.469 9 WARNING neutron.api.rpc.agentnotifiers.dhcp_rpc_agent_api [None req-33ffbe22-f450-4315-b4d5-56ec9d8b7496 33135f67f1bd4addb9e4c717e0b9cca2 554ac6df97b24ea2b7b467fe9e6819a7 - - default default] Unable to schedule network 7ba30eb4-43cc-4086-b3b4-02462d27e046: no agents available; will retry on subsequent port and subnet creation events.
2026-08-28 05:18:01.482 9 WARNING neutron.scheduler.dhcp_agent_scheduler [None req-da5d3340-7df9-446d-aa5c-7874cb3b31f7 33135f67f1bd4addb9e4c717e0b9cca2 554ac6df97b24ea2b7b467fe9e6819a7 - - default default] No more DHCP agents
2026-08-28 05:18:01.491 9 WARNING neutron.api.rpc.agentnotifiers.dhcp_rpc_agent_api [None req-da5d3340-7df9-446d-aa5c-7874cb3b31f7 33135f67f1bd4addb9e4c717e0b9cca2 554ac6df97b24ea2b7b467fe9e6819a7 - - default default] Unable to schedule network 5d3a79d8-9822-47ad-ac54-9a7c85150fd6: no agents available; will retry on subsequent port and subnet creation events.
2026-08-28 05:18:01.580 9 INFO neutron.db.ovn_revision_numbers_db [None req-33ffbe22-f450-4315-b4d5-56ec9d8b7496 33135f67f1bd4addb9e4c717e0b9cca2 554ac6df97b24ea2b7b467fe9e6819a7 - - default default] Successfully bumped revision number for resource 73083dff-6849-4761-9491-8b462d6efd5f (type: ports) to 1
2026-08-28 05:18:01.582 9 INFO neutron.db.ovn_revision_numbers_db [None req-da5d3340-7df9-446d-aa5c-7874cb3b31f7 33135f67f1bd4addb9e4c717e0b9cca2 554ac6df97b24ea2b7b467fe9e6819a7 - - default default] Successfully bumped revision number for resource 6c332b8f-7de4-4631-9872-70ef1a3f6740 (type: ports) to 1
2026-08-28 05:18:01.598 9 INFO neutron.wsgi [None req-33ffbe22-f450-4315-b4d5-56ec9d8b7496 33135f67f1bd4addb9e4c717e0b9cca2 554ac6df97b24ea2b7b467fe9e6819a7 - - default default] 10.0.0.74 "POST /v2.0/networks HTTP/1.1" status: 201 len: 947 time: 1.0911837
2026-08-28 05:18:01.601 9 INFO neutron.wsgi [None req-da5d3340-7df9-446d-aa5c-7874cb3b31f7 33135f67f1bd4addb9e4c717e0b9cca2 554ac6df97b24ea2b7b467fe9e6819a7 - - default default] 10.0.0.74 "POST /v2.0/networks HTTP/1.1" status: 201 len: 940 time: 1.1861365
2026-08-28 05:18:01.746 9 WARNING neutron.scheduler.dhcp_agent_scheduler [None req-ac470969-3ac2-428e-bd45-9b024ebec24f 33135f67f1bd4addb9e4c717e0b9cca2 554ac6df97b24ea2b7b467fe9e6819a7 - - default default] No more DHCP agents
2026-08-28 05:18:01.751 9 WARNING neutron.api.rpc.agentnotifiers.dhcp_rpc_agent_api [None req-ac470969-3ac2-428e-bd45-9b024ebec24f 33135f67f1bd4addb9e4c717e0b9cca2 554ac6df97b24ea2b7b467fe9e6819a7 - - default default] Unable to schedule network 7ba30eb4-43cc-4086-b3b4-02462d27e046: no agents available; will retry on subsequent port and subnet creation events.
2026-08-28 05:18:01.815 10 WARNING neutron.scheduler.dhcp_agent_scheduler [None req-457090cc-007b-4fd6-b4d8-88a1879e625d 33135f67f1bd4addb9e4c717e0b9cca2 554ac6df97b24ea2b7b467fe9e6819a7 - - default default] No more DHCP agents
2026-08-28 05:18:01.820 10 WARNING neutron.api.rpc.agentnotifiers.dhcp_rpc_agent_api [None req-457090cc-007b-4fd6-b4d8-88a1879e625d 33135f67f1bd4addb9e4c717e0b9cca2 554ac6df97b24ea2b7b467fe9e6819a7 - - default default] Unable to schedule network 5d3a79d8-9822-47ad-ac54-9a7c85150fd6: no agents available; will retry on subsequent port and subnet creation events.
2026-08-28 05:18:02.234 9 INFO neutron.db.ovn_revision_numbers_db [None req-ac470969-3ac2-428e-bd45-9b024ebec24f 33135f67f1bd4addb9e4c717e0b9cca2 554ac6df97b24ea2b7b467fe9e6819a7 - - default default] Successfully bumped revision number for resource 73083dff-6849-4761-9491-8b462d6efd5f (type: ports) to 2
2026-08-28 05:18:02.240 10 INFO neutron.db.ovn_revision_numbers_db [None req-457090cc-007b-4fd6-b4d8-88a1879e625d 33135f67f1bd4addb9e4c717e0b9cca2 554ac6df97b24ea2b7b467fe9e6819a7 - - default default] Successfully bumped revision number for resource 6c332b8f-7de4-4631-9872-70ef1a3f6740 (type: ports) to 2
2026-08-28 05:18:02.275 9 INFO neutron.db.ovn_revision_numbers_db [None req-ac470969-3ac2-428e-bd45-9b024ebec24f 33135f67f1bd4addb9e4c717e0b9cca2 554ac6df97b24ea2b7b467fe9e6819a7 - - default default] Successfully bumped revision number for resource 788a6d73-367c-4a8b-b8b4-96251d31927a (type: subnets) to 0
2026-08-28 05:18:02.282 10 INFO neutron.db.ovn_revision_numbers_db [None req-457090cc-007b-4fd6-b4d8-88a1879e625d 33135f67f1bd4addb9e4c717e0b9cca2 554ac6df97b24ea2b7b467fe9e6819a7 - - default default] Successfully bumped revision number for resource 4745d517-3cf9-4ffa-9c14-6465aac05f09 (type: subnets) to 0
2026-08-28 05:18:02.288 9 INFO neutron.wsgi [None req-ac470969-3ac2-428e-bd45-9b024ebec24f 33135f67f1bd4addb9e4c717e0b9cca2 554ac6df97b24ea2b7b467fe9e6819a7 - - default default] 10.0.0.74 "POST /v2.0/subnets HTTP/1.1" status: 201 len: 867 time: 0.6844895
2026-08-28 05:18:02.296 10 INFO neutron.wsgi [None req-457090cc-007b-4fd6-b4d8-88a1879e625d 33135f67f1bd4addb9e4c717e0b9cca2 554ac6df97b24ea2b7b467fe9e6819a7 - - default default] 10.0.0.74 "POST /v2.0/subnets HTTP/1.1" status: 201 len: 860 time: 0.6901841
2026-08-28 05:18:02.746 9 INFO neutron.db.ovn_revision_numbers_db [None req-18f60d90-288c-451f-bb6a-551c03fe5bca 33135f67f1bd4addb9e4c717e0b9cca2 554ac6df97b24ea2b7b467fe9e6819a7 - - default default] Successfully bumped revision number for resource 08cfba81-2035-4afc-aa81-4782d0e0588e (type: security_groups) to 1
2026-08-28 05:18:02.758 9 INFO neutron.db.ovn_revision_numbers_db [None req-18f60d90-288c-451f-bb6a-551c03fe5bca 33135f67f1bd4addb9e4c717e0b9cca2 554ac6df97b24ea2b7b467fe9e6819a7 - - default default] Successfully bumped revision number for resource 1489addc-432f-4fbf-be3f-a8712de20e01 (type: security_group_rules) to 0
2026-08-28 05:18:02.775 9 INFO neutron.db.ovn_revision_numbers_db [None req-18f60d90-288c-451f-bb6a-551c03fe5bca 33135f67f1bd4addb9e4c717e0b9cca2 554ac6df97b24ea2b7b467fe9e6819a7 - - default default] Successfully bumped revision number for resource 50801d35-fc46-4e0e-95d2-f32c81aafbd2 (type: security_group_rules) to 0
2026-08-28 05:18:02.796 9 INFO neutron.db.ovn_revision_numbers_db [None req-18f60d90-288c-451f-bb6a-551c03fe5bca 33135f67f1bd4addb9e4c717e0b9cca2 554ac6df97b24ea2b7b467fe9e6819a7 - - default default] Successfully bumped revision number for resource 8515f961-5eba-474e-a27f-d38e4b5ddf6a (type: security_group_rules) to 0
2026-08-28 05:18:02.827 9 INFO neutron.db.ovn_revision_numbers_db [None req-18f60d90-288c-451f-bb6a-551c03fe5bca 33135f67f1bd4addb9e4c717e0b9cca2 554ac6df97b24ea2b7b467fe9e6819a7 - - default default] Successfully bumped revision number for resource b2d1c525-752a-4ba9-9bdc-15d3fe83d4ed (type: security_group_rules) to 0
2026-08-28 05:18:02.830 10 WARNING neutron.scheduler.dhcp_agent_scheduler [None req-a321cdff-2f30-48d5-ab04-4b6869b73342 33135f67f1bd4addb9e4c717e0b9cca2 554ac6df97b24ea2b7b467fe9e6819a7 - - default default] No more DHCP agents
2026-08-28 05:18:02.833 10 WARNING neutron.api.rpc.agentnotifiers.dhcp_rpc_agent_api [None req-a321cdff-2f30-48d5-ab04-4b6869b73342 33135f67f1bd4addb9e4c717e0b9cca2 554ac6df97b24ea2b7b467fe9e6819a7 - - default default] Unable to schedule network 66f2af4a-aa51-4790-ab5c-e19d23192e1e: no agents available; will retry on subsequent port and subnet creation events.
2026-08-28 05:18:02.880 9 WARNING neutron.scheduler.dhcp_agent_scheduler [None req-14f55bba-b714-48e5-9548-220ec60a5861 33135f67f1bd4addb9e4c717e0b9cca2 554ac6df97b24ea2b7b467fe9e6819a7 - - default default] No more DHCP agents
2026-08-28 05:18:02.885 9 INFO neutron.wsgi [None req-18f60d90-288c-451f-bb6a-551c03fe5bca 33135f67f1bd4addb9e4c717e0b9cca2 554ac6df97b24ea2b7b467fe9e6819a7 - - default default] 10.0.0.74 "GET /v2.0/security-groups?tenant_id=cf70f4df0ff445baab80b6381a18c05a&name=default HTTP/1.1" status: 200 len: 2992 time: 0.4225280
2026-08-28 05:18:02.886 9 WARNING neutron.api.rpc.agentnotifiers.dhcp_rpc_agent_api [None req-14f55bba-b714-48e5-9548-220ec60a5861 33135f67f1bd4addb9e4c717e0b9cca2 554ac6df97b24ea2b7b467fe9e6819a7 - - default default] Unable to schedule network 66f2af4a-aa51-4790-ab5c-e19d23192e1e: no agents available; will retry on subsequent port and subnet creation events.
2026-08-28 05:18:02.982 10 INFO neutron.db.ovn_revision_numbers_db [None req-a321cdff-2f30-48d5-ab04-4b6869b73342 33135f67f1bd4addb9e4c717e0b9cca2 554ac6df97b24ea2b7b467fe9e6819a7 - - default default] Successfully bumped revision number for resource 69f54552-7f3d-4892-ad7b-c41e8bfe893e (type: ports) to 1
2026-08-28 05:18:03.045 9 INFO neutron.db.ovn_revision_numbers_db [None req-14f55bba-b714-48e5-9548-220ec60a5861 33135f67f1bd4addb9e4c717e0b9cca2 554ac6df97b24ea2b7b467fe9e6819a7 - - default default] Successfully bumped revision number for resource 25251d58-c1a5-4513-8f51-b4eb5da64455 (type: ports) to 1
2026-08-28 05:18:03.209 10 INFO neutron.wsgi [None req-0ad1d906-fee6-44af-a69d-2251837c2824 33135f67f1bd4addb9e4c717e0b9cca2 554ac6df97b24ea2b7b467fe9e6819a7 - - default default] 10.0.0.74 "DELETE /v2.0/security-groups/08cfba81-2035-4afc-aa81-4782d0e0588e HTTP/1.1" status: 204 len: 168 time: 0.3183203
2026-08-28 05:18:03.230 10 INFO neutron.plugins.ml2.drivers.ovn.mech_driver.ovsdb.extensions.qos [None req-a321cdff-2f30-48d5-ab04-4b6869b73342 33135f67f1bd4addb9e4c717e0b9cca2 554ac6df97b24ea2b7b467fe9e6819a7 - - default default] Starting OVNClientQosExtension
2026-08-28 05:18:03.244 9 INFO neutron.plugins.ml2.drivers.ovn.mech_driver.ovsdb.extensions.qos [None req-14f55bba-b714-48e5-9548-220ec60a5861 33135f67f1bd4addb9e4c717e0b9cca2 554ac6df97b24ea2b7b467fe9e6819a7 - - default default] Starting OVNClientQosExtension
2026-08-28 05:18:03.577 9 INFO neutron.plugins.ml2.drivers.ovn.mech_driver.mech_driver [None req-f1ee25d0-118e-43bc-b489-bd59cbe78a1e - - - - - -] OVN reports status up for port: 25251d58-c1a5-4513-8f51-b4eb5da64455
2026-08-28 05:18:03.587 9 INFO neutron.plugins.ml2.drivers.ovn.mech_driver.ovsdb.ovsdb_monitor [-] Router 9374edc4-8839-49f4-b4e3-47ef7ede0801 is bound to host instance
2026-08-28 05:18:03.616 9 INFO neutron.plugins.ml2.plugin [None req-f1ee25d0-118e-43bc-b489-bd59cbe78a1e - - - - - -] Attempt 1 to provision port 25251d58-c1a5-4513-8f51-b4eb5da64455
2026-08-28 05:18:03.641 10 INFO neutron.plugins.ml2.drivers.ovn.mech_driver.mech_driver [None req-357225a1-d873-437a-91e3-826650292d12 - - - - - -] OVN reports status up for port: 69f54552-7f3d-4892-ad7b-c41e8bfe893e
2026-08-28 05:18:03.652 10 INFO neutron.plugins.ml2.drivers.ovn.mech_driver.ovsdb.ovsdb_monitor [-] Router 40b70909-7ace-4396-b9a4-948f3480e156 is bound to host instance
2026-08-28 05:18:03.668 10 INFO neutron.db.ovn_revision_numbers_db [None req-df54db06-669a-4288-8b66-a4962634d7e5 33135f67f1bd4addb9e4c717e0b9cca2 554ac6df97b24ea2b7b467fe9e6819a7 - - default default] Successfully bumped revision number for resource f32ea735-324b-4873-8434-7e91539c2ec0 (type: security_groups) to 1
2026-08-28 05:18:03.676 10 INFO neutron.plugins.ml2.plugin [None req-357225a1-d873-437a-91e3-826650292d12 - - - - - -] Attempt 1 to provision port 69f54552-7f3d-4892-ad7b-c41e8bfe893e
2026-08-28 05:18:03.677 9 INFO neutron.db.ovn_revision_numbers_db [None req-14f55bba-b714-48e5-9548-220ec60a5861 33135f67f1bd4addb9e4c717e0b9cca2 554ac6df97b24ea2b7b467fe9e6819a7 - - default default] Successfully bumped revision number for resource 25251d58-c1a5-4513-8f51-b4eb5da64455 (type: router_ports) to 1
2026-08-28 05:18:03.705 10 INFO neutron.db.ovn_revision_numbers_db [None req-df54db06-669a-4288-8b66-a4962634d7e5 33135f67f1bd4addb9e4c717e0b9cca2 554ac6df97b24ea2b7b467fe9e6819a7 - - default default] Successfully bumped revision number for resource 11c452cd-e68c-4ce0-82f8-164ca34143a6 (type: security_group_rules) to 0
2026-08-28 05:18:03.712 10 INFO neutron.db.ovn_revision_numbers_db [None req-a321cdff-2f30-48d5-ab04-4b6869b73342 33135f67f1bd4addb9e4c717e0b9cca2 554ac6df97b24ea2b7b467fe9e6819a7 - - default default] Successfully bumped revision number for resource 69f54552-7f3d-4892-ad7b-c41e8bfe893e (type: router_ports) to 1
2026-08-28 05:18:03.752 10 INFO neutron.db.ovn_revision_numbers_db [None req-df54db06-669a-4288-8b66-a4962634d7e5 33135f67f1bd4addb9e4c717e0b9cca2 554ac6df97b24ea2b7b467fe9e6819a7 - - default default] Successfully bumped revision number for resource 20915723-9010-45da-b3b2-12a79c7b5c66 (type: security_group_rules) to 0
