2026-08-28 05:22:36.131 10 INFO neutron.wsgi [None req-6de6be01-8e0a-42fe-9944-059d8ee2def3 33135f67f1bd4addb9e4c717e0b9cca2 554ac6df97b24ea2b7b467fe9e6819a7 - - default default] 162.253.55.38 "GET /v2.0/ports/7652121c-c85a-46d8-9df7-115110270298 HTTP/1.1" status: 200 len: 1514 time: 0.0398355 /var/lib/openstack/lib/python3.10/site-packages/pycadf/identifier.py:71: UserWarning: Invalid uuid: neutron. To ensure interoperability, identifiers should be a valid uuid. warnings.warn(('Invalid uuid: %s. To ensure interoperability, '
2026-08-28 05:22:36.193 9 INFO neutron.wsgi [None req-e2fa0cae-362f-4db2-8b63-4d324c3ccbf5 33135f67f1bd4addb9e4c717e0b9cca2 554ac6df97b24ea2b7b467fe9e6819a7 - - default default] 10.0.0.74 "GET /v2.0/security-groups?tenant_id=caa3c32fd351487386bdb72e99b27b50&name=default HTTP/1.1" status: 200 len: 3000 time: 0.0499127
2026-08-28 05:22:36.223 10 INFO neutron.wsgi [None req-4bcbf76e-69e2-4b17-bed6-99a4f546348d 33135f67f1bd4addb9e4c717e0b9cca2 554ac6df97b24ea2b7b467fe9e6819a7 - - default default] 162.253.55.38 "GET /v2.0/subnets/8540ec21-d403-4e14-9722-8e0d0c908731 HTTP/1.1" status: 200 len: 850 time: 0.0758600
2026-08-28 05:22:36.259 10 INFO neutron.wsgi [req-59217d71-300a-4452-9d08-2aed060d5b09 req-d0262375-a36c-471b-828d-0cdff7807828 a45cfbf5301f4b66b2d2979c1357e31a 772c60c6023a4860b2a78696266f39d4 - - 8cefee79c7304dcf9c6f274a61c7b886 8cefee79c7304dcf9c6f274a61c7b886] 162.253.55.38 "GET /v2.0/networks?id=a8edb13b-9906-456e-b38f-12a699b3d178 HTTP/1.1" status: 200 len: 1005 time: 0.1272907
2026-08-28 05:22:36.292 10 INFO neutron.wsgi [req-59217d71-300a-4452-9d08-2aed060d5b09 req-d75334d1-e3aa-4a79-afa4-0669a3b5d3db a45cfbf5301f4b66b2d2979c1357e31a 772c60c6023a4860b2a78696266f39d4 - - 8cefee79c7304dcf9c6f274a61c7b886 8cefee79c7304dcf9c6f274a61c7b886] 162.253.55.38 "GET /v2.0/floatingips?fixed_ip_address=10.1.1.69&port_id=7652121c-c85a-46d8-9df7-115110270298 HTTP/1.1" status: 200 len: 217 time: 0.0232444
2026-08-28 05:22:36.309 10 INFO neutron.wsgi [None req-2865d516-94b2-44c6-880b-e2ae5ff0701b 33135f67f1bd4addb9e4c717e0b9cca2 554ac6df97b24ea2b7b467fe9e6819a7 - - default default] 162.253.55.38 "GET /v2.0/networks/a8edb13b-9906-456e-b38f-12a699b3d178 HTTP/1.1" status: 200 len: 1002 time: 0.0780108
2026-08-28 05:22:36.353 10 INFO neutron.wsgi [None req-9687bcef-34b9-46f6-a6e2-e3d517bd1577 33135f67f1bd4addb9e4c717e0b9cca2 554ac6df97b24ea2b7b467fe9e6819a7 - - default default] 162.253.55.38 "GET /v2.0/ports/77bf03d9-06e8-46bc-8f94-ca53c5e99e98 HTTP/1.1" status: 200 len: 1328 time: 0.0385389
2026-08-28 05:22:36.357 10 INFO neutron.wsgi [req-59217d71-300a-4452-9d08-2aed060d5b09 req-5157c449-2566-4719-8a01-3faa64b87c97 a45cfbf5301f4b66b2d2979c1357e31a 772c60c6023a4860b2a78696266f39d4 - - 8cefee79c7304dcf9c6f274a61c7b886 8cefee79c7304dcf9c6f274a61c7b886] 162.253.55.38 "GET /v2.0/subnets?id=8540ec21-d403-4e14-9722-8e0d0c908731 HTTP/1.1" status: 200 len: 853 time: 0.0536599
2026-08-28 05:22:36.389 10 INFO neutron.wsgi [req-59217d71-300a-4452-9d08-2aed060d5b09 req-70f9ed2b-5f42-4183-a45b-aaaf66e5776a a45cfbf5301f4b66b2d2979c1357e31a 772c60c6023a4860b2a78696266f39d4 - - 8cefee79c7304dcf9c6f274a61c7b886 8cefee79c7304dcf9c6f274a61c7b886] 162.253.55.38 "GET /v2.0/ports?network_id=a8edb13b-9906-456e-b38f-12a699b3d178&device_owner=network%3Adhcp HTTP/1.1" status: 200 len: 210 time: 0.0247233
2026-08-28 05:22:36.399 10 INFO neutron.wsgi [None req-3adb44c5-b7c0-47c9-91f2-973bec07610b 33135f67f1bd4addb9e4c717e0b9cca2 554ac6df97b24ea2b7b467fe9e6819a7 - - default default] 162.253.55.38 "GET /v2.0/subnets/8540ec21-d403-4e14-9722-8e0d0c908731 HTTP/1.1" status: 200 len: 850 time: 0.0404499
2026-08-28 05:22:36.437 9 INFO neutron.wsgi [None req-c1cab168-27d4-434a-9459-aae841ef7120 33135f67f1bd4addb9e4c717e0b9cca2 554ac6df97b24ea2b7b467fe9e6819a7 - - default default] 10.0.0.74 "DELETE /v2.0/security-groups/c89958b9-3e2a-4ae3-bffc-57c4af2778cc HTTP/1.1" status: 204 len: 168 time: 0.2383928
2026-08-28 05:22:36.490 10 INFO neutron.wsgi [req-59217d71-300a-4452-9d08-2aed060d5b09 req-aec0683d-e570-4037-ba32-b6f1bbaa7ae3 a45cfbf5301f4b66b2d2979c1357e31a 772c60c6023a4860b2a78696266f39d4 - - 8cefee79c7304dcf9c6f274a61c7b886 8cefee79c7304dcf9c6f274a61c7b886] 162.253.55.38 "GET /v2.0/networks/a8edb13b-9906-456e-b38f-12a699b3d178?fields=segments HTTP/1.1" status: 200 len: 212 time: 0.0898449
2026-08-28 05:22:36.561 10 INFO neutron.wsgi [req-59217d71-300a-4452-9d08-2aed060d5b09 req-8b21013a-e951-43e4-9d2f-5fc05ca7797d a45cfbf5301f4b66b2d2979c1357e31a 772c60c6023a4860b2a78696266f39d4 - - 8cefee79c7304dcf9c6f274a61c7b886 8cefee79c7304dcf9c6f274a61c7b886] 162.253.55.38 "GET /v2.0/networks/a8edb13b-9906-456e-b38f-12a699b3d178?fields=provider%3Aphysical_network&fields=provider%3Anetwork_type HTTP/1.1" status: 200 len: 277 time: 0.0668488
2026-08-28 05:22:36.632 10 INFO neutron.wsgi [req-59217d71-300a-4452-9d08-2aed060d5b09 req-43ecc8b5-8749-432b-9142-e823fecd7cfd a45cfbf5301f4b66b2d2979c1357e31a 772c60c6023a4860b2a78696266f39d4 - - 8cefee79c7304dcf9c6f274a61c7b886 8cefee79c7304dcf9c6f274a61c7b886] 162.253.55.38 "GET /v2.0/ports?tenant_id=554ac6df97b24ea2b7b467fe9e6819a7&device_id=c53f1e48-d237-4201-86d9-89863f21a4e2 HTTP/1.1" status: 200 len: 2715 time: 0.0363290
2026-08-28 05:22:36.711 10 INFO neutron.wsgi [req-59217d71-300a-4452-9d08-2aed060d5b09 req-9a27be4b-abc6-4b18-8eb5-ba619f1d539a a45cfbf5301f4b66b2d2979c1357e31a 772c60c6023a4860b2a78696266f39d4 - - 8cefee79c7304dcf9c6f274a61c7b886 8cefee79c7304dcf9c6f274a61c7b886] 162.253.55.38 "GET /v2.0/networks?id=a8edb13b-9906-456e-b38f-12a699b3d178 HTTP/1.1" status: 200 len: 1005 time: 0.0736935
2026-08-28 05:22:36.743 10 INFO neutron.wsgi [req-59217d71-300a-4452-9d08-2aed060d5b09 req-ea44e3fe-0a6e-45eb-955d-4c1e34823af6 a45cfbf5301f4b66b2d2979c1357e31a 772c60c6023a4860b2a78696266f39d4 - - 8cefee79c7304dcf9c6f274a61c7b886 8cefee79c7304dcf9c6f274a61c7b886] 162.253.55.38 "GET /v2.0/floatingips?fixed_ip_address=10.1.1.69&port_id=7652121c-c85a-46d8-9df7-115110270298 HTTP/1.1" status: 200 len: 217 time: 0.0258949
2026-08-28 05:22:36.763 9 INFO neutron.notifiers.nova [-] Nova event matching ['req-a22a7b83-47d9-4aa4-a905-6bbedd639982'] response: {'server_uuid': 'c53f1e48-d237-4201-86d9-89863f21a4e2', 'name': 'network-vif-plugged', 'status': 'completed', 'tag': '7652121c-c85a-46d8-9df7-115110270298', 'code': 200}
2026-08-28 05:22:36.809 10 INFO neutron.wsgi [req-59217d71-300a-4452-9d08-2aed060d5b09 req-552b1d26-b951-45d3-abdb-5d36d44fab5c a45cfbf5301f4b66b2d2979c1357e31a 772c60c6023a4860b2a78696266f39d4 - - 8cefee79c7304dcf9c6f274a61c7b886 8cefee79c7304dcf9c6f274a61c7b886] 162.253.55.38 "GET /v2.0/subnets?id=8540ec21-d403-4e14-9722-8e0d0c908731 HTTP/1.1" status: 200 len: 853 time: 0.0623505
2026-08-28 05:22:36.861 10 INFO neutron.wsgi [req-59217d71-300a-4452-9d08-2aed060d5b09 req-6e897806-db14-4eb4-bd6f-49e7801f60dc a45cfbf5301f4b66b2d2979c1357e31a 772c60c6023a4860b2a78696266f39d4 - - 8cefee79c7304dcf9c6f274a61c7b886 8cefee79c7304dcf9c6f274a61c7b886] 162.253.55.38 "GET /v2.0/ports?network_id=a8edb13b-9906-456e-b38f-12a699b3d178&device_owner=network%3Adhcp HTTP/1.1" status: 200 len: 210 time: 0.0331950
2026-08-28 05:22:36.920 10 INFO neutron.wsgi [req-59217d71-300a-4452-9d08-2aed060d5b09 req-33dae81d-9ffc-42e1-8424-c45c5d69d0c2 a45cfbf5301f4b66b2d2979c1357e31a 772c60c6023a4860b2a78696266f39d4 - - 8cefee79c7304dcf9c6f274a61c7b886 8cefee79c7304dcf9c6f274a61c7b886] 162.253.55.38 "GET /v2.0/networks/a8edb13b-9906-456e-b38f-12a699b3d178?fields=segments HTTP/1.1" status: 200 len: 212 time: 0.0546401
2026-08-28 05:22:36.984 10 INFO neutron.wsgi [req-59217d71-300a-4452-9d08-2aed060d5b09 req-adf87edf-6112-4d61-a9cc-77a36acb1643 a45cfbf5301f4b66b2d2979c1357e31a 772c60c6023a4860b2a78696266f39d4 - - 8cefee79c7304dcf9c6f274a61c7b886 8cefee79c7304dcf9c6f274a61c7b886] 162.253.55.38 "GET /v2.0/networks/a8edb13b-9906-456e-b38f-12a699b3d178?fields=provider%3Aphysical_network&fields=provider%3Anetwork_type HTTP/1.1" status: 200 len: 277 time: 0.0602221
2026-08-28 05:22:40.205 10 INFO neutron.wsgi [None req-6923cf71-5f54-44cf-8fbc-4e733304bff3 2d11af3b8caa4292954e6703d9a45870 b7532eff6ea24068b810a38fc2c7774e - - default default] 10.0.0.74 "POST /v2.0/qos/policies HTTP/1.1" status: 201 len: 558 time: 0.2217693
2026-08-28 05:22:40.244 10 INFO neutron.wsgi [None req-f28ae681-4666-47ea-a307-2c258390bf4e 2d11af3b8caa4292954e6703d9a45870 b7532eff6ea24068b810a38fc2c7774e - - default default] 10.0.0.74 "PUT /v2.0/policies/39b8fa8c-ef37-4504-9746-5a5894c2b288/tags HTTP/1.1" status: 200 len: 218 time: 0.0329661
2026-08-28 05:22:40.274 10 INFO neutron.wsgi [None req-28f5fff7-fec4-41b0-8e3c-72e6c12e2bbf 2d11af3b8caa4292954e6703d9a45870 b7532eff6ea24068b810a38fc2c7774e - - default default] 10.0.0.74 "GET /v2.0/policies/39b8fa8c-ef37-4504-9746-5a5894c2b288/tags HTTP/1.1" status: 200 len: 218 time: 0.0239525
2026-08-28 05:22:40.307 10 INFO neutron.wsgi [None req-cbeba2fb-2a99-496b-b2d6-244e00451130 2d11af3b8caa4292954e6703d9a45870 b7532eff6ea24068b810a38fc2c7774e - - default default] 10.0.0.74 "PUT /v2.0/policies/39b8fa8c-ef37-4504-9746-5a5894c2b288/tags/green HTTP/1.1" status: 201 len: 201 time: 0.0270984
2026-08-28 05:22:40.325 10 INFO neutron.wsgi [None req-0811defc-81d4-4962-8aac-d8e7ce4f4200 2d11af3b8caa4292954e6703d9a45870 b7532eff6ea24068b810a38fc2c7774e - - default default] 10.0.0.74 "GET /v2.0/policies/39b8fa8c-ef37-4504-9746-5a5894c2b288/tags HTTP/1.1" status: 200 len: 227 time: 0.0137017
2026-08-28 05:22:40.344 10 INFO neutron.wsgi [None req-88c6af7b-1e45-4ed1-8d84-f0f8937b0be3 2d11af3b8caa4292954e6703d9a45870 b7532eff6ea24068b810a38fc2c7774e - - default default] 10.0.0.74 "PUT /v2.0/policies/39b8fa8c-ef37-4504-9746-5a5894c2b288/tags/red HTTP/1.1" status: 201 len: 201 time: 0.0141289
2026-08-28 05:22:40.362 10 INFO neutron.wsgi [None req-e11d1b43-fa45-41d4-a721-2f4bbbabb3ea 2d11af3b8caa4292954e6703d9a45870 b7532eff6ea24068b810a38fc2c7774e - - default default] 10.0.0.74 "GET /v2.0/policies/39b8fa8c-ef37-4504-9746-5a5894c2b288/tags HTTP/1.1" status: 200 len: 227 time: 0.0135038
2026-08-28 05:22:40.392 10 INFO neutron.wsgi [None req-be196939-b25b-4638-b960-e67f66e797ed 2d11af3b8caa4292954e6703d9a45870 b7532eff6ea24068b810a38fc2c7774e - - default default] 10.0.0.74 "PUT /v2.0/policies/39b8fa8c-ef37-4504-9746-5a5894c2b288/tags/black.or.white HTTP/1.1" status: 201 len: 201 time: 0.0249448
2026-08-28 05:22:40.413 10 INFO neutron.wsgi [None req-5342fad4-cb9a-4bac-aadf-dade92633b58 2d11af3b8caa4292954e6703d9a45870 b7532eff6ea24068b810a38fc2c7774e - - default default] 10.0.0.74 "GET /v2.0/policies/39b8fa8c-ef37-4504-9746-5a5894c2b288/tags HTTP/1.1" status: 200 len: 245 time: 0.0147531
2026-08-28 05:22:40.462 10 INFO neutron.wsgi [None req-1e0b00f3-6110-4cde-b8f4-dfc1203c1d6d 2d11af3b8caa4292954e6703d9a45870 b7532eff6ea24068b810a38fc2c7774e - - default default] 10.0.0.74 "PUT /v2.0/policies/39b8fa8c-ef37-4504-9746-5a5894c2b288/tags HTTP/1.1" status: 200 len: 230 time: 0.0420299
2026-08-28 05:22:40.501 9 INFO neutron.wsgi [None req-14ea274c-58a7-48ba-a0ab-ed07a45ad56d 2d11af3b8caa4292954e6703d9a45870 b7532eff6ea24068b810a38fc2c7774e - - default default] 10.0.0.74 "GET /v2.0/policies/39b8fa8c-ef37-4504-9746-5a5894c2b288/tags HTTP/1.1" status: 200 len: 230 time: 0.0299087
2026-08-28 05:22:40.530 9 INFO neutron.wsgi [None req-36c4b44e-9200-4728-ade1-5034ebb33a35 2d11af3b8caa4292954e6703d9a45870 b7532eff6ea24068b810a38fc2c7774e - - default default] 10.0.0.74 "GET /v2.0/policies/39b8fa8c-ef37-4504-9746-5a5894c2b288/tags/red HTTP/1.1" status: 204 len: 168 time: 0.0230565
2026-08-28 05:22:40.547 9 INFO neutron.api.v2.resource [None req-69e865f3-965b-4fa3-a6ae-a2178f907213 2d11af3b8caa4292954e6703d9a45870 b7532eff6ea24068b810a38fc2c7774e - - default default] show failed (client error): The resource could not be found.
2026-08-28 05:22:40.548 9 INFO neutron.wsgi [None req-69e865f3-965b-4fa3-a6ae-a2178f907213 2d11af3b8caa4292954e6703d9a45870 b7532eff6ea24068b810a38fc2c7774e - - default default] 10.0.0.74 "GET /v2.0/policies/39b8fa8c-ef37-4504-9746-5a5894c2b288/tags/green HTTP/1.1" status: 404 len: 299 time: 0.0133119
2026-08-28 05:22:40.587 9 INFO neutron.wsgi [-] 10.0.0.205 "GET / HTTP/1.1" status: 200 len: 246 time: 0.0015762
2026-08-28 05:22:40.587 10 INFO neutron.wsgi [-] 10.0.0.205 "GET / HTTP/1.1" status: 200 len: 246 time: 0.0015986
2026-08-28 05:22:40.589 9 INFO neutron.wsgi [None req-80995159-cf44-4472-8688-8d45045d689f 2d11af3b8caa4292954e6703d9a45870 b7532eff6ea24068b810a38fc2c7774e - - default default] 10.0.0.74 "DELETE /v2.0/policies/39b8fa8c-ef37-4504-9746-5a5894c2b288/tags/red HTTP/1.1" status: 204 len: 168 time: 0.0355244
2026-08-28 05:22:40.606 9 INFO neutron.wsgi [None req-bc63f1cf-b111-4ee6-afa5-514f649051e2 2d11af3b8caa4292954e6703d9a45870 b7532eff6ea24068b810a38fc2c7774e - - default default] 10.0.0.74 "GET /v2.0/policies/39b8fa8c-ef37-4504-9746-5a5894c2b288/tags HTTP/1.1" status: 200 len: 223 time: 0.0127666
2026-08-28 05:22:40.646 9 INFO neutron.api.v2.resource [None req-cbe3aa16-e06f-4041-8908-2cfc3ba72b94 2d11af3b8caa4292954e6703d9a45870 b7532eff6ea24068b810a38fc2c7774e - - default default] delete failed (client error): The resource could not be found.
2026-08-28 05:22:40.647 9 INFO neutron.wsgi [None req-cbe3aa16-e06f-4041-8908-2cfc3ba72b94 2d11af3b8caa4292954e6703d9a45870 b7532eff6ea24068b810a38fc2c7774e - - default default] 10.0.0.74 "DELETE /v2.0/policies/39b8fa8c-ef37-4504-9746-5a5894c2b288/tags/green HTTP/1.1" status: 404 len: 299 time: 0.0361924
2026-08-28 05:22:40.681 9 INFO neutron.wsgi [None req-bc536d4a-abae-4fa1-bc2d-7969dc196ce7 2d11af3b8caa4292954e6703d9a45870 b7532eff6ea24068b810a38fc2c7774e - - default default] 10.0.0.74 "DELETE /v2.0/policies/39b8fa8c-ef37-4504-9746-5a5894c2b288/tags HTTP/1.1" status: 204 len: 168 time: 0.0289419
2026-08-28 05:22:40.698 9 INFO neutron.wsgi [None req-1ab8f5da-c196-43f3-b517-3d5112983e5c 2d11af3b8caa4292954e6703d9a45870 b7532eff6ea24068b810a38fc2c7774e - - default default] 10.0.0.74 "GET /v2.0/policies/39b8fa8c-ef37-4504-9746-5a5894c2b288/tags HTTP/1.1" status: 200 len: 205 time: 0.0132976
2026-08-28 05:22:40.763 9 INFO neutron.wsgi [None req-0b3d5ebd-a81a-47d2-ae0a-94c76d2c562b 2d11af3b8caa4292954e6703d9a45870 b7532eff6ea24068b810a38fc2c7774e - - default default] 10.0.0.74 "DELETE /v2.0/qos/policies/39b8fa8c-ef37-4504-9746-5a5894c2b288 HTTP/1.1" status: 204 len: 168 time: 0.0583243
2026-08-28 05:22:41.730 10 INFO neutron.db.ovn_revision_numbers_db [None req-321f6de5-a489-468d-b64d-74a1dcaa4ac8 33135f67f1bd4addb9e4c717e0b9cca2 554ac6df97b24ea2b7b467fe9e6819a7 - - default default] Successfully bumped revision number for resource 440589c7-85fd-4664-bc53-180c2fc50c9e (type: security_groups) to 1
2026-08-28 05:22:41.748 10 INFO neutron.db.ovn_revision_numbers_db [None req-321f6de5-a489-468d-b64d-74a1dcaa4ac8 33135f67f1bd4addb9e4c717e0b9cca2 554ac6df97b24ea2b7b467fe9e6819a7 - - default default] Successfully bumped revision number for resource 17322afd-9333-4dd2-a8e1-783e6c4f7aa0 (type: security_group_rules) to 0
2026-08-28 05:22:41.767 10 INFO neutron.db.ovn_revision_numbers_db [None req-321f6de5-a489-468d-b64d-74a1dcaa4ac8 33135f67f1bd4addb9e4c717e0b9cca2 554ac6df97b24ea2b7b467fe9e6819a7 - - default default] Successfully bumped revision number for resource 5dad1cab-0f61-48a6-9753-ab940b10f751 (type: security_group_rules) to 0
2026-08-28 05:22:41.792 10 INFO neutron.db.ovn_revision_numbers_db [None req-321f6de5-a489-468d-b64d-74a1dcaa4ac8 33135f67f1bd4addb9e4c717e0b9cca2 554ac6df97b24ea2b7b467fe9e6819a7 - - default default] Successfully bumped revision number for resource 7a246c75-62e5-42df-ae9e-91a9889722cd (type: security_group_rules) to 0
2026-08-28 05:22:41.836 10 INFO neutron.db.ovn_revision_numbers_db [None req-321f6de5-a489-468d-b64d-74a1dcaa4ac8 33135f67f1bd4addb9e4c717e0b9cca2 554ac6df97b24ea2b7b467fe9e6819a7 - - default default] Successfully bumped revision number for resource c1c52570-7f74-40cc-a8a8-30d8b657edd5 (type: security_group_rules) to 0
2026-08-28 05:22:41.870 10 INFO neutron.wsgi [None req-321f6de5-a489-468d-b64d-74a1dcaa4ac8 33135f67f1bd4addb9e4c717e0b9cca2 554ac6df97b24ea2b7b467fe9e6819a7 - - default default] 10.0.0.74 "GET /v2.0/security-groups?tenant_id=bf182b8eb9254627ab094b495b01c7d7&name=default HTTP/1.1" status: 200 len: 3000 time: 0.3534231
2026-08-28 05:22:42.008 10 INFO neutron.wsgi [None req-b0ff4e89-759f-4001-a370-334f1c9a47eb 33135f67f1bd4addb9e4c717e0b9cca2 554ac6df97b24ea2b7b467fe9e6819a7 - - default default] 10.0.0.74 "DELETE /v2.0/security-groups/440589c7-85fd-4664-bc53-180c2fc50c9e HTTP/1.1" status: 204 len: 168 time: 0.1314065
2026-08-28 05:22:42.222 10 INFO neutron.db.ovn_revision_numbers_db [None req-f9f88848-4761-441a-88dc-29eebe97bc61 33135f67f1bd4addb9e4c717e0b9cca2 554ac6df97b24ea2b7b467fe9e6819a7 - - default default] Successfully bumped revision number for resource 8fde45e2-e380-48ac-9bff-618537679a40 (type: security_groups) to 1
2026-08-28 05:22:42.236 10 INFO neutron.db.ovn_revision_numbers_db [None req-f9f88848-4761-441a-88dc-29eebe97bc61 33135f67f1bd4addb9e4c717e0b9cca2 554ac6df97b24ea2b7b467fe9e6819a7 - - default default] Successfully bumped revision number for resource 02f99dbb-810a-4de6-9b15-e95e783ddec4 (type: security_group_rules) to 0
2026-08-28 05:22:42.253 10 INFO neutron.db.ovn_revision_numbers_db [None req-f9f88848-4761-441a-88dc-29eebe97bc61 33135f67f1bd4addb9e4c717e0b9cca2 554ac6df97b24ea2b7b467fe9e6819a7 - - default default] Successfully bumped revision number for resource 57a8c925-2d87-41f9-a0ea-e59a3a947443 (type: security_group_rules) to 0
2026-08-28 05:22:42.269 10 INFO neutron.db.ovn_revision_numbers_db [None req-f9f88848-4761-441a-88dc-29eebe97bc61 33135f67f1bd4addb9e4c717e0b9cca2 554ac6df97b24ea2b7b467fe9e6819a7 - - default default] Successfully bumped revision number for resource 5e0eeb69-af99-40e7-86d2-d1e256a53a2c (type: security_group_rules) to 0
2026-08-28 05:22:42.283 10 INFO neutron.db.ovn_revision_numbers_db [None req-f9f88848-4761-441a-88dc-29eebe97bc61 33135f67f1bd4addb9e4c717e0b9cca2 554ac6df97b24ea2b7b467fe9e6819a7 - - default default] Successfully bumped revision number for resource ded343f6-dee0-44aa-9149-157497bc3c24 (type: security_group_rules) to 0
2026-08-28 05:22:42.311 10 INFO neutron.wsgi [None req-f9f88848-4761-441a-88dc-29eebe97bc61 33135f67f1bd4addb9e4c717e0b9cca2 554ac6df97b24ea2b7b467fe9e6819a7 - - default default] 10.0.0.74 "GET /v2.0/security-groups?tenant_id=b7532eff6ea24068b810a38fc2c7774e&name=default HTTP/1.1" status: 200 len: 3000 time: 0.2068615
2026-08-28 05:22:42.467 10 INFO neutron.wsgi [None req-03b23bd8-ff74-4870-b786-17d871ec0fed 33135f67f1bd4addb9e4c717e0b9cca2 554ac6df97b24ea2b7b467fe9e6819a7 - - default default] 10.0.0.74 "DELETE /v2.0/security-groups/8fde45e2-e380-48ac-9bff-618537679a40 HTTP/1.1" status: 204 len: 168 time: 0.1512592
2026-08-28 05:22:46.183 10 INFO neutron.db.ovn_revision_numbers_db [None req-b33e37c5-f116-4743-be13-6c0cc0cb80b4 c3a8b374b0cd4c2ca8348ea55824b405 97bba86d86f649599cc31f901791e5d5 - - default default] Successfully bumped revision number for resource e58f0092-61db-433f-b7ca-991cb76e238c (type: routers) to 1
2026-08-28 05:22:46.195 10 INFO neutron.wsgi [None req-b33e37c5-f116-4743-be13-6c0cc0cb80b4 c3a8b374b0cd4c2ca8348ea55824b405 97bba86d86f649599cc31f901791e5d5 - - default default] 10.0.0.74 "POST /v2.0/routers HTTP/1.1" status: 201 len: 654 time: 0.4375432
2026-08-28 05:22:46.248 10 INFO neutron.wsgi [None req-886bb5f3-9ec9-4e64-b0d6-1d256b9fb880 c3a8b374b0cd4c2ca8348ea55824b405 97bba86d86f649599cc31f901791e5d5 - - default default] 10.0.0.74 "PUT /v2.0/routers/e58f0092-61db-433f-b7ca-991cb76e238c/tags HTTP/1.1" status: 200 len: 218 time: 0.0486178
2026-08-28 05:22:46.288 10 INFO neutron.wsgi [None req-4b9116c7-1d91-4302-a33e-53e2c5b6bda8 c3a8b374b0cd4c2ca8348ea55824b405 97bba86d86f649599cc31f901791e5d5 - - default default] 10.0.0.74 "GET /v2.0/routers/e58f0092-61db-433f-b7ca-991cb76e238c/tags HTTP/1.1" status: 200 len: 218 time: 0.0354671
2026-08-28 05:22:46.366 10 INFO neutron.wsgi [None req-467f7a8d-948f-4e6d-8394-8adb401dbfb1 c3a8b374b0cd4c2ca8348ea55824b405 97bba86d86f649599cc31f901791e5d5 - - default default] 10.0.0.74 "PUT /v2.0/routers/e58f0092-61db-433f-b7ca-991cb76e238c/tags/green HTTP/1.1" status: 201 len: 201 time: 0.0707586
2026-08-28 05:22:46.409 10 INFO neutron.wsgi [None req-2a95788c-d222-421f-bf83-d73f7220dfa7 c3a8b374b0cd4c2ca8348ea55824b405 97bba86d86f649599cc31f901791e5d5 - - default default] 10.0.0.74 "GET /v2.0/routers/e58f0092-61db-433f-b7ca-991cb76e238c/tags HTTP/1.1" status: 200 len: 227 time: 0.0377886
2026-08-28 05:22:46.456 10 INFO neutron.wsgi [None req-a23e4351-3d35-4909-9490-ede0c89070ff c3a8b374b0cd4c2ca8348ea55824b405 97bba86d86f649599cc31f901791e5d5 - - default default] 10.0.0.74 "PUT /v2.0/routers/e58f0092-61db-433f-b7ca-991cb76e238c/tags/red HTTP/1.1" status: 201 len: 201 time: 0.0424621
2026-08-28 05:22:46.496 10 INFO neutron.wsgi [None req-31c34722-e647-4a58-9436-7064591865e6 c3a8b374b0cd4c2ca8348ea55824b405 97bba86d86f649599cc31f901791e5d5 - - default default] 10.0.0.74 "GET /v2.0/routers/e58f0092-61db-433f-b7ca-991cb76e238c/tags HTTP/1.1" status: 200 len: 227 time: 0.0355258
2026-08-28 05:22:46.546 10 INFO neutron.wsgi [None req-9ab5ed1b-1bd8-4dc1-abeb-021fa1f36912 c3a8b374b0cd4c2ca8348ea55824b405 97bba86d86f649599cc31f901791e5d5 - - default default] 10.0.0.74 "PUT /v2.0/routers/e58f0092-61db-433f-b7ca-991cb76e238c/tags/black.or.white HTTP/1.1" status: 201 len: 201 time: 0.0440979
2026-08-28 05:22:46.596 10 INFO neutron.wsgi [None req-fe30e451-7fd1-435b-8326-b0ff0aac3e02 c3a8b374b0cd4c2ca8348ea55824b405 97bba86d86f649599cc31f901791e5d5 - - default default] 10.0.0.74 "GET /v2.0/routers/e58f0092-61db-433f-b7ca-991cb76e238c/tags HTTP/1.1" status: 200 len: 245 time: 0.0438647
2026-08-28 05:22:46.693 10 INFO neutron.wsgi [None req-d4fbbc33-4209-477a-8425-12bce4e3f6ec c3a8b374b0cd4c2ca8348ea55824b405 97bba86d86f649599cc31f901791e5d5 - - default default] 10.0.0.74 "PUT /v2.0/routers/e58f0092-61db-433f-b7ca-991cb76e238c/tags HTTP/1.1" status: 200 len: 230 time: 0.0918560
2026-08-28 05:22:46.755 10 INFO neutron.wsgi [None req-dc5e5d0e-7e8c-409c-b0bb-0b460e7607c4 c3a8b374b0cd4c2ca8348ea55824b405 97bba86d86f649599cc31f901791e5d5 - - default default] 10.0.0.74 "GET /v2.0/routers/e58f0092-61db-433f-b7ca-991cb76e238c/tags HTTP/1.1" status: 200 len: 230 time: 0.0571351
2026-08-28 05:22:46.844 9 INFO neutron.wsgi [None req-a85601a7-94a1-49ba-8481-bb41249ef8db c3a8b374b0cd4c2ca8348ea55824b405 97bba86d86f649599cc31f901791e5d5 - - default default] 10.0.0.74 "GET /v2.0/routers/e58f0092-61db-433f-b7ca-991cb76e238c/tags/red HTTP/1.1" status: 204 len: 168 time: 0.0829477
2026-08-28 05:22:46.905 9 INFO neutron.api.v2.resource [None req-432e9ce0-afed-4ac5-a775-37b95d5d9f61 c3a8b374b0cd4c2ca8348ea55824b405 97bba86d86f649599cc31f901791e5d5 - - default default] show failed (client error): The resource could not be found.
2026-08-28 05:22:46.907 9 INFO neutron.wsgi [None req-432e9ce0-afed-4ac5-a775-37b95d5d9f61 c3a8b374b0cd4c2ca8348ea55824b405 97bba86d86f649599cc31f901791e5d5 - - default default] 10.0.0.74 "GET /v2.0/routers/e58f0092-61db-433f-b7ca-991cb76e238c/tags/green HTTP/1.1" status: 404 len: 299 time: 0.0575781
2026-08-28 05:22:46.973 9 INFO neutron.wsgi [None req-df92a264-87d4-4ed0-878d-6af2effdac5f c3a8b374b0cd4c2ca8348ea55824b405 97bba86d86f649599cc31f901791e5d5 - - default default] 10.0.0.74 "DELETE /v2.0/routers/e58f0092-61db-433f-b7ca-991cb76e238c/tags/red HTTP/1.1" status: 204 len: 168 time: 0.0601802
2026-08-28 05:22:47.023 9 INFO neutron.wsgi [None req-c03a7c94-c6d4-4913-9fe9-1d0bd430c4e7 c3a8b374b0cd4c2ca8348ea55824b405 97bba86d86f649599cc31f901791e5d5 - - default default] 10.0.0.74 "GET /v2.0/routers/e58f0092-61db-433f-b7ca-991cb76e238c/tags HTTP/1.1" status: 200 len: 223 time: 0.0448935
2026-08-28 05:22:47.068 9 INFO neutron.api.v2.resource [None req-f136d6fb-6c21-497f-b7f2-1210fc9095dc c3a8b374b0cd4c2ca8348ea55824b405 97bba86d86f649599cc31f901791e5d5 - - default default] delete failed (client error): The resource could not be found.
2026-08-28 05:22:47.070 9 INFO neutron.wsgi [None req-f136d6fb-6c21-497f-b7f2-1210fc9095dc c3a8b374b0cd4c2ca8348ea55824b405 97bba86d86f649599cc31f901791e5d5 - - default default] 10.0.0.74 "DELETE /v2.0/routers/e58f0092-61db-433f-b7ca-991cb76e238c/tags/green HTTP/1.1" status: 404 len: 299 time: 0.0417247
2026-08-28 05:22:47.127 9 INFO neutron.wsgi [None req-bbbb1404-23c2-41e2-920b-e98d9f895a3e c3a8b374b0cd4c2ca8348ea55824b405 97bba86d86f649599cc31f901791e5d5 - - default default] 10.0.0.74 "DELETE /v2.0/routers/e58f0092-61db-433f-b7ca-991cb76e238c/tags HTTP/1.1" status: 204 len: 168 time: 0.0523741
2026-08-28 05:22:47.163 9 INFO neutron.wsgi [None req-4506fc3a-ba1e-4ac7-ae59-e16a3d6b7afc c3a8b374b0cd4c2ca8348ea55824b405 97bba86d86f649599cc31f901791e5d5 - - default default] 10.0.0.74 "GET /v2.0/routers/e58f0092-61db-433f-b7ca-991cb76e238c/tags HTTP/1.1" status: 200 len: 205 time: 0.0307658
2026-08-28 05:22:47.205 9 INFO neutron.wsgi [None req-4af27dfe-84b7-496f-ba13-2d842fbc86fe c3a8b374b0cd4c2ca8348ea55824b405 97bba86d86f649599cc31f901791e5d5 - - default default] 10.0.0.74 "GET /v2.0/routers/e58f0092-61db-433f-b7ca-991cb76e238c HTTP/1.1" status: 200 len: 655 time: 0.0360210
2026-08-28 05:22:47.609 9 INFO neutron.db.ovn_revision_numbers_db [None req-db4c77ef-9b29-4eee-a559-a19250de5f91 c3a8b374b0cd4c2ca8348ea55824b405 97bba86d86f649599cc31f901791e5d5 - - default default] Successfully bumped revision number for resource e58f0092-61db-433f-b7ca-991cb76e238c (type: routers) to 7
2026-08-28 05:22:47.611 9 INFO neutron.wsgi [None req-db4c77ef-9b29-4eee-a559-a19250de5f91 c3a8b374b0cd4c2ca8348ea55824b405 97bba86d86f649599cc31f901791e5d5 - - default default] 10.0.0.74 "PUT /v2.0/routers/e58f0092-61db-433f-b7ca-991cb76e238c HTTP/1.1" status: 200 len: 655 time: 0.4006312
2026-08-28 05:22:47.633 9 INFO neutron.wsgi [None req-085ddbdd-dd70-4158-a44b-0a8d10b101e0 c3a8b374b0cd4c2ca8348ea55824b405 97bba86d86f649599cc31f901791e5d5 - - default default] 10.0.0.74 "GET /v2.0/ports?device_id=e58f0092-61db-433f-b7ca-991cb76e238c HTTP/1.1" status: 200 len: 205 time: 0.0170925
2026-08-28 05:22:47.824 9 INFO neutron.wsgi [None req-1c3e285c-7cee-468c-b161-5bb753429c4d c3a8b374b0cd4c2ca8348ea55824b405 97bba86d86f649599cc31f901791e5d5 - - default default] 10.0.0.74 "DELETE /v2.0/routers/e58f0092-61db-433f-b7ca-991cb76e238c HTTP/1.1" status: 204 len: 168 time: 0.1866591
2026-08-28 05:22:48.792 10 WARNING neutron.scheduler.dhcp_agent_scheduler [None req-b8eb7240-b826-4e37-9d2a-506dc2ebe585 eb764ed209874bc0848a362e575917b6 92f768706dff4d36aeac4a9f6e6a408c - - default default] No more DHCP agents
2026-08-28 05:22:48.794 10 WARNING neutron.api.rpc.agentnotifiers.dhcp_rpc_agent_api [None req-b8eb7240-b826-4e37-9d2a-506dc2ebe585 eb764ed209874bc0848a362e575917b6 92f768706dff4d36aeac4a9f6e6a408c - - default default] Unable to schedule network 66f2af4a-aa51-4790-ab5c-e19d23192e1e: no agents available; will retry on subsequent port and subnet creation events.
2026-08-28 05:22:48.858 9 INFO neutron.db.ovn_revision_numbers_db [None req-1843722f-f30d-4023-910f-622a15253d05 33135f67f1bd4addb9e4c717e0b9cca2 554ac6df97b24ea2b7b467fe9e6819a7 - - default default] Successfully bumped revision number for resource e78fd320-0c57-4a4a-9d64-833935f1ab93 (type: security_groups) to 1
2026-08-28 05:22:48.879 9 INFO neutron.db.ovn_revision_numbers_db [None req-1843722f-f30d-4023-910f-622a15253d05 33135f67f1bd4addb9e4c717e0b9cca2 554ac6df97b24ea2b7b467fe9e6819a7 - - default default] Successfully bumped revision number for resource 14c40132-a8c7-4b3a-a2c1-40243063990e (type: security_group_rules) to 0
2026-08-28 05:22:48.897 9 INFO neutron.db.ovn_revision_numbers_db [None req-1843722f-f30d-4023-910f-622a15253d05 33135f67f1bd4addb9e4c717e0b9cca2 554ac6df97b24ea2b7b467fe9e6819a7 - - default default] Successfully bumped revision number for resource 1d8c5379-df03-41e8-a738-c88e76197c87 (type: security_group_rules) to 0
2026-08-28 05:22:48.926 9 INFO neutron.db.ovn_revision_numbers_db [None req-1843722f-f30d-4023-910f-622a15253d05 33135f67f1bd4addb9e4c717e0b9cca2 554ac6df97b24ea2b7b467fe9e6819a7 - - default default] Successfully bumped revision number for resource b34d5377-4c8e-4bc7-9f04-615c4d1af524 (type: security_group_rules) to 0
2026-08-28 05:22:48.947 9 INFO neutron.db.ovn_revision_numbers_db [None req-1843722f-f30d-4023-910f-622a15253d05 33135f67f1bd4addb9e4c717e0b9cca2 554ac6df97b24ea2b7b467fe9e6819a7 - - default default] Successfully bumped revision number for resource fa2a9e14-02e9-47ea-90fa-b32549751715 (type: security_group_rules) to 0
2026-08-28 05:22:48.979 9 INFO neutron.wsgi [None req-1843722f-f30d-4023-910f-622a15253d05 33135f67f1bd4addb9e4c717e0b9cca2 554ac6df97b24ea2b7b467fe9e6819a7 - - default default] 10.0.0.74 "GET /v2.0/security-groups?tenant_id=97bba86d86f649599cc31f901791e5d5&name=default HTTP/1.1" status: 200 len: 3000 time: 0.3883386
2026-08-28 05:22:49.170 9 INFO neutron.wsgi [None req-188eb948-ae92-43ab-a261-4640cc92b2d0 33135f67f1bd4addb9e4c717e0b9cca2 554ac6df97b24ea2b7b467fe9e6819a7 - - default default] 10.0.0.74 "DELETE /v2.0/security-groups/e78fd320-0c57-4a4a-9d64-833935f1ab93 HTTP/1.1" status: 204 len: 168 time: 0.1873181
2026-08-28 05:22:49.215 10 INFO neutron.db.l3_db [None req-b8eb7240-b826-4e37-9d2a-506dc2ebe585 eb764ed209874bc0848a362e575917b6 92f768706dff4d36aeac4a9f6e6a408c - - default default] Floating IP c61426ff-bb0f-41f7-a867-b50c329a1cbb associated. External IP: 10.96.250.212, port: 77bf03d9-06e8-46bc-8f94-ca53c5e99e98.
2026-08-28 05:22:49.377 9 INFO neutron.db.ovn_revision_numbers_db [None req-bcb583dc-7dbc-4664-badf-7c8f66abc443 33135f67f1bd4addb9e4c717e0b9cca2 554ac6df97b24ea2b7b467fe9e6819a7 - - default default] Successfully bumped revision number for resource 80d90b35-02f0-49d5-a6c0-fb37f294a2ef (type: security_groups) to 1
2026-08-28 05:22:49.401 9 INFO neutron.db.ovn_revision_numbers_db [None req-bcb583dc-7dbc-4664-badf-7c8f66abc443 33135f67f1bd4addb9e4c717e0b9cca2 554ac6df97b24ea2b7b467fe9e6819a7 - - default default] Successfully bumped revision number for resource 583fcf6c-9be3-4382-ab6f-7745125b2033 (type: security_group_rules) to 0
2026-08-28 05:22:49.416 9 INFO neutron.db.ovn_revision_numbers_db [None req-bcb583dc-7dbc-4664-badf-7c8f66abc443 33135f67f1bd4addb9e4c717e0b9cca2 554ac6df97b24ea2b7b467fe9e6819a7 - - default default] Successfully bumped revision number for resource 5f095128-b55f-4117-963b-6e72b290a755 (type: security_group_rules) to 0
2026-08-28 05:22:49.432 9 INFO neutron.db.ovn_revision_numbers_db [None req-bcb583dc-7dbc-4664-badf-7c8f66abc443 33135f67f1bd4addb9e4c717e0b9cca2 554ac6df97b24ea2b7b467fe9e6819a7 - - default default] Successfully bumped revision number for resource beffff09-aa2d-4d8c-b44f-6dc88f6475b7 (type: security_group_rules) to 0
2026-08-28 05:22:49.446 9 INFO neutron.db.ovn_revision_numbers_db [None req-bcb583dc-7dbc-4664-badf-7c8f66abc443 33135f67f1bd4addb9e4c717e0b9cca2 554ac6df97b24ea2b7b467fe9e6819a7 - - default default] Successfully bumped revision number for resource cf0db33c-93ab-4a3b-b45e-9f3e3233dc9e (type: security_group_rules) to 0
2026-08-28 05:22:49.471 9 INFO neutron.wsgi [None req-bcb583dc-7dbc-4664-badf-7c8f66abc443 33135f67f1bd4addb9e4c717e0b9cca2 554ac6df97b24ea2b7b467fe9e6819a7 - - default default] 10.0.0.74 "GET /v2.0/security-groups?tenant_id=01be85452a514f59ba35e7dbe90df28b&name=default HTTP/1.1" status: 200 len: 3000 time: 0.2113621
2026-08-28 05:22:49.672 9 INFO neutron.wsgi [None req-0e6df56a-1449-43a7-b309-dde6ef28db5e 33135f67f1bd4addb9e4c717e0b9cca2 554ac6df97b24ea2b7b467fe9e6819a7 - - default default] 10.0.0.74 "DELETE /v2.0/security-groups/80d90b35-02f0-49d5-a6c0-fb37f294a2ef HTTP/1.1" status: 204 len: 168 time: 0.1948910
2026-08-28 05:22:49.696 10 INFO neutron.db.ovn_revision_numbers_db [None req-b8eb7240-b826-4e37-9d2a-506dc2ebe585 eb764ed209874bc0848a362e575917b6 92f768706dff4d36aeac4a9f6e6a408c - - default default] Successfully bumped revision number for resource c61426ff-bb0f-41f7-a867-b50c329a1cbb (type: floatingips) to 0
2026-08-28 05:22:49.875 10 INFO neutron.db.ovn_revision_numbers_db [None req-b8eb7240-b826-4e37-9d2a-506dc2ebe585 eb764ed209874bc0848a362e575917b6 92f768706dff4d36aeac4a9f6e6a408c - - default default] Successfully bumped revision number for resource c61426ff-bb0f-41f7-a867-b50c329a1cbb (type: floatingips) to 1
2026-08-28 05:22:49.942 10 INFO neutron.wsgi [None req-b8eb7240-b826-4e37-9d2a-506dc2ebe585 eb764ed209874bc0848a362e575917b6 92f768706dff4d36aeac4a9f6e6a408c - - default default] 10.0.0.74 "POST /v2.0/floatingips HTTP/1.1" status: 201 len: 1097 time: 1.4221051
2026-08-28 05:22:53.253 10 INFO neutron.db.ovn_revision_numbers_db [None req-44d8a19a-f7c9-45ae-beee-b39bac4a9bb4 - - - - - -] Successfully bumped revision number for resource 77bf03d9-06e8-46bc-8f94-ca53c5e99e98 (type: ports) to 4
2026-08-28 05:22:53.491 9 INFO neutron.db.ovn_revision_numbers_db [None req-6b90577b-d26a-4b9f-97a5-eba4287b25df d68e8d464c7841dcaabac9a1e6ab7db1 c900a833dd9840acac2979bc89f8800e - - default default] Successfully bumped revision number for resource 155a38b6-0464-4f89-b93e-5f62c6968db1 (type: security_groups) to 1
2026-08-28 05:22:53.517 9 INFO neutron.db.ovn_revision_numbers_db [None req-6b90577b-d26a-4b9f-97a5-eba4287b25df d68e8d464c7841dcaabac9a1e6ab7db1 c900a833dd9840acac2979bc89f8800e - - default default] Successfully bumped revision number for resource 6d9421d6-9e91-4ee4-a097-fddfe8c24613 (type: security_group_rules) to 0
2026-08-28 05:22:53.528 9 INFO neutron.db.ovn_revision_numbers_db [None req-6b90577b-d26a-4b9f-97a5-eba4287b25df d68e8d464c7841dcaabac9a1e6ab7db1 c900a833dd9840acac2979bc89f8800e - - default default] Successfully bumped revision number for resource 731c76fc-3cae-4768-a99c-adac80dd42b9 (type: security_group_rules) to 0
2026-08-28 05:22:53.541 9 INFO neutron.db.ovn_revision_numbers_db [None req-6b90577b-d26a-4b9f-97a5-eba4287b25df d68e8d464c7841dcaabac9a1e6ab7db1 c900a833dd9840acac2979bc89f8800e - - default default] Successfully bumped revision number for resource 8f6f7cef-5c28-4dfa-b93e-104448029f3a (type: security_group_rules) to 0
2026-08-28 05:22:53.562 9 INFO neutron.db.ovn_revision_numbers_db [None req-6b90577b-d26a-4b9f-97a5-eba4287b25df d68e8d464c7841dcaabac9a1e6ab7db1 c900a833dd9840acac2979bc89f8800e - - default default] Successfully bumped revision number for resource fefd798d-b393-48f4-a646-f454ae99ac60 (type: security_group_rules) to 0
2026-08-28 05:22:53.651 9 INFO neutron.db.ovn_revision_numbers_db [None req-6b90577b-d26a-4b9f-97a5-eba4287b25df d68e8d464c7841dcaabac9a1e6ab7db1 c900a833dd9840acac2979bc89f8800e - - default default] Successfully bumped revision number for resource d2400cb3-2e6d-4b74-a7e0-0dbae129daed (type: security_groups) to 1 /var/lib/openstack/lib/python3.10/site-packages/pycadf/identifier.py:71: UserWarning: Invalid uuid: neutron. To ensure interoperability, identifiers should be a valid uuid. warnings.warn(('Invalid uuid: %s. To ensure interoperability, '
2026-08-28 05:22:53.668 10 INFO neutron.wsgi [None req-a3727e2c-ec5e-4d23-af91-be64f86536b9 33135f67f1bd4addb9e4c717e0b9cca2 554ac6df97b24ea2b7b467fe9e6819a7 - - default default] 162.253.55.38 "GET /v2.0/extensions/security-group HTTP/1.1" status: 200 len: 369 time: 0.0639040
2026-08-28 05:22:53.671 9 INFO neutron.db.ovn_revision_numbers_db [None req-6b90577b-d26a-4b9f-97a5-eba4287b25df d68e8d464c7841dcaabac9a1e6ab7db1 c900a833dd9840acac2979bc89f8800e - - default default] Successfully bumped revision number for resource 2df42446-e420-46cc-8424-c566a4afea68 (type: security_group_rules) to 0
2026-08-28 05:22:53.682 10 INFO neutron.wsgi [None req-f72e77fc-4389-4aaf-93f9-3e551973eb0e 33135f67f1bd4addb9e4c717e0b9cca2 554ac6df97b24ea2b7b467fe9e6819a7 - - default default] 162.253.55.38 "GET /v2.0/extensions/dns-integration HTTP/1.1" status: 200 len: 371 time: 0.0070224
2026-08-28 05:22:53.693 9 INFO neutron.db.ovn_revision_numbers_db [None req-6b90577b-d26a-4b9f-97a5-eba4287b25df d68e8d464c7841dcaabac9a1e6ab7db1 c900a833dd9840acac2979bc89f8800e - - default default] Successfully bumped revision number for resource 4f9b6bce-e1d7-4fd5-9cbe-15dd5a724cc7 (type: security_group_rules) to 0
2026-08-28 05:22:53.693 10 INFO neutron.wsgi [None req-9ae9d01e-e998-4478-96df-91e64876f1d7 33135f67f1bd4addb9e4c717e0b9cca2 554ac6df97b24ea2b7b467fe9e6819a7 - - default default] 162.253.55.38 "GET /v2.0/extensions/qos HTTP/1.1" status: 200 len: 365 time: 0.0060108
2026-08-28 05:22:53.705 10 INFO neutron.wsgi [None req-05b3bbe4-9cc6-463f-9aa5-3b9182614b79 33135f67f1bd4addb9e4c717e0b9cca2 554ac6df97b24ea2b7b467fe9e6819a7 - - default default] 162.253.55.38 "GET /v2.0/extensions/allowed-address-pairs HTTP/1.1" status: 200 len: 383 time: 0.0057459
2026-08-28 05:22:53.716 9 INFO neutron.wsgi [None req-6b90577b-d26a-4b9f-97a5-eba4287b25df d68e8d464c7841dcaabac9a1e6ab7db1 c900a833dd9840acac2979bc89f8800e - - default default] 10.0.0.74 "POST /v2.0/security-groups HTTP/1.1" status: 201 len: 1739 time: 0.4322155
2026-08-28 05:22:53.759 9 INFO neutron.wsgi [None req-7c19f64d-d753-4591-b282-339e6966a035 d68e8d464c7841dcaabac9a1e6ab7db1 c900a833dd9840acac2979bc89f8800e - - default default] 10.0.0.74 "PUT /v2.0/security-groups/d2400cb3-2e6d-4b74-a7e0-0dbae129daed/tags HTTP/1.1" status: 200 len: 218 time: 0.0378993
2026-08-28 05:22:53.783 9 INFO neutron.wsgi [None req-a6ec66dd-c007-4e91-9233-ca52787e4ff6 d68e8d464c7841dcaabac9a1e6ab7db1 c900a833dd9840acac2979bc89f8800e - - default default] 10.0.0.74 "GET /v2.0/security-groups/d2400cb3-2e6d-4b74-a7e0-0dbae129daed/tags HTTP/1.1" status: 200 len: 218 time: 0.0197144
2026-08-28 05:22:53.824 9 INFO neutron.wsgi [None req-b79d9063-bf9b-4706-8402-1eef67ae6213 d68e8d464c7841dcaabac9a1e6ab7db1 c900a833dd9840acac2979bc89f8800e - - default default] 10.0.0.74 "PUT /v2.0/security-groups/d2400cb3-2e6d-4b74-a7e0-0dbae129daed/tags/green HTTP/1.1" status: 201 len: 201 time: 0.0375903
2026-08-28 05:22:53.861 9 INFO neutron.wsgi [None req-929b92a9-514b-4d99-a38b-9a7ef7fd813b d68e8d464c7841dcaabac9a1e6ab7db1 c900a833dd9840acac2979bc89f8800e - - default default] 10.0.0.74 "GET /v2.0/security-groups/d2400cb3-2e6d-4b74-a7e0-0dbae129daed/tags HTTP/1.1" status: 200 len: 227 time: 0.0321388
2026-08-28 05:22:53.885 10 INFO neutron.wsgi [None req-63873ae5-e22b-4fbd-808f-968cc22abeb2 33135f67f1bd4addb9e4c717e0b9cca2 554ac6df97b24ea2b7b467fe9e6819a7 - - default default] 162.253.55.38 "GET /v2.0/security-groups?name=lb-aa79e211-9d1e-4362-9444-992668ea84ef HTTP/1.1" status: 200 len: 1775 time: 0.0592966
2026-08-28 05:22:53.892 9 INFO neutron.wsgi [None req-693b8618-dba1-4eb0-9bb4-e2dda06a4126 d68e8d464c7841dcaabac9a1e6ab7db1 c900a833dd9840acac2979bc89f8800e - - default default] 10.0.0.74 "PUT /v2.0/security-groups/d2400cb3-2e6d-4b74-a7e0-0dbae129daed/tags/red HTTP/1.1" status: 201 len: 201 time: 0.0264308
2026-08-28 05:22:53.916 9 INFO neutron.wsgi [None req-d3f4b34a-0513-42e0-8ed7-da5d83d58c43 d68e8d464c7841dcaabac9a1e6ab7db1 c900a833dd9840acac2979bc89f8800e - - default default] 10.0.0.74 "GET /v2.0/security-groups/d2400cb3-2e6d-4b74-a7e0-0dbae129daed/tags HTTP/1.1" status: 200 len: 227 time: 0.0198598
2026-08-28 05:22:53.936 10 INFO neutron.wsgi [None req-63d8cf13-7f4b-44a5-8647-da02016e6323 33135f67f1bd4addb9e4c717e0b9cca2 554ac6df97b24ea2b7b467fe9e6819a7 - - default default] 162.253.55.38 "GET /v2.0/security-group-rules?security_group_id=b692fbca-bea3-4618-a372-d70ba3301fc4 HTTP/1.1" status: 200 len: 1318 time: 0.0459666
2026-08-28 05:22:53.967 10 INFO neutron.wsgi [None req-c5915f32-88f3-45a2-975d-a466d9c41e52 d68e8d464c7841dcaabac9a1e6ab7db1 c900a833dd9840acac2979bc89f8800e - - default default] 10.0.0.74 "PUT /v2.0/security-groups/d2400cb3-2e6d-4b74-a7e0-0dbae129daed/tags/black.or.white HTTP/1.1" status: 201 len: 201 time: 0.0454538
2026-08-28 05:22:53.985 9 INFO neutron.wsgi [None req-933ad06b-2307-4b0e-a3a4-f2ba30a46c4e d68e8d464c7841dcaabac9a1e6ab7db1 c900a833dd9840acac2979bc89f8800e - - default default] 10.0.0.74 "GET /v2.0/security-groups/d2400cb3-2e6d-4b74-a7e0-0dbae129daed/tags HTTP/1.1" status: 200 len: 245 time: 0.0149901
2026-08-28 05:22:54.046 10 INFO neutron.wsgi [None req-6d685c02-894c-489d-b882-479eedf75bb0 d68e8d464c7841dcaabac9a1e6ab7db1 c900a833dd9840acac2979bc89f8800e - - default default] 10.0.0.74 "PUT /v2.0/security-groups/d2400cb3-2e6d-4b74-a7e0-0dbae129daed/tags HTTP/1.1" status: 200 len: 230 time: 0.0562482
2026-08-28 05:22:54.076 9 INFO neutron.wsgi [None req-f6ad63c6-f23b-4c57-a496-518e1fdbae66 d68e8d464c7841dcaabac9a1e6ab7db1 c900a833dd9840acac2979bc89f8800e - - default default] 10.0.0.74 "GET /v2.0/security-groups/d2400cb3-2e6d-4b74-a7e0-0dbae129daed/tags HTTP/1.1" status: 200 len: 230 time: 0.0256495
2026-08-28 05:22:54.096 10 INFO neutron.db.ovn_revision_numbers_db [None req-9a8ca1f6-1179-4858-914c-a0815eb6e995 33135f67f1bd4addb9e4c717e0b9cca2 554ac6df97b24ea2b7b467fe9e6819a7 - - default default] Successfully bumped revision number for resource 1b188238-9640-474c-a893-aa629eaa9972 (type: security_group_rules) to 0
2026-08-28 05:22:54.103 9 INFO neutron.wsgi [None req-6b33ebdb-85f5-4f75-945c-4e90b817161d d68e8d464c7841dcaabac9a1e6ab7db1 c900a833dd9840acac2979bc89f8800e - - default default] 10.0.0.74 "GET /v2.0/security-groups/d2400cb3-2e6d-4b74-a7e0-0dbae129daed/tags/red HTTP/1.1" status: 204 len: 168 time: 0.0242212
2026-08-28 05:22:54.123 10 INFO neutron.wsgi [None req-9a8ca1f6-1179-4858-914c-a0815eb6e995 33135f67f1bd4addb9e4c717e0b9cca2 554ac6df97b24ea2b7b467fe9e6819a7 - - default default] 162.253.55.38 "POST /v2.0/security-group-rules HTTP/1.1" status: 201 len: 769 time: 0.1819859
2026-08-28 05:22:54.127 10 INFO neutron.api.v2.resource [None req-03149822-2243-4b5f-b1f2-11d0a2a79955 d68e8d464c7841dcaabac9a1e6ab7db1 c900a833dd9840acac2979bc89f8800e - - default default] show failed (client error): The resource could not be found.
2026-08-28 05:22:54.128 10 INFO neutron.wsgi [None req-03149822-2243-4b5f-b1f2-11d0a2a79955 d68e8d464c7841dcaabac9a1e6ab7db1 c900a833dd9840acac2979bc89f8800e - - default default] 10.0.0.74 "GET /v2.0/security-groups/d2400cb3-2e6d-4b74-a7e0-0dbae129daed/tags/green HTTP/1.1" status: 404 len: 299 time: 0.0203300
2026-08-28 05:22:54.164 9 INFO neutron.wsgi [None req-655b4910-a505-43cb-a848-497b484173be d68e8d464c7841dcaabac9a1e6ab7db1 c900a833dd9840acac2979bc89f8800e - - default default] 10.0.0.74 "DELETE /v2.0/security-groups/d2400cb3-2e6d-4b74-a7e0-0dbae129daed/tags/red HTTP/1.1" status: 204 len: 168 time: 0.0307570
2026-08-28 05:22:54.185 9 INFO neutron.wsgi [None req-70be792a-27bc-4ac4-9891-4c0922126d0a d68e8d464c7841dcaabac9a1e6ab7db1 c900a833dd9840acac2979bc89f8800e - - default default] 10.0.0.74 "GET /v2.0/security-groups/d2400cb3-2e6d-4b74-a7e0-0dbae129daed/tags HTTP/1.1" status: 200 len: 223 time: 0.0178058
2026-08-28 05:22:54.213 9 INFO neutron.api.v2.resource [None req-dbec1d85-c75e-4951-a145-d4a8326cb8e6 d68e8d464c7841dcaabac9a1e6ab7db1 c900a833dd9840acac2979bc89f8800e - - default default] delete failed (client error): The resource could not be found.
2026-08-28 05:22:54.214 9 INFO neutron.wsgi [None req-dbec1d85-c75e-4951-a145-d4a8326cb8e6 d68e8d464c7841dcaabac9a1e6ab7db1 c900a833dd9840acac2979bc89f8800e - - default default] 10.0.0.74 "DELETE /v2.0/security-groups/d2400cb3-2e6d-4b74-a7e0-0dbae129daed/tags/green HTTP/1.1" status: 404 len: 299 time: 0.0244131
2026-08-28 05:22:54.237 10 INFO neutron.db.ovn_revision_numbers_db [None req-304753e3-1808-44cf-a23c-e60e51e80fa8 33135f67f1bd4addb9e4c717e0b9cca2 554ac6df97b24ea2b7b467fe9e6819a7 - - default default] Successfully bumped revision number for resource 2fcbaf55-0657-4c5e-8cdc-24d8750fc57f (type: security_group_rules) to 0
2026-08-28 05:22:54.254 9 INFO neutron.wsgi [None req-59bb9e0e-294e-44db-9dca-9460c622c4d5 d68e8d464c7841dcaabac9a1e6ab7db1 c900a833dd9840acac2979bc89f8800e - - default default] 10.0.0.74 "DELETE /v2.0/security-groups/d2400cb3-2e6d-4b74-a7e0-0dbae129daed/tags HTTP/1.1" status: 204 len: 168 time: 0.0356715
2026-08-28 05:22:54.258 10 INFO neutron.wsgi [None req-304753e3-1808-44cf-a23c-e60e51e80fa8 33135f67f1bd4addb9e4c717e0b9cca2 554ac6df97b24ea2b7b467fe9e6819a7 - - default default] 162.253.55.38 "POST /v2.0/security-group-rules HTTP/1.1" status: 201 len: 773 time: 0.1292911
2026-08-28 05:22:54.280 9 INFO neutron.wsgi [None req-3c041903-01d0-45c0-a0dd-575cdd6f3d1b d68e8d464c7841dcaabac9a1e6ab7db1 c900a833dd9840acac2979bc89f8800e - - default default] 10.0.0.74 "GET /v2.0/security-groups/d2400cb3-2e6d-4b74-a7e0-0dbae129daed/tags HTTP/1.1" status: 200 len: 205 time: 0.0214100
2026-08-28 05:22:54.374 9 INFO neutron.wsgi [None req-0d6f24b5-43c9-4edc-ad53-a92756d9813c d68e8d464c7841dcaabac9a1e6ab7db1 c900a833dd9840acac2979bc89f8800e - - default default] 10.0.0.74 "DELETE /v2.0/security-groups/d2400cb3-2e6d-4b74-a7e0-0dbae129daed HTTP/1.1" status: 204 len: 168 time: 0.0874195
2026-08-28 05:22:55.300 9 INFO neutron.db.ovn_revision_numbers_db [None req-f4925454-4f7d-4c0f-bb8e-824b89235fd7 33135f67f1bd4addb9e4c717e0b9cca2 554ac6df97b24ea2b7b467fe9e6819a7 - - default default] Successfully bumped revision number for resource 0d6be642-f054-4c6c-b68f-663cec1045fb (type: security_groups) to 1
2026-08-28 05:22:55.316 9 INFO neutron.db.ovn_revision_numbers_db [None req-f4925454-4f7d-4c0f-bb8e-824b89235fd7 33135f67f1bd4addb9e4c717e0b9cca2 554ac6df97b24ea2b7b467fe9e6819a7 - - default default] Successfully bumped revision number for resource 00167996-6326-4274-80de-47070e7ea9f1 (type: security_group_rules) to 0
2026-08-28 05:22:55.331 9 INFO neutron.db.ovn_revision_numbers_db [None req-f4925454-4f7d-4c0f-bb8e-824b89235fd7 33135f67f1bd4addb9e4c717e0b9cca2 554ac6df97b24ea2b7b467fe9e6819a7 - - default default] Successfully bumped revision number for resource 1fe5301c-6864-4e36-a7a2-8e242ac49455 (type: security_group_rules) to 0
2026-08-28 05:22:55.346 9 INFO neutron.db.ovn_revision_numbers_db [None req-f4925454-4f7d-4c0f-bb8e-824b89235fd7 33135f67f1bd4addb9e4c717e0b9cca2 554ac6df97b24ea2b7b467fe9e6819a7 - - default default] Successfully bumped revision number for resource 2a799640-5fd1-434a-a61f-62195e568884 (type: security_group_rules) to 0
2026-08-28 05:22:55.360 9 INFO neutron.db.ovn_revision_numbers_db [None req-f4925454-4f7d-4c0f-bb8e-824b89235fd7 33135f67f1bd4addb9e4c717e0b9cca2 554ac6df97b24ea2b7b467fe9e6819a7 - - default default] Successfully bumped revision number for resource 4e40343b-5d99-4023-96dc-0f0ebd3bfa6e (type: security_group_rules) to 0
2026-08-28 05:22:55.378 9 INFO neutron.wsgi [None req-f4925454-4f7d-4c0f-bb8e-824b89235fd7 33135f67f1bd4addb9e4c717e0b9cca2 554ac6df97b24ea2b7b467fe9e6819a7 - - default default] 10.0.0.74 "GET /v2.0/security-groups?tenant_id=ee463559d8bf482db4b2a9edb3e57fc3&name=default HTTP/1.1" status: 200 len: 3000 time: 0.3512762
2026-08-28 05:22:55.548 9 INFO neutron.wsgi [None req-1c021f50-1f87-4f4a-8897-eb2c1ddac384 33135f67f1bd4addb9e4c717e0b9cca2 554ac6df97b24ea2b7b467fe9e6819a7 - - default default] 10.0.0.74 "DELETE /v2.0/security-groups/0d6be642-f054-4c6c-b68f-663cec1045fb HTTP/1.1" status: 204 len: 168 time: 0.1648755
2026-08-28 05:22:55.587 9 INFO neutron.wsgi [-] 10.0.0.205 "GET / HTTP/1.1" status: 200 len: 246 time: 0.0023787
2026-08-28 05:22:55.591 9 INFO neutron.wsgi [-] 10.0.0.205 "GET / HTTP/1.1" status: 200 len: 246 time: 0.0021212
2026-08-28 05:22:55.788 10 INFO neutron.wsgi [None req-77ab0deb-d8e0-47c9-acf1-9d0bc8e8f9bb 33135f67f1bd4addb9e4c717e0b9cca2 554ac6df97b24ea2b7b467fe9e6819a7 - - default default] 10.0.0.74 "GET /v2.0/security-groups?tenant_id=c900a833dd9840acac2979bc89f8800e&name=default HTTP/1.1" status: 200 len: 3000 time: 0.0342858
2026-08-28 05:22:55.976 10 INFO neutron.wsgi [None req-8daab4a8-679f-4762-882e-82eb8dc3cd11 33135f67f1bd4addb9e4c717e0b9cca2 554ac6df97b24ea2b7b467fe9e6819a7 - - default default] 10.0.0.74 "DELETE /v2.0/security-groups/155a38b6-0464-4f89-b93e-5f62c6968db1 HTTP/1.1" status: 204 len: 168 time: 0.1808510
2026-08-28 05:22:58.102 10 INFO neutron.wsgi [req-a55e438e-602c-4cca-91a6-8ee5e3ad291b req-cc9b18f8-d6d8-4987-8de3-d3212838ef4a a45cfbf5301f4b66b2d2979c1357e31a 772c60c6023a4860b2a78696266f39d4 - - 8cefee79c7304dcf9c6f274a61c7b886 8cefee79c7304dcf9c6f274a61c7b886] 162.253.55.38 "GET /v2.0/ports?device_id=aac9ce2c-8100-4c18-a9f0-8c799a620631&fields=binding%3Ahost_id&fields=binding%3Avif_type HTTP/1.1" status: 200 len: 265 time: 0.0368710
2026-08-28 05:22:58.209 10 INFO neutron.wsgi [req-a55e438e-602c-4cca-91a6-8ee5e3ad291b req-692c6ebe-c83d-4bf8-a8a4-7af7a2da30b9 a45cfbf5301f4b66b2d2979c1357e31a 772c60c6023a4860b2a78696266f39d4 - - 8cefee79c7304dcf9c6f274a61c7b886 8cefee79c7304dcf9c6f274a61c7b886] 162.253.55.38 "GET /v2.0/ports?tenant_id=92f768706dff4d36aeac4a9f6e6a408c&device_id=aac9ce2c-8100-4c18-a9f0-8c799a620631 HTTP/1.1" status: 200 len: 1642 time: 0.0444987
2026-08-28 05:22:58.318 10 INFO neutron.wsgi [req-a55e438e-602c-4cca-91a6-8ee5e3ad291b req-b7f80d0b-994d-41ef-893b-1668bc803670 a45cfbf5301f4b66b2d2979c1357e31a 772c60c6023a4860b2a78696266f39d4 - - 8cefee79c7304dcf9c6f274a61c7b886 8cefee79c7304dcf9c6f274a61c7b886] 162.253.55.38 "GET /v2.0/networks?id=9846d87b-56ca-427f-93ce-f474db9e01d8 HTTP/1.1" status: 200 len: 1002 time: 0.0666816
2026-08-28 05:22:58.384 10 INFO neutron.wsgi [req-a55e438e-602c-4cca-91a6-8ee5e3ad291b req-845995dd-7a33-429d-a7d2-e9d4e47f3193 a45cfbf5301f4b66b2d2979c1357e31a 772c60c6023a4860b2a78696266f39d4 - - 8cefee79c7304dcf9c6f274a61c7b886 8cefee79c7304dcf9c6f274a61c7b886] 162.253.55.38 "GET /v2.0/floatingips?fixed_ip_address=10.2.2.206&port_id=432d4273-35cc-4bba-a5b2-ab551000aa36 HTTP/1.1" status: 200 len: 1059 time: 0.0619178
