2026-08-28 05:18:29.254 9 INFO neutron.wsgi [req-efdf797f-633a-46b8-8533-8712953f011f req-f4abf8e2-9c2b-451d-9eff-4236c91a07dd a45cfbf5301f4b66b2d2979c1357e31a 772c60c6023a4860b2a78696266f39d4 - - 8cefee79c7304dcf9c6f274a61c7b886 8cefee79c7304dcf9c6f274a61c7b886] 10.0.0.225 "GET /v2.0/networks/bf061733-7259-4908-978d-05421db87181?fields=provider%3Aphysical_network&fields=provider%3Anetwork_type HTTP/1.1" status: 200 len: 277 time: 0.0532362
2026-08-28 05:18:29.306 10 INFO neutron.db.ovn_revision_numbers_db [None req-467964d9-a6e1-4374-a493-a05881eeeee0 0684f1a33a7e43f99d73fea705ef1a9c 4aca2ecd405a476b89c1767cdacefa94 - - default default] Successfully bumped revision number for resource a67ac7ff-38c8-4547-9bfb-bcf1b9c7204c (type: ports) to 1
2026-08-28 05:18:29.340 10 INFO neutron.wsgi [None req-467964d9-a6e1-4374-a493-a05881eeeee0 0684f1a33a7e43f99d73fea705ef1a9c 4aca2ecd405a476b89c1767cdacefa94 - - default default] 10.0.0.74 "POST /v2.0/networks HTTP/1.1" status: 201 len: 852 time: 0.6270123
2026-08-28 05:18:29.476 10 INFO neutron.wsgi [req-83ac813a-e1cb-4302-95e5-975be7a00126 req-684af2ed-d323-4fe5-8d96-be6e372c6f43 32dd9368bc9a423694536d7261f1fd1e defa31a299fa4358ad3459e97387ffaf - - default default] 10.0.0.225 "GET /v2.0/ports?device_id=db103a39-938e-47ab-8eed-191cb2c632f2 HTTP/1.1" status: 200 len: 210 time: 0.0380638
2026-08-28 05:18:29.485 10 INFO neutron.db.segments_db [None req-e1fba18c-e6fb-4a5a-8cb3-fe2af4999d6b 0684f1a33a7e43f99d73fea705ef1a9c 4aca2ecd405a476b89c1767cdacefa94 - - default default] Added segment 23a3fafc-c264-4cba-8418-e852d7b59efb of type geneve for network 1df20fed-c1b2-48ec-8328-8abf75f237be
2026-08-28 05:18:29.632 10 INFO neutron.db.ovn_revision_numbers_db [None req-e1fba18c-e6fb-4a5a-8cb3-fe2af4999d6b 0684f1a33a7e43f99d73fea705ef1a9c 4aca2ecd405a476b89c1767cdacefa94 - - default default] Successfully bumped revision number for resource 1df20fed-c1b2-48ec-8328-8abf75f237be (type: networks) to 1
2026-08-28 05:18:29.801 10 WARNING neutron.scheduler.dhcp_agent_scheduler [None req-e1fba18c-e6fb-4a5a-8cb3-fe2af4999d6b 0684f1a33a7e43f99d73fea705ef1a9c 4aca2ecd405a476b89c1767cdacefa94 - - default default] No more DHCP agents
2026-08-28 05:18:29.803 10 WARNING neutron.api.rpc.agentnotifiers.dhcp_rpc_agent_api [None req-e1fba18c-e6fb-4a5a-8cb3-fe2af4999d6b 0684f1a33a7e43f99d73fea705ef1a9c 4aca2ecd405a476b89c1767cdacefa94 - - default default] Unable to schedule network 1df20fed-c1b2-48ec-8328-8abf75f237be: no agents available; will retry on subsequent port and subnet creation events.
2026-08-28 05:18:29.894 10 INFO neutron.db.ovn_revision_numbers_db [None req-e1fba18c-e6fb-4a5a-8cb3-fe2af4999d6b 0684f1a33a7e43f99d73fea705ef1a9c 4aca2ecd405a476b89c1767cdacefa94 - - default default] Successfully bumped revision number for resource 299d9e81-20f8-482e-8a80-54b19ce5edab (type: ports) to 1
2026-08-28 05:18:29.922 10 INFO neutron.wsgi [None req-e1fba18c-e6fb-4a5a-8cb3-fe2af4999d6b 0684f1a33a7e43f99d73fea705ef1a9c 4aca2ecd405a476b89c1767cdacefa94 - - default default] 10.0.0.74 "POST /v2.0/networks HTTP/1.1" status: 201 len: 853 time: 0.5742140
2026-08-28 05:18:30.251 9 INFO neutron.wsgi [req-efdf797f-633a-46b8-8533-8712953f011f req-d5d946c2-4fc2-455b-a8a8-0496e1af2efa 32dd9368bc9a423694536d7261f1fd1e defa31a299fa4358ad3459e97387ffaf - - default default] 162.253.55.38 "GET /v2.0/networks?id=bf061733-7259-4908-978d-05421db87181 HTTP/1.1" status: 200 len: 882 time: 0.1055572
2026-08-28 05:18:30.299 9 INFO neutron.wsgi [req-efdf797f-633a-46b8-8533-8712953f011f req-3b90e73d-b9b6-4c45-b6d4-eb0d790335de 32dd9368bc9a423694536d7261f1fd1e defa31a299fa4358ad3459e97387ffaf - - default default] 162.253.55.38 "GET /v2.0/security-groups?fields=id&fields=name&tenant_id=defa31a299fa4358ad3459e97387ffaf HTTP/1.1" status: 200 len: 380 time: 0.0424006
2026-08-28 05:18:30.763 9 INFO neutron.wsgi [req-4c5dbc79-7475-47e4-9d4b-f069bda09a4d req-98a46a7d-3e02-4a0f-89c7-276120804d8c 32dd9368bc9a423694536d7261f1fd1e defa31a299fa4358ad3459e97387ffaf - - default default] 10.0.0.225 "GET /v2.0/ports?device_id=db103a39-938e-47ab-8eed-191cb2c632f2 HTTP/1.1" status: 200 len: 210 time: 0.0288153
2026-08-28 05:18:30.854 10 INFO neutron.db.ovn_revision_numbers_db [None req-1893661f-ed9e-4953-bf67-725cf8e1617f 33135f67f1bd4addb9e4c717e0b9cca2 554ac6df97b24ea2b7b467fe9e6819a7 - - default default] Successfully bumped revision number for resource 157b9859-2312-4f1f-90e1-df401932379e (type: security_groups) to 1
2026-08-28 05:18:30.869 10 INFO neutron.db.ovn_revision_numbers_db [None req-1893661f-ed9e-4953-bf67-725cf8e1617f 33135f67f1bd4addb9e4c717e0b9cca2 554ac6df97b24ea2b7b467fe9e6819a7 - - default default] Successfully bumped revision number for resource 5692ffc5-0154-47e3-9108-471600bcc5ba (type: security_group_rules) to 0
2026-08-28 05:18:30.884 10 INFO neutron.db.ovn_revision_numbers_db [None req-1893661f-ed9e-4953-bf67-725cf8e1617f 33135f67f1bd4addb9e4c717e0b9cca2 554ac6df97b24ea2b7b467fe9e6819a7 - - default default] Successfully bumped revision number for resource 63dda62f-282e-4113-8f56-fe59e40d40a4 (type: security_group_rules) to 0
2026-08-28 05:18:30.899 10 INFO neutron.db.ovn_revision_numbers_db [None req-1893661f-ed9e-4953-bf67-725cf8e1617f 33135f67f1bd4addb9e4c717e0b9cca2 554ac6df97b24ea2b7b467fe9e6819a7 - - default default] Successfully bumped revision number for resource a4eb9ea7-b07e-4d1b-9395-f3f0ea40173a (type: security_group_rules) to 0
2026-08-28 05:18:30.919 10 INFO neutron.db.ovn_revision_numbers_db [None req-1893661f-ed9e-4953-bf67-725cf8e1617f 33135f67f1bd4addb9e4c717e0b9cca2 554ac6df97b24ea2b7b467fe9e6819a7 - - default default] Successfully bumped revision number for resource b7cb6f63-522c-4cf2-b1d6-8d4e8b075645 (type: security_group_rules) to 0
2026-08-28 05:18:30.964 10 INFO neutron.db.segments_db [None req-1893661f-ed9e-4953-bf67-725cf8e1617f 33135f67f1bd4addb9e4c717e0b9cca2 554ac6df97b24ea2b7b467fe9e6819a7 - - default default] Added segment 62fc9642-db5d-43ed-85e4-272df5fae802 of type geneve for network 3bc87dad-9e40-4aaa-84da-80175fe229fd
2026-08-28 05:18:31.068 9 WARNING neutron.scheduler.dhcp_agent_scheduler [req-efdf797f-633a-46b8-8533-8712953f011f req-830ffbac-ad09-499f-b2df-c72472e485ca 32dd9368bc9a423694536d7261f1fd1e defa31a299fa4358ad3459e97387ffaf - - default default] No more DHCP agents
2026-08-28 05:18:31.075 9 WARNING neutron.api.rpc.agentnotifiers.dhcp_rpc_agent_api [req-efdf797f-633a-46b8-8533-8712953f011f req-830ffbac-ad09-499f-b2df-c72472e485ca 32dd9368bc9a423694536d7261f1fd1e defa31a299fa4358ad3459e97387ffaf - - default default] Unable to schedule network bf061733-7259-4908-978d-05421db87181: no agents available; will retry on subsequent port and subnet creation events.
2026-08-28 05:18:31.096 10 INFO neutron.db.ovn_revision_numbers_db [None req-1893661f-ed9e-4953-bf67-725cf8e1617f 33135f67f1bd4addb9e4c717e0b9cca2 554ac6df97b24ea2b7b467fe9e6819a7 - - default default] Successfully bumped revision number for resource 3bc87dad-9e40-4aaa-84da-80175fe229fd (type: networks) to 1
2026-08-28 05:18:31.209 10 INFO neutron.wsgi [req-d2c3e4c9-73ea-4791-8a79-069906836f73 req-cd2be3cc-c96a-4fef-b1ad-441c2b4bec43 4475c1d1855545b5836941acc0f09f81 c3a50bd4336a430baa1abd7d8faf627a - - default default] 10.0.0.225 "GET /v2.0/security-groups?name=tempest-securitygroup--70267337&fields=id&tenant_id=c3a50bd4336a430baa1abd7d8faf627a HTTP/1.1" status: 200 len: 267 time: 0.0456593
2026-08-28 05:18:31.262 10 WARNING neutron.scheduler.dhcp_agent_scheduler [None req-1893661f-ed9e-4953-bf67-725cf8e1617f 33135f67f1bd4addb9e4c717e0b9cca2 554ac6df97b24ea2b7b467fe9e6819a7 - - default default] No more DHCP agents
2026-08-28 05:18:31.264 10 WARNING neutron.api.rpc.agentnotifiers.dhcp_rpc_agent_api [None req-1893661f-ed9e-4953-bf67-725cf8e1617f 33135f67f1bd4addb9e4c717e0b9cca2 554ac6df97b24ea2b7b467fe9e6819a7 - - default default] Unable to schedule network 3bc87dad-9e40-4aaa-84da-80175fe229fd: no agents available; will retry on subsequent port and subnet creation events.
2026-08-28 05:18:31.274 9 WARNING neutron.scheduler.dhcp_agent_scheduler [None req-122b1afd-c7fa-48ce-bff9-b097e9df080f 0684f1a33a7e43f99d73fea705ef1a9c 4aca2ecd405a476b89c1767cdacefa94 - - default default] No more DHCP agents
2026-08-28 05:18:31.279 9 WARNING neutron.api.rpc.agentnotifiers.dhcp_rpc_agent_api [None req-122b1afd-c7fa-48ce-bff9-b097e9df080f 0684f1a33a7e43f99d73fea705ef1a9c 4aca2ecd405a476b89c1767cdacefa94 - - default default] Unable to schedule network abbb57c1-fb40-4a71-b9fe-7b753763b3be: no agents available; will retry on subsequent port and subnet creation events.
2026-08-28 05:18:31.287 9 INFO neutron.db.ovn_revision_numbers_db [req-efdf797f-633a-46b8-8533-8712953f011f req-830ffbac-ad09-499f-b2df-c72472e485ca 32dd9368bc9a423694536d7261f1fd1e defa31a299fa4358ad3459e97387ffaf - - default default] Successfully bumped revision number for resource 408ff944-942d-4dd9-a745-8b4de176aa84 (type: ports) to 1
2026-08-28 05:18:31.312 9 INFO neutron.wsgi [req-efdf797f-633a-46b8-8533-8712953f011f req-830ffbac-ad09-499f-b2df-c72472e485ca 32dd9368bc9a423694536d7261f1fd1e defa31a299fa4358ad3459e97387ffaf - - default default] 162.253.55.38 "POST /v2.0/ports HTTP/1.1" status: 201 len: 1158 time: 0.9946229
2026-08-28 05:18:31.313 9 INFO neutron.db.ovn_revision_numbers_db [None req-122b1afd-c7fa-48ce-bff9-b097e9df080f 0684f1a33a7e43f99d73fea705ef1a9c 4aca2ecd405a476b89c1767cdacefa94 - - default default] Successfully bumped revision number for resource 37ca8b39-1504-4e4a-bcc0-5d8ea6a7934e (type: subnets) to 0
2026-08-28 05:18:31.316 10 INFO neutron.wsgi [req-d2c3e4c9-73ea-4791-8a79-069906836f73 req-a198a131-910b-4089-a27e-e6a110e0327a 4475c1d1855545b5836941acc0f09f81 c3a50bd4336a430baa1abd7d8faf627a - - default default] 10.0.0.225 "GET /v2.0/networks?id=b6cf9724-e01a-492b-a6ef-7faf661cdfd7 HTTP/1.1" status: 200 len: 879 time: 0.1013122 /var/lib/openstack/lib/python3.10/site-packages/pycadf/identifier.py:71: UserWarning: Invalid uuid: neutron. To ensure interoperability, identifiers should be a valid uuid. warnings.warn(('Invalid uuid: %s. To ensure interoperability, '
2026-08-28 05:18:31.345 10 INFO neutron.wsgi [req-d2c3e4c9-73ea-4791-8a79-069906836f73 req-698032b5-f3c2-428e-a47d-5850d2d6dee4 4475c1d1855545b5836941acc0f09f81 c3a50bd4336a430baa1abd7d8faf627a - - default default] 10.0.0.225 "GET /v2.0/quotas/c3a50bd4336a430baa1abd7d8faf627a HTTP/1.1" status: 200 len: 386 time: 0.0236616
2026-08-28 05:18:31.350 9 WARNING neutron.scheduler.dhcp_agent_scheduler [None req-122b1afd-c7fa-48ce-bff9-b097e9df080f 0684f1a33a7e43f99d73fea705ef1a9c 4aca2ecd405a476b89c1767cdacefa94 - - default default] No more DHCP agents
2026-08-28 05:18:31.354 9 WARNING neutron.api.rpc.agentnotifiers.dhcp_rpc_agent_api [None req-122b1afd-c7fa-48ce-bff9-b097e9df080f 0684f1a33a7e43f99d73fea705ef1a9c 4aca2ecd405a476b89c1767cdacefa94 - - default default] Unable to schedule network 1df20fed-c1b2-48ec-8328-8abf75f237be: no agents available; will retry on subsequent port and subnet creation events.
2026-08-28 05:18:31.395 9 INFO neutron.db.ovn_revision_numbers_db [None req-122b1afd-c7fa-48ce-bff9-b097e9df080f 0684f1a33a7e43f99d73fea705ef1a9c 4aca2ecd405a476b89c1767cdacefa94 - - default default] Successfully bumped revision number for resource b0808164-d492-4248-8173-0b184e50e330 (type: subnets) to 0
2026-08-28 05:18:31.409 10 INFO neutron.db.ovn_revision_numbers_db [None req-1893661f-ed9e-4953-bf67-725cf8e1617f 33135f67f1bd4addb9e4c717e0b9cca2 554ac6df97b24ea2b7b467fe9e6819a7 - - default default] Successfully bumped revision number for resource a0ec11b3-0686-4c16-a8fd-f7f696d56ab6 (type: ports) to 1
2026-08-28 05:18:31.414 9 INFO neutron.wsgi [None req-122b1afd-c7fa-48ce-bff9-b097e9df080f 0684f1a33a7e43f99d73fea705ef1a9c 4aca2ecd405a476b89c1767cdacefa94 - - default default] 10.0.0.74 "POST /v2.0/subnets HTTP/1.1" status: 201 len: 1476 time: 1.0535398
2026-08-28 05:18:31.451 10 INFO neutron.wsgi [None req-1893661f-ed9e-4953-bf67-725cf8e1617f 33135f67f1bd4addb9e4c717e0b9cca2 554ac6df97b24ea2b7b467fe9e6819a7 - - default default] 10.0.0.74 "POST /v2.0/networks HTTP/1.1" status: 201 len: 945 time: 1.0125523
2026-08-28 05:18:31.482 9 INFO neutron.wsgi [None req-8320be3e-2689-4792-b277-7a29efc64b13 0684f1a33a7e43f99d73fea705ef1a9c 4aca2ecd405a476b89c1767cdacefa94 - - default default] 10.0.0.74 "GET /v2.0/subnets HTTP/1.1" status: 200 len: 2084 time: 0.0618258
2026-08-28 05:18:31.491 10 INFO neutron.wsgi [req-d2c3e4c9-73ea-4791-8a79-069906836f73 req-291e7e36-c89d-40f1-a3af-97973018876a 4475c1d1855545b5836941acc0f09f81 c3a50bd4336a430baa1abd7d8faf627a - - default default] 10.0.0.225 "GET /v2.0/ports?tenant_id=c3a50bd4336a430baa1abd7d8faf627a&fields=id HTTP/1.1" status: 200 len: 302 time: 0.1355052
2026-08-28 05:18:31.641 10 WARNING neutron.scheduler.dhcp_agent_scheduler [None req-4c2d2a65-7f53-4582-b910-098f44343330 33135f67f1bd4addb9e4c717e0b9cca2 554ac6df97b24ea2b7b467fe9e6819a7 - - default default] No more DHCP agents
2026-08-28 05:18:31.643 10 WARNING neutron.api.rpc.agentnotifiers.dhcp_rpc_agent_api [None req-4c2d2a65-7f53-4582-b910-098f44343330 33135f67f1bd4addb9e4c717e0b9cca2 554ac6df97b24ea2b7b467fe9e6819a7 - - default default] Unable to schedule network 3bc87dad-9e40-4aaa-84da-80175fe229fd: no agents available; will retry on subsequent port and subnet creation events.
2026-08-28 05:18:31.685 10 INFO neutron.wsgi [None req-3c0fc1b2-8ee1-4383-a47b-30755cf732ee 0684f1a33a7e43f99d73fea705ef1a9c 4aca2ecd405a476b89c1767cdacefa94 - - default default] 10.0.0.74 "DELETE /v2.0/subnets/37ca8b39-1504-4e4a-bcc0-5d8ea6a7934e HTTP/1.1" status: 204 len: 168 time: 0.1870773
2026-08-28 05:18:31.713 9 INFO neutron.db.ovn_revision_numbers_db [req-efdf797f-633a-46b8-8533-8712953f011f req-97c25ff2-219b-48cb-92f4-503b8e3c2806 a45cfbf5301f4b66b2d2979c1357e31a 772c60c6023a4860b2a78696266f39d4 - - 8cefee79c7304dcf9c6f274a61c7b886 8cefee79c7304dcf9c6f274a61c7b886] Successfully bumped revision number for resource 408ff944-942d-4dd9-a745-8b4de176aa84 (type: ports) to 2 /var/lib/openstack/lib/python3.10/site-packages/pycadf/identifier.py:71: UserWarning: Invalid uuid: neutron. To ensure interoperability, identifiers should be a valid uuid. warnings.warn(('Invalid uuid: %s. To ensure interoperability, '
2026-08-28 05:18:31.899 9 INFO neutron.wsgi [req-ab737074-dca4-40cb-9580-c198c4e3e518 req-9ee1dd53-af5f-402d-adf8-d640685d8a7d 32dd9368bc9a423694536d7261f1fd1e defa31a299fa4358ad3459e97387ffaf - - default default] 10.0.0.225 "GET /v2.0/ports?device_id=db103a39-938e-47ab-8eed-191cb2c632f2 HTTP/1.1" status: 200 len: 1168 time: 0.0522738
2026-08-28 05:18:31.937 10 INFO neutron.wsgi [req-d2c3e4c9-73ea-4791-8a79-069906836f73 req-02612149-41ee-4eb0-8c8e-f7e87ffe9526 a45cfbf5301f4b66b2d2979c1357e31a 772c60c6023a4860b2a78696266f39d4 - - 8cefee79c7304dcf9c6f274a61c7b886 8cefee79c7304dcf9c6f274a61c7b886] 10.0.0.225 "GET /v2.0/extensions HTTP/1.1" status: 200 len: 16525 time: 0.0809259
2026-08-28 05:18:31.948 9 INFO neutron.db.ovn_revision_numbers_db [req-efdf797f-633a-46b8-8533-8712953f011f req-97c25ff2-219b-48cb-92f4-503b8e3c2806 a45cfbf5301f4b66b2d2979c1357e31a 772c60c6023a4860b2a78696266f39d4 - - 8cefee79c7304dcf9c6f274a61c7b886 8cefee79c7304dcf9c6f274a61c7b886] Successfully bumped revision number for resource 408ff944-942d-4dd9-a745-8b4de176aa84 (type: ports) to 2
2026-08-28 05:18:31.958 9 INFO neutron.wsgi [req-ab737074-dca4-40cb-9580-c198c4e3e518 req-c8db72fb-0d31-4cde-8c3d-9ae2a8dc3d5e 32dd9368bc9a423694536d7261f1fd1e defa31a299fa4358ad3459e97387ffaf - - default default] 10.0.0.225 "GET /v2.0/security-groups?id=d43b5738-7576-4be3-b780-b0f011c7d85d&fields=id&fields=name HTTP/1.1" status: 200 len: 313 time: 0.0548327
2026-08-28 05:18:31.969 9 INFO neutron.wsgi [req-efdf797f-633a-46b8-8533-8712953f011f req-97c25ff2-219b-48cb-92f4-503b8e3c2806 a45cfbf5301f4b66b2d2979c1357e31a 772c60c6023a4860b2a78696266f39d4 - - 8cefee79c7304dcf9c6f274a61c7b886 8cefee79c7304dcf9c6f274a61c7b886] 162.253.55.38 "PUT /v2.0/ports/408ff944-942d-4dd9-a745-8b4de176aa84 HTTP/1.1" status: 200 len: 1376 time: 0.6468675
2026-08-28 05:18:32.004 9 INFO neutron.notifiers.nova [-] Nova event matching ['req-3bae8fc1-ade4-43c7-a7d5-18852ccbccf7'] response: {'name': 'network-changed', 'server_uuid': 'db103a39-938e-47ab-8eed-191cb2c632f2', 'tag': '408ff944-942d-4dd9-a745-8b4de176aa84', 'status': 'completed', 'code': 200}
2026-08-28 05:18:32.030 10 INFO neutron.wsgi [None req-462f1e3d-dcea-4eac-9bac-357f5e6d1e11 0684f1a33a7e43f99d73fea705ef1a9c 4aca2ecd405a476b89c1767cdacefa94 - - default default] 10.0.0.74 "DELETE /v2.0/subnets/b0808164-d492-4248-8173-0b184e50e330 HTTP/1.1" status: 204 len: 168 time: 0.3347535
2026-08-28 05:18:32.034 9 INFO neutron.wsgi [req-efdf797f-633a-46b8-8533-8712953f011f req-4b3b1fa5-d1c1-4891-9382-4610ffdeeb6c a45cfbf5301f4b66b2d2979c1357e31a 772c60c6023a4860b2a78696266f39d4 - - 8cefee79c7304dcf9c6f274a61c7b886 8cefee79c7304dcf9c6f274a61c7b886] 162.253.55.38 "GET /v2.0/ports?tenant_id=defa31a299fa4358ad3459e97387ffaf&device_id=db103a39-938e-47ab-8eed-191cb2c632f2 HTTP/1.1" status: 200 len: 1407 time: 0.0375981
2026-08-28 05:18:32.069 9 INFO neutron.wsgi [req-efdf797f-633a-46b8-8533-8712953f011f req-a9b78a9e-a102-4d47-8c28-a3293d739ffb a45cfbf5301f4b66b2d2979c1357e31a 772c60c6023a4860b2a78696266f39d4 - - 8cefee79c7304dcf9c6f274a61c7b886 8cefee79c7304dcf9c6f274a61c7b886] 162.253.55.38 "GET /v2.0/floatingips?fixed_ip_address=10.100.0.3&port_id=408ff944-942d-4dd9-a745-8b4de176aa84 HTTP/1.1" status: 200 len: 217 time: 0.0211205
2026-08-28 05:18:32.071 10 INFO neutron.wsgi [req-d2c3e4c9-73ea-4791-8a79-069906836f73 req-d772d615-fd73-4d97-acc2-c01089059b0d a45cfbf5301f4b66b2d2979c1357e31a 772c60c6023a4860b2a78696266f39d4 - - 8cefee79c7304dcf9c6f274a61c7b886 8cefee79c7304dcf9c6f274a61c7b886] 10.0.0.225 "GET /v2.0/networks/b6cf9724-e01a-492b-a6ef-7faf661cdfd7?fields=segments HTTP/1.1" status: 200 len: 212 time: 0.1204567
2026-08-28 05:18:32.097 10 INFO neutron.wsgi [None req-b3813bcf-84ce-45c6-a9c4-dba787b11fbc 0684f1a33a7e43f99d73fea705ef1a9c 4aca2ecd405a476b89c1767cdacefa94 - - default default] 10.0.0.74 "GET /v2.0/subnets HTTP/1.1" status: 200 len: 820 time: 0.0628862
2026-08-28 05:18:32.112 9 INFO neutron.wsgi [req-efdf797f-633a-46b8-8533-8712953f011f req-77404ed0-dc2d-4fcd-a3f4-b6b9401a6941 a45cfbf5301f4b66b2d2979c1357e31a 772c60c6023a4860b2a78696266f39d4 - - 8cefee79c7304dcf9c6f274a61c7b886 8cefee79c7304dcf9c6f274a61c7b886] 162.253.55.38 "GET /v2.0/subnets?id=2a5791da-c1cc-4fa9-8a0f-1f98fdceab82 HTTP/1.1" status: 200 len: 876 time: 0.0320077
2026-08-28 05:18:32.151 9 INFO neutron.wsgi [req-efdf797f-633a-46b8-8533-8712953f011f req-4f7383c1-131f-4a29-8c8c-35c1be6af081 a45cfbf5301f4b66b2d2979c1357e31a 772c60c6023a4860b2a78696266f39d4 - - 8cefee79c7304dcf9c6f274a61c7b886 8cefee79c7304dcf9c6f274a61c7b886] 162.253.55.38 "GET /v2.0/ports?network_id=bf061733-7259-4908-978d-05421db87181&device_owner=network%3Adhcp HTTP/1.1" status: 200 len: 210 time: 0.0328507
2026-08-28 05:18:32.157 10 INFO neutron.wsgi [req-d2c3e4c9-73ea-4791-8a79-069906836f73 req-19d19172-be85-47e6-8cec-be0427aa88b9 a45cfbf5301f4b66b2d2979c1357e31a 772c60c6023a4860b2a78696266f39d4 - - 8cefee79c7304dcf9c6f274a61c7b886 8cefee79c7304dcf9c6f274a61c7b886] 10.0.0.225 "GET /v2.0/networks/b6cf9724-e01a-492b-a6ef-7faf661cdfd7?fields=provider%3Aphysical_network&fields=provider%3Anetwork_type HTTP/1.1" status: 200 len: 277 time: 0.0769784
2026-08-28 05:18:32.211 9 INFO neutron.wsgi [req-efdf797f-633a-46b8-8533-8712953f011f req-4a26b008-5980-4168-8099-70b82f96af3c a45cfbf5301f4b66b2d2979c1357e31a 772c60c6023a4860b2a78696266f39d4 - - 8cefee79c7304dcf9c6f274a61c7b886 8cefee79c7304dcf9c6f274a61c7b886] 162.253.55.38 "GET /v2.0/networks/bf061733-7259-4908-978d-05421db87181?fields=segments HTTP/1.1" status: 200 len: 212 time: 0.0538449
2026-08-28 05:18:32.293 10 INFO neutron.db.ovn_revision_numbers_db [None req-4c2d2a65-7f53-4582-b910-098f44343330 33135f67f1bd4addb9e4c717e0b9cca2 554ac6df97b24ea2b7b467fe9e6819a7 - - default default] Successfully bumped revision number for resource a0ec11b3-0686-4c16-a8fd-f7f696d56ab6 (type: ports) to 2
2026-08-28 05:18:32.296 9 INFO neutron.wsgi [req-efdf797f-633a-46b8-8533-8712953f011f req-127782f8-eac6-4e42-9b93-3024156549d8 a45cfbf5301f4b66b2d2979c1357e31a 772c60c6023a4860b2a78696266f39d4 - - 8cefee79c7304dcf9c6f274a61c7b886 8cefee79c7304dcf9c6f274a61c7b886] 162.253.55.38 "GET /v2.0/networks/bf061733-7259-4908-978d-05421db87181?fields=provider%3Aphysical_network&fields=provider%3Anetwork_type HTTP/1.1" status: 200 len: 277 time: 0.0781105
2026-08-28 05:18:32.330 10 INFO neutron.db.ovn_revision_numbers_db [None req-4c2d2a65-7f53-4582-b910-098f44343330 33135f67f1bd4addb9e4c717e0b9cca2 554ac6df97b24ea2b7b467fe9e6819a7 - - default default] Successfully bumped revision number for resource 71717497-238d-4de8-b9d3-3f3f1076377e (type: subnets) to 0
2026-08-28 05:18:32.350 10 INFO neutron.wsgi [None req-4c2d2a65-7f53-4582-b910-098f44343330 33135f67f1bd4addb9e4c717e0b9cca2 554ac6df97b24ea2b7b467fe9e6819a7 - - default default] 10.0.0.74 "POST /v2.0/subnets HTTP/1.1" status: 201 len: 865 time: 0.8934810
2026-08-28 05:18:32.400 9 INFO neutron.wsgi [req-ac07188d-bd33-48ed-81ae-05438480d4e2 req-829d30af-a387-4bd8-aba1-f60e01e5d2fc a45cfbf5301f4b66b2d2979c1357e31a 772c60c6023a4860b2a78696266f39d4 - - 8cefee79c7304dcf9c6f274a61c7b886 8cefee79c7304dcf9c6f274a61c7b886] 162.253.55.38 "GET /v2.0/ports?tenant_id=defa31a299fa4358ad3459e97387ffaf&device_id=db103a39-938e-47ab-8eed-191cb2c632f2 HTTP/1.1" status: 200 len: 1407 time: 0.0571017
2026-08-28 05:18:32.503 9 INFO neutron.wsgi [req-ac07188d-bd33-48ed-81ae-05438480d4e2 req-18bd933a-903f-493a-85e6-aef35efee706 a45cfbf5301f4b66b2d2979c1357e31a 772c60c6023a4860b2a78696266f39d4 - - 8cefee79c7304dcf9c6f274a61c7b886 8cefee79c7304dcf9c6f274a61c7b886] 162.253.55.38 "GET /v2.0/networks?id=bf061733-7259-4908-978d-05421db87181 HTTP/1.1" status: 200 len: 981 time: 0.0897026
2026-08-28 05:18:32.561 9 INFO neutron.wsgi [req-ac07188d-bd33-48ed-81ae-05438480d4e2 req-553d0d21-d2c7-4b63-92dc-6b4b5ed84515 a45cfbf5301f4b66b2d2979c1357e31a 772c60c6023a4860b2a78696266f39d4 - - 8cefee79c7304dcf9c6f274a61c7b886 8cefee79c7304dcf9c6f274a61c7b886] 162.253.55.38 "GET /v2.0/floatingips?fixed_ip_address=10.100.0.3&port_id=408ff944-942d-4dd9-a745-8b4de176aa84 HTTP/1.1" status: 200 len: 217 time: 0.0503867
2026-08-28 05:18:32.607 9 INFO neutron.services.segments.plugin [-] Segment 23a3fafc-c264-4cba-8418-e852d7b59efb resource provider aggregate not found
2026-08-28 05:18:32.628 9 INFO neutron.services.segments.plugin [-] Segment 23a3fafc-c264-4cba-8418-e852d7b59efb resource provider aggregate not found
2026-08-28 05:18:32.633 9 INFO neutron.wsgi [req-017cce4a-d1c9-4ca8-90a8-014fab04b3b4 req-89fa8049-011d-468d-a17a-6914629bbf83 4475c1d1855545b5836941acc0f09f81 c3a50bd4336a430baa1abd7d8faf627a - - default default] 10.0.0.225 "GET /v2.0/ports?device_id=c4b6d18e-c780-4f81-97b9-6d886250ada7 HTTP/1.1" status: 200 len: 210 time: 0.1014493
2026-08-28 05:18:32.636 9 INFO neutron.services.segments.plugin [-] Segment 23a3fafc-c264-4cba-8418-e852d7b59efb resource provider not found; error: Placement Client Error (4xx): {"errors": [{"status": 404, "title": "Not Found", "detail": "The resource could not be found.\n\n No resource provider with uuid 23a3fafc-c264-4cba-8418-e852d7b59efb found for delete ", "request_id": "req-686cf787-e71d-4a73-8109-f4c3fd7c1140"}]}
2026-08-28 05:18:32.650 9 INFO neutron.services.segments.plugin [-] Segment 23a3fafc-c264-4cba-8418-e852d7b59efb resource provider not found; error: Placement Client Error (4xx): {"errors": [{"status": 404, "title": "Not Found", "detail": "The resource could not be found.\n\n No resource provider with uuid 23a3fafc-c264-4cba-8418-e852d7b59efb found for delete ", "request_id": "req-ed99f12c-1662-4f78-b86b-28f5de60a004"}]}
2026-08-28 05:18:32.663 9 INFO neutron.wsgi [req-ac07188d-bd33-48ed-81ae-05438480d4e2 req-1e7d5d8d-abef-4f25-bded-88954b41828d a45cfbf5301f4b66b2d2979c1357e31a 772c60c6023a4860b2a78696266f39d4 - - 8cefee79c7304dcf9c6f274a61c7b886 8cefee79c7304dcf9c6f274a61c7b886] 162.253.55.38 "GET /v2.0/subnets?id=2a5791da-c1cc-4fa9-8a0f-1f98fdceab82 HTTP/1.1" status: 200 len: 876 time: 0.0763011
2026-08-28 05:18:32.688 9 INFO neutron.wsgi [req-ac07188d-bd33-48ed-81ae-05438480d4e2 req-6d05be57-adcb-4956-ac8a-45435f2c4ac6 a45cfbf5301f4b66b2d2979c1357e31a 772c60c6023a4860b2a78696266f39d4 - - 8cefee79c7304dcf9c6f274a61c7b886 8cefee79c7304dcf9c6f274a61c7b886] 162.253.55.38 "GET /v2.0/ports?network_id=bf061733-7259-4908-978d-05421db87181&device_owner=network%3Adhcp HTTP/1.1" status: 200 len: 210 time: 0.0194380
2026-08-28 05:18:32.694 9 INFO neutron.wsgi [None req-b8ae05c7-3c2a-487e-b978-02260fc58bf0 0684f1a33a7e43f99d73fea705ef1a9c 4aca2ecd405a476b89c1767cdacefa94 - - default default] 10.0.0.74 "DELETE /v2.0/networks/1df20fed-c1b2-48ec-8328-8abf75f237be HTTP/1.1" status: 204 len: 168 time: 0.5908442
2026-08-28 05:18:32.758 9 WARNING neutron.plugins.ml2.drivers.ovn.mech_driver.ovsdb.ovn_client [None req-f1ee25d0-118e-43bc-b489-bd59cbe78a1e - - - - - -] No hosting information found for port 477ed67e-c4bf-4c00-b309-d4cb4da9d163: RuntimeError: No hosting information found for port 477ed67e-c4bf-4c00-b309-d4cb4da9d163
2026-08-28 05:18:32.758 9 INFO neutron.plugins.ml2.drivers.ovn.mech_driver.mech_driver [None req-f1ee25d0-118e-43bc-b489-bd59cbe78a1e - - - - - -] OVN reports status up for port: 408ff944-942d-4dd9-a745-8b4de176aa84
2026-08-28 05:18:32.780 9 INFO neutron.wsgi [req-ac07188d-bd33-48ed-81ae-05438480d4e2 req-bb25d0f1-209a-4925-b01f-bc575490d07b a45cfbf5301f4b66b2d2979c1357e31a 772c60c6023a4860b2a78696266f39d4 - - 8cefee79c7304dcf9c6f274a61c7b886 8cefee79c7304dcf9c6f274a61c7b886] 162.253.55.38 "GET /v2.0/networks/bf061733-7259-4908-978d-05421db87181?fields=segments HTTP/1.1" status: 200 len: 212 time: 0.0853529
2026-08-28 05:18:32.785 9 INFO neutron.plugins.ml2.plugin [None req-f1ee25d0-118e-43bc-b489-bd59cbe78a1e - - - - - -] Attempt 1 to provision port 408ff944-942d-4dd9-a745-8b4de176aa84
2026-08-28 05:18:32.877 9 INFO neutron.wsgi [req-ac07188d-bd33-48ed-81ae-05438480d4e2 req-a2c5f0e5-9be4-44bd-8401-64115deb0ac6 a45cfbf5301f4b66b2d2979c1357e31a 772c60c6023a4860b2a78696266f39d4 - - 8cefee79c7304dcf9c6f274a61c7b886 8cefee79c7304dcf9c6f274a61c7b886] 162.253.55.38 "GET /v2.0/networks/bf061733-7259-4908-978d-05421db87181?fields=provider%3Aphysical_network&fields=provider%3Anetwork_type HTTP/1.1" status: 200 len: 277 time: 0.0797479
2026-08-28 05:18:33.061 10 WARNING neutron.scheduler.dhcp_agent_scheduler [None req-0841c93d-8f80-4679-b02e-7374a44c5e7e 33135f67f1bd4addb9e4c717e0b9cca2 554ac6df97b24ea2b7b467fe9e6819a7 - - default default] No more DHCP agents
2026-08-28 05:18:33.068 10 WARNING neutron.api.rpc.agentnotifiers.dhcp_rpc_agent_api [None req-0841c93d-8f80-4679-b02e-7374a44c5e7e 33135f67f1bd4addb9e4c717e0b9cca2 554ac6df97b24ea2b7b467fe9e6819a7 - - default default] Unable to schedule network 66f2af4a-aa51-4790-ab5c-e19d23192e1e: no agents available; will retry on subsequent port and subnet creation events.
2026-08-28 05:18:33.124 10 INFO neutron.wsgi [req-7533f101-264f-4a29-a592-7fa4a91b2f04 req-2fca768d-dc94-4186-a158-7176f71d0b21 32dd9368bc9a423694536d7261f1fd1e defa31a299fa4358ad3459e97387ffaf - - default default] 10.0.0.225 "GET /v2.0/ports?device_id=db103a39-938e-47ab-8eed-191cb2c632f2 HTTP/1.1" status: 200 len: 1170 time: 0.1022902
2026-08-28 05:18:33.171 10 INFO neutron.wsgi [req-7533f101-264f-4a29-a592-7fa4a91b2f04 req-fc1123c8-e0e6-4195-9af2-ba8676717163 32dd9368bc9a423694536d7261f1fd1e defa31a299fa4358ad3459e97387ffaf - - default default] 10.0.0.225 "GET /v2.0/security-groups?id=d43b5738-7576-4be3-b780-b0f011c7d85d&fields=id&fields=name HTTP/1.1" status: 200 len: 313 time: 0.0405219
2026-08-28 05:18:33.243 10 INFO neutron.db.ovn_revision_numbers_db [None req-0841c93d-8f80-4679-b02e-7374a44c5e7e 33135f67f1bd4addb9e4c717e0b9cca2 554ac6df97b24ea2b7b467fe9e6819a7 - - default default] Successfully bumped revision number for resource 1fb8ac06-7f80-4ddd-ab6b-f14ada44be86 (type: ports) to 1
2026-08-28 05:18:33.333 9 INFO neutron.db.ovn_revision_numbers_db [None req-f1ee25d0-118e-43bc-b489-bd59cbe78a1e - - - - - -] Successfully bumped revision number for resource 408ff944-942d-4dd9-a745-8b4de176aa84 (type: ports) to 4
2026-08-28 05:18:33.385 9 INFO neutron.wsgi [None req-55055a28-ff81-486c-ac33-75589295d10f 0684f1a33a7e43f99d73fea705ef1a9c 4aca2ecd405a476b89c1767cdacefa94 - - default default] 10.0.0.74 "DELETE /v2.0/networks/abbb57c1-fb40-4a71-b9fe-7b753763b3be HTTP/1.1" status: 204 len: 168 time: 0.6802540 /var/lib/openstack/lib/python3.10/site-packages/pycadf/identifier.py:71: UserWarning: Invalid uuid: neutron. To ensure interoperability, identifiers should be a valid uuid. warnings.warn(('Invalid uuid: %s. To ensure interoperability, '
2026-08-28 05:18:33.466 9 INFO neutron.wsgi [req-d2c3e4c9-73ea-4791-8a79-069906836f73 req-4015a9a1-382c-4562-9fbf-90096f5f4869 4475c1d1855545b5836941acc0f09f81 c3a50bd4336a430baa1abd7d8faf627a - - default default] 162.253.55.38 "GET /v2.0/networks?id=b6cf9724-e01a-492b-a6ef-7faf661cdfd7 HTTP/1.1" status: 200 len: 879 time: 0.0548356
2026-08-28 05:18:33.523 9 INFO neutron.wsgi [req-d2c3e4c9-73ea-4791-8a79-069906836f73 req-3531587a-a814-458f-b594-b87ed20296aa 4475c1d1855545b5836941acc0f09f81 c3a50bd4336a430baa1abd7d8faf627a - - default default] 162.253.55.38 "GET /v2.0/security-groups?fields=id&fields=name&tenant_id=c3a50bd4336a430baa1abd7d8faf627a HTTP/1.1" status: 200 len: 378 time: 0.0368361
2026-08-28 05:18:33.759 9 INFO neutron.wsgi [req-2d07bbd9-1c65-4829-9ffd-8ed8c07b975e req-fddc0dfe-fa63-4eea-bf1d-79e1321989b7 4475c1d1855545b5836941acc0f09f81 c3a50bd4336a430baa1abd7d8faf627a - - default default] 10.0.0.225 "GET /v2.0/ports?device_id=c4b6d18e-c780-4f81-97b9-6d886250ada7 HTTP/1.1" status: 200 len: 210 time: 0.0269151
2026-08-28 05:18:33.839 10 INFO neutron.services.segments.plugin [-] Segment 0ca6d83a-5fa3-4c15-a3b9-acfcdb6ed059 resource provider aggregate not found
2026-08-28 05:18:33.852 10 INFO neutron.services.segments.plugin [-] Segment 0ca6d83a-5fa3-4c15-a3b9-acfcdb6ed059 resource provider aggregate not found
2026-08-28 05:18:33.859 10 INFO neutron.services.segments.plugin [-] Segment 0ca6d83a-5fa3-4c15-a3b9-acfcdb6ed059 resource provider not found; error: Placement Client Error (4xx): {"errors": [{"status": 404, "title": "Not Found", "detail": "The resource could not be found.\n\n No resource provider with uuid 0ca6d83a-5fa3-4c15-a3b9-acfcdb6ed059 found for delete ", "request_id": "req-c67cb7d5-4e89-4bfe-9c30-685026beafea"}]}
2026-08-28 05:18:33.872 10 INFO neutron.services.segments.plugin [-] Segment 0ca6d83a-5fa3-4c15-a3b9-acfcdb6ed059 resource provider not found; error: Placement Client Error (4xx): {"errors": [{"status": 404, "title": "Not Found", "detail": "The resource could not be found.\n\n No resource provider with uuid 0ca6d83a-5fa3-4c15-a3b9-acfcdb6ed059 found for delete ", "request_id": "req-92ef2608-53b9-426f-9f30-f30087443f94"}]}
2026-08-28 05:18:33.910 10 INFO neutron.wsgi [None req-9ed7a230-1bcc-4e21-9530-76f1c5344e48 0684f1a33a7e43f99d73fea705ef1a9c 4aca2ecd405a476b89c1767cdacefa94 - - default default] 10.0.0.74 "DELETE /v2.0/networks/adc3c6f6-1c54-4d48-bb92-20c66ee1eb1c HTTP/1.1" status: 204 len: 168 time: 0.5211611
2026-08-28 05:18:33.950 9 INFO neutron.plugins.ml2.drivers.ovn.mech_driver.mech_driver [None req-f1ee25d0-118e-43bc-b489-bd59cbe78a1e - - - - - -] OVN reports status up for port: 1fb8ac06-7f80-4ddd-ab6b-f14ada44be86
2026-08-28 05:18:33.961 9 INFO neutron.plugins.ml2.plugin [None req-f1ee25d0-118e-43bc-b489-bd59cbe78a1e - - - - - -] Attempt 1 to provision port 1fb8ac06-7f80-4ddd-ab6b-f14ada44be86
2026-08-28 05:18:33.977 10 INFO neutron.plugins.ml2.drivers.ovn.mech_driver.ovsdb.ovsdb_monitor [None req-44d8a19a-f7c9-45ae-beee-b39bac4a9bb4 - - - - - -] Router b9a8a957-c148-4e33-94ce-2438f95f6240 is bound to host instance
2026-08-28 05:18:33.982 10 INFO neutron.db.ovn_revision_numbers_db [None req-0841c93d-8f80-4679-b02e-7374a44c5e7e 33135f67f1bd4addb9e4c717e0b9cca2 554ac6df97b24ea2b7b467fe9e6819a7 - - default default] Successfully bumped revision number for resource 1fb8ac06-7f80-4ddd-ab6b-f14ada44be86 (type: router_ports) to 1
2026-08-28 05:18:34.038 9 WARNING neutron.scheduler.dhcp_agent_scheduler [req-d2c3e4c9-73ea-4791-8a79-069906836f73 req-8e402db9-179c-4aa0-b4c2-5dcb3e56b02d 4475c1d1855545b5836941acc0f09f81 c3a50bd4336a430baa1abd7d8faf627a - - default default] No more DHCP agents
2026-08-28 05:18:34.043 9 WARNING neutron.api.rpc.agentnotifiers.dhcp_rpc_agent_api [req-d2c3e4c9-73ea-4791-8a79-069906836f73 req-8e402db9-179c-4aa0-b4c2-5dcb3e56b02d 4475c1d1855545b5836941acc0f09f81 c3a50bd4336a430baa1abd7d8faf627a - - default default] Unable to schedule network b6cf9724-e01a-492b-a6ef-7faf661cdfd7: no agents available; will retry on subsequent port and subnet creation events.
2026-08-28 05:18:34.060 10 INFO neutron.db.ovn_revision_numbers_db [None req-0841c93d-8f80-4679-b02e-7374a44c5e7e 33135f67f1bd4addb9e4c717e0b9cca2 554ac6df97b24ea2b7b467fe9e6819a7 - - default default] Successfully bumped revision number for resource b9a8a957-c148-4e33-94ce-2438f95f6240 (type: routers) to 2
2026-08-28 05:18:34.072 9 INFO neutron.notifiers.nova [-] Nova event matching ['req-013d014d-5e1d-4ffd-842c-57b6c49f343b'] response: {'server_uuid': 'db103a39-938e-47ab-8eed-191cb2c632f2', 'name': 'network-vif-plugged', 'status': 'completed', 'tag': '408ff944-942d-4dd9-a745-8b4de176aa84', 'code': 200}
2026-08-28 05:18:34.073 9 INFO neutron.notifiers.nova [-] Nova event matching ['req-013d014d-5e1d-4ffd-842c-57b6c49f343b'] response: {'server_uuid': 'db103a39-938e-47ab-8eed-191cb2c632f2', 'name': 'network-vif-plugged', 'status': 'completed', 'tag': '408ff944-942d-4dd9-a745-8b4de176aa84', 'code': 200}
2026-08-28 05:18:34.093 10 INFO neutron.wsgi [None req-0841c93d-8f80-4679-b02e-7374a44c5e7e 33135f67f1bd4addb9e4c717e0b9cca2 554ac6df97b24ea2b7b467fe9e6819a7 - - default default] 10.0.0.74 "POST /v2.0/routers HTTP/1.1" status: 201 len: 876 time: 1.7360716 /var/lib/openstack/lib/python3.10/site-packages/pycadf/identifier.py:71: UserWarning: Invalid uuid: neutron. To ensure interoperability, identifiers should be a valid uuid. warnings.warn(('Invalid uuid: %s. To ensure interoperability, '
2026-08-28 05:18:34.375 9 INFO neutron.db.ovn_revision_numbers_db [req-d2c3e4c9-73ea-4791-8a79-069906836f73 req-8e402db9-179c-4aa0-b4c2-5dcb3e56b02d 4475c1d1855545b5836941acc0f09f81 c3a50bd4336a430baa1abd7d8faf627a - - default default] Successfully bumped revision number for resource 404463fe-5a4d-4660-8e87-a35fbedf74aa (type: ports) to 1
2026-08-28 05:18:34.403 9 INFO neutron.wsgi [req-ba8bd3f3-1992-4f98-9e44-e24c42f720c9 req-cf66deb1-5af9-4c86-b1a9-79b7e594230f 32dd9368bc9a423694536d7261f1fd1e defa31a299fa4358ad3459e97387ffaf - - default default] 10.0.0.225 "GET /v2.0/ports?device_id=db103a39-938e-47ab-8eed-191cb2c632f2 HTTP/1.1" status: 200 len: 1170 time: 0.1618054
2026-08-28 05:18:34.411 9 INFO neutron.wsgi [req-d2c3e4c9-73ea-4791-8a79-069906836f73 req-8e402db9-179c-4aa0-b4c2-5dcb3e56b02d 4475c1d1855545b5836941acc0f09f81 c3a50bd4336a430baa1abd7d8faf627a - - default default] 162.253.55.38 "POST /v2.0/ports HTTP/1.1" status: 201 len: 1162 time: 0.8573234
2026-08-28 05:18:34.470 10 INFO neutron.wsgi [None req-1cd1317f-2e55-484b-af24-5f9375184ca4 0684f1a33a7e43f99d73fea705ef1a9c 4aca2ecd405a476b89c1767cdacefa94 - - default default] 10.0.0.74 "DELETE /v2.0/networks/1da0e7c9-8dab-4029-8058-0c959df5f2e4 HTTP/1.1" status: 204 len: 168 time: 0.5523622
2026-08-28 05:18:34.492 9 INFO neutron.wsgi [req-ba8bd3f3-1992-4f98-9e44-e24c42f720c9 req-b51a25fb-bcde-4dc1-a549-668ab8e9bc89 32dd9368bc9a423694536d7261f1fd1e defa31a299fa4358ad3459e97387ffaf - - default default] 10.0.0.225 "GET /v2.0/security-groups?id=d43b5738-7576-4be3-b780-b0f011c7d85d&fields=id&fields=name HTTP/1.1" status: 200 len: 313 time: 0.0852253
2026-08-28 05:18:34.654 10 INFO neutron.db.ovn_revision_numbers_db [None req-44d8a19a-f7c9-45ae-beee-b39bac4a9bb4 - - - - - -] Successfully bumped revision number for resource 1fb8ac06-7f80-4ddd-ab6b-f14ada44be86 (type: ports) to 1
2026-08-28 05:18:34.656 9 INFO neutron.services.segments.plugin [-] Segment 986a7259-0b5e-42b8-9068-d350134de046 resource provider aggregate not found
2026-08-28 05:18:34.684 9 INFO neutron.services.segments.plugin [-] Segment 986a7259-0b5e-42b8-9068-d350134de046 resource provider not found; error: Placement Client Error (4xx): {"errors": [{"status": 404, "title": "Not Found", "detail": "The resource could not be found.\n\n No resource provider with uuid 986a7259-0b5e-42b8-9068-d350134de046 found for delete ", "request_id": "req-b7ea8780-dac6-4313-afda-c32cf53f78d7"}]}
2026-08-28 05:18:34.687 9 INFO neutron.services.segments.plugin [-] Segment 986a7259-0b5e-42b8-9068-d350134de046 resource provider aggregate not found
2026-08-28 05:18:34.713 9 INFO neutron.services.segments.plugin [-] Segment 986a7259-0b5e-42b8-9068-d350134de046 resource provider not found; error: Placement Client Error (4xx): {"errors": [{"status": 404, "title": "Not Found", "detail": "The resource could not be found.\n\n No resource provider with uuid 986a7259-0b5e-42b8-9068-d350134de046 found for delete ", "request_id": "req-8567ba3f-9da4-45a9-81c5-4a6723008bdd"}]}
2026-08-28 05:18:34.860 9 WARNING neutron.scheduler.dhcp_agent_scheduler [None req-4326c1cf-4db0-44c0-94ee-bc7f3736f6c0 33135f67f1bd4addb9e4c717e0b9cca2 554ac6df97b24ea2b7b467fe9e6819a7 - - default default] No more DHCP agents
2026-08-28 05:18:34.870 9 WARNING neutron.api.rpc.agentnotifiers.dhcp_rpc_agent_api [None req-4326c1cf-4db0-44c0-94ee-bc7f3736f6c0 33135f67f1bd4addb9e4c717e0b9cca2 554ac6df97b24ea2b7b467fe9e6819a7 - - default default] Unable to schedule network 3bc87dad-9e40-4aaa-84da-80175fe229fd: no agents available; will retry on subsequent port and subnet creation events.
2026-08-28 05:18:34.927 10 INFO neutron.wsgi [req-805f36b6-65c2-487f-88e2-e186a4a70c75 req-5b8a67f4-c824-46e5-9c33-56f88eff64d0 4475c1d1855545b5836941acc0f09f81 c3a50bd4336a430baa1abd7d8faf627a - - default default] 10.0.0.225 "GET /v2.0/ports?device_id=c4b6d18e-c780-4f81-97b9-6d886250ada7 HTTP/1.1" status: 200 len: 1172 time: 0.0415149
2026-08-28 05:18:34.991 10 INFO neutron.wsgi [req-805f36b6-65c2-487f-88e2-e186a4a70c75 req-af72b4e4-cbd3-42a3-a059-d83fd609fe38 4475c1d1855545b5836941acc0f09f81 c3a50bd4336a430baa1abd7d8faf627a - - default default] 10.0.0.225 "GET /v2.0/security-groups?id=306cda40-295b-4dae-bd36-2f3d0f0e31b0&fields=id&fields=name HTTP/1.1" status: 200 len: 311 time: 0.0585778
2026-08-28 05:18:34.994 9 INFO neutron.db.ovn_revision_numbers_db [req-d2c3e4c9-73ea-4791-8a79-069906836f73 req-93f55b15-5b37-40f4-8967-61ead03cc088 a45cfbf5301f4b66b2d2979c1357e31a 772c60c6023a4860b2a78696266f39d4 - - 8cefee79c7304dcf9c6f274a61c7b886 8cefee79c7304dcf9c6f274a61c7b886] Successfully bumped revision number for resource 404463fe-5a4d-4660-8e87-a35fbedf74aa (type: ports) to 2
2026-08-28 05:18:35.084 9 INFO neutron.db.ovn_revision_numbers_db [None req-4326c1cf-4db0-44c0-94ee-bc7f3736f6c0 33135f67f1bd4addb9e4c717e0b9cca2 554ac6df97b24ea2b7b467fe9e6819a7 - - default default] Successfully bumped revision number for resource c7c8f2d6-480b-4118-9fb5-436acb601095 (type: ports) to 1
2026-08-28 05:18:35.164 10 INFO neutron.db.ovn_revision_numbers_db [None req-44d8a19a-f7c9-45ae-beee-b39bac4a9bb4 - - - - - -] Successfully bumped revision number for resource 1fb8ac06-7f80-4ddd-ab6b-f14ada44be86 (type: router_ports) to 3
2026-08-28 05:18:35.211 10 INFO neutron.wsgi [None req-d9986fbb-eb11-43bf-a874-ec5e5e0be414 33135f67f1bd4addb9e4c717e0b9cca2 554ac6df97b24ea2b7b467fe9e6819a7 - - default default] 10.0.0.74 "GET /v2.0/security-groups?tenant_id=4aca2ecd405a476b89c1767cdacefa94&name=default HTTP/1.1" status: 200 len: 2996 time: 0.1806049
2026-08-28 05:18:35.242 9 INFO neutron.db.ovn_revision_numbers_db [req-d2c3e4c9-73ea-4791-8a79-069906836f73 req-93f55b15-5b37-40f4-8967-61ead03cc088 a45cfbf5301f4b66b2d2979c1357e31a 772c60c6023a4860b2a78696266f39d4 - - 8cefee79c7304dcf9c6f274a61c7b886 8cefee79c7304dcf9c6f274a61c7b886] Successfully bumped revision number for resource 404463fe-5a4d-4660-8e87-a35fbedf74aa (type: ports) to 2
2026-08-28 05:18:35.266 9 INFO neutron.wsgi [req-d2c3e4c9-73ea-4791-8a79-069906836f73 req-93f55b15-5b37-40f4-8967-61ead03cc088 a45cfbf5301f4b66b2d2979c1357e31a 772c60c6023a4860b2a78696266f39d4 - - 8cefee79c7304dcf9c6f274a61c7b886 8cefee79c7304dcf9c6f274a61c7b886] 162.253.55.38 "PUT /v2.0/ports/404463fe-5a4d-4660-8e87-a35fbedf74aa HTTP/1.1" status: 200 len: 1380 time: 0.8475738 /var/lib/openstack/lib/python3.10/site-packages/pycadf/identifier.py:71: UserWarning: Invalid uuid: neutron. To ensure interoperability, identifiers should be a valid uuid. warnings.warn(('Invalid uuid: %s. To ensure interoperability, '
2026-08-28 05:18:35.336 10 INFO neutron.db.ovn_revision_numbers_db [None req-44d8a19a-f7c9-45ae-beee-b39bac4a9bb4 - - - - - -] Successfully bumped revision number for resource 1fb8ac06-7f80-4ddd-ab6b-f14ada44be86 (type: ports) to 2
2026-08-28 05:18:35.345 9 INFO neutron.wsgi [req-d2c3e4c9-73ea-4791-8a79-069906836f73 req-e50f8184-7ddd-4426-8ca5-5a4a44f3a303 a45cfbf5301f4b66b2d2979c1357e31a 772c60c6023a4860b2a78696266f39d4 - - 8cefee79c7304dcf9c6f274a61c7b886 8cefee79c7304dcf9c6f274a61c7b886] 162.253.55.38 "GET /v2.0/ports?tenant_id=c3a50bd4336a430baa1abd7d8faf627a&device_id=c4b6d18e-c780-4f81-97b9-6d886250ada7 HTTP/1.1" status: 200 len: 1411 time: 0.0353854
2026-08-28 05:18:35.381 9 INFO neutron.wsgi [req-d2c3e4c9-73ea-4791-8a79-069906836f73 req-6a114b46-1df3-496b-a6b8-6e9abc3d5000 a45cfbf5301f4b66b2d2979c1357e31a 772c60c6023a4860b2a78696266f39d4 - - 8cefee79c7304dcf9c6f274a61c7b886 8cefee79c7304dcf9c6f274a61c7b886] 162.253.55.38 "GET /v2.0/floatingips?fixed_ip_address=10.100.0.11&port_id=404463fe-5a4d-4660-8e87-a35fbedf74aa HTTP/1.1" status: 200 len: 217 time: 0.0301440
2026-08-28 05:18:35.439 9 INFO neutron.wsgi [req-d2c3e4c9-73ea-4791-8a79-069906836f73 req-83f0f34f-fc89-424f-b6da-7b581fbd5b7e a45cfbf5301f4b66b2d2979c1357e31a 772c60c6023a4860b2a78696266f39d4 - - 8cefee79c7304dcf9c6f274a61c7b886 8cefee79c7304dcf9c6f274a61c7b886] 162.253.55.38 "GET /v2.0/subnets?id=d5aba7af-0223-4dba-8e6f-8fcd37538eff HTTP/1.1" status: 200 len: 873 time: 0.0511394
2026-08-28 05:18:35.475 9 INFO neutron.wsgi [req-d2c3e4c9-73ea-4791-8a79-069906836f73 req-602db65f-bebd-4d01-b33b-01ad84b68253 a45cfbf5301f4b66b2d2979c1357e31a 772c60c6023a4860b2a78696266f39d4 - - 8cefee79c7304dcf9c6f274a61c7b886 8cefee79c7304dcf9c6f274a61c7b886] 162.253.55.38 "GET /v2.0/ports?network_id=b6cf9724-e01a-492b-a6ef-7faf661cdfd7&device_owner=network%3Adhcp HTTP/1.1" status: 200 len: 210 time: 0.0242126
2026-08-28 05:18:35.510 10 INFO neutron.wsgi [None req-72377fb9-7afd-42f3-b129-09655e0a3d3a 33135f67f1bd4addb9e4c717e0b9cca2 554ac6df97b24ea2b7b467fe9e6819a7 - - default default] 10.0.0.74 "DELETE /v2.0/security-groups/1c9c8de2-09f9-4347-a659-77e4e9ab7bae HTTP/1.1" status: 204 len: 168 time: 0.2934558
2026-08-28 05:18:35.564 9 INFO neutron.wsgi [req-d2c3e4c9-73ea-4791-8a79-069906836f73 req-36534f4a-613b-4ca7-aa37-0ac31cacb10c a45cfbf5301f4b66b2d2979c1357e31a 772c60c6023a4860b2a78696266f39d4 - - 8cefee79c7304dcf9c6f274a61c7b886 8cefee79c7304dcf9c6f274a61c7b886] 162.253.55.38 "GET /v2.0/networks/b6cf9724-e01a-492b-a6ef-7faf661cdfd7?fields=segments HTTP/1.1" status: 200 len: 212 time: 0.0833328
2026-08-28 05:18:35.665 9 INFO neutron.wsgi [req-227bb017-5757-4321-b880-c168d5b87f20 req-045f5e41-3b88-47d2-824c-7bed5ad26911 32dd9368bc9a423694536d7261f1fd1e defa31a299fa4358ad3459e97387ffaf - - default default] 10.0.0.225 "GET /v2.0/ports?device_id=db103a39-938e-47ab-8eed-191cb2c632f2 HTTP/1.1" status: 200 len: 1170 time: 0.0784602
2026-08-28 05:18:35.677 10 INFO neutron.db.ovn_revision_numbers_db [None req-44d8a19a-f7c9-45ae-beee-b39bac4a9bb4 - - - - - -] Successfully bumped revision number for resource 1fb8ac06-7f80-4ddd-ab6b-f14ada44be86 (type: ports) to 4
2026-08-28 05:18:35.713 9 INFO neutron.wsgi [req-d2c3e4c9-73ea-4791-8a79-069906836f73 req-c130b65d-3d89-4d8f-a502-9720de56bce6 a45cfbf5301f4b66b2d2979c1357e31a 772c60c6023a4860b2a78696266f39d4 - - 8cefee79c7304dcf9c6f274a61c7b886 8cefee79c7304dcf9c6f274a61c7b886] 162.253.55.38 "GET /v2.0/networks/b6cf9724-e01a-492b-a6ef-7faf661cdfd7?fields=provider%3Aphysical_network&fields=provider%3Anetwork_type HTTP/1.1" status: 200 len: 277 time: 0.1210315
2026-08-28 05:18:35.731 9 INFO neutron.wsgi [req-227bb017-5757-4321-b880-c168d5b87f20 req-8fdb4f45-823f-4540-9401-1ae742f6abe4 32dd9368bc9a423694536d7261f1fd1e defa31a299fa4358ad3459e97387ffaf - - default default] 10.0.0.225 "GET /v2.0/security-groups?id=d43b5738-7576-4be3-b780-b0f011c7d85d&fields=id&fields=name HTTP/1.1" status: 200 len: 313 time: 0.0619020
2026-08-28 05:18:35.765 9 INFO neutron.db.ovn_revision_numbers_db [None req-4326c1cf-4db0-44c0-94ee-bc7f3736f6c0 33135f67f1bd4addb9e4c717e0b9cca2 554ac6df97b24ea2b7b467fe9e6819a7 - - default default] Successfully bumped revision number for resource c7c8f2d6-480b-4118-9fb5-436acb601095 (type: router_ports) to 1
2026-08-28 05:18:35.888 10 INFO neutron.services.segments.plugin [-] Segment 6ed36b21-ea2b-47bc-aaa7-4f34e579f8bb resource provider aggregate not found
2026-08-28 05:18:35.897 10 INFO neutron.wsgi [req-d14e3e8a-8382-4271-818d-3cdf11b02720 req-57d32a60-dff3-4c80-aa2d-4656fecef775 32dd9368bc9a423694536d7261f1fd1e defa31a299fa4358ad3459e97387ffaf - - default default] 10.0.0.225 "GET /v2.0/ports?device_id=db103a39-938e-47ab-8eed-191cb2c632f2 HTTP/1.1" status: 200 len: 1170 time: 0.0625379
2026-08-28 05:18:35.902 10 INFO neutron.services.segments.plugin [-] Segment 6ed36b21-ea2b-47bc-aaa7-4f34e579f8bb resource provider not found; error: Placement Client Error (4xx): {"errors": [{"status": 404, "title": "Not Found", "detail": "The resource could not be found.\n\n No resource provider with uuid 6ed36b21-ea2b-47bc-aaa7-4f34e579f8bb found for delete ", "request_id": "req-2e52439a-ae04-4824-89ff-c75929a056ad"}]}
2026-08-28 05:18:35.918 10 INFO neutron.services.segments.plugin [-] Segment 6ed36b21-ea2b-47bc-aaa7-4f34e579f8bb resource provider aggregate not found
2026-08-28 05:18:35.948 10 INFO neutron.services.segments.plugin [-] Segment 6ed36b21-ea2b-47bc-aaa7-4f34e579f8bb resource provider not found; error: Placement Client Error (4xx): {"errors": [{"status": 404, "title": "Not Found", "detail": "The resource could not be found.\n\n No resource provider with uuid 6ed36b21-ea2b-47bc-aaa7-4f34e579f8bb found for delete ", "request_id": "req-81d0b8fd-afb8-49a9-9d1d-46b83eb85c14"}]}
2026-08-28 05:18:35.956 9 INFO neutron.db.ovn_revision_numbers_db [None req-4326c1cf-4db0-44c0-94ee-bc7f3736f6c0 33135f67f1bd4addb9e4c717e0b9cca2 554ac6df97b24ea2b7b467fe9e6819a7 - - default default] Successfully bumped revision number for resource c7c8f2d6-480b-4118-9fb5-436acb601095 (type: ports) to 1
2026-08-28 05:18:36.011 10 INFO neutron.db.ovn_revision_numbers_db [None req-44d8a19a-f7c9-45ae-beee-b39bac4a9bb4 - - - - - -] Successfully bumped revision number for resource 1fb8ac06-7f80-4ddd-ab6b-f14ada44be86 (type: router_ports) to 4
2026-08-28 05:18:36.168 10 INFO neutron.db.l3_db [None req-5b33bc66-0255-4e30-a8d0-944594af5ff3 32dd9368bc9a423694536d7261f1fd1e defa31a299fa4358ad3459e97387ffaf - - default default] Floating IP a3832cdd-9792-4fbf-a63e-82e23c7ccf50 associated. External IP: 10.96.250.202, port: 408ff944-942d-4dd9-a745-8b4de176aa84.
2026-08-28 05:18:36.194 9 INFO neutron.notifiers.nova [-] Nova event matching ['req-f954ce95-8504-4a66-8937-0eec4c8bfa32'] response: {'name': 'network-changed', 'server_uuid': 'c4b6d18e-c780-4f81-97b9-6d886250ada7', 'tag': '404463fe-5a4d-4660-8e87-a35fbedf74aa', 'status': 'completed', 'code': 200}
2026-08-28 05:18:36.223 9 WARNING neutron.scheduler.dhcp_agent_scheduler [None req-4326c1cf-4db0-44c0-94ee-bc7f3736f6c0 33135f67f1bd4addb9e4c717e0b9cca2 554ac6df97b24ea2b7b467fe9e6819a7 - - default default] No more DHCP agents
2026-08-28 05:18:36.227 9 WARNING neutron.api.rpc.agentnotifiers.dhcp_rpc_agent_api [None req-4326c1cf-4db0-44c0-94ee-bc7f3736f6c0 33135f67f1bd4addb9e4c717e0b9cca2 554ac6df97b24ea2b7b467fe9e6819a7 - - default default] Unable to schedule network 3bc87dad-9e40-4aaa-84da-80175fe229fd: no agents available; will retry on subsequent port and subnet creation events.
2026-08-28 05:18:36.260 9 INFO neutron.wsgi [req-366ff7a8-b6de-4da0-b9f5-076f157bdb9b req-62e357a3-448d-4e62-9bec-66758146535f a45cfbf5301f4b66b2d2979c1357e31a 772c60c6023a4860b2a78696266f39d4 - - 8cefee79c7304dcf9c6f274a61c7b886 8cefee79c7304dcf9c6f274a61c7b886] 162.253.55.38 "GET /v2.0/ports?tenant_id=c3a50bd4336a430baa1abd7d8faf627a&device_id=c4b6d18e-c780-4f81-97b9-6d886250ada7 HTTP/1.1" status: 200 len: 1411 time: 0.0469122
2026-08-28 05:18:36.284 9 INFO neutron.wsgi [req-83199f9d-8867-47d1-941b-4c05fa357d7a req-2c53905a-dc0d-4be3-ae89-c3e4ad819bee 4475c1d1855545b5836941acc0f09f81 c3a50bd4336a430baa1abd7d8faf627a - - default default] 10.0.0.225 "GET /v2.0/ports?device_id=c4b6d18e-c780-4f81-97b9-6d886250ada7 HTTP/1.1" status: 200 len: 1172 time: 0.1266212
2026-08-28 05:18:36.337 10 INFO neutron.db.ovn_revision_numbers_db [None req-5b33bc66-0255-4e30-a8d0-944594af5ff3 32dd9368bc9a423694536d7261f1fd1e defa31a299fa4358ad3459e97387ffaf - - default default] Successfully bumped revision number for resource a3832cdd-9792-4fbf-a63e-82e23c7ccf50 (type: floatingips) to 1
2026-08-28 05:18:36.378 9 INFO neutron.wsgi [req-83199f9d-8867-47d1-941b-4c05fa357d7a req-f7204f95-1643-49b7-b417-d95a7c935345 4475c1d1855545b5836941acc0f09f81 c3a50bd4336a430baa1abd7d8faf627a - - default default] 10.0.0.225 "GET /v2.0/security-groups?id=306cda40-295b-4dae-bd36-2f3d0f0e31b0&fields=id&fields=name HTTP/1.1" status: 200 len: 311 time: 0.0676596
