Mar 30 21:43:24.412951 np0000161681 devstack@n-api.service[99063]: [pid: 99063|app: 0|req: 15/58] 199.204.45.227 () {68 vars in 1400 bytes} [Mon Mar 30 21:43:24 2026] GET /compute/v2.1/os-keypairs => generated 16 bytes in 16 msecs (HTTP/1.1 200) 9 headers in 358 bytes (1 switches on core 0)
Mar 30 21:43:24.616670 np0000161681 devstack@n-api.service[99066]: DEBUG nova.api.openstack.wsgi [None req-5f7f501d-6ffa-4523-9e58-d93df36af5d9 admin admin] Action: 'create', calling method: >, body: {"keypair": {"public_key": "ecdsa-sha2-nistp256 AAAAE2VjZHNhLXNoYTItbmlzdHAyNTYAAAAIbmlzdHAyNTYAAABBBIgjGmE+YZmSqtg1ble70nElyj3HhQPIgJ6eUV7809p+nW+0fsRFZX/6ti4Bta0mU9uGyg9yAq25WvevrTOKqUY= stack@np0000161681\n", "name": "manila-service"}} {{(pid=99066) _process_stack /opt/stack/nova/nova/api/openstack/wsgi.py:549}}
Mar 30 21:43:24.636173 np0000161681 devstack@n-api.service[99066]: DEBUG nova.quota [None req-5f7f501d-6ffa-4523-9e58-d93df36af5d9 admin admin] Getting quotas for project 694c9d240284484ba2119616021d2b2c. Resources: {'key_pairs'} {{(pid=99066) _get_quotas /opt/stack/nova/nova/quota.py:392}}
Mar 30 21:43:24.639326 np0000161681 devstack@n-api.service[99066]: DEBUG nova.quota [None req-5f7f501d-6ffa-4523-9e58-d93df36af5d9 admin admin] Getting quotas for user 86be605e909b4325ab0ae33db8382e3a and project 694c9d240284484ba2119616021d2b2c. Resources: {'key_pairs'} {{(pid=99066) _get_quotas /opt/stack/nova/nova/quota.py:382}}
Mar 30 21:43:24.672101 np0000161681 devstack@n-api.service[99066]: INFO nova.api.openstack.requestlog [None req-5f7f501d-6ffa-4523-9e58-d93df36af5d9 admin admin] 199.204.45.227 "POST /compute/v2.1/os-keypairs" status: 201 len: 366 microversion: 2.10 time: 0.059563
Mar 30 21:43:24.672473 np0000161681 devstack@n-api.service[99066]: [pid: 99066|app: 0|req: 16/59] 199.204.45.227 () {72 vars in 1441 bytes} [Mon Mar 30 21:43:24 2026] POST /compute/v2.1/os-keypairs => generated 366 bytes in 60 msecs (HTTP/1.1 201) 9 headers in 364 bytes (1 switches on core 0)
Mar 30 21:43:34.408627 np0000161681 devstack@n-api.service[99063]: DEBUG dbcounter [-] [99063] Writing DB stats nova_api:SELECT=1 {{(pid=99063) stat_writer /opt/stack/data/venv/lib/python3.12/site-packages/dbcounter.py:115}}
Mar 30 21:43:34.644633 np0000161681 devstack@n-api.service[99066]: DEBUG dbcounter [-] [99066] Writing DB stats nova_cell0:SELECT=2 {{(pid=99066) stat_writer /opt/stack/data/venv/lib/python3.12/site-packages/dbcounter.py:115}}
Mar 30 21:43:34.664391 np0000161681 devstack@n-api.service[99066]: DEBUG dbcounter [-] [99066] Writing DB stats nova_api:SELECT=5,nova_api:INSERT=1 {{(pid=99066) stat_writer /opt/stack/data/venv/lib/python3.12/site-packages/dbcounter.py:115}}
Mar 30 21:43:37.220626 np0000161681 devstack@n-api.service[99064]: DEBUG nova.api.openstack.wsgi [None req-22c05da8-b0ea-4ccd-8969-8c3a4b713250 admin admin] Calling method '>' {{(pid=99064) _process_stack /opt/stack/nova/nova/api/openstack/wsgi.py:551}}
Mar 30 21:43:37.223713 np0000161681 devstack@n-api.service[99064]: DEBUG oslo_concurrency.lockutils [None req-22c05da8-b0ea-4ccd-8969-8c3a4b713250 admin admin] Acquiring lock "00000000-0000-0000-0000-000000000000" by "nova.context.set_target_cell..get_or_set_cached_cell_and_set_connections" {{(pid=99064) inner /opt/stack/data/venv/lib/python3.12/site-packages/oslo_concurrency/lockutils.py:506}}
Mar 30 21:43:37.223937 np0000161681 devstack@n-api.service[99064]: DEBUG oslo_concurrency.lockutils [None req-22c05da8-b0ea-4ccd-8969-8c3a4b713250 admin admin] Lock "00000000-0000-0000-0000-000000000000" acquired by "nova.context.set_target_cell..get_or_set_cached_cell_and_set_connections" :: waited 0.000s {{(pid=99064) inner /opt/stack/data/venv/lib/python3.12/site-packages/oslo_concurrency/lockutils.py:519}}
Mar 30 21:43:37.224134 np0000161681 devstack@n-api.service[99064]: DEBUG oslo_concurrency.lockutils [None req-22c05da8-b0ea-4ccd-8969-8c3a4b713250 admin admin] Lock "00000000-0000-0000-0000-000000000000" "released" by "nova.context.set_target_cell..get_or_set_cached_cell_and_set_connections" :: held 0.000s {{(pid=99064) inner /opt/stack/data/venv/lib/python3.12/site-packages/oslo_concurrency/lockutils.py:538}}
Mar 30 21:43:37.225212 np0000161681 devstack@n-api.service[99064]: DEBUG oslo_concurrency.lockutils [None req-22c05da8-b0ea-4ccd-8969-8c3a4b713250 admin admin] Acquiring lock "c3d4f256-4bda-4d07-934d-5a57819f0af5" by "nova.context.set_target_cell..get_or_set_cached_cell_and_set_connections" {{(pid=99064) inner /opt/stack/data/venv/lib/python3.12/site-packages/oslo_concurrency/lockutils.py:506}}
Mar 30 21:43:37.225400 np0000161681 devstack@n-api.service[99064]: DEBUG oslo_concurrency.lockutils [None req-22c05da8-b0ea-4ccd-8969-8c3a4b713250 admin admin] Lock "c3d4f256-4bda-4d07-934d-5a57819f0af5" acquired by "nova.context.set_target_cell..get_or_set_cached_cell_and_set_connections" :: waited 0.000s {{(pid=99064) inner /opt/stack/data/venv/lib/python3.12/site-packages/oslo_concurrency/lockutils.py:519}}
Mar 30 21:43:37.225573 np0000161681 devstack@n-api.service[99064]: DEBUG oslo_concurrency.lockutils [None req-22c05da8-b0ea-4ccd-8969-8c3a4b713250 admin admin] Lock "c3d4f256-4bda-4d07-934d-5a57819f0af5" "released" by "nova.context.set_target_cell..get_or_set_cached_cell_and_set_connections" :: held 0.000s {{(pid=99064) inner /opt/stack/data/venv/lib/python3.12/site-packages/oslo_concurrency/lockutils.py:538}}
Mar 30 21:43:37.260687 np0000161681 devstack@n-api.service[99064]: INFO nova.api.openstack.requestlog [None req-22c05da8-b0ea-4ccd-8969-8c3a4b713250 admin admin] 199.204.45.227 "GET /compute/v2.1/os-services?binary=nova-compute&host=np0000161681" status: 200 len: 255 microversion: 2.69 time: 0.043752
Mar 30 21:43:37.261292 np0000161681 devstack@n-api.service[99064]: [pid: 99064|app: 0|req: 15/60] 199.204.45.227 () {68 vars in 1475 bytes} [Mon Mar 30 21:43:37 2026] GET /compute/v2.1/os-services?binary=nova-compute&host=np0000161681 => generated 255 bytes in 45 msecs (HTTP/1.1 200) 9 headers in 359 bytes (1 switches on core 0)
Mar 30 21:43:47.231191 np0000161681 devstack@n-api.service[99064]: DEBUG dbcounter [-] [99064] Writing DB stats nova_cell0:SELECT=1 {{(pid=99064) stat_writer /opt/stack/data/venv/lib/python3.12/site-packages/dbcounter.py:115}}
Mar 30 21:43:47.235564 np0000161681 devstack@n-api.service[99064]: DEBUG dbcounter [-] [99064] Writing DB stats nova_cell1:SELECT=1 {{(pid=99064) stat_writer /opt/stack/data/venv/lib/python3.12/site-packages/dbcounter.py:115}}
Mar 30 21:43:47.249292 np0000161681 devstack@n-api.service[99064]: DEBUG dbcounter [-] [99064] Writing DB stats nova_api:SELECT=2 {{(pid=99064) stat_writer /opt/stack/data/venv/lib/python3.12/site-packages/dbcounter.py:115}}
Mar 30 21:44:11.532300 np0000161681 devstack@n-api.service[99065]: DEBUG nova.api.openstack.wsgi [None req-6b292fcb-635b-49ff-8b93-76b3b8e14451 demo demo] Calling method '>' {{(pid=99065) _process_stack /opt/stack/nova/nova/api/openstack/wsgi.py:551}}
Mar 30 21:44:11.563002 np0000161681 devstack@n-api.service[99065]: INFO nova.api.openstack.requestlog [None req-6b292fcb-635b-49ff-8b93-76b3b8e14451 demo demo] 199.204.45.227 "GET /compute/v2.1/flavors/detail" status: 200 len: 4022 microversion: 2.15 time: 0.034929
Mar 30 21:44:11.563448 np0000161681 devstack@n-api.service[99065]: [pid: 99065|app: 0|req: 15/61] 199.204.45.227 () {66 vars in 1306 bytes} [Mon Mar 30 21:44:11 2026] GET /compute/v2.1/flavors/detail => generated 4022 bytes in 37 msecs (HTTP/1.1 200) 9 headers in 360 bytes (1 switches on core 0)
Mar 30 21:44:11.580475 np0000161681 devstack@n-api.service[99063]: DEBUG nova.api.openstack.wsgi [None req-443b0ac6-9b32-49d8-adc4-39a86b392735 demo demo] Calling method '>' {{(pid=99063) _process_stack /opt/stack/nova/nova/api/openstack/wsgi.py:551}}
Mar 30 21:44:11.603665 np0000161681 devstack@n-api.service[99063]: INFO nova.api.openstack.requestlog [None req-443b0ac6-9b32-49d8-adc4-39a86b392735 demo demo] 199.204.45.227 "GET /compute/v2.1/flavors/detail" status: 200 len: 4022 microversion: 2.15 time: 0.026666
Mar 30 21:44:11.603898 np0000161681 devstack@n-api.service[99063]: [pid: 99063|app: 0|req: 16/62] 199.204.45.227 () {66 vars in 1306 bytes} [Mon Mar 30 21:44:11 2026] GET /compute/v2.1/flavors/detail => generated 4022 bytes in 27 msecs (HTTP/1.1 200) 9 headers in 360 bytes (1 switches on core 0)
Mar 30 21:44:11.819550 np0000161681 devstack@n-api.service[99066]: DEBUG nova.api.openstack.wsgi [None req-4dc8ae90-aff4-4b61-bfa2-b0dcbffbfbb9 demo demo] Calling method '>' {{(pid=99066) _process_stack /opt/stack/nova/nova/api/openstack/wsgi.py:551}}
Mar 30 21:44:11.851065 np0000161681 devstack@n-api.service[99066]: INFO nova.api.openstack.requestlog [None req-4dc8ae90-aff4-4b61-bfa2-b0dcbffbfbb9 demo demo] 199.204.45.227 "GET /compute/v2.1/flavors/detail" status: 200 len: 4022 microversion: 2.15 time: 0.035491
Mar 30 21:44:11.851363 np0000161681 devstack@n-api.service[99066]: [pid: 99066|app: 0|req: 17/63] 199.204.45.227 () {66 vars in 1306 bytes} [Mon Mar 30 21:44:11 2026] GET /compute/v2.1/flavors/detail => generated 4022 bytes in 36 msecs (HTTP/1.1 200) 9 headers in 360 bytes (1 switches on core 0)
Mar 30 21:44:11.869006 np0000161681 devstack@n-api.service[99064]: DEBUG nova.api.openstack.wsgi [None req-16d819d6-484a-4c3d-97f1-e2188a920937 demo demo] Calling method '>' {{(pid=99064) _process_stack /opt/stack/nova/nova/api/openstack/wsgi.py:551}}
Mar 30 21:44:11.893848 np0000161681 devstack@n-api.service[99064]: INFO nova.api.openstack.requestlog [None req-16d819d6-484a-4c3d-97f1-e2188a920937 demo demo] 199.204.45.227 "GET /compute/v2.1/flavors/detail" status: 200 len: 4022 microversion: 2.15 time: 0.028300
Mar 30 21:44:11.894139 np0000161681 devstack@n-api.service[99064]: [pid: 99064|app: 0|req: 16/64] 199.204.45.227 () {66 vars in 1306 bytes} [Mon Mar 30 21:44:11 2026] GET /compute/v2.1/flavors/detail => generated 4022 bytes in 29 msecs (HTTP/1.1 200) 9 headers in 360 bytes (1 switches on core 0)
Mar 30 21:44:16.418222 np0000161681 devstack@n-api.service[99065]: DEBUG nova.api.openstack.wsgi [None req-97f861ed-4e07-4a1f-ae40-3a4a40492e6f demo demo] Calling method '>' {{(pid=99065) _process_stack /opt/stack/nova/nova/api/openstack/wsgi.py:551}}
Mar 30 21:44:16.439248 np0000161681 devstack@n-api.service[99065]: INFO nova.api.openstack.requestlog [None req-97f861ed-4e07-4a1f-ae40-3a4a40492e6f demo demo] 199.204.45.227 "GET /compute/v2.1/flavors/detail" status: 200 len: 4022 microversion: 2.15 time: 0.024502
Mar 30 21:44:16.439406 np0000161681 devstack@n-api.service[99065]: [pid: 99065|app: 0|req: 16/65] 199.204.45.227 () {66 vars in 1306 bytes} [Mon Mar 30 21:44:16 2026] GET /compute/v2.1/flavors/detail => generated 4022 bytes in 25 msecs (HTTP/1.1 200) 9 headers in 360 bytes (1 switches on core 0)
Mar 30 21:44:16.456418 np0000161681 devstack@n-api.service[99063]: DEBUG nova.api.openstack.wsgi [None req-df34f5ae-b273-4ed7-ac7f-bcc06e9a8f33 demo demo] Calling method '>' {{(pid=99063) _process_stack /opt/stack/nova/nova/api/openstack/wsgi.py:551}}
Mar 30 21:44:16.478648 np0000161681 devstack@n-api.service[99063]: INFO nova.api.openstack.requestlog [None req-df34f5ae-b273-4ed7-ac7f-bcc06e9a8f33 demo demo] 199.204.45.227 "GET /compute/v2.1/flavors/detail" status: 200 len: 4022 microversion: 2.15 time: 0.024667
Mar 30 21:44:16.479055 np0000161681 devstack@n-api.service[99063]: [pid: 99063|app: 0|req: 17/66] 199.204.45.227 () {66 vars in 1306 bytes} [Mon Mar 30 21:44:16 2026] GET /compute/v2.1/flavors/detail => generated 4022 bytes in 25 msecs (HTTP/1.1 200) 9 headers in 360 bytes (1 switches on core 0)
Mar 30 21:44:16.766911 np0000161681 devstack@n-api.service[99066]: DEBUG nova.api.openstack.wsgi [None req-5ed7450e-e321-4ada-8c27-21c4a23393d1 demo demo] Calling method '>' {{(pid=99066) _process_stack /opt/stack/nova/nova/api/openstack/wsgi.py:551}}
Mar 30 21:44:16.783096 np0000161681 devstack@n-api.service[99066]: INFO nova.api.openstack.requestlog [None req-5ed7450e-e321-4ada-8c27-21c4a23393d1 demo demo] 199.204.45.227 "GET /compute/v2.1/flavors/detail" status: 200 len: 4022 microversion: 2.15 time: 0.018656
Mar 30 21:44:16.783338 np0000161681 devstack@n-api.service[99066]: [pid: 99066|app: 0|req: 18/67] 199.204.45.227 () {66 vars in 1306 bytes} [Mon Mar 30 21:44:16 2026] GET /compute/v2.1/flavors/detail => generated 4022 bytes in 19 msecs (HTTP/1.1 200) 9 headers in 360 bytes (1 switches on core 0)
Mar 30 21:44:16.797063 np0000161681 devstack@n-api.service[99064]: DEBUG nova.api.openstack.wsgi [None req-dfcd9a12-7a41-43e9-9764-7a80c9efe858 demo demo] Calling method '>' {{(pid=99064) _process_stack /opt/stack/nova/nova/api/openstack/wsgi.py:551}}
Mar 30 21:44:16.815625 np0000161681 devstack@n-api.service[99064]: INFO nova.api.openstack.requestlog [None req-dfcd9a12-7a41-43e9-9764-7a80c9efe858 demo demo] 199.204.45.227 "GET /compute/v2.1/flavors/detail" status: 200 len: 4022 microversion: 2.15 time: 0.021992
Mar 30 21:44:16.815894 np0000161681 devstack@n-api.service[99064]: [pid: 99064|app: 0|req: 17/68] 199.204.45.227 () {66 vars in 1306 bytes} [Mon Mar 30 21:44:16 2026] GET /compute/v2.1/flavors/detail => generated 4022 bytes in 23 msecs (HTTP/1.1 200) 9 headers in 360 bytes (1 switches on core 0)
Mar 30 21:44:21.769819 np0000161681 devstack@n-api.service[99065]: DEBUG nova.api.openstack.wsgi [None req-917fa7d5-e32f-4d5a-8f77-4827e58209c0 demo demo] Calling method '>' {{(pid=99065) _process_stack /opt/stack/nova/nova/api/openstack/wsgi.py:551}}
Mar 30 21:44:21.791884 np0000161681 devstack@n-api.service[99065]: INFO nova.api.openstack.requestlog [None req-917fa7d5-e32f-4d5a-8f77-4827e58209c0 demo demo] 199.204.45.227 "GET /compute/v2.1/os-server-groups" status: 200 len: 21 microversion: 2.15 time: 0.025388
Mar 30 21:44:21.792145 np0000161681 devstack@n-api.service[99065]: [pid: 99065|app: 0|req: 17/69] 199.204.45.227 () {66 vars in 1312 bytes} [Mon Mar 30 21:44:21 2026] GET /compute/v2.1/os-server-groups => generated 21 bytes in 26 msecs (HTTP/1.1 200) 9 headers in 358 bytes (1 switches on core 0)
Mar 30 21:44:21.807639 np0000161681 devstack@n-api.service[99063]: DEBUG nova.api.openstack.wsgi [None req-35ec3b9c-35eb-4972-9859-e1ff770265bb demo demo] Action: 'create', calling method: >, body: {"server_group": {"name": "kube-hmyob", "policies": ["soft-anti-affinity"]}} {{(pid=99063) _process_stack /opt/stack/nova/nova/api/openstack/wsgi.py:549}}
Mar 30 21:44:21.826622 np0000161681 devstack@n-api.service[99063]: DEBUG nova.quota [None req-35ec3b9c-35eb-4972-9859-e1ff770265bb demo demo] Getting quotas for project 09343cb7427a4af8b496fe106629309d. Resources: {'server_groups'} {{(pid=99063) _get_quotas /opt/stack/nova/nova/quota.py:392}}
Mar 30 21:44:21.829214 np0000161681 devstack@n-api.service[99063]: DEBUG nova.quota [None req-35ec3b9c-35eb-4972-9859-e1ff770265bb demo demo] Getting quotas for user 865d681f91034e37b72d4f0225980d5e and project 09343cb7427a4af8b496fe106629309d. Resources: {'server_groups'} {{(pid=99063) _get_quotas /opt/stack/nova/nova/quota.py:382}}
Mar 30 21:44:21.876984 np0000161681 devstack@n-api.service[99063]: DEBUG nova.quota [None req-35ec3b9c-35eb-4972-9859-e1ff770265bb demo demo] Getting quotas for project 09343cb7427a4af8b496fe106629309d. Resources: {'server_groups'} {{(pid=99063) _get_quotas /opt/stack/nova/nova/quota.py:392}}
Mar 30 21:44:21.878760 np0000161681 devstack@n-api.service[99063]: DEBUG nova.quota [None req-35ec3b9c-35eb-4972-9859-e1ff770265bb demo demo] Getting quotas for user 865d681f91034e37b72d4f0225980d5e and project 09343cb7427a4af8b496fe106629309d. Resources: {'server_groups'} {{(pid=99063) _get_quotas /opt/stack/nova/nova/quota.py:382}}
Mar 30 21:44:21.886058 np0000161681 devstack@n-api.service[99063]: INFO nova.api.openstack.requestlog [None req-35ec3b9c-35eb-4972-9859-e1ff770265bb demo demo] 199.204.45.227 "POST /compute/v2.1/os-server-groups" status: 200 len: 250 microversion: 2.15 time: 0.080714
Mar 30 21:44:21.886377 np0000161681 devstack@n-api.service[99063]: [pid: 99063|app: 0|req: 18/70] 199.204.45.227 () {70 vars in 1365 bytes} [Mon Mar 30 21:44:21 2026] POST /compute/v2.1/os-server-groups => generated 250 bytes in 81 msecs (HTTP/1.1 200) 9 headers in 359 bytes (1 switches on core 0)
Mar 30 21:44:21.907521 np0000161681 devstack@n-api.service[99066]: DEBUG nova.api.openstack.wsgi [None req-401c6ee7-72d7-42dc-9b6a-7b1f1780e502 demo demo] Calling method '>' {{(pid=99066) _process_stack /opt/stack/nova/nova/api/openstack/wsgi.py:551}}
Mar 30 21:44:21.930220 np0000161681 devstack@n-api.service[99066]: INFO nova.api.openstack.requestlog [None req-401c6ee7-72d7-42dc-9b6a-7b1f1780e502 demo demo] 199.204.45.227 "GET /compute/v2.1/os-server-groups" status: 200 len: 253 microversion: 2.15 time: 0.026042
Mar 30 21:44:21.930463 np0000161681 devstack@n-api.service[99066]: [pid: 99066|app: 0|req: 19/71] 199.204.45.227 () {66 vars in 1312 bytes} [Mon Mar 30 21:44:21 2026] GET /compute/v2.1/os-server-groups => generated 253 bytes in 27 msecs (HTTP/1.1 200) 9 headers in 359 bytes (1 switches on core 0)
Mar 30 21:44:21.944611 np0000161681 devstack@n-api.service[99064]: DEBUG nova.api.openstack.wsgi [None req-01943de0-464e-4e9a-900e-31dbae3ee8b5 demo demo] Action: 'create', calling method: >, body: {"server_group": {"name": "kube-hmyob-default-worker", "policies": ["soft-anti-affinity"]}} {{(pid=99064) _process_stack /opt/stack/nova/nova/api/openstack/wsgi.py:549}}
Mar 30 21:44:21.965295 np0000161681 devstack@n-api.service[99064]: DEBUG nova.quota [None req-01943de0-464e-4e9a-900e-31dbae3ee8b5 demo demo] Getting quotas for project 09343cb7427a4af8b496fe106629309d. Resources: {'server_groups'} {{(pid=99064) _get_quotas /opt/stack/nova/nova/quota.py:392}}
Mar 30 21:44:21.968188 np0000161681 devstack@n-api.service[99064]: DEBUG nova.quota [None req-01943de0-464e-4e9a-900e-31dbae3ee8b5 demo demo] Getting quotas for user 865d681f91034e37b72d4f0225980d5e and project 09343cb7427a4af8b496fe106629309d. Resources: {'server_groups'} {{(pid=99064) _get_quotas /opt/stack/nova/nova/quota.py:382}}
Mar 30 21:44:22.017235 np0000161681 devstack@n-api.service[99064]: DEBUG nova.quota [None req-01943de0-464e-4e9a-900e-31dbae3ee8b5 demo demo] Getting quotas for project 09343cb7427a4af8b496fe106629309d. Resources: {'server_groups'} {{(pid=99064) _get_quotas /opt/stack/nova/nova/quota.py:392}}
Mar 30 21:44:22.019115 np0000161681 devstack@n-api.service[99064]: DEBUG nova.quota [None req-01943de0-464e-4e9a-900e-31dbae3ee8b5 demo demo] Getting quotas for user 865d681f91034e37b72d4f0225980d5e and project 09343cb7427a4af8b496fe106629309d. Resources: {'server_groups'} {{(pid=99064) _get_quotas /opt/stack/nova/nova/quota.py:382}}
Mar 30 21:44:22.026353 np0000161681 devstack@n-api.service[99064]: INFO nova.api.openstack.requestlog [None req-01943de0-464e-4e9a-900e-31dbae3ee8b5 demo demo] 199.204.45.227 "POST /compute/v2.1/os-server-groups" status: 200 len: 265 microversion: 2.15 time: 0.085172
Mar 30 21:44:22.026633 np0000161681 devstack@n-api.service[99064]: [pid: 99064|app: 0|req: 18/72] 199.204.45.227 () {70 vars in 1365 bytes} [Mon Mar 30 21:44:21 2026] POST /compute/v2.1/os-server-groups => generated 265 bytes in 86 msecs (HTTP/1.1 200) 9 headers in 359 bytes (1 switches on core 0)
Mar 30 21:44:23.756531 np0000161681 devstack@n-api.service[99065]: DEBUG nova.api.openstack.wsgi [None req-7aa31cf4-8f57-4386-80fb-40971122c198 demo demo] Calling method '>' {{(pid=99065) _process_stack /opt/stack/nova/nova/api/openstack/wsgi.py:551}}
Mar 30 21:44:23.774534 np0000161681 devstack@n-api.service[99065]: INFO nova.api.openstack.requestlog [None req-7aa31cf4-8f57-4386-80fb-40971122c198 demo demo] 199.204.45.227 "GET /compute/v2.1/flavors/detail" status: 200 len: 4022 microversion: 2.15 time: 0.020525
Mar 30 21:44:23.774783 np0000161681 devstack@n-api.service[99065]: [pid: 99065|app: 0|req: 18/73] 199.204.45.227 () {66 vars in 1306 bytes} [Mon Mar 30 21:44:23 2026] GET /compute/v2.1/flavors/detail => generated 4022 bytes in 21 msecs (HTTP/1.1 200) 9 headers in 360 bytes (1 switches on core 0)
Mar 30 21:44:23.785812 np0000161681 devstack@n-api.service[99063]: DEBUG nova.api.openstack.wsgi [None req-2b992229-0364-4312-9899-aac51edfb84d demo demo] Calling method '>' {{(pid=99063) _process_stack /opt/stack/nova/nova/api/openstack/wsgi.py:551}}
Mar 30 21:44:23.800738 np0000161681 devstack@n-api.service[99063]: INFO nova.api.openstack.requestlog [None req-2b992229-0364-4312-9899-aac51edfb84d demo demo] 199.204.45.227 "GET /compute/v2.1/flavors/detail" status: 200 len: 4022 microversion: 2.15 time: 0.016684
Mar 30 21:44:23.801058 np0000161681 devstack@n-api.service[99063]: [pid: 99063|app: 0|req: 19/74] 199.204.45.227 () {66 vars in 1306 bytes} [Mon Mar 30 21:44:23 2026] GET /compute/v2.1/flavors/detail => generated 4022 bytes in 17 msecs (HTTP/1.1 200) 9 headers in 360 bytes (1 switches on core 0)
Mar 30 21:44:23.991002 np0000161681 devstack@n-api.service[99066]: DEBUG nova.api.openstack.wsgi [None req-ead433b9-cd0a-4c59-afb7-a74c9897b5e0 demo demo] Calling method '>' {{(pid=99066) _process_stack /opt/stack/nova/nova/api/openstack/wsgi.py:551}}
Mar 30 21:44:24.011488 np0000161681 devstack@n-api.service[99066]: INFO nova.api.openstack.requestlog [None req-ead433b9-cd0a-4c59-afb7-a74c9897b5e0 demo demo] 199.204.45.227 "GET /compute/v2.1/flavors/detail" status: 200 len: 4022 microversion: 2.15 time: 0.022776
Mar 30 21:44:24.011805 np0000161681 devstack@n-api.service[99066]: [pid: 99066|app: 0|req: 20/75] 199.204.45.227 () {66 vars in 1306 bytes} [Mon Mar 30 21:44:23 2026] GET /compute/v2.1/flavors/detail => generated 4022 bytes in 23 msecs (HTTP/1.1 200) 9 headers in 360 bytes (1 switches on core 0)
Mar 30 21:44:31.881685 np0000161681 devstack@n-api.service[99063]: DEBUG dbcounter [-] [99063] Writing DB stats nova_cell0:SELECT=4 {{(pid=99063) stat_writer /opt/stack/data/venv/lib/python3.12/site-packages/dbcounter.py:115}}
Mar 30 21:44:32.022375 np0000161681 devstack@n-api.service[99064]: DEBUG dbcounter [-] [99064] Writing DB stats nova_cell0:SELECT=4 {{(pid=99064) stat_writer /opt/stack/data/venv/lib/python3.12/site-packages/dbcounter.py:115}}
Mar 30 21:44:32.023824 np0000161681 devstack@n-api.service[99064]: DEBUG dbcounter [-] [99064] Writing DB stats nova_api:SELECT=16,nova_api:INSERT=2 {{(pid=99064) stat_writer /opt/stack/data/venv/lib/python3.12/site-packages/dbcounter.py:115}}
Mar 30 21:44:33.762697 np0000161681 devstack@n-api.service[99065]: DEBUG dbcounter [-] [99065] Writing DB stats nova_api:SELECT=5 {{(pid=99065) stat_writer /opt/stack/data/venv/lib/python3.12/site-packages/dbcounter.py:115}}
Mar 30 21:44:33.789867 np0000161681 devstack@n-api.service[99063]: DEBUG dbcounter [-] [99063] Writing DB stats nova_api:SELECT=17,nova_api:INSERT=2 {{(pid=99063) stat_writer /opt/stack/data/venv/lib/python3.12/site-packages/dbcounter.py:115}}
Mar 30 21:44:33.996734 np0000161681 devstack@n-api.service[99066]: DEBUG dbcounter [-] [99066] Writing DB stats nova_api:SELECT=5 {{(pid=99066) stat_writer /opt/stack/data/venv/lib/python3.12/site-packages/dbcounter.py:115}}
Mar 30 21:44:43.358817 np0000161681 devstack@n-api.service[99064]: DEBUG nova.api.openstack.wsgi [None req-01943de0-464e-4e9a-900e-31dbae3ee8b5 demo demo] Calling method '>' {{(pid=99064) _process_stack /opt/stack/nova/nova/api/openstack/wsgi.py:551}}
Mar 30 21:44:43.364322 np0000161681 devstack@n-api.service[99064]: INFO nova.api.openstack.requestlog [None req-01943de0-464e-4e9a-900e-31dbae3ee8b5 demo demo] 172.18.0.2 "GET /compute/v2.1/" status: 200 len: 393 microversion: 2.1 time: 0.005840
Mar 30 21:44:43.364698 np0000161681 devstack@n-api.service[99064]: [pid: 99064|app: 0|req: 19/76] 199.204.45.227 () {64 vars in 1271 bytes} [Mon Mar 30 21:44:43 2026] GET /compute/v2.1/ => generated 393 bytes in 7 msecs (HTTP/1.1 200) 9 headers in 357 bytes (1 switches on core 0)
Mar 30 21:44:43.374693 np0000161681 devstack@n-api.service[99065]: DEBUG nova.api.openstack.wsgi [None req-a1f975e1-8451-4a2e-9b70-2efaad458ec7 demo demo] Calling method '>' {{(pid=99065) _process_stack /opt/stack/nova/nova/api/openstack/wsgi.py:551}}
Mar 30 21:44:43.377982 np0000161681 devstack@n-api.service[99065]: DEBUG oslo_concurrency.lockutils [None req-a1f975e1-8451-4a2e-9b70-2efaad458ec7 demo demo] Acquiring lock "00000000-0000-0000-0000-000000000000" by "nova.context.set_target_cell..get_or_set_cached_cell_and_set_connections" {{(pid=99065) inner /opt/stack/data/venv/lib/python3.12/site-packages/oslo_concurrency/lockutils.py:506}}
Mar 30 21:44:43.378129 np0000161681 devstack@n-api.service[99065]: DEBUG oslo_concurrency.lockutils [None req-a1f975e1-8451-4a2e-9b70-2efaad458ec7 demo demo] Lock "00000000-0000-0000-0000-000000000000" acquired by "nova.context.set_target_cell..get_or_set_cached_cell_and_set_connections" :: waited 0.000s {{(pid=99065) inner /opt/stack/data/venv/lib/python3.12/site-packages/oslo_concurrency/lockutils.py:519}}
Mar 30 21:44:43.378248 np0000161681 devstack@n-api.service[99065]: DEBUG oslo_concurrency.lockutils [None req-a1f975e1-8451-4a2e-9b70-2efaad458ec7 demo demo] Lock "00000000-0000-0000-0000-000000000000" "released" by "nova.context.set_target_cell..get_or_set_cached_cell_and_set_connections" :: held 0.000s {{(pid=99065) inner /opt/stack/data/venv/lib/python3.12/site-packages/oslo_concurrency/lockutils.py:538}}
Mar 30 21:44:43.379301 np0000161681 devstack@n-api.service[99065]: DEBUG oslo_concurrency.lockutils [None req-a1f975e1-8451-4a2e-9b70-2efaad458ec7 demo demo] Acquiring lock "c3d4f256-4bda-4d07-934d-5a57819f0af5" by "nova.context.set_target_cell..get_or_set_cached_cell_and_set_connections" {{(pid=99065) inner /opt/stack/data/venv/lib/python3.12/site-packages/oslo_concurrency/lockutils.py:506}}
Mar 30 21:44:43.379492 np0000161681 devstack@n-api.service[99065]: DEBUG oslo_concurrency.lockutils [None req-a1f975e1-8451-4a2e-9b70-2efaad458ec7 demo demo] Lock "c3d4f256-4bda-4d07-934d-5a57819f0af5" acquired by "nova.context.set_target_cell..get_or_set_cached_cell_and_set_connections" :: waited 0.000s {{(pid=99065) inner /opt/stack/data/venv/lib/python3.12/site-packages/oslo_concurrency/lockutils.py:519}}
Mar 30 21:44:43.379657 np0000161681 devstack@n-api.service[99065]: DEBUG oslo_concurrency.lockutils [None req-a1f975e1-8451-4a2e-9b70-2efaad458ec7 demo demo] Lock "c3d4f256-4bda-4d07-934d-5a57819f0af5" "released" by "nova.context.set_target_cell..get_or_set_cached_cell_and_set_connections" :: held 0.000s {{(pid=99065) inner /opt/stack/data/venv/lib/python3.12/site-packages/oslo_concurrency/lockutils.py:538}}
Mar 30 21:44:43.420226 np0000161681 devstack@n-api.service[99065]: INFO nova.api.openstack.requestlog [None req-a1f975e1-8451-4a2e-9b70-2efaad458ec7 demo demo] 172.18.0.2 "GET /compute/v2.1/os-availability-zone" status: 200 len: 97 microversion: 2.38 time: 0.048543
Mar 30 21:44:43.420944 np0000161681 devstack@n-api.service[99065]: [pid: 99065|app: 0|req: 19/77] 199.204.45.227 () {68 vars in 1414 bytes} [Mon Mar 30 21:44:43 2026] GET /compute/v2.1/os-availability-zone => generated 97 bytes in 50 msecs (HTTP/1.1 200) 9 headers in 358 bytes (1 switches on core 0)
Mar 30 21:44:44.311069 np0000161681 devstack@n-api.service[99063]: DEBUG nova.api.openstack.wsgi [None req-2b992229-0364-4312-9899-aac51edfb84d demo demo] Calling method '>' {{(pid=99063) _process_stack /opt/stack/nova/nova/api/openstack/wsgi.py:551}}
Mar 30 21:44:44.314671 np0000161681 devstack@n-api.service[99066]: DEBUG nova.api.openstack.wsgi [None req-ead433b9-cd0a-4c59-afb7-a74c9897b5e0 demo demo] Calling method '>' {{(pid=99066) _process_stack /opt/stack/nova/nova/api/openstack/wsgi.py:551}}
Mar 30 21:44:44.314884 np0000161681 devstack@n-api.service[99063]: INFO nova.api.openstack.requestlog [None req-2b992229-0364-4312-9899-aac51edfb84d demo demo] 172.18.0.2 "GET /compute/v2.1/" status: 200 len: 393 microversion: 2.1 time: 0.004635
Mar 30 21:44:44.314950 np0000161681 devstack@n-api.service[99063]: [pid: 99063|app: 0|req: 20/78] 199.204.45.227 () {64 vars in 1271 bytes} [Mon Mar 30 21:44:44 2026] GET /compute/v2.1/ => generated 393 bytes in 5 msecs (HTTP/1.1 200) 9 headers in 357 bytes (1 switches on core 0)
Mar 30 21:44:44.318326 np0000161681 devstack@n-api.service[99066]: INFO nova.api.openstack.requestlog [None req-ead433b9-cd0a-4c59-afb7-a74c9897b5e0 demo demo] 172.18.0.2 "GET /compute/v2.1/" status: 200 len: 393 microversion: 2.1 time: 0.004021
Mar 30 21:44:44.318532 np0000161681 devstack@n-api.service[99066]: [pid: 99066|app: 0|req: 21/79] 199.204.45.227 () {64 vars in 1271 bytes} [Mon Mar 30 21:44:44 2026] GET /compute/v2.1/ => generated 393 bytes in 4 msecs (HTTP/1.1 200) 9 headers in 357 bytes (1 switches on core 0)
Mar 30 21:44:44.322347 np0000161681 devstack@n-api.service[99064]: DEBUG nova.api.openstack.wsgi [None req-35f98546-047d-470c-92a1-347779c7b0f1 demo demo] Calling method '>' {{(pid=99064) _process_stack /opt/stack/nova/nova/api/openstack/wsgi.py:551}}
Mar 30 21:44:44.324829 np0000161681 devstack@n-api.service[99064]: DEBUG oslo_concurrency.lockutils [None req-35f98546-047d-470c-92a1-347779c7b0f1 demo demo] Acquiring lock "00000000-0000-0000-0000-000000000000" by "nova.context.set_target_cell..get_or_set_cached_cell_and_set_connections" {{(pid=99064) inner /opt/stack/data/venv/lib/python3.12/site-packages/oslo_concurrency/lockutils.py:506}}
Mar 30 21:44:44.325060 np0000161681 devstack@n-api.service[99064]: DEBUG oslo_concurrency.lockutils [None req-35f98546-047d-470c-92a1-347779c7b0f1 demo demo] Lock "00000000-0000-0000-0000-000000000000" acquired by "nova.context.set_target_cell..get_or_set_cached_cell_and_set_connections" :: waited 0.000s {{(pid=99064) inner /opt/stack/data/venv/lib/python3.12/site-packages/oslo_concurrency/lockutils.py:519}}
Mar 30 21:44:44.325256 np0000161681 devstack@n-api.service[99064]: DEBUG oslo_concurrency.lockutils [None req-35f98546-047d-470c-92a1-347779c7b0f1 demo demo] Lock "00000000-0000-0000-0000-000000000000" "released" by "nova.context.set_target_cell..get_or_set_cached_cell_and_set_connections" :: held 0.000s {{(pid=99064) inner /opt/stack/data/venv/lib/python3.12/site-packages/oslo_concurrency/lockutils.py:538}}
Mar 30 21:44:44.326397 np0000161681 devstack@n-api.service[99064]: DEBUG oslo_concurrency.lockutils [None req-35f98546-047d-470c-92a1-347779c7b0f1 demo demo] Acquiring lock "c3d4f256-4bda-4d07-934d-5a57819f0af5" by "nova.context.set_target_cell..get_or_set_cached_cell_and_set_connections" {{(pid=99064) inner /opt/stack/data/venv/lib/python3.12/site-packages/oslo_concurrency/lockutils.py:506}}
Mar 30 21:44:44.327940 np0000161681 devstack@n-api.service[99065]: DEBUG nova.api.openstack.wsgi [None req-1f08acaa-c59f-45eb-a4bf-39331d695410 demo demo] Calling method '>' {{(pid=99065) _process_stack /opt/stack/nova/nova/api/openstack/wsgi.py:551}}
Mar 30 21:44:44.329285 np0000161681 devstack@n-api.service[99064]: DEBUG oslo_concurrency.lockutils [None req-35f98546-047d-470c-92a1-347779c7b0f1 demo demo] Lock "c3d4f256-4bda-4d07-934d-5a57819f0af5" acquired by "nova.context.set_target_cell..get_or_set_cached_cell_and_set_connections" :: waited 0.003s {{(pid=99064) inner /opt/stack/data/venv/lib/python3.12/site-packages/oslo_concurrency/lockutils.py:519}}
Mar 30 21:44:44.329477 np0000161681 devstack@n-api.service[99064]: DEBUG oslo_concurrency.lockutils [None req-35f98546-047d-470c-92a1-347779c7b0f1 demo demo] Lock "c3d4f256-4bda-4d07-934d-5a57819f0af5" "released" by "nova.context.set_target_cell..get_or_set_cached_cell_and_set_connections" :: held 0.000s {{(pid=99064) inner /opt/stack/data/venv/lib/python3.12/site-packages/oslo_concurrency/lockutils.py:538}}
Mar 30 21:44:44.345553 np0000161681 devstack@n-api.service[99065]: INFO nova.api.openstack.requestlog [None req-1f08acaa-c59f-45eb-a4bf-39331d695410 demo demo] 172.18.0.2 "GET /compute/v2.1/flavors/detail" status: 200 len: 4022 microversion: 2.38 time: 0.021129
Mar 30 21:44:44.346413 np0000161681 devstack@n-api.service[99065]: [pid: 99065|app: 0|req: 20/80] 199.204.45.227 () {68 vars in 1396 bytes} [Mon Mar 30 21:44:44 2026] GET /compute/v2.1/flavors/detail => generated 4022 bytes in 22 msecs (HTTP/1.1 200) 9 headers in 360 bytes (1 switches on core 0)
Mar 30 21:44:44.351389 np0000161681 devstack@n-api.service[99064]: INFO nova.api.openstack.requestlog [None req-35f98546-047d-470c-92a1-347779c7b0f1 demo demo] 172.18.0.2 "GET /compute/v2.1/os-availability-zone" status: 200 len: 97 microversion: 2.38 time: 0.031832
Mar 30 21:44:44.351965 np0000161681 devstack@n-api.service[99064]: [pid: 99064|app: 0|req: 20/81] 199.204.45.227 () {68 vars in 1414 bytes} [Mon Mar 30 21:44:44 2026] GET /compute/v2.1/os-availability-zone => generated 97 bytes in 33 msecs (HTTP/1.1 200) 9 headers in 358 bytes (1 switches on core 0)
Mar 30 21:44:45.012061 np0000161681 devstack@n-api.service[99063]: DEBUG nova.api.openstack.wsgi [None req-2b992229-0364-4312-9899-aac51edfb84d demo demo] Calling method '>' {{(pid=99063) _process_stack /opt/stack/nova/nova/api/openstack/wsgi.py:551}}
Mar 30 21:44:45.017859 np0000161681 devstack@n-api.service[99063]: INFO nova.api.openstack.requestlog [None req-2b992229-0364-4312-9899-aac51edfb84d demo demo] 172.18.0.2 "GET /compute/v2.1/" status: 200 len: 393 microversion: 2.1 time: 0.006351
Mar 30 21:44:45.018119 np0000161681 devstack@n-api.service[99063]: [pid: 99063|app: 0|req: 21/82] 199.204.45.227 () {64 vars in 1271 bytes} [Mon Mar 30 21:44:45 2026] GET /compute/v2.1/ => generated 393 bytes in 7 msecs (HTTP/1.1 200) 9 headers in 357 bytes (1 switches on core 0)
Mar 30 21:44:45.027577 np0000161681 devstack@n-api.service[99066]: DEBUG nova.api.openstack.wsgi [None req-54f75cb0-4c9e-488d-957a-48482427edfd demo demo] Calling method '>' {{(pid=99066) _process_stack /opt/stack/nova/nova/api/openstack/wsgi.py:551}}
Mar 30 21:44:45.031579 np0000161681 devstack@n-api.service[99066]: DEBUG nova.policy [None req-54f75cb0-4c9e-488d-957a-48482427edfd demo demo] Policy check for os_compute_api:servers:allow_all_filters failed with credentials {'is_admin': False, 'user_id': '865d681f91034e37b72d4f0225980d5e', 'user_domain_id': 'default', 'system_scope': None, 'domain_id': None, 'project_id': '09343cb7427a4af8b496fe106629309d', 'project_domain_id': 'default', 'roles': ['member', 'anotherrole', 'load-balancer_member', 'reader'], 'is_admin_project': True, 'service_user_id': None, 'service_user_domain_id': None, 'service_project_id': None, 'service_project_domain_id': None, 'service_roles': []} {{(pid=99066) authorize /opt/stack/nova/nova/policy.py:192}}
Mar 30 21:44:45.032057 np0000161681 devstack@n-api.service[99066]: DEBUG nova.compute.api [None req-54f75cb0-4c9e-488d-957a-48482427edfd demo demo] Searching by: {'name': '^kube-hmyob-wxmbg-g8v2m$', 'deleted': False, 'project_id': '09343cb7427a4af8b496fe106629309d'} {{(pid=99066) get_all /opt/stack/nova/nova/compute/api.py:3089}}
Mar 30 21:44:45.036990 np0000161681 devstack@n-api.service[99066]: DEBUG oslo_concurrency.lockutils [None req-54f75cb0-4c9e-488d-957a-48482427edfd demo demo] Acquiring lock "00000000-0000-0000-0000-000000000000" by "nova.context.set_target_cell..get_or_set_cached_cell_and_set_connections" {{(pid=99066) inner /opt/stack/data/venv/lib/python3.12/site-packages/oslo_concurrency/lockutils.py:506}}
Mar 30 21:44:45.037236 np0000161681 devstack@n-api.service[99066]: DEBUG oslo_concurrency.lockutils [None req-54f75cb0-4c9e-488d-957a-48482427edfd demo demo] Lock "00000000-0000-0000-0000-000000000000" acquired by "nova.context.set_target_cell..get_or_set_cached_cell_and_set_connections" :: waited 0.000s {{(pid=99066) inner /opt/stack/data/venv/lib/python3.12/site-packages/oslo_concurrency/lockutils.py:519}}
Mar 30 21:44:45.037424 np0000161681 devstack@n-api.service[99066]: DEBUG oslo_concurrency.lockutils [None req-54f75cb0-4c9e-488d-957a-48482427edfd demo demo] Lock "00000000-0000-0000-0000-000000000000" "released" by "nova.context.set_target_cell..get_or_set_cached_cell_and_set_connections" :: held 0.000s {{(pid=99066) inner /opt/stack/data/venv/lib/python3.12/site-packages/oslo_concurrency/lockutils.py:538}}
Mar 30 21:44:45.038394 np0000161681 devstack@n-api.service[99066]: DEBUG oslo_concurrency.lockutils [None req-54f75cb0-4c9e-488d-957a-48482427edfd demo demo] Acquiring lock "c3d4f256-4bda-4d07-934d-5a57819f0af5" by "nova.context.set_target_cell..get_or_set_cached_cell_and_set_connections" {{(pid=99066) inner /opt/stack/data/venv/lib/python3.12/site-packages/oslo_concurrency/lockutils.py:506}}
Mar 30 21:44:45.038608 np0000161681 devstack@n-api.service[99066]: DEBUG oslo_concurrency.lockutils [None req-54f75cb0-4c9e-488d-957a-48482427edfd demo demo] Lock "c3d4f256-4bda-4d07-934d-5a57819f0af5" acquired by "nova.context.set_target_cell..get_or_set_cached_cell_and_set_connections" :: waited 0.000s {{(pid=99066) inner /opt/stack/data/venv/lib/python3.12/site-packages/oslo_concurrency/lockutils.py:519}}
Mar 30 21:44:45.038812 np0000161681 devstack@n-api.service[99066]: DEBUG oslo_concurrency.lockutils [None req-54f75cb0-4c9e-488d-957a-48482427edfd demo demo] Lock "c3d4f256-4bda-4d07-934d-5a57819f0af5" "released" by "nova.context.set_target_cell..get_or_set_cached_cell_and_set_connections" :: held 0.000s {{(pid=99066) inner /opt/stack/data/venv/lib/python3.12/site-packages/oslo_concurrency/lockutils.py:538}}
Mar 30 21:44:45.104180 np0000161681 devstack@n-api.service[99066]: DEBUG oslo_concurrency.lockutils [None req-54f75cb0-4c9e-488d-957a-48482427edfd demo demo] Acquiring lock "00000000-0000-0000-0000-000000000000" by "nova.context.set_target_cell..get_or_set_cached_cell_and_set_connections" {{(pid=99066) inner /opt/stack/data/venv/lib/python3.12/site-packages/oslo_concurrency/lockutils.py:506}}
Mar 30 21:44:45.104730 np0000161681 devstack@n-api.service[99066]: DEBUG oslo_concurrency.lockutils [None req-54f75cb0-4c9e-488d-957a-48482427edfd demo demo] Lock "00000000-0000-0000-0000-000000000000" acquired by "nova.context.set_target_cell..get_or_set_cached_cell_and_set_connections" :: waited 0.001s {{(pid=99066) inner /opt/stack/data/venv/lib/python3.12/site-packages/oslo_concurrency/lockutils.py:519}}
Mar 30 21:44:45.105207 np0000161681 devstack@n-api.service[99066]: DEBUG oslo_concurrency.lockutils [None req-54f75cb0-4c9e-488d-957a-48482427edfd demo demo] Lock "00000000-0000-0000-0000-000000000000" "released" by "nova.context.set_target_cell..get_or_set_cached_cell_and_set_connections" :: held 0.000s {{(pid=99066) inner /opt/stack/data/venv/lib/python3.12/site-packages/oslo_concurrency/lockutils.py:538}}
Mar 30 21:44:45.105991 np0000161681 devstack@n-api.service[99065]: DEBUG nova.api.openstack.wsgi [None req-1f08acaa-c59f-45eb-a4bf-39331d695410 demo demo] Calling method '>' {{(pid=99065) _process_stack /opt/stack/nova/nova/api/openstack/wsgi.py:551}}
Mar 30 21:44:45.106503 np0000161681 devstack@n-api.service[99066]: DEBUG oslo_concurrency.lockutils [None req-54f75cb0-4c9e-488d-957a-48482427edfd demo demo] Acquiring lock "c3d4f256-4bda-4d07-934d-5a57819f0af5" by "nova.context.set_target_cell..get_or_set_cached_cell_and_set_connections" {{(pid=99066) inner /opt/stack/data/venv/lib/python3.12/site-packages/oslo_concurrency/lockutils.py:506}}
Mar 30 21:44:45.106937 np0000161681 devstack@n-api.service[99066]: DEBUG oslo_concurrency.lockutils [None req-54f75cb0-4c9e-488d-957a-48482427edfd demo demo] Lock "c3d4f256-4bda-4d07-934d-5a57819f0af5" acquired by "nova.context.set_target_cell..get_or_set_cached_cell_and_set_connections" :: waited 0.001s {{(pid=99066) inner /opt/stack/data/venv/lib/python3.12/site-packages/oslo_concurrency/lockutils.py:519}}
Mar 30 21:44:45.107390 np0000161681 devstack@n-api.service[99066]: DEBUG oslo_concurrency.lockutils [None req-54f75cb0-4c9e-488d-957a-48482427edfd demo demo] Lock "c3d4f256-4bda-4d07-934d-5a57819f0af5" "released" by "nova.context.set_target_cell..get_or_set_cached_cell_and_set_connections" :: held 0.000s {{(pid=99066) inner /opt/stack/data/venv/lib/python3.12/site-packages/oslo_concurrency/lockutils.py:538}}
Mar 30 21:44:45.110063 np0000161681 devstack@n-api.service[99066]: DEBUG nova.policy [None req-54f75cb0-4c9e-488d-957a-48482427edfd demo demo] Policy check for os_compute_api:os-extended-server-attributes failed with credentials {'is_admin': False, 'user_id': '865d681f91034e37b72d4f0225980d5e', 'user_domain_id': 'default', 'system_scope': None, 'domain_id': None, 'project_id': '09343cb7427a4af8b496fe106629309d', 'project_domain_id': 'default', 'roles': ['member', 'anotherrole', 'load-balancer_member', 'reader'], 'is_admin_project': True, 'service_user_id': None, 'service_user_domain_id': None, 'service_project_id': None, 'service_project_domain_id': None, 'service_roles': []} {{(pid=99066) authorize /opt/stack/nova/nova/policy.py:192}}
Mar 30 21:44:45.110328 np0000161681 devstack@n-api.service[99065]: INFO nova.api.openstack.requestlog [None req-1f08acaa-c59f-45eb-a4bf-39331d695410 demo demo] 172.18.0.2 "GET /compute/v2.1/" status: 200 len: 393 microversion: 2.1 time: 0.004798
Mar 30 21:44:45.110593 np0000161681 devstack@n-api.service[99065]: [pid: 99065|app: 0|req: 21/83] 199.204.45.227 () {64 vars in 1271 bytes} [Mon Mar 30 21:44:45 2026] GET /compute/v2.1/ => generated 393 bytes in 5 msecs (HTTP/1.1 200) 9 headers in 357 bytes (1 switches on core 0)
Mar 30 21:44:45.114618 np0000161681 devstack@n-api.service[99066]: DEBUG nova.policy [None req-54f75cb0-4c9e-488d-957a-48482427edfd demo demo] Policy check for os_compute_api:servers:show:host_status failed with credentials {'is_admin': False, 'user_id': '865d681f91034e37b72d4f0225980d5e', 'user_domain_id': 'default', 'system_scope': None, 'domain_id': None, 'project_id': '09343cb7427a4af8b496fe106629309d', 'project_domain_id': 'default', 'roles': ['member', 'anotherrole', 'load-balancer_member', 'reader'], 'is_admin_project': True, 'service_user_id': None, 'service_user_domain_id': None, 'service_project_id': None, 'service_project_domain_id': None, 'service_roles': []} {{(pid=99066) authorize /opt/stack/nova/nova/policy.py:192}}
Mar 30 21:44:45.115769 np0000161681 devstack@n-api.service[99066]: DEBUG nova.policy [None req-54f75cb0-4c9e-488d-957a-48482427edfd demo demo] Policy check for os_compute_api:servers:show:host_status:unknown-only failed with credentials {'is_admin': False, 'user_id': '865d681f91034e37b72d4f0225980d5e', 'user_domain_id': 'default', 'system_scope': None, 'domain_id': None, 'project_id': '09343cb7427a4af8b496fe106629309d', 'project_domain_id': 'default', 'roles': ['member', 'anotherrole', 'load-balancer_member', 'reader'], 'is_admin_project': True, 'service_user_id': None, 'service_user_domain_id': None, 'service_project_id': None, 'service_project_domain_id': None, 'service_roles': []} {{(pid=99066) authorize /opt/stack/nova/nova/policy.py:192}}
Mar 30 21:44:45.118387 np0000161681 devstack@n-api.service[99066]: INFO nova.api.openstack.requestlog [None req-54f75cb0-4c9e-488d-957a-48482427edfd demo demo] 172.18.0.2 "GET /compute/v2.1/servers/detail?name=%5Ekube-hmyob-wxmbg-g8v2m%24" status: 200 len: 15 microversion: 2.38 time: 0.093345
Mar 30 21:44:45.118769 np0000161681 devstack@n-api.service[99066]: [pid: 99066|app: 0|req: 22/84] 199.204.45.227 () {68 vars in 1463 bytes} [Mon Mar 30 21:44:45 2026] GET /compute/v2.1/servers/detail?name=%5Ekube-hmyob-wxmbg-g8v2m%24 => generated 15 bytes in 94 msecs (HTTP/1.1 200) 9 headers in 358 bytes (1 switches on core 0)
Mar 30 21:44:45.122929 np0000161681 devstack@n-api.service[99064]: DEBUG nova.api.openstack.wsgi [None req-eef2df2d-4057-40ab-ad6d-f11ee7346b87 demo demo] Calling method '>' {{(pid=99064) _process_stack /opt/stack/nova/nova/api/openstack/wsgi.py:551}}
Mar 30 21:44:45.128406 np0000161681 devstack@n-api.service[99064]: DEBUG oslo_concurrency.lockutils [None req-eef2df2d-4057-40ab-ad6d-f11ee7346b87 demo demo] Acquiring lock "00000000-0000-0000-0000-000000000000" by "nova.context.set_target_cell..get_or_set_cached_cell_and_set_connections" {{(pid=99064) inner /opt/stack/data/venv/lib/python3.12/site-packages/oslo_concurrency/lockutils.py:506}}
Mar 30 21:44:45.128406 np0000161681 devstack@n-api.service[99064]: DEBUG oslo_concurrency.lockutils [None req-eef2df2d-4057-40ab-ad6d-f11ee7346b87 demo demo] Lock "00000000-0000-0000-0000-000000000000" acquired by "nova.context.set_target_cell..get_or_set_cached_cell_and_set_connections" :: waited 0.000s {{(pid=99064) inner /opt/stack/data/venv/lib/python3.12/site-packages/oslo_concurrency/lockutils.py:519}}
Mar 30 21:44:45.128406 np0000161681 devstack@n-api.service[99064]: DEBUG oslo_concurrency.lockutils [None req-eef2df2d-4057-40ab-ad6d-f11ee7346b87 demo demo] Lock "00000000-0000-0000-0000-000000000000" "released" by "nova.context.set_target_cell..get_or_set_cached_cell_and_set_connections" :: held 0.000s {{(pid=99064) inner /opt/stack/data/venv/lib/python3.12/site-packages/oslo_concurrency/lockutils.py:538}}
Mar 30 21:44:45.128406 np0000161681 devstack@n-api.service[99064]: DEBUG oslo_concurrency.lockutils [None req-eef2df2d-4057-40ab-ad6d-f11ee7346b87 demo demo] Acquiring lock "c3d4f256-4bda-4d07-934d-5a57819f0af5" by "nova.context.set_target_cell..get_or_set_cached_cell_and_set_connections" {{(pid=99064) inner /opt/stack/data/venv/lib/python3.12/site-packages/oslo_concurrency/lockutils.py:506}}
Mar 30 21:44:45.128605 np0000161681 devstack@n-api.service[99064]: DEBUG oslo_concurrency.lockutils [None req-eef2df2d-4057-40ab-ad6d-f11ee7346b87 demo demo] Lock "c3d4f256-4bda-4d07-934d-5a57819f0af5" acquired by "nova.context.set_target_cell..get_or_set_cached_cell_and_set_connections" :: waited 0.000s {{(pid=99064) inner /opt/stack/data/venv/lib/python3.12/site-packages/oslo_concurrency/lockutils.py:519}}
Mar 30 21:44:45.129751 np0000161681 devstack@n-api.service[99064]: DEBUG oslo_concurrency.lockutils [None req-eef2df2d-4057-40ab-ad6d-f11ee7346b87 demo demo] Lock "c3d4f256-4bda-4d07-934d-5a57819f0af5" "released" by "nova.context.set_target_cell..get_or_set_cached_cell_and_set_connections" :: held 0.000s {{(pid=99064) inner /opt/stack/data/venv/lib/python3.12/site-packages/oslo_concurrency/lockutils.py:538}}
Mar 30 21:44:45.131854 np0000161681 devstack@n-api.service[99063]: DEBUG nova.api.openstack.wsgi [None req-2b992229-0364-4312-9899-aac51edfb84d demo demo] Calling method '>' {{(pid=99063) _process_stack /opt/stack/nova/nova/api/openstack/wsgi.py:551}}
Mar 30 21:44:45.141242 np0000161681 devstack@n-api.service[99063]: INFO nova.api.openstack.requestlog [None req-2b992229-0364-4312-9899-aac51edfb84d demo demo] 172.18.0.2 "GET /compute/v2.1/" status: 200 len: 393 microversion: 2.1 time: 0.010122
Mar 30 21:44:45.141400 np0000161681 devstack@n-api.service[99063]: [pid: 99063|app: 0|req: 22/85] 199.204.45.227 () {64 vars in 1271 bytes} [Mon Mar 30 21:44:45 2026] GET /compute/v2.1/ => generated 393 bytes in 11 msecs (HTTP/1.1 200) 9 headers in 357 bytes (1 switches on core 0)
Mar 30 21:44:45.146346 np0000161681 devstack@n-api.service[99064]: INFO nova.api.openstack.requestlog [None req-eef2df2d-4057-40ab-ad6d-f11ee7346b87 demo demo] 172.18.0.2 "GET /compute/v2.1/os-availability-zone" status: 200 len: 97 microversion: 2.38 time: 0.028442
Mar 30 21:44:45.146890 np0000161681 devstack@n-api.service[99064]: [pid: 99064|app: 0|req: 21/86] 199.204.45.227 () {68 vars in 1414 bytes} [Mon Mar 30 21:44:45 2026] GET /compute/v2.1/os-availability-zone => generated 97 bytes in 30 msecs (HTTP/1.1 200) 9 headers in 358 bytes (1 switches on core 0)
