May 20 01:50:17.311583 np0000175150 devstack@neutron-api.service[103041]: DEBUG neutron_lib.callbacks.manager [None req-40499858-6dce-48ca-9aeb-931c1f287b16 None None] Subscribe: > router before_delete 55550000, False {{(pid=103041) subscribe /opt/stack/data/venv/lib/python3.12/site-packages/neutron_lib/callbacks/manager.py:52}}
May 20 01:50:17.311701 np0000175150 devstack@neutron-api.service[103040]: INFO neutron.api.extensions [None req-f164145c-971d-4362-983d-c4d20164e733 None None] Loaded extension: extraroute
May 20 01:50:17.311729 np0000175150 devstack@neutron-api.service[103041]: DEBUG neutron_lib.callbacks.manager [None req-40499858-6dce-48ca-9aeb-931c1f287b16 None None] Subscribe: port before_update 55550000, False {{(pid=103041) subscribe /opt/stack/data/venv/lib/python3.12/site-packages/neutron_lib/callbacks/manager.py:52}}
May 20 01:50:17.311805 np0000175150 devstack@neutron-api.service[103040]: DEBUG neutron.api.extensions [None req-f164145c-971d-4362-983d-c4d20164e733 None None] Loading extension file: extraroute_atomic.py {{(pid=103040) _load_all_extensions_from_path /opt/stack/neutron/neutron/api/extensions.py:449}}
May 20 01:50:17.311842 np0000175150 devstack@neutron-api.service[103041]: DEBUG neutron_lib.callbacks.manager [None req-40499858-6dce-48ca-9aeb-931c1f287b16 None None] Subscribe: port after_update 55550000, False {{(pid=103041) subscribe /opt/stack/data/venv/lib/python3.12/site-packages/neutron_lib/callbacks/manager.py:52}}
May 20 01:50:17.311950 np0000175150 devstack@neutron-api.service[103041]: DEBUG neutron_lib.callbacks.manager [None req-40499858-6dce-48ca-9aeb-931c1f287b16 None None] Subscribe: > port precommit_delete 55550000, False {{(pid=103041) subscribe /opt/stack/data/venv/lib/python3.12/site-packages/neutron_lib/callbacks/manager.py:52}}
May 20 01:50:17.312044 np0000175150 devstack@neutron-api.service[103040]: DEBUG neutron.api.extensions [None req-f164145c-971d-4362-983d-c4d20164e733 None None] Ext name="Atomically add/remove extra routes" alias="extraroute-atomic" description="Edit extra routes of a router on server side by atomically adding/removing extra routes" updated="2019-07-10T00:00:00+00:00" {{(pid=103040) _check_extension /opt/stack/neutron/neutron/api/extensions.py:415}}
May 20 01:50:17.312074 np0000175150 devstack@neutron-api.service[103041]: DEBUG neutron_lib.callbacks.manager [None req-40499858-6dce-48ca-9aeb-931c1f287b16 None None] Subscribe: port before_update 55550000, False {{(pid=103041) subscribe /opt/stack/data/venv/lib/python3.12/site-packages/neutron_lib/callbacks/manager.py:52}}
May 20 01:50:17.312152 np0000175150 devstack@neutron-api.service[103041]: DEBUG neutron_lib.callbacks.manager [None req-40499858-6dce-48ca-9aeb-931c1f287b16 None None] Subscribe: port before_delete 55550000, False {{(pid=103041) subscribe /opt/stack/data/venv/lib/python3.12/site-packages/neutron_lib/callbacks/manager.py:52}}
May 20 01:50:17.312207 np0000175150 devstack@neutron-api.service[103040]: INFO neutron.api.extensions [None req-f164145c-971d-4362-983d-c4d20164e733 None None] Loaded extension: extraroute-atomic
May 20 01:50:17.312255 np0000175150 devstack@neutron-api.service[103041]: DEBUG neutron_lib.callbacks.manager [None req-40499858-6dce-48ca-9aeb-931c1f287b16 None None] Subscribe: > router precommit_create 55550000, False {{(pid=103041) subscribe /opt/stack/data/venv/lib/python3.12/site-packages/neutron_lib/callbacks/manager.py:52}}
May 20 01:50:17.312286 np0000175150 devstack@neutron-api.service[103040]: DEBUG neutron.api.extensions [None req-f164145c-971d-4362-983d-c4d20164e733 None None] Loading extension file: filter_validation.py {{(pid=103040) _load_all_extensions_from_path /opt/stack/neutron/neutron/api/extensions.py:449}}
May 20 01:50:17.312359 np0000175150 devstack@neutron-api.service[103041]: DEBUG neutron_lib.callbacks.manager [None req-40499858-6dce-48ca-9aeb-931c1f287b16 None None] Subscribe: > router precommit_create 55550000, False {{(pid=103041) subscribe /opt/stack/data/venv/lib/python3.12/site-packages/neutron_lib/callbacks/manager.py:52}}
May 20 01:50:17.312460 np0000175150 devstack@neutron-api.service[103041]: DEBUG neutron_lib.callbacks.manager [None req-40499858-6dce-48ca-9aeb-931c1f287b16 None None] Subscribe: > router precommit_update 55550000, False {{(pid=103041) subscribe /opt/stack/data/venv/lib/python3.12/site-packages/neutron_lib/callbacks/manager.py:52}}
May 20 01:50:17.312529 np0000175150 devstack@neutron-api.service[103040]: DEBUG neutron.api.extensions [None req-f164145c-971d-4362-983d-c4d20164e733 None None] Ext name="Filter parameters validation" alias="filter-validation" description="Provides validation on filter parameters." updated="2018-07-04T10:00:00-00:00" {{(pid=103040) _check_extension /opt/stack/neutron/neutron/api/extensions.py:415}}
May 20 01:50:17.312562 np0000175150 devstack@neutron-api.service[103041]: DEBUG neutron_lib.callbacks.manager [None req-40499858-6dce-48ca-9aeb-931c1f287b16 None None] Subscribe: subnet after_update 55550000, False {{(pid=103041) subscribe /opt/stack/data/venv/lib/python3.12/site-packages/neutron_lib/callbacks/manager.py:52}}
May 20 01:50:17.312691 np0000175150 devstack@neutron-api.service[103040]: INFO neutron.api.extensions [None req-f164145c-971d-4362-983d-c4d20164e733 None None] Loaded extension: filter-validation
May 20 01:50:17.312771 np0000175150 devstack@neutron-api.service[103041]: DEBUG neutron.quota.resource_registry [None req-40499858-6dce-48ca-9aeb-931c1f287b16 None None] Tracking information for resource: router configured {{(pid=103041) set_tracked_resource /opt/stack/neutron/neutron/quota/resource_registry.py:203}}
May 20 01:50:17.312803 np0000175150 devstack@neutron-api.service[103040]: DEBUG neutron.api.extensions [None req-f164145c-971d-4362-983d-c4d20164e733 None None] Loading extension file: fip_pf_description.py {{(pid=103040) _load_all_extensions_from_path /opt/stack/neutron/neutron/api/extensions.py:449}}
May 20 01:50:17.312876 np0000175150 devstack@neutron-api.service[103041]: DEBUG neutron.quota.resource_registry [None req-40499858-6dce-48ca-9aeb-931c1f287b16 None None] Tracking information for resource: floatingip configured {{(pid=103041) set_tracked_resource /opt/stack/neutron/neutron/quota/resource_registry.py:203}}
May 20 01:50:17.312965 np0000175150 devstack@neutron-api.service[103041]: INFO neutron.services.ovn_l3.plugin [None req-40499858-6dce-48ca-9aeb-931c1f287b16 None None] Starting OVNL3RouterPlugin
May 20 01:50:17.313020 np0000175150 devstack@neutron-api.service[103040]: DEBUG neutron.api.extensions [None req-f164145c-971d-4362-983d-c4d20164e733 None None] Ext name="Floating IP Port Forwarding new attribute description" alias="floating-ip-port-forwarding-description" description="Add a description field to Port Forwarding rules" updated="2019-11-01T10:00:00-00:00" {{(pid=103040) _check_extension /opt/stack/neutron/neutron/api/extensions.py:415}}
May 20 01:50:17.313062 np0000175150 devstack@neutron-api.service[103043]: DEBUG neutron_lib.callbacks.manager [None req-4090f417-334e-4b00-9f4b-44c9dd69c409 None None] Subscribe: > router before_delete 55550000, False {{(pid=103043) subscribe /opt/stack/data/venv/lib/python3.12/site-packages/neutron_lib/callbacks/manager.py:52}}
May 20 01:50:17.313182 np0000175150 devstack@neutron-api.service[103040]: INFO neutron.api.extensions [None req-f164145c-971d-4362-983d-c4d20164e733 None None] Extension floating-ip-port-forwarding-description not supported by any of loaded plugins
May 20 01:50:17.313210 np0000175150 devstack@neutron-api.service[103041]: DEBUG neutron_lib.callbacks.manager [None req-40499858-6dce-48ca-9aeb-931c1f287b16 None None] Subscribe: > port_forwarding_plugin after_init 55550000, False {{(pid=103041) subscribe /opt/stack/data/venv/lib/python3.12/site-packages/neutron_lib/callbacks/manager.py:52}}
May 20 01:50:17.313237 np0000175150 devstack@neutron-api.service[103043]: DEBUG neutron_lib.callbacks.manager [None req-4090f417-334e-4b00-9f4b-44c9dd69c409 None None] Subscribe: port before_update 55550000, False {{(pid=103043) subscribe /opt/stack/data/venv/lib/python3.12/site-packages/neutron_lib/callbacks/manager.py:52}}
May 20 01:50:17.313272 np0000175150 devstack@neutron-api.service[103040]: DEBUG neutron.api.extensions [None req-f164145c-971d-4362-983d-c4d20164e733 None None] Loading extension file: fip_pf_detail.py {{(pid=103040) _load_all_extensions_from_path /opt/stack/neutron/neutron/api/extensions.py:449}}
May 20 01:50:17.313302 np0000175150 devstack@neutron-api.service[103043]: DEBUG neutron_lib.callbacks.manager [None req-4090f417-334e-4b00-9f4b-44c9dd69c409 None None] Subscribe: port after_update 55550000, False {{(pid=103043) subscribe /opt/stack/data/venv/lib/python3.12/site-packages/neutron_lib/callbacks/manager.py:52}}
May 20 01:50:17.313392 np0000175150 devstack@neutron-api.service[103041]: DEBUG neutron_lib.callbacks.manager [None req-40499858-6dce-48ca-9aeb-931c1f287b16 None None] Subscribe: > router before_create 55550100, False {{(pid=103041) subscribe /opt/stack/data/venv/lib/python3.12/site-packages/neutron_lib/callbacks/manager.py:52}}
May 20 01:50:17.313452 np0000175150 devstack@neutron-api.service[103043]: DEBUG neutron_lib.callbacks.manager [None req-4090f417-334e-4b00-9f4b-44c9dd69c409 None None] Subscribe: > port precommit_delete 55550000, False {{(pid=103043) subscribe /opt/stack/data/venv/lib/python3.12/site-packages/neutron_lib/callbacks/manager.py:52}}
May 20 01:50:17.313480 np0000175150 devstack@neutron-api.service[103040]: DEBUG neutron.api.extensions [None req-f164145c-971d-4362-983d-c4d20164e733 None None] Ext name="Floating IP port forwarding detail" alias="floating-ip-port-forwarding-detail" description="Allow list floating ip return more port forwarding data, include'id' and 'internal_port_id'" updated="2022-05-06T10:00:00-00:00" {{(pid=103040) _check_extension /opt/stack/neutron/neutron/api/extensions.py:415}}
May 20 01:50:17.313511 np0000175150 devstack@neutron-api.service[103041]: DEBUG neutron_lib.callbacks.manager [None req-40499858-6dce-48ca-9aeb-931c1f287b16 None None] Subscribe: > router precommit_delete 55550100, False {{(pid=103041) subscribe /opt/stack/data/venv/lib/python3.12/site-packages/neutron_lib/callbacks/manager.py:52}}
May 20 01:50:17.313541 np0000175150 devstack@neutron-api.service[103043]: DEBUG neutron_lib.callbacks.manager [None req-4090f417-334e-4b00-9f4b-44c9dd69c409 None None] Subscribe: port before_update 55550000, False {{(pid=103043) subscribe /opt/stack/data/venv/lib/python3.12/site-packages/neutron_lib/callbacks/manager.py:52}}
May 20 01:50:17.313598 np0000175150 devstack@neutron-api.service[103043]: DEBUG neutron_lib.callbacks.manager [None req-4090f417-334e-4b00-9f4b-44c9dd69c409 None None] Subscribe: port before_delete 55550000, False {{(pid=103043) subscribe /opt/stack/data/venv/lib/python3.12/site-packages/neutron_lib/callbacks/manager.py:52}}
May 20 01:50:17.313627 np0000175150 devstack@neutron-api.service[103041]: DEBUG neutron_lib.callbacks.manager [None req-40499858-6dce-48ca-9aeb-931c1f287b16 None None] Subscribe: > router precommit_create 55550100, False {{(pid=103041) subscribe /opt/stack/data/venv/lib/python3.12/site-packages/neutron_lib/callbacks/manager.py:52}}
May 20 01:50:17.313699 np0000175150 devstack@neutron-api.service[103043]: DEBUG neutron_lib.callbacks.manager [None req-4090f417-334e-4b00-9f4b-44c9dd69c409 None None] Subscribe: > router precommit_create 55550000, False {{(pid=103043) subscribe /opt/stack/data/venv/lib/python3.12/site-packages/neutron_lib/callbacks/manager.py:52}}
May 20 01:50:17.313781 np0000175150 devstack@neutron-api.service[103041]: DEBUG neutron_lib.callbacks.manager [None req-40499858-6dce-48ca-9aeb-931c1f287b16 None None] Subscribe: > router precommit_update 55550100, False {{(pid=103041) subscribe /opt/stack/data/venv/lib/python3.12/site-packages/neutron_lib/callbacks/manager.py:52}}
May 20 01:50:17.313830 np0000175150 devstack@neutron-api.service[103043]: DEBUG neutron_lib.callbacks.manager [None req-4090f417-334e-4b00-9f4b-44c9dd69c409 None None] Subscribe: > router precommit_create 55550000, False {{(pid=103043) subscribe /opt/stack/data/venv/lib/python3.12/site-packages/neutron_lib/callbacks/manager.py:52}}
May 20 01:50:17.313871 np0000175150 devstack@neutron-api.service[103040]: INFO neutron.api.extensions [None req-f164145c-971d-4362-983d-c4d20164e733 None None] Loaded extension: floating-ip-port-forwarding-detail
May 20 01:50:17.313911 np0000175150 devstack@neutron-api.service[103043]: DEBUG neutron_lib.callbacks.manager [None req-4090f417-334e-4b00-9f4b-44c9dd69c409 None None] Subscribe: > router precommit_update 55550000, False {{(pid=103043) subscribe /opt/stack/data/venv/lib/python3.12/site-packages/neutron_lib/callbacks/manager.py:52}}
May 20 01:50:17.313954 np0000175150 devstack@neutron-api.service[103040]: DEBUG neutron.api.extensions [None req-f164145c-971d-4362-983d-c4d20164e733 None None] Loading extension file: fip_pf_port_range.py {{(pid=103040) _load_all_extensions_from_path /opt/stack/neutron/neutron/api/extensions.py:449}}
May 20 01:50:17.314018 np0000175150 devstack@neutron-api.service[103043]: DEBUG neutron_lib.callbacks.manager [None req-4090f417-334e-4b00-9f4b-44c9dd69c409 None None] Subscribe: subnet after_update 55550000, False {{(pid=103043) subscribe /opt/stack/data/venv/lib/python3.12/site-packages/neutron_lib/callbacks/manager.py:52}}
May 20 01:50:17.314155 np0000175150 devstack@neutron-api.service[103040]: DEBUG neutron.api.extensions [None req-f164145c-971d-4362-983d-c4d20164e733 None None] Ext name="Floating IP Port Forwarding support port ranges" alias="floating-ip-port-forwarding-port-ranges" description="Add support to port ranges" updated="2020-07-01T10:00:00-00:00" {{(pid=103040) _check_extension /opt/stack/neutron/neutron/api/extensions.py:415}}
May 20 01:50:17.314207 np0000175150 devstack@neutron-api.service[103043]: DEBUG neutron.quota.resource_registry [None req-4090f417-334e-4b00-9f4b-44c9dd69c409 None None] Tracking information for resource: router configured {{(pid=103043) set_tracked_resource /opt/stack/neutron/neutron/quota/resource_registry.py:203}}
May 20 01:50:17.314394 np0000175150 devstack@neutron-api.service[103040]: INFO neutron.api.extensions [None req-f164145c-971d-4362-983d-c4d20164e733 None None] Extension floating-ip-port-forwarding-port-ranges not supported by any of loaded plugins
May 20 01:50:17.314519 np0000175150 devstack@neutron-api.service[103043]: DEBUG neutron.quota.resource_registry [None req-4090f417-334e-4b00-9f4b-44c9dd69c409 None None] Tracking information for resource: floatingip configured {{(pid=103043) set_tracked_resource /opt/stack/neutron/neutron/quota/resource_registry.py:203}}
May 20 01:50:17.314592 np0000175150 devstack@neutron-api.service[103040]: DEBUG neutron.api.extensions [None req-f164145c-971d-4362-983d-c4d20164e733 None None] Loading extension file: fip_port_details.py {{(pid=103040) _load_all_extensions_from_path /opt/stack/neutron/neutron/api/extensions.py:449}}
May 20 01:50:17.314632 np0000175150 devstack@neutron-api.service[103043]: INFO neutron.services.ovn_l3.plugin [None req-4090f417-334e-4b00-9f4b-44c9dd69c409 None None] Starting OVNL3RouterPlugin
May 20 01:50:17.314682 np0000175150 devstack@neutron-api.service[103043]: DEBUG neutron_lib.callbacks.manager [None req-4090f417-334e-4b00-9f4b-44c9dd69c409 None None] Subscribe: > port_forwarding_plugin after_init 55550000, False {{(pid=103043) subscribe /opt/stack/data/venv/lib/python3.12/site-packages/neutron_lib/callbacks/manager.py:52}}
May 20 01:50:17.314786 np0000175150 devstack@neutron-api.service[103040]: DEBUG neutron.api.extensions [None req-f164145c-971d-4362-983d-c4d20164e733 None None] Ext name="Floating IP Port Details Extension" alias="fip-port-details" description="Add port_details attribute to Floating IP resource" updated="2018-04-09T10:00:00-00:00" {{(pid=103040) _check_extension /opt/stack/neutron/neutron/api/extensions.py:415}}
May 20 01:50:17.314865 np0000175150 devstack@neutron-api.service[103040]: INFO neutron.api.extensions [None req-f164145c-971d-4362-983d-c4d20164e733 None None] Loaded extension: fip-port-details
May 20 01:50:17.314904 np0000175150 devstack@neutron-api.service[103043]: DEBUG neutron_lib.callbacks.manager [None req-4090f417-334e-4b00-9f4b-44c9dd69c409 None None] Subscribe: > router before_create 55550100, False {{(pid=103043) subscribe /opt/stack/data/venv/lib/python3.12/site-packages/neutron_lib/callbacks/manager.py:52}}
May 20 01:50:17.314957 np0000175150 devstack@neutron-api.service[103040]: DEBUG neutron.api.extensions [None req-f164145c-971d-4362-983d-c4d20164e733 None None] Loading extension file: flavors.py {{(pid=103040) _load_all_extensions_from_path /opt/stack/neutron/neutron/api/extensions.py:449}}
May 20 01:50:17.314996 np0000175150 devstack@neutron-api.service[103043]: DEBUG neutron_lib.callbacks.manager [None req-4090f417-334e-4b00-9f4b-44c9dd69c409 None None] Subscribe: > router precommit_delete 55550100, False {{(pid=103043) subscribe /opt/stack/data/venv/lib/python3.12/site-packages/neutron_lib/callbacks/manager.py:52}}
May 20 01:50:17.315067 np0000175150 devstack@neutron-api.service[103043]: DEBUG neutron_lib.callbacks.manager [None req-4090f417-334e-4b00-9f4b-44c9dd69c409 None None] Subscribe: > router precommit_create 55550100, False {{(pid=103043) subscribe /opt/stack/data/venv/lib/python3.12/site-packages/neutron_lib/callbacks/manager.py:52}}
May 20 01:50:17.315166 np0000175150 devstack@neutron-api.service[103040]: DEBUG neutron.api.extensions [None req-f164145c-971d-4362-983d-c4d20164e733 None None] Ext name="Neutron Service Flavors" alias="flavors" description="Flavor specification for Neutron advanced services." updated="2015-09-17T10:00:00-00:00" {{(pid=103040) _check_extension /opt/stack/neutron/neutron/api/extensions.py:415}}
May 20 01:50:17.315208 np0000175150 devstack@neutron-api.service[103043]: DEBUG neutron_lib.callbacks.manager [None req-4090f417-334e-4b00-9f4b-44c9dd69c409 None None] Subscribe: > router precommit_update 55550100, False {{(pid=103043) subscribe /opt/stack/data/venv/lib/python3.12/site-packages/neutron_lib/callbacks/manager.py:52}}
May 20 01:50:17.315368 np0000175150 devstack@neutron-api.service[103040]: INFO neutron.api.extensions [None req-f164145c-971d-4362-983d-c4d20164e733 None None] Loaded extension: flavors
May 20 01:50:17.315457 np0000175150 devstack@neutron-api.service[103040]: DEBUG neutron.api.extensions [None req-f164145c-971d-4362-983d-c4d20164e733 None None] Loading extension file: floating_ip_port_forwarding.py {{(pid=103040) _load_all_extensions_from_path /opt/stack/neutron/neutron/api/extensions.py:449}}
May 20 01:50:17.315803 np0000175150 devstack@neutron-api.service[103040]: DEBUG neutron.api.extensions [None req-f164145c-971d-4362-983d-c4d20164e733 None None] Ext name="Floating IP Port Forwarding" alias="floating-ip-port-forwarding" description="Allow port forwarding from floating IP port to an internal port" updated="2018-01-19T10:00:00-00:00" {{(pid=103040) _check_extension /opt/stack/neutron/neutron/api/extensions.py:415}}
May 20 01:50:17.315969 np0000175150 devstack@neutron-api.service[103040]: INFO neutron.api.extensions [None req-f164145c-971d-4362-983d-c4d20164e733 None None] Extension floating-ip-port-forwarding not supported by any of loaded plugins
May 20 01:50:17.316064 np0000175150 devstack@neutron-api.service[103040]: DEBUG neutron.api.extensions [None req-f164145c-971d-4362-983d-c4d20164e733 None None] Loading extension file: floatingip_pools.py {{(pid=103040) _load_all_extensions_from_path /opt/stack/neutron/neutron/api/extensions.py:449}}
May 20 01:50:17.316329 np0000175150 devstack@neutron-api.service[103040]: DEBUG neutron.api.extensions [None req-f164145c-971d-4362-983d-c4d20164e733 None None] Ext name="Floating IP Pools Extension" alias="floatingip-pools" description="Provides a floating IP pools API." updated="2018-03-21T10:00:00-00:00" {{(pid=103040) _check_extension /opt/stack/neutron/neutron/api/extensions.py:415}}
May 20 01:50:17.316496 np0000175150 devstack@neutron-api.service[103040]: INFO neutron.api.extensions [None req-f164145c-971d-4362-983d-c4d20164e733 None None] Loaded extension: floatingip-pools
May 20 01:50:17.316582 np0000175150 devstack@neutron-api.service[103040]: DEBUG neutron.api.extensions [None req-f164145c-971d-4362-983d-c4d20164e733 None None] Loading extension file: ip_allocation.py {{(pid=103040) _load_all_extensions_from_path /opt/stack/neutron/neutron/api/extensions.py:449}}
May 20 01:50:17.316811 np0000175150 devstack@neutron-api.service[103040]: DEBUG neutron.api.extensions [None req-f164145c-971d-4362-983d-c4d20164e733 None None] Ext name="IP Allocation" alias="ip_allocation" description="IP allocation extension." updated="2016-06-10T23:00:00-00:00" {{(pid=103040) _check_extension /opt/stack/neutron/neutron/api/extensions.py:415}}
May 20 01:50:17.316980 np0000175150 devstack@neutron-api.service[103040]: INFO neutron.api.extensions [None req-f164145c-971d-4362-983d-c4d20164e733 None None] Extension ip_allocation not supported by any of loaded plugins
May 20 01:50:17.317062 np0000175150 devstack@neutron-api.service[103040]: DEBUG neutron.api.extensions [None req-f164145c-971d-4362-983d-c4d20164e733 None None] Loading extension file: ip_substring_port_filtering.py {{(pid=103040) _load_all_extensions_from_path /opt/stack/neutron/neutron/api/extensions.py:449}}
May 20 01:50:17.317285 np0000175150 devstack@neutron-api.service[103040]: DEBUG neutron.api.extensions [None req-f164145c-971d-4362-983d-c4d20164e733 None None] Ext name="IP address substring filtering" alias="ip-substring-filtering" description="Provides IP address substring filtering when listing ports" updated="2017-11-28T09:00:00-00:00" {{(pid=103040) _check_extension /opt/stack/neutron/neutron/api/extensions.py:415}}
May 20 01:50:17.317328 np0000175150 devstack@neutron-api.service[103041]: DEBUG neutron.services.provider_configuration [None req-40499858-6dce-48ca-9aeb-931c1f287b16 None None] Service providers = [] {{(pid=103041) parse_service_provider_opt /opt/stack/neutron/neutron/services/provider_configuration.py:170}}
May 20 01:50:17.317433 np0000175150 devstack@neutron-api.service[103041]: DEBUG neutron.db.servicetype_db [None req-40499858-6dce-48ca-9aeb-931c1f287b16 None None] Adding provider configuration for service L3_ROUTER_NAT {{(pid=103041) add_provider_configuration /opt/stack/neutron/neutron/db/servicetype_db.py:45}}
May 20 01:50:17.317488 np0000175150 devstack@neutron-api.service[103040]: INFO neutron.api.extensions [None req-f164145c-971d-4362-983d-c4d20164e733 None None] Extension ip-substring-filtering not supported by any of loaded plugins
May 20 01:50:17.317527 np0000175150 devstack@neutron-api.service[103040]: DEBUG neutron.api.extensions [None req-f164145c-971d-4362-983d-c4d20164e733 None None] Loading extension file: l2_adjacency.py {{(pid=103040) _load_all_extensions_from_path /opt/stack/neutron/neutron/api/extensions.py:449}}
May 20 01:50:17.317796 np0000175150 devstack@neutron-api.service[103040]: DEBUG neutron.api.extensions [None req-f164145c-971d-4362-983d-c4d20164e733 None None] Ext name="L2 Adjacency" alias="l2_adjacency" description="Display L2 Adjacency for Neutron Networks." updated="2016-04-12T16:00:00-00:00" {{(pid=103040) _check_extension /opt/stack/neutron/neutron/api/extensions.py:415}}
May 20 01:50:17.317924 np0000175150 devstack@neutron-api.service[103040]: INFO neutron.api.extensions [None req-f164145c-971d-4362-983d-c4d20164e733 None None] Extension l2_adjacency not supported by any of loaded plugins
May 20 01:50:17.318014 np0000175150 devstack@neutron-api.service[103040]: DEBUG neutron.api.extensions [None req-f164145c-971d-4362-983d-c4d20164e733 None None] Loading extension file: l3.py {{(pid=103040) _load_all_extensions_from_path /opt/stack/neutron/neutron/api/extensions.py:449}}
May 20 01:50:17.318477 np0000175150 devstack@neutron-api.service[103040]: DEBUG neutron.api.extensions [None req-f164145c-971d-4362-983d-c4d20164e733 None None] Ext name="Neutron L3 Router" alias="router" description="Router abstraction for basic L3 forwarding between L2 Neutron networks and access to external networks via a NAT gateway." updated="2012-07-20T10:00:00-00:00" {{(pid=103040) _check_extension /opt/stack/neutron/neutron/api/extensions.py:415}}
May 20 01:50:17.318522 np0000175150 devstack@neutron-api.service[103043]: DEBUG neutron.services.provider_configuration [None req-4090f417-334e-4b00-9f4b-44c9dd69c409 None None] Service providers = [] {{(pid=103043) parse_service_provider_opt /opt/stack/neutron/neutron/services/provider_configuration.py:170}}
May 20 01:50:17.318567 np0000175150 devstack@neutron-api.service[103043]: DEBUG neutron.db.servicetype_db [None req-4090f417-334e-4b00-9f4b-44c9dd69c409 None None] Adding provider configuration for service L3_ROUTER_NAT {{(pid=103043) add_provider_configuration /opt/stack/neutron/neutron/db/servicetype_db.py:45}}
May 20 01:50:17.318650 np0000175150 devstack@neutron-api.service[103040]: INFO neutron.api.extensions [None req-f164145c-971d-4362-983d-c4d20164e733 None None] Loaded extension: router
May 20 01:50:17.318742 np0000175150 devstack@neutron-api.service[103040]: DEBUG neutron.api.extensions [None req-f164145c-971d-4362-983d-c4d20164e733 None None] Loading extension file: l3_conntrack_helper.py {{(pid=103040) _load_all_extensions_from_path /opt/stack/neutron/neutron/api/extensions.py:449}}
May 20 01:50:17.318973 np0000175150 devstack@neutron-api.service[103041]: DEBUG neutron_lib.callbacks.manager [None req-40499858-6dce-48ca-9aeb-931c1f287b16 None None] Subscribe: > router precommit_create 55549900, False {{(pid=103041) subscribe /opt/stack/data/venv/lib/python3.12/site-packages/neutron_lib/callbacks/manager.py:52}}
May 20 01:50:17.319083 np0000175150 devstack@neutron-api.service[103041]: DEBUG neutron_lib.callbacks.manager [None req-40499858-6dce-48ca-9aeb-931c1f287b16 None None] Subscribe: > router_interface after_create 55550000, False {{(pid=103041) subscribe /opt/stack/data/venv/lib/python3.12/site-packages/neutron_lib/callbacks/manager.py:52}}
May 20 01:50:17.319181 np0000175150 devstack@neutron-api.service[103041]: DEBUG neutron_lib.callbacks.manager [None req-40499858-6dce-48ca-9aeb-931c1f287b16 None None] Subscribe: > floatingip after_create 55550000, False {{(pid=103041) subscribe /opt/stack/data/venv/lib/python3.12/site-packages/neutron_lib/callbacks/manager.py:52}}
May 20 01:50:17.319295 np0000175150 devstack@neutron-api.service[103041]: DEBUG neutron_lib.callbacks.manager [None req-40499858-6dce-48ca-9aeb-931c1f287b16 None None] Subscribe: > floatingip precommit_create 55550000, False {{(pid=103041) subscribe /opt/stack/data/venv/lib/python3.12/site-packages/neutron_lib/callbacks/manager.py:52}}
May 20 01:50:17.319373 np0000175150 devstack@neutron-api.service[103040]: DEBUG neutron.api.extensions [None req-f164145c-971d-4362-983d-c4d20164e733 None None] Ext name="L3 Conntrack helper" alias="l3-conntrack-helper" description="Allow adding CT target rules for conntrack helper" updated="2019-04-04T10:00:00-00:00" {{(pid=103040) _check_extension /opt/stack/neutron/neutron/api/extensions.py:415}}
May 20 01:50:17.319426 np0000175150 devstack@neutron-api.service[103041]: DEBUG neutron_lib.callbacks.manager [None req-40499858-6dce-48ca-9aeb-931c1f287b16 None None] Subscribe: > floatingip precommit_update 55550000, False {{(pid=103041) subscribe /opt/stack/data/venv/lib/python3.12/site-packages/neutron_lib/callbacks/manager.py:52}}
May 20 01:50:17.319470 np0000175150 devstack@neutron-api.service[103041]: DEBUG neutron_lib.callbacks.manager [None req-40499858-6dce-48ca-9aeb-931c1f287b16 None None] Subscribe: > floatingip after_delete 55550000, False {{(pid=103041) subscribe /opt/stack/data/venv/lib/python3.12/site-packages/neutron_lib/callbacks/manager.py:52}}
May 20 01:50:17.319600 np0000175150 devstack@neutron-api.service[103040]: INFO neutron.api.extensions [None req-f164145c-971d-4362-983d-c4d20164e733 None None] Extension l3-conntrack-helper not supported by any of loaded plugins
May 20 01:50:17.319647 np0000175150 devstack@neutron-api.service[103041]: DEBUG neutron_lib.callbacks.manager [None req-40499858-6dce-48ca-9aeb-931c1f287b16 None None] Subscribe: > floatingip after_status_update 55550000, False {{(pid=103041) subscribe /opt/stack/data/venv/lib/python3.12/site-packages/neutron_lib/callbacks/manager.py:52}}
May 20 01:50:17.319691 np0000175150 devstack@neutron-api.service[103040]: DEBUG neutron.api.extensions [None req-f164145c-971d-4362-983d-c4d20164e733 None None] Loading extension file: l3_enable_default_route_bfd.py {{(pid=103040) _load_all_extensions_from_path /opt/stack/neutron/neutron/api/extensions.py:449}}
May 20 01:50:17.319729 np0000175150 devstack@neutron-api.service[103041]: DEBUG neutron_lib.callbacks.manager [None req-40499858-6dce-48ca-9aeb-931c1f287b16 None None] Subscribe: > floatingip after_update 55550000, False {{(pid=103041) subscribe /opt/stack/data/venv/lib/python3.12/site-packages/neutron_lib/callbacks/manager.py:52}}
May 20 01:50:17.319782 np0000175150 devstack@neutron-api.service[103041]: DEBUG neutron_lib.callbacks.manager [None req-40499858-6dce-48ca-9aeb-931c1f287b16 None None] Subscribe: > port_forwarding after_create 55550000, False {{(pid=103041) subscribe /opt/stack/data/venv/lib/python3.12/site-packages/neutron_lib/callbacks/manager.py:52}}
May 20 01:50:17.319907 np0000175150 devstack@neutron-api.service[103041]: DEBUG neutron_lib.callbacks.manager [None req-40499858-6dce-48ca-9aeb-931c1f287b16 None None] Subscribe: > router_interface after_delete 55550000, False {{(pid=103041) subscribe /opt/stack/data/venv/lib/python3.12/site-packages/neutron_lib/callbacks/manager.py:52}}
May 20 01:50:17.319949 np0000175150 devstack@neutron-api.service[103040]: DEBUG neutron.api.extensions [None req-f164145c-971d-4362-983d-c4d20164e733 None None] Ext name="Enable Default Route BFD" alias="enable-default-route-bfd" description="Enables configurable BFD behavior for default routes" updated="2023-02-27T00:00:00-00:00" {{(pid=103040) _check_extension /opt/stack/neutron/neutron/api/extensions.py:415}}
May 20 01:50:17.320001 np0000175150 devstack@neutron-api.service[103043]: DEBUG neutron_lib.callbacks.manager [None req-4090f417-334e-4b00-9f4b-44c9dd69c409 None None] Subscribe: > router precommit_create 55549900, False {{(pid=103043) subscribe /opt/stack/data/venv/lib/python3.12/site-packages/neutron_lib/callbacks/manager.py:52}}
May 20 01:50:17.320084 np0000175150 devstack@neutron-api.service[103041]: DEBUG neutron_lib.callbacks.manager [None req-40499858-6dce-48ca-9aeb-931c1f287b16 None None] Subscribe: > router after_create 55550000, False {{(pid=103041) subscribe /opt/stack/data/venv/lib/python3.12/site-packages/neutron_lib/callbacks/manager.py:52}}
May 20 01:50:17.320172 np0000175150 devstack@neutron-api.service[103043]: DEBUG neutron_lib.callbacks.manager [None req-4090f417-334e-4b00-9f4b-44c9dd69c409 None None] Subscribe: > router_interface after_create 55550000, False {{(pid=103043) subscribe /opt/stack/data/venv/lib/python3.12/site-packages/neutron_lib/callbacks/manager.py:52}}
May 20 01:50:17.320214 np0000175150 devstack@neutron-api.service[103040]: INFO neutron.api.extensions [None req-f164145c-971d-4362-983d-c4d20164e733 None None] Loaded extension: enable-default-route-bfd
May 20 01:50:17.320259 np0000175150 devstack@neutron-api.service[103041]: DEBUG neutron_lib.callbacks.manager [None req-40499858-6dce-48ca-9aeb-931c1f287b16 None None] Subscribe: > router precommit_create 55550000, False {{(pid=103041) subscribe /opt/stack/data/venv/lib/python3.12/site-packages/neutron_lib/callbacks/manager.py:52}}
May 20 01:50:17.320307 np0000175150 devstack@neutron-api.service[103043]: DEBUG neutron_lib.callbacks.manager [None req-4090f417-334e-4b00-9f4b-44c9dd69c409 None None] Subscribe: > floatingip after_create 55550000, False {{(pid=103043) subscribe /opt/stack/data/venv/lib/python3.12/site-packages/neutron_lib/callbacks/manager.py:52}}
May 20 01:50:17.320354 np0000175150 devstack@neutron-api.service[103040]: DEBUG neutron.api.extensions [None req-f164145c-971d-4362-983d-c4d20164e733 None None] Loading extension file: l3_enable_default_route_ecmp.py {{(pid=103040) _load_all_extensions_from_path /opt/stack/neutron/neutron/api/extensions.py:449}}
May 20 01:50:17.320400 np0000175150 devstack@neutron-api.service[103041]: DEBUG neutron_lib.callbacks.manager [None req-40499858-6dce-48ca-9aeb-931c1f287b16 None None] Subscribe: > router after_delete 55550000, False {{(pid=103041) subscribe /opt/stack/data/venv/lib/python3.12/site-packages/neutron_lib/callbacks/manager.py:52}}
May 20 01:50:17.320484 np0000175150 devstack@neutron-api.service[103043]: DEBUG neutron_lib.callbacks.manager [None req-4090f417-334e-4b00-9f4b-44c9dd69c409 None None] Subscribe: > floatingip precommit_create 55550000, False {{(pid=103043) subscribe /opt/stack/data/venv/lib/python3.12/site-packages/neutron_lib/callbacks/manager.py:52}}
May 20 01:50:17.320531 np0000175150 devstack@neutron-api.service[103041]: DEBUG neutron_lib.callbacks.manager [None req-40499858-6dce-48ca-9aeb-931c1f287b16 None None] Subscribe: > router after_update 55550000, False {{(pid=103041) subscribe /opt/stack/data/venv/lib/python3.12/site-packages/neutron_lib/callbacks/manager.py:52}}
May 20 01:50:17.320580 np0000175150 devstack@neutron-api.service[103043]: DEBUG neutron_lib.callbacks.manager [None req-4090f417-334e-4b00-9f4b-44c9dd69c409 None None] Subscribe: > floatingip precommit_update 55550000, False {{(pid=103043) subscribe /opt/stack/data/venv/lib/python3.12/site-packages/neutron_lib/callbacks/manager.py:52}}
May 20 01:50:17.320622 np0000175150 devstack@neutron-api.service[103040]: DEBUG neutron.api.extensions [None req-f164145c-971d-4362-983d-c4d20164e733 None None] Ext name="Enable Default Route ECMP" alias="enable-default-route-ecmp" description="Enables configurable ECMP behavior for default routes" updated="2023-02-27T00:00:00-00:00" {{(pid=103040) _check_extension /opt/stack/neutron/neutron/api/extensions.py:415}}
May 20 01:50:17.320659 np0000175150 devstack@neutron-api.service[103041]: DEBUG neutron.services.service_base [None req-40499858-6dce-48ca-9aeb-931c1f287b16 None None] Loaded 'neutron.services.ovn_l3.service_providers.ovn.OvnDriver' provider for service L3_ROUTER_NAT {{(pid=103041) load_drivers /opt/stack/neutron/neutron/services/service_base.py:49}}
May 20 01:50:17.320700 np0000175150 devstack@neutron-api.service[103043]: DEBUG neutron_lib.callbacks.manager [None req-4090f417-334e-4b00-9f4b-44c9dd69c409 None None] Subscribe: > floatingip after_delete 55550000, False {{(pid=103043) subscribe /opt/stack/data/venv/lib/python3.12/site-packages/neutron_lib/callbacks/manager.py:52}}
May 20 01:50:17.320742 np0000175150 devstack@neutron-api.service[103041]: DEBUG neutron_lib.callbacks.manager [None req-40499858-6dce-48ca-9aeb-931c1f287b16 None None] Subscribe: > process after_init 55550001, True {{(pid=103041) subscribe /opt/stack/data/venv/lib/python3.12/site-packages/neutron_lib/callbacks/manager.py:52}}
May 20 01:50:17.320804 np0000175150 devstack@neutron-api.service[103043]: DEBUG neutron_lib.callbacks.manager [None req-4090f417-334e-4b00-9f4b-44c9dd69c409 None None] Subscribe: > floatingip after_status_update 55550000, False {{(pid=103043) subscribe /opt/stack/data/venv/lib/python3.12/site-packages/neutron_lib/callbacks/manager.py:52}}
May 20 01:50:17.320911 np0000175150 devstack@neutron-api.service[103040]: INFO neutron.api.extensions [None req-f164145c-971d-4362-983d-c4d20164e733 None None] Loaded extension: enable-default-route-ecmp
May 20 01:50:17.320992 np0000175150 devstack@neutron-api.service[103043]: DEBUG neutron_lib.callbacks.manager [None req-4090f417-334e-4b00-9f4b-44c9dd69c409 None None] Subscribe: > floatingip after_update 55550000, False {{(pid=103043) subscribe /opt/stack/data/venv/lib/python3.12/site-packages/neutron_lib/callbacks/manager.py:52}}
May 20 01:50:17.321033 np0000175150 devstack@neutron-api.service[103041]: DEBUG neutron.manager [None req-40499858-6dce-48ca-9aeb-931c1f287b16 None None] Successfully loaded L3_ROUTER_NAT plugin. Description: L3 Router Service Plugin for basic L3 forwarding using OVN {{(pid=103041) _create_and_add_service_plugin /opt/stack/neutron/neutron/manager.py:239}}
May 20 01:50:17.321071 np0000175150 devstack@neutron-api.service[103040]: DEBUG neutron.api.extensions [None req-f164145c-971d-4362-983d-c4d20164e733 None None] Loading extension file: l3_ext_gw_mode.py {{(pid=103040) _load_all_extensions_from_path /opt/stack/neutron/neutron/api/extensions.py:449}}
May 20 01:50:17.321109 np0000175150 devstack@neutron-api.service[103041]: INFO neutron.manager [None req-40499858-6dce-48ca-9aeb-931c1f287b16 None None] Loading Plugin: auto_allocate
May 20 01:50:17.321148 np0000175150 devstack@neutron-api.service[103043]: DEBUG neutron_lib.callbacks.manager [None req-4090f417-334e-4b00-9f4b-44c9dd69c409 None None] Subscribe: > port_forwarding after_create 55550000, False {{(pid=103043) subscribe /opt/stack/data/venv/lib/python3.12/site-packages/neutron_lib/callbacks/manager.py:52}}
May 20 01:50:17.321148 np0000175150 devstack@neutron-api.service[103043]: DEBUG neutron_lib.callbacks.manager [None req-4090f417-334e-4b00-9f4b-44c9dd69c409 None None] Subscribe: > router_interface after_delete 55550000, False {{(pid=103043) subscribe /opt/stack/data/venv/lib/python3.12/site-packages/neutron_lib/callbacks/manager.py:52}}
May 20 01:50:17.321227 np0000175150 devstack@neutron-api.service[103040]: DEBUG neutron.api.extensions [None req-f164145c-971d-4362-983d-c4d20164e733 None None] Ext name="Neutron L3 Configurable external gateway mode" alias="ext-gw-mode" description="Extension of the router abstraction for specifying whether SNAT should occur on the external gateway" updated="2013-03-28T10:00:00-00:00" {{(pid=103040) _check_extension /opt/stack/neutron/neutron/api/extensions.py:415}}
May 20 01:50:17.321317 np0000175150 devstack@neutron-api.service[103043]: DEBUG neutron_lib.callbacks.manager [None req-4090f417-334e-4b00-9f4b-44c9dd69c409 None None] Subscribe: > router after_create 55550000, False {{(pid=103043) subscribe /opt/stack/data/venv/lib/python3.12/site-packages/neutron_lib/callbacks/manager.py:52}}
May 20 01:50:17.321317 np0000175150 devstack@neutron-api.service[103043]: DEBUG neutron_lib.callbacks.manager [None req-4090f417-334e-4b00-9f4b-44c9dd69c409 None None] Subscribe: > router precommit_create 55550000, False {{(pid=103043) subscribe /opt/stack/data/venv/lib/python3.12/site-packages/neutron_lib/callbacks/manager.py:52}}
May 20 01:50:17.321388 np0000175150 devstack@neutron-api.service[103040]: INFO neutron.api.extensions [None req-f164145c-971d-4362-983d-c4d20164e733 None None] Loaded extension: ext-gw-mode
May 20 01:50:17.321388 np0000175150 devstack@neutron-api.service[103040]: DEBUG neutron.api.extensions [None req-f164145c-971d-4362-983d-c4d20164e733 None None] Loading extension file: l3_ext_ha_mode.py {{(pid=103040) _load_all_extensions_from_path /opt/stack/neutron/neutron/api/extensions.py:449}}
May 20 01:50:17.321590 np0000175150 devstack@neutron-api.service[103043]: DEBUG neutron_lib.callbacks.manager [None req-4090f417-334e-4b00-9f4b-44c9dd69c409 None None] Subscribe: > router after_delete 55550000, False {{(pid=103043) subscribe /opt/stack/data/venv/lib/python3.12/site-packages/neutron_lib/callbacks/manager.py:52}}
May 20 01:50:17.321590 np0000175150 devstack@neutron-api.service[103043]: DEBUG neutron_lib.callbacks.manager [None req-4090f417-334e-4b00-9f4b-44c9dd69c409 None None] Subscribe: > router after_update 55550000, False {{(pid=103043) subscribe /opt/stack/data/venv/lib/python3.12/site-packages/neutron_lib/callbacks/manager.py:52}}
May 20 01:50:17.321590 np0000175150 devstack@neutron-api.service[103043]: DEBUG neutron.services.service_base [None req-4090f417-334e-4b00-9f4b-44c9dd69c409 None None] Loaded 'neutron.services.ovn_l3.service_providers.ovn.OvnDriver' provider for service L3_ROUTER_NAT {{(pid=103043) load_drivers /opt/stack/neutron/neutron/services/service_base.py:49}}
May 20 01:50:17.321747 np0000175150 devstack@neutron-api.service[103040]: DEBUG neutron.api.extensions [None req-f164145c-971d-4362-983d-c4d20164e733 None None] Ext name="HA Router extension" alias="l3-ha" description="Adds HA capability to routers." updated="2014-04-26T00:00:00-00:00" {{(pid=103040) _check_extension /opt/stack/neutron/neutron/api/extensions.py:415}}
May 20 01:50:17.321803 np0000175150 devstack@neutron-api.service[103043]: DEBUG neutron_lib.callbacks.manager [None req-4090f417-334e-4b00-9f4b-44c9dd69c409 None None] Subscribe: > process after_init 55550001, True {{(pid=103043) subscribe /opt/stack/data/venv/lib/python3.12/site-packages/neutron_lib/callbacks/manager.py:52}}
May 20 01:50:17.321841 np0000175150 devstack@neutron-api.service[103040]: INFO neutron.api.extensions [None req-f164145c-971d-4362-983d-c4d20164e733 None None] Loaded extension: l3-ha
May 20 01:50:17.321937 np0000175150 devstack@neutron-api.service[103043]: DEBUG neutron.manager [None req-4090f417-334e-4b00-9f4b-44c9dd69c409 None None] Successfully loaded L3_ROUTER_NAT plugin. Description: L3 Router Service Plugin for basic L3 forwarding using OVN {{(pid=103043) _create_and_add_service_plugin /opt/stack/neutron/neutron/manager.py:239}}
May 20 01:50:17.321983 np0000175150 devstack@neutron-api.service[103040]: DEBUG neutron.api.extensions [None req-f164145c-971d-4362-983d-c4d20164e733 None None] Loading extension file: l3_ext_ndp_proxy.py {{(pid=103040) _load_all_extensions_from_path /opt/stack/neutron/neutron/api/extensions.py:449}}
May 20 01:50:17.322028 np0000175150 devstack@neutron-api.service[103041]: DEBUG neutron_lib.callbacks.manager [None req-40499858-6dce-48ca-9aeb-931c1f287b16 None None] Subscribe: network precommit_update 55550000, False {{(pid=103041) subscribe /opt/stack/data/venv/lib/python3.12/site-packages/neutron_lib/callbacks/manager.py:52}}
May 20 01:50:17.322109 np0000175150 devstack@neutron-api.service[103043]: INFO neutron.manager [None req-4090f417-334e-4b00-9f4b-44c9dd69c409 None None] Loading Plugin: auto_allocate
May 20 01:50:17.322193 np0000175150 devstack@neutron-api.service[103041]: DEBUG neutron_lib.callbacks.manager [None req-40499858-6dce-48ca-9aeb-931c1f287b16 None None] Subscribe: network precommit_create 55550000, False {{(pid=103041) subscribe /opt/stack/data/venv/lib/python3.12/site-packages/neutron_lib/callbacks/manager.py:52}}
May 20 01:50:17.322239 np0000175150 devstack@neutron-api.service[103040]: DEBUG neutron.api.extensions [None req-f164145c-971d-4362-983d-c4d20164e733 None None] Ext name="Router support to enable NDP proxy" alias="l3-ext-ndp-proxy" description="Router extension to enable ndp proxy" updated="2020-08-25T00:00:00-00:00" {{(pid=103040) _check_extension /opt/stack/neutron/neutron/api/extensions.py:415}}
May 20 01:50:17.322338 np0000175150 devstack@neutron-api.service[103041]: DEBUG neutron.manager [None req-40499858-6dce-48ca-9aeb-931c1f287b16 None None] Successfully loaded auto-allocated-topology plugin. Description: Auto Allocated Topology - aka get me a network. {{(pid=103041) _create_and_add_service_plugin /opt/stack/neutron/neutron/manager.py:239}}
May 20 01:50:17.322381 np0000175150 devstack@neutron-api.service[103040]: INFO neutron.api.extensions [None req-f164145c-971d-4362-983d-c4d20164e733 None None] Extension l3-ext-ndp-proxy not supported by any of loaded plugins
May 20 01:50:17.322420 np0000175150 devstack@neutron-api.service[103041]: INFO neutron.manager [None req-40499858-6dce-48ca-9aeb-931c1f287b16 None None] Loading Plugin: tag
May 20 01:50:17.322457 np0000175150 devstack@neutron-api.service[103040]: DEBUG neutron.api.extensions [None req-f164145c-971d-4362-983d-c4d20164e733 None None] Loading extension file: l3_extra_gws.py {{(pid=103040) _load_all_extensions_from_path /opt/stack/neutron/neutron/api/extensions.py:449}}
May 20 01:50:17.322457 np0000175150 devstack@neutron-api.service[103040]: DEBUG neutron.api.extensions [None req-f164145c-971d-4362-983d-c4d20164e733 None None] Ext name="Neutron L3 External Gateway Multihoming" alias="external-gateway-multihoming" description="Allow multiple external gateway ports per router" updated="2023-01-18T00:00:00-00:00" {{(pid=103040) _check_extension /opt/stack/neutron/neutron/api/extensions.py:415}}
May 20 01:50:17.322457 np0000175150 devstack@neutron-api.service[103040]: INFO neutron.api.extensions [None req-f164145c-971d-4362-983d-c4d20164e733 None None] Loaded extension: external-gateway-multihoming
May 20 01:50:17.322577 np0000175150 devstack@neutron-api.service[103040]: DEBUG neutron.api.extensions [None req-f164145c-971d-4362-983d-c4d20164e733 None None] Loading extension file: l3_flavors.py {{(pid=103040) _load_all_extensions_from_path /opt/stack/neutron/neutron/api/extensions.py:449}}
May 20 01:50:17.322705 np0000175150 devstack@neutron-api.service[103043]: DEBUG neutron_lib.callbacks.manager [None req-4090f417-334e-4b00-9f4b-44c9dd69c409 None None] Subscribe: network precommit_update 55550000, False {{(pid=103043) subscribe /opt/stack/data/venv/lib/python3.12/site-packages/neutron_lib/callbacks/manager.py:52}}
May 20 01:50:17.322705 np0000175150 devstack@neutron-api.service[103043]: DEBUG neutron_lib.callbacks.manager [None req-4090f417-334e-4b00-9f4b-44c9dd69c409 None None] Subscribe: network precommit_create 55550000, False {{(pid=103043) subscribe /opt/stack/data/venv/lib/python3.12/site-packages/neutron_lib/callbacks/manager.py:52}}
May 20 01:50:17.322831 np0000175150 devstack@neutron-api.service[103040]: DEBUG neutron.api.extensions [None req-f164145c-971d-4362-983d-c4d20164e733 None None] Ext name="Router Flavor Extension" alias="l3-flavors" description="Flavor support for routers." updated="2016-05-17T00:00:00-00:00" {{(pid=103040) _check_extension /opt/stack/neutron/neutron/api/extensions.py:415}}
May 20 01:50:17.322897 np0000175150 devstack@neutron-api.service[103040]: INFO neutron.api.extensions [None req-f164145c-971d-4362-983d-c4d20164e733 None None] Loaded extension: l3-flavors
May 20 01:50:17.322953 np0000175150 devstack@neutron-api.service[103043]: DEBUG neutron.manager [None req-4090f417-334e-4b00-9f4b-44c9dd69c409 None None] Successfully loaded auto-allocated-topology plugin. Description: Auto Allocated Topology - aka get me a network. {{(pid=103043) _create_and_add_service_plugin /opt/stack/neutron/neutron/manager.py:239}}
May 20 01:50:17.323069 np0000175150 devstack@neutron-api.service[103040]: DEBUG neutron.api.extensions [None req-f164145c-971d-4362-983d-c4d20164e733 None None] Loading extension file: l3_ndp_proxy.py {{(pid=103040) _load_all_extensions_from_path /opt/stack/neutron/neutron/api/extensions.py:449}}
May 20 01:50:17.323137 np0000175150 devstack@neutron-api.service[103043]: INFO neutron.manager [None req-4090f417-334e-4b00-9f4b-44c9dd69c409 None None] Loading Plugin: tag
May 20 01:50:17.323259 np0000175150 devstack@neutron-api.service[103040]: DEBUG neutron.api.extensions [None req-f164145c-971d-4362-983d-c4d20164e733 None None] Ext name="name" alias="l3-ndp-proxy" description="description" updated="2021-06-29T10:00:00-00:00" {{(pid=103040) _check_extension /opt/stack/neutron/neutron/api/extensions.py:415}}
May 20 01:50:17.323428 np0000175150 devstack@neutron-api.service[103040]: INFO neutron.api.extensions [None req-f164145c-971d-4362-983d-c4d20164e733 None None] Extension l3-ndp-proxy not supported by any of loaded plugins
May 20 01:50:17.323490 np0000175150 devstack@neutron-api.service[103040]: DEBUG neutron.api.extensions [None req-f164145c-971d-4362-983d-c4d20164e733 None None] Loading extension file: l3_port_ip_change_not_allowed.py {{(pid=103040) _load_all_extensions_from_path /opt/stack/neutron/neutron/api/extensions.py:449}}
May 20 01:50:17.323737 np0000175150 devstack@neutron-api.service[103040]: DEBUG neutron.api.extensions [None req-f164145c-971d-4362-983d-c4d20164e733 None None] Ext name="Prevent L3 router ports IP address change extension" alias="l3-port-ip-change-not-allowed" description="Prevent change of IP address for some L3 router ports" updated="2018-10-09T10:00:00-00:00" {{(pid=103040) _check_extension /opt/stack/neutron/neutron/api/extensions.py:415}}
May 20 01:50:17.323911 np0000175150 devstack@neutron-api.service[103040]: INFO neutron.api.extensions [None req-f164145c-971d-4362-983d-c4d20164e733 None None] Extension l3-port-ip-change-not-allowed not supported by any of loaded plugins
May 20 01:50:17.324048 np0000175150 devstack@neutron-api.service[103040]: DEBUG neutron.api.extensions [None req-f164145c-971d-4362-983d-c4d20164e733 None None] Loading extension file: l3agentscheduler.py {{(pid=103040) _load_all_extensions_from_path /opt/stack/neutron/neutron/api/extensions.py:449}}
May 20 01:50:17.324577 np0000175150 devstack@neutron-api.service[103040]: DEBUG neutron.api.extensions [None req-f164145c-971d-4362-983d-c4d20164e733 None None] Ext name="L3 Agent Scheduler" alias="l3_agent_scheduler" description="Schedule routers among l3 agents" updated="2013-02-07T10:00:00-00:00" {{(pid=103040) _check_extension /opt/stack/neutron/neutron/api/extensions.py:415}}
May 20 01:50:17.324664 np0000175150 devstack@neutron-api.service[103041]: DEBUG neutron.manager [None req-40499858-6dce-48ca-9aeb-931c1f287b16 None None] Successfully loaded TAG plugin. Description: Tag support {{(pid=103041) _create_and_add_service_plugin /opt/stack/neutron/neutron/manager.py:239}}
May 20 01:50:17.324738 np0000175150 devstack@neutron-api.service[103040]: INFO neutron.api.extensions [None req-f164145c-971d-4362-983d-c4d20164e733 None None] Extension l3_agent_scheduler not supported by any of loaded plugins
