2026-05-04 22:42:34.765 8 INFO placement.requestlog [req-26b515dc-68eb-4a71-a4ad-4bd262ae743a req-57d51343-8374-4c15-ac3c-50e3540e004f 9e4d8623a12145beb52b03f1c9c3672c fd054303e87a443c854454db0d72ef07 - - d17893b8d2664ba2afc80beac38ac990 d17893b8d2664ba2afc80beac38ac990] 199.204.45.242 "GET /allocations/37a02e26-848f-4f9c-84cf-69ec242affa1" status: 200 len: 258 microversion: 1.28 [pid: 8|app: 0|req: 592/1183] 199.204.45.242 () {34 vars in 862 bytes} [Mon May 4 22:42:34 2026] GET /allocations/37a02e26-848f-4f9c-84cf-69ec242affa1 => generated 258 bytes in 13 msecs (HTTP/1.1 200) 8 headers in 296 bytes (1 switches on core 0)
2026-05-04 22:42:34.802 7 INFO placement.requestlog [req-26b515dc-68eb-4a71-a4ad-4bd262ae743a req-5389eb58-2f79-42a6-8717-77a51373aee7 9e4d8623a12145beb52b03f1c9c3672c fd054303e87a443c854454db0d72ef07 - - d17893b8d2664ba2afc80beac38ac990 d17893b8d2664ba2afc80beac38ac990] 199.204.45.242 "GET /allocations/ea37115a-5431-4440-9938-5b709654febb" status: 200 len: 258 microversion: 1.28 [pid: 7|app: 0|req: 592/1184] 199.204.45.242 () {34 vars in 862 bytes} [Mon May 4 22:42:34 2026] GET /allocations/ea37115a-5431-4440-9938-5b709654febb => generated 258 bytes in 32 msecs (HTTP/1.1 200) 8 headers in 296 bytes (1 switches on core 0)
2026-05-04 22:42:35.951 8 INFO placement.requestlog [None req-764ba3c0-2db5-4378-98ae-df3592b8ed2f - - - - - -] 10.0.0.187 "GET /" status: 200 len: 136 microversion: 1.0
2026-05-04 22:42:35.951 7 INFO placement.requestlog [None req-20cda566-2dfb-4b1b-8337-bacad77a43b7 - - - - - -] 10.0.0.187 "GET /" status: 200 len: 136 microversion: 1.0
2026-05-04 22:42:45.950 7 INFO placement.requestlog [None req-8f16cdc5-31fc-4775-8520-fa1a14521ecc - - - - - -] 10.0.0.187 "GET /" status: 200 len: 136 microversion: 1.0
2026-05-04 22:42:45.951 8 INFO placement.requestlog [None req-50ba7936-e0d4-46d8-9969-428004e61d00 - - - - - -] 10.0.0.187 "GET /" status: 200 len: 136 microversion: 1.0
2026-05-04 22:42:55.950 7 INFO placement.requestlog [None req-0529b135-337b-401b-bbb4-29f6c4125e9a - - - - - -] 10.0.0.187 "GET /" status: 200 len: 136 microversion: 1.0
2026-05-04 22:42:55.951 8 INFO placement.requestlog [None req-2e23d609-9053-46e6-b9c8-6bc3cbc69c92 - - - - - -] 10.0.0.187 "GET /" status: 200 len: 136 microversion: 1.0
2026-05-04 22:43:01.002 7 INFO placement.requestlog [req-35ef36a9-8491-479e-a096-8ecee189505c req-d00546c3-92fc-4f3f-9c22-71a8a491b72a 9e4d8623a12145beb52b03f1c9c3672c fd054303e87a443c854454db0d72ef07 - - d17893b8d2664ba2afc80beac38ac990 d17893b8d2664ba2afc80beac38ac990] 199.204.45.242 "GET /resource_providers/26fe2c85-22c6-482f-a754-42fcebafe581/allocations" status: 200 len: 353 microversion: 1.0 [pid: 7|app: 0|req: 596/1191] 199.204.45.242 () {32 vars in 856 bytes} [Mon May 4 22:43:00 2026] GET /resource_providers/26fe2c85-22c6-482f-a754-42fcebafe581/allocations => generated 353 bytes in 23 msecs (HTTP/1.1 200) 6 headers in 224 bytes (1 switches on core 0)
2026-05-04 22:43:01.023 8 INFO placement.requestlog [req-35ef36a9-8491-479e-a096-8ecee189505c req-582b38ad-f077-4883-8a2c-054d8646d5b0 9e4d8623a12145beb52b03f1c9c3672c fd054303e87a443c854454db0d72ef07 - - d17893b8d2664ba2afc80beac38ac990 d17893b8d2664ba2afc80beac38ac990] 199.204.45.242 "GET /allocations/742dff4a-bafb-4f4a-8871-fae62f94b956" status: 200 len: 258 microversion: 1.28 [pid: 8|app: 0|req: 596/1192] 199.204.45.242 () {34 vars in 862 bytes} [Mon May 4 22:43:01 2026] GET /allocations/742dff4a-bafb-4f4a-8871-fae62f94b956 => generated 258 bytes in 16 msecs (HTTP/1.1 200) 8 headers in 296 bytes (1 switches on core 0)
2026-05-04 22:43:01.046 7 INFO placement.requestlog [req-35ef36a9-8491-479e-a096-8ecee189505c req-16db0d13-fd8e-44db-9410-923043d84f4d 9e4d8623a12145beb52b03f1c9c3672c fd054303e87a443c854454db0d72ef07 - - d17893b8d2664ba2afc80beac38ac990 d17893b8d2664ba2afc80beac38ac990] 199.204.45.242 "GET /allocations/37a02e26-848f-4f9c-84cf-69ec242affa1" status: 200 len: 258 microversion: 1.28 [pid: 7|app: 0|req: 597/1193] 199.204.45.242 () {34 vars in 862 bytes} [Mon May 4 22:43:01 2026] GET /allocations/37a02e26-848f-4f9c-84cf-69ec242affa1 => generated 258 bytes in 15 msecs (HTTP/1.1 200) 8 headers in 296 bytes (1 switches on core 0)
2026-05-04 22:43:01.068 8 INFO placement.requestlog [req-35ef36a9-8491-479e-a096-8ecee189505c req-6f5a26eb-d415-4ee2-b897-647804436965 9e4d8623a12145beb52b03f1c9c3672c fd054303e87a443c854454db0d72ef07 - - d17893b8d2664ba2afc80beac38ac990 d17893b8d2664ba2afc80beac38ac990] 199.204.45.242 "GET /allocations/ea37115a-5431-4440-9938-5b709654febb" status: 200 len: 258 microversion: 1.28 [pid: 8|app: 0|req: 597/1194] 199.204.45.242 () {34 vars in 862 bytes} [Mon May 4 22:43:01 2026] GET /allocations/ea37115a-5431-4440-9938-5b709654febb => generated 258 bytes in 16 msecs (HTTP/1.1 200) 8 headers in 296 bytes (1 switches on core 0)
2026-05-04 22:43:02.123 7 INFO placement.requestlog [req-35ef36a9-8491-479e-a096-8ecee189505c req-eadf3808-3426-41c5-aa02-429a517c6984 9e4d8623a12145beb52b03f1c9c3672c fd054303e87a443c854454db0d72ef07 - - d17893b8d2664ba2afc80beac38ac990 d17893b8d2664ba2afc80beac38ac990] 199.204.45.242 "DELETE /allocations/ea37115a-5431-4440-9938-5b709654febb" status: 204 len: 0 microversion: 1.0 [pid: 7|app: 0|req: 598/1195] 199.204.45.242 () {34 vars in 840 bytes} [Mon May 4 22:43:02 2026] DELETE /allocations/ea37115a-5431-4440-9938-5b709654febb => generated 0 bytes in 31 msecs (HTTP/1.1 204) 5 headers in 198 bytes (1 switches on core 0)
2026-05-04 22:43:03.640 8 INFO placement.requestlog [req-bee7a297-a10e-4aa5-bd88-e3f59732e4ae req-1887d348-a3a1-4705-8a04-fb284de0fce6 9e4d8623a12145beb52b03f1c9c3672c fd054303e87a443c854454db0d72ef07 - - d17893b8d2664ba2afc80beac38ac990 d17893b8d2664ba2afc80beac38ac990] 199.204.45.242 "GET /resource_providers/26fe2c85-22c6-482f-a754-42fcebafe581/allocations" status: 200 len: 253 microversion: 1.0 [pid: 8|app: 0|req: 598/1196] 199.204.45.242 () {32 vars in 856 bytes} [Mon May 4 22:43:03 2026] GET /resource_providers/26fe2c85-22c6-482f-a754-42fcebafe581/allocations => generated 253 bytes in 15 msecs (HTTP/1.1 200) 6 headers in 224 bytes (1 switches on core 0)
2026-05-04 22:43:03.664 7 INFO placement.requestlog [req-bee7a297-a10e-4aa5-bd88-e3f59732e4ae req-20535a76-debd-418a-83b1-c296fca26c37 9e4d8623a12145beb52b03f1c9c3672c fd054303e87a443c854454db0d72ef07 - - d17893b8d2664ba2afc80beac38ac990 d17893b8d2664ba2afc80beac38ac990] 199.204.45.242 "GET /allocations/742dff4a-bafb-4f4a-8871-fae62f94b956" status: 200 len: 258 microversion: 1.28 [pid: 7|app: 0|req: 599/1197] 199.204.45.242 () {34 vars in 862 bytes} [Mon May 4 22:43:03 2026] GET /allocations/742dff4a-bafb-4f4a-8871-fae62f94b956 => generated 258 bytes in 17 msecs (HTTP/1.1 200) 8 headers in 296 bytes (1 switches on core 0)
2026-05-04 22:43:03.685 8 INFO placement.requestlog [req-bee7a297-a10e-4aa5-bd88-e3f59732e4ae req-671b63af-938b-4934-b099-5e8a02111f7d 9e4d8623a12145beb52b03f1c9c3672c fd054303e87a443c854454db0d72ef07 - - d17893b8d2664ba2afc80beac38ac990 d17893b8d2664ba2afc80beac38ac990] 199.204.45.242 "GET /allocations/37a02e26-848f-4f9c-84cf-69ec242affa1" status: 200 len: 258 microversion: 1.28 [pid: 8|app: 0|req: 599/1198] 199.204.45.242 () {34 vars in 862 bytes} [Mon May 4 22:43:03 2026] GET /allocations/37a02e26-848f-4f9c-84cf-69ec242affa1 => generated 258 bytes in 13 msecs (HTTP/1.1 200) 8 headers in 296 bytes (1 switches on core 0)
2026-05-04 22:43:04.763 7 INFO placement.requestlog [req-bee7a297-a10e-4aa5-bd88-e3f59732e4ae req-63fe75b6-001f-4dc2-9520-fe96429773ca 9e4d8623a12145beb52b03f1c9c3672c fd054303e87a443c854454db0d72ef07 - - d17893b8d2664ba2afc80beac38ac990 d17893b8d2664ba2afc80beac38ac990] 199.204.45.242 "DELETE /allocations/37a02e26-848f-4f9c-84cf-69ec242affa1" status: 204 len: 0 microversion: 1.0 [pid: 7|app: 0|req: 600/1199] 199.204.45.242 () {34 vars in 840 bytes} [Mon May 4 22:43:04 2026] DELETE /allocations/37a02e26-848f-4f9c-84cf-69ec242affa1 => generated 0 bytes in 45 msecs (HTTP/1.1 204) 5 headers in 198 bytes (1 switches on core 0)
2026-05-04 22:43:05.952 8 INFO placement.requestlog [None req-2b420636-268c-474b-95dd-7954c2efdb96 - - - - - -] 10.0.0.187 "GET /" status: 200 len: 136 microversion: 1.0
2026-05-04 22:43:05.952 7 INFO placement.requestlog [None req-f12bf4f4-cc7c-43e5-b17e-0e0a4227f6bd - - - - - -] 10.0.0.187 "GET /" status: 200 len: 136 microversion: 1.0
2026-05-04 22:43:08.082 8 INFO placement.requestlog [req-5845dbcc-c892-49db-b4f9-a2a2e22ee0a9 req-630eafd4-bef5-4f63-a7ac-cef73086e28c 9e4d8623a12145beb52b03f1c9c3672c fd054303e87a443c854454db0d72ef07 - - d17893b8d2664ba2afc80beac38ac990 d17893b8d2664ba2afc80beac38ac990] 199.204.45.242 "GET /resource_providers/26fe2c85-22c6-482f-a754-42fcebafe581/allocations" status: 200 len: 153 microversion: 1.0 [pid: 8|app: 0|req: 601/1202] 199.204.45.242 () {32 vars in 856 bytes} [Mon May 4 22:43:08 2026] GET /resource_providers/26fe2c85-22c6-482f-a754-42fcebafe581/allocations => generated 153 bytes in 19 msecs (HTTP/1.1 200) 6 headers in 224 bytes (1 switches on core 0)
2026-05-04 22:43:08.104 7 INFO placement.requestlog [req-5845dbcc-c892-49db-b4f9-a2a2e22ee0a9 req-5c65fe87-6a72-4d50-91c0-d244417d0be9 9e4d8623a12145beb52b03f1c9c3672c fd054303e87a443c854454db0d72ef07 - - d17893b8d2664ba2afc80beac38ac990 d17893b8d2664ba2afc80beac38ac990] 199.204.45.242 "GET /allocations/742dff4a-bafb-4f4a-8871-fae62f94b956" status: 200 len: 258 microversion: 1.28 [pid: 7|app: 0|req: 602/1203] 199.204.45.242 () {34 vars in 862 bytes} [Mon May 4 22:43:08 2026] GET /allocations/742dff4a-bafb-4f4a-8871-fae62f94b956 => generated 258 bytes in 17 msecs (HTTP/1.1 200) 8 headers in 296 bytes (1 switches on core 0)
2026-05-04 22:43:08.185 8 INFO placement.requestlog [None req-2601a6d8-02e9-4001-ba10-d803af52a37a 42bacbf695a64c61841fba3b97b25370 fd054303e87a443c854454db0d72ef07 - - d17893b8d2664ba2afc80beac38ac990 d17893b8d2664ba2afc80beac38ac990] 10.0.0.253 "GET /resource_providers/cc7ee389-4d0d-411e-834e-b0b0190b4588/aggregates" status: 404 len: 235 microversion: 1.1 [pid: 8|app: 0|req: 602/1204] 10.0.0.253 () {32 vars in 815 bytes} [Mon May 4 22:43:08 2026] GET /resource_providers/cc7ee389-4d0d-411e-834e-b0b0190b4588/aggregates => generated 235 bytes in 11 msecs (HTTP/1.1 404) 5 headers in 202 bytes (1 switches on core 0)
2026-05-04 22:43:08.189 7 INFO placement.requestlog [None req-33252d42-8220-47f9-acda-b60442e24e57 42bacbf695a64c61841fba3b97b25370 fd054303e87a443c854454db0d72ef07 - - d17893b8d2664ba2afc80beac38ac990 d17893b8d2664ba2afc80beac38ac990] 10.0.0.253 "GET /resource_providers/cc7ee389-4d0d-411e-834e-b0b0190b4588/aggregates" status: 404 len: 235 microversion: 1.1 [pid: 7|app: 0|req: 603/1205] 10.0.0.253 () {32 vars in 815 bytes} [Mon May 4 22:43:08 2026] GET /resource_providers/cc7ee389-4d0d-411e-834e-b0b0190b4588/aggregates => generated 235 bytes in 14 msecs (HTTP/1.1 404) 5 headers in 202 bytes (1 switches on core 0)
2026-05-04 22:43:08.204 8 INFO placement.requestlog [None req-7d33c989-6cea-4363-83aa-b7013fc41c45 42bacbf695a64c61841fba3b97b25370 fd054303e87a443c854454db0d72ef07 - - d17893b8d2664ba2afc80beac38ac990 d17893b8d2664ba2afc80beac38ac990] 10.0.0.253 "DELETE /resource_providers/cc7ee389-4d0d-411e-834e-b0b0190b4588" status: 404 len: 246 microversion: 1.1 [pid: 8|app: 0|req: 603/1206] 10.0.0.253 () {34 vars in 815 bytes} [Mon May 4 22:43:08 2026] DELETE /resource_providers/cc7ee389-4d0d-411e-834e-b0b0190b4588 => generated 246 bytes in 11 msecs (HTTP/1.1 404) 6 headers in 231 bytes (1 switches on core 0)
2026-05-04 22:43:08.210 7 INFO placement.requestlog [None req-ea39a6d2-d971-4d6c-988e-e3879facab0a 42bacbf695a64c61841fba3b97b25370 fd054303e87a443c854454db0d72ef07 - - d17893b8d2664ba2afc80beac38ac990 d17893b8d2664ba2afc80beac38ac990] 10.0.0.253 "DELETE /resource_providers/cc7ee389-4d0d-411e-834e-b0b0190b4588" status: 404 len: 246 microversion: 1.1 [pid: 7|app: 0|req: 604/1207] 10.0.0.253 () {34 vars in 815 bytes} [Mon May 4 22:43:08 2026] DELETE /resource_providers/cc7ee389-4d0d-411e-834e-b0b0190b4588 => generated 246 bytes in 10 msecs (HTTP/1.1 404) 6 headers in 231 bytes (1 switches on core 0)
2026-05-04 22:43:09.157 8 INFO placement.requestlog [req-5845dbcc-c892-49db-b4f9-a2a2e22ee0a9 req-0b21e333-7946-408f-932b-8ba4ccfbedea 9e4d8623a12145beb52b03f1c9c3672c fd054303e87a443c854454db0d72ef07 - - d17893b8d2664ba2afc80beac38ac990 d17893b8d2664ba2afc80beac38ac990] 199.204.45.242 "DELETE /allocations/742dff4a-bafb-4f4a-8871-fae62f94b956" status: 204 len: 0 microversion: 1.0 [pid: 8|app: 0|req: 604/1208] 199.204.45.242 () {34 vars in 840 bytes} [Mon May 4 22:43:09 2026] DELETE /allocations/742dff4a-bafb-4f4a-8871-fae62f94b956 => generated 0 bytes in 25 msecs (HTTP/1.1 204) 5 headers in 198 bytes (1 switches on core 0)
2026-05-04 22:43:10.237 7 INFO placement.requestlog [None req-cef5a469-0081-4d49-b634-40aef7cbb093 42bacbf695a64c61841fba3b97b25370 fd054303e87a443c854454db0d72ef07 - - d17893b8d2664ba2afc80beac38ac990 d17893b8d2664ba2afc80beac38ac990] 10.0.0.253 "GET /resource_providers/75a8e577-e8bd-414a-84ab-0f6d042d4548/aggregates" status: 404 len: 235 microversion: 1.1 [pid: 7|app: 0|req: 605/1209] 10.0.0.253 () {32 vars in 815 bytes} [Mon May 4 22:43:10 2026] GET /resource_providers/75a8e577-e8bd-414a-84ab-0f6d042d4548/aggregates => generated 235 bytes in 21 msecs (HTTP/1.1 404) 5 headers in 202 bytes (1 switches on core 0)
2026-05-04 22:43:10.244 8 INFO placement.requestlog [None req-72730cd5-f268-4365-919a-afa6ad5079a9 42bacbf695a64c61841fba3b97b25370 fd054303e87a443c854454db0d72ef07 - - d17893b8d2664ba2afc80beac38ac990 d17893b8d2664ba2afc80beac38ac990] 10.0.0.253 "GET /resource_providers/75a8e577-e8bd-414a-84ab-0f6d042d4548/aggregates" status: 404 len: 235 microversion: 1.1 [pid: 8|app: 0|req: 605/1210] 10.0.0.253 () {32 vars in 815 bytes} [Mon May 4 22:43:10 2026] GET /resource_providers/75a8e577-e8bd-414a-84ab-0f6d042d4548/aggregates => generated 235 bytes in 12 msecs (HTTP/1.1 404) 5 headers in 202 bytes (1 switches on core 0)
2026-05-04 22:43:10.278 8 INFO placement.requestlog [None req-df41e0eb-19a8-4435-ab4c-039f85f15625 42bacbf695a64c61841fba3b97b25370 fd054303e87a443c854454db0d72ef07 - - d17893b8d2664ba2afc80beac38ac990 d17893b8d2664ba2afc80beac38ac990] 10.0.0.253 "DELETE /resource_providers/75a8e577-e8bd-414a-84ab-0f6d042d4548" status: 404 len: 246 microversion: 1.1 [pid: 8|app: 0|req: 606/1211] 10.0.0.253 () {34 vars in 815 bytes} [Mon May 4 22:43:10 2026] DELETE /resource_providers/75a8e577-e8bd-414a-84ab-0f6d042d4548 => generated 246 bytes in 17 msecs (HTTP/1.1 404) 6 headers in 231 bytes (1 switches on core 0)
2026-05-04 22:43:10.281 7 INFO placement.requestlog [None req-d948ed94-826a-4dfa-8a05-4206a8b65c27 42bacbf695a64c61841fba3b97b25370 fd054303e87a443c854454db0d72ef07 - - d17893b8d2664ba2afc80beac38ac990 d17893b8d2664ba2afc80beac38ac990] 10.0.0.253 "DELETE /resource_providers/75a8e577-e8bd-414a-84ab-0f6d042d4548" status: 404 len: 246 microversion: 1.1 [pid: 7|app: 0|req: 606/1212] 10.0.0.253 () {34 vars in 815 bytes} [Mon May 4 22:43:10 2026] DELETE /resource_providers/75a8e577-e8bd-414a-84ab-0f6d042d4548 => generated 246 bytes in 26 msecs (HTTP/1.1 404) 6 headers in 231 bytes (1 switches on core 0)
2026-05-04 22:43:12.318 8 INFO placement.requestlog [None req-ce3b14ff-3287-482a-b6fb-30205d1ee489 42bacbf695a64c61841fba3b97b25370 fd054303e87a443c854454db0d72ef07 - - d17893b8d2664ba2afc80beac38ac990 d17893b8d2664ba2afc80beac38ac990] 10.0.0.253 "GET /resource_providers/6ea25a88-4307-4e8c-8bea-b5d30e25941f/aggregates" status: 404 len: 235 microversion: 1.1 [pid: 8|app: 0|req: 607/1213] 10.0.0.253 () {32 vars in 815 bytes} [Mon May 4 22:43:12 2026] GET /resource_providers/6ea25a88-4307-4e8c-8bea-b5d30e25941f/aggregates => generated 235 bytes in 19 msecs (HTTP/1.1 404) 5 headers in 202 bytes (1 switches on core 0)
2026-05-04 22:43:12.320 7 INFO placement.requestlog [None req-a97ccc78-91a7-4238-ac6e-075fcf74f79f 42bacbf695a64c61841fba3b97b25370 fd054303e87a443c854454db0d72ef07 - - d17893b8d2664ba2afc80beac38ac990 d17893b8d2664ba2afc80beac38ac990] 10.0.0.253 "GET /resource_providers/6ea25a88-4307-4e8c-8bea-b5d30e25941f/aggregates" status: 404 len: 235 microversion: 1.1 [pid: 7|app: 0|req: 607/1214] 10.0.0.253 () {32 vars in 815 bytes} [Mon May 4 22:43:12 2026] GET /resource_providers/6ea25a88-4307-4e8c-8bea-b5d30e25941f/aggregates => generated 235 bytes in 12 msecs (HTTP/1.1 404) 5 headers in 202 bytes (1 switches on core 0)
2026-05-04 22:43:12.345 7 INFO placement.requestlog [None req-0aad3d8c-88fd-492d-b416-aa30f521a7a7 42bacbf695a64c61841fba3b97b25370 fd054303e87a443c854454db0d72ef07 - - d17893b8d2664ba2afc80beac38ac990 d17893b8d2664ba2afc80beac38ac990] 10.0.0.253 "DELETE /resource_providers/6ea25a88-4307-4e8c-8bea-b5d30e25941f" status: 404 len: 246 microversion: 1.1 [pid: 7|app: 0|req: 608/1215] 10.0.0.253 () {34 vars in 815 bytes} [Mon May 4 22:43:12 2026] DELETE /resource_providers/6ea25a88-4307-4e8c-8bea-b5d30e25941f => generated 246 bytes in 10 msecs (HTTP/1.1 404) 6 headers in 231 bytes (1 switches on core 0)
2026-05-04 22:43:12.347 8 INFO placement.requestlog [None req-38b90464-c6de-420d-86fd-b65c607d69f5 42bacbf695a64c61841fba3b97b25370 fd054303e87a443c854454db0d72ef07 - - d17893b8d2664ba2afc80beac38ac990 d17893b8d2664ba2afc80beac38ac990] 10.0.0.253 "DELETE /resource_providers/6ea25a88-4307-4e8c-8bea-b5d30e25941f" status: 404 len: 246 microversion: 1.1 [pid: 8|app: 0|req: 608/1216] 10.0.0.253 () {34 vars in 815 bytes} [Mon May 4 22:43:12 2026] DELETE /resource_providers/6ea25a88-4307-4e8c-8bea-b5d30e25941f => generated 246 bytes in 14 msecs (HTTP/1.1 404) 6 headers in 231 bytes (1 switches on core 0)
2026-05-04 22:43:12.372 8 INFO placement.requestlog [None req-c7cde064-0494-460c-89a7-e60c8b4112a8 42bacbf695a64c61841fba3b97b25370 fd054303e87a443c854454db0d72ef07 - - d17893b8d2664ba2afc80beac38ac990 d17893b8d2664ba2afc80beac38ac990] 10.0.0.253 "GET /resource_providers/4f833b9c-a944-4d84-b1e0-21bdbd7d7837/aggregates" status: 404 len: 235 microversion: 1.1 [pid: 8|app: 0|req: 609/1217] 10.0.0.253 () {32 vars in 815 bytes} [Mon May 4 22:43:12 2026] GET /resource_providers/4f833b9c-a944-4d84-b1e0-21bdbd7d7837/aggregates => generated 235 bytes in 8 msecs (HTTP/1.1 404) 5 headers in 202 bytes (1 switches on core 0)
2026-05-04 22:43:12.377 7 INFO placement.requestlog [None req-1b668ae8-3ae3-4955-9fb1-6a02335733f1 42bacbf695a64c61841fba3b97b25370 fd054303e87a443c854454db0d72ef07 - - d17893b8d2664ba2afc80beac38ac990 d17893b8d2664ba2afc80beac38ac990] 10.0.0.253 "GET /resource_providers/4f833b9c-a944-4d84-b1e0-21bdbd7d7837/aggregates" status: 404 len: 235 microversion: 1.1 [pid: 7|app: 0|req: 609/1218] 10.0.0.253 () {32 vars in 815 bytes} [Mon May 4 22:43:12 2026] GET /resource_providers/4f833b9c-a944-4d84-b1e0-21bdbd7d7837/aggregates => generated 235 bytes in 14 msecs (HTTP/1.1 404) 5 headers in 202 bytes (1 switches on core 0)
2026-05-04 22:43:12.403 8 INFO placement.requestlog [None req-08136160-b691-4103-90ee-ec8a279193ac 42bacbf695a64c61841fba3b97b25370 fd054303e87a443c854454db0d72ef07 - - d17893b8d2664ba2afc80beac38ac990 d17893b8d2664ba2afc80beac38ac990] 10.0.0.253 "DELETE /resource_providers/4f833b9c-a944-4d84-b1e0-21bdbd7d7837" status: 404 len: 246 microversion: 1.1 [pid: 8|app: 0|req: 610/1219] 10.0.0.253 () {34 vars in 815 bytes} [Mon May 4 22:43:12 2026] DELETE /resource_providers/4f833b9c-a944-4d84-b1e0-21bdbd7d7837 => generated 246 bytes in 11 msecs (HTTP/1.1 404) 6 headers in 231 bytes (1 switches on core 0)
2026-05-04 22:43:12.404 7 INFO placement.requestlog [None req-0f4d0aac-2e3e-4891-a4cb-6b5439b30962 42bacbf695a64c61841fba3b97b25370 fd054303e87a443c854454db0d72ef07 - - d17893b8d2664ba2afc80beac38ac990 d17893b8d2664ba2afc80beac38ac990] 10.0.0.253 "DELETE /resource_providers/4f833b9c-a944-4d84-b1e0-21bdbd7d7837" status: 404 len: 246 microversion: 1.1 [pid: 7|app: 0|req: 610/1220] 10.0.0.253 () {34 vars in 815 bytes} [Mon May 4 22:43:12 2026] DELETE /resource_providers/4f833b9c-a944-4d84-b1e0-21bdbd7d7837 => generated 246 bytes in 12 msecs (HTTP/1.1 404) 6 headers in 231 bytes (1 switches on core 0)
2026-05-04 22:43:13.258 8 INFO placement.requestlog [None req-72a6c036-a2b0-4c13-bfda-67577eb96e93 42bacbf695a64c61841fba3b97b25370 fd054303e87a443c854454db0d72ef07 - - d17893b8d2664ba2afc80beac38ac990 d17893b8d2664ba2afc80beac38ac990] 10.0.0.253 "GET /resource_providers/a1093dbe-6156-4aca-a66d-1cda9b2aff25/aggregates" status: 404 len: 235 microversion: 1.1 [pid: 8|app: 0|req: 611/1221] 10.0.0.253 () {32 vars in 815 bytes} [Mon May 4 22:43:13 2026] GET /resource_providers/a1093dbe-6156-4aca-a66d-1cda9b2aff25/aggregates => generated 235 bytes in 11 msecs (HTTP/1.1 404) 5 headers in 202 bytes (1 switches on core 0)
2026-05-04 22:43:13.267 7 INFO placement.requestlog [None req-150afd49-59e9-4339-9460-bacfc6d70ac2 42bacbf695a64c61841fba3b97b25370 fd054303e87a443c854454db0d72ef07 - - d17893b8d2664ba2afc80beac38ac990 d17893b8d2664ba2afc80beac38ac990] 10.0.0.253 "GET /resource_providers/a1093dbe-6156-4aca-a66d-1cda9b2aff25/aggregates" status: 404 len: 235 microversion: 1.1 [pid: 7|app: 0|req: 611/1222] 10.0.0.253 () {32 vars in 815 bytes} [Mon May 4 22:43:13 2026] GET /resource_providers/a1093dbe-6156-4aca-a66d-1cda9b2aff25/aggregates => generated 235 bytes in 18 msecs (HTTP/1.1 404) 5 headers in 202 bytes (1 switches on core 0)
2026-05-04 22:43:13.285 8 INFO placement.requestlog [None req-ce13a6d8-0c52-4d56-b1ef-c2c283138b7e 42bacbf695a64c61841fba3b97b25370 fd054303e87a443c854454db0d72ef07 - - d17893b8d2664ba2afc80beac38ac990 d17893b8d2664ba2afc80beac38ac990] 10.0.0.253 "DELETE /resource_providers/a1093dbe-6156-4aca-a66d-1cda9b2aff25" status: 404 len: 246 microversion: 1.1 [pid: 8|app: 0|req: 612/1223] 10.0.0.253 () {34 vars in 815 bytes} [Mon May 4 22:43:13 2026] DELETE /resource_providers/a1093dbe-6156-4aca-a66d-1cda9b2aff25 => generated 246 bytes in 10 msecs (HTTP/1.1 404) 6 headers in 231 bytes (1 switches on core 0)
2026-05-04 22:43:13.302 7 INFO placement.requestlog [None req-2f758254-a4d3-4ed4-aac6-fad1b962f53e 42bacbf695a64c61841fba3b97b25370 fd054303e87a443c854454db0d72ef07 - - d17893b8d2664ba2afc80beac38ac990 d17893b8d2664ba2afc80beac38ac990] 10.0.0.253 "DELETE /resource_providers/a1093dbe-6156-4aca-a66d-1cda9b2aff25" status: 404 len: 246 microversion: 1.1 [pid: 7|app: 0|req: 612/1224] 10.0.0.253 () {34 vars in 815 bytes} [Mon May 4 22:43:13 2026] DELETE /resource_providers/a1093dbe-6156-4aca-a66d-1cda9b2aff25 => generated 246 bytes in 10 msecs (HTTP/1.1 404) 6 headers in 231 bytes (1 switches on core 0)
2026-05-04 22:43:14.440 8 INFO placement.requestlog [None req-162697f6-b51a-43ac-b1c0-fb8e8e38621e 42bacbf695a64c61841fba3b97b25370 fd054303e87a443c854454db0d72ef07 - - d17893b8d2664ba2afc80beac38ac990 d17893b8d2664ba2afc80beac38ac990] 10.0.0.253 "GET /resource_providers/860ed7a6-af54-43f6-adbd-7293b986f59f/aggregates" status: 404 len: 235 microversion: 1.1 [pid: 8|app: 0|req: 613/1225] 10.0.0.253 () {32 vars in 815 bytes} [Mon May 4 22:43:14 2026] GET /resource_providers/860ed7a6-af54-43f6-adbd-7293b986f59f/aggregates => generated 235 bytes in 20 msecs (HTTP/1.1 404) 5 headers in 202 bytes (1 switches on core 0)
2026-05-04 22:43:14.443 7 INFO placement.requestlog [None req-9b945f4c-4804-4f4a-8254-9ee3f8bc3300 42bacbf695a64c61841fba3b97b25370 fd054303e87a443c854454db0d72ef07 - - d17893b8d2664ba2afc80beac38ac990 d17893b8d2664ba2afc80beac38ac990] 10.0.0.253 "GET /resource_providers/860ed7a6-af54-43f6-adbd-7293b986f59f/aggregates" status: 404 len: 235 microversion: 1.1 [pid: 7|app: 0|req: 613/1226] 10.0.0.253 () {32 vars in 815 bytes} [Mon May 4 22:43:14 2026] GET /resource_providers/860ed7a6-af54-43f6-adbd-7293b986f59f/aggregates => generated 235 bytes in 20 msecs (HTTP/1.1 404) 5 headers in 202 bytes (1 switches on core 0)
2026-05-04 22:43:14.464 7 INFO placement.requestlog [None req-1c129c24-6592-48fc-ab21-262e01939e0f 42bacbf695a64c61841fba3b97b25370 fd054303e87a443c854454db0d72ef07 - - d17893b8d2664ba2afc80beac38ac990 d17893b8d2664ba2afc80beac38ac990] 10.0.0.253 "DELETE /resource_providers/860ed7a6-af54-43f6-adbd-7293b986f59f" status: 404 len: 246 microversion: 1.1 [pid: 7|app: 0|req: 614/1227] 10.0.0.253 () {34 vars in 815 bytes} [Mon May 4 22:43:14 2026] DELETE /resource_providers/860ed7a6-af54-43f6-adbd-7293b986f59f => generated 246 bytes in 8 msecs (HTTP/1.1 404) 6 headers in 231 bytes (1 switches on core 0)
2026-05-04 22:43:14.467 8 INFO placement.requestlog [None req-20a19f50-8304-46e2-9a17-748d2ba3b812 42bacbf695a64c61841fba3b97b25370 fd054303e87a443c854454db0d72ef07 - - d17893b8d2664ba2afc80beac38ac990 d17893b8d2664ba2afc80beac38ac990] 10.0.0.253 "DELETE /resource_providers/860ed7a6-af54-43f6-adbd-7293b986f59f" status: 404 len: 246 microversion: 1.1 [pid: 8|app: 0|req: 614/1228] 10.0.0.253 () {34 vars in 815 bytes} [Mon May 4 22:43:14 2026] DELETE /resource_providers/860ed7a6-af54-43f6-adbd-7293b986f59f => generated 246 bytes in 10 msecs (HTTP/1.1 404) 6 headers in 231 bytes (1 switches on core 0)
2026-05-04 22:43:15.950 8 INFO placement.requestlog [None req-bda97076-74b3-4a30-8798-5e38e3059aa7 - - - - - -] 10.0.0.187 "GET /" status: 200 len: 136 microversion: 1.0
2026-05-04 22:43:15.952 7 INFO placement.requestlog [None req-54e676ed-a06f-4151-bfcb-8a0ff0d39e52 - - - - - -] 10.0.0.187 "GET /" status: 200 len: 136 microversion: 1.0
2026-05-04 22:43:21.365 8 INFO placement.requestlog [req-6ecf8e0a-cedd-42a5-84c2-e720e3f8d31a req-a2cb86df-df14-4dd4-ad3f-41abb241f119 9e4d8623a12145beb52b03f1c9c3672c fd054303e87a443c854454db0d72ef07 - - d17893b8d2664ba2afc80beac38ac990 d17893b8d2664ba2afc80beac38ac990] 199.204.45.242 "GET /resource_providers/26fe2c85-22c6-482f-a754-42fcebafe581/allocations" status: 200 len: 55 microversion: 1.0 [pid: 8|app: 0|req: 616/1231] 199.204.45.242 () {32 vars in 856 bytes} [Mon May 4 22:43:21 2026] GET /resource_providers/26fe2c85-22c6-482f-a754-42fcebafe581/allocations => generated 55 bytes in 16 msecs (HTTP/1.1 200) 6 headers in 223 bytes (1 switches on core 0)
2026-05-04 22:43:21.394 7 INFO placement.requestlog [req-6ecf8e0a-cedd-42a5-84c2-e720e3f8d31a req-1a58bb7d-388f-4165-9dba-5fa5217fcff5 9e4d8623a12145beb52b03f1c9c3672c fd054303e87a443c854454db0d72ef07 - - d17893b8d2664ba2afc80beac38ac990 d17893b8d2664ba2afc80beac38ac990] 199.204.45.242 "GET /resource_providers/26fe2c85-22c6-482f-a754-42fcebafe581/allocations" status: 200 len: 55 microversion: 1.0 [pid: 7|app: 0|req: 616/1232] 199.204.45.242 () {32 vars in 856 bytes} [Mon May 4 22:43:21 2026] GET /resource_providers/26fe2c85-22c6-482f-a754-42fcebafe581/allocations => generated 55 bytes in 18 msecs (HTTP/1.1 200) 6 headers in 223 bytes (1 switches on core 0)
2026-05-04 22:43:25.950 8 INFO placement.requestlog [None req-21e0c2df-2306-402d-9b4b-60fc91978a5e - - - - - -] 10.0.0.187 "GET /" status: 200 len: 136 microversion: 1.0
2026-05-04 22:43:25.950 7 INFO placement.requestlog [None req-96be5f57-632f-49df-8207-394a8ce05a01 - - - - - -] 10.0.0.187 "GET /" status: 200 len: 136 microversion: 1.0
2026-05-04 22:43:35.783 7 INFO placement.requestlog [None req-7561f1f1-d72f-47f5-a564-9f088ad1f7a5 42bacbf695a64c61841fba3b97b25370 fd054303e87a443c854454db0d72ef07 - - d17893b8d2664ba2afc80beac38ac990 d17893b8d2664ba2afc80beac38ac990] 10.0.0.253 "GET /resource_providers/83b2ac1d-52d5-4bf7-9e2a-e14c52937a53/aggregates" status: 404 len: 235 microversion: 1.1 [pid: 7|app: 0|req: 618/1235] 10.0.0.253 () {32 vars in 815 bytes} [Mon May 4 22:43:35 2026] GET /resource_providers/83b2ac1d-52d5-4bf7-9e2a-e14c52937a53/aggregates => generated 235 bytes in 20 msecs (HTTP/1.1 404) 5 headers in 202 bytes (1 switches on core 0)
2026-05-04 22:43:35.784 8 INFO placement.requestlog [None req-f081cf60-82f6-4844-99e8-60b90d1647a2 42bacbf695a64c61841fba3b97b25370 fd054303e87a443c854454db0d72ef07 - - d17893b8d2664ba2afc80beac38ac990 d17893b8d2664ba2afc80beac38ac990] 10.0.0.253 "GET /resource_providers/83b2ac1d-52d5-4bf7-9e2a-e14c52937a53/aggregates" status: 404 len: 235 microversion: 1.1 [pid: 8|app: 0|req: 618/1236] 10.0.0.253 () {32 vars in 815 bytes} [Mon May 4 22:43:35 2026] GET /resource_providers/83b2ac1d-52d5-4bf7-9e2a-e14c52937a53/aggregates => generated 235 bytes in 13 msecs (HTTP/1.1 404) 5 headers in 202 bytes (1 switches on core 0)
2026-05-04 22:43:35.822 8 INFO placement.requestlog [None req-b7889ada-4623-4131-bb2e-85b7ed1af241 42bacbf695a64c61841fba3b97b25370 fd054303e87a443c854454db0d72ef07 - - d17893b8d2664ba2afc80beac38ac990 d17893b8d2664ba2afc80beac38ac990] 10.0.0.253 "DELETE /resource_providers/83b2ac1d-52d5-4bf7-9e2a-e14c52937a53" status: 404 len: 246 microversion: 1.1 [pid: 8|app: 0|req: 619/1237] 10.0.0.253 () {34 vars in 815 bytes} [Mon May 4 22:43:35 2026] DELETE /resource_providers/83b2ac1d-52d5-4bf7-9e2a-e14c52937a53 => generated 246 bytes in 16 msecs (HTTP/1.1 404) 6 headers in 231 bytes (1 switches on core 0)
2026-05-04 22:43:35.826 7 INFO placement.requestlog [None req-abb44d25-a099-40f9-a127-c28c832805f1 42bacbf695a64c61841fba3b97b25370 fd054303e87a443c854454db0d72ef07 - - d17893b8d2664ba2afc80beac38ac990 d17893b8d2664ba2afc80beac38ac990] 10.0.0.253 "DELETE /resource_providers/83b2ac1d-52d5-4bf7-9e2a-e14c52937a53" status: 404 len: 246 microversion: 1.1 [pid: 7|app: 0|req: 619/1238] 10.0.0.253 () {34 vars in 815 bytes} [Mon May 4 22:43:35 2026] DELETE /resource_providers/83b2ac1d-52d5-4bf7-9e2a-e14c52937a53 => generated 246 bytes in 23 msecs (HTTP/1.1 404) 6 headers in 231 bytes (1 switches on core 0)
2026-05-04 22:43:35.950 8 INFO placement.requestlog [None req-fd387685-edcb-4cb6-8496-47a2a27200ac - - - - - -] 10.0.0.187 "GET /" status: 200 len: 136 microversion: 1.0
2026-05-04 22:43:35.952 7 INFO placement.requestlog [None req-c2970198-222c-45f9-956d-4d7c6524f169 - - - - - -] 10.0.0.187 "GET /" status: 200 len: 136 microversion: 1.0
2026-05-04 22:43:36.034 8 INFO placement.requestlog [req-f41021a5-ee19-4d72-b63a-8c6da0afc1b9 req-6897307d-5c5b-442b-83fc-4e949f6913a1 9e4d8623a12145beb52b03f1c9c3672c fd054303e87a443c854454db0d72ef07 - - d17893b8d2664ba2afc80beac38ac990 d17893b8d2664ba2afc80beac38ac990] 10.0.0.229 "GET /allocation_candidates?limit=1000&resources=DISK_GB%3A1%2CMEMORY_MB%3A512%2CVCPU%3A1&root_required=%21COMPUTE_STATUS_DISABLED" status: 200 len: 2442 microversion: 1.36 [pid: 8|app: 0|req: 621/1241] 10.0.0.229 () {34 vars in 1011 bytes} [Mon May 4 22:43:35 2026] GET /allocation_candidates?limit=1000&resources=DISK_GB%3A1%2CMEMORY_MB%3A512%2CVCPU%3A1&root_required=%21COMPUTE_STATUS_DISABLED => generated 2442 bytes in 46 msecs (HTTP/1.1 200) 8 headers in 297 bytes (1 switches on core 0)
2026-05-04 22:43:36.074 7 INFO placement.requestlog [req-f41021a5-ee19-4d72-b63a-8c6da0afc1b9 req-9e3521d2-f7c3-4af2-a0df-09fa07901d59 9e4d8623a12145beb52b03f1c9c3672c fd054303e87a443c854454db0d72ef07 - - d17893b8d2664ba2afc80beac38ac990 d17893b8d2664ba2afc80beac38ac990] 10.0.0.229 "GET /allocations/8ae323e1-aa9b-4ebd-8c65-4c81f6808d01" status: 200 len: 19 microversion: 1.28 [pid: 7|app: 0|req: 621/1242] 10.0.0.229 () {34 vars in 860 bytes} [Mon May 4 22:43:36 2026] GET /allocations/8ae323e1-aa9b-4ebd-8c65-4c81f6808d01 => generated 19 bytes in 10 msecs (HTTP/1.1 200) 8 headers in 295 bytes (1 switches on core 0)
2026-05-04 22:43:36.149 8 INFO placement.requestlog [req-f41021a5-ee19-4d72-b63a-8c6da0afc1b9 req-f557e366-da09-4921-ad83-a1e046f4c945 9e4d8623a12145beb52b03f1c9c3672c fd054303e87a443c854454db0d72ef07 - - d17893b8d2664ba2afc80beac38ac990 d17893b8d2664ba2afc80beac38ac990] 10.0.0.229 "PUT /allocations/8ae323e1-aa9b-4ebd-8c65-4c81f6808d01" status: 204 len: 0 microversion: 1.36 [pid: 8|app: 0|req: 622/1243] 10.0.0.229 () {38 vars in 913 bytes} [Mon May 4 22:43:36 2026] PUT /allocations/8ae323e1-aa9b-4ebd-8c65-4c81f6808d01 => generated 0 bytes in 69 msecs (HTTP/1.1 204) 5 headers in 199 bytes (1 switches on core 0)
2026-05-04 22:43:37.651 7 INFO placement.requestlog [req-f41021a5-ee19-4d72-b63a-8c6da0afc1b9 req-249f68a0-cfb4-48ff-a585-1ead7782a9f1 9e4d8623a12145beb52b03f1c9c3672c fd054303e87a443c854454db0d72ef07 - - d17893b8d2664ba2afc80beac38ac990 d17893b8d2664ba2afc80beac38ac990] 199.204.45.242 "GET /allocations/8ae323e1-aa9b-4ebd-8c65-4c81f6808d01" status: 200 len: 258 microversion: 1.28 [pid: 7|app: 0|req: 622/1244] 199.204.45.242 () {34 vars in 862 bytes} [Mon May 4 22:43:37 2026] GET /allocations/8ae323e1-aa9b-4ebd-8c65-4c81f6808d01 => generated 258 bytes in 17 msecs (HTTP/1.1 200) 8 headers in 296 bytes (1 switches on core 0)
2026-05-04 22:43:38.702 8 INFO placement.requestlog [req-f41021a5-ee19-4d72-b63a-8c6da0afc1b9 req-89cd7243-00f5-4a5b-811b-9ca3cf12bc16 9e4d8623a12145beb52b03f1c9c3672c fd054303e87a443c854454db0d72ef07 - - d17893b8d2664ba2afc80beac38ac990 d17893b8d2664ba2afc80beac38ac990] 199.204.45.242 "GET /resource_providers/26fe2c85-22c6-482f-a754-42fcebafe581/allocations" status: 200 len: 153 microversion: 1.0 [pid: 8|app: 0|req: 623/1245] 199.204.45.242 () {32 vars in 856 bytes} [Mon May 4 22:43:38 2026] GET /resource_providers/26fe2c85-22c6-482f-a754-42fcebafe581/allocations => generated 153 bytes in 21 msecs (HTTP/1.1 200) 6 headers in 224 bytes (1 switches on core 0)
2026-05-04 22:43:38.722 7 INFO placement.requestlog [req-f41021a5-ee19-4d72-b63a-8c6da0afc1b9 req-ccbcb4d5-de04-4285-851d-45f8990dd5f7 9e4d8623a12145beb52b03f1c9c3672c fd054303e87a443c854454db0d72ef07 - - d17893b8d2664ba2afc80beac38ac990 d17893b8d2664ba2afc80beac38ac990] 199.204.45.242 "GET /allocations/8ae323e1-aa9b-4ebd-8c65-4c81f6808d01" status: 200 len: 258 microversion: 1.28 [pid: 7|app: 0|req: 623/1246] 199.204.45.242 () {34 vars in 862 bytes} [Mon May 4 22:43:38 2026] GET /allocations/8ae323e1-aa9b-4ebd-8c65-4c81f6808d01 => generated 258 bytes in 12 msecs (HTTP/1.1 200) 8 headers in 296 bytes (1 switches on core 0)
2026-05-04 22:43:45.199 7 INFO placement.requestlog [None req-8fe7cbd2-e82e-492e-9782-fd6ad9b67e1f 42bacbf695a64c61841fba3b97b25370 fd054303e87a443c854454db0d72ef07 - - d17893b8d2664ba2afc80beac38ac990 d17893b8d2664ba2afc80beac38ac990] 10.0.0.253 "GET /resource_providers/ba0e9293-2bf4-42c1-932d-e93dea48443c/aggregates" status: 404 len: 235 microversion: 1.1
2026-05-04 22:43:45.200 8 INFO placement.requestlog [None req-2dd51d68-958e-44d0-a922-34fe766cd22d 42bacbf695a64c61841fba3b97b25370 fd054303e87a443c854454db0d72ef07 - - d17893b8d2664ba2afc80beac38ac990 d17893b8d2664ba2afc80beac38ac990] 10.0.0.253 "GET /resource_providers/ba0e9293-2bf4-42c1-932d-e93dea48443c/aggregates" status: 404 len: 235 microversion: 1.1 [pid: 7|app: 0|req: 624/1247] 10.0.0.253 () {32 vars in 815 bytes} [Mon May 4 22:43:45 2026] GET /resource_providers/ba0e9293-2bf4-42c1-932d-e93dea48443c/aggregates => generated 235 bytes in 10 msecs (HTTP/1.1 404) 5 headers in 202 bytes (1 switches on core 0) [pid: 8|app: 0|req: 624/1248] 10.0.0.253 () {32 vars in 815 bytes} [Mon May 4 22:43:45 2026] GET /resource_providers/ba0e9293-2bf4-42c1-932d-e93dea48443c/aggregates => generated 235 bytes in 14 msecs (HTTP/1.1 404) 5 headers in 202 bytes (1 switches on core 0)
2026-05-04 22:43:45.218 8 INFO placement.requestlog [None req-35f039d3-d89e-4fe7-94ca-c67843926f41 42bacbf695a64c61841fba3b97b25370 fd054303e87a443c854454db0d72ef07 - - d17893b8d2664ba2afc80beac38ac990 d17893b8d2664ba2afc80beac38ac990] 10.0.0.253 "DELETE /resource_providers/ba0e9293-2bf4-42c1-932d-e93dea48443c" status: 404 len: 246 microversion: 1.1 [pid: 8|app: 0|req: 625/1249] 10.0.0.253 () {34 vars in 815 bytes} [Mon May 4 22:43:45 2026] DELETE /resource_providers/ba0e9293-2bf4-42c1-932d-e93dea48443c => generated 246 bytes in 11 msecs (HTTP/1.1 404) 6 headers in 231 bytes (1 switches on core 0)
2026-05-04 22:43:45.222 7 INFO placement.requestlog [None req-7d9551e5-9599-4bb1-8950-61bbb82814fb 42bacbf695a64c61841fba3b97b25370 fd054303e87a443c854454db0d72ef07 - - d17893b8d2664ba2afc80beac38ac990 d17893b8d2664ba2afc80beac38ac990] 10.0.0.253 "DELETE /resource_providers/ba0e9293-2bf4-42c1-932d-e93dea48443c" status: 404 len: 246 microversion: 1.1 [pid: 7|app: 0|req: 625/1250] 10.0.0.253 () {34 vars in 815 bytes} [Mon May 4 22:43:45 2026] DELETE /resource_providers/ba0e9293-2bf4-42c1-932d-e93dea48443c => generated 246 bytes in 16 msecs (HTTP/1.1 404) 6 headers in 231 bytes (1 switches on core 0)
2026-05-04 22:43:45.949 7 INFO placement.requestlog [None req-d49b6cbc-ee48-4574-b1bb-88a2bdfd9bd3 - - - - - -] 10.0.0.187 "GET /" status: 200 len: 136 microversion: 1.0
2026-05-04 22:43:45.950 8 INFO placement.requestlog [None req-4a880235-1106-41ba-9473-4f7361089ae9 - - - - - -] 10.0.0.187 "GET /" status: 200 len: 136 microversion: 1.0
2026-05-04 22:43:53.796 7 INFO placement.requestlog [req-c76a6f53-ddcb-41b9-bf7f-4304f642c5f8 req-62facded-50f5-4900-bf67-9f036ab79744 9e4d8623a12145beb52b03f1c9c3672c fd054303e87a443c854454db0d72ef07 - - d17893b8d2664ba2afc80beac38ac990 d17893b8d2664ba2afc80beac38ac990] 10.0.0.229 "GET /allocation_candidates?limit=1000&resources=DISK_GB%3A1%2CMEMORY_MB%3A512%2CVCPU%3A1&root_required=%21COMPUTE_STATUS_DISABLED" status: 200 len: 2444 microversion: 1.36 [pid: 7|app: 0|req: 627/1253] 10.0.0.229 () {34 vars in 1011 bytes} [Mon May 4 22:43:53 2026] GET /allocation_candidates?limit=1000&resources=DISK_GB%3A1%2CMEMORY_MB%3A512%2CVCPU%3A1&root_required=%21COMPUTE_STATUS_DISABLED => generated 2444 bytes in 59 msecs (HTTP/1.1 200) 8 headers in 297 bytes (1 switches on core 0)
2026-05-04 22:43:53.833 8 INFO placement.requestlog [req-c76a6f53-ddcb-41b9-bf7f-4304f642c5f8 req-3ef7058b-a740-40b8-8be5-7c94611eac6b 9e4d8623a12145beb52b03f1c9c3672c fd054303e87a443c854454db0d72ef07 - - d17893b8d2664ba2afc80beac38ac990 d17893b8d2664ba2afc80beac38ac990] 10.0.0.229 "GET /allocations/ff9d6b78-0914-48f1-9f64-e8a326877d9a" status: 200 len: 19 microversion: 1.28 [pid: 8|app: 0|req: 627/1254] 10.0.0.229 () {34 vars in 860 bytes} [Mon May 4 22:43:53 2026] GET /allocations/ff9d6b78-0914-48f1-9f64-e8a326877d9a => generated 19 bytes in 10 msecs (HTTP/1.1 200) 8 headers in 295 bytes (1 switches on core 0)
2026-05-04 22:43:53.892 7 INFO placement.requestlog [req-c76a6f53-ddcb-41b9-bf7f-4304f642c5f8 req-c853e743-5867-4230-9f73-4d2943a01598 9e4d8623a12145beb52b03f1c9c3672c fd054303e87a443c854454db0d72ef07 - - d17893b8d2664ba2afc80beac38ac990 d17893b8d2664ba2afc80beac38ac990] 10.0.0.229 "PUT /allocations/ff9d6b78-0914-48f1-9f64-e8a326877d9a" status: 204 len: 0 microversion: 1.36 [pid: 7|app: 0|req: 628/1255] 10.0.0.229 () {38 vars in 913 bytes} [Mon May 4 22:43:53 2026] PUT /allocations/ff9d6b78-0914-48f1-9f64-e8a326877d9a => generated 0 bytes in 51 msecs (HTTP/1.1 204) 5 headers in 199 bytes (1 switches on core 0)
2026-05-04 22:43:55.428 8 INFO placement.requestlog [req-c76a6f53-ddcb-41b9-bf7f-4304f642c5f8 req-a566f136-f505-4720-a73d-6066b7177195 9e4d8623a12145beb52b03f1c9c3672c fd054303e87a443c854454db0d72ef07 - - d17893b8d2664ba2afc80beac38ac990 d17893b8d2664ba2afc80beac38ac990] 199.204.45.242 "GET /allocations/ff9d6b78-0914-48f1-9f64-e8a326877d9a" status: 200 len: 258 microversion: 1.28 [pid: 8|app: 0|req: 628/1256] 199.204.45.242 () {34 vars in 862 bytes} [Mon May 4 22:43:55 2026] GET /allocations/ff9d6b78-0914-48f1-9f64-e8a326877d9a => generated 258 bytes in 12 msecs (HTTP/1.1 200) 8 headers in 296 bytes (1 switches on core 0)
2026-05-04 22:43:55.950 8 INFO placement.requestlog [None req-e50f5d78-06e7-4bee-9181-2484166e0115 - - - - - -] 10.0.0.187 "GET /" status: 200 len: 136 microversion: 1.0
2026-05-04 22:43:55.950 7 INFO placement.requestlog [None req-4f2e1723-8514-4929-ace3-9ed02b546828 - - - - - -] 10.0.0.187 "GET /" status: 200 len: 136 microversion: 1.0
2026-05-04 22:43:56.485 8 INFO placement.requestlog [req-c76a6f53-ddcb-41b9-bf7f-4304f642c5f8 req-9f4c7328-cae0-422f-a029-4e9931fdf7e8 9e4d8623a12145beb52b03f1c9c3672c fd054303e87a443c854454db0d72ef07 - - d17893b8d2664ba2afc80beac38ac990 d17893b8d2664ba2afc80beac38ac990] 199.204.45.242 "GET /resource_providers/26fe2c85-22c6-482f-a754-42fcebafe581/allocations" status: 200 len: 253 microversion: 1.0 [pid: 8|app: 0|req: 630/1259] 199.204.45.242 () {32 vars in 856 bytes} [Mon May 4 22:43:56 2026] GET /resource_providers/26fe2c85-22c6-482f-a754-42fcebafe581/allocations => generated 253 bytes in 29 msecs (HTTP/1.1 200) 6 headers in 224 bytes (1 switches on core 0)
2026-05-04 22:43:56.505 7 INFO placement.requestlog [req-c76a6f53-ddcb-41b9-bf7f-4304f642c5f8 req-294f408c-b20b-4633-ae02-d1d7abb75d62 9e4d8623a12145beb52b03f1c9c3672c fd054303e87a443c854454db0d72ef07 - - d17893b8d2664ba2afc80beac38ac990 d17893b8d2664ba2afc80beac38ac990] 199.204.45.242 "GET /allocations/ff9d6b78-0914-48f1-9f64-e8a326877d9a" status: 200 len: 258 microversion: 1.28 [pid: 7|app: 0|req: 630/1260] 199.204.45.242 () {34 vars in 862 bytes} [Mon May 4 22:43:56 2026] GET /allocations/ff9d6b78-0914-48f1-9f64-e8a326877d9a => generated 258 bytes in 12 msecs (HTTP/1.1 200) 8 headers in 296 bytes (1 switches on core 0)
2026-05-04 22:43:56.525 8 INFO placement.requestlog [req-c76a6f53-ddcb-41b9-bf7f-4304f642c5f8 req-92ccd356-792b-492e-808f-0613d0c408df 9e4d8623a12145beb52b03f1c9c3672c fd054303e87a443c854454db0d72ef07 - - d17893b8d2664ba2afc80beac38ac990 d17893b8d2664ba2afc80beac38ac990] 199.204.45.242 "GET /allocations/8ae323e1-aa9b-4ebd-8c65-4c81f6808d01" status: 200 len: 258 microversion: 1.28 [pid: 8|app: 0|req: 631/1261] 199.204.45.242 () {34 vars in 862 bytes} [Mon May 4 22:43:56 2026] GET /allocations/8ae323e1-aa9b-4ebd-8c65-4c81f6808d01 => generated 258 bytes in 13 msecs (HTTP/1.1 200) 8 headers in 296 bytes (1 switches on core 0)
2026-05-04 22:44:05.949 7 INFO placement.requestlog [None req-634eb1e9-9a5c-4d41-b0fc-eb5c1cb020ad - - - - - -] 10.0.0.187 "GET /" status: 200 len: 136 microversion: 1.0
2026-05-04 22:44:05.950 8 INFO placement.requestlog [None req-455ff5e5-f3a9-4684-955f-8acb78a5eb1a - - - - - -] 10.0.0.187 "GET /" status: 200 len: 136 microversion: 1.0
2026-05-04 22:44:15.949 7 INFO placement.requestlog [None req-b99286ad-d874-4394-afdb-0ab80b5afdad - - - - - -] 10.0.0.187 "GET /" status: 200 len: 136 microversion: 1.0
2026-05-04 22:44:15.950 8 INFO placement.requestlog [None req-4e80d13d-800e-4927-a1a0-baf720371129 - - - - - -] 10.0.0.187 "GET /" status: 200 len: 136 microversion: 1.0
2026-05-04 22:44:24.682 7 INFO placement.requestlog [req-1980147c-2d1a-42d7-a895-c462b8898dcb req-b1c5185d-38ee-4e33-8d7f-8370572ab8ea 9e4d8623a12145beb52b03f1c9c3672c fd054303e87a443c854454db0d72ef07 - - d17893b8d2664ba2afc80beac38ac990 d17893b8d2664ba2afc80beac38ac990] 199.204.45.242 "GET /resource_providers/26fe2c85-22c6-482f-a754-42fcebafe581/allocations" status: 200 len: 253 microversion: 1.0 [pid: 7|app: 0|req: 633/1266] 199.204.45.242 () {32 vars in 856 bytes} [Mon May 4 22:44:24 2026] GET /resource_providers/26fe2c85-22c6-482f-a754-42fcebafe581/allocations => generated 253 bytes in 43 msecs (HTTP/1.1 200) 6 headers in 224 bytes (1 switches on core 0)
2026-05-04 22:44:24.710 8 INFO placement.requestlog [req-1980147c-2d1a-42d7-a895-c462b8898dcb req-91444586-61f7-4c0b-b14b-32e954071a2c 9e4d8623a12145beb52b03f1c9c3672c fd054303e87a443c854454db0d72ef07 - - d17893b8d2664ba2afc80beac38ac990 d17893b8d2664ba2afc80beac38ac990] 199.204.45.242 "GET /resource_providers/26fe2c85-22c6-482f-a754-42fcebafe581/allocations" status: 200 len: 253 microversion: 1.0 [pid: 8|app: 0|req: 634/1267] 199.204.45.242 () {32 vars in 856 bytes} [Mon May 4 22:44:24 2026] GET /resource_providers/26fe2c85-22c6-482f-a754-42fcebafe581/allocations => generated 253 bytes in 19 msecs (HTTP/1.1 200) 6 headers in 224 bytes (1 switches on core 0)
2026-05-04 22:44:24.730 7 INFO placement.requestlog [req-1980147c-2d1a-42d7-a895-c462b8898dcb req-4c954481-3d8b-4a46-923a-53761db44ce8 9e4d8623a12145beb52b03f1c9c3672c fd054303e87a443c854454db0d72ef07 - - d17893b8d2664ba2afc80beac38ac990 d17893b8d2664ba2afc80beac38ac990] 199.204.45.242 "GET /allocations/ff9d6b78-0914-48f1-9f64-e8a326877d9a" status: 200 len: 258 microversion: 1.28 [pid: 7|app: 0|req: 634/1268] 199.204.45.242 () {34 vars in 862 bytes} [Mon May 4 22:44:24 2026] GET /allocations/ff9d6b78-0914-48f1-9f64-e8a326877d9a => generated 258 bytes in 13 msecs (HTTP/1.1 200) 8 headers in 296 bytes (1 switches on core 0)
2026-05-04 22:44:24.748 8 INFO placement.requestlog [req-1980147c-2d1a-42d7-a895-c462b8898dcb req-3c05d33a-ce04-432f-8639-d44f2d6402ba 9e4d8623a12145beb52b03f1c9c3672c fd054303e87a443c854454db0d72ef07 - - d17893b8d2664ba2afc80beac38ac990 d17893b8d2664ba2afc80beac38ac990] 199.204.45.242 "GET /allocations/8ae323e1-aa9b-4ebd-8c65-4c81f6808d01" status: 200 len: 258 microversion: 1.28 [pid: 8|app: 0|req: 635/1269] 199.204.45.242 () {34 vars in 862 bytes} [Mon May 4 22:44:24 2026] GET /allocations/8ae323e1-aa9b-4ebd-8c65-4c81f6808d01 => generated 258 bytes in 13 msecs (HTTP/1.1 200) 8 headers in 296 bytes (1 switches on core 0)
2026-05-04 22:44:25.950 7 INFO placement.requestlog [None req-650c4e3d-f7f2-4e8d-872f-e2e324410be2 - - - - - -] 10.0.0.187 "GET /" status: 200 len: 136 microversion: 1.0
2026-05-04 22:44:25.950 8 INFO placement.requestlog [None req-53e40a17-52ca-42d1-8f19-acba1bf2a124 - - - - - -] 10.0.0.187 "GET /" status: 200 len: 136 microversion: 1.0
2026-05-04 22:44:35.949 8 INFO placement.requestlog [None req-f43b8b7d-842e-4fd3-b95c-9eac11015020 - - - - - -] 10.0.0.187 "GET /" status: 200 len: 136 microversion: 1.0
2026-05-04 22:44:35.949 7 INFO placement.requestlog [None req-a874be0b-8766-498c-8a5a-e084d5dc9ff6 - - - - - -] 10.0.0.187 "GET /" status: 200 len: 136 microversion: 1.0
2026-05-04 22:44:40.864 8 INFO placement.requestlog [req-65cc8bb8-f976-4b9a-a0f4-cb267dfb512d req-2a718b9c-4344-4a8e-8c95-74488b1bca5d 9e4d8623a12145beb52b03f1c9c3672c fd054303e87a443c854454db0d72ef07 - - d17893b8d2664ba2afc80beac38ac990 d17893b8d2664ba2afc80beac38ac990] 10.0.0.229 "GET /allocation_candidates?limit=1000&resources=MEMORY_MB%3A2048%2CVCPU%3A2&root_required=%21COMPUTE_STATUS_DISABLED" status: 200 len: 2432 microversion: 1.36 [pid: 8|app: 0|req: 638/1274] 10.0.0.229 () {34 vars in 985 bytes} [Mon May 4 22:44:40 2026] GET /allocation_candidates?limit=1000&resources=MEMORY_MB%3A2048%2CVCPU%3A2&root_required=%21COMPUTE_STATUS_DISABLED => generated 2432 bytes in 147 msecs (HTTP/1.1 200) 8 headers in 297 bytes (1 switches on core 0)
2026-05-04 22:44:40.892 7 INFO placement.requestlog [req-65cc8bb8-f976-4b9a-a0f4-cb267dfb512d req-9efd69e4-572a-4e89-98cc-03114acf3eda 9e4d8623a12145beb52b03f1c9c3672c fd054303e87a443c854454db0d72ef07 - - d17893b8d2664ba2afc80beac38ac990 d17893b8d2664ba2afc80beac38ac990] 10.0.0.229 "GET /allocations/7bf3b715-a6a1-4985-ada0-5d52a2d90d34" status: 200 len: 19 microversion: 1.28 [pid: 7|app: 0|req: 637/1275] 10.0.0.229 () {34 vars in 860 bytes} [Mon May 4 22:44:40 2026] GET /allocations/7bf3b715-a6a1-4985-ada0-5d52a2d90d34 => generated 19 bytes in 12 msecs (HTTP/1.1 200) 8 headers in 295 bytes (1 switches on core 0)
2026-05-04 22:44:40.991 8 INFO placement.requestlog [req-65cc8bb8-f976-4b9a-a0f4-cb267dfb512d req-09b55b96-1c3e-4db8-945d-f3c1428a888d 9e4d8623a12145beb52b03f1c9c3672c fd054303e87a443c854454db0d72ef07 - - d17893b8d2664ba2afc80beac38ac990 d17893b8d2664ba2afc80beac38ac990] 10.0.0.229 "PUT /allocations/7bf3b715-a6a1-4985-ada0-5d52a2d90d34" status: 204 len: 0 microversion: 1.36 [pid: 8|app: 0|req: 639/1276] 10.0.0.229 () {38 vars in 913 bytes} [Mon May 4 22:44:40 2026] PUT /allocations/7bf3b715-a6a1-4985-ada0-5d52a2d90d34 => generated 0 bytes in 93 msecs (HTTP/1.1 204) 5 headers in 199 bytes (1 switches on core 0)
2026-05-04 22:44:42.378 7 INFO placement.requestlog [req-65cc8bb8-f976-4b9a-a0f4-cb267dfb512d req-af172a9d-467b-4ff1-8ddb-5d7983bcf2ad 9e4d8623a12145beb52b03f1c9c3672c fd054303e87a443c854454db0d72ef07 - - d17893b8d2664ba2afc80beac38ac990 d17893b8d2664ba2afc80beac38ac990] 199.204.45.242 "GET /allocations/7bf3b715-a6a1-4985-ada0-5d52a2d90d34" status: 200 len: 245 microversion: 1.28 [pid: 7|app: 0|req: 638/1277] 199.204.45.242 () {34 vars in 862 bytes} [Mon May 4 22:44:42 2026] GET /allocations/7bf3b715-a6a1-4985-ada0-5d52a2d90d34 => generated 245 bytes in 22 msecs (HTTP/1.1 200) 8 headers in 296 bytes (1 switches on core 0)
2026-05-04 22:44:43.425 8 INFO placement.requestlog [req-65cc8bb8-f976-4b9a-a0f4-cb267dfb512d req-f35b83da-e114-46e5-a01c-ffa34cd025b8 9e4d8623a12145beb52b03f1c9c3672c fd054303e87a443c854454db0d72ef07 - - d17893b8d2664ba2afc80beac38ac990 d17893b8d2664ba2afc80beac38ac990] 199.204.45.242 "GET /resource_providers/26fe2c85-22c6-482f-a754-42fcebafe581/allocations" status: 200 len: 340 microversion: 1.0 [pid: 8|app: 0|req: 640/1278] 199.204.45.242 () {32 vars in 856 bytes} [Mon May 4 22:44:43 2026] GET /resource_providers/26fe2c85-22c6-482f-a754-42fcebafe581/allocations => generated 340 bytes in 20 msecs (HTTP/1.1 200) 6 headers in 224 bytes (1 switches on core 0)
2026-05-04 22:44:43.449 7 INFO placement.requestlog [req-65cc8bb8-f976-4b9a-a0f4-cb267dfb512d req-164b670e-3c91-4abe-b2d6-7b76536f6db8 9e4d8623a12145beb52b03f1c9c3672c fd054303e87a443c854454db0d72ef07 - - d17893b8d2664ba2afc80beac38ac990 d17893b8d2664ba2afc80beac38ac990] 199.204.45.242 "GET /allocations/ff9d6b78-0914-48f1-9f64-e8a326877d9a" status: 200 len: 258 microversion: 1.28 [pid: 7|app: 0|req: 639/1279] 199.204.45.242 () {34 vars in 862 bytes} [Mon May 4 22:44:43 2026] GET /allocations/ff9d6b78-0914-48f1-9f64-e8a326877d9a => generated 258 bytes in 19 msecs (HTTP/1.1 200) 8 headers in 296 bytes (1 switches on core 0)
2026-05-04 22:44:43.463 8 INFO placement.requestlog [req-65cc8bb8-f976-4b9a-a0f4-cb267dfb512d req-63a1a664-6521-442f-ac71-70183714657c 9e4d8623a12145beb52b03f1c9c3672c fd054303e87a443c854454db0d72ef07 - - d17893b8d2664ba2afc80beac38ac990 d17893b8d2664ba2afc80beac38ac990] 199.204.45.242 "GET /allocations/8ae323e1-aa9b-4ebd-8c65-4c81f6808d01" status: 200 len: 258 microversion: 1.28 [pid: 8|app: 0|req: 641/1280] 199.204.45.242 () {34 vars in 862 bytes} [Mon May 4 22:44:43 2026] GET /allocations/8ae323e1-aa9b-4ebd-8c65-4c81f6808d01 => generated 258 bytes in 11 msecs (HTTP/1.1 200) 8 headers in 296 bytes (1 switches on core 0)
