Mar 26 01:00:20.098634 np0000160857 neutron-periodic-workers[105065]: DEBUG cotyledon.oslo_config_glue [-] ml2.type_drivers = ['local', 'flat', 'vlan', 'geneve'] {{(pid=105065) log_opt_values /opt/stack/data/venv/lib/python3.12/site-packages/oslo_config/cfg.py:3006}}
Mar 26 01:00:20.098634 np0000160857 neutron-periodic-workers[105065]: DEBUG cotyledon.oslo_config_glue [-] ml2_type_flat.flat_networks = ['public'] {{(pid=105065) log_opt_values /opt/stack/data/venv/lib/python3.12/site-packages/oslo_config/cfg.py:3006}}
Mar 26 01:00:20.098634 np0000160857 neutron-periodic-workers[105065]: DEBUG cotyledon.oslo_config_glue [-] ml2_type_geneve.max_header_size = 38 {{(pid=105065) log_opt_values /opt/stack/data/venv/lib/python3.12/site-packages/oslo_config/cfg.py:3006}}
Mar 26 01:00:20.098634 np0000160857 neutron-periodic-workers[105065]: DEBUG cotyledon.oslo_config_glue [-] ml2_type_geneve.vni_ranges = ['1:65536'] {{(pid=105065) log_opt_values /opt/stack/data/venv/lib/python3.12/site-packages/oslo_config/cfg.py:3006}}
Mar 26 01:00:20.098634 np0000160857 neutron-periodic-workers[105065]: DEBUG cotyledon.oslo_config_glue [-] ml2_type_vlan.network_vlan_ranges = ['public'] {{(pid=105065) log_opt_values /opt/stack/data/venv/lib/python3.12/site-packages/oslo_config/cfg.py:3006}}
Mar 26 01:00:20.098634 np0000160857 neutron-periodic-workers[105065]: DEBUG cotyledon.oslo_config_glue [-] network_log.burst_limit = 25 {{(pid=105065) log_opt_values /opt/stack/data/venv/lib/python3.12/site-packages/oslo_config/cfg.py:3006}}
Mar 26 01:00:20.098858 np0000160857 neutron-periodic-workers[105065]: DEBUG cotyledon.oslo_config_glue [-] network_log.local_output_log_base = None {{(pid=105065) log_opt_values /opt/stack/data/venv/lib/python3.12/site-packages/oslo_config/cfg.py:3006}}
Mar 26 01:00:20.098858 np0000160857 neutron-periodic-workers[105065]: DEBUG cotyledon.oslo_config_glue [-] network_log.rate_limit = 100 {{(pid=105065) log_opt_values /opt/stack/data/venv/lib/python3.12/site-packages/oslo_config/cfg.py:3006}}
Mar 26 01:00:20.098858 np0000160857 neutron-periodic-workers[105065]: DEBUG cotyledon.oslo_config_glue [-] database.asyncio_connection = **** {{(pid=105065) log_opt_values /opt/stack/data/venv/lib/python3.12/site-packages/oslo_config/cfg.py:3006}}
Mar 26 01:00:20.098858 np0000160857 neutron-periodic-workers[105065]: DEBUG cotyledon.oslo_config_glue [-] database.asyncio_slave_connection = **** {{(pid=105065) log_opt_values /opt/stack/data/venv/lib/python3.12/site-packages/oslo_config/cfg.py:3006}}
Mar 26 01:00:20.098858 np0000160857 neutron-periodic-workers[105065]: DEBUG cotyledon.oslo_config_glue [-] database.backend = sqlalchemy {{(pid=105065) log_opt_values /opt/stack/data/venv/lib/python3.12/site-packages/oslo_config/cfg.py:3006}}
Mar 26 01:00:20.098858 np0000160857 neutron-periodic-workers[105065]: DEBUG cotyledon.oslo_config_glue [-] database.connection = **** {{(pid=105065) log_opt_values /opt/stack/data/venv/lib/python3.12/site-packages/oslo_config/cfg.py:3006}}
Mar 26 01:00:20.098858 np0000160857 neutron-periodic-workers[105065]: DEBUG cotyledon.oslo_config_glue [-] database.connection_debug = 0 {{(pid=105065) log_opt_values /opt/stack/data/venv/lib/python3.12/site-packages/oslo_config/cfg.py:3006}}
Mar 26 01:00:20.098858 np0000160857 neutron-periodic-workers[105065]: DEBUG cotyledon.oslo_config_glue [-] database.connection_parameters = {{(pid=105065) log_opt_values /opt/stack/data/venv/lib/python3.12/site-packages/oslo_config/cfg.py:3006}}
Mar 26 01:00:20.098858 np0000160857 neutron-periodic-workers[105065]: DEBUG cotyledon.oslo_config_glue [-] database.connection_recycle_time = 3600 {{(pid=105065) log_opt_values /opt/stack/data/venv/lib/python3.12/site-packages/oslo_config/cfg.py:3006}}
Mar 26 01:00:20.099086 np0000160857 neutron-periodic-workers[105065]: DEBUG cotyledon.oslo_config_glue [-] database.connection_trace = False {{(pid=105065) log_opt_values /opt/stack/data/venv/lib/python3.12/site-packages/oslo_config/cfg.py:3006}}
Mar 26 01:00:20.099086 np0000160857 neutron-periodic-workers[105065]: DEBUG cotyledon.oslo_config_glue [-] database.db_inc_retry_interval = True {{(pid=105065) log_opt_values /opt/stack/data/venv/lib/python3.12/site-packages/oslo_config/cfg.py:3006}}
Mar 26 01:00:20.099086 np0000160857 neutron-periodic-workers[105065]: DEBUG cotyledon.oslo_config_glue [-] database.db_max_retries = 20 {{(pid=105065) log_opt_values /opt/stack/data/venv/lib/python3.12/site-packages/oslo_config/cfg.py:3006}}
Mar 26 01:00:20.099086 np0000160857 neutron-periodic-workers[105065]: DEBUG cotyledon.oslo_config_glue [-] database.db_max_retry_interval = 10 {{(pid=105065) log_opt_values /opt/stack/data/venv/lib/python3.12/site-packages/oslo_config/cfg.py:3006}}
Mar 26 01:00:20.099086 np0000160857 neutron-periodic-workers[105065]: DEBUG cotyledon.oslo_config_glue [-] database.db_retry_interval = 1 {{(pid=105065) log_opt_values /opt/stack/data/venv/lib/python3.12/site-packages/oslo_config/cfg.py:3006}}
Mar 26 01:00:20.099086 np0000160857 neutron-periodic-workers[105065]: DEBUG cotyledon.oslo_config_glue [-] database.max_overflow = 50 {{(pid=105065) log_opt_values /opt/stack/data/venv/lib/python3.12/site-packages/oslo_config/cfg.py:3006}}
Mar 26 01:00:20.099086 np0000160857 neutron-periodic-workers[105065]: DEBUG cotyledon.oslo_config_glue [-] database.max_pool_size = 5 {{(pid=105065) log_opt_values /opt/stack/data/venv/lib/python3.12/site-packages/oslo_config/cfg.py:3006}}
Mar 26 01:00:20.099086 np0000160857 neutron-periodic-workers[105065]: DEBUG cotyledon.oslo_config_glue [-] database.max_retries = 10 {{(pid=105065) log_opt_values /opt/stack/data/venv/lib/python3.12/site-packages/oslo_config/cfg.py:3006}}
Mar 26 01:00:20.099086 np0000160857 neutron-periodic-workers[105065]: DEBUG cotyledon.oslo_config_glue [-] database.mysql_sql_mode = TRADITIONAL {{(pid=105065) log_opt_values /opt/stack/data/venv/lib/python3.12/site-packages/oslo_config/cfg.py:3006}}
Mar 26 01:00:20.099295 np0000160857 neutron-periodic-workers[105065]: DEBUG cotyledon.oslo_config_glue [-] database.mysql_wsrep_sync_wait = None {{(pid=105065) log_opt_values /opt/stack/data/venv/lib/python3.12/site-packages/oslo_config/cfg.py:3006}}
Mar 26 01:00:20.099295 np0000160857 neutron-periodic-workers[105065]: DEBUG cotyledon.oslo_config_glue [-] database.pool_timeout = None {{(pid=105065) log_opt_values /opt/stack/data/venv/lib/python3.12/site-packages/oslo_config/cfg.py:3006}}
Mar 26 01:00:20.099295 np0000160857 neutron-periodic-workers[105065]: DEBUG cotyledon.oslo_config_glue [-] database.retry_interval = 10 {{(pid=105065) log_opt_values /opt/stack/data/venv/lib/python3.12/site-packages/oslo_config/cfg.py:3006}}
Mar 26 01:00:20.099295 np0000160857 neutron-periodic-workers[105065]: DEBUG cotyledon.oslo_config_glue [-] database.slave_connection = **** {{(pid=105065) log_opt_values /opt/stack/data/venv/lib/python3.12/site-packages/oslo_config/cfg.py:3006}}
Mar 26 01:00:20.099295 np0000160857 neutron-periodic-workers[105065]: DEBUG cotyledon.oslo_config_glue [-] database.sqlite_synchronous = True {{(pid=105065) log_opt_values /opt/stack/data/venv/lib/python3.12/site-packages/oslo_config/cfg.py:3006}}
Mar 26 01:00:20.099295 np0000160857 neutron-periodic-workers[105065]: DEBUG cotyledon.oslo_config_glue [-] database.synchronous_reader = True {{(pid=105065) log_opt_values /opt/stack/data/venv/lib/python3.12/site-packages/oslo_config/cfg.py:3006}}
Mar 26 01:00:20.099295 np0000160857 neutron-periodic-workers[105065]: DEBUG cotyledon.oslo_config_glue [-] database.use_db_reconnect = False {{(pid=105065) log_opt_values /opt/stack/data/venv/lib/python3.12/site-packages/oslo_config/cfg.py:3006}}
Mar 26 01:00:20.099295 np0000160857 neutron-periodic-workers[105065]: DEBUG cotyledon.oslo_config_glue [-] ovn.bfd_min_rx = 1000 {{(pid=105065) log_opt_values /opt/stack/data/venv/lib/python3.12/site-packages/oslo_config/cfg.py:3006}}
Mar 26 01:00:20.099295 np0000160857 neutron-periodic-workers[105065]: DEBUG cotyledon.oslo_config_glue [-] ovn.bfd_min_tx = 100 {{(pid=105065) log_opt_values /opt/stack/data/venv/lib/python3.12/site-packages/oslo_config/cfg.py:3006}}
Mar 26 01:00:20.099494 np0000160857 neutron-periodic-workers[105065]: DEBUG cotyledon.oslo_config_glue [-] ovn.bfd_mult = 3 {{(pid=105065) log_opt_values /opt/stack/data/venv/lib/python3.12/site-packages/oslo_config/cfg.py:3006}}
Mar 26 01:00:20.099494 np0000160857 neutron-periodic-workers[105065]: DEBUG cotyledon.oslo_config_glue [-] ovn.broadcast_arps_to_all_routers = True {{(pid=105065) log_opt_values /opt/stack/data/venv/lib/python3.12/site-packages/oslo_config/cfg.py:3006}}
Mar 26 01:00:20.099494 np0000160857 neutron-periodic-workers[105065]: DEBUG cotyledon.oslo_config_glue [-] ovn.dhcp_default_lease_time = 43200 {{(pid=105065) log_opt_values /opt/stack/data/venv/lib/python3.12/site-packages/oslo_config/cfg.py:3006}}
Mar 26 01:00:20.099494 np0000160857 neutron-periodic-workers[105065]: DEBUG cotyledon.oslo_config_glue [-] ovn.disable_ovn_dhcp_for_baremetal_ports = False {{(pid=105065) log_opt_values /opt/stack/data/venv/lib/python3.12/site-packages/oslo_config/cfg.py:3006}}
Mar 26 01:00:20.099494 np0000160857 neutron-periodic-workers[105065]: DEBUG cotyledon.oslo_config_glue [-] ovn.dns_records_ovn_owned = False {{(pid=105065) log_opt_values /opt/stack/data/venv/lib/python3.12/site-packages/oslo_config/cfg.py:3006}}
Mar 26 01:00:20.099494 np0000160857 neutron-periodic-workers[105065]: DEBUG cotyledon.oslo_config_glue [-] ovn.dns_servers = [] {{(pid=105065) log_opt_values /opt/stack/data/venv/lib/python3.12/site-packages/oslo_config/cfg.py:3006}}
Mar 26 01:00:20.099494 np0000160857 neutron-periodic-workers[105065]: DEBUG cotyledon.oslo_config_glue [-] ovn.enable_distributed_floating_ip = False {{(pid=105065) log_opt_values /opt/stack/data/venv/lib/python3.12/site-packages/oslo_config/cfg.py:3006}}
Mar 26 01:00:20.099494 np0000160857 neutron-periodic-workers[105065]: DEBUG cotyledon.oslo_config_glue [-] ovn.fdb_age_threshold = 300 {{(pid=105065) log_opt_values /opt/stack/data/venv/lib/python3.12/site-packages/oslo_config/cfg.py:3006}}
Mar 26 01:00:20.099494 np0000160857 neutron-periodic-workers[105065]: DEBUG cotyledon.oslo_config_glue [-] ovn.ha_failover_strategy = normal {{(pid=105065) log_opt_values /opt/stack/data/venv/lib/python3.12/site-packages/oslo_config/cfg.py:3006}}
Mar 26 01:00:20.099690 np0000160857 neutron-periodic-workers[105065]: DEBUG cotyledon.oslo_config_glue [-] ovn.live_migration_activation_strategy = rarp {{(pid=105065) log_opt_values /opt/stack/data/venv/lib/python3.12/site-packages/oslo_config/cfg.py:3006}}
Mar 26 01:00:20.099690 np0000160857 neutron-periodic-workers[105065]: DEBUG cotyledon.oslo_config_glue [-] ovn.localnet_learn_fdb = False {{(pid=105065) log_opt_values /opt/stack/data/venv/lib/python3.12/site-packages/oslo_config/cfg.py:3006}}
Mar 26 01:00:20.099690 np0000160857 neutron-periodic-workers[105065]: DEBUG cotyledon.oslo_config_glue [-] ovn.mac_binding_age_threshold = 300 {{(pid=105065) log_opt_values /opt/stack/data/venv/lib/python3.12/site-packages/oslo_config/cfg.py:3006}}
Mar 26 01:00:20.099690 np0000160857 neutron-periodic-workers[105065]: DEBUG cotyledon.oslo_config_glue [-] ovn.neutron_sync_mode = log {{(pid=105065) log_opt_values /opt/stack/data/venv/lib/python3.12/site-packages/oslo_config/cfg.py:3006}}
Mar 26 01:00:20.099690 np0000160857 neutron-periodic-workers[105065]: DEBUG cotyledon.oslo_config_glue [-] ovn.ovn_dhcp4_global_options = {} {{(pid=105065) log_opt_values /opt/stack/data/venv/lib/python3.12/site-packages/oslo_config/cfg.py:3006}}
Mar 26 01:00:20.099690 np0000160857 neutron-periodic-workers[105065]: DEBUG cotyledon.oslo_config_glue [-] ovn.ovn_dhcp6_global_options = {} {{(pid=105065) log_opt_values /opt/stack/data/venv/lib/python3.12/site-packages/oslo_config/cfg.py:3006}}
Mar 26 01:00:20.099690 np0000160857 neutron-periodic-workers[105065]: DEBUG cotyledon.oslo_config_glue [-] ovn.ovn_l3_scheduler = leastloaded {{(pid=105065) log_opt_values /opt/stack/data/venv/lib/python3.12/site-packages/oslo_config/cfg.py:3006}}
Mar 26 01:00:20.099690 np0000160857 neutron-periodic-workers[105065]: DEBUG cotyledon.oslo_config_glue [-] ovn.ovn_metadata_enabled = True {{(pid=105065) log_opt_values /opt/stack/data/venv/lib/python3.12/site-packages/oslo_config/cfg.py:3006}}
Mar 26 01:00:20.099690 np0000160857 neutron-periodic-workers[105065]: DEBUG cotyledon.oslo_config_glue [-] ovn.ovn_nb_ca_cert = /opt/stack/data/CA/int-ca/ca-chain.pem {{(pid=105065) log_opt_values /opt/stack/data/venv/lib/python3.12/site-packages/oslo_config/cfg.py:3006}}
Mar 26 01:00:20.099906 np0000160857 neutron-periodic-workers[105065]: DEBUG cotyledon.oslo_config_glue [-] ovn.ovn_nb_certificate = /opt/stack/data/CA/int-ca/devstack-cert.crt {{(pid=105065) log_opt_values /opt/stack/data/venv/lib/python3.12/site-packages/oslo_config/cfg.py:3006}}
Mar 26 01:00:20.099906 np0000160857 neutron-periodic-workers[105065]: DEBUG cotyledon.oslo_config_glue [-] ovn.ovn_nb_connection = ['ssl:199.204.45.38:6641'] {{(pid=105065) log_opt_values /opt/stack/data/venv/lib/python3.12/site-packages/oslo_config/cfg.py:3006}}
Mar 26 01:00:20.099906 np0000160857 neutron-periodic-workers[105065]: DEBUG cotyledon.oslo_config_glue [-] ovn.ovn_nb_private_key = /opt/stack/data/CA/int-ca/private/devstack-cert.key {{(pid=105065) log_opt_values /opt/stack/data/venv/lib/python3.12/site-packages/oslo_config/cfg.py:3006}}
Mar 26 01:00:20.099906 np0000160857 neutron-periodic-workers[105065]: DEBUG cotyledon.oslo_config_glue [-] ovn.ovn_router_indirect_snat = False {{(pid=105065) log_opt_values /opt/stack/data/venv/lib/python3.12/site-packages/oslo_config/cfg.py:3006}}
Mar 26 01:00:20.099906 np0000160857 neutron-periodic-workers[105065]: DEBUG cotyledon.oslo_config_glue [-] ovn.ovn_sb_ca_cert = /opt/stack/data/CA/int-ca/ca-chain.pem {{(pid=105065) log_opt_values /opt/stack/data/venv/lib/python3.12/site-packages/oslo_config/cfg.py:3006}}
Mar 26 01:00:20.099906 np0000160857 neutron-periodic-workers[105065]: DEBUG cotyledon.oslo_config_glue [-] ovn.ovn_sb_certificate = /opt/stack/data/CA/int-ca/devstack-cert.crt {{(pid=105065) log_opt_values /opt/stack/data/venv/lib/python3.12/site-packages/oslo_config/cfg.py:3006}}
Mar 26 01:00:20.099906 np0000160857 neutron-periodic-workers[105065]: DEBUG cotyledon.oslo_config_glue [-] ovn.ovn_sb_connection = ['ssl:199.204.45.38:6642'] {{(pid=105065) log_opt_values /opt/stack/data/venv/lib/python3.12/site-packages/oslo_config/cfg.py:3006}}
Mar 26 01:00:20.099906 np0000160857 neutron-periodic-workers[105065]: DEBUG cotyledon.oslo_config_glue [-] ovn.ovn_sb_private_key = /opt/stack/data/CA/int-ca/private/devstack-cert.key {{(pid=105065) log_opt_values /opt/stack/data/venv/lib/python3.12/site-packages/oslo_config/cfg.py:3006}}
Mar 26 01:00:20.100639 np0000160857 neutron-periodic-workers[105065]: DEBUG cotyledon.oslo_config_glue [-] ovn.ovs_create_tap = False {{(pid=105065) log_opt_values /opt/stack/data/venv/lib/python3.12/site-packages/oslo_config/cfg.py:3006}}
Mar 26 01:00:20.100639 np0000160857 neutron-periodic-workers[105065]: DEBUG cotyledon.oslo_config_glue [-] ovn.ovsdb_connection_timeout = 180 {{(pid=105065) log_opt_values /opt/stack/data/venv/lib/python3.12/site-packages/oslo_config/cfg.py:3006}}
Mar 26 01:00:20.100639 np0000160857 neutron-periodic-workers[105065]: DEBUG cotyledon.oslo_config_glue [-] ovn.ovsdb_log_level = INFO {{(pid=105065) log_opt_values /opt/stack/data/venv/lib/python3.12/site-packages/oslo_config/cfg.py:3006}}
Mar 26 01:00:20.100639 np0000160857 neutron-periodic-workers[105065]: DEBUG cotyledon.oslo_config_glue [-] ovn.ovsdb_probe_interval = 60000 {{(pid=105065) log_opt_values /opt/stack/data/venv/lib/python3.12/site-packages/oslo_config/cfg.py:3006}}
Mar 26 01:00:20.100639 np0000160857 neutron-periodic-workers[105065]: DEBUG cotyledon.oslo_config_glue [-] ovn.ovsdb_retry_max_interval = 180 {{(pid=105065) log_opt_values /opt/stack/data/venv/lib/python3.12/site-packages/oslo_config/cfg.py:3006}}
Mar 26 01:00:20.100639 np0000160857 neutron-periodic-workers[105065]: DEBUG cotyledon.oslo_config_glue [-] ovn.stateless_nat_enabled = False {{(pid=105065) log_opt_values /opt/stack/data/venv/lib/python3.12/site-packages/oslo_config/cfg.py:3006}}
Mar 26 01:00:20.100639 np0000160857 neutron-periodic-workers[105065]: DEBUG cotyledon.oslo_config_glue [-] ovn.vhost_sock_dir = /var/run/openvswitch {{(pid=105065) log_opt_values /opt/stack/data/venv/lib/python3.12/site-packages/oslo_config/cfg.py:3006}}
Mar 26 01:00:20.100639 np0000160857 neutron-periodic-workers[105065]: DEBUG cotyledon.oslo_config_glue [-] OVS.bridge_mac_table_size = 50000 {{(pid=105065) log_opt_values /opt/stack/data/venv/lib/python3.12/site-packages/oslo_config/cfg.py:3006}}
Mar 26 01:00:20.100639 np0000160857 neutron-periodic-workers[105065]: DEBUG cotyledon.oslo_config_glue [-] OVS.igmp_flood = False {{(pid=105065) log_opt_values /opt/stack/data/venv/lib/python3.12/site-packages/oslo_config/cfg.py:3006}}
Mar 26 01:00:20.100957 np0000160857 neutron-periodic-workers[105065]: DEBUG cotyledon.oslo_config_glue [-] OVS.igmp_flood_reports = True {{(pid=105065) log_opt_values /opt/stack/data/venv/lib/python3.12/site-packages/oslo_config/cfg.py:3006}}
Mar 26 01:00:20.100957 np0000160857 neutron-periodic-workers[105065]: DEBUG cotyledon.oslo_config_glue [-] OVS.igmp_flood_unregistered = False {{(pid=105065) log_opt_values /opt/stack/data/venv/lib/python3.12/site-packages/oslo_config/cfg.py:3006}}
Mar 26 01:00:20.100957 np0000160857 neutron-periodic-workers[105065]: DEBUG cotyledon.oslo_config_glue [-] OVS.igmp_snooping_enable = False {{(pid=105065) log_opt_values /opt/stack/data/venv/lib/python3.12/site-packages/oslo_config/cfg.py:3006}}
Mar 26 01:00:20.100957 np0000160857 neutron-periodic-workers[105065]: DEBUG cotyledon.oslo_config_glue [-] OVS.ovsdb_timeout = 10 {{(pid=105065) log_opt_values /opt/stack/data/venv/lib/python3.12/site-packages/oslo_config/cfg.py:3006}}
Mar 26 01:00:20.100957 np0000160857 neutron-periodic-workers[105065]: DEBUG cotyledon.oslo_config_glue [-] ovn_nb_global.fdb_removal_limit = 0 {{(pid=105065) log_opt_values /opt/stack/data/venv/lib/python3.12/site-packages/oslo_config/cfg.py:3006}}
Mar 26 01:00:20.100957 np0000160857 neutron-periodic-workers[105065]: DEBUG cotyledon.oslo_config_glue [-] ovn_nb_global.ignore_lsp_down = False {{(pid=105065) log_opt_values /opt/stack/data/venv/lib/python3.12/site-packages/oslo_config/cfg.py:3006}}
Mar 26 01:00:20.100957 np0000160857 neutron-periodic-workers[105065]: DEBUG cotyledon.oslo_config_glue [-] ovn_nb_global.mac_binding_removal_limit = 0 {{(pid=105065) log_opt_values /opt/stack/data/venv/lib/python3.12/site-packages/oslo_config/cfg.py:3006}}
Mar 26 01:00:20.100957 np0000160857 neutron-periodic-workers[105065]: DEBUG cotyledon.oslo_config_glue [-] ******************************************************************************** {{(pid=105065) log_opt_values /opt/stack/data/venv/lib/python3.12/site-packages/oslo_config/cfg.py:3013}}
Mar 26 01:00:20.100957 np0000160857 neutron-periodic-workers[105065]: DEBUG cotyledon._service_worker [-] Run service ServiceWrapper(0) [105065] {{(pid=105065) wait_forever /opt/stack/data/venv/lib/python3.12/site-packages/cotyledon/_service_worker.py:218}}
Mar 26 01:00:29.746467 np0000160857 neutron-periodic-workers[104305]: DEBUG dbcounter [-] [104305] Writing DB stats neutron:SELECT=4 {{(pid=104305) stat_writer /opt/stack/data/venv/lib/python3.12/site-packages/dbcounter.py:115}}
Mar 26 01:01:04.046642 np0000160857 neutron-periodic-workers[105030]: DEBUG oslo_db.sqlalchemy.engines [None req-1f50d0ff-5f70-484f-a381-0babc8b507da None None] Parent process 104305 forked (105030) with an open database connection, which is being discarded and recreated. {{(pid=105030) checkout /opt/stack/data/venv/lib/python3.12/site-packages/oslo_db/sqlalchemy/engines.py:402}}
Mar 26 01:01:04.053751 np0000160857 neutron-periodic-workers[105030]: DEBUG dbcounter [-] [105030] Writer thread running {{(pid=105030) stat_writer /opt/stack/data/venv/lib/python3.12/site-packages/dbcounter.py:102}}
Mar 26 01:01:04.061774 np0000160857 neutron-periodic-workers[105030]: DEBUG oslo.service.backend._threading.loopingcall [None req-1f50d0ff-5f70-484f-a381-0babc8b507da None None] Fixed interval looping call 'neutron.plugins.ml2.plugin.DhcpAgentSchedulerDbMixin.remove_networks_from_down_agents' sleeping for 36.98 seconds {{(pid=105030) _run_loop /opt/stack/data/venv/lib/python3.12/site-packages/oslo_service/backend/_threading/loopingcall.py:125}}
Mar 26 01:01:14.061124 np0000160857 neutron-periodic-workers[105030]: DEBUG dbcounter [-] [105030] Writing DB stats neutron:SELECT=3 {{(pid=105030) stat_writer /opt/stack/data/venv/lib/python3.12/site-packages/dbcounter.py:115}}
Mar 26 01:01:32.084811 np0000160857 neutron-periodic-workers[105041]: DEBUG dbcounter [-] [105041] Writer thread running {{(pid=105041) stat_writer /opt/stack/data/venv/lib/python3.12/site-packages/dbcounter.py:102}}
Mar 26 01:01:32.089055 np0000160857 neutron-periodic-workers[105041]: DEBUG neutron.db.agents_db [None req-14bd8aaf-ff0c-4fdc-8384-311dec672ee9 None None] Agent healthcheck: found 0 active agents {{(pid=105041) agent_health_check /opt/stack/neutron/neutron/db/agents_db.py:317}}
Mar 26 01:01:32.089279 np0000160857 neutron-periodic-workers[105041]: DEBUG oslo.service.backend._threading.loopingcall [None req-14bd8aaf-ff0c-4fdc-8384-311dec672ee9 None None] Fixed interval looping call 'neutron.plugins.ml2.plugin.AgentDbMixin.agent_health_check' sleeping for 36.98 seconds {{(pid=105041) _run_loop /opt/stack/data/venv/lib/python3.12/site-packages/oslo_service/backend/_threading/loopingcall.py:125}}
Mar 26 01:01:41.048562 np0000160857 neutron-periodic-workers[105030]: DEBUG oslo.service.backend._threading.loopingcall [None req-1f50d0ff-5f70-484f-a381-0babc8b507da None None] Fixed interval looping call 'neutron.plugins.ml2.plugin.DhcpAgentSchedulerDbMixin.remove_networks_from_down_agents' sleeping for 36.99 seconds {{(pid=105030) _run_loop /opt/stack/data/venv/lib/python3.12/site-packages/oslo_service/backend/_threading/loopingcall.py:125}}
Mar 26 01:01:42.085390 np0000160857 neutron-periodic-workers[105041]: DEBUG dbcounter [-] [105041] Writing DB stats neutron:SELECT=1 {{(pid=105041) stat_writer /opt/stack/data/venv/lib/python3.12/site-packages/dbcounter.py:115}}
Mar 26 01:01:51.049187 np0000160857 neutron-periodic-workers[105030]: DEBUG dbcounter [-] [105030] Writing DB stats neutron:SELECT=3 {{(pid=105030) stat_writer /opt/stack/data/venv/lib/python3.12/site-packages/dbcounter.py:115}}
Mar 26 01:02:09.074724 np0000160857 neutron-periodic-workers[105041]: DEBUG neutron.db.agents_db [None req-14bd8aaf-ff0c-4fdc-8384-311dec672ee9 None None] Agent healthcheck: found 0 active agents {{(pid=105041) agent_health_check /opt/stack/neutron/neutron/db/agents_db.py:317}}
Mar 26 01:02:09.075403 np0000160857 neutron-periodic-workers[105041]: DEBUG oslo.service.backend._threading.loopingcall [None req-14bd8aaf-ff0c-4fdc-8384-311dec672ee9 None None] Fixed interval looping call 'neutron.plugins.ml2.plugin.AgentDbMixin.agent_health_check' sleeping for 36.99 seconds {{(pid=105041) _run_loop /opt/stack/data/venv/lib/python3.12/site-packages/oslo_service/backend/_threading/loopingcall.py:125}}
Mar 26 01:02:18.050134 np0000160857 neutron-periodic-workers[105030]: DEBUG oslo.service.backend._threading.loopingcall [None req-1f50d0ff-5f70-484f-a381-0babc8b507da None None] Fixed interval looping call 'neutron.plugins.ml2.plugin.DhcpAgentSchedulerDbMixin.remove_networks_from_down_agents' sleeping for 36.99 seconds {{(pid=105030) _run_loop /opt/stack/data/venv/lib/python3.12/site-packages/oslo_service/backend/_threading/loopingcall.py:125}}
Mar 26 01:02:19.073666 np0000160857 neutron-periodic-workers[105041]: DEBUG dbcounter [-] [105041] Writing DB stats neutron:SELECT=1 {{(pid=105041) stat_writer /opt/stack/data/venv/lib/python3.12/site-packages/dbcounter.py:115}}
Mar 26 01:02:20.105575 np0000160857 neutron-periodic-workers[105055]: DEBUG dbcounter [-] [105055] Writer thread running {{(pid=105055) stat_writer /opt/stack/data/venv/lib/python3.12/site-packages/dbcounter.py:102}}
Mar 26 01:02:20.107797 np0000160857 neutron-periodic-workers[105055]: DEBUG oslo.service.backend._threading.loopingcall [None req-e7c66c9c-2f7b-4456-978b-4038c9bc1a96 None None] Fixed interval looping call 'neutron.db.quota.driver_nolock.DbQuotaNoLockDriver._remove_expired_reservations' sleeping for 119.98 seconds {{(pid=105055) _run_loop /opt/stack/data/venv/lib/python3.12/site-packages/oslo_service/backend/_threading/loopingcall.py:125}}
Mar 26 01:02:28.048380 np0000160857 neutron-periodic-workers[105030]: DEBUG dbcounter [-] [105030] Writing DB stats neutron:SELECT=3 {{(pid=105030) stat_writer /opt/stack/data/venv/lib/python3.12/site-packages/dbcounter.py:115}}
Mar 26 01:02:30.106207 np0000160857 neutron-periodic-workers[105055]: DEBUG dbcounter [-] [105055] Writing DB stats neutron:DELETE=1 {{(pid=105055) stat_writer /opt/stack/data/venv/lib/python3.12/site-packages/dbcounter.py:115}}
Mar 26 01:02:46.070764 np0000160857 neutron-periodic-workers[105041]: DEBUG neutron.db.agents_db [None req-14bd8aaf-ff0c-4fdc-8384-311dec672ee9 None None] Agent healthcheck: found 0 active agents {{(pid=105041) agent_health_check /opt/stack/neutron/neutron/db/agents_db.py:317}}
Mar 26 01:02:46.071578 np0000160857 neutron-periodic-workers[105041]: DEBUG oslo.service.backend._threading.loopingcall [None req-14bd8aaf-ff0c-4fdc-8384-311dec672ee9 None None] Fixed interval looping call 'neutron.plugins.ml2.plugin.AgentDbMixin.agent_health_check' sleeping for 36.99 seconds {{(pid=105041) _run_loop /opt/stack/data/venv/lib/python3.12/site-packages/oslo_service/backend/_threading/loopingcall.py:125}}
Mar 26 01:02:55.050519 np0000160857 neutron-periodic-workers[105030]: DEBUG oslo.service.backend._threading.loopingcall [None req-1f50d0ff-5f70-484f-a381-0babc8b507da None None] Fixed interval looping call 'neutron.plugins.ml2.plugin.DhcpAgentSchedulerDbMixin.remove_networks_from_down_agents' sleeping for 36.99 seconds {{(pid=105030) _run_loop /opt/stack/data/venv/lib/python3.12/site-packages/oslo_service/backend/_threading/loopingcall.py:125}}
Mar 26 01:02:56.069105 np0000160857 neutron-periodic-workers[105041]: DEBUG dbcounter [-] [105041] Writing DB stats neutron:SELECT=1 {{(pid=105041) stat_writer /opt/stack/data/venv/lib/python3.12/site-packages/dbcounter.py:115}}
Mar 26 01:03:05.049216 np0000160857 neutron-periodic-workers[105030]: DEBUG dbcounter [-] [105030] Writing DB stats neutron:SELECT=3 {{(pid=105030) stat_writer /opt/stack/data/venv/lib/python3.12/site-packages/dbcounter.py:115}}
Mar 26 01:03:23.066955 np0000160857 neutron-periodic-workers[105041]: DEBUG neutron.db.agents_db [None req-14bd8aaf-ff0c-4fdc-8384-311dec672ee9 None None] Agent healthcheck: found 0 active agents {{(pid=105041) agent_health_check /opt/stack/neutron/neutron/db/agents_db.py:317}}
Mar 26 01:03:23.067579 np0000160857 neutron-periodic-workers[105041]: DEBUG oslo.service.backend._threading.loopingcall [None req-14bd8aaf-ff0c-4fdc-8384-311dec672ee9 None None] Fixed interval looping call 'neutron.plugins.ml2.plugin.AgentDbMixin.agent_health_check' sleeping for 36.99 seconds {{(pid=105041) _run_loop /opt/stack/data/venv/lib/python3.12/site-packages/oslo_service/backend/_threading/loopingcall.py:125}}
Mar 26 01:03:23.135560 np0000160857 neutron-periodic-workers[105065]: DEBUG dbcounter [-] [105065] Writer thread running {{(pid=105065) stat_writer /opt/stack/data/venv/lib/python3.12/site-packages/dbcounter.py:102}}
Mar 26 01:03:23.145642 np0000160857 neutron-periodic-workers[105065]: DEBUG oslo.service.backend._threading.loopingcall [None req-78c18ba7-2a04-49ff-a100-8da27d8bd53d None None] Fixed interval looping call 'neutron.services.ovn_l3.plugin.L3_NAT_dbonly_mixin._clean_garbage' sleeping for 299.96 seconds {{(pid=105065) _run_loop /opt/stack/data/venv/lib/python3.12/site-packages/oslo_service/backend/_threading/loopingcall.py:125}}
Mar 26 01:03:32.051444 np0000160857 neutron-periodic-workers[105030]: DEBUG oslo.service.backend._threading.loopingcall [None req-1f50d0ff-5f70-484f-a381-0babc8b507da None None] Fixed interval looping call 'neutron.plugins.ml2.plugin.DhcpAgentSchedulerDbMixin.remove_networks_from_down_agents' sleeping for 36.99 seconds {{(pid=105030) _run_loop /opt/stack/data/venv/lib/python3.12/site-packages/oslo_service/backend/_threading/loopingcall.py:125}}
Mar 26 01:03:33.065633 np0000160857 neutron-periodic-workers[105041]: DEBUG dbcounter [-] [105041] Writing DB stats neutron:SELECT=1 {{(pid=105041) stat_writer /opt/stack/data/venv/lib/python3.12/site-packages/dbcounter.py:115}}
Mar 26 01:03:33.136273 np0000160857 neutron-periodic-workers[105065]: DEBUG dbcounter [-] [105065] Writing DB stats neutron:SELECT=1 {{(pid=105065) stat_writer /opt/stack/data/venv/lib/python3.12/site-packages/dbcounter.py:115}}
Mar 26 01:03:42.050807 np0000160857 neutron-periodic-workers[105030]: DEBUG dbcounter [-] [105030] Writing DB stats neutron:SELECT=3 {{(pid=105030) stat_writer /opt/stack/data/venv/lib/python3.12/site-packages/dbcounter.py:115}}
Mar 26 01:04:00.064443 np0000160857 neutron-periodic-workers[105041]: DEBUG neutron.db.agents_db [None req-14bd8aaf-ff0c-4fdc-8384-311dec672ee9 None None] Agent healthcheck: found 0 active agents {{(pid=105041) agent_health_check /opt/stack/neutron/neutron/db/agents_db.py:317}}
Mar 26 01:04:00.065098 np0000160857 neutron-periodic-workers[105041]: DEBUG oslo.service.backend._threading.loopingcall [None req-14bd8aaf-ff0c-4fdc-8384-311dec672ee9 None None] Fixed interval looping call 'neutron.plugins.ml2.plugin.AgentDbMixin.agent_health_check' sleeping for 36.99 seconds {{(pid=105041) _run_loop /opt/stack/data/venv/lib/python3.12/site-packages/oslo_service/backend/_threading/loopingcall.py:125}}
Mar 26 01:04:09.052367 np0000160857 neutron-periodic-workers[105030]: DEBUG oslo.service.backend._threading.loopingcall [None req-1f50d0ff-5f70-484f-a381-0babc8b507da None None] Fixed interval looping call 'neutron.plugins.ml2.plugin.DhcpAgentSchedulerDbMixin.remove_networks_from_down_agents' sleeping for 36.99 seconds {{(pid=105030) _run_loop /opt/stack/data/venv/lib/python3.12/site-packages/oslo_service/backend/_threading/loopingcall.py:125}}
Mar 26 01:04:10.061995 np0000160857 neutron-periodic-workers[105041]: DEBUG dbcounter [-] [105041] Writing DB stats neutron:SELECT=1 {{(pid=105041) stat_writer /opt/stack/data/venv/lib/python3.12/site-packages/dbcounter.py:115}}
Mar 26 01:04:19.050336 np0000160857 neutron-periodic-workers[105030]: DEBUG dbcounter [-] [105030] Writing DB stats neutron:SELECT=3 {{(pid=105030) stat_writer /opt/stack/data/venv/lib/python3.12/site-packages/dbcounter.py:115}}
Mar 26 01:04:20.094248 np0000160857 neutron-periodic-workers[105055]: DEBUG oslo.service.backend._threading.loopingcall [None req-e7c66c9c-2f7b-4456-978b-4038c9bc1a96 None None] Fixed interval looping call 'neutron.db.quota.driver_nolock.DbQuotaNoLockDriver._remove_expired_reservations' sleeping for 119.99 seconds {{(pid=105055) _run_loop /opt/stack/data/venv/lib/python3.12/site-packages/oslo_service/backend/_threading/loopingcall.py:125}}
Mar 26 01:04:30.092725 np0000160857 neutron-periodic-workers[105055]: DEBUG dbcounter [-] [105055] Writing DB stats neutron:DELETE=1 {{(pid=105055) stat_writer /opt/stack/data/venv/lib/python3.12/site-packages/dbcounter.py:115}}
Mar 26 01:04:37.058595 np0000160857 neutron-periodic-workers[105041]: DEBUG neutron.db.agents_db [None req-14bd8aaf-ff0c-4fdc-8384-311dec672ee9 None None] Agent healthcheck: found 0 active agents {{(pid=105041) agent_health_check /opt/stack/neutron/neutron/db/agents_db.py:317}}
Mar 26 01:04:37.059238 np0000160857 neutron-periodic-workers[105041]: DEBUG oslo.service.backend._threading.loopingcall [None req-14bd8aaf-ff0c-4fdc-8384-311dec672ee9 None None] Fixed interval looping call 'neutron.plugins.ml2.plugin.AgentDbMixin.agent_health_check' sleeping for 37.00 seconds {{(pid=105041) _run_loop /opt/stack/data/venv/lib/python3.12/site-packages/oslo_service/backend/_threading/loopingcall.py:125}}
Mar 26 01:04:46.052785 np0000160857 neutron-periodic-workers[105030]: DEBUG oslo.service.backend._threading.loopingcall [None req-1f50d0ff-5f70-484f-a381-0babc8b507da None None] Fixed interval looping call 'neutron.plugins.ml2.plugin.DhcpAgentSchedulerDbMixin.remove_networks_from_down_agents' sleeping for 36.99 seconds {{(pid=105030) _run_loop /opt/stack/data/venv/lib/python3.12/site-packages/oslo_service/backend/_threading/loopingcall.py:125}}
Mar 26 01:04:47.057472 np0000160857 neutron-periodic-workers[105041]: DEBUG dbcounter [-] [105041] Writing DB stats neutron:SELECT=1 {{(pid=105041) stat_writer /opt/stack/data/venv/lib/python3.12/site-packages/dbcounter.py:115}}
Mar 26 01:04:56.050594 np0000160857 neutron-periodic-workers[105030]: DEBUG dbcounter [-] [105030] Writing DB stats neutron:SELECT=3 {{(pid=105030) stat_writer /opt/stack/data/venv/lib/python3.12/site-packages/dbcounter.py:115}}
Mar 26 01:05:14.067936 np0000160857 neutron-periodic-workers[105041]: DEBUG neutron.db.agents_db [None req-14bd8aaf-ff0c-4fdc-8384-311dec672ee9 None None] Agent healthcheck: found 0 active agents {{(pid=105041) agent_health_check /opt/stack/neutron/neutron/db/agents_db.py:317}}
Mar 26 01:05:14.068655 np0000160857 neutron-periodic-workers[105041]: DEBUG oslo.service.backend._threading.loopingcall [None req-14bd8aaf-ff0c-4fdc-8384-311dec672ee9 None None] Fixed interval looping call 'neutron.plugins.ml2.plugin.AgentDbMixin.agent_health_check' sleeping for 36.99 seconds {{(pid=105041) _run_loop /opt/stack/data/venv/lib/python3.12/site-packages/oslo_service/backend/_threading/loopingcall.py:125}}
Mar 26 01:05:23.051950 np0000160857 neutron-periodic-workers[105030]: DEBUG oslo.service.backend._threading.loopingcall [None req-1f50d0ff-5f70-484f-a381-0babc8b507da None None] Fixed interval looping call 'neutron.plugins.ml2.plugin.DhcpAgentSchedulerDbMixin.remove_networks_from_down_agents' sleeping for 36.99 seconds {{(pid=105030) _run_loop /opt/stack/data/venv/lib/python3.12/site-packages/oslo_service/backend/_threading/loopingcall.py:125}}
Mar 26 01:05:24.063659 np0000160857 neutron-periodic-workers[105041]: DEBUG dbcounter [-] [105041] Writing DB stats neutron:SELECT=1 {{(pid=105041) stat_writer /opt/stack/data/venv/lib/python3.12/site-packages/dbcounter.py:115}}
Mar 26 01:05:33.050968 np0000160857 neutron-periodic-workers[105030]: DEBUG dbcounter [-] [105030] Writing DB stats neutron:SELECT=3 {{(pid=105030) stat_writer /opt/stack/data/venv/lib/python3.12/site-packages/dbcounter.py:115}}
Mar 26 01:05:51.063213 np0000160857 neutron-periodic-workers[105041]: DEBUG neutron.db.agents_db [None req-14bd8aaf-ff0c-4fdc-8384-311dec672ee9 None None] Agent healthcheck: found 0 active agents {{(pid=105041) agent_health_check /opt/stack/neutron/neutron/db/agents_db.py:317}}
Mar 26 01:05:51.063868 np0000160857 neutron-periodic-workers[105041]: DEBUG oslo.service.backend._threading.loopingcall [None req-14bd8aaf-ff0c-4fdc-8384-311dec672ee9 None None] Fixed interval looping call 'neutron.plugins.ml2.plugin.AgentDbMixin.agent_health_check' sleeping for 37.00 seconds {{(pid=105041) _run_loop /opt/stack/data/venv/lib/python3.12/site-packages/oslo_service/backend/_threading/loopingcall.py:125}}
Mar 26 01:06:00.052892 np0000160857 neutron-periodic-workers[105030]: DEBUG oslo.service.backend._threading.loopingcall [None req-1f50d0ff-5f70-484f-a381-0babc8b507da None None] Fixed interval looping call 'neutron.plugins.ml2.plugin.DhcpAgentSchedulerDbMixin.remove_networks_from_down_agents' sleeping for 36.99 seconds {{(pid=105030) _run_loop /opt/stack/data/venv/lib/python3.12/site-packages/oslo_service/backend/_threading/loopingcall.py:125}}
Mar 26 01:06:01.061894 np0000160857 neutron-periodic-workers[105041]: DEBUG dbcounter [-] [105041] Writing DB stats neutron:SELECT=1 {{(pid=105041) stat_writer /opt/stack/data/venv/lib/python3.12/site-packages/dbcounter.py:115}}
Mar 26 01:06:10.051679 np0000160857 neutron-periodic-workers[105030]: DEBUG dbcounter [-] [105030] Writing DB stats neutron:SELECT=3 {{(pid=105030) stat_writer /opt/stack/data/venv/lib/python3.12/site-packages/dbcounter.py:115}}
Mar 26 01:06:20.089235 np0000160857 neutron-periodic-workers[105055]: DEBUG oslo.service.backend._threading.loopingcall [None req-e7c66c9c-2f7b-4456-978b-4038c9bc1a96 None None] Fixed interval looping call 'neutron.db.quota.driver_nolock.DbQuotaNoLockDriver._remove_expired_reservations' sleeping for 120.00 seconds {{(pid=105055) _run_loop /opt/stack/data/venv/lib/python3.12/site-packages/oslo_service/backend/_threading/loopingcall.py:125}}
Mar 26 01:06:28.069438 np0000160857 neutron-periodic-workers[105041]: DEBUG neutron.db.agents_db [None req-14bd8aaf-ff0c-4fdc-8384-311dec672ee9 None None] Agent healthcheck: found 0 active agents {{(pid=105041) agent_health_check /opt/stack/neutron/neutron/db/agents_db.py:317}}
Mar 26 01:06:28.069963 np0000160857 neutron-periodic-workers[105041]: DEBUG oslo.service.backend._threading.loopingcall [None req-14bd8aaf-ff0c-4fdc-8384-311dec672ee9 None None] Fixed interval looping call 'neutron.plugins.ml2.plugin.AgentDbMixin.agent_health_check' sleeping for 36.99 seconds {{(pid=105041) _run_loop /opt/stack/data/venv/lib/python3.12/site-packages/oslo_service/backend/_threading/loopingcall.py:125}}
Mar 26 01:06:30.087819 np0000160857 neutron-periodic-workers[105055]: DEBUG dbcounter [-] [105055] Writing DB stats neutron:DELETE=1 {{(pid=105055) stat_writer /opt/stack/data/venv/lib/python3.12/site-packages/dbcounter.py:115}}
Mar 26 01:06:37.052729 np0000160857 neutron-periodic-workers[105030]: DEBUG oslo.service.backend._threading.loopingcall [None req-1f50d0ff-5f70-484f-a381-0babc8b507da None None] Fixed interval looping call 'neutron.plugins.ml2.plugin.DhcpAgentSchedulerDbMixin.remove_networks_from_down_agents' sleeping for 36.99 seconds {{(pid=105030) _run_loop /opt/stack/data/venv/lib/python3.12/site-packages/oslo_service/backend/_threading/loopingcall.py:125}}
Mar 26 01:06:38.067416 np0000160857 neutron-periodic-workers[105041]: DEBUG dbcounter [-] [105041] Writing DB stats neutron:SELECT=1 {{(pid=105041) stat_writer /opt/stack/data/venv/lib/python3.12/site-packages/dbcounter.py:115}}
Mar 26 01:06:47.051245 np0000160857 neutron-periodic-workers[105030]: DEBUG dbcounter [-] [105030] Writing DB stats neutron:SELECT=3 {{(pid=105030) stat_writer /opt/stack/data/venv/lib/python3.12/site-packages/dbcounter.py:115}}
Mar 26 01:07:05.065474 np0000160857 neutron-periodic-workers[105041]: DEBUG neutron.db.agents_db [None req-14bd8aaf-ff0c-4fdc-8384-311dec672ee9 None None] Agent healthcheck: found 0 active agents {{(pid=105041) agent_health_check /opt/stack/neutron/neutron/db/agents_db.py:317}}
Mar 26 01:07:05.065954 np0000160857 neutron-periodic-workers[105041]: DEBUG oslo.service.backend._threading.loopingcall [None req-14bd8aaf-ff0c-4fdc-8384-311dec672ee9 None None] Fixed interval looping call 'neutron.plugins.ml2.plugin.AgentDbMixin.agent_health_check' sleeping for 36.99 seconds {{(pid=105041) _run_loop /opt/stack/data/venv/lib/python3.12/site-packages/oslo_service/backend/_threading/loopingcall.py:125}}
Mar 26 01:07:14.051022 np0000160857 neutron-periodic-workers[105030]: DEBUG oslo.service.backend._threading.loopingcall [None req-1f50d0ff-5f70-484f-a381-0babc8b507da None None] Fixed interval looping call 'neutron.plugins.ml2.plugin.DhcpAgentSchedulerDbMixin.remove_networks_from_down_agents' sleeping for 36.99 seconds {{(pid=105030) _run_loop /opt/stack/data/venv/lib/python3.12/site-packages/oslo_service/backend/_threading/loopingcall.py:125}}
Mar 26 01:07:15.063485 np0000160857 neutron-periodic-workers[105041]: DEBUG dbcounter [-] [105041] Writing DB stats neutron:SELECT=1 {{(pid=105041) stat_writer /opt/stack/data/venv/lib/python3.12/site-packages/dbcounter.py:115}}
Mar 26 01:07:24.050824 np0000160857 neutron-periodic-workers[105030]: DEBUG dbcounter [-] [105030] Writing DB stats neutron:SELECT=3 {{(pid=105030) stat_writer /opt/stack/data/venv/lib/python3.12/site-packages/dbcounter.py:115}}
Mar 26 01:07:42.061262 np0000160857 neutron-periodic-workers[105041]: DEBUG neutron.db.agents_db [None req-14bd8aaf-ff0c-4fdc-8384-311dec672ee9 None None] Agent healthcheck: found 0 active agents {{(pid=105041) agent_health_check /opt/stack/neutron/neutron/db/agents_db.py:317}}
Mar 26 01:07:42.061777 np0000160857 neutron-periodic-workers[105041]: DEBUG oslo.service.backend._threading.loopingcall [None req-14bd8aaf-ff0c-4fdc-8384-311dec672ee9 None None] Fixed interval looping call 'neutron.plugins.ml2.plugin.AgentDbMixin.agent_health_check' sleeping for 36.99 seconds {{(pid=105041) _run_loop /opt/stack/data/venv/lib/python3.12/site-packages/oslo_service/backend/_threading/loopingcall.py:125}}
Mar 26 01:07:51.049411 np0000160857 neutron-periodic-workers[105030]: DEBUG oslo.service.backend._threading.loopingcall [None req-1f50d0ff-5f70-484f-a381-0babc8b507da None None] Fixed interval looping call 'neutron.plugins.ml2.plugin.DhcpAgentSchedulerDbMixin.remove_networks_from_down_agents' sleeping for 36.99 seconds {{(pid=105030) _run_loop /opt/stack/data/venv/lib/python3.12/site-packages/oslo_service/backend/_threading/loopingcall.py:125}}
Mar 26 01:07:52.086637 np0000160857 neutron-periodic-workers[105041]: DEBUG dbcounter [-] [105041] Writing DB stats neutron:SELECT=1 {{(pid=105041) stat_writer /opt/stack/data/venv/lib/python3.12/site-packages/dbcounter.py:115}}
Mar 26 01:08:01.048528 np0000160857 neutron-periodic-workers[105030]: DEBUG dbcounter [-] [105030] Writing DB stats neutron:SELECT=3 {{(pid=105030) stat_writer /opt/stack/data/venv/lib/python3.12/site-packages/dbcounter.py:115}}
Mar 26 01:08:19.059134 np0000160857 neutron-periodic-workers[105041]: DEBUG neutron.db.agents_db [None req-14bd8aaf-ff0c-4fdc-8384-311dec672ee9 None None] Agent healthcheck: found 0 active agents {{(pid=105041) agent_health_check /opt/stack/neutron/neutron/db/agents_db.py:317}}
Mar 26 01:08:19.059850 np0000160857 neutron-periodic-workers[105041]: DEBUG oslo.service.backend._threading.loopingcall [None req-14bd8aaf-ff0c-4fdc-8384-311dec672ee9 None None] Fixed interval looping call 'neutron.plugins.ml2.plugin.AgentDbMixin.agent_health_check' sleeping for 36.99 seconds {{(pid=105041) _run_loop /opt/stack/data/venv/lib/python3.12/site-packages/oslo_service/backend/_threading/loopingcall.py:125}}
Mar 26 01:08:20.094531 np0000160857 neutron-periodic-workers[105055]: DEBUG oslo.service.backend._threading.loopingcall [None req-e7c66c9c-2f7b-4456-978b-4038c9bc1a96 None None] Fixed interval looping call 'neutron.db.quota.driver_nolock.DbQuotaNoLockDriver._remove_expired_reservations' sleeping for 120.00 seconds {{(pid=105055) _run_loop /opt/stack/data/venv/lib/python3.12/site-packages/oslo_service/backend/_threading/loopingcall.py:125}}
Mar 26 01:08:23.114129 np0000160857 neutron-periodic-workers[105065]: DEBUG oslo.service.backend._threading.loopingcall [None req-78c18ba7-2a04-49ff-a100-8da27d8bd53d None None] Fixed interval looping call 'neutron.services.ovn_l3.plugin.L3_NAT_dbonly_mixin._clean_garbage' sleeping for 299.99 seconds {{(pid=105065) _run_loop /opt/stack/data/venv/lib/python3.12/site-packages/oslo_service/backend/_threading/loopingcall.py:125}}
Mar 26 01:08:28.049694 np0000160857 neutron-periodic-workers[105030]: DEBUG oslo.service.backend._threading.loopingcall [None req-1f50d0ff-5f70-484f-a381-0babc8b507da None None] Fixed interval looping call 'neutron.plugins.ml2.plugin.DhcpAgentSchedulerDbMixin.remove_networks_from_down_agents' sleeping for 36.99 seconds {{(pid=105030) _run_loop /opt/stack/data/venv/lib/python3.12/site-packages/oslo_service/backend/_threading/loopingcall.py:125}}
Mar 26 01:08:29.055963 np0000160857 neutron-periodic-workers[105041]: DEBUG dbcounter [-] [105041] Writing DB stats neutron:SELECT=1 {{(pid=105041) stat_writer /opt/stack/data/venv/lib/python3.12/site-packages/dbcounter.py:115}}
Mar 26 01:08:30.093204 np0000160857 neutron-periodic-workers[105055]: DEBUG dbcounter [-] [105055] Writing DB stats neutron:DELETE=1 {{(pid=105055) stat_writer /opt/stack/data/venv/lib/python3.12/site-packages/dbcounter.py:115}}
Mar 26 01:08:33.108382 np0000160857 neutron-periodic-workers[105065]: DEBUG dbcounter [-] [105065] Writing DB stats neutron:SELECT=1 {{(pid=105065) stat_writer /opt/stack/data/venv/lib/python3.12/site-packages/dbcounter.py:115}}
Mar 26 01:08:38.048205 np0000160857 neutron-periodic-workers[105030]: DEBUG dbcounter [-] [105030] Writing DB stats neutron:SELECT=3 {{(pid=105030) stat_writer /opt/stack/data/venv/lib/python3.12/site-packages/dbcounter.py:115}}
Mar 26 01:08:56.056155 np0000160857 neutron-periodic-workers[105041]: DEBUG neutron.db.agents_db [None req-14bd8aaf-ff0c-4fdc-8384-311dec672ee9 None None] Agent healthcheck: found 0 active agents {{(pid=105041) agent_health_check /opt/stack/neutron/neutron/db/agents_db.py:317}}
Mar 26 01:08:56.056832 np0000160857 neutron-periodic-workers[105041]: DEBUG oslo.service.backend._threading.loopingcall [None req-14bd8aaf-ff0c-4fdc-8384-311dec672ee9 None None] Fixed interval looping call 'neutron.plugins.ml2.plugin.AgentDbMixin.agent_health_check' sleeping for 36.99 seconds {{(pid=105041) _run_loop /opt/stack/data/venv/lib/python3.12/site-packages/oslo_service/backend/_threading/loopingcall.py:125}}
Mar 26 01:09:05.050348 np0000160857 neutron-periodic-workers[105030]: DEBUG oslo.service.backend._threading.loopingcall [None req-1f50d0ff-5f70-484f-a381-0babc8b507da None None] Fixed interval looping call 'neutron.plugins.ml2.plugin.DhcpAgentSchedulerDbMixin.remove_networks_from_down_agents' sleeping for 36.99 seconds {{(pid=105030) _run_loop /opt/stack/data/venv/lib/python3.12/site-packages/oslo_service/backend/_threading/loopingcall.py:125}}
Mar 26 01:09:06.054118 np0000160857 neutron-periodic-workers[105041]: DEBUG dbcounter [-] [105041] Writing DB stats neutron:SELECT=1 {{(pid=105041) stat_writer /opt/stack/data/venv/lib/python3.12/site-packages/dbcounter.py:115}}
Mar 26 01:09:15.049002 np0000160857 neutron-periodic-workers[105030]: DEBUG dbcounter [-] [105030] Writing DB stats neutron:SELECT=3 {{(pid=105030) stat_writer /opt/stack/data/venv/lib/python3.12/site-packages/dbcounter.py:115}}
Mar 26 01:09:33.050576 np0000160857 neutron-periodic-workers[105041]: DEBUG neutron.db.agents_db [None req-14bd8aaf-ff0c-4fdc-8384-311dec672ee9 None None] Agent healthcheck: found 0 active agents {{(pid=105041) agent_health_check /opt/stack/neutron/neutron/db/agents_db.py:317}}
Mar 26 01:09:33.051444 np0000160857 neutron-periodic-workers[105041]: DEBUG oslo.service.backend._threading.loopingcall [None req-14bd8aaf-ff0c-4fdc-8384-311dec672ee9 None None] Fixed interval looping call 'neutron.plugins.ml2.plugin.AgentDbMixin.agent_health_check' sleeping for 37.00 seconds {{(pid=105041) _run_loop /opt/stack/data/venv/lib/python3.12/site-packages/oslo_service/backend/_threading/loopingcall.py:125}}
Mar 26 01:09:42.049654 np0000160857 neutron-periodic-workers[105030]: DEBUG oslo.service.backend._threading.loopingcall [None req-1f50d0ff-5f70-484f-a381-0babc8b507da None None] Fixed interval looping call 'neutron.plugins.ml2.plugin.DhcpAgentSchedulerDbMixin.remove_networks_from_down_agents' sleeping for 36.99 seconds {{(pid=105030) _run_loop /opt/stack/data/venv/lib/python3.12/site-packages/oslo_service/backend/_threading/loopingcall.py:125}}
Mar 26 01:09:43.049239 np0000160857 neutron-periodic-workers[105041]: DEBUG dbcounter [-] [105041] Writing DB stats neutron:SELECT=1 {{(pid=105041) stat_writer /opt/stack/data/venv/lib/python3.12/site-packages/dbcounter.py:115}}
Mar 26 01:09:52.048725 np0000160857 neutron-periodic-workers[105030]: DEBUG dbcounter [-] [105030] Writing DB stats neutron:SELECT=3 {{(pid=105030) stat_writer /opt/stack/data/venv/lib/python3.12/site-packages/dbcounter.py:115}}
Mar 26 01:10:10.064281 np0000160857 neutron-periodic-workers[105041]: DEBUG neutron.db.agents_db [None req-14bd8aaf-ff0c-4fdc-8384-311dec672ee9 None None] Agent healthcheck: found 0 active agents {{(pid=105041) agent_health_check /opt/stack/neutron/neutron/db/agents_db.py:317}}
Mar 26 01:10:10.064659 np0000160857 neutron-periodic-workers[105041]: DEBUG oslo.service.backend._threading.loopingcall [None req-14bd8aaf-ff0c-4fdc-8384-311dec672ee9 None None] Fixed interval looping call 'neutron.plugins.ml2.plugin.AgentDbMixin.agent_health_check' sleeping for 37.00 seconds {{(pid=105041) _run_loop /opt/stack/data/venv/lib/python3.12/site-packages/oslo_service/backend/_threading/loopingcall.py:125}}
Mar 26 01:10:19.046689 np0000160857 neutron-periodic-workers[105030]: DEBUG oslo.service.backend._threading.loopingcall [None req-1f50d0ff-5f70-484f-a381-0babc8b507da None None] Fixed interval looping call 'neutron.plugins.ml2.plugin.DhcpAgentSchedulerDbMixin.remove_networks_from_down_agents' sleeping for 36.99 seconds {{(pid=105030) _run_loop /opt/stack/data/venv/lib/python3.12/site-packages/oslo_service/backend/_threading/loopingcall.py:125}}
Mar 26 01:10:20.096462 np0000160857 neutron-periodic-workers[105041]: DEBUG dbcounter [-] [105041] Writing DB stats neutron:SELECT=1 {{(pid=105041) stat_writer /opt/stack/data/venv/lib/python3.12/site-packages/dbcounter.py:115}}
Mar 26 01:10:20.098598 np0000160857 neutron-periodic-workers[105055]: DEBUG oslo.service.backend._threading.loopingcall [None req-e7c66c9c-2f7b-4456-978b-4038c9bc1a96 None None] Fixed interval looping call 'neutron.db.quota.driver_nolock.DbQuotaNoLockDriver._remove_expired_reservations' sleeping for 120.00 seconds {{(pid=105055) _run_loop /opt/stack/data/venv/lib/python3.12/site-packages/oslo_service/backend/_threading/loopingcall.py:125}}
