2026-06-10 09:50:49.914 9 INFO neutron.plugins.ml2.plugin [None req-e36fa284-e2de-423f-a88b-304a4511dfdc - - - - - -] Attempt 1 to provision port facd0551-ad77-49eb-9e4a-aaa32685054f
2026-06-10 09:50:51.382 9 INFO neutron.plugins.ml2.plugin [None req-9f5322dd-4df0-452f-999a-a5b18154bb3c - - - - - -] Attempt 1 to provision port facd0551-ad77-49eb-9e4a-aaa32685054f
2026-06-10 09:50:51.652 10 INFO neutron.plugins.ml2.plugin [None req-00c3135f-d5ff-4544-b342-c1a64354d2cd - - - - - -] Attempt 1 to provision port 12283db0-c5c4-4149-b1ec-f74d2852b8ab
2026-06-10 09:50:52.445 9 INFO neutron.plugins.ml2.plugin [None req-8cc527d5-9ac9-4aae-b3fc-7a0ab9d63c26 - - - - - -] Attempt 1 to provision port 12283db0-c5c4-4149-b1ec-f74d2852b8ab
2026-06-10 09:50:53.458 10 INFO neutron.plugins.ml2.plugin [None req-9f5322dd-4df0-452f-999a-a5b18154bb3c - - - - - -] Attempt 1 to provision port 24e95c92-cb70-42b7-ada6-44ac9bfd077d
2026-06-10 09:50:55.397 9 INFO neutron.plugins.ml2.plugin [None req-9f5322dd-4df0-452f-999a-a5b18154bb3c - - - - - -] Attempt 1 to provision port 24e95c92-cb70-42b7-ada6-44ac9bfd077d
2026-06-10 09:50:56.044 9 INFO neutron.plugins.ml2.plugin [None req-1f2b5eea-11e6-4bf8-9af3-249c9434d69b - - - - - -] Attempt 1 to provision port 5f0adef4-e46b-44b1-8b52-71511406ddc9
2026-06-10 09:50:57.679 10 INFO neutron.plugins.ml2.plugin [None req-9f5322dd-4df0-452f-999a-a5b18154bb3c - - - - - -] Attempt 1 to provision port 5f0adef4-e46b-44b1-8b52-71511406ddc9
2026-06-10 09:50:58.001 10 INFO neutron.notifiers.nova [-] Nova event matching ['req-8ca9a21a-a6f8-42fb-8d8e-bd6b84b0995b'] response: {'server_uuid': 'af69dd6f-4f05-4156-a713-4f541fb7e765', 'name': 'network-vif-plugged', 'status': 'completed', 'tag': '5f0adef4-e46b-44b1-8b52-71511406ddc9', 'code': 200}
2026-06-10 09:50:59.494 9 INFO neutron.plugins.ml2.plugin [None req-9f5322dd-4df0-452f-999a-a5b18154bb3c - - - - - -] Attempt 1 to provision port 14209fb0-2269-4656-b468-591b0c9033aa
2026-06-10 09:51:00.042 9 INFO neutron.plugins.ml2.plugin [None req-9f5322dd-4df0-452f-999a-a5b18154bb3c - - - - - -] Attempt 1 to provision port 5f0adef4-e46b-44b1-8b52-71511406ddc9
2026-06-10 09:51:01.440 10 INFO neutron.plugins.ml2.plugin [None req-9f5322dd-4df0-452f-999a-a5b18154bb3c - - - - - -] Attempt 1 to provision port 14209fb0-2269-4656-b468-591b0c9033aa
2026-06-10 09:51:01.682 10 INFO neutron.plugins.ml2.plugin [None req-9f5322dd-4df0-452f-999a-a5b18154bb3c - - - - - -] Attempt 1 to provision port 37505fea-d802-488b-9c70-b613a2b58df7
2026-06-10 09:51:03.365 10 INFO neutron.plugins.ml2.plugin [None req-f643b244-1efe-4dfb-a8fe-f9585f0a924f - - - - - -] Attempt 1 to provision port abef1f95-ff05-4c67-b917-1ec47ab009c4
2026-06-10 09:51:03.753 9 INFO neutron.plugins.ml2.plugin [None req-9f5322dd-4df0-452f-999a-a5b18154bb3c - - - - - -] Attempt 1 to provision port 37505fea-d802-488b-9c70-b613a2b58df7
2026-06-10 09:51:04.080 9 INFO neutron.plugins.ml2.plugin [None req-9f5322dd-4df0-452f-999a-a5b18154bb3c - - - - - -] Attempt 1 to provision port abef1f95-ff05-4c67-b917-1ec47ab009c4
2026-06-10 09:51:05.583 9 INFO neutron.plugins.ml2.plugin [None req-9f5322dd-4df0-452f-999a-a5b18154bb3c - - - - - -] Attempt 1 to provision port abef1f95-ff05-4c67-b917-1ec47ab009c4 /var/lib/openstack/lib/python3.10/site-packages/oslo_db/sqlalchemy/enginefacade.py:664: SAWarning: DELETE statement on table 'portsecuritybindings' expected to delete 1 row(s); 0 were matched. Please set confirm_deleted_rows=False within the mapper configuration to prevent this warning. self.session.flush() /var/lib/openstack/lib/python3.10/site-packages/oslo_db/sqlalchemy/enginefacade.py:664: SAWarning: DELETE statement on table 'ml2_port_bindings' expected to delete 1 row(s); 0 were matched. Please set confirm_deleted_rows=False within the mapper configuration to prevent this warning. self.session.flush() /var/lib/openstack/lib/python3.10/site-packages/oslo_db/sqlalchemy/enginefacade.py:664: SAWarning: DELETE statement on table 'ml2_port_binding_levels' expected to delete 1 row(s); 0 were matched. Please set confirm_deleted_rows=False within the mapper configuration to prevent this warning. self.session.flush() /var/lib/openstack/lib/python3.10/site-packages/oslo_db/sqlalchemy/enginefacade.py:664: SAWarning: DELETE statement on table 'ports' expected to delete 1 row(s); 0 were matched. Please set confirm_deleted_rows=False within the mapper configuration to prevent this warning. self.session.flush()
2026-06-10 09:51:07.799 9 INFO neutron.notifiers.nova [-] Nova event matching ['req-68a9d546-0490-47ed-a3b6-d21c9474033a'] response: {'server_uuid': '81b72041-f0a8-4d35-9094-3941035302e9', 'name': 'network-vif-unplugged', 'status': 'completed', 'tag': '3ab6f70a-ebf6-43af-a626-7280bb17cfbc', 'code': 200}
2026-06-10 09:51:08.800 9 INFO neutron.plugins.ml2.plugin [None req-871f36a1-35e0-4171-b9eb-5cf4c2adffe1 - - - - - -] Attempt 1 to provision port c487c438-1bca-443c-91f9-2f02b09d8500
2026-06-10 09:51:09.428 10 INFO neutron.plugins.ml2.plugin [None req-9f5322dd-4df0-452f-999a-a5b18154bb3c - - - - - -] Attempt 1 to provision port 3ab6f70a-ebf6-43af-a626-7280bb17cfbc
2026-06-10 09:51:09.641 10 INFO neutron.notifiers.nova [-] Nova event matching ['req-4f5063e2-f42e-42f2-9369-e027f5ec4d58'] response: {'server_uuid': '81b72041-f0a8-4d35-9094-3941035302e9', 'name': 'network-vif-plugged', 'status': 'completed', 'tag': '3ab6f70a-ebf6-43af-a626-7280bb17cfbc', 'code': 200}
2026-06-10 09:51:11.394 9 INFO neutron.plugins.ml2.plugin [None req-9f5322dd-4df0-452f-999a-a5b18154bb3c - - - - - -] Attempt 1 to provision port 3ab6f70a-ebf6-43af-a626-7280bb17cfbc
2026-06-10 09:51:25.705 10 INFO neutron.notifiers.nova [-] Nova event matching ['req-8bd46dae-c791-406b-a1f7-d9377c917d7f'] response: {'server_uuid': '81b72041-f0a8-4d35-9094-3941035302e9', 'name': 'network-vif-unplugged', 'status': 'completed', 'tag': '3ab6f70a-ebf6-43af-a626-7280bb17cfbc', 'code': 200}
2026-06-10 09:51:28.609 9 INFO neutron.plugins.ml2.plugin [None req-8b399884-0059-4151-a359-9b4eae54c8f7 - - - - - -] Attempt 1 to provision port dea7ffea-0bc0-4b9a-a5e9-dbbc1375534b
2026-06-10 09:51:29.280 10 INFO neutron.plugins.ml2.plugin [None req-c1bff98b-d711-4fac-bfd0-cf3a42d0b1e7 - - - - - -] Attempt 1 to provision port 852a489d-e4b5-40cf-a066-86cad9fc71e1
2026-06-10 09:51:29.479 9 INFO neutron.plugins.ml2.plugin [None req-9f5322dd-4df0-452f-999a-a5b18154bb3c - - - - - -] Attempt 1 to provision port 852a489d-e4b5-40cf-a066-86cad9fc71e1
2026-06-10 09:51:31.678 9 INFO neutron.plugins.ml2.plugin [None req-9f5322dd-4df0-452f-999a-a5b18154bb3c - - - - - -] Attempt 1 to provision port 852a489d-e4b5-40cf-a066-86cad9fc71e1
2026-06-10 09:51:32.528 10 INFO neutron.plugins.ml2.plugin [None req-12a2b68b-e463-4876-b5a6-56e809124cca - - - - - -] Attempt 1 to provision port 0c3d6a5e-cd2c-4ea6-bd1f-8661f57ca39c
2026-06-10 09:51:33.394 10 INFO neutron.plugins.ml2.plugin [None req-e765a7ee-9707-4227-b07d-21e7ab0db77a - - - - - -] Attempt 1 to provision port 0c3d6a5e-cd2c-4ea6-bd1f-8661f57ca39c
2026-06-10 09:51:33.721 9 INFO neutron.plugins.ml2.plugin [None req-9f5322dd-4df0-452f-999a-a5b18154bb3c - - - - - -] Attempt 1 to provision port 58ad96dc-56b9-476f-bd4a-2b0ad29a8cbd
2026-06-10 09:51:35.516 10 INFO neutron.plugins.ml2.plugin [None req-9f5322dd-4df0-452f-999a-a5b18154bb3c - - - - - -] Attempt 1 to provision port 58ad96dc-56b9-476f-bd4a-2b0ad29a8cbd
2026-06-10 09:51:38.687 9 INFO neutron.plugins.ml2.plugin [None req-151c6ac7-19f2-4d8d-85e6-86f20a03f77f - - - - - -] Attempt 1 to provision port bef80817-3fa3-4f35-9e6e-6b5fb5dd3d4f
2026-06-10 09:51:39.458 10 INFO neutron.plugins.ml2.plugin [None req-9f5322dd-4df0-452f-999a-a5b18154bb3c - - - - - -] Attempt 1 to provision port ac5a3bc4-2435-4a4f-8225-61d65660c318
2026-06-10 09:51:40.502 10 INFO neutron.plugins.ml2.plugin [None req-45d1eb5a-5136-4874-8527-6e7132e7b38a - - - - - -] Attempt 1 to provision port ac5a3bc4-2435-4a4f-8225-61d65660c318
2026-06-10 09:51:40.566 10 INFO neutron.plugins.ml2.db [None req-45d1eb5a-5136-4874-8527-6e7132e7b38a - - - - - -] No ports have port_id starting with ac5a3bc4-2435-4a4f-8225-61d65660c318
2026-06-10 09:51:41.901 10 INFO neutron.plugins.ml2.plugin [None req-9f5322dd-4df0-452f-999a-a5b18154bb3c - - - - - -] Attempt 1 to provision port bef80817-3fa3-4f35-9e6e-6b5fb5dd3d4f
2026-06-10 09:51:42.057 10 INFO neutron.notifiers.nova [-] Nova event matching ['req-a2c88e2e-eada-405d-b855-ebd359c3827e'] response: {'server_uuid': '296a0e4d-599b-4672-8a09-287513d926ad', 'name': 'network-vif-plugged', 'status': 'completed', 'tag': 'bef80817-3fa3-4f35-9e6e-6b5fb5dd3d4f', 'code': 200}
2026-06-10 09:51:49.565 9 INFO neutron.plugins.ml2.plugin [None req-9f5322dd-4df0-452f-999a-a5b18154bb3c - - - - - -] Attempt 1 to provision port 8b186dd0-ce36-4e8b-8b44-5b6972b7daff
2026-06-10 09:51:49.692 10 INFO neutron.plugins.ml2.plugin [None req-5023205d-98fe-4575-86fc-387ae22c7d03 - - - - - -] Attempt 1 to provision port 77e6b271-c8f2-48c9-a8b4-ba548164e6b6
2026-06-10 09:51:50.222 10 INFO neutron.plugins.ml2.plugin [None req-a73f9031-c684-43d8-8138-ca7a1691ee5c - - - - - -] Attempt 1 to provision port 8b186dd0-ce36-4e8b-8b44-5b6972b7daff
2026-06-10 09:51:50.261 9 INFO neutron.plugins.ml2.plugin [None req-9f5322dd-4df0-452f-999a-a5b18154bb3c - - - - - -] Attempt 1 to provision port 77e6b271-c8f2-48c9-a8b4-ba548164e6b6
2026-06-10 09:51:50.447 10 INFO neutron.plugins.ml2.plugin [None req-19ec6dfd-9895-46cd-9f8e-dbee63d39895 - - - - - -] Attempt 1 to provision port c5660b3f-77ad-43c2-a10c-0e0c681c1c90
2026-06-10 09:51:51.214 9 INFO neutron.plugins.ml2.plugin [None req-8137f4bc-4ce9-4e1c-bf55-66bd04997673 - - - - - -] Attempt 1 to provision port c5660b3f-77ad-43c2-a10c-0e0c681c1c90
2026-06-10 09:51:51.446 10 INFO neutron.plugins.ml2.plugin [None req-9f5322dd-4df0-452f-999a-a5b18154bb3c - - - - - -] Attempt 1 to provision port 8b186dd0-ce36-4e8b-8b44-5b6972b7daff
2026-06-10 09:51:51.773 10 INFO neutron.plugins.ml2.plugin [None req-9f5322dd-4df0-452f-999a-a5b18154bb3c - - - - - -] Attempt 1 to provision port 77e6b271-c8f2-48c9-a8b4-ba548164e6b6
2026-06-10 09:51:53.288 10 INFO neutron.plugins.ml2.plugin [None req-dde5da95-0cb4-45be-a5df-61dae731a516 - - - - - -] Attempt 1 to provision port 38e2f8a0-cf1d-4fd7-a713-797cb218e267
2026-06-10 09:51:53.582 9 INFO neutron.plugins.ml2.plugin [None req-9f5322dd-4df0-452f-999a-a5b18154bb3c - - - - - -] Attempt 1 to provision port 3df5c74c-cb29-4a0b-a64c-2dbf64778bcd
2026-06-10 09:51:54.249 9 INFO neutron.plugins.ml2.plugin [None req-c0fa87ee-3acf-451d-9ff4-f8ffe2d1ac46 - - - - - -] Attempt 1 to provision port 38e2f8a0-cf1d-4fd7-a713-797cb218e267
2026-06-10 09:51:57.454 10 INFO neutron.plugins.ml2.plugin [None req-e436e3c4-e76c-4fa1-8430-906a2446ae30 - - - - - -] Attempt 1 to provision port a4cf0d19-86fb-4b8e-8c6f-1207ba6fe846
2026-06-10 09:51:57.587 10 INFO neutron.plugins.ml2.plugin [None req-9f5322dd-4df0-452f-999a-a5b18154bb3c - - - - - -] Attempt 1 to provision port a4cf0d19-86fb-4b8e-8c6f-1207ba6fe846
2026-06-10 09:51:58.879 9 INFO neutron.plugins.ml2.plugin [None req-af0a86e4-478d-4b3c-8460-07048833295a - - - - - -] Attempt 1 to provision port 379294d5-b6e8-4caf-9714-fc2c619f0a38
2026-06-10 09:52:03.575 10 INFO neutron.plugins.ml2.plugin [None req-9f5322dd-4df0-452f-999a-a5b18154bb3c - - - - - -] Attempt 1 to provision port 75c5b981-214c-4aaf-9e9a-93213e7565d6
2026-06-10 09:52:04.167 9 INFO neutron.plugins.ml2.plugin [None req-fbb614de-2b0a-4df0-8aab-30c350733a50 - - - - - -] Attempt 1 to provision port 75c5b981-214c-4aaf-9e9a-93213e7565d6
2026-06-10 09:52:04.219 10 INFO neutron.plugins.ml2.plugin [None req-9f5322dd-4df0-452f-999a-a5b18154bb3c - - - - - -] Attempt 1 to provision port f9dcf9c3-ba77-4018-a995-a5f7b7d73f3c
2026-06-10 09:52:04.555 9 INFO neutron.plugins.ml2.plugin [None req-82537add-bb04-45e4-9e5b-6dabc6b261a5 - - - - - -] Attempt 1 to provision port b2f75a7d-81d7-44db-bb4c-6b4c53ea5e30
2026-06-10 09:52:04.600 9 INFO neutron.plugins.ml2.plugin [None req-82537add-bb04-45e4-9e5b-6dabc6b261a5 - - - - - -] Attempt 1 to provision port f9dcf9c3-ba77-4018-a995-a5f7b7d73f3c
2026-06-10 09:52:04.688 9 INFO neutron.plugins.ml2.plugin [None req-82537add-bb04-45e4-9e5b-6dabc6b261a5 - - - - - -] Attempt 1 to provision port 5a5c6278-9025-4c59-97be-74a3740ee3ae
2026-06-10 09:52:04.784 10 INFO neutron.plugins.ml2.plugin [None req-9f5322dd-4df0-452f-999a-a5b18154bb3c - - - - - -] Attempt 1 to provision port ec1e7488-2615-48d3-88fc-295ae641263d
2026-06-10 09:52:04.853 9 INFO neutron.plugins.ml2.plugin [None req-3e720430-3e03-4c95-b03b-b9d15d33039a - - - - - -] Attempt 1 to provision port 5a5c6278-9025-4c59-97be-74a3740ee3ae
2026-06-10 09:52:05.099 9 INFO neutron.plugins.ml2.plugin [None req-32bd47e0-94cb-4714-8b8a-4b3098639fb7 - - - - - -] Attempt 1 to provision port 5a5c6278-9025-4c59-97be-74a3740ee3ae
2026-06-10 09:52:05.533 10 INFO neutron.plugins.ml2.plugin [None req-9f5322dd-4df0-452f-999a-a5b18154bb3c - - - - - -] Attempt 1 to provision port f9dcf9c3-ba77-4018-a995-a5f7b7d73f3c
2026-06-10 09:52:05.829 10 INFO neutron.plugins.ml2.plugin [None req-9f5322dd-4df0-452f-999a-a5b18154bb3c - - - - - -] Attempt 1 to provision port ec1e7488-2615-48d3-88fc-295ae641263d
2026-06-10 09:52:06.161 10 INFO neutron.plugins.ml2.plugin [None req-9f5322dd-4df0-452f-999a-a5b18154bb3c - - - - - -] Attempt 1 to provision port 75c5b981-214c-4aaf-9e9a-93213e7565d6
2026-06-10 09:52:06.775 10 INFO neutron.plugins.ml2.plugin [None req-9b5e84c3-bad6-4457-82de-3c560205e3cc - - - - - -] Attempt 1 to provision port b2f75a7d-81d7-44db-bb4c-6b4c53ea5e30
2026-06-10 09:52:09.695 9 INFO neutron.plugins.ml2.plugin [None req-9f5322dd-4df0-452f-999a-a5b18154bb3c - - - - - -] Attempt 1 to provision port ac86590e-dcd8-4c48-a962-46bb1fa73de5
2026-06-10 09:52:11.064 10 INFO neutron.plugins.ml2.plugin [None req-be5a8ca8-2195-4eff-aab8-8edf705b0557 - - - - - -] Attempt 1 to provision port ac86590e-dcd8-4c48-a962-46bb1fa73de5
2026-06-10 09:52:11.676 10 INFO neutron.plugins.ml2.plugin [None req-9f5322dd-4df0-452f-999a-a5b18154bb3c - - - - - -] Attempt 1 to provision port ac86590e-dcd8-4c48-a962-46bb1fa73de5
2026-06-10 09:52:11.678 9 INFO neutron.plugins.ml2.plugin [None req-f1c55a55-690f-4b4a-b4bd-e8fb129991cf - - - - - -] Attempt 1 to provision port 529494ef-50c8-4ef5-a6c0-3efd7a5e8575
2026-06-10 09:52:12.197 10 INFO neutron.plugins.ml2.plugin [None req-eea1eed5-60d0-482d-87d0-5a5b515b642b - - - - - -] Attempt 1 to provision port 99fa2f91-3351-4335-8025-071c713a5d28
2026-06-10 09:52:12.314 10 INFO neutron.plugins.ml2.plugin [None req-9f5322dd-4df0-452f-999a-a5b18154bb3c - - - - - -] Attempt 1 to provision port 529494ef-50c8-4ef5-a6c0-3efd7a5e8575
2026-06-10 09:52:12.771 9 INFO neutron.plugins.ml2.plugin [None req-d7fd2ff1-2c52-40e8-9a4f-3e2c538e7011 - - - - - -] Attempt 1 to provision port aab476b5-5960-49ba-b5a7-8390f49125ac
2026-06-10 09:52:13.427 9 INFO neutron.plugins.ml2.plugin [None req-f16fca58-33f7-4b5f-9e87-de4b361cf65c - - - - - -] Attempt 1 to provision port aab476b5-5960-49ba-b5a7-8390f49125ac
2026-06-10 09:52:13.596 9 INFO neutron.plugins.ml2.plugin [None req-9f5322dd-4df0-452f-999a-a5b18154bb3c - - - - - -] Attempt 1 to provision port 77832dbb-fbb5-4273-8a9e-f300e5329f33
2026-06-10 09:52:13.794 10 INFO neutron.plugins.ml2.plugin [None req-71c02925-9e34-411f-a3c9-015130b17ffc - - - - - -] Attempt 1 to provision port 77832dbb-fbb5-4273-8a9e-f300e5329f33
2026-06-10 09:52:14.132 9 INFO neutron.plugins.ml2.plugin [None req-9f5322dd-4df0-452f-999a-a5b18154bb3c - - - - - -] Attempt 1 to provision port 529494ef-50c8-4ef5-a6c0-3efd7a5e8575
2026-06-10 09:52:14.670 10 INFO neutron.plugins.ml2.plugin [None req-1ec4b414-0675-4c79-8fb8-bb16c6b43f91 - - - - - -] Attempt 1 to provision port 72469e1e-0d0e-4d5f-ad55-5b21d6db93a2
2026-06-10 09:52:15.024 9 INFO neutron.plugins.ml2.plugin [None req-ec03f7c7-cf74-448a-a658-c5f094e9301b - - - - - -] Attempt 1 to provision port 0769c553-81d8-4b9f-b7df-fd1712824f57
2026-06-10 09:52:15.569 9 INFO neutron.plugins.ml2.plugin [None req-9f5322dd-4df0-452f-999a-a5b18154bb3c - - - - - -] Attempt 1 to provision port 77832dbb-fbb5-4273-8a9e-f300e5329f33
2026-06-10 09:52:15.578 10 INFO neutron.plugins.ml2.plugin [None req-429cea03-48b5-4409-b4ca-22e34499984f - - - - - -] Attempt 1 to provision port 72469e1e-0d0e-4d5f-ad55-5b21d6db93a2
2026-06-10 09:52:15.846 9 INFO neutron.plugins.ml2.plugin [None req-cd40795e-4691-41f3-bd96-9d8d6033f756 - - - - - -] Attempt 1 to provision port 0769c553-81d8-4b9f-b7df-fd1712824f57 /var/lib/openstack/lib/python3.10/site-packages/oslo_db/sqlalchemy/enginefacade.py:664: SAWarning: DELETE statement on table 'portsecuritybindings' expected to delete 1 row(s); 0 were matched. Please set confirm_deleted_rows=False within the mapper configuration to prevent this warning. self.session.flush() /var/lib/openstack/lib/python3.10/site-packages/oslo_db/sqlalchemy/enginefacade.py:664: SAWarning: DELETE statement on table 'ml2_port_bindings' expected to delete 1 row(s); 0 were matched. Please set confirm_deleted_rows=False within the mapper configuration to prevent this warning. self.session.flush() /var/lib/openstack/lib/python3.10/site-packages/oslo_db/sqlalchemy/enginefacade.py:664: SAWarning: DELETE statement on table 'ml2_port_binding_levels' expected to delete 1 row(s); 0 were matched. Please set confirm_deleted_rows=False within the mapper configuration to prevent this warning. self.session.flush() /var/lib/openstack/lib/python3.10/site-packages/oslo_db/sqlalchemy/enginefacade.py:664: SAWarning: DELETE statement on table 'ports' expected to delete 1 row(s); 0 were matched. Please set confirm_deleted_rows=False within the mapper configuration to prevent this warning. self.session.flush()
2026-06-10 09:52:19.764 10 INFO neutron.plugins.ml2.plugin [None req-9f5322dd-4df0-452f-999a-a5b18154bb3c - - - - - -] Attempt 1 to provision port 99fa2f91-3351-4335-8025-071c713a5d28
2026-06-10 09:52:19.935 10 INFO neutron.notifiers.nova [-] Nova event matching ['req-1d49a563-8756-4742-8779-acb4900de1a6'] response: {'server_uuid': '89bb06bc-1e17-4139-87ac-c7423a30f32a', 'name': 'network-vif-plugged', 'status': 'completed', 'tag': '99fa2f91-3351-4335-8025-071c713a5d28', 'code': 200}
2026-06-10 09:52:20.365 10 INFO neutron.plugins.ml2.plugin [None req-9f5322dd-4df0-452f-999a-a5b18154bb3c - - - - - -] Attempt 1 to provision port 379294d5-b6e8-4caf-9714-fc2c619f0a38
2026-06-10 09:52:21.228 10 INFO neutron.plugins.ml2.plugin [None req-976b273b-cd01-406a-91f3-8a2cc6621628 - - - - - -] Attempt 1 to provision port 437547e2-8a4a-4c6f-89dc-a30456e3f2f2
2026-06-10 09:52:21.648 9 INFO neutron.plugins.ml2.plugin [None req-9f5322dd-4df0-452f-999a-a5b18154bb3c - - - - - -] Attempt 1 to provision port 99fa2f91-3351-4335-8025-071c713a5d28
2026-06-10 09:52:22.024 9 INFO neutron.plugins.ml2.plugin [None req-9f5322dd-4df0-452f-999a-a5b18154bb3c - - - - - -] Attempt 1 to provision port 379294d5-b6e8-4caf-9714-fc2c619f0a38
2026-06-10 09:52:22.277 9 INFO neutron.plugins.ml2.plugin [None req-9f5322dd-4df0-452f-999a-a5b18154bb3c - - - - - -] Attempt 1 to provision port 5a5c6278-9025-4c59-97be-74a3740ee3ae
2026-06-10 09:52:23.539 10 INFO neutron.plugins.ml2.plugin [None req-9f5322dd-4df0-452f-999a-a5b18154bb3c - - - - - -] Attempt 1 to provision port 5a5c6278-9025-4c59-97be-74a3740ee3ae
2026-06-10 09:52:25.578 10 INFO neutron.plugins.ml2.plugin [None req-9f5322dd-4df0-452f-999a-a5b18154bb3c - - - - - -] Attempt 1 to provision port 50614e39-2bf9-46f3-a96c-a02812511501
2026-06-10 09:52:25.623 9 INFO neutron.plugins.ml2.plugin [None req-ebc41e67-926e-4705-a950-798ee7819b57 - - - - - -] Attempt 1 to provision port 50614e39-2bf9-46f3-a96c-a02812511501
2026-06-10 09:52:26.618 10 INFO neutron.plugins.ml2.plugin [None req-98bd9863-1229-4d9f-998f-6784056c34c7 - - - - - -] Attempt 1 to provision port ca40f295-33a4-4448-8d32-90ff7e46c7aa
2026-06-10 09:52:27.601 10 INFO neutron.plugins.ml2.plugin [None req-9f5322dd-4df0-452f-999a-a5b18154bb3c - - - - - -] Attempt 1 to provision port 50614e39-2bf9-46f3-a96c-a02812511501
2026-06-10 09:52:27.670 9 INFO neutron.plugins.ml2.plugin [None req-b891ecbe-e693-402d-a3b1-1b67b7c37691 - - - - - -] Attempt 1 to provision port ca40f295-33a4-4448-8d32-90ff7e46c7aa /var/lib/openstack/lib/python3.10/site-packages/oslo_db/sqlalchemy/enginefacade.py:664: SAWarning: DELETE statement on table 'portsecuritybindings' expected to delete 1 row(s); 0 were matched. Please set confirm_deleted_rows=False within the mapper configuration to prevent this warning. self.session.flush() /var/lib/openstack/lib/python3.10/site-packages/oslo_db/sqlalchemy/enginefacade.py:664: SAWarning: DELETE statement on table 'ml2_port_bindings' expected to delete 1 row(s); 0 were matched. Please set confirm_deleted_rows=False within the mapper configuration to prevent this warning. self.session.flush() /var/lib/openstack/lib/python3.10/site-packages/oslo_db/sqlalchemy/enginefacade.py:664: SAWarning: DELETE statement on table 'ml2_port_binding_levels' expected to delete 1 row(s); 0 were matched. Please set confirm_deleted_rows=False within the mapper configuration to prevent this warning. self.session.flush() /var/lib/openstack/lib/python3.10/site-packages/oslo_db/sqlalchemy/enginefacade.py:664: SAWarning: DELETE statement on table 'ports' expected to delete 1 row(s); 0 were matched. Please set confirm_deleted_rows=False within the mapper configuration to prevent this warning. self.session.flush()
2026-06-10 09:52:33.315 10 ERROR neutron.plugins.ml2.managers [None req-39d6c8bf-1aa8-44f5-a510-6e1a085760ef - - - - - -] Mechanism driver openvswitch failed in bind_port: neutron_lib.exceptions.SubnetNotFound: Subnet cbce9e07-4d5e-4570-ba5f-fd355a8e0523 could not be found.
2026-06-10 09:52:33.315 10 ERROR neutron.plugins.ml2.managers
Traceback (most recent call last):
2026-06-10 09:52:33.315 10 ERROR neutron.plugins.ml2.managers
File "/var/lib/openstack/lib/python3.10/site-packages/neutron/plugins/ml2/managers.py", line 850, in _bind_port_level
2026-06-10 09:52:33.315 10 ERROR neutron.plugins.ml2.managers driver.obj.bind_port(context)
2026-06-10 09:52:33.315 10 ERROR neutron.plugins.ml2.managers
File "/var/lib/openstack/lib/python3.10/site-packages/neutron/plugins/ml2/drivers/openvswitch/mech_driver/mech_openvswitch.py", line 133, in bind_port
2026-06-10 09:52:33.315 10 ERROR neutron.plugins.ml2.managers super(OpenvswitchMechanismDriver, self).bind_port(context)
2026-06-10 09:52:33.315 10 ERROR neutron.plugins.ml2.managers
File "/var/lib/openstack/lib/python3.10/site-packages/neutron/plugins/ml2/drivers/mech_agent.py", line 104, in bind_port
2026-06-10 09:52:33.315 10 ERROR neutron.plugins.ml2.managers subnets = self.get_subnets_from_fixed_ips(context)
2026-06-10 09:52:33.315 10 ERROR neutron.plugins.ml2.managers
File "/var/lib/openstack/lib/python3.10/site-packages/neutron/plugins/ml2/drivers/mech_agent.py", line 149, in get_subnets_from_fixed_ips
2026-06-10 09:52:33.315 10 ERROR neutron.plugins.ml2.managers subnets.append(context._plugin.get_subnet(
2026-06-10 09:52:33.315 10 ERROR neutron.plugins.ml2.managers
File "/var/lib/openstack/lib/python3.10/site-packages/neutron_lib/db/api.py", line 223, in wrapped
2026-06-10 09:52:33.315 10 ERROR neutron.plugins.ml2.managers return f_with_retry(*args, **kwargs,
2026-06-10 09:52:33.315 10 ERROR neutron.plugins.ml2.managers
File "/var/lib/openstack/lib/python3.10/site-packages/neutron_lib/db/api.py", line 137, in wrapped
2026-06-10 09:52:33.315 10 ERROR neutron.plugins.ml2.managers with excutils.save_and_reraise_exception():
2026-06-10 09:52:33.315 10 ERROR neutron.plugins.ml2.managers
File "/var/lib/openstack/lib/python3.10/site-packages/oslo_utils/excutils.py", line 227, in __exit__
2026-06-10 09:52:33.315 10 ERROR neutron.plugins.ml2.managers self.force_reraise()
2026-06-10 09:52:33.315 10 ERROR neutron.plugins.ml2.managers
File "/var/lib/openstack/lib/python3.10/site-packages/oslo_utils/excutils.py", line 200, in force_reraise
2026-06-10 09:52:33.315 10 ERROR neutron.plugins.ml2.managers raise self.value
2026-06-10 09:52:33.315 10 ERROR neutron.plugins.ml2.managers
File "/var/lib/openstack/lib/python3.10/site-packages/neutron_lib/db/api.py", line 135, in wrapped
2026-06-10 09:52:33.315 10 ERROR neutron.plugins.ml2.managers return f(*args, **kwargs)
2026-06-10 09:52:33.315 10 ERROR neutron.plugins.ml2.managers
File "/var/lib/openstack/lib/python3.10/site-packages/oslo_db/api.py", line 144, in wrapper
2026-06-10 09:52:33.315 10 ERROR neutron.plugins.ml2.managers with excutils.save_and_reraise_exception() as ectxt:
2026-06-10 09:52:33.315 10 ERROR neutron.plugins.ml2.managers
File "/var/lib/openstack/lib/python3.10/site-packages/oslo_utils/excutils.py", line 227, in __exit__
2026-06-10 09:52:33.315 10 ERROR neutron.plugins.ml2.managers self.force_reraise()
2026-06-10 09:52:33.315 10 ERROR neutron.plugins.ml2.managers
File "/var/lib/openstack/lib/python3.10/site-packages/oslo_utils/excutils.py", line 200, in force_reraise
2026-06-10 09:52:33.315 10 ERROR neutron.plugins.ml2.managers raise self.value
2026-06-10 09:52:33.315 10 ERROR neutron.plugins.ml2.managers
File "/var/lib/openstack/lib/python3.10/site-packages/oslo_db/api.py", line 142, in wrapper
2026-06-10 09:52:33.315 10 ERROR neutron.plugins.ml2.managers return f(*args, **kwargs)
2026-06-10 09:52:33.315 10 ERROR neutron.plugins.ml2.managers
File "/var/lib/openstack/lib/python3.10/site-packages/neutron_lib/db/api.py", line 183, in wrapped
2026-06-10 09:52:33.315 10 ERROR neutron.plugins.ml2.managers with excutils.save_and_reraise_exception():
2026-06-10 09:52:33.315 10 ERROR neutron.plugins.ml2.managers
File "/var/lib/openstack/lib/python3.10/site-packages/oslo_utils/excutils.py", line 227, in __exit__
2026-06-10 09:52:33.315 10 ERROR neutron.plugins.ml2.managers self.force_reraise()
2026-06-10 09:52:33.315 10 ERROR neutron.plugins.ml2.managers
File "/var/lib/openstack/lib/python3.10/site-packages/oslo_utils/excutils.py", line 200, in force_reraise
2026-06-10 09:52:33.315 10 ERROR neutron.plugins.ml2.managers raise self.value
2026-06-10 09:52:33.315 10 ERROR neutron.plugins.ml2.managers
File "/var/lib/openstack/lib/python3.10/site-packages/neutron_lib/db/api.py", line 181, in wrapped
2026-06-10 09:52:33.315 10 ERROR neutron.plugins.ml2.managers return f(*dup_args, **dup_kwargs)
2026-06-10 09:52:33.315 10 ERROR neutron.plugins.ml2.managers
File "/var/lib/openstack/lib/python3.10/site-packages/neutron/db/db_base_plugin_v2.py", line 1233, in get_subnet
2026-06-10 09:52:33.315 10 ERROR neutron.plugins.ml2.managers subnet_obj = self._get_subnet_object(context, id)
2026-06-10 09:52:33.315 10 ERROR neutron.plugins.ml2.managers
File "/var/lib/openstack/lib/python3.10/site-packages/neutron/db/db_base_plugin_common.py", line 282, in _get_subnet_object
2026-06-10 09:52:33.315 10 ERROR neutron.plugins.ml2.managers raise exceptions.SubnetNotFound(subnet_id=id)
2026-06-10 09:52:33.315 10 ERROR neutron.plugins.ml2.managers neutron_lib.exceptions.SubnetNotFound: Subnet cbce9e07-4d5e-4570-ba5f-fd355a8e0523 could not be found.
2026-06-10 09:52:33.315 10 ERROR neutron.plugins.ml2.managers 
2026-06-10 09:52:33.317 10 ERROR neutron.plugins.ml2.managers [None req-39d6c8bf-1aa8-44f5-a510-6e1a085760ef - - - - - -] Failed to bind port 87a50046-f90d-4c36-a138-b0ff6457cf47 on host instance for vnic_type normal using segments [{'id': '248a073d-67d5-449a-b508-150aceffedc1', 'network_type': 'vxlan', 'physical_network': None, 'segmentation_id': 445, 'network_id': '2487a298-a9df-496d-8261-3680cc8c9db5'}]
2026-06-10 09:52:33.319 10 INFO neutron.plugins.ml2.plugin [None req-39d6c8bf-1aa8-44f5-a510-6e1a085760ef - - - - - -] Attempt 2 to bind port 87a50046-f90d-4c36-a138-b0ff6457cf47
2026-06-10 09:52:33.496 10 ERROR neutron.plugins.ml2.managers [None req-39d6c8bf-1aa8-44f5-a510-6e1a085760ef - - - - - -] Mechanism driver openvswitch failed in bind_port: neutron_lib.exceptions.SubnetNotFound: Subnet cbce9e07-4d5e-4570-ba5f-fd355a8e0523 could not be found.
2026-06-10 09:52:33.496 10 ERROR neutron.plugins.ml2.managers
Traceback (most recent call last):
2026-06-10 09:52:33.496 10 ERROR neutron.plugins.ml2.managers
File "/var/lib/openstack/lib/python3.10/site-packages/neutron/plugins/ml2/managers.py", line 850, in _bind_port_level
2026-06-10 09:52:33.496 10 ERROR neutron.plugins.ml2.managers driver.obj.bind_port(context)
2026-06-10 09:52:33.496 10 ERROR neutron.plugins.ml2.managers
File "/var/lib/openstack/lib/python3.10/site-packages/neutron/plugins/ml2/drivers/openvswitch/mech_driver/mech_openvswitch.py", line 133, in bind_port
2026-06-10 09:52:33.496 10 ERROR neutron.plugins.ml2.managers super(OpenvswitchMechanismDriver, self).bind_port(context)
2026-06-10 09:52:33.496 10 ERROR neutron.plugins.ml2.managers
File "/var/lib/openstack/lib/python3.10/site-packages/neutron/plugins/ml2/drivers/mech_agent.py", line 104, in bind_port
2026-06-10 09:52:33.496 10 ERROR neutron.plugins.ml2.managers subnets = self.get_subnets_from_fixed_ips(context)
2026-06-10 09:52:33.496 10 ERROR neutron.plugins.ml2.managers
File "/var/lib/openstack/lib/python3.10/site-packages/neutron/plugins/ml2/drivers/mech_agent.py", line 149, in get_subnets_from_fixed_ips
2026-06-10 09:52:33.496 10 ERROR neutron.plugins.ml2.managers subnets.append(context._plugin.get_subnet(
2026-06-10 09:52:33.496 10 ERROR neutron.plugins.ml2.managers
File "/var/lib/openstack/lib/python3.10/site-packages/neutron_lib/db/api.py", line 223, in wrapped
2026-06-10 09:52:33.496 10 ERROR neutron.plugins.ml2.managers return f_with_retry(*args, **kwargs,
2026-06-10 09:52:33.496 10 ERROR neutron.plugins.ml2.managers
File "/var/lib/openstack/lib/python3.10/site-packages/neutron_lib/db/api.py", line 137, in wrapped
2026-06-10 09:52:33.496 10 ERROR neutron.plugins.ml2.managers with excutils.save_and_reraise_exception():
2026-06-10 09:52:33.496 10 ERROR neutron.plugins.ml2.managers
File "/var/lib/openstack/lib/python3.10/site-packages/oslo_utils/excutils.py", line 227, in __exit__
2026-06-10 09:52:33.496 10 ERROR neutron.plugins.ml2.managers self.force_reraise()
2026-06-10 09:52:33.496 10 ERROR neutron.plugins.ml2.managers
File "/var/lib/openstack/lib/python3.10/site-packages/oslo_utils/excutils.py", line 200, in force_reraise
2026-06-10 09:52:33.496 10 ERROR neutron.plugins.ml2.managers raise self.value
2026-06-10 09:52:33.496 10 ERROR neutron.plugins.ml2.managers
File "/var/lib/openstack/lib/python3.10/site-packages/neutron_lib/db/api.py", line 135, in wrapped
2026-06-10 09:52:33.496 10 ERROR neutron.plugins.ml2.managers return f(*args, **kwargs)
2026-06-10 09:52:33.496 10 ERROR neutron.plugins.ml2.managers
File "/var/lib/openstack/lib/python3.10/site-packages/oslo_db/api.py", line 144, in wrapper
2026-06-10 09:52:33.496 10 ERROR neutron.plugins.ml2.managers with excutils.save_and_reraise_exception() as ectxt:
2026-06-10 09:52:33.496 10 ERROR neutron.plugins.ml2.managers
File "/var/lib/openstack/lib/python3.10/site-packages/oslo_utils/excutils.py", line 227, in __exit__
2026-06-10 09:52:33.496 10 ERROR neutron.plugins.ml2.managers self.force_reraise()
2026-06-10 09:52:33.496 10 ERROR neutron.plugins.ml2.managers
File "/var/lib/openstack/lib/python3.10/site-packages/oslo_utils/excutils.py", line 200, in force_reraise
2026-06-10 09:52:33.496 10 ERROR neutron.plugins.ml2.managers raise self.value
2026-06-10 09:52:33.496 10 ERROR neutron.plugins.ml2.managers
File "/var/lib/openstack/lib/python3.10/site-packages/oslo_db/api.py", line 142, in wrapper
2026-06-10 09:52:33.496 10 ERROR neutron.plugins.ml2.managers return f(*args, **kwargs)
2026-06-10 09:52:33.496 10 ERROR neutron.plugins.ml2.managers
File "/var/lib/openstack/lib/python3.10/site-packages/neutron_lib/db/api.py", line 183, in wrapped
2026-06-10 09:52:33.496 10 ERROR neutron.plugins.ml2.managers with excutils.save_and_reraise_exception():
2026-06-10 09:52:33.496 10 ERROR neutron.plugins.ml2.managers
File "/var/lib/openstack/lib/python3.10/site-packages/oslo_utils/excutils.py", line 227, in __exit__
2026-06-10 09:52:33.496 10 ERROR neutron.plugins.ml2.managers self.force_reraise()
2026-06-10 09:52:33.496 10 ERROR neutron.plugins.ml2.managers
File "/var/lib/openstack/lib/python3.10/site-packages/oslo_utils/excutils.py", line 200, in force_reraise
2026-06-10 09:52:33.496 10 ERROR neutron.plugins.ml2.managers raise self.value
2026-06-10 09:52:33.496 10 ERROR neutron.plugins.ml2.managers
File "/var/lib/openstack/lib/python3.10/site-packages/neutron_lib/db/api.py", line 181, in wrapped
2026-06-10 09:52:33.496 10 ERROR neutron.plugins.ml2.managers return f(*dup_args, **dup_kwargs)
2026-06-10 09:52:33.496 10 ERROR neutron.plugins.ml2.managers
File "/var/lib/openstack/lib/python3.10/site-packages/neutron/db/db_base_plugin_v2.py", line 1233, in get_subnet
2026-06-10 09:52:33.496 10 ERROR neutron.plugins.ml2.managers subnet_obj = self._get_subnet_object(context, id)
2026-06-10 09:52:33.496 10 ERROR neutron.plugins.ml2.managers
File "/var/lib/openstack/lib/python3.10/site-packages/neutron/db/db_base_plugin_common.py", line 282, in _get_subnet_object
2026-06-10 09:52:33.496 10 ERROR neutron.plugins.ml2.managers raise exceptions.SubnetNotFound(subnet_id=id)
2026-06-10 09:52:33.496 10 ERROR neutron.plugins.ml2.managers neutron_lib.exceptions.SubnetNotFound: Subnet cbce9e07-4d5e-4570-ba5f-fd355a8e0523 could not be found.
2026-06-10 09:52:33.496 10 ERROR neutron.plugins.ml2.managers 
2026-06-10 09:52:33.498 10 ERROR neutron.plugins.ml2.managers [None req-39d6c8bf-1aa8-44f5-a510-6e1a085760ef - - - - - -] Failed to bind port 87a50046-f90d-4c36-a138-b0ff6457cf47 on host instance for vnic_type normal using segments [{'id': '248a073d-67d5-449a-b508-150aceffedc1', 'network_type': 'vxlan', 'physical_network': None, 'segmentation_id': 445, 'network_id': '2487a298-a9df-496d-8261-3680cc8c9db5'}]
2026-06-10 09:52:33.504 10 INFO neutron.plugins.ml2.plugin [None req-39d6c8bf-1aa8-44f5-a510-6e1a085760ef - - - - - -] Attempt 3 to bind port 87a50046-f90d-4c36-a138-b0ff6457cf47
2026-06-10 09:52:33.527 10 ERROR neutron.plugins.ml2.managers [None req-39d6c8bf-1aa8-44f5-a510-6e1a085760ef - - - - - -] Mechanism driver openvswitch failed in bind_port: neutron_lib.exceptions.SubnetNotFound: Subnet cbce9e07-4d5e-4570-ba5f-fd355a8e0523 could not be found.
2026-06-10 09:52:33.527 10 ERROR neutron.plugins.ml2.managers
Traceback (most recent call last):
2026-06-10 09:52:33.527 10 ERROR neutron.plugins.ml2.managers
File "/var/lib/openstack/lib/python3.10/site-packages/neutron/plugins/ml2/managers.py", line 850, in _bind_port_level
2026-06-10 09:52:33.527 10 ERROR neutron.plugins.ml2.managers driver.obj.bind_port(context)
2026-06-10 09:52:33.527 10 ERROR neutron.plugins.ml2.managers
File "/var/lib/openstack/lib/python3.10/site-packages/neutron/plugins/ml2/drivers/openvswitch/mech_driver/mech_openvswitch.py", line 133, in bind_port
2026-06-10 09:52:33.527 10 ERROR neutron.plugins.ml2.managers super(OpenvswitchMechanismDriver, self).bind_port(context)
2026-06-10 09:52:33.527 10 ERROR neutron.plugins.ml2.managers
File "/var/lib/openstack/lib/python3.10/site-packages/neutron/plugins/ml2/drivers/mech_agent.py", line 104, in bind_port
2026-06-10 09:52:33.527 10 ERROR neutron.plugins.ml2.managers subnets = self.get_subnets_from_fixed_ips(context)
2026-06-10 09:52:33.527 10 ERROR neutron.plugins.ml2.managers
File "/var/lib/openstack/lib/python3.10/site-packages/neutron/plugins/ml2/drivers/mech_agent.py", line 149, in get_subnets_from_fixed_ips
2026-06-10 09:52:33.527 10 ERROR neutron.plugins.ml2.managers subnets.append(context._plugin.get_subnet(
2026-06-10 09:52:33.527 10 ERROR neutron.plugins.ml2.managers
File "/var/lib/openstack/lib/python3.10/site-packages/neutron_lib/db/api.py", line 223, in wrapped
2026-06-10 09:52:33.527 10 ERROR neutron.plugins.ml2.managers return f_with_retry(*args, **kwargs,
2026-06-10 09:52:33.527 10 ERROR neutron.plugins.ml2.managers
File "/var/lib/openstack/lib/python3.10/site-packages/neutron_lib/db/api.py", line 137, in wrapped
2026-06-10 09:52:33.527 10 ERROR neutron.plugins.ml2.managers with excutils.save_and_reraise_exception():
2026-06-10 09:52:33.527 10 ERROR neutron.plugins.ml2.managers
File "/var/lib/openstack/lib/python3.10/site-packages/oslo_utils/excutils.py", line 227, in __exit__
2026-06-10 09:52:33.527 10 ERROR neutron.plugins.ml2.managers self.force_reraise()
2026-06-10 09:52:33.527 10 ERROR neutron.plugins.ml2.managers
File "/var/lib/openstack/lib/python3.10/site-packages/oslo_utils/excutils.py", line 200, in force_reraise
2026-06-10 09:52:33.527 10 ERROR neutron.plugins.ml2.managers raise self.value
2026-06-10 09:52:33.527 10 ERROR neutron.plugins.ml2.managers
File "/var/lib/openstack/lib/python3.10/site-packages/neutron_lib/db/api.py", line 135, in wrapped
2026-06-10 09:52:33.527 10 ERROR neutron.plugins.ml2.managers return f(*args, **kwargs)
2026-06-10 09:52:33.527 10 ERROR neutron.plugins.ml2.managers
File "/var/lib/openstack/lib/python3.10/site-packages/oslo_db/api.py", line 144, in wrapper
2026-06-10 09:52:33.527 10 ERROR neutron.plugins.ml2.managers with excutils.save_and_reraise_exception() as ectxt:
2026-06-10 09:52:33.527 10 ERROR neutron.plugins.ml2.managers
File "/var/lib/openstack/lib/python3.10/site-packages/oslo_utils/excutils.py", line 227, in __exit__
2026-06-10 09:52:33.527 10 ERROR neutron.plugins.ml2.managers self.force_reraise()
2026-06-10 09:52:33.527 10 ERROR neutron.plugins.ml2.managers
File "/var/lib/openstack/lib/python3.10/site-packages/oslo_utils/excutils.py", line 200, in force_reraise
2026-06-10 09:52:33.527 10 ERROR neutron.plugins.ml2.managers raise self.value
2026-06-10 09:52:33.527 10 ERROR neutron.plugins.ml2.managers
File "/var/lib/openstack/lib/python3.10/site-packages/oslo_db/api.py", line 142, in wrapper
2026-06-10 09:52:33.527 10 ERROR neutron.plugins.ml2.managers return f(*args, **kwargs)
2026-06-10 09:52:33.527 10 ERROR neutron.plugins.ml2.managers
File "/var/lib/openstack/lib/python3.10/site-packages/neutron_lib/db/api.py", line 183, in wrapped
2026-06-10 09:52:33.527 10 ERROR neutron.plugins.ml2.managers with excutils.save_and_reraise_exception():
2026-06-10 09:52:33.527 10 ERROR neutron.plugins.ml2.managers
File "/var/lib/openstack/lib/python3.10/site-packages/oslo_utils/excutils.py", line 227, in __exit__
2026-06-10 09:52:33.527 10 ERROR neutron.plugins.ml2.managers self.force_reraise()
2026-06-10 09:52:33.527 10 ERROR neutron.plugins.ml2.managers
File "/var/lib/openstack/lib/python3.10/site-packages/oslo_utils/excutils.py", line 200, in force_reraise
2026-06-10 09:52:33.527 10 ERROR neutron.plugins.ml2.managers raise self.value
2026-06-10 09:52:33.527 10 ERROR neutron.plugins.ml2.managers
File "/var/lib/openstack/lib/python3.10/site-packages/neutron_lib/db/api.py", line 181, in wrapped
2026-06-10 09:52:33.527 10 ERROR neutron.plugins.ml2.managers return f(*dup_args, **dup_kwargs)
2026-06-10 09:52:33.527 10 ERROR neutron.plugins.ml2.managers
File "/var/lib/openstack/lib/python3.10/site-packages/neutron/db/db_base_plugin_v2.py", line 1233, in get_subnet
2026-06-10 09:52:33.527 10 ERROR neutron.plugins.ml2.managers subnet_obj = self._get_subnet_object(context, id)
2026-06-10 09:52:33.527 10 ERROR neutron.plugins.ml2.managers
File "/var/lib/openstack/lib/python3.10/site-packages/neutron/db/db_base_plugin_common.py", line 282, in _get_subnet_object
2026-06-10 09:52:33.527 10 ERROR neutron.plugins.ml2.managers raise exceptions.SubnetNotFound(subnet_id=id)
2026-06-10 09:52:33.527 10 ERROR neutron.plugins.ml2.managers neutron_lib.exceptions.SubnetNotFound: Subnet cbce9e07-4d5e-4570-ba5f-fd355a8e0523 could not be found.
2026-06-10 09:52:33.527 10 ERROR neutron.plugins.ml2.managers 
2026-06-10 09:52:33.528 10 ERROR neutron.plugins.ml2.managers [None req-39d6c8bf-1aa8-44f5-a510-6e1a085760ef - - - - - -] Failed to bind port 87a50046-f90d-4c36-a138-b0ff6457cf47 on host instance for vnic_type normal using segments [{'id': '248a073d-67d5-449a-b508-150aceffedc1', 'network_type': 'vxlan', 'physical_network': None, 'segmentation_id': 445, 'network_id': '2487a298-a9df-496d-8261-3680cc8c9db5'}]
2026-06-10 09:52:33.528 10 INFO neutron.plugins.ml2.plugin [None req-39d6c8bf-1aa8-44f5-a510-6e1a085760ef - - - - - -] Attempt 4 to bind port 87a50046-f90d-4c36-a138-b0ff6457cf47
2026-06-10 09:52:33.555 10 ERROR neutron.plugins.ml2.managers [None req-39d6c8bf-1aa8-44f5-a510-6e1a085760ef - - - - - -] Mechanism driver openvswitch failed in bind_port: neutron_lib.exceptions.SubnetNotFound: Subnet cbce9e07-4d5e-4570-ba5f-fd355a8e0523 could not be found.
2026-06-10 09:52:33.555 10 ERROR neutron.plugins.ml2.managers
Traceback (most recent call last):
2026-06-10 09:52:33.555 10 ERROR neutron.plugins.ml2.managers
File "/var/lib/openstack/lib/python3.10/site-packages/neutron/plugins/ml2/managers.py", line 850, in _bind_port_level
2026-06-10 09:52:33.555 10 ERROR neutron.plugins.ml2.managers driver.obj.bind_port(context)
2026-06-10 09:52:33.555 10 ERROR neutron.plugins.ml2.managers
File "/var/lib/openstack/lib/python3.10/site-packages/neutron/plugins/ml2/drivers/openvswitch/mech_driver/mech_openvswitch.py", line 133, in bind_port
2026-06-10 09:52:33.555 10 ERROR neutron.plugins.ml2.managers super(OpenvswitchMechanismDriver, self).bind_port(context)
2026-06-10 09:52:33.555 10 ERROR neutron.plugins.ml2.managers
File "/var/lib/openstack/lib/python3.10/site-packages/neutron/plugins/ml2/drivers/mech_agent.py", line 104, in bind_port
2026-06-10 09:52:33.555 10 ERROR neutron.plugins.ml2.managers subnets = self.get_subnets_from_fixed_ips(context)
2026-06-10 09:52:33.555 10 ERROR neutron.plugins.ml2.managers
File "/var/lib/openstack/lib/python3.10/site-packages/neutron/plugins/ml2/drivers/mech_agent.py", line 149, in get_subnets_from_fixed_ips
2026-06-10 09:52:33.555 10 ERROR neutron.plugins.ml2.managers subnets.append(context._plugin.get_subnet(
2026-06-10 09:52:33.555 10 ERROR neutron.plugins.ml2.managers
File "/var/lib/openstack/lib/python3.10/site-packages/neutron_lib/db/api.py", line 223, in wrapped
2026-06-10 09:52:33.555 10 ERROR neutron.plugins.ml2.managers return f_with_retry(*args, **kwargs,
2026-06-10 09:52:33.555 10 ERROR neutron.plugins.ml2.managers
File "/var/lib/openstack/lib/python3.10/site-packages/neutron_lib/db/api.py", line 137, in wrapped
2026-06-10 09:52:33.555 10 ERROR neutron.plugins.ml2.managers with excutils.save_and_reraise_exception():
2026-06-10 09:52:33.555 10 ERROR neutron.plugins.ml2.managers
File "/var/lib/openstack/lib/python3.10/site-packages/oslo_utils/excutils.py", line 227, in __exit__
2026-06-10 09:52:33.555 10 ERROR neutron.plugins.ml2.managers self.force_reraise()
2026-06-10 09:52:33.555 10 ERROR neutron.plugins.ml2.managers
File "/var/lib/openstack/lib/python3.10/site-packages/oslo_utils/excutils.py", line 200, in force_reraise
2026-06-10 09:52:33.555 10 ERROR neutron.plugins.ml2.managers raise self.value
2026-06-10 09:52:33.555 10 ERROR neutron.plugins.ml2.managers
File "/var/lib/openstack/lib/python3.10/site-packages/neutron_lib/db/api.py", line 135, in wrapped
2026-06-10 09:52:33.555 10 ERROR neutron.plugins.ml2.managers return f(*args, **kwargs)
2026-06-10 09:52:33.555 10 ERROR neutron.plugins.ml2.managers
File "/var/lib/openstack/lib/python3.10/site-packages/oslo_db/api.py", line 144, in wrapper
2026-06-10 09:52:33.555 10 ERROR neutron.plugins.ml2.managers with excutils.save_and_reraise_exception() as ectxt:
2026-06-10 09:52:33.555 10 ERROR neutron.plugins.ml2.managers
File "/var/lib/openstack/lib/python3.10/site-packages/oslo_utils/excutils.py", line 227, in __exit__
2026-06-10 09:52:33.555 10 ERROR neutron.plugins.ml2.managers self.force_reraise()
2026-06-10 09:52:33.555 10 ERROR neutron.plugins.ml2.managers
File "/var/lib/openstack/lib/python3.10/site-packages/oslo_utils/excutils.py", line 200, in force_reraise
2026-06-10 09:52:33.555 10 ERROR neutron.plugins.ml2.managers raise self.value
2026-06-10 09:52:33.555 10 ERROR neutron.plugins.ml2.managers
File "/var/lib/openstack/lib/python3.10/site-packages/oslo_db/api.py", line 142, in wrapper
2026-06-10 09:52:33.555 10 ERROR neutron.plugins.ml2.managers return f(*args, **kwargs)
2026-06-10 09:52:33.555 10 ERROR neutron.plugins.ml2.managers
File "/var/lib/openstack/lib/python3.10/site-packages/neutron_lib/db/api.py", line 183, in wrapped
2026-06-10 09:52:33.555 10 ERROR neutron.plugins.ml2.managers with excutils.save_and_reraise_exception():
2026-06-10 09:52:33.555 10 ERROR neutron.plugins.ml2.managers
File "/var/lib/openstack/lib/python3.10/site-packages/oslo_utils/excutils.py", line 227, in __exit__
2026-06-10 09:52:33.555 10 ERROR neutron.plugins.ml2.managers self.force_reraise()
2026-06-10 09:52:33.555 10 ERROR neutron.plugins.ml2.managers
File "/var/lib/openstack/lib/python3.10/site-packages/oslo_utils/excutils.py", line 200, in force_reraise
2026-06-10 09:52:33.555 10 ERROR neutron.plugins.ml2.managers raise self.value
2026-06-10 09:52:33.555 10 ERROR neutron.plugins.ml2.managers
File "/var/lib/openstack/lib/python3.10/site-packages/neutron_lib/db/api.py", line 181, in wrapped
2026-06-10 09:52:33.555 10 ERROR neutron.plugins.ml2.managers return f(*dup_args, **dup_kwargs)
2026-06-10 09:52:33.555 10 ERROR neutron.plugins.ml2.managers
File "/var/lib/openstack/lib/python3.10/site-packages/neutron/db/db_base_plugin_v2.py", line 1233, in get_subnet
2026-06-10 09:52:33.555 10 ERROR neutron.plugins.ml2.managers subnet_obj = self._get_subnet_object(context, id)
2026-06-10 09:52:33.555 10 ERROR neutron.plugins.ml2.managers
File "/var/lib/openstack/lib/python3.10/site-packages/neutron/db/db_base_plugin_common.py", line 282, in _get_subnet_object
2026-06-10 09:52:33.555 10 ERROR neutron.plugins.ml2.managers raise exceptions.SubnetNotFound(subnet_id=id)
2026-06-10 09:52:33.555 10 ERROR neutron.plugins.ml2.managers neutron_lib.exceptions.SubnetNotFound: Subnet cbce9e07-4d5e-4570-ba5f-fd355a8e0523 could not be found.
2026-06-10 09:52:33.555 10 ERROR neutron.plugins.ml2.managers 
2026-06-10 09:52:33.556 10 ERROR neutron.plugins.ml2.managers [None req-39d6c8bf-1aa8-44f5-a510-6e1a085760ef - - - - - -] Failed to bind port 87a50046-f90d-4c36-a138-b0ff6457cf47 on host instance for vnic_type normal using segments [{'id': '248a073d-67d5-449a-b508-150aceffedc1', 'network_type': 'vxlan', 'physical_network': None, 'segmentation_id': 445, 'network_id': '2487a298-a9df-496d-8261-3680cc8c9db5'}]
2026-06-10 09:52:33.556 10 INFO neutron.plugins.ml2.plugin [None req-39d6c8bf-1aa8-44f5-a510-6e1a085760ef - - - - - -] Attempt 5 to bind port 87a50046-f90d-4c36-a138-b0ff6457cf47
2026-06-10 09:52:33.588 10 ERROR neutron.plugins.ml2.managers [None req-39d6c8bf-1aa8-44f5-a510-6e1a085760ef - - - - - -] Mechanism driver openvswitch failed in bind_port: neutron_lib.exceptions.SubnetNotFound: Subnet cbce9e07-4d5e-4570-ba5f-fd355a8e0523 could not be found.
2026-06-10 09:52:33.588 10 ERROR neutron.plugins.ml2.managers
Traceback (most recent call last):
2026-06-10 09:52:33.588 10 ERROR neutron.plugins.ml2.managers
File "/var/lib/openstack/lib/python3.10/site-packages/neutron/plugins/ml2/managers.py", line 850, in _bind_port_level
2026-06-10 09:52:33.588 10 ERROR neutron.plugins.ml2.managers driver.obj.bind_port(context)
2026-06-10 09:52:33.588 10 ERROR neutron.plugins.ml2.managers
File "/var/lib/openstack/lib/python3.10/site-packages/neutron/plugins/ml2/drivers/openvswitch/mech_driver/mech_openvswitch.py", line 133, in bind_port
2026-06-10 09:52:33.588 10 ERROR neutron.plugins.ml2.managers super(OpenvswitchMechanismDriver, self).bind_port(context)
2026-06-10 09:52:33.588 10 ERROR neutron.plugins.ml2.managers
File "/var/lib/openstack/lib/python3.10/site-packages/neutron/plugins/ml2/drivers/mech_agent.py", line 104, in bind_port
2026-06-10 09:52:33.588 10 ERROR neutron.plugins.ml2.managers subnets = self.get_subnets_from_fixed_ips(context)
2026-06-10 09:52:33.588 10 ERROR neutron.plugins.ml2.managers
File "/var/lib/openstack/lib/python3.10/site-packages/neutron/plugins/ml2/drivers/mech_agent.py", line 149, in get_subnets_from_fixed_ips
2026-06-10 09:52:33.588 10 ERROR neutron.plugins.ml2.managers subnets.append(context._plugin.get_subnet(
2026-06-10 09:52:33.588 10 ERROR neutron.plugins.ml2.managers
File "/var/lib/openstack/lib/python3.10/site-packages/neutron_lib/db/api.py", line 223, in wrapped
2026-06-10 09:52:33.588 10 ERROR neutron.plugins.ml2.managers return f_with_retry(*args, **kwargs,
2026-06-10 09:52:33.588 10 ERROR neutron.plugins.ml2.managers
File "/var/lib/openstack/lib/python3.10/site-packages/neutron_lib/db/api.py", line 137, in wrapped
2026-06-10 09:52:33.588 10 ERROR neutron.plugins.ml2.managers with excutils.save_and_reraise_exception():
2026-06-10 09:52:33.588 10 ERROR neutron.plugins.ml2.managers
File "/var/lib/openstack/lib/python3.10/site-packages/oslo_utils/excutils.py", line 227, in __exit__
2026-06-10 09:52:33.588 10 ERROR neutron.plugins.ml2.managers self.force_reraise()
2026-06-10 09:52:33.588 10 ERROR neutron.plugins.ml2.managers
File "/var/lib/openstack/lib/python3.10/site-packages/oslo_utils/excutils.py", line 200, in force_reraise
2026-06-10 09:52:33.588 10 ERROR neutron.plugins.ml2.managers raise self.value
2026-06-10 09:52:33.588 10 ERROR neutron.plugins.ml2.managers
File "/var/lib/openstack/lib/python3.10/site-packages/neutron_lib/db/api.py", line 135, in wrapped
2026-06-10 09:52:33.588 10 ERROR neutron.plugins.ml2.managers return f(*args, **kwargs)
2026-06-10 09:52:33.588 10 ERROR neutron.plugins.ml2.managers
File "/var/lib/openstack/lib/python3.10/site-packages/oslo_db/api.py", line 144, in wrapper
2026-06-10 09:52:33.588 10 ERROR neutron.plugins.ml2.managers with excutils.save_and_reraise_exception() as ectxt:
2026-06-10 09:52:33.588 10 ERROR neutron.plugins.ml2.managers
File "/var/lib/openstack/lib/python3.10/site-packages/oslo_utils/excutils.py", line 227, in __exit__
2026-06-10 09:52:33.588 10 ERROR neutron.plugins.ml2.managers self.force_reraise()
2026-06-10 09:52:33.588 10 ERROR neutron.plugins.ml2.managers
