Apr 24 19:14:02.256131 np0000170091 systemd[1]: Starting devstack@n-api-meta.service - Devstack devstack@n-api-meta.service...
Apr 24 19:14:02.265422 np0000170091 devstack@n-api-meta.service[109479]: [uWSGI] getting INI configuration from /etc/nova/nova-metadata-uwsgi.ini
Apr 24 19:14:02.266229 np0000170091 devstack@n-api-meta.service[109479]: open("./http_plugin.so"): No such file or directory [core/utils.c line 3709]
Apr 24 19:14:02.266229 np0000170091 devstack@n-api-meta.service[109479]: !!! UNABLE to load uWSGI plugin: ./http_plugin.so: cannot open shared object file: No such file or directory !!!
Apr 24 19:14:02.266229 np0000170091 devstack@n-api-meta.service[109479]: open("./python3_plugin.so"): No such file or directory [core/utils.c line 3709]
Apr 24 19:14:02.266229 np0000170091 devstack@n-api-meta.service[109479]: !!! UNABLE to load uWSGI plugin: ./python3_plugin.so: cannot open shared object file: No such file or directory !!!
Apr 24 19:14:02.266229 np0000170091 devstack@n-api-meta.service[109479]: *** Starting uWSGI 2.0.31 (64bit) on [Fri Apr 24 19:14:02 2026] ***
Apr 24 19:14:02.266229 np0000170091 devstack@n-api-meta.service[109479]: compiled with version: 13.3.0 on 24 April 2026 19:03:15
Apr 24 19:14:02.266229 np0000170091 devstack@n-api-meta.service[109479]: os: Linux-6.8.0-110-generic #110-Ubuntu SMP PREEMPT_DYNAMIC Thu Mar 19 15:09:20 UTC 2026
Apr 24 19:14:02.266229 np0000170091 devstack@n-api-meta.service[109479]: nodename: np0000170091
Apr 24 19:14:02.266229 np0000170091 devstack@n-api-meta.service[109479]: machine: x86_64
Apr 24 19:14:02.266229 np0000170091 devstack@n-api-meta.service[109479]: clock source: unix
Apr 24 19:14:02.266229 np0000170091 devstack@n-api-meta.service[109479]: pcre jit disabled
Apr 24 19:14:02.266229 np0000170091 devstack@n-api-meta.service[109479]: detected number of CPU cores: 16
Apr 24 19:14:02.266229 np0000170091 devstack@n-api-meta.service[109479]: current working directory: /
Apr 24 19:14:02.266229 np0000170091 devstack@n-api-meta.service[109479]: detected binary path: /opt/stack/data/venv/bin/uwsgi
Apr 24 19:14:02.266229 np0000170091 devstack@n-api-meta.service[109479]: your processes number limit is 256917
Apr 24 19:14:02.266229 np0000170091 devstack@n-api-meta.service[109479]: your memory page size is 4096 bytes
Apr 24 19:14:02.266229 np0000170091 devstack@n-api-meta.service[109479]: detected max file descriptor number: 2048
Apr 24 19:14:02.266229 np0000170091 devstack@n-api-meta.service[109479]: lock engine: pthread robust mutexes
Apr 24 19:14:02.266229 np0000170091 devstack@n-api-meta.service[109479]: thunder lock: enabled
Apr 24 19:14:02.266229 np0000170091 devstack@n-api-meta.service[109479]: uWSGI http bound on 0.0.0.0:8775 fd 5
Apr 24 19:14:02.266229 np0000170091 devstack@n-api-meta.service[109479]: uwsgi socket 0 bound to TCP address 127.0.0.1:43085 (port auto-assigned) fd 4
Apr 24 19:14:02.267419 np0000170091 devstack@n-api-meta.service[109479]: Python version: 3.12.3 (main, Mar 23 2026, 19:04:32) [GCC 13.3.0]
Apr 24 19:14:02.267419 np0000170091 devstack@n-api-meta.service[109479]: PEP 405 virtualenv detected: /opt/stack/data/venv
Apr 24 19:14:02.267419 np0000170091 devstack@n-api-meta.service[109479]: Set PythonHome to /opt/stack/data/venv
Apr 24 19:14:02.303125 np0000170091 devstack@n-api-meta.service[109479]: Python main interpreter initialized at 0x7ece4b6a3668
Apr 24 19:14:02.303125 np0000170091 devstack@n-api-meta.service[109479]: python threads support enabled
Apr 24 19:14:02.303125 np0000170091 devstack@n-api-meta.service[109479]: your server socket listen backlog is limited to 100 connections
Apr 24 19:14:02.303125 np0000170091 devstack@n-api-meta.service[109479]: your mercy for graceful operations on workers is 80 seconds
Apr 24 19:14:02.303601 np0000170091 devstack@n-api-meta.service[109479]: mapped 671795 bytes (656 KB) for 4 cores
Apr 24 19:14:02.303772 np0000170091 devstack@n-api-meta.service[109479]: *** Operational MODE: preforking ***
Apr 24 19:14:02.303973 np0000170091 devstack@n-api-meta.service[109479]: *** uWSGI is running in multiple interpreter mode ***
Apr 24 19:14:02.303973 np0000170091 devstack@n-api-meta.service[109479]: spawned uWSGI master process (pid: 109479)
Apr 24 19:14:02.304223 np0000170091 systemd[1]: Started devstack@n-api-meta.service - Devstack devstack@n-api-meta.service.
Apr 24 19:14:02.304518 np0000170091 devstack@n-api-meta.service[109479]: spawned uWSGI worker 1 (pid: 109480, cores: 1)
Apr 24 19:14:02.305006 np0000170091 devstack@n-api-meta.service[109479]: spawned uWSGI worker 2 (pid: 109481, cores: 1)
Apr 24 19:14:02.305377 np0000170091 devstack@n-api-meta.service[109479]: spawned uWSGI worker 3 (pid: 109482, cores: 1)
Apr 24 19:14:02.305792 np0000170091 devstack@n-api-meta.service[109479]: spawned uWSGI worker 4 (pid: 109483, cores: 1)
Apr 24 19:14:02.306420 np0000170091 devstack@n-api-meta.service[109479]: spawned uWSGI http 1 (pid: 109484)
Apr 24 19:14:02.306420 np0000170091 devstack@n-api-meta.service[109479]: running "unix_signal:15 gracefully_kill_them_all" (master-start)...
Apr 24 19:14:02.639929 np0000170091 devstack@n-api-meta.service[109481]: /opt/stack/data/venv/lib/python3.12/site-packages/oslo_concurrency/lockutils.py:41: EventletDeprecationWarning:
Apr 24 19:14:02.639929 np0000170091 devstack@n-api-meta.service[109481]: Eventlet is deprecated. It is currently being maintained in bugfix mode, and
Apr 24 19:14:02.639929 np0000170091 devstack@n-api-meta.service[109481]: we strongly recommend against using it for new projects.
Apr 24 19:14:02.639929 np0000170091 devstack@n-api-meta.service[109481]: If you are already using Eventlet, we recommend migrating to a different
Apr 24 19:14:02.639929 np0000170091 devstack@n-api-meta.service[109481]: framework. For more detail see
Apr 24 19:14:02.639929 np0000170091 devstack@n-api-meta.service[109481]: https://eventlet.readthedocs.io/en/latest/asyncio/migration.html
Apr 24 19:14:02.639929 np0000170091 devstack@n-api-meta.service[109481]: import eventlet
Apr 24 19:14:02.646434 np0000170091 devstack@n-api-meta.service[109480]: /opt/stack/data/venv/lib/python3.12/site-packages/oslo_concurrency/lockutils.py:41: EventletDeprecationWarning:
Apr 24 19:14:02.646434 np0000170091 devstack@n-api-meta.service[109480]: Eventlet is deprecated. It is currently being maintained in bugfix mode, and
Apr 24 19:14:02.646434 np0000170091 devstack@n-api-meta.service[109480]: we strongly recommend against using it for new projects.
Apr 24 19:14:02.646434 np0000170091 devstack@n-api-meta.service[109480]: If you are already using Eventlet, we recommend migrating to a different
Apr 24 19:14:02.646434 np0000170091 devstack@n-api-meta.service[109480]: framework. For more detail see
Apr 24 19:14:02.646434 np0000170091 devstack@n-api-meta.service[109480]: https://eventlet.readthedocs.io/en/latest/asyncio/migration.html
Apr 24 19:14:02.646434 np0000170091 devstack@n-api-meta.service[109480]: import eventlet
Apr 24 19:14:02.659669 np0000170091 devstack@n-api-meta.service[109482]: /opt/stack/data/venv/lib/python3.12/site-packages/oslo_concurrency/lockutils.py:41: EventletDeprecationWarning:
Apr 24 19:14:02.659669 np0000170091 devstack@n-api-meta.service[109482]: Eventlet is deprecated. It is currently being maintained in bugfix mode, and
Apr 24 19:14:02.659669 np0000170091 devstack@n-api-meta.service[109482]: we strongly recommend against using it for new projects.
Apr 24 19:14:02.659669 np0000170091 devstack@n-api-meta.service[109482]: If you are already using Eventlet, we recommend migrating to a different
Apr 24 19:14:02.659669 np0000170091 devstack@n-api-meta.service[109482]: framework. For more detail see
Apr 24 19:14:02.659669 np0000170091 devstack@n-api-meta.service[109482]: https://eventlet.readthedocs.io/en/latest/asyncio/migration.html
Apr 24 19:14:02.659669 np0000170091 devstack@n-api-meta.service[109482]: import eventlet
Apr 24 19:14:02.676487 np0000170091 devstack@n-api-meta.service[109483]: /opt/stack/data/venv/lib/python3.12/site-packages/oslo_concurrency/lockutils.py:41: EventletDeprecationWarning:
Apr 24 19:14:02.676487 np0000170091 devstack@n-api-meta.service[109483]: Eventlet is deprecated. It is currently being maintained in bugfix mode, and
Apr 24 19:14:02.676487 np0000170091 devstack@n-api-meta.service[109483]: we strongly recommend against using it for new projects.
Apr 24 19:14:02.676487 np0000170091 devstack@n-api-meta.service[109483]: If you are already using Eventlet, we recommend migrating to a different
Apr 24 19:14:02.676487 np0000170091 devstack@n-api-meta.service[109483]: framework. For more detail see
Apr 24 19:14:02.676487 np0000170091 devstack@n-api-meta.service[109483]: https://eventlet.readthedocs.io/en/latest/asyncio/migration.html
Apr 24 19:14:02.676487 np0000170091 devstack@n-api-meta.service[109483]: import eventlet
Apr 24 19:14:02.689759 np0000170091 devstack@n-api-meta.service[109481]: Service is starting with native threading. This is currently experimental. Do not use it in production without first testing it in pre-production.
Apr 24 19:14:02.695262 np0000170091 devstack@n-api-meta.service[109480]: Service is starting with native threading. This is currently experimental. Do not use it in production without first testing it in pre-production.
Apr 24 19:14:02.711547 np0000170091 devstack@n-api-meta.service[109482]: Service is starting with native threading. This is currently experimental. Do not use it in production without first testing it in pre-production.
Apr 24 19:14:02.728490 np0000170091 devstack@n-api-meta.service[109483]: Service is starting with native threading. This is currently experimental. Do not use it in production without first testing it in pre-production.
Apr 24 19:14:04.229190 np0000170091 devstack@n-api-meta.service[109481]: INFO dbcounter [None req-e4a66203-737e-4350-8f00-65e56e0f2683 None None] Registered counter for database nova_api
Apr 24 19:14:04.246792 np0000170091 devstack@n-api-meta.service[109481]: DEBUG oslo_db.sqlalchemy.engines [None req-e4a66203-737e-4350-8f00-65e56e0f2683 None None] MySQL server mode set to STRICT_TRANS_TABLES,STRICT_ALL_TABLES,NO_ZERO_IN_DATE,NO_ZERO_DATE,ERROR_FOR_DIVISION_BY_ZERO,TRADITIONAL,NO_ENGINE_SUBSTITUTION {{(pid=109481) _check_effective_sql_mode /opt/stack/data/venv/lib/python3.12/site-packages/oslo_db/sqlalchemy/engines.py:325}}
Apr 24 19:14:04.276341 np0000170091 devstack@n-api-meta.service[109482]: INFO dbcounter [None req-c6eae901-e094-4eda-bf00-eb225d765805 None None] Registered counter for database nova_api
Apr 24 19:14:04.278436 np0000170091 devstack@n-api-meta.service[109480]: INFO dbcounter [None req-1e5834e2-21c4-467e-bb43-5ea482ad08f2 None None] Registered counter for database nova_api
Apr 24 19:14:04.281420 np0000170091 devstack@n-api-meta.service[109481]: DEBUG dbcounter [-] [109481] Writer thread running {{(pid=109481) stat_writer /opt/stack/data/venv/lib/python3.12/site-packages/dbcounter.py:102}}
Apr 24 19:14:04.284036 np0000170091 devstack@n-api-meta.service[109481]: DEBUG nova.context [None req-e4a66203-737e-4350-8f00-65e56e0f2683 None None] Found 2 cells: 00000000-0000-0000-0000-000000000000(cell0),6fbe3bcf-3318-42ee-9dbb-d98d619a3204(cell1) {{(pid=109481) load_cells /opt/stack/nova/nova/context.py:509}}
Apr 24 19:14:04.284252 np0000170091 devstack@n-api-meta.service[109481]: INFO nova.utils [None req-e4a66203-737e-4350-8f00-65e56e0f2683 None None] The cell worker thread pool MainProcess.cell_worker is initialized
Apr 24 19:14:04.286295 np0000170091 devstack@n-api-meta.service[109481]: DEBUG oslo_concurrency.lockutils [None req-e4a66203-737e-4350-8f00-65e56e0f2683 None None] Acquiring lock "00000000-0000-0000-0000-000000000000" by "nova.context.set_target_cell..get_or_set_cached_cell_and_set_connections" {{(pid=109481) inner /opt/stack/data/venv/lib/python3.12/site-packages/oslo_concurrency/lockutils.py:506}}
Apr 24 19:14:04.286468 np0000170091 devstack@n-api-meta.service[109481]: DEBUG oslo_concurrency.lockutils [None req-e4a66203-737e-4350-8f00-65e56e0f2683 None None] Lock "00000000-0000-0000-0000-000000000000" acquired by "nova.context.set_target_cell..get_or_set_cached_cell_and_set_connections" :: waited 0.000s {{(pid=109481) inner /opt/stack/data/venv/lib/python3.12/site-packages/oslo_concurrency/lockutils.py:519}}
Apr 24 19:14:04.288262 np0000170091 devstack@n-api-meta.service[109481]: DEBUG oslo_concurrency.lockutils [None req-e4a66203-737e-4350-8f00-65e56e0f2683 None None] Lock "00000000-0000-0000-0000-000000000000" "released" by "nova.context.set_target_cell..get_or_set_cached_cell_and_set_connections" :: held 0.000s {{(pid=109481) inner /opt/stack/data/venv/lib/python3.12/site-packages/oslo_concurrency/lockutils.py:538}}
Apr 24 19:14:04.288262 np0000170091 devstack@n-api-meta.service[109481]: DEBUG oslo_concurrency.lockutils [None req-e4a66203-737e-4350-8f00-65e56e0f2683 None None] Acquiring lock "6fbe3bcf-3318-42ee-9dbb-d98d619a3204" by "nova.context.set_target_cell..get_or_set_cached_cell_and_set_connections" {{(pid=109481) inner /opt/stack/data/venv/lib/python3.12/site-packages/oslo_concurrency/lockutils.py:506}}
Apr 24 19:14:04.288262 np0000170091 devstack@n-api-meta.service[109481]: DEBUG oslo_concurrency.lockutils [None req-e4a66203-737e-4350-8f00-65e56e0f2683 None None] Lock "6fbe3bcf-3318-42ee-9dbb-d98d619a3204" acquired by "nova.context.set_target_cell..get_or_set_cached_cell_and_set_connections" :: waited 0.000s {{(pid=109481) inner /opt/stack/data/venv/lib/python3.12/site-packages/oslo_concurrency/lockutils.py:519}}
Apr 24 19:14:04.288934 np0000170091 devstack@n-api-meta.service[109481]: DEBUG oslo_concurrency.lockutils [None req-e4a66203-737e-4350-8f00-65e56e0f2683 None None] Lock "6fbe3bcf-3318-42ee-9dbb-d98d619a3204" "released" by "nova.context.set_target_cell..get_or_set_cached_cell_and_set_connections" :: held 0.001s {{(pid=109481) inner /opt/stack/data/venv/lib/python3.12/site-packages/oslo_concurrency/lockutils.py:538}}
Apr 24 19:14:04.291561 np0000170091 devstack@n-api-meta.service[109481]: INFO dbcounter [None req-e4a66203-737e-4350-8f00-65e56e0f2683 None None] Registered counter for database nova_cell0
Apr 24 19:14:04.296571 np0000170091 devstack@n-api-meta.service[109481]: INFO dbcounter [None req-e4a66203-737e-4350-8f00-65e56e0f2683 None None] Registered counter for database nova_cell1
Apr 24 19:14:04.297429 np0000170091 devstack@n-api-meta.service[109482]: DEBUG oslo_db.sqlalchemy.engines [None req-c6eae901-e094-4eda-bf00-eb225d765805 None None] MySQL server mode set to STRICT_TRANS_TABLES,STRICT_ALL_TABLES,NO_ZERO_IN_DATE,NO_ZERO_DATE,ERROR_FOR_DIVISION_BY_ZERO,TRADITIONAL,NO_ENGINE_SUBSTITUTION {{(pid=109482) _check_effective_sql_mode /opt/stack/data/venv/lib/python3.12/site-packages/oslo_db/sqlalchemy/engines.py:325}}
Apr 24 19:14:04.301016 np0000170091 devstack@n-api-meta.service[109480]: DEBUG oslo_db.sqlalchemy.engines [None req-1e5834e2-21c4-467e-bb43-5ea482ad08f2 None None] MySQL server mode set to STRICT_TRANS_TABLES,STRICT_ALL_TABLES,NO_ZERO_IN_DATE,NO_ZERO_DATE,ERROR_FOR_DIVISION_BY_ZERO,TRADITIONAL,NO_ENGINE_SUBSTITUTION {{(pid=109480) _check_effective_sql_mode /opt/stack/data/venv/lib/python3.12/site-packages/oslo_db/sqlalchemy/engines.py:325}}
Apr 24 19:14:04.307036 np0000170091 devstack@n-api-meta.service[109481]: DEBUG oslo_db.sqlalchemy.engines [None req-e4a66203-737e-4350-8f00-65e56e0f2683 None None] MySQL server mode set to STRICT_TRANS_TABLES,STRICT_ALL_TABLES,NO_ZERO_IN_DATE,NO_ZERO_DATE,ERROR_FOR_DIVISION_BY_ZERO,TRADITIONAL,NO_ENGINE_SUBSTITUTION {{(pid=109481) _check_effective_sql_mode /opt/stack/data/venv/lib/python3.12/site-packages/oslo_db/sqlalchemy/engines.py:325}}
Apr 24 19:14:04.320772 np0000170091 devstack@n-api-meta.service[109481]: DEBUG oslo_db.sqlalchemy.engines [None req-e4a66203-737e-4350-8f00-65e56e0f2683 None None] MySQL server mode set to STRICT_TRANS_TABLES,STRICT_ALL_TABLES,NO_ZERO_IN_DATE,NO_ZERO_DATE,ERROR_FOR_DIVISION_BY_ZERO,TRADITIONAL,NO_ENGINE_SUBSTITUTION {{(pid=109481) _check_effective_sql_mode /opt/stack/data/venv/lib/python3.12/site-packages/oslo_db/sqlalchemy/engines.py:325}}
Apr 24 19:14:04.333393 np0000170091 devstack@n-api-meta.service[109483]: INFO dbcounter [None req-571f5f58-9aa9-4c57-9f0b-6d8da9308820 None None] Registered counter for database nova_api
Apr 24 19:14:04.339384 np0000170091 devstack@n-api-meta.service[109480]: DEBUG dbcounter [-] [109480] Writer thread running {{(pid=109480) stat_writer /opt/stack/data/venv/lib/python3.12/site-packages/dbcounter.py:102}}
Apr 24 19:14:04.340634 np0000170091 devstack@n-api-meta.service[109482]: DEBUG dbcounter [-] [109482] Writer thread running {{(pid=109482) stat_writer /opt/stack/data/venv/lib/python3.12/site-packages/dbcounter.py:102}}
Apr 24 19:14:04.342121 np0000170091 devstack@n-api-meta.service[109480]: DEBUG nova.context [None req-1e5834e2-21c4-467e-bb43-5ea482ad08f2 None None] Found 2 cells: 00000000-0000-0000-0000-000000000000(cell0),6fbe3bcf-3318-42ee-9dbb-d98d619a3204(cell1) {{(pid=109480) load_cells /opt/stack/nova/nova/context.py:509}}
Apr 24 19:14:04.342689 np0000170091 devstack@n-api-meta.service[109480]: INFO nova.utils [None req-1e5834e2-21c4-467e-bb43-5ea482ad08f2 None None] The cell worker thread pool MainProcess.cell_worker is initialized
Apr 24 19:14:04.344086 np0000170091 devstack@n-api-meta.service[109482]: DEBUG nova.context [None req-c6eae901-e094-4eda-bf00-eb225d765805 None None] Found 2 cells: 00000000-0000-0000-0000-000000000000(cell0),6fbe3bcf-3318-42ee-9dbb-d98d619a3204(cell1) {{(pid=109482) load_cells /opt/stack/nova/nova/context.py:509}}
Apr 24 19:14:04.344172 np0000170091 devstack@n-api-meta.service[109480]: DEBUG oslo_concurrency.lockutils [None req-1e5834e2-21c4-467e-bb43-5ea482ad08f2 None None] Acquiring lock "00000000-0000-0000-0000-000000000000" by "nova.context.set_target_cell..get_or_set_cached_cell_and_set_connections" {{(pid=109480) inner /opt/stack/data/venv/lib/python3.12/site-packages/oslo_concurrency/lockutils.py:506}}
Apr 24 19:14:04.344365 np0000170091 devstack@n-api-meta.service[109482]: INFO nova.utils [None req-c6eae901-e094-4eda-bf00-eb225d765805 None None] The cell worker thread pool MainProcess.cell_worker is initialized
Apr 24 19:14:04.344424 np0000170091 devstack@n-api-meta.service[109480]: DEBUG oslo_concurrency.lockutils [None req-1e5834e2-21c4-467e-bb43-5ea482ad08f2 None None] Lock "00000000-0000-0000-0000-000000000000" acquired by "nova.context.set_target_cell..get_or_set_cached_cell_and_set_connections" :: waited 0.000s {{(pid=109480) inner /opt/stack/data/venv/lib/python3.12/site-packages/oslo_concurrency/lockutils.py:519}}
Apr 24 19:14:04.344749 np0000170091 devstack@n-api-meta.service[109480]: DEBUG oslo_concurrency.lockutils [None req-1e5834e2-21c4-467e-bb43-5ea482ad08f2 None None] Lock "00000000-0000-0000-0000-000000000000" "released" by "nova.context.set_target_cell..get_or_set_cached_cell_and_set_connections" :: held 0.000s {{(pid=109480) inner /opt/stack/data/venv/lib/python3.12/site-packages/oslo_concurrency/lockutils.py:538}}
Apr 24 19:14:04.345835 np0000170091 devstack@n-api-meta.service[109480]: DEBUG oslo_concurrency.lockutils [None req-1e5834e2-21c4-467e-bb43-5ea482ad08f2 None None] Acquiring lock "6fbe3bcf-3318-42ee-9dbb-d98d619a3204" by "nova.context.set_target_cell..get_or_set_cached_cell_and_set_connections" {{(pid=109480) inner /opt/stack/data/venv/lib/python3.12/site-packages/oslo_concurrency/lockutils.py:506}}
Apr 24 19:14:04.346002 np0000170091 devstack@n-api-meta.service[109480]: DEBUG oslo_concurrency.lockutils [None req-1e5834e2-21c4-467e-bb43-5ea482ad08f2 None None] Lock "6fbe3bcf-3318-42ee-9dbb-d98d619a3204" acquired by "nova.context.set_target_cell..get_or_set_cached_cell_and_set_connections" :: waited 0.000s {{(pid=109480) inner /opt/stack/data/venv/lib/python3.12/site-packages/oslo_concurrency/lockutils.py:519}}
Apr 24 19:14:04.346685 np0000170091 devstack@n-api-meta.service[109482]: DEBUG oslo_concurrency.lockutils [None req-c6eae901-e094-4eda-bf00-eb225d765805 None None] Acquiring lock "00000000-0000-0000-0000-000000000000" by "nova.context.set_target_cell..get_or_set_cached_cell_and_set_connections" {{(pid=109482) inner /opt/stack/data/venv/lib/python3.12/site-packages/oslo_concurrency/lockutils.py:506}}
Apr 24 19:14:04.347109 np0000170091 devstack@n-api-meta.service[109482]: DEBUG oslo_concurrency.lockutils [None req-c6eae901-e094-4eda-bf00-eb225d765805 None None] Lock "00000000-0000-0000-0000-000000000000" acquired by "nova.context.set_target_cell..get_or_set_cached_cell_and_set_connections" :: waited 0.000s {{(pid=109482) inner /opt/stack/data/venv/lib/python3.12/site-packages/oslo_concurrency/lockutils.py:519}}
Apr 24 19:14:04.347181 np0000170091 devstack@n-api-meta.service[109480]: DEBUG oslo_concurrency.lockutils [None req-1e5834e2-21c4-467e-bb43-5ea482ad08f2 None None] Lock "6fbe3bcf-3318-42ee-9dbb-d98d619a3204" "released" by "nova.context.set_target_cell..get_or_set_cached_cell_and_set_connections" :: held 0.001s {{(pid=109480) inner /opt/stack/data/venv/lib/python3.12/site-packages/oslo_concurrency/lockutils.py:538}}
Apr 24 19:14:04.347525 np0000170091 devstack@n-api-meta.service[109482]: DEBUG oslo_concurrency.lockutils [None req-c6eae901-e094-4eda-bf00-eb225d765805 None None] Lock "00000000-0000-0000-0000-000000000000" "released" by "nova.context.set_target_cell..get_or_set_cached_cell_and_set_connections" :: held 0.001s {{(pid=109482) inner /opt/stack/data/venv/lib/python3.12/site-packages/oslo_concurrency/lockutils.py:538}}
Apr 24 19:14:04.348554 np0000170091 devstack@n-api-meta.service[109482]: DEBUG oslo_concurrency.lockutils [None req-c6eae901-e094-4eda-bf00-eb225d765805 None None] Acquiring lock "6fbe3bcf-3318-42ee-9dbb-d98d619a3204" by "nova.context.set_target_cell..get_or_set_cached_cell_and_set_connections" {{(pid=109482) inner /opt/stack/data/venv/lib/python3.12/site-packages/oslo_concurrency/lockutils.py:506}}
Apr 24 19:14:04.349696 np0000170091 devstack@n-api-meta.service[109482]: DEBUG oslo_concurrency.lockutils [None req-c6eae901-e094-4eda-bf00-eb225d765805 None None] Lock "6fbe3bcf-3318-42ee-9dbb-d98d619a3204" acquired by "nova.context.set_target_cell..get_or_set_cached_cell_and_set_connections" :: waited 0.000s {{(pid=109482) inner /opt/stack/data/venv/lib/python3.12/site-packages/oslo_concurrency/lockutils.py:519}}
Apr 24 19:14:04.350136 np0000170091 devstack@n-api-meta.service[109482]: DEBUG oslo_concurrency.lockutils [None req-c6eae901-e094-4eda-bf00-eb225d765805 None None] Lock "6fbe3bcf-3318-42ee-9dbb-d98d619a3204" "released" by "nova.context.set_target_cell..get_or_set_cached_cell_and_set_connections" :: held 0.001s {{(pid=109482) inner /opt/stack/data/venv/lib/python3.12/site-packages/oslo_concurrency/lockutils.py:538}}
Apr 24 19:14:04.350340 np0000170091 devstack@n-api-meta.service[109483]: DEBUG oslo_db.sqlalchemy.engines [None req-571f5f58-9aa9-4c57-9f0b-6d8da9308820 None None] MySQL server mode set to STRICT_TRANS_TABLES,STRICT_ALL_TABLES,NO_ZERO_IN_DATE,NO_ZERO_DATE,ERROR_FOR_DIVISION_BY_ZERO,TRADITIONAL,NO_ENGINE_SUBSTITUTION {{(pid=109483) _check_effective_sql_mode /opt/stack/data/venv/lib/python3.12/site-packages/oslo_db/sqlalchemy/engines.py:325}}
Apr 24 19:14:04.351023 np0000170091 devstack@n-api-meta.service[109480]: INFO dbcounter [None req-1e5834e2-21c4-467e-bb43-5ea482ad08f2 None None] Registered counter for database nova_cell0
Apr 24 19:14:04.352446 np0000170091 devstack@n-api-meta.service[109482]: INFO dbcounter [None req-c6eae901-e094-4eda-bf00-eb225d765805 None None] Registered counter for database nova_cell0
Apr 24 19:14:04.357595 np0000170091 devstack@n-api-meta.service[109482]: INFO dbcounter [None req-c6eae901-e094-4eda-bf00-eb225d765805 None None] Registered counter for database nova_cell1
Apr 24 19:14:04.357699 np0000170091 devstack@n-api-meta.service[109480]: INFO dbcounter [None req-1e5834e2-21c4-467e-bb43-5ea482ad08f2 None None] Registered counter for database nova_cell1
Apr 24 19:14:04.369245 np0000170091 devstack@n-api-meta.service[109482]: DEBUG oslo_db.sqlalchemy.engines [None req-c6eae901-e094-4eda-bf00-eb225d765805 None None] MySQL server mode set to STRICT_TRANS_TABLES,STRICT_ALL_TABLES,NO_ZERO_IN_DATE,NO_ZERO_DATE,ERROR_FOR_DIVISION_BY_ZERO,TRADITIONAL,NO_ENGINE_SUBSTITUTION {{(pid=109482) _check_effective_sql_mode /opt/stack/data/venv/lib/python3.12/site-packages/oslo_db/sqlalchemy/engines.py:325}}
Apr 24 19:14:04.373352 np0000170091 devstack@n-api-meta.service[109482]: DEBUG oslo_db.sqlalchemy.engines [None req-c6eae901-e094-4eda-bf00-eb225d765805 None None] MySQL server mode set to STRICT_TRANS_TABLES,STRICT_ALL_TABLES,NO_ZERO_IN_DATE,NO_ZERO_DATE,ERROR_FOR_DIVISION_BY_ZERO,TRADITIONAL,NO_ENGINE_SUBSTITUTION {{(pid=109482) _check_effective_sql_mode /opt/stack/data/venv/lib/python3.12/site-packages/oslo_db/sqlalchemy/engines.py:325}}
Apr 24 19:14:04.378222 np0000170091 devstack@n-api-meta.service[109480]: DEBUG oslo_db.sqlalchemy.engines [None req-1e5834e2-21c4-467e-bb43-5ea482ad08f2 None None] MySQL server mode set to STRICT_TRANS_TABLES,STRICT_ALL_TABLES,NO_ZERO_IN_DATE,NO_ZERO_DATE,ERROR_FOR_DIVISION_BY_ZERO,TRADITIONAL,NO_ENGINE_SUBSTITUTION {{(pid=109480) _check_effective_sql_mode /opt/stack/data/venv/lib/python3.12/site-packages/oslo_db/sqlalchemy/engines.py:325}}
Apr 24 19:14:04.386641 np0000170091 devstack@n-api-meta.service[109483]: DEBUG dbcounter [-] [109483] Writer thread running {{(pid=109483) stat_writer /opt/stack/data/venv/lib/python3.12/site-packages/dbcounter.py:102}}
Apr 24 19:14:04.388892 np0000170091 devstack@n-api-meta.service[109480]: DEBUG oslo_db.sqlalchemy.engines [None req-1e5834e2-21c4-467e-bb43-5ea482ad08f2 None None] MySQL server mode set to STRICT_TRANS_TABLES,STRICT_ALL_TABLES,NO_ZERO_IN_DATE,NO_ZERO_DATE,ERROR_FOR_DIVISION_BY_ZERO,TRADITIONAL,NO_ENGINE_SUBSTITUTION {{(pid=109480) _check_effective_sql_mode /opt/stack/data/venv/lib/python3.12/site-packages/oslo_db/sqlalchemy/engines.py:325}}
Apr 24 19:14:04.389624 np0000170091 devstack@n-api-meta.service[109483]: DEBUG nova.context [None req-571f5f58-9aa9-4c57-9f0b-6d8da9308820 None None] Found 2 cells: 00000000-0000-0000-0000-000000000000(cell0),6fbe3bcf-3318-42ee-9dbb-d98d619a3204(cell1) {{(pid=109483) load_cells /opt/stack/nova/nova/context.py:509}}
Apr 24 19:14:04.389991 np0000170091 devstack@n-api-meta.service[109483]: INFO nova.utils [None req-571f5f58-9aa9-4c57-9f0b-6d8da9308820 None None] The cell worker thread pool MainProcess.cell_worker is initialized
Apr 24 19:14:04.392309 np0000170091 devstack@n-api-meta.service[109483]: DEBUG oslo_concurrency.lockutils [None req-571f5f58-9aa9-4c57-9f0b-6d8da9308820 None None] Acquiring lock "00000000-0000-0000-0000-000000000000" by "nova.context.set_target_cell..get_or_set_cached_cell_and_set_connections" {{(pid=109483) inner /opt/stack/data/venv/lib/python3.12/site-packages/oslo_concurrency/lockutils.py:506}}
Apr 24 19:14:04.392506 np0000170091 devstack@n-api-meta.service[109483]: DEBUG oslo_concurrency.lockutils [None req-571f5f58-9aa9-4c57-9f0b-6d8da9308820 None None] Lock "00000000-0000-0000-0000-000000000000" acquired by "nova.context.set_target_cell..get_or_set_cached_cell_and_set_connections" :: waited 0.000s {{(pid=109483) inner /opt/stack/data/venv/lib/python3.12/site-packages/oslo_concurrency/lockutils.py:519}}
Apr 24 19:14:04.393047 np0000170091 devstack@n-api-meta.service[109483]: DEBUG oslo_concurrency.lockutils [None req-571f5f58-9aa9-4c57-9f0b-6d8da9308820 None None] Lock "00000000-0000-0000-0000-000000000000" "released" by "nova.context.set_target_cell..get_or_set_cached_cell_and_set_connections" :: held 0.000s {{(pid=109483) inner /opt/stack/data/venv/lib/python3.12/site-packages/oslo_concurrency/lockutils.py:538}}
Apr 24 19:14:04.393861 np0000170091 devstack@n-api-meta.service[109483]: DEBUG oslo_concurrency.lockutils [None req-571f5f58-9aa9-4c57-9f0b-6d8da9308820 None None] Acquiring lock "6fbe3bcf-3318-42ee-9dbb-d98d619a3204" by "nova.context.set_target_cell..get_or_set_cached_cell_and_set_connections" {{(pid=109483) inner /opt/stack/data/venv/lib/python3.12/site-packages/oslo_concurrency/lockutils.py:506}}
Apr 24 19:14:04.394034 np0000170091 devstack@n-api-meta.service[109483]: DEBUG oslo_concurrency.lockutils [None req-571f5f58-9aa9-4c57-9f0b-6d8da9308820 None None] Lock "6fbe3bcf-3318-42ee-9dbb-d98d619a3204" acquired by "nova.context.set_target_cell..get_or_set_cached_cell_and_set_connections" :: waited 0.000s {{(pid=109483) inner /opt/stack/data/venv/lib/python3.12/site-packages/oslo_concurrency/lockutils.py:519}}
Apr 24 19:14:04.395852 np0000170091 devstack@n-api-meta.service[109483]: DEBUG oslo_concurrency.lockutils [None req-571f5f58-9aa9-4c57-9f0b-6d8da9308820 None None] Lock "6fbe3bcf-3318-42ee-9dbb-d98d619a3204" "released" by "nova.context.set_target_cell..get_or_set_cached_cell_and_set_connections" :: held 0.001s {{(pid=109483) inner /opt/stack/data/venv/lib/python3.12/site-packages/oslo_concurrency/lockutils.py:538}}
Apr 24 19:14:04.398195 np0000170091 devstack@n-api-meta.service[109483]: INFO dbcounter [None req-571f5f58-9aa9-4c57-9f0b-6d8da9308820 None None] Registered counter for database nova_cell0
Apr 24 19:14:04.403025 np0000170091 devstack@n-api-meta.service[109483]: INFO dbcounter [None req-571f5f58-9aa9-4c57-9f0b-6d8da9308820 None None] Registered counter for database nova_cell1
Apr 24 19:14:04.414667 np0000170091 devstack@n-api-meta.service[109483]: DEBUG oslo_db.sqlalchemy.engines [None req-571f5f58-9aa9-4c57-9f0b-6d8da9308820 None None] MySQL server mode set to STRICT_TRANS_TABLES,STRICT_ALL_TABLES,NO_ZERO_IN_DATE,NO_ZERO_DATE,ERROR_FOR_DIVISION_BY_ZERO,TRADITIONAL,NO_ENGINE_SUBSTITUTION {{(pid=109483) _check_effective_sql_mode /opt/stack/data/venv/lib/python3.12/site-packages/oslo_db/sqlalchemy/engines.py:325}}
Apr 24 19:14:04.415751 np0000170091 devstack@n-api-meta.service[109481]: DEBUG dbcounter [-] [109481] Writer thread running {{(pid=109481) stat_writer /opt/stack/data/venv/lib/python3.12/site-packages/dbcounter.py:102}}
Apr 24 19:14:04.417648 np0000170091 devstack@n-api-meta.service[109481]: DEBUG dbcounter [-] [109481] Writer thread running {{(pid=109481) stat_writer /opt/stack/data/venv/lib/python3.12/site-packages/dbcounter.py:102}}
Apr 24 19:14:04.421675 np0000170091 devstack@n-api-meta.service[109483]: DEBUG oslo_db.sqlalchemy.engines [None req-571f5f58-9aa9-4c57-9f0b-6d8da9308820 None None] MySQL server mode set to STRICT_TRANS_TABLES,STRICT_ALL_TABLES,NO_ZERO_IN_DATE,NO_ZERO_DATE,ERROR_FOR_DIVISION_BY_ZERO,TRADITIONAL,NO_ENGINE_SUBSTITUTION {{(pid=109483) _check_effective_sql_mode /opt/stack/data/venv/lib/python3.12/site-packages/oslo_db/sqlalchemy/engines.py:325}}
Apr 24 19:14:04.422335 np0000170091 devstack@n-api-meta.service[109481]: INFO dbcounter [None req-e4a66203-737e-4350-8f00-65e56e0f2683 None None] Registered counter for database nova_cell0
Apr 24 19:14:04.429553 np0000170091 devstack@n-api-meta.service[109481]: DEBUG oslo_db.sqlalchemy.engines [None req-e4a66203-737e-4350-8f00-65e56e0f2683 None None] MySQL server mode set to STRICT_TRANS_TABLES,STRICT_ALL_TABLES,NO_ZERO_IN_DATE,NO_ZERO_DATE,ERROR_FOR_DIVISION_BY_ZERO,TRADITIONAL,NO_ENGINE_SUBSTITUTION {{(pid=109481) _check_effective_sql_mode /opt/stack/data/venv/lib/python3.12/site-packages/oslo_db/sqlalchemy/engines.py:325}}
Apr 24 19:14:04.439402 np0000170091 devstack@n-api-meta.service[109481]: DEBUG dbcounter [-] [109481] Writer thread running {{(pid=109481) stat_writer /opt/stack/data/venv/lib/python3.12/site-packages/dbcounter.py:102}}
Apr 24 19:14:04.487356 np0000170091 devstack@n-api-meta.service[109481]: WARNING nova.api.metadata.handler [None req-e4a66203-737e-4350-8f00-65e56e0f2683 None None] metadata_proxy_shared_secret is not configured, the metadata information returned by the proxy cannot be trusted
Apr 24 19:14:04.492151 np0000170091 devstack@n-api-meta.service[109481]: DEBUG nova.api.openstack.wsgi_app [None req-e4a66203-737e-4350-8f00-65e56e0f2683 None None] ******************************************************************************** {{(pid=109481) log_opt_values /opt/stack/data/venv/lib/python3.12/site-packages/oslo_config/cfg.py:2979}}
Apr 24 19:14:04.492151 np0000170091 devstack@n-api-meta.service[109481]: DEBUG nova.api.openstack.wsgi_app [None req-e4a66203-737e-4350-8f00-65e56e0f2683 None None] Configuration options gathered from: {{(pid=109481) log_opt_values /opt/stack/data/venv/lib/python3.12/site-packages/oslo_config/cfg.py:2980}}
Apr 24 19:14:04.492151 np0000170091 devstack@n-api-meta.service[109481]: DEBUG nova.api.openstack.wsgi_app [None req-e4a66203-737e-4350-8f00-65e56e0f2683 None None] command line args: [] {{(pid=109481) log_opt_values /opt/stack/data/venv/lib/python3.12/site-packages/oslo_config/cfg.py:2981}}
Apr 24 19:14:04.492151 np0000170091 devstack@n-api-meta.service[109481]: DEBUG nova.api.openstack.wsgi_app [None req-e4a66203-737e-4350-8f00-65e56e0f2683 None None] config files: ['/etc/nova/api-paste.ini', '/etc/nova/nova.conf'] {{(pid=109481) log_opt_values /opt/stack/data/venv/lib/python3.12/site-packages/oslo_config/cfg.py:2982}}
Apr 24 19:14:04.492151 np0000170091 devstack@n-api-meta.service[109481]: DEBUG nova.api.openstack.wsgi_app [None req-e4a66203-737e-4350-8f00-65e56e0f2683 None None] ================================================================================ {{(pid=109481) log_opt_values /opt/stack/data/venv/lib/python3.12/site-packages/oslo_config/cfg.py:2987}}
Apr 24 19:14:04.492151 np0000170091 devstack@n-api-meta.service[109481]: DEBUG nova.api.openstack.wsgi_app [None req-e4a66203-737e-4350-8f00-65e56e0f2683 None None] allow_resize_to_same_host = True {{(pid=109481) log_opt_values /opt/stack/data/venv/lib/python3.12/site-packages/oslo_config/cfg.py:2995}}
Apr 24 19:14:04.492151 np0000170091 devstack@n-api-meta.service[109481]: DEBUG nova.api.openstack.wsgi_app [None req-e4a66203-737e-4350-8f00-65e56e0f2683 None None] arq_binding_timeout = 300 {{(pid=109481) log_opt_values /opt/stack/data/venv/lib/python3.12/site-packages/oslo_config/cfg.py:2995}}
Apr 24 19:14:04.492693 np0000170091 devstack@n-api-meta.service[109481]: DEBUG nova.api.openstack.wsgi_app [None req-e4a66203-737e-4350-8f00-65e56e0f2683 None None] block_device_allocate_retries = 60 {{(pid=109481) log_opt_values /opt/stack/data/venv/lib/python3.12/site-packages/oslo_config/cfg.py:2995}}
Apr 24 19:14:04.492693 np0000170091 devstack@n-api-meta.service[109481]: DEBUG nova.api.openstack.wsgi_app [None req-e4a66203-737e-4350-8f00-65e56e0f2683 None None] block_device_allocate_retries_interval = 3 {{(pid=109481) log_opt_values /opt/stack/data/venv/lib/python3.12/site-packages/oslo_config/cfg.py:2995}}
Apr 24 19:14:04.492693 np0000170091 devstack@n-api-meta.service[109481]: DEBUG nova.api.openstack.wsgi_app [None req-e4a66203-737e-4350-8f00-65e56e0f2683 None None] cell_worker_thread_pool_size = 5 {{(pid=109481) log_opt_values /opt/stack/data/venv/lib/python3.12/site-packages/oslo_config/cfg.py:2995}}
Apr 24 19:14:04.492693 np0000170091 devstack@n-api-meta.service[109481]: DEBUG nova.api.openstack.wsgi_app [None req-e4a66203-737e-4350-8f00-65e56e0f2683 None None] cert = self.pem {{(pid=109481) log_opt_values /opt/stack/data/venv/lib/python3.12/site-packages/oslo_config/cfg.py:2995}}
Apr 24 19:14:04.492693 np0000170091 devstack@n-api-meta.service[109481]: DEBUG nova.api.openstack.wsgi_app [None req-e4a66203-737e-4350-8f00-65e56e0f2683 None None] compute_driver = libvirt.LibvirtDriver {{(pid=109481) log_opt_values /opt/stack/data/venv/lib/python3.12/site-packages/oslo_config/cfg.py:2995}}
Apr 24 19:14:04.492693 np0000170091 devstack@n-api-meta.service[109481]: DEBUG nova.api.openstack.wsgi_app [None req-e4a66203-737e-4350-8f00-65e56e0f2683 None None] compute_monitors = [] {{(pid=109481) log_opt_values /opt/stack/data/venv/lib/python3.12/site-packages/oslo_config/cfg.py:2995}}
Apr 24 19:14:04.492693 np0000170091 devstack@n-api-meta.service[109481]: DEBUG nova.api.openstack.wsgi_app [None req-e4a66203-737e-4350-8f00-65e56e0f2683 None None] config_dir = [] {{(pid=109481) log_opt_values /opt/stack/data/venv/lib/python3.12/site-packages/oslo_config/cfg.py:2995}}
Apr 24 19:14:04.493089 np0000170091 devstack@n-api-meta.service[109481]: DEBUG nova.api.openstack.wsgi_app [None req-e4a66203-737e-4350-8f00-65e56e0f2683 None None] config_drive_format = iso9660 {{(pid=109481) log_opt_values /opt/stack/data/venv/lib/python3.12/site-packages/oslo_config/cfg.py:2995}}
Apr 24 19:14:04.493089 np0000170091 devstack@n-api-meta.service[109481]: DEBUG nova.api.openstack.wsgi_app [None req-e4a66203-737e-4350-8f00-65e56e0f2683 None None] config_file = ['/etc/nova/api-paste.ini', '/etc/nova/nova.conf'] {{(pid=109481) log_opt_values /opt/stack/data/venv/lib/python3.12/site-packages/oslo_config/cfg.py:2995}}
Apr 24 19:14:04.493089 np0000170091 devstack@n-api-meta.service[109481]: DEBUG nova.api.openstack.wsgi_app [None req-e4a66203-737e-4350-8f00-65e56e0f2683 None None] config_source = [] {{(pid=109481) log_opt_values /opt/stack/data/venv/lib/python3.12/site-packages/oslo_config/cfg.py:2995}}
Apr 24 19:14:04.493089 np0000170091 devstack@n-api-meta.service[109481]: DEBUG nova.api.openstack.wsgi_app [None req-e4a66203-737e-4350-8f00-65e56e0f2683 None None] console_host = np0000170091 {{(pid=109481) log_opt_values /opt/stack/data/venv/lib/python3.12/site-packages/oslo_config/cfg.py:2995}}
Apr 24 19:14:04.493345 np0000170091 devstack@n-api-meta.service[109482]: DEBUG dbcounter [-] [109482] Writer thread running {{(pid=109482) stat_writer /opt/stack/data/venv/lib/python3.12/site-packages/dbcounter.py:102}}
Apr 24 19:14:04.493518 np0000170091 devstack@n-api-meta.service[109481]: DEBUG nova.api.openstack.wsgi_app [None req-e4a66203-737e-4350-8f00-65e56e0f2683 None None] control_exchange = nova {{(pid=109481) log_opt_values /opt/stack/data/venv/lib/python3.12/site-packages/oslo_config/cfg.py:2995}}
Apr 24 19:14:04.493518 np0000170091 devstack@n-api-meta.service[109481]: DEBUG nova.api.openstack.wsgi_app [None req-e4a66203-737e-4350-8f00-65e56e0f2683 None None] cpu_allocation_ratio = None {{(pid=109481) log_opt_values /opt/stack/data/venv/lib/python3.12/site-packages/oslo_config/cfg.py:2995}}
Apr 24 19:14:04.493518 np0000170091 devstack@n-api-meta.service[109481]: DEBUG nova.api.openstack.wsgi_app [None req-e4a66203-737e-4350-8f00-65e56e0f2683 None None] daemon = False {{(pid=109481) log_opt_values /opt/stack/data/venv/lib/python3.12/site-packages/oslo_config/cfg.py:2995}}
Apr 24 19:14:04.493518 np0000170091 devstack@n-api-meta.service[109481]: DEBUG nova.api.openstack.wsgi_app [None req-e4a66203-737e-4350-8f00-65e56e0f2683 None None] debug = True {{(pid=109481) log_opt_values /opt/stack/data/venv/lib/python3.12/site-packages/oslo_config/cfg.py:2995}}
Apr 24 19:14:04.493774 np0000170091 devstack@n-api-meta.service[109482]: DEBUG dbcounter [-] [109482] Writer thread running {{(pid=109482) stat_writer /opt/stack/data/venv/lib/python3.12/site-packages/dbcounter.py:102}}
Apr 24 19:14:04.493894 np0000170091 devstack@n-api-meta.service[109481]: DEBUG nova.api.openstack.wsgi_app [None req-e4a66203-737e-4350-8f00-65e56e0f2683 None None] default_access_ip_network_name = None {{(pid=109481) log_opt_values /opt/stack/data/venv/lib/python3.12/site-packages/oslo_config/cfg.py:2995}}
Apr 24 19:14:04.493894 np0000170091 devstack@n-api-meta.service[109481]: DEBUG nova.api.openstack.wsgi_app [None req-e4a66203-737e-4350-8f00-65e56e0f2683 None None] default_availability_zone = nova {{(pid=109481) log_opt_values /opt/stack/data/venv/lib/python3.12/site-packages/oslo_config/cfg.py:2995}}
Apr 24 19:14:04.494043 np0000170091 devstack@n-api-meta.service[109481]: DEBUG nova.api.openstack.wsgi_app [None req-e4a66203-737e-4350-8f00-65e56e0f2683 None None] default_ephemeral_format = ext4 {{(pid=109481) log_opt_values /opt/stack/data/venv/lib/python3.12/site-packages/oslo_config/cfg.py:2995}}
Apr 24 19:14:04.494148 np0000170091 devstack@n-api-meta.service[109481]: DEBUG nova.api.openstack.wsgi_app [None req-e4a66203-737e-4350-8f00-65e56e0f2683 None None] default_green_pool_size = 1000 {{(pid=109481) log_opt_values /opt/stack/data/venv/lib/python3.12/site-packages/oslo_config/cfg.py:2995}}
Apr 24 19:14:04.494455 np0000170091 devstack@n-api-meta.service[109481]: DEBUG nova.api.openstack.wsgi_app [None req-e4a66203-737e-4350-8f00-65e56e0f2683 None None] default_log_levels = ['amqp=WARN', 'boto=WARN', 'sqlalchemy=WARN', 'suds=INFO', 'oslo.messaging=INFO', 'oslo_messaging=INFO', 'iso8601=WARN', 'requests.packages.urllib3.connectionpool=WARN', 'urllib3.connectionpool=WARN', 'websocket=WARN', 'requests.packages.urllib3.util.retry=WARN', 'urllib3.util.retry=WARN', 'keystonemiddleware=WARN', 'routes.middleware=WARN', 'stevedore=WARN', 'taskflow=WARN', 'keystoneauth=WARN', 'oslo.cache=INFO', 'oslo_policy=INFO', 'dogpile.core.dogpile=INFO', 'glanceclient=WARN', 'oslo.privsep.daemon=INFO'] {{(pid=109481) log_opt_values /opt/stack/data/venv/lib/python3.12/site-packages/oslo_config/cfg.py:2995}}
Apr 24 19:14:04.494671 np0000170091 devstack@n-api-meta.service[109481]: DEBUG nova.api.openstack.wsgi_app [None req-e4a66203-737e-4350-8f00-65e56e0f2683 None None] default_schedule_zone = None {{(pid=109481) log_opt_values /opt/stack/data/venv/lib/python3.12/site-packages/oslo_config/cfg.py:2995}}
Apr 24 19:14:04.494832 np0000170091 devstack@n-api-meta.service[109481]: DEBUG nova.api.openstack.wsgi_app [None req-e4a66203-737e-4350-8f00-65e56e0f2683 None None] default_thread_pool_size = 10 {{(pid=109481) log_opt_values /opt/stack/data/venv/lib/python3.12/site-packages/oslo_config/cfg.py:2995}}
Apr 24 19:14:04.494999 np0000170091 devstack@n-api-meta.service[109481]: DEBUG nova.api.openstack.wsgi_app [None req-e4a66203-737e-4350-8f00-65e56e0f2683 None None] disk_allocation_ratio = None {{(pid=109481) log_opt_values /opt/stack/data/venv/lib/python3.12/site-packages/oslo_config/cfg.py:2995}}
Apr 24 19:14:04.495178 np0000170091 devstack@n-api-meta.service[109481]: DEBUG nova.api.openstack.wsgi_app [None req-e4a66203-737e-4350-8f00-65e56e0f2683 None None] enable_new_services = True {{(pid=109481) log_opt_values /opt/stack/data/venv/lib/python3.12/site-packages/oslo_config/cfg.py:2995}}
Apr 24 19:14:04.495360 np0000170091 devstack@n-api-meta.service[109481]: DEBUG nova.api.openstack.wsgi_app [None req-e4a66203-737e-4350-8f00-65e56e0f2683 None None] flat_injected = False {{(pid=109481) log_opt_values /opt/stack/data/venv/lib/python3.12/site-packages/oslo_config/cfg.py:2995}}
Apr 24 19:14:04.495538 np0000170091 devstack@n-api-meta.service[109481]: DEBUG nova.api.openstack.wsgi_app [None req-e4a66203-737e-4350-8f00-65e56e0f2683 None None] force_config_drive = False {{(pid=109481) log_opt_values /opt/stack/data/venv/lib/python3.12/site-packages/oslo_config/cfg.py:2995}}
Apr 24 19:14:04.495862 np0000170091 devstack@n-api-meta.service[109481]: DEBUG nova.api.openstack.wsgi_app [None req-e4a66203-737e-4350-8f00-65e56e0f2683 None None] force_raw_images = True {{(pid=109481) log_opt_values /opt/stack/data/venv/lib/python3.12/site-packages/oslo_config/cfg.py:2995}}
Apr 24 19:14:04.495955 np0000170091 devstack@n-api-meta.service[109481]: DEBUG nova.api.openstack.wsgi_app [None req-e4a66203-737e-4350-8f00-65e56e0f2683 None None] graceful_shutdown_timeout = 5 {{(pid=109481) log_opt_values /opt/stack/data/venv/lib/python3.12/site-packages/oslo_config/cfg.py:2995}}
Apr 24 19:14:04.496263 np0000170091 devstack@n-api-meta.service[109481]: DEBUG nova.api.openstack.wsgi_app [None req-e4a66203-737e-4350-8f00-65e56e0f2683 None None] heal_instance_info_cache_interval = -1 {{(pid=109481) log_opt_values /opt/stack/data/venv/lib/python3.12/site-packages/oslo_config/cfg.py:2995}}
Apr 24 19:14:04.496763 np0000170091 devstack@n-api-meta.service[109481]: DEBUG nova.api.openstack.wsgi_app [None req-e4a66203-737e-4350-8f00-65e56e0f2683 None None] host = np0000170091 {{(pid=109481) log_opt_values /opt/stack/data/venv/lib/python3.12/site-packages/oslo_config/cfg.py:2995}}
Apr 24 19:14:04.496763 np0000170091 devstack@n-api-meta.service[109481]: DEBUG nova.api.openstack.wsgi_app [None req-e4a66203-737e-4350-8f00-65e56e0f2683 None None] initial_cpu_allocation_ratio = 4.0 {{(pid=109481) log_opt_values /opt/stack/data/venv/lib/python3.12/site-packages/oslo_config/cfg.py:2995}}
Apr 24 19:14:04.496887 np0000170091 devstack@n-api-meta.service[109481]: DEBUG nova.api.openstack.wsgi_app [None req-e4a66203-737e-4350-8f00-65e56e0f2683 None None] initial_disk_allocation_ratio = 1.0 {{(pid=109481) log_opt_values /opt/stack/data/venv/lib/python3.12/site-packages/oslo_config/cfg.py:2995}}
Apr 24 19:14:04.498103 np0000170091 devstack@n-api-meta.service[109481]: DEBUG nova.api.openstack.wsgi_app [None req-e4a66203-737e-4350-8f00-65e56e0f2683 None None] initial_ram_allocation_ratio = 1.0 {{(pid=109481) log_opt_values /opt/stack/data/venv/lib/python3.12/site-packages/oslo_config/cfg.py:2995}}
Apr 24 19:14:04.498103 np0000170091 devstack@n-api-meta.service[109481]: DEBUG nova.api.openstack.wsgi_app [None req-e4a66203-737e-4350-8f00-65e56e0f2683 None None] injected_network_template = /opt/stack/nova/nova/virt/interfaces.template {{(pid=109481) log_opt_values /opt/stack/data/venv/lib/python3.12/site-packages/oslo_config/cfg.py:2995}}
Apr 24 19:14:04.498103 np0000170091 devstack@n-api-meta.service[109481]: DEBUG nova.api.openstack.wsgi_app [None req-e4a66203-737e-4350-8f00-65e56e0f2683 None None] instance_build_timeout = 0 {{(pid=109481) log_opt_values /opt/stack/data/venv/lib/python3.12/site-packages/oslo_config/cfg.py:2995}}
Apr 24 19:14:04.498103 np0000170091 devstack@n-api-meta.service[109481]: DEBUG nova.api.openstack.wsgi_app [None req-e4a66203-737e-4350-8f00-65e56e0f2683 None None] instance_delete_interval = 300 {{(pid=109481) log_opt_values /opt/stack/data/venv/lib/python3.12/site-packages/oslo_config/cfg.py:2995}}
Apr 24 19:14:04.498103 np0000170091 devstack@n-api-meta.service[109481]: DEBUG nova.api.openstack.wsgi_app [None req-e4a66203-737e-4350-8f00-65e56e0f2683 None None] instance_format = [instance: %(uuid)s] {{(pid=109481) log_opt_values /opt/stack/data/venv/lib/python3.12/site-packages/oslo_config/cfg.py:2995}}
Apr 24 19:14:04.498103 np0000170091 devstack@n-api-meta.service[109481]: DEBUG nova.api.openstack.wsgi_app [None req-e4a66203-737e-4350-8f00-65e56e0f2683 None None] instance_name_template = instance-%08x {{(pid=109481) log_opt_values /opt/stack/data/venv/lib/python3.12/site-packages/oslo_config/cfg.py:2995}}
Apr 24 19:14:04.498377 np0000170091 devstack@n-api-meta.service[109481]: DEBUG nova.api.openstack.wsgi_app [None req-e4a66203-737e-4350-8f00-65e56e0f2683 None None] instance_usage_audit = False {{(pid=109481) log_opt_values /opt/stack/data/venv/lib/python3.12/site-packages/oslo_config/cfg.py:2995}}
Apr 24 19:14:04.498377 np0000170091 devstack@n-api-meta.service[109481]: DEBUG nova.api.openstack.wsgi_app [None req-e4a66203-737e-4350-8f00-65e56e0f2683 None None] instance_usage_audit_period = month {{(pid=109481) log_opt_values /opt/stack/data/venv/lib/python3.12/site-packages/oslo_config/cfg.py:2995}}
Apr 24 19:14:04.498481 np0000170091 devstack@n-api-meta.service[109481]: DEBUG nova.api.openstack.wsgi_app [None req-e4a66203-737e-4350-8f00-65e56e0f2683 None None] instance_uuid_format = [instance: %(uuid)s] {{(pid=109481) log_opt_values /opt/stack/data/venv/lib/python3.12/site-packages/oslo_config/cfg.py:2995}}
Apr 24 19:14:04.498781 np0000170091 devstack@n-api-meta.service[109481]: DEBUG nova.api.openstack.wsgi_app [None req-e4a66203-737e-4350-8f00-65e56e0f2683 None None] instances_path = /opt/stack/data/nova/instances {{(pid=109481) log_opt_values /opt/stack/data/venv/lib/python3.12/site-packages/oslo_config/cfg.py:2995}}
Apr 24 19:14:04.498781 np0000170091 devstack@n-api-meta.service[109481]: DEBUG nova.api.openstack.wsgi_app [None req-e4a66203-737e-4350-8f00-65e56e0f2683 None None] internal_service_availability_zone = internal {{(pid=109481) log_opt_values /opt/stack/data/venv/lib/python3.12/site-packages/oslo_config/cfg.py:2995}}
Apr 24 19:14:04.498918 np0000170091 devstack@n-api-meta.service[109481]: DEBUG nova.api.openstack.wsgi_app [None req-e4a66203-737e-4350-8f00-65e56e0f2683 None None] key = None {{(pid=109481) log_opt_values /opt/stack/data/venv/lib/python3.12/site-packages/oslo_config/cfg.py:2995}}
Apr 24 19:14:04.499136 np0000170091 devstack@n-api-meta.service[109481]: DEBUG nova.api.openstack.wsgi_app [None req-e4a66203-737e-4350-8f00-65e56e0f2683 None None] live_migration_retry_count = 30 {{(pid=109481) log_opt_values /opt/stack/data/venv/lib/python3.12/site-packages/oslo_config/cfg.py:2995}}
Apr 24 19:14:04.499136 np0000170091 devstack@n-api-meta.service[109481]: DEBUG nova.api.openstack.wsgi_app [None req-e4a66203-737e-4350-8f00-65e56e0f2683 None None] log_color = False {{(pid=109481) log_opt_values /opt/stack/data/venv/lib/python3.12/site-packages/oslo_config/cfg.py:2995}}
Apr 24 19:14:04.499600 np0000170091 devstack@n-api-meta.service[109481]: DEBUG nova.api.openstack.wsgi_app [None req-e4a66203-737e-4350-8f00-65e56e0f2683 None None] log_config_append = None {{(pid=109481) log_opt_values /opt/stack/data/venv/lib/python3.12/site-packages/oslo_config/cfg.py:2995}}
Apr 24 19:14:04.499600 np0000170091 devstack@n-api-meta.service[109481]: DEBUG nova.api.openstack.wsgi_app [None req-e4a66203-737e-4350-8f00-65e56e0f2683 None None] log_date_format = %Y-%m-%d %H:%M:%S {{(pid=109481) log_opt_values /opt/stack/data/venv/lib/python3.12/site-packages/oslo_config/cfg.py:2995}}
Apr 24 19:14:04.499600 np0000170091 devstack@n-api-meta.service[109481]: DEBUG nova.api.openstack.wsgi_app [None req-e4a66203-737e-4350-8f00-65e56e0f2683 None None] log_dir = None {{(pid=109481) log_opt_values /opt/stack/data/venv/lib/python3.12/site-packages/oslo_config/cfg.py:2995}}
