Apr 24 19:13:31.005808 np0000170091 devstack@neutron-api.service[104357]: DEBUG neutron.common.ovn.hash_ring_manager [None req-ebe90b99-7c92-4573-8d04-e18013124dc4 None None] Hash Ring loaded. 4 active nodes. 0 offline nodes {{(pid=104357) _load_hash_ring /opt/stack/neutron/neutron/common/ovn/hash_ring_manager.py:102}}
Apr 24 19:13:31.006186 np0000170091 devstack@neutron-api.service[104357]: DEBUG neutron.plugins.ml2.drivers.ovn.mech_driver.ovsdb.ovsdb_monitor [None req-ebe90b99-7c92-4573-8d04-e18013124dc4 None None] Hash Ring: Node 52aa260622e35e66b51e4614faf7eecc (host: np0000170091) handling event "create" for row 68f4e262-15ac-4cdf-9fe3-3b36c69303e3 (table: ACL) {{(pid=104357) notify /opt/stack/neutron/neutron/plugins/ml2/drivers/ovn/mech_driver/ovsdb/ovsdb_monitor.py:914}}
Apr 24 19:13:31.007045 np0000170091 devstack@neutron-api.service[104357]: INFO neutron.plugins.ml2.drivers.ovn.mech_driver.ovsdb.impl_idl_ovn [None req-ebe90b99-7c92-4573-8d04-e18013124dc4 None None] Getting OvsdbSbOvnIdl for WorkerService with retry
Apr 24 19:13:31.011361 np0000170091 devstack@neutron-api.service[104356]: INFO ovsdbapp.backend.ovs_idl.vlog [None req-5136eef3-a57b-45a5-af23-f5bcf8fea750 None None] ssl:199.204.45.115:6641: connected
Apr 24 19:13:31.026167 np0000170091 devstack@neutron-api.service[104358]: DEBUG neutron.common.ovn.hash_ring_manager [None req-a6ae6faf-7a80-4815-9b2f-703ce2fab5b2 None None] Allow caching, nodes 4>=4 {{(pid=104358) _wait_startup_before_caching /opt/stack/neutron/neutron/common/ovn/hash_ring_manager.py:65}}
Apr 24 19:13:31.031710 np0000170091 devstack@neutron-api.service[104358]: DEBUG neutron.common.ovn.hash_ring_manager [None req-a6ae6faf-7a80-4815-9b2f-703ce2fab5b2 None None] Hash Ring loaded. 4 active nodes. 0 offline nodes {{(pid=104358) _load_hash_ring /opt/stack/neutron/neutron/common/ovn/hash_ring_manager.py:102}}
Apr 24 19:13:31.031927 np0000170091 devstack@neutron-api.service[104358]: DEBUG neutron.plugins.ml2.drivers.ovn.mech_driver.ovsdb.ovsdb_monitor [None req-a6ae6faf-7a80-4815-9b2f-703ce2fab5b2 None None] ChassisOVNAgentWriteEvent : Matched Chassis_Private, create, None None {{(pid=104358) matches /opt/stack/neutron/neutron/plugins/ml2/drivers/ovn/mech_driver/ovsdb/ovsdb_monitor.py:64}}
Apr 24 19:13:31.032031 np0000170091 devstack@neutron-api.service[104358]: DEBUG neutron.plugins.ml2.drivers.ovn.mech_driver.ovsdb.ovsdb_monitor [None req-a6ae6faf-7a80-4815-9b2f-703ce2fab5b2 None None] ChassisAgentWriteEvent : Matched Chassis_Private, create, None None {{(pid=104358) matches /opt/stack/neutron/neutron/plugins/ml2/drivers/ovn/mech_driver/ovsdb/ovsdb_monitor.py:64}}
Apr 24 19:13:31.036491 np0000170091 devstack@neutron-api.service[104358]: INFO neutron.plugins.ml2.drivers.ovn.mech_driver.mech_driver [None req-a6ae6faf-7a80-4815-9b2f-703ce2fab5b2 None None] WorkerService process has finished the post initialization
Apr 24 19:13:31.037286 np0000170091 devstack@neutron-api.service[104358]: WSGI app 0 (mountpoint='') ready in 8 seconds on interpreter 0x74b2b14a3668 pid: 104358 (default app)
Apr 24 19:13:31.040588 np0000170091 devstack@neutron-api.service[104357]: DEBUG ovsdbapp.backend.ovs_idl [None req-ebe90b99-7c92-4573-8d04-e18013124dc4 None None] Created lookup_table index Chassis.name {{(pid=104357) autocreate_indices /opt/stack/data/venv/lib/python3.12/site-packages/ovsdbapp/backend/ovs_idl/__init__.py:87}}
Apr 24 19:13:31.040750 np0000170091 devstack@neutron-api.service[104357]: DEBUG ovsdbapp.backend.ovs_idl [None req-ebe90b99-7c92-4573-8d04-e18013124dc4 None None] Created lookup_table index Port_Binding.logical_port {{(pid=104357) autocreate_indices /opt/stack/data/venv/lib/python3.12/site-packages/ovsdbapp/backend/ovs_idl/__init__.py:87}}
Apr 24 19:13:31.040822 np0000170091 devstack@neutron-api.service[104357]: DEBUG ovsdbapp.backend.ovs_idl [None req-ebe90b99-7c92-4573-8d04-e18013124dc4 None None] Created schema index Chassis_Private.name {{(pid=104357) autocreate_indices /opt/stack/data/venv/lib/python3.12/site-packages/ovsdbapp/backend/ovs_idl/__init__.py:106}}
Apr 24 19:13:31.040914 np0000170091 devstack@neutron-api.service[104357]: DEBUG ovsdbapp.backend.ovs_idl [None req-ebe90b99-7c92-4573-8d04-e18013124dc4 None None] Created schema index Datapath_Binding.tunnel_key {{(pid=104357) autocreate_indices /opt/stack/data/venv/lib/python3.12/site-packages/ovsdbapp/backend/ovs_idl/__init__.py:106}}
Apr 24 19:13:31.043277 np0000170091 devstack@neutron-api.service[104357]: INFO ovsdbapp.backend.ovs_idl.vlog [None req-ebe90b99-7c92-4573-8d04-e18013124dc4 None None] ssl:199.204.45.115:6642: connecting...
Apr 24 19:13:31.047866 np0000170091 devstack@neutron-api.service[104357]: INFO ovsdbapp.backend.ovs_idl.vlog [None req-ebe90b99-7c92-4573-8d04-e18013124dc4 None None] ssl:199.204.45.115:6642: connected
Apr 24 19:13:31.054097 np0000170091 devstack@neutron-api.service[104356]: DEBUG neutron.common.ovn.hash_ring_manager [None req-5136eef3-a57b-45a5-af23-f5bcf8fea750 None None] Allow caching, nodes 4>=4 {{(pid=104356) _wait_startup_before_caching /opt/stack/neutron/neutron/common/ovn/hash_ring_manager.py:65}}
Apr 24 19:13:31.062554 np0000170091 devstack@neutron-api.service[104356]: DEBUG neutron.common.ovn.hash_ring_manager [None req-5136eef3-a57b-45a5-af23-f5bcf8fea750 None None] Hash Ring loaded. 4 active nodes. 0 offline nodes {{(pid=104356) _load_hash_ring /opt/stack/neutron/neutron/common/ovn/hash_ring_manager.py:102}}
Apr 24 19:13:31.063864 np0000170091 devstack@neutron-api.service[104356]: INFO neutron.plugins.ml2.drivers.ovn.mech_driver.ovsdb.impl_idl_ovn [None req-5136eef3-a57b-45a5-af23-f5bcf8fea750 None None] Getting OvsdbSbOvnIdl for WorkerService with retry
Apr 24 19:13:31.077227 np0000170091 devstack@neutron-api.service[104357]: DEBUG neutron.common.ovn.hash_ring_manager [None req-ebe90b99-7c92-4573-8d04-e18013124dc4 None None] Allow caching, nodes 4>=4 {{(pid=104357) _wait_startup_before_caching /opt/stack/neutron/neutron/common/ovn/hash_ring_manager.py:65}}
Apr 24 19:13:31.081069 np0000170091 devstack@neutron-api.service[104357]: DEBUG neutron.common.ovn.hash_ring_manager [None req-ebe90b99-7c92-4573-8d04-e18013124dc4 None None] Hash Ring loaded. 4 active nodes. 0 offline nodes {{(pid=104357) _load_hash_ring /opt/stack/neutron/neutron/common/ovn/hash_ring_manager.py:102}}
Apr 24 19:13:31.081213 np0000170091 devstack@neutron-api.service[104357]: DEBUG neutron.plugins.ml2.drivers.ovn.mech_driver.ovsdb.ovsdb_monitor [None req-ebe90b99-7c92-4573-8d04-e18013124dc4 None None] Hash Ring: Node 52aa260622e35e66b51e4614faf7eecc (host: np0000170091) handling event "create" for row e3518357-6ccc-4bb3-98a4-0d0a3b5c897a (table: Chassis) {{(pid=104357) notify /opt/stack/neutron/neutron/plugins/ml2/drivers/ovn/mech_driver/ovsdb/ovsdb_monitor.py:914}}
Apr 24 19:13:31.082054 np0000170091 devstack@neutron-api.service[104357]: DEBUG ovsdbapp.backend.ovs_idl.event [None req-ebe90b99-7c92-4573-8d04-e18013124dc4 None None] Matched CREATE: ChassisBandwidthConfigEvent(events=('create', 'update'), table='Chassis', conditions=None, old_conditions=None), priority=20 to row=Chassis(uuid=e3518357-6ccc-4bb3-98a4-0d0a3b5c897a, encaps=[ceac11e3-cb6d-4efb-9ff9-4754f8d303cb], external_ids={}, hostname='np0000170091', name='b15383fa-c7f5-4dac-9c55-71b47c932de8', nb_cfg=0, other_config={'ct-commit-nat-v2': 'true', 'ct-commit-to-zone': 'true', 'ct-next-zone': 'true', 'ct-no-masked-label': 'true', 'ct-state-save': 'true', 'datapath-type': 'system', 'fdb-timestamp': 'true', 'iface-types': 'afxdp,afxdp-nonpmd,bareudp,erspan,geneve,gre,gtpu,internal,ip6erspan,ip6gre,lisp,patch,srv6,stt,system,tap,vxlan', 'is-interconn': 'false', 'ls-dpg-column': 'true', 'mac-binding-timestamp': 'true', 'ovn-bridge-mappings': 'public:br-ex', 'ovn-chassis-mac-mappings': '', 'ovn-cms-options': 'enable-chassis-as-gw', 'ovn-ct-lb-related': 'true', 'ovn-enable-lflow-cache': 'true', 'ovn-limit-lflow-cache': '', 'ovn-memlimit-lflow-cache-kb': '', 'ovn-monitor-all': 'false', 'ovn-trim-limit-lflow-cache': '', 'ovn-trim-timeout-ms': '', 'ovn-trim-wmark-perc-lflow-cache': '', 'port-up-notif': 'true'}, transport_zones=[], vtep_logical_switches=[]) old= {{(pid=104357) matches /opt/stack/data/venv/lib/python3.12/site-packages/ovsdbapp/backend/ovs_idl/event.py:55}}
Apr 24 19:13:31.082492 np0000170091 devstack@neutron-api.service[104357]: DEBUG neutron.plugins.ml2.drivers.ovn.mech_driver.ovsdb.ovsdb_monitor [None req-ebe90b99-7c92-4573-8d04-e18013124dc4 None None] ChassisOVNAgentWriteEvent : Matched Chassis_Private, create, None None {{(pid=104357) matches /opt/stack/neutron/neutron/plugins/ml2/drivers/ovn/mech_driver/ovsdb/ovsdb_monitor.py:64}}
Apr 24 19:13:31.082603 np0000170091 devstack@neutron-api.service[104357]: DEBUG neutron.plugins.ml2.drivers.ovn.mech_driver.ovsdb.ovsdb_monitor [None req-ebe90b99-7c92-4573-8d04-e18013124dc4 None None] ChassisAgentWriteEvent : Matched Chassis_Private, create, None None {{(pid=104357) matches /opt/stack/neutron/neutron/plugins/ml2/drivers/ovn/mech_driver/ovsdb/ovsdb_monitor.py:64}}
Apr 24 19:13:31.084274 np0000170091 devstack@neutron-api.service[104357]: INFO neutron.plugins.ml2.drivers.ovn.mech_driver.mech_driver [None req-ebe90b99-7c92-4573-8d04-e18013124dc4 None None] WorkerService process has finished the post initialization
Apr 24 19:13:31.085053 np0000170091 devstack@neutron-api.service[104357]: INFO neutron.plugins.ml2.drivers.ovn.mech_driver.ovsdb.extensions.qos [-] Starting OVNClientQosExtension
Apr 24 19:13:31.085440 np0000170091 devstack@neutron-api.service[104357]: INFO neutron.plugins.ml2.drivers.ovn.mech_driver.ovsdb.extensions.placement [-] Starting OVNClientPlacementExtension
Apr 24 19:13:31.087592 np0000170091 devstack@neutron-api.service[104357]: WSGI app 0 (mountpoint='') ready in 8 seconds on interpreter 0x74b2b14a3668 pid: 104357 (default app)
Apr 24 19:13:31.102012 np0000170091 devstack@neutron-api.service[104356]: DEBUG ovsdbapp.backend.ovs_idl [None req-5136eef3-a57b-45a5-af23-f5bcf8fea750 None None] Created lookup_table index Chassis.name {{(pid=104356) autocreate_indices /opt/stack/data/venv/lib/python3.12/site-packages/ovsdbapp/backend/ovs_idl/__init__.py:87}}
Apr 24 19:13:31.102132 np0000170091 devstack@neutron-api.service[104356]: DEBUG ovsdbapp.backend.ovs_idl [None req-5136eef3-a57b-45a5-af23-f5bcf8fea750 None None] Created lookup_table index Port_Binding.logical_port {{(pid=104356) autocreate_indices /opt/stack/data/venv/lib/python3.12/site-packages/ovsdbapp/backend/ovs_idl/__init__.py:87}}
Apr 24 19:13:31.102270 np0000170091 devstack@neutron-api.service[104356]: DEBUG ovsdbapp.backend.ovs_idl [None req-5136eef3-a57b-45a5-af23-f5bcf8fea750 None None] Created schema index Chassis_Private.name {{(pid=104356) autocreate_indices /opt/stack/data/venv/lib/python3.12/site-packages/ovsdbapp/backend/ovs_idl/__init__.py:106}}
Apr 24 19:13:31.102417 np0000170091 devstack@neutron-api.service[104356]: DEBUG ovsdbapp.backend.ovs_idl [None req-5136eef3-a57b-45a5-af23-f5bcf8fea750 None None] Created schema index Datapath_Binding.tunnel_key {{(pid=104356) autocreate_indices /opt/stack/data/venv/lib/python3.12/site-packages/ovsdbapp/backend/ovs_idl/__init__.py:106}}
Apr 24 19:13:31.105945 np0000170091 devstack@neutron-api.service[104356]: INFO ovsdbapp.backend.ovs_idl.vlog [None req-5136eef3-a57b-45a5-af23-f5bcf8fea750 None None] ssl:199.204.45.115:6642: connecting...
Apr 24 19:13:31.113852 np0000170091 devstack@neutron-api.service[104356]: INFO ovsdbapp.backend.ovs_idl.vlog [None req-5136eef3-a57b-45a5-af23-f5bcf8fea750 None None] ssl:199.204.45.115:6642: connected
Apr 24 19:13:31.149705 np0000170091 devstack@neutron-api.service[104356]: DEBUG neutron.common.ovn.hash_ring_manager [None req-5136eef3-a57b-45a5-af23-f5bcf8fea750 None None] Allow caching, nodes 4>=4 {{(pid=104356) _wait_startup_before_caching /opt/stack/neutron/neutron/common/ovn/hash_ring_manager.py:65}}
Apr 24 19:13:31.155938 np0000170091 devstack@neutron-api.service[104356]: DEBUG neutron.common.ovn.hash_ring_manager [None req-5136eef3-a57b-45a5-af23-f5bcf8fea750 None None] Hash Ring loaded. 4 active nodes. 0 offline nodes {{(pid=104356) _load_hash_ring /opt/stack/neutron/neutron/common/ovn/hash_ring_manager.py:102}}
Apr 24 19:13:31.156299 np0000170091 devstack@neutron-api.service[104356]: DEBUG neutron.plugins.ml2.drivers.ovn.mech_driver.ovsdb.ovsdb_monitor [None req-5136eef3-a57b-45a5-af23-f5bcf8fea750 None None] ChassisOVNAgentWriteEvent : Matched Chassis_Private, create, None None {{(pid=104356) matches /opt/stack/neutron/neutron/plugins/ml2/drivers/ovn/mech_driver/ovsdb/ovsdb_monitor.py:64}}
Apr 24 19:13:31.156499 np0000170091 devstack@neutron-api.service[104356]: DEBUG neutron.plugins.ml2.drivers.ovn.mech_driver.ovsdb.ovsdb_monitor [None req-5136eef3-a57b-45a5-af23-f5bcf8fea750 None None] ChassisAgentWriteEvent : Matched Chassis_Private, create, None None {{(pid=104356) matches /opt/stack/neutron/neutron/plugins/ml2/drivers/ovn/mech_driver/ovsdb/ovsdb_monitor.py:64}}
Apr 24 19:13:31.159570 np0000170091 devstack@neutron-api.service[104356]: INFO neutron.plugins.ml2.drivers.ovn.mech_driver.mech_driver [None req-5136eef3-a57b-45a5-af23-f5bcf8fea750 None None] WorkerService process has finished the post initialization
Apr 24 19:13:31.161392 np0000170091 devstack@neutron-api.service[104356]: WSGI app 0 (mountpoint='') ready in 8 seconds on interpreter 0x74b2b14a3668 pid: 104356 (default app)
Apr 24 19:13:32.639513 np0000170091 devstack@neutron-api.service[104358]: DEBUG neutron.plugins.ml2.drivers.ovn.mech_driver.ovsdb.ovsdb_monitor [-] Hash Ring: Node d18ad45f1eb05c6a93683b325215786e (host: np0000170091) handling event "update" for row 3e828e8c-caea-46ea-b41f-195d3c4fe4f4 (table: Connection) {{(pid=104358) notify /opt/stack/neutron/neutron/plugins/ml2/drivers/ovn/mech_driver/ovsdb/ovsdb_monitor.py:914}}
Apr 24 19:13:32.645352 np0000170091 devstack@neutron-api.service[104359]: DEBUG neutron.common.ovn.hash_ring_manager [-] Allow caching, nodes 4>=4 {{(pid=104359) _wait_startup_before_caching /opt/stack/neutron/neutron/common/ovn/hash_ring_manager.py:65}}
Apr 24 19:13:32.645759 np0000170091 devstack@neutron-api.service[104359]: DEBUG neutron.plugins.ml2.drivers.ovn.mech_driver.ovsdb.ovsdb_monitor [-] Hash Ring: Node cb0ed6eda47d594ea53aaa74fa4ba9d7 (host: np0000170091) handling event "update" for row 3e828e8c-caea-46ea-b41f-195d3c4fe4f4 (table: Connection) {{(pid=104359) notify /opt/stack/neutron/neutron/plugins/ml2/drivers/ovn/mech_driver/ovsdb/ovsdb_monitor.py:914}}
Apr 24 19:13:35.140486 np0000170091 devstack@neutron-api.service[104358]: DEBUG neutron.plugins.ml2.drivers.ovn.mech_driver.ovsdb.ovsdb_monitor [-] Hash Ring: Node d18ad45f1eb05c6a93683b325215786e (host: np0000170091) handling event "update" for row 3e828e8c-caea-46ea-b41f-195d3c4fe4f4 (table: Connection) {{(pid=104358) notify /opt/stack/neutron/neutron/plugins/ml2/drivers/ovn/mech_driver/ovsdb/ovsdb_monitor.py:914}}
Apr 24 19:13:35.141338 np0000170091 devstack@neutron-api.service[104359]: DEBUG neutron.plugins.ml2.drivers.ovn.mech_driver.ovsdb.ovsdb_monitor [-] Hash Ring: Node cb0ed6eda47d594ea53aaa74fa4ba9d7 (host: np0000170091) handling event "update" for row 3e828e8c-caea-46ea-b41f-195d3c4fe4f4 (table: Connection) {{(pid=104359) notify /opt/stack/neutron/neutron/plugins/ml2/drivers/ovn/mech_driver/ovsdb/ovsdb_monitor.py:914}}
Apr 24 19:13:36.804485 np0000170091 devstack@neutron-api.service[104359]: DEBUG neutron.api.wsgi [None req-16135bd9-e97b-434f-87d7-6177518005c8 admin admin] Missing Content-Type {{(pid=104359) get_content_type /opt/stack/neutron/neutron/api/wsgi.py:80}}
Apr 24 19:13:36.805425 np0000170091 devstack@neutron-api.service[104359]: DEBUG neutron.api.wsgi [None req-16135bd9-e97b-434f-87d7-6177518005c8 admin admin] https://199.204.45.115/networking/v2.0/extensions returned with HTTP 200 {{(pid=104359) __call__ /opt/stack/neutron/neutron/api/wsgi.py:540}}
Apr 24 19:13:36.805425 np0000170091 devstack@neutron-api.service[104359]: [pid: 104359|app: 0|req: 2/2] 199.204.45.115 () {64 vars in 1323 bytes} [Fri Apr 24 19:13:36 2026] GET /networking/v2.0/extensions => generated 15209 bytes in 439 msecs (HTTP/1.1 200) 4 headers in 159 bytes (1 switches on core 0)
Apr 24 19:13:37.210116 np0000170091 devstack@neutron-api.service[104358]: DEBUG neutron.api.v2.base [None req-1ea59cc8-9488-4e27-a99f-b9a7dcc11819 admin admin] Request body: {'subnetpool': {'prefixes': ['10.1.0.0/20'], 'name': 'shared-default-subnetpool-v4', 'shared': True, 'default_prefixlen': 26, 'is_default': True}} {{(pid=104358) prepare_request_body /opt/stack/neutron/neutron/api/v2/base.py:727}}
Apr 24 19:13:37.434213 np0000170091 devstack@neutron-api.service[104358]: DEBUG neutron.policy [None req-1ea59cc8-9488-4e27-a99f-b9a7dcc11819 admin admin] Loaded default policies from ['neutron'] under neutron.policies entry points {{(pid=104358) register_rules /opt/stack/neutron/neutron/policy.py:65}}
Apr 24 19:13:37.595827 np0000170091 devstack@neutron-api.service[104358]: DEBUG neutron_lib.callbacks.manager [None req-1ea59cc8-9488-4e27-a99f-b9a7dcc11819 admin admin] Publish callbacks ['neutron.objects.securitygroup.RbacNeutronDbObjectMixin.validate_rbac_policy_change-2844364697902', 'neutron.objects.address_group.RbacNeutronDbObjectMixin.validate_rbac_policy_change-2844364641841', 'neutron.objects.network.RbacNeutronDbObjectMixin.validate_rbac_policy_change-2844364656376', 'neutron.objects.qos.policy.RbacNeutronDbObjectMixin.validate_rbac_policy_change-2844364659187', 'neutron.objects.subnetpool.RbacNeutronDbObjectMixin.validate_rbac_policy_change-2844363581693', 'neutron.objects.address_scope.RbacNeutronDbObjectMixin.validate_rbac_policy_change-2844364659268', 'neutron.plugins.ml2.plugin.External_net_db_mixin._process_ext_policy_create-1126724', 'neutron.plugins.ml2.plugin.NeutronDbPluginV2.validate_network_rbac_policy_change-1114360'] for rbac-policy (None), before_create {{(pid=104358) _notify_loop /opt/stack/data/venv/lib/python3.12/site-packages/neutron_lib/callbacks/manager.py:184}}
Apr 24 19:13:37.674917 np0000170091 devstack@neutron-api.service[104358]: DEBUG neutron_lib.callbacks.manager [None req-1ea59cc8-9488-4e27-a99f-b9a7dcc11819 admin admin] Publish callbacks [] for subnetpool (None), before_response {{(pid=104358) _notify_loop /opt/stack/data/venv/lib/python3.12/site-packages/neutron_lib/callbacks/manager.py:184}}
Apr 24 19:13:37.675518 np0000170091 devstack@neutron-api.service[104358]: [pid: 104358|app: 0|req: 1/3] 199.204.45.115 () {68 vars in 1367 bytes} [Fri Apr 24 19:13:37 2026] POST /networking/v2.0/subnetpools => generated 533 bytes in 581 msecs (HTTP/1.1 201) 4 headers in 162 bytes (1 switches on core 0)
Apr 24 19:13:38.024446 np0000170091 devstack@neutron-api.service[104357]: DEBUG neutron.api.v2.base [None req-1d7a122b-e31f-4dc3-b568-203c5685cb24 admin admin] Request body: {'subnetpool': {'prefixes': ['fd35:0406:a708::/56'], 'name': 'shared-default-subnetpool-v6', 'shared': True, 'default_prefixlen': 64, 'is_default': True}} {{(pid=104357) prepare_request_body /opt/stack/neutron/neutron/api/v2/base.py:727}}
Apr 24 19:13:38.213255 np0000170091 devstack@neutron-api.service[104357]: DEBUG neutron.policy [None req-1d7a122b-e31f-4dc3-b568-203c5685cb24 admin admin] Loaded default policies from ['neutron'] under neutron.policies entry points {{(pid=104357) register_rules /opt/stack/neutron/neutron/policy.py:65}}
Apr 24 19:13:38.365823 np0000170091 devstack@neutron-api.service[104357]: DEBUG neutron_lib.callbacks.manager [None req-1d7a122b-e31f-4dc3-b568-203c5685cb24 admin admin] Publish callbacks ['neutron.objects.securitygroup.RbacNeutronDbObjectMixin.validate_rbac_policy_change-2844364818477', 'neutron.objects.address_group.RbacNeutronDbObjectMixin.validate_rbac_policy_change-2844364812731', 'neutron.objects.network.RbacNeutronDbObjectMixin.validate_rbac_policy_change-2844364680765', 'neutron.objects.qos.policy.RbacNeutronDbObjectMixin.validate_rbac_policy_change-2844363554462', 'neutron.objects.subnetpool.RbacNeutronDbObjectMixin.validate_rbac_policy_change-2844363578374', 'neutron.objects.address_scope.RbacNeutronDbObjectMixin.validate_rbac_policy_change-2844363553018', 'neutron.plugins.ml2.plugin.External_net_db_mixin._process_ext_policy_create-839123', 'neutron.plugins.ml2.plugin.NeutronDbPluginV2.validate_network_rbac_policy_change-840135'] for rbac-policy (None), before_create {{(pid=104357) _notify_loop /opt/stack/data/venv/lib/python3.12/site-packages/neutron_lib/callbacks/manager.py:184}}
Apr 24 19:13:38.419193 np0000170091 devstack@neutron-api.service[104357]: DEBUG neutron_lib.callbacks.manager [None req-1d7a122b-e31f-4dc3-b568-203c5685cb24 admin admin] Publish callbacks [] for subnetpool (None), before_response {{(pid=104357) _notify_loop /opt/stack/data/venv/lib/python3.12/site-packages/neutron_lib/callbacks/manager.py:184}}
Apr 24 19:13:38.420268 np0000170091 devstack@neutron-api.service[104357]: [pid: 104357|app: 0|req: 1/4] 199.204.45.115 () {68 vars in 1367 bytes} [Fri Apr 24 19:13:37 2026] POST /networking/v2.0/subnetpools => generated 542 bytes in 515 msecs (HTTP/1.1 201) 4 headers in 162 bytes (1 switches on core 0)
Apr 24 19:13:38.825822 np0000170091 devstack@neutron-api.service[104356]: DEBUG neutron.api.v2.base [None req-a6f56441-d104-439f-8d3b-9f8dbca88c48 admin admin] Request body: {'network': {'admin_state_up': True, 'name': 'private'}} {{(pid=104356) prepare_request_body /opt/stack/neutron/neutron/api/v2/base.py:727}}
Apr 24 19:13:38.846319 np0000170091 devstack@neutron-api.service[104356]: DEBUG neutron.pecan_wsgi.hooks.quota_enforcement [None req-a6f56441-d104-439f-8d3b-9f8dbca88c48 admin admin] Made reservation on behalf of bb5793b0b0ba4a719e9135f03bbc8876 for: {'network': 1} {{(pid=104356) before /opt/stack/neutron/neutron/pecan_wsgi/hooks/quota_enforcement.py:66}}
Apr 24 19:13:39.046470 np0000170091 devstack@neutron-api.service[104356]: DEBUG neutron.policy [None req-a6f56441-d104-439f-8d3b-9f8dbca88c48 admin admin] Loaded default policies from ['neutron'] under neutron.policies entry points {{(pid=104356) register_rules /opt/stack/neutron/neutron/policy.py:65}}
Apr 24 19:13:39.156786 np0000170091 devstack@neutron-api.service[104356]: DEBUG neutron_lib.callbacks.manager [None req-a6f56441-d104-439f-8d3b-9f8dbca88c48 admin admin] Publish callbacks ['neutron.plugins.ml2.plugin.SecurityGroupDbMixin._ensure_default_security_group_handler-26581'] for network (None), before_create {{(pid=104356) _notify_loop /opt/stack/data/venv/lib/python3.12/site-packages/neutron_lib/callbacks/manager.py:184}}
Apr 24 19:13:39.185045 np0000170091 devstack@neutron-api.service[104356]: DEBUG neutron_lib.callbacks.manager [None req-a6f56441-d104-439f-8d3b-9f8dbca88c48 admin admin] Publish callbacks [] for security_group (None), before_create {{(pid=104356) _notify_loop /opt/stack/data/venv/lib/python3.12/site-packages/neutron_lib/callbacks/manager.py:184}}
Apr 24 19:13:39.287191 np0000170091 devstack@neutron-api.service[104356]: DEBUG neutron_lib.callbacks.manager [None req-a6f56441-d104-439f-8d3b-9f8dbca88c48 admin admin] Publish callbacks ['neutron.plugins.ml2.drivers.ovn.mech_driver.mech_driver.OVNMechanismDriver._create_security_group_precommit-343953'] for security_group (4c65a9ce-280a-4bc5-9171-3d6558e382e2), precommit_create {{(pid=104356) _notify_loop /opt/stack/data/venv/lib/python3.12/site-packages/neutron_lib/callbacks/manager.py:184}}
Apr 24 19:13:39.287494 np0000170091 devstack@neutron-api.service[104356]: DEBUG neutron.db.ovn_revision_numbers_db [None req-a6f56441-d104-439f-8d3b-9f8dbca88c48 admin admin] create_initial_revision uuid=4c65a9ce-280a-4bc5-9171-3d6558e382e2, type=security_groups, rev=-1 {{(pid=104356) create_initial_revision /opt/stack/neutron/neutron/db/ovn_revision_numbers_db.py:98}}
Apr 24 19:13:39.290118 np0000170091 devstack@neutron-api.service[104356]: DEBUG neutron.db.ovn_revision_numbers_db [None req-a6f56441-d104-439f-8d3b-9f8dbca88c48 admin admin] create_initial_revision uuid=0405449d-0cd9-4c53-9b1d-27930a168a26, type=security_group_rules, rev=-1 {{(pid=104356) create_initial_revision /opt/stack/neutron/neutron/db/ovn_revision_numbers_db.py:98}}
Apr 24 19:13:39.291087 np0000170091 devstack@neutron-api.service[104356]: DEBUG neutron.db.ovn_revision_numbers_db [None req-a6f56441-d104-439f-8d3b-9f8dbca88c48 admin admin] create_initial_revision uuid=9fc9e9b0-32de-473f-803f-c17ecc021faa, type=security_group_rules, rev=-1 {{(pid=104356) create_initial_revision /opt/stack/neutron/neutron/db/ovn_revision_numbers_db.py:98}}
Apr 24 19:13:39.292008 np0000170091 devstack@neutron-api.service[104356]: DEBUG neutron.db.ovn_revision_numbers_db [None req-a6f56441-d104-439f-8d3b-9f8dbca88c48 admin admin] create_initial_revision uuid=dd454baa-8931-43ec-a0e2-1aa27d61d4d6, type=security_group_rules, rev=-1 {{(pid=104356) create_initial_revision /opt/stack/neutron/neutron/db/ovn_revision_numbers_db.py:98}}
Apr 24 19:13:39.292969 np0000170091 devstack@neutron-api.service[104356]: DEBUG neutron.db.ovn_revision_numbers_db [None req-a6f56441-d104-439f-8d3b-9f8dbca88c48 admin admin] create_initial_revision uuid=ddc6e05f-585c-4778-979e-82d34dad1fdc, type=security_group_rules, rev=-1 {{(pid=104356) create_initial_revision /opt/stack/neutron/neutron/db/ovn_revision_numbers_db.py:98}}
Apr 24 19:13:39.301538 np0000170091 devstack@neutron-api.service[104356]: DEBUG neutron_lib.callbacks.manager [None req-a6f56441-d104-439f-8d3b-9f8dbca88c48 admin admin] Publish callbacks ['neutron.plugins.ml2.drivers.ovn.mech_driver.mech_driver.OVNMechanismDriver._create_security_group-343947', 'neutron.plugins.ml2.ovo_rpc._ObjectChangeHandler.handle_event-2257883'] for security_group (4c65a9ce-280a-4bc5-9171-3d6558e382e2), after_create {{(pid=104356) _notify_loop /opt/stack/data/venv/lib/python3.12/site-packages/neutron_lib/callbacks/manager.py:184}}
Apr 24 19:13:39.301890 np0000170091 devstack@neutron-api.service[104356]: INFO neutron.plugins.ml2.drivers.ovn.mech_driver.ovsdb.extensions.qos [None req-a6f56441-d104-439f-8d3b-9f8dbca88c48 admin admin] Starting OVNClientQosExtension
Apr 24 19:13:39.302109 np0000170091 devstack@neutron-api.service[104356]: INFO neutron.plugins.ml2.drivers.ovn.mech_driver.ovsdb.extensions.placement [None req-a6f56441-d104-439f-8d3b-9f8dbca88c48 admin admin] Starting OVNClientPlacementExtension
Apr 24 19:13:39.303531 np0000170091 devstack@neutron-api.service[104356]: DEBUG ovsdbapp.backend.ovs_idl.transaction [-] Running txn n=1 command(idx=0): PgAddCommand(_result=None, name=pg_4c65a9ce_280a_4bc5_9171_3d6558e382e2, may_exist=False, columns={'acls': [], 'external_ids': {'neutron:security_group_id': '4c65a9ce-280a-4bc5-9171-3d6558e382e2'}}) {{(pid=104356) do_commit /opt/stack/data/venv/lib/python3.12/site-packages/ovsdbapp/backend/ovs_idl/transaction.py:89}}
Apr 24 19:13:39.309557 np0000170091 devstack@neutron-api.service[104356]: DEBUG ovsdbapp.backend.ovs_idl.transaction [-] Running txn n=1 command(idx=1): PgAclAddCommand(_result=None, entity=pg_4c65a9ce_280a_4bc5_9171_3d6558e382e2, direction=to-lport, priority=1002, match=outport == @pg_4c65a9ce_280a_4bc5_9171_3d6558e382e2 && ip4 && ip4.src == $pg_4c65a9ce_280a_4bc5_9171_3d6558e382e2_ip4, action=allow-related, log=False, may_exist=True, severity=[], name=[], meter=[], external_ids={'neutron:security_group_rule_id': '0405449d-0cd9-4c53-9b1d-27930a168a26'}) {{(pid=104356) do_commit /opt/stack/data/venv/lib/python3.12/site-packages/ovsdbapp/backend/ovs_idl/transaction.py:89}}
Apr 24 19:13:39.310392 np0000170091 devstack@neutron-api.service[104356]: DEBUG ovsdbapp.backend.ovs_idl.transaction [-] Running txn n=1 command(idx=2): PgAclAddCommand(_result=None, entity=pg_4c65a9ce_280a_4bc5_9171_3d6558e382e2, direction=to-lport, priority=1002, match=outport == @pg_4c65a9ce_280a_4bc5_9171_3d6558e382e2 && ip6 && ip6.src == $pg_4c65a9ce_280a_4bc5_9171_3d6558e382e2_ip6, action=allow-related, log=False, may_exist=True, severity=[], name=[], meter=[], external_ids={'neutron:security_group_rule_id': '9fc9e9b0-32de-473f-803f-c17ecc021faa'}) {{(pid=104356) do_commit /opt/stack/data/venv/lib/python3.12/site-packages/ovsdbapp/backend/ovs_idl/transaction.py:89}}
Apr 24 19:13:39.311095 np0000170091 devstack@neutron-api.service[104356]: DEBUG ovsdbapp.backend.ovs_idl.transaction [-] Running txn n=1 command(idx=3): PgAclAddCommand(_result=None, entity=pg_4c65a9ce_280a_4bc5_9171_3d6558e382e2, direction=from-lport, priority=1002, match=inport == @pg_4c65a9ce_280a_4bc5_9171_3d6558e382e2 && ip4, action=allow-related, log=False, may_exist=True, severity=[], name=[], meter=[], external_ids={'neutron:security_group_rule_id': 'dd454baa-8931-43ec-a0e2-1aa27d61d4d6'}) {{(pid=104356) do_commit /opt/stack/data/venv/lib/python3.12/site-packages/ovsdbapp/backend/ovs_idl/transaction.py:89}}
Apr 24 19:13:39.311729 np0000170091 devstack@neutron-api.service[104356]: DEBUG ovsdbapp.backend.ovs_idl.transaction [-] Running txn n=1 command(idx=4): PgAclAddCommand(_result=None, entity=pg_4c65a9ce_280a_4bc5_9171_3d6558e382e2, direction=from-lport, priority=1002, match=inport == @pg_4c65a9ce_280a_4bc5_9171_3d6558e382e2 && ip6, action=allow-related, log=False, may_exist=True, severity=[], name=[], meter=[], external_ids={'neutron:security_group_rule_id': 'ddc6e05f-585c-4778-979e-82d34dad1fdc'}) {{(pid=104356) do_commit /opt/stack/data/venv/lib/python3.12/site-packages/ovsdbapp/backend/ovs_idl/transaction.py:89}}
Apr 24 19:13:39.379912 np0000170091 devstack@neutron-api.service[104358]: DEBUG neutron.plugins.ml2.drivers.ovn.mech_driver.ovsdb.ovsdb_monitor [-] Hash Ring: Node d18ad45f1eb05c6a93683b325215786e (host: np0000170091) handling event "create" for row 15e58a3a-1457-4eb0-94b4-883eb9bfd6ad (table: ACL) {{(pid=104358) notify /opt/stack/neutron/neutron/plugins/ml2/drivers/ovn/mech_driver/ovsdb/ovsdb_monitor.py:914}}
Apr 24 19:13:39.381555 np0000170091 devstack@neutron-api.service[104356]: DEBUG neutron.plugins.ml2.drivers.ovn.mech_driver.ovsdb.ovsdb_monitor [-] Hash Ring: Node 0f0394dfc1aa5907bde465263e5568d9 (host: np0000170091) handling event "create" for row 01474408-4558-416f-b5d5-2ca5edf7aaad (table: Port_Group) {{(pid=104356) notify /opt/stack/neutron/neutron/plugins/ml2/drivers/ovn/mech_driver/ovsdb/ovsdb_monitor.py:914}}
Apr 24 19:13:39.381958 np0000170091 devstack@neutron-api.service[104359]: DEBUG neutron.plugins.ml2.drivers.ovn.mech_driver.ovsdb.ovsdb_monitor [-] Hash Ring: Node cb0ed6eda47d594ea53aaa74fa4ba9d7 (host: np0000170091) handling event "create" for row 0941f359-a869-4adf-ac70-38bbb1853c2f (table: ACL) {{(pid=104359) notify /opt/stack/neutron/neutron/plugins/ml2/drivers/ovn/mech_driver/ovsdb/ovsdb_monitor.py:914}}
Apr 24 19:13:39.383472 np0000170091 devstack@neutron-api.service[104359]: DEBUG neutron.plugins.ml2.drivers.ovn.mech_driver.ovsdb.ovsdb_monitor [-] Hash Ring: Node cb0ed6eda47d594ea53aaa74fa4ba9d7 (host: np0000170091) handling event "create" for row 15e58a3a-1457-4eb0-94b4-883eb9bfd6ad (table: ACL) {{(pid=104359) notify /opt/stack/neutron/neutron/plugins/ml2/drivers/ovn/mech_driver/ovsdb/ovsdb_monitor.py:914}}
Apr 24 19:13:39.383472 np0000170091 devstack@neutron-api.service[104359]: DEBUG neutron.plugins.ml2.drivers.ovn.mech_driver.ovsdb.ovsdb_monitor [-] Hash Ring: Node cb0ed6eda47d594ea53aaa74fa4ba9d7 (host: np0000170091) handling event "create" for row 6a53a6b0-6c2c-4abe-b735-2653fd997020 (table: ACL) {{(pid=104359) notify /opt/stack/neutron/neutron/plugins/ml2/drivers/ovn/mech_driver/ovsdb/ovsdb_monitor.py:914}}
Apr 24 19:13:39.383472 np0000170091 devstack@neutron-api.service[104359]: DEBUG neutron.plugins.ml2.drivers.ovn.mech_driver.ovsdb.ovsdb_monitor [-] Hash Ring: Node cb0ed6eda47d594ea53aaa74fa4ba9d7 (host: np0000170091) handling event "create" for row 9d3c4a4f-15b4-4e5d-ab97-afae39f4cca0 (table: ACL) {{(pid=104359) notify /opt/stack/neutron/neutron/plugins/ml2/drivers/ovn/mech_driver/ovsdb/ovsdb_monitor.py:914}}
Apr 24 19:13:39.383472 np0000170091 devstack@neutron-api.service[104359]: DEBUG neutron.plugins.ml2.drivers.ovn.mech_driver.ovsdb.ovsdb_monitor [-] Hash Ring: Node cb0ed6eda47d594ea53aaa74fa4ba9d7 (host: np0000170091) handling event "create" for row 01474408-4558-416f-b5d5-2ca5edf7aaad (table: Port_Group) {{(pid=104359) notify /opt/stack/neutron/neutron/plugins/ml2/drivers/ovn/mech_driver/ovsdb/ovsdb_monitor.py:914}}
Apr 24 19:13:39.410739 np0000170091 devstack@neutron-api.service[104356]: INFO neutron.db.ovn_revision_numbers_db [None req-a6f56441-d104-439f-8d3b-9f8dbca88c48 admin admin] Successfully bumped revision number for resource 4c65a9ce-280a-4bc5-9171-3d6558e382e2 (type: security_groups) to 1
Apr 24 19:13:39.427287 np0000170091 devstack@neutron-api.service[104356]: INFO neutron.db.ovn_revision_numbers_db [None req-a6f56441-d104-439f-8d3b-9f8dbca88c48 admin admin] Successfully bumped revision number for resource 0405449d-0cd9-4c53-9b1d-27930a168a26 (type: security_group_rules) to 0
Apr 24 19:13:39.441638 np0000170091 devstack@neutron-api.service[104356]: INFO neutron.db.ovn_revision_numbers_db [None req-a6f56441-d104-439f-8d3b-9f8dbca88c48 admin admin] Successfully bumped revision number for resource 9fc9e9b0-32de-473f-803f-c17ecc021faa (type: security_group_rules) to 0
Apr 24 19:13:39.453847 np0000170091 devstack@neutron-api.service[104356]: INFO neutron.db.ovn_revision_numbers_db [None req-a6f56441-d104-439f-8d3b-9f8dbca88c48 admin admin] Successfully bumped revision number for resource dd454baa-8931-43ec-a0e2-1aa27d61d4d6 (type: security_group_rules) to 0
Apr 24 19:13:39.466818 np0000170091 devstack@neutron-api.service[104356]: INFO neutron.db.ovn_revision_numbers_db [None req-a6f56441-d104-439f-8d3b-9f8dbca88c48 admin admin] Successfully bumped revision number for resource ddc6e05f-585c-4778-979e-82d34dad1fdc (type: security_group_rules) to 0
Apr 24 19:13:39.490744 np0000170091 devstack@neutron-api.service[104356]: DEBUG neutron.api.rpc.handlers.resources_rpc [None req-a6f56441-d104-439f-8d3b-9f8dbca88c48 admin admin] Pushing event updated for resources: {'SecurityGroup': ['ID=4c65a9ce-280a-4bc5-9171-3d6558e382e2,revision_number=1']} {{(pid=104356) push /opt/stack/neutron/neutron/api/rpc/handlers/resources_rpc.py:237}}
Apr 24 19:13:39.500597 np0000170091 devstack@neutron-api.service[104356]: DEBUG ovsdbapp.backend.ovs_idl.transaction [-] Running txn n=1 command(idx=0): CheckLivenessCommand(_result=None) {{(pid=104356) do_commit /opt/stack/data/venv/lib/python3.12/site-packages/ovsdbapp/backend/ovs_idl/transaction.py:89}}
Apr 24 19:13:39.506868 np0000170091 devstack@neutron-api.service[104357]: DEBUG neutron.plugins.ml2.drivers.ovn.mech_driver.ovsdb.ovsdb_monitor [-] ChassisAgentWriteEvent : Matched Chassis_Private, update, None None {{(pid=104357) matches /opt/stack/neutron/neutron/plugins/ml2/drivers/ovn/mech_driver/ovsdb/ovsdb_monitor.py:64}}
Apr 24 19:13:39.509355 np0000170091 devstack@neutron-api.service[104359]: DEBUG neutron.plugins.ml2.drivers.ovn.mech_driver.ovsdb.ovsdb_monitor [-] Hash Ring: Node cb0ed6eda47d594ea53aaa74fa4ba9d7 (host: np0000170091) handling event "update" for row 18de2f17-4ca6-4e60-8fbc-f05e891ab2d7 (table: NB_Global) {{(pid=104359) notify /opt/stack/neutron/neutron/plugins/ml2/drivers/ovn/mech_driver/ovsdb/ovsdb_monitor.py:914}}
Apr 24 19:13:39.510604 np0000170091 devstack@neutron-api.service[104356]: DEBUG neutron.api.rpc.callbacks.version_manager [None req-a6f56441-d104-439f-8d3b-9f8dbca88c48 admin admin] Tracked resource versions report:
Apr 24 19:13:39.510604 np0000170091 devstack@neutron-api.service[104356]: pushed versions:
Apr 24 19:13:39.510604 np0000170091 devstack@neutron-api.service[104356]: { 'AddressGroup': {'1.2'},
Apr 24 19:13:39.510604 np0000170091 devstack@neutron-api.service[104356]: 'Agent': {'1.1'},
Apr 24 19:13:39.510604 np0000170091 devstack@neutron-api.service[104356]: 'ConntrackHelper': {'1.0'},
Apr 24 19:13:39.510604 np0000170091 devstack@neutron-api.service[104356]: 'LocalIPAssociation': {'1.0'},
Apr 24 19:13:39.510604 np0000170091 devstack@neutron-api.service[104356]: 'Log': {'1.0'},
Apr 24 19:13:39.510604 np0000170091 devstack@neutron-api.service[104356]: 'NDPProxy': {'1.0'},
Apr 24 19:13:39.510604 np0000170091 devstack@neutron-api.service[104356]: 'Network': {'1.2'},
Apr 24 19:13:39.510604 np0000170091 devstack@neutron-api.service[104356]: 'Port': {'1.10'},
Apr 24 19:13:39.510604 np0000170091 devstack@neutron-api.service[104356]: 'PortForwarding': {'1.3'},
Apr 24 19:13:39.510604 np0000170091 devstack@neutron-api.service[104356]: 'QosPolicy': {'1.10'},
Apr 24 19:13:39.510604 np0000170091 devstack@neutron-api.service[104356]: 'SecurityGroup': {'1.6'},
Apr 24 19:13:39.510604 np0000170091 devstack@neutron-api.service[104356]: 'SecurityGroupRule': {'1.3'},
Apr 24 19:13:39.510604 np0000170091 devstack@neutron-api.service[104356]: 'SubPort': {'1.0'},
Apr 24 19:13:39.510604 np0000170091 devstack@neutron-api.service[104356]: 'Subnet': {'1.2'},
Apr 24 19:13:39.510604 np0000170091 devstack@neutron-api.service[104356]: 'Trunk': {'1.1'}}
Apr 24 19:13:39.510604 np0000170091 devstack@neutron-api.service[104356]: consumer versions:
Apr 24 19:13:39.510604 np0000170091 devstack@neutron-api.service[104356]: {}
Apr 24 19:13:39.510604 np0000170091 devstack@neutron-api.service[104356]: {{(pid=104356) report /opt/stack/neutron/neutron/api/rpc/callbacks/version_manager.py:183}}
Apr 24 19:13:39.511591 np0000170091 devstack@neutron-api.service[104358]: DEBUG neutron.plugins.ml2.drivers.ovn.mech_driver.ovsdb.ovsdb_monitor [-] ChassisAgentWriteEvent : Matched Chassis_Private, update, None None {{(pid=104358) matches /opt/stack/neutron/neutron/plugins/ml2/drivers/ovn/mech_driver/ovsdb/ovsdb_monitor.py:64}}
Apr 24 19:13:39.511784 np0000170091 devstack@neutron-api.service[104359]: DEBUG neutron.plugins.ml2.drivers.ovn.mech_driver.ovsdb.ovsdb_monitor [-] Hash Ring: Node cb0ed6eda47d594ea53aaa74fa4ba9d7 (host: np0000170091) handling event "update" for row 18de2f17-4ca6-4e60-8fbc-f05e891ab2d7 (table: NB_Global) {{(pid=104359) notify /opt/stack/neutron/neutron/plugins/ml2/drivers/ovn/mech_driver/ovsdb/ovsdb_monitor.py:914}}
Apr 24 19:13:39.511784 np0000170091 devstack@neutron-api.service[104359]: DEBUG neutron.plugins.ml2.drivers.ovn.mech_driver.ovsdb.ovsdb_monitor [-] Hash Ring: Node cb0ed6eda47d594ea53aaa74fa4ba9d7 (host: np0000170091) handling event "update" for row 18de2f17-4ca6-4e60-8fbc-f05e891ab2d7 (table: NB_Global) {{(pid=104359) notify /opt/stack/neutron/neutron/plugins/ml2/drivers/ovn/mech_driver/ovsdb/ovsdb_monitor.py:914}}
Apr 24 19:13:39.511784 np0000170091 devstack@neutron-api.service[104359]: DEBUG neutron.plugins.ml2.drivers.ovn.mech_driver.ovsdb.ovsdb_monitor [-] Hash Ring: Node cb0ed6eda47d594ea53aaa74fa4ba9d7 (host: np0000170091) handling event "update" for row 18de2f17-4ca6-4e60-8fbc-f05e891ab2d7 (table: NB_Global) {{(pid=104359) notify /opt/stack/neutron/neutron/plugins/ml2/drivers/ovn/mech_driver/ovsdb/ovsdb_monitor.py:914}}
Apr 24 19:13:39.512368 np0000170091 devstack@neutron-api.service[104358]: DEBUG neutron.plugins.ml2.drivers.ovn.mech_driver.ovsdb.ovsdb_monitor [-] ChassisOVNAgentWriteEvent : Matched Chassis_Private, update, None None {{(pid=104358) matches /opt/stack/neutron/neutron/plugins/ml2/drivers/ovn/mech_driver/ovsdb/ovsdb_monitor.py:64}}
Apr 24 19:13:39.512923 np0000170091 devstack@neutron-api.service[104359]: DEBUG neutron.plugins.ml2.drivers.ovn.mech_driver.ovsdb.ovsdb_monitor [-] ChassisAgentWriteEvent : Matched Chassis_Private, update, None None {{(pid=104359) matches /opt/stack/neutron/neutron/plugins/ml2/drivers/ovn/mech_driver/ovsdb/ovsdb_monitor.py:64}}
Apr 24 19:13:39.515036 np0000170091 devstack@neutron-api.service[104357]: DEBUG neutron.plugins.ml2.drivers.ovn.mech_driver.ovsdb.ovsdb_monitor [-] ChassisOVNAgentWriteEvent : Matched Chassis_Private, update, None None {{(pid=104357) matches /opt/stack/neutron/neutron/plugins/ml2/drivers/ovn/mech_driver/ovsdb/ovsdb_monitor.py:64}}
Apr 24 19:13:39.516782 np0000170091 devstack@neutron-api.service[104359]: DEBUG neutron.common.ovn.hash_ring_manager [-] Allow caching, nodes 4>=4 {{(pid=104359) _wait_startup_before_caching /opt/stack/neutron/neutron/common/ovn/hash_ring_manager.py:65}}
Apr 24 19:13:39.516782 np0000170091 devstack@neutron-api.service[104359]: DEBUG neutron.plugins.ml2.drivers.ovn.mech_driver.ovsdb.ovsdb_monitor [-] Hash Ring: Node cb0ed6eda47d594ea53aaa74fa4ba9d7 (host: np0000170091) handling event "update" for row 3cf573b9-c859-4b62-9e7b-ea01b69e1496 (table: Chassis_Private) {{(pid=104359) notify /opt/stack/neutron/neutron/plugins/ml2/drivers/ovn/mech_driver/ovsdb/ovsdb_monitor.py:914}}
Apr 24 19:13:39.517474 np0000170091 devstack@neutron-api.service[104359]: DEBUG neutron.plugins.ml2.drivers.ovn.mech_driver.ovsdb.ovsdb_monitor [-] ChassisOVNAgentWriteEvent : Matched Chassis_Private, update, None None {{(pid=104359) matches /opt/stack/neutron/neutron/plugins/ml2/drivers/ovn/mech_driver/ovsdb/ovsdb_monitor.py:64}}
Apr 24 19:13:39.517554 np0000170091 devstack@neutron-api.service[104356]: DEBUG neutron.plugins.ml2.drivers.ovn.mech_driver.ovsdb.ovsdb_monitor [-] ChassisAgentWriteEvent : Matched Chassis_Private, update, None None {{(pid=104356) matches /opt/stack/neutron/neutron/plugins/ml2/drivers/ovn/mech_driver/ovsdb/ovsdb_monitor.py:64}}
Apr 24 19:13:39.517753 np0000170091 devstack@neutron-api.service[104359]: DEBUG neutron.plugins.ml2.drivers.ovn.mech_driver.ovsdb.ovsdb_monitor [-] Hash Ring: Node cb0ed6eda47d594ea53aaa74fa4ba9d7 (host: np0000170091) handling event "update" for row 3cf573b9-c859-4b62-9e7b-ea01b69e1496 (table: Chassis_Private) {{(pid=104359) notify /opt/stack/neutron/neutron/plugins/ml2/drivers/ovn/mech_driver/ovsdb/ovsdb_monitor.py:914}}
Apr 24 19:13:39.520960 np0000170091 devstack@neutron-api.service[104356]: DEBUG neutron.plugins.ml2.drivers.ovn.mech_driver.ovsdb.ovsdb_monitor [-] ChassisOVNAgentWriteEvent : Matched Chassis_Private, update, None None {{(pid=104356) matches /opt/stack/neutron/neutron/plugins/ml2/drivers/ovn/mech_driver/ovsdb/ovsdb_monitor.py:64}}
Apr 24 19:13:39.583851 np0000170091 devstack@neutron-api.service[104356]: DEBUG neutron.plugins.ml2.drivers.helpers [None req-a6f56441-d104-439f-8d3b-9f8dbca88c48 admin admin] geneve segment allocate from pool success with {'geneve_vni': 34492} {{(pid=104356) allocate_partially_specified_segment /opt/stack/neutron/neutron/plugins/ml2/drivers/helpers.py:142}}
Apr 24 19:13:39.597590 np0000170091 devstack@neutron-api.service[104356]: DEBUG neutron_lib.callbacks.manager [None req-a6f56441-d104-439f-8d3b-9f8dbca88c48 admin admin] Publish callbacks ['neutron.services.segments.db._add_segment_host_mapping_for_segment-8019419657640', 'neutron.plugins.ml2.plugin.Ml2Plugin._handle_segment_change-1033095'] for segment (46d11f3b-ac10-4cff-8ff6-8bf1fcedd348), precommit_create {{(pid=104356) _notify_loop /opt/stack/data/venv/lib/python3.12/site-packages/neutron_lib/callbacks/manager.py:184}}
Apr 24 19:13:39.597942 np0000170091 devstack@neutron-api.service[104356]: INFO neutron.db.segments_db [None req-a6f56441-d104-439f-8d3b-9f8dbca88c48 admin admin] Added segment 46d11f3b-ac10-4cff-8ff6-8bf1fcedd348 of type geneve for network 79ffc79a-f688-47ad-bd03-6dfcceed94f7
Apr 24 19:13:39.647186 np0000170091 devstack@neutron-api.service[104356]: DEBUG neutron_lib.callbacks.manager [None req-a6f56441-d104-439f-8d3b-9f8dbca88c48 admin admin] Publish callbacks ['neutron.services.auto_allocate.db._ensure_external_network_default_value_callback-8019417674672'] for network (79ffc79a-f688-47ad-bd03-6dfcceed94f7), precommit_create {{(pid=104356) _notify_loop /opt/stack/data/venv/lib/python3.12/site-packages/neutron_lib/callbacks/manager.py:184}}
Apr 24 19:13:39.664455 np0000170091 devstack@neutron-api.service[104356]: DEBUG neutron.plugins.ml2.drivers.ovn.mech_driver.mech_driver [None req-a6f56441-d104-439f-8d3b-9f8dbca88c48 admin admin] Validating network segment with type geneve, segmentation ID 34492, physical network None {{(pid=104356) _validate_network_segments /opt/stack/neutron/neutron/plugins/ml2/drivers/ovn/mech_driver/mech_driver.py:641}}
Apr 24 19:13:39.664455 np0000170091 devstack@neutron-api.service[104356]: DEBUG neutron.db.ovn_revision_numbers_db [None req-a6f56441-d104-439f-8d3b-9f8dbca88c48 admin admin] create_initial_revision uuid=79ffc79a-f688-47ad-bd03-6dfcceed94f7, type=networks, rev=-1 {{(pid=104356) create_initial_revision /opt/stack/neutron/neutron/db/ovn_revision_numbers_db.py:98}}
Apr 24 19:13:39.678262 np0000170091 devstack@neutron-api.service[104356]: DEBUG neutron_lib.callbacks.manager [None req-a6f56441-d104-439f-8d3b-9f8dbca88c48 admin admin] Publish callbacks ['neutron.plugins.ml2.ovo_rpc._ObjectChangeHandler.handle_event-2257878'] for network (79ffc79a-f688-47ad-bd03-6dfcceed94f7), after_create {{(pid=104356) _notify_loop /opt/stack/data/venv/lib/python3.12/site-packages/neutron_lib/callbacks/manager.py:184}}
Apr 24 19:13:39.727785 np0000170091 devstack@neutron-api.service[104356]: DEBUG neutron.api.rpc.handlers.resources_rpc [None req-a6f56441-d104-439f-8d3b-9f8dbca88c48 admin admin] Pushing event updated for resources: {'Network': ['ID=79ffc79a-f688-47ad-bd03-6dfcceed94f7,revision_number=1']} {{(pid=104356) push /opt/stack/neutron/neutron/api/rpc/handlers/resources_rpc.py:237}}
Apr 24 19:13:39.737055 np0000170091 devstack@neutron-api.service[104356]: DEBUG ovsdbapp.backend.ovs_idl.transaction [-] Running txn n=1 command(idx=0): AddNetworkCommand(_result=None, network_uuid=79ffc79a-f688-47ad-bd03-6dfcceed94f7, may_exist=True, columns={'external_ids': {'neutron:network_name': 'private', 'neutron:mtu': '1372', 'neutron:revision_number': '1', 'neutron:availability_zone_hints': '', 'neutron:provnet-network-type': 'geneve'}, 'other_config': {'mcast_snoop': 'false', 'mcast_flood_unregistered': 'false', 'vlan-passthru': 'false'}}) {{(pid=104356) do_commit /opt/stack/data/venv/lib/python3.12/site-packages/ovsdbapp/backend/ovs_idl/transaction.py:89}}
Apr 24 19:13:39.737981 np0000170091 devstack@neutron-api.service[104356]: DEBUG neutron.common.ovn.utils [-] OVS persist_uuid supported=True {{(pid=104356) ovs_persist_uuid_supported /opt/stack/neutron/neutron/common/ovn/utils.py:1537}}
Apr 24 19:13:39.742246 np0000170091 devstack@neutron-api.service[104359]: DEBUG neutron.plugins.ml2.drivers.ovn.mech_driver.ovsdb.ovsdb_monitor [-] Hash Ring: Node cb0ed6eda47d594ea53aaa74fa4ba9d7 (host: np0000170091) handling event "create" for row 79ffc79a-f688-47ad-bd03-6dfcceed94f7 (table: Logical_Switch) {{(pid=104359) notify /opt/stack/neutron/neutron/plugins/ml2/drivers/ovn/mech_driver/ovsdb/ovsdb_monitor.py:914}}
Apr 24 19:13:39.743627 np0000170091 devstack@neutron-api.service[104358]: DEBUG neutron.plugins.ml2.drivers.ovn.mech_driver.ovsdb.ovsdb_monitor [-] Hash Ring: Node d18ad45f1eb05c6a93683b325215786e (host: np0000170091) handling event "create" for row 79ffc79a-f688-47ad-bd03-6dfcceed94f7 (table: Logical_Switch) {{(pid=104358) notify /opt/stack/neutron/neutron/plugins/ml2/drivers/ovn/mech_driver/ovsdb/ovsdb_monitor.py:914}}
Apr 24 19:13:39.750743 np0000170091 devstack@neutron-api.service[104359]: DEBUG neutron.plugins.ml2.drivers.ovn.mech_driver.ovsdb.ovsdb_monitor [-] Hash Ring: Node cb0ed6eda47d594ea53aaa74fa4ba9d7 (host: np0000170091) handling event "create" for row dd054d23-13b4-4f7d-8da7-b681c6d01410 (table: Datapath_Binding) {{(pid=104359) notify /opt/stack/neutron/neutron/plugins/ml2/drivers/ovn/mech_driver/ovsdb/ovsdb_monitor.py:914}}
Apr 24 19:13:39.751504 np0000170091 devstack@neutron-api.service[104358]: DEBUG neutron.plugins.ml2.drivers.ovn.mech_driver.ovsdb.ovsdb_monitor [-] Hash Ring: Node d18ad45f1eb05c6a93683b325215786e (host: np0000170091) handling event "create" for row dd054d23-13b4-4f7d-8da7-b681c6d01410 (table: Datapath_Binding) {{(pid=104358) notify /opt/stack/neutron/neutron/plugins/ml2/drivers/ovn/mech_driver/ovsdb/ovsdb_monitor.py:914}}
Apr 24 19:13:39.778763 np0000170091 devstack@neutron-api.service[104356]: INFO neutron.db.ovn_revision_numbers_db [None req-a6f56441-d104-439f-8d3b-9f8dbca88c48 admin admin] Successfully bumped revision number for resource 79ffc79a-f688-47ad-bd03-6dfcceed94f7 (type: networks) to 1
Apr 24 19:13:40.004969 np0000170091 devstack@neutron-api.service[104356]: DEBUG neutron_lib.callbacks.manager [None req-a6f56441-d104-439f-8d3b-9f8dbca88c48 admin admin] Publish callbacks ['neutron.plugins.ml2.plugin.SecurityGroupDbMixin._ensure_default_security_group_handler-26581'] for port (None), before_create {{(pid=104356) _notify_loop /opt/stack/data/venv/lib/python3.12/site-packages/neutron_lib/callbacks/manager.py:184}}
Apr 24 19:13:40.111686 np0000170091 devstack@neutron-api.service[104356]: DEBUG neutron_lib.callbacks.manager [None req-a6f56441-d104-439f-8d3b-9f8dbca88c48 admin admin] Publish callbacks ['neutron.plugins.ml2.drivers.ovn.mech_driver.mech_driver.OVNMechanismDriver._validate_allowed_address_pairs-343833'] for allowed_address_pair (cfbe2d4c-890e-42a4-b863-9cec26db4a0e), before_create {{(pid=104356) _notify_loop /opt/stack/data/venv/lib/python3.12/site-packages/neutron_lib/callbacks/manager.py:184}}
Apr 24 19:13:40.112192 np0000170091 devstack@neutron-api.service[104356]: DEBUG neutron_lib.callbacks.manager [None req-a6f56441-d104-439f-8d3b-9f8dbca88c48 admin admin] Publish callbacks [] for port (cfbe2d4c-890e-42a4-b863-9cec26db4a0e), precommit_create {{(pid=104356) _notify_loop /opt/stack/data/venv/lib/python3.12/site-packages/neutron_lib/callbacks/manager.py:184}}
Apr 24 19:13:40.112437 np0000170091 devstack@neutron-api.service[104356]: DEBUG neutron.plugins.ml2.drivers.ovn.mech_driver.mech_driver [None req-a6f56441-d104-439f-8d3b-9f8dbca88c48 admin admin] No provisioning block for port cfbe2d4c-890e-42a4-b863-9cec26db4a0e since it does not have a host {{(pid=104356) _is_port_provisioning_required /opt/stack/neutron/neutron/plugins/ml2/drivers/ovn/mech_driver/mech_driver.py:894}}
