Apr 24 19:13:30.521152 np0000170091 devstack@neutron-api.service[104357]: DEBUG neutron.api.extensions [None req-ebe90b99-7c92-4573-8d04-e18013124dc4 None None] Ext name="Neutron Metering with source and destination filtering" alias="metering_source_and_destination_fields" description="Neutron Metering extension that enables the use of source and destination IP prefixes to create metering label rules." updated="2020-08-21T08:12:00-00:00" {{(pid=104357) _check_extension /opt/stack/neutron/neutron/api/extensions.py:415}}
Apr 24 19:13:30.521181 np0000170091 devstack@neutron-api.service[104356]: DEBUG neutron_lib.callbacks.manager [None req-5136eef3-a57b-45a5-af23-f5bcf8fea750 None None] Subscribe: subnet after_update 55550000, False {{(pid=104356) subscribe /opt/stack/data/venv/lib/python3.12/site-packages/neutron_lib/callbacks/manager.py:52}}
Apr 24 19:13:30.521181 np0000170091 devstack@neutron-api.service[104356]: DEBUG neutron_lib.callbacks.manager [None req-5136eef3-a57b-45a5-af23-f5bcf8fea750 None None] Subscribe: subnetpool_address_scope after_update 55550000, False {{(pid=104356) subscribe /opt/stack/data/venv/lib/python3.12/site-packages/neutron_lib/callbacks/manager.py:52}}
Apr 24 19:13:30.521242 np0000170091 devstack@neutron-api.service[104357]: INFO neutron.api.extensions [None req-ebe90b99-7c92-4573-8d04-e18013124dc4 None None] Extension metering_source_and_destination_fields not supported by any of loaded plugins
Apr 24 19:13:30.521242 np0000170091 devstack@neutron-api.service[104357]: DEBUG neutron.api.extensions [None req-ebe90b99-7c92-4573-8d04-e18013124dc4 None None] Loading extension file: multiprovidernet.py {{(pid=104357) _load_all_extensions_from_path /opt/stack/neutron/neutron/api/extensions.py:449}}
Apr 24 19:13:30.521336 np0000170091 devstack@neutron-api.service[104356]: DEBUG neutron_lib.callbacks.manager [None req-5136eef3-a57b-45a5-af23-f5bcf8fea750 None None] Subscribe: port before_update 55550000, False {{(pid=104356) subscribe /opt/stack/data/venv/lib/python3.12/site-packages/neutron_lib/callbacks/manager.py:52}}
Apr 24 19:13:30.521432 np0000170091 devstack@neutron-api.service[104356]: DEBUG neutron_lib.callbacks.manager [None req-5136eef3-a57b-45a5-af23-f5bcf8fea750 None None] Subscribe: port after_update 55550000, False {{(pid=104356) subscribe /opt/stack/data/venv/lib/python3.12/site-packages/neutron_lib/callbacks/manager.py:52}}
Apr 24 19:13:30.521469 np0000170091 devstack@neutron-api.service[104357]: DEBUG neutron.api.extensions [None req-ebe90b99-7c92-4573-8d04-e18013124dc4 None None] Ext name="Multi Provider Network" alias="multi-provider" description="Expose mapping of virtual networks to multiple physical networks" updated="2013-06-27T10:00:00-00:00" {{(pid=104357) _check_extension /opt/stack/neutron/neutron/api/extensions.py:415}}
Apr 24 19:13:30.521592 np0000170091 devstack@neutron-api.service[104356]: DEBUG neutron_lib.callbacks.manager [None req-5136eef3-a57b-45a5-af23-f5bcf8fea750 None None] Subscribe: > port precommit_delete 55550000, False {{(pid=104356) subscribe /opt/stack/data/venv/lib/python3.12/site-packages/neutron_lib/callbacks/manager.py:52}}
Apr 24 19:13:30.521675 np0000170091 devstack@neutron-api.service[104357]: INFO neutron.api.extensions [None req-ebe90b99-7c92-4573-8d04-e18013124dc4 None None] Loaded extension: multi-provider
Apr 24 19:13:30.521745 np0000170091 devstack@neutron-api.service[104356]: DEBUG neutron_lib.callbacks.manager [None req-5136eef3-a57b-45a5-af23-f5bcf8fea750 None None] Subscribe: port before_update 55550000, False {{(pid=104356) subscribe /opt/stack/data/venv/lib/python3.12/site-packages/neutron_lib/callbacks/manager.py:52}}
Apr 24 19:13:30.521809 np0000170091 devstack@neutron-api.service[104357]: DEBUG neutron.api.extensions [None req-ebe90b99-7c92-4573-8d04-e18013124dc4 None None] Loading extension file: netmtu.py {{(pid=104357) _load_all_extensions_from_path /opt/stack/neutron/neutron/api/extensions.py:449}}
Apr 24 19:13:30.521845 np0000170091 devstack@neutron-api.service[104356]: DEBUG neutron_lib.callbacks.manager [None req-5136eef3-a57b-45a5-af23-f5bcf8fea750 None None] Subscribe: port before_delete 55550000, False {{(pid=104356) subscribe /opt/stack/data/venv/lib/python3.12/site-packages/neutron_lib/callbacks/manager.py:52}}
Apr 24 19:13:30.521945 np0000170091 devstack@neutron-api.service[104356]: DEBUG neutron_lib.callbacks.manager [None req-5136eef3-a57b-45a5-af23-f5bcf8fea750 None None] Subscribe: > router precommit_create 55550000, False {{(pid=104356) subscribe /opt/stack/data/venv/lib/python3.12/site-packages/neutron_lib/callbacks/manager.py:52}}
Apr 24 19:13:30.522062 np0000170091 devstack@neutron-api.service[104356]: DEBUG neutron_lib.callbacks.manager [None req-5136eef3-a57b-45a5-af23-f5bcf8fea750 None None] Subscribe: > router precommit_create 55550000, False {{(pid=104356) subscribe /opt/stack/data/venv/lib/python3.12/site-packages/neutron_lib/callbacks/manager.py:52}}
Apr 24 19:13:30.522155 np0000170091 devstack@neutron-api.service[104357]: DEBUG neutron.api.extensions [None req-ebe90b99-7c92-4573-8d04-e18013124dc4 None None] Ext name="Network MTU" alias="net-mtu" description="Provides MTU attribute for a network resource." updated="2015-03-25T10:00:00-00:00" {{(pid=104357) _check_extension /opt/stack/neutron/neutron/api/extensions.py:415}}
Apr 24 19:13:30.522228 np0000170091 devstack@neutron-api.service[104356]: DEBUG neutron_lib.callbacks.manager [None req-5136eef3-a57b-45a5-af23-f5bcf8fea750 None None] Subscribe: > router precommit_update 55550000, False {{(pid=104356) subscribe /opt/stack/data/venv/lib/python3.12/site-packages/neutron_lib/callbacks/manager.py:52}}
Apr 24 19:13:30.522261 np0000170091 devstack@neutron-api.service[104356]: DEBUG neutron_lib.callbacks.manager [None req-5136eef3-a57b-45a5-af23-f5bcf8fea750 None None] Subscribe: subnet after_update 55550000, False {{(pid=104356) subscribe /opt/stack/data/venv/lib/python3.12/site-packages/neutron_lib/callbacks/manager.py:52}}
Apr 24 19:13:30.522417 np0000170091 devstack@neutron-api.service[104357]: INFO neutron.api.extensions [None req-ebe90b99-7c92-4573-8d04-e18013124dc4 None None] Loaded extension: net-mtu
Apr 24 19:13:30.522553 np0000170091 devstack@neutron-api.service[104357]: DEBUG neutron.api.extensions [None req-ebe90b99-7c92-4573-8d04-e18013124dc4 None None] Loading extension file: netmtu_writable.py {{(pid=104357) _load_all_extensions_from_path /opt/stack/neutron/neutron/api/extensions.py:449}}
Apr 24 19:13:30.522907 np0000170091 devstack@neutron-api.service[104357]: DEBUG neutron.api.extensions [None req-ebe90b99-7c92-4573-8d04-e18013124dc4 None None] Ext name="Network MTU (writable)" alias="net-mtu-writable" description="Provides a writable MTU attribute for a network resource." updated="2017-07-12T00:00:00-00:00" {{(pid=104357) _check_extension /opt/stack/neutron/neutron/api/extensions.py:415}}
Apr 24 19:13:30.523025 np0000170091 devstack@neutron-api.service[104356]: DEBUG neutron.quota.resource_registry [None req-5136eef3-a57b-45a5-af23-f5bcf8fea750 None None] Tracking information for resource: router configured {{(pid=104356) set_tracked_resource /opt/stack/neutron/neutron/quota/resource_registry.py:203}}
Apr 24 19:13:30.523128 np0000170091 devstack@neutron-api.service[104356]: DEBUG neutron.quota.resource_registry [None req-5136eef3-a57b-45a5-af23-f5bcf8fea750 None None] Tracking information for resource: floatingip configured {{(pid=104356) set_tracked_resource /opt/stack/neutron/neutron/quota/resource_registry.py:203}}
Apr 24 19:13:30.523191 np0000170091 devstack@neutron-api.service[104357]: INFO neutron.api.extensions [None req-ebe90b99-7c92-4573-8d04-e18013124dc4 None None] Loaded extension: net-mtu-writable
Apr 24 19:13:30.523216 np0000170091 devstack@neutron-api.service[104356]: INFO neutron.services.ovn_l3.plugin [None req-5136eef3-a57b-45a5-af23-f5bcf8fea750 None None] Starting OVNL3RouterPlugin
Apr 24 19:13:30.523303 np0000170091 devstack@neutron-api.service[104357]: DEBUG neutron.api.extensions [None req-ebe90b99-7c92-4573-8d04-e18013124dc4 None None] Loading extension file: network_availability_zone.py {{(pid=104357) _load_all_extensions_from_path /opt/stack/neutron/neutron/api/extensions.py:449}}
Apr 24 19:13:30.523457 np0000170091 devstack@neutron-api.service[104356]: DEBUG neutron_lib.callbacks.manager [None req-5136eef3-a57b-45a5-af23-f5bcf8fea750 None None] Subscribe: > port_forwarding_plugin after_init 55550000, False {{(pid=104356) subscribe /opt/stack/data/venv/lib/python3.12/site-packages/neutron_lib/callbacks/manager.py:52}}
Apr 24 19:13:30.523717 np0000170091 devstack@neutron-api.service[104356]: DEBUG neutron_lib.callbacks.manager [None req-5136eef3-a57b-45a5-af23-f5bcf8fea750 None None] Subscribe: > router before_create 55550100, False {{(pid=104356) subscribe /opt/stack/data/venv/lib/python3.12/site-packages/neutron_lib/callbacks/manager.py:52}}
Apr 24 19:13:30.523808 np0000170091 devstack@neutron-api.service[104357]: DEBUG neutron.api.extensions [None req-ebe90b99-7c92-4573-8d04-e18013124dc4 None None] Ext name="Network Availability Zone" alias="network_availability_zone" description="Availability zone support for network." updated="2015-01-01T10:00:00-00:00" {{(pid=104357) _check_extension /opt/stack/neutron/neutron/api/extensions.py:415}}
Apr 24 19:13:30.523868 np0000170091 devstack@neutron-api.service[104356]: DEBUG neutron_lib.callbacks.manager [None req-5136eef3-a57b-45a5-af23-f5bcf8fea750 None None] Subscribe: > router precommit_delete 55550100, False {{(pid=104356) subscribe /opt/stack/data/venv/lib/python3.12/site-packages/neutron_lib/callbacks/manager.py:52}}
Apr 24 19:13:30.524018 np0000170091 devstack@neutron-api.service[104356]: DEBUG neutron_lib.callbacks.manager [None req-5136eef3-a57b-45a5-af23-f5bcf8fea750 None None] Subscribe: > router precommit_create 55550100, False {{(pid=104356) subscribe /opt/stack/data/venv/lib/python3.12/site-packages/neutron_lib/callbacks/manager.py:52}}
Apr 24 19:13:30.524070 np0000170091 devstack@neutron-api.service[104357]: INFO neutron.api.extensions [None req-ebe90b99-7c92-4573-8d04-e18013124dc4 None None] Loaded extension: network_availability_zone
Apr 24 19:13:30.524110 np0000170091 devstack@neutron-api.service[104356]: DEBUG neutron_lib.callbacks.manager [None req-5136eef3-a57b-45a5-af23-f5bcf8fea750 None None] Subscribe: > router precommit_update 55550100, False {{(pid=104356) subscribe /opt/stack/data/venv/lib/python3.12/site-packages/neutron_lib/callbacks/manager.py:52}}
Apr 24 19:13:30.524148 np0000170091 devstack@neutron-api.service[104357]: DEBUG neutron.api.extensions [None req-ebe90b99-7c92-4573-8d04-e18013124dc4 None None] Loading extension file: network_ha.py {{(pid=104357) _load_all_extensions_from_path /opt/stack/neutron/neutron/api/extensions.py:449}}
Apr 24 19:13:30.524513 np0000170091 devstack@neutron-api.service[104357]: DEBUG neutron.api.extensions [None req-ebe90b99-7c92-4573-8d04-e18013124dc4 None None] Ext name="Network HA creation flag" alias="network_ha" description="Network high availability creation flag." updated="2023-04-27T10:00:00-00:00" {{(pid=104357) _check_extension /opt/stack/neutron/neutron/api/extensions.py:415}}
Apr 24 19:13:30.524751 np0000170091 devstack@neutron-api.service[104357]: INFO neutron.api.extensions [None req-ebe90b99-7c92-4573-8d04-e18013124dc4 None None] Extension network_ha not supported by any of loaded plugins
Apr 24 19:13:30.524865 np0000170091 devstack@neutron-api.service[104357]: DEBUG neutron.api.extensions [None req-ebe90b99-7c92-4573-8d04-e18013124dc4 None None] Loading extension file: network_ip_availability.py {{(pid=104357) _load_all_extensions_from_path /opt/stack/neutron/neutron/api/extensions.py:449}}
Apr 24 19:13:30.525323 np0000170091 devstack@neutron-api.service[104357]: DEBUG neutron.api.extensions [None req-ebe90b99-7c92-4573-8d04-e18013124dc4 None None] Ext name="Network IP Availability" alias="network-ip-availability" description="Provides IP availability data for each network and subnet." updated="2015-09-24T00:00:00-00:00" {{(pid=104357) _check_extension /opt/stack/neutron/neutron/api/extensions.py:415}}
Apr 24 19:13:30.525529 np0000170091 devstack@neutron-api.service[104357]: INFO neutron.api.extensions [None req-ebe90b99-7c92-4573-8d04-e18013124dc4 None None] Loaded extension: network-ip-availability
Apr 24 19:13:30.525642 np0000170091 devstack@neutron-api.service[104357]: DEBUG neutron.api.extensions [None req-ebe90b99-7c92-4573-8d04-e18013124dc4 None None] Loading extension file: network_ip_availability_details.py {{(pid=104357) _load_all_extensions_from_path /opt/stack/neutron/neutron/api/extensions.py:449}}
Apr 24 19:13:30.526027 np0000170091 devstack@neutron-api.service[104357]: DEBUG neutron.api.extensions [None req-ebe90b99-7c92-4573-8d04-e18013124dc4 None None] Ext name="Network IP Availability Details Extension" alias="network-ip-availability-details" description="Add ip_availability_details attribute to network-ip-availabilities resource." updated="2025-10-31T00:00:00-00:00" {{(pid=104357) _check_extension /opt/stack/neutron/neutron/api/extensions.py:415}}
Apr 24 19:13:30.526266 np0000170091 devstack@neutron-api.service[104357]: INFO neutron.api.extensions [None req-ebe90b99-7c92-4573-8d04-e18013124dc4 None None] Loaded extension: network-ip-availability-details
Apr 24 19:13:30.526411 np0000170091 devstack@neutron-api.service[104357]: DEBUG neutron.api.extensions [None req-ebe90b99-7c92-4573-8d04-e18013124dc4 None None] Loading extension file: network_segment_range.py {{(pid=104357) _load_all_extensions_from_path /opt/stack/neutron/neutron/api/extensions.py:449}}
Apr 24 19:13:30.526872 np0000170091 devstack@neutron-api.service[104357]: DEBUG neutron.api.extensions [None req-ebe90b99-7c92-4573-8d04-e18013124dc4 None None] Ext name="Neutron Network Segment Range" alias="network-segment-range" description="Provides support for the network segment range management" updated="2018-11-29T00:00:00-00:00" {{(pid=104357) _check_extension /opt/stack/neutron/neutron/api/extensions.py:415}}
Apr 24 19:13:30.527120 np0000170091 devstack@neutron-api.service[104357]: INFO neutron.api.extensions [None req-ebe90b99-7c92-4573-8d04-e18013124dc4 None None] Extension network-segment-range not supported by any of loaded plugins
Apr 24 19:13:30.527239 np0000170091 devstack@neutron-api.service[104357]: DEBUG neutron.api.extensions [None req-ebe90b99-7c92-4573-8d04-e18013124dc4 None None] Loading extension file: pagination.py {{(pid=104357) _load_all_extensions_from_path /opt/stack/neutron/neutron/api/extensions.py:449}}
Apr 24 19:13:30.527575 np0000170091 devstack@neutron-api.service[104357]: DEBUG neutron.api.extensions [None req-ebe90b99-7c92-4573-8d04-e18013124dc4 None None] Ext name="Pagination support" alias="pagination" description="Extension that indicates that pagination is enabled." updated="2016-06-12T00:00:00-00:00" {{(pid=104357) _check_extension /opt/stack/neutron/neutron/api/extensions.py:415}}
Apr 24 19:13:30.527723 np0000170091 devstack@neutron-api.service[104356]: DEBUG neutron.services.provider_configuration [None req-5136eef3-a57b-45a5-af23-f5bcf8fea750 None None] Service providers = [] {{(pid=104356) parse_service_provider_opt /opt/stack/neutron/neutron/services/provider_configuration.py:170}}
Apr 24 19:13:30.527811 np0000170091 devstack@neutron-api.service[104357]: INFO neutron.api.extensions [None req-ebe90b99-7c92-4573-8d04-e18013124dc4 None None] Loaded extension: pagination
Apr 24 19:13:30.527958 np0000170091 devstack@neutron-api.service[104356]: DEBUG neutron.db.servicetype_db [None req-5136eef3-a57b-45a5-af23-f5bcf8fea750 None None] Adding provider configuration for service L3_ROUTER_NAT {{(pid=104356) add_provider_configuration /opt/stack/neutron/neutron/db/servicetype_db.py:42}}
Apr 24 19:13:30.528100 np0000170091 devstack@neutron-api.service[104357]: DEBUG neutron.api.extensions [None req-ebe90b99-7c92-4573-8d04-e18013124dc4 None None] Loading extension file: port_device_profile.py {{(pid=104357) _load_all_extensions_from_path /opt/stack/neutron/neutron/api/extensions.py:449}}
Apr 24 19:13:30.528292 np0000170091 devstack@neutron-api.service[104357]: DEBUG neutron.api.extensions [None req-ebe90b99-7c92-4573-8d04-e18013124dc4 None None] Ext name="Port device profile" alias="port-device-profile" description="Expose the port device profile (Cyborg)" updated="2020-12-17T10:00:00-00:00" {{(pid=104357) _check_extension /opt/stack/neutron/neutron/api/extensions.py:415}}
Apr 24 19:13:30.528542 np0000170091 devstack@neutron-api.service[104357]: INFO neutron.api.extensions [None req-ebe90b99-7c92-4573-8d04-e18013124dc4 None None] Loaded extension: port-device-profile
Apr 24 19:13:30.528704 np0000170091 devstack@neutron-api.service[104357]: DEBUG neutron.api.extensions [None req-ebe90b99-7c92-4573-8d04-e18013124dc4 None None] Loading extension file: port_hardware_offload_type.py {{(pid=104357) _load_all_extensions_from_path /opt/stack/neutron/neutron/api/extensions.py:449}}
Apr 24 19:13:30.528985 np0000170091 devstack@neutron-api.service[104357]: DEBUG neutron.api.extensions [None req-ebe90b99-7c92-4573-8d04-e18013124dc4 None None] Ext name="Port hardware offload" alias="port-hardware-offload-type" description="Expose port hardware offload extension" updated="2023-05-09T10:00:00-00:00" {{(pid=104357) _check_extension /opt/stack/neutron/neutron/api/extensions.py:415}}
Apr 24 19:13:30.529230 np0000170091 devstack@neutron-api.service[104356]: DEBUG neutron_lib.callbacks.manager [None req-5136eef3-a57b-45a5-af23-f5bcf8fea750 None None] Subscribe: > router precommit_create 55549900, False {{(pid=104356) subscribe /opt/stack/data/venv/lib/python3.12/site-packages/neutron_lib/callbacks/manager.py:52}}
Apr 24 19:13:30.529374 np0000170091 devstack@neutron-api.service[104357]: INFO neutron.api.extensions [None req-ebe90b99-7c92-4573-8d04-e18013124dc4 None None] Extension port-hardware-offload-type not supported by any of loaded plugins
Apr 24 19:13:30.529544 np0000170091 devstack@neutron-api.service[104356]: DEBUG neutron_lib.callbacks.manager [None req-5136eef3-a57b-45a5-af23-f5bcf8fea750 None None] Subscribe: > router_interface after_create 55550000, False {{(pid=104356) subscribe /opt/stack/data/venv/lib/python3.12/site-packages/neutron_lib/callbacks/manager.py:52}}
Apr 24 19:13:30.529776 np0000170091 devstack@neutron-api.service[104357]: DEBUG neutron.api.extensions [None req-ebe90b99-7c92-4573-8d04-e18013124dc4 None None] Loading extension file: port_hint_ovs_tx_steering.py {{(pid=104357) _load_all_extensions_from_path /opt/stack/neutron/neutron/api/extensions.py:449}}
Apr 24 19:13:30.529954 np0000170091 devstack@neutron-api.service[104356]: DEBUG neutron_lib.callbacks.manager [None req-5136eef3-a57b-45a5-af23-f5bcf8fea750 None None] Subscribe: > floatingip after_create 55550000, False {{(pid=104356) subscribe /opt/stack/data/venv/lib/python3.12/site-packages/neutron_lib/callbacks/manager.py:52}}
Apr 24 19:13:30.529954 np0000170091 devstack@neutron-api.service[104356]: DEBUG neutron_lib.callbacks.manager [None req-5136eef3-a57b-45a5-af23-f5bcf8fea750 None None] Subscribe: > floatingip precommit_create 55550000, False {{(pid=104356) subscribe /opt/stack/data/venv/lib/python3.12/site-packages/neutron_lib/callbacks/manager.py:52}}
Apr 24 19:13:30.529954 np0000170091 devstack@neutron-api.service[104356]: DEBUG neutron_lib.callbacks.manager [None req-5136eef3-a57b-45a5-af23-f5bcf8fea750 None None] Subscribe: > floatingip precommit_update 55550000, False {{(pid=104356) subscribe /opt/stack/data/venv/lib/python3.12/site-packages/neutron_lib/callbacks/manager.py:52}}
Apr 24 19:13:30.530293 np0000170091 devstack@neutron-api.service[104357]: DEBUG neutron.api.extensions [None req-ebe90b99-7c92-4573-8d04-e18013124dc4 None None] Ext name="Port hint: Open vSwitch Tx steering" alias="port-hint-ovs-tx-steering" description="Enable Port hint: Open vSwitch Tx steering" updated="2023-01-01T00:00:00-00:00" {{(pid=104357) _check_extension /opt/stack/neutron/neutron/api/extensions.py:415}}
Apr 24 19:13:30.530488 np0000170091 devstack@neutron-api.service[104356]: DEBUG neutron_lib.callbacks.manager [None req-5136eef3-a57b-45a5-af23-f5bcf8fea750 None None] Subscribe: > floatingip after_delete 55550000, False {{(pid=104356) subscribe /opt/stack/data/venv/lib/python3.12/site-packages/neutron_lib/callbacks/manager.py:52}}
Apr 24 19:13:30.530488 np0000170091 devstack@neutron-api.service[104356]: DEBUG neutron_lib.callbacks.manager [None req-5136eef3-a57b-45a5-af23-f5bcf8fea750 None None] Subscribe: > floatingip after_status_update 55550000, False {{(pid=104356) subscribe /opt/stack/data/venv/lib/python3.12/site-packages/neutron_lib/callbacks/manager.py:52}}
Apr 24 19:13:30.530795 np0000170091 devstack@neutron-api.service[104357]: INFO neutron.api.extensions [None req-ebe90b99-7c92-4573-8d04-e18013124dc4 None None] Extension port-hint-ovs-tx-steering not supported by any of loaded plugins
Apr 24 19:13:30.531032 np0000170091 devstack@neutron-api.service[104356]: DEBUG neutron_lib.callbacks.manager [None req-5136eef3-a57b-45a5-af23-f5bcf8fea750 None None] Subscribe: > floatingip after_update 55550000, False {{(pid=104356) subscribe /opt/stack/data/venv/lib/python3.12/site-packages/neutron_lib/callbacks/manager.py:52}}
Apr 24 19:13:30.531222 np0000170091 devstack@neutron-api.service[104357]: DEBUG neutron.api.extensions [None req-ebe90b99-7c92-4573-8d04-e18013124dc4 None None] Loading extension file: port_hints.py {{(pid=104357) _load_all_extensions_from_path /opt/stack/neutron/neutron/api/extensions.py:449}}
Apr 24 19:13:30.531409 np0000170091 devstack@neutron-api.service[104356]: DEBUG neutron_lib.callbacks.manager [None req-5136eef3-a57b-45a5-af23-f5bcf8fea750 None None] Subscribe: > port_forwarding after_create 55550000, False {{(pid=104356) subscribe /opt/stack/data/venv/lib/python3.12/site-packages/neutron_lib/callbacks/manager.py:52}}
Apr 24 19:13:30.531409 np0000170091 devstack@neutron-api.service[104356]: DEBUG neutron_lib.callbacks.manager [None req-5136eef3-a57b-45a5-af23-f5bcf8fea750 None None] Subscribe: > router_interface after_delete 55550000, False {{(pid=104356) subscribe /opt/stack/data/venv/lib/python3.12/site-packages/neutron_lib/callbacks/manager.py:52}}
Apr 24 19:13:30.531409 np0000170091 devstack@neutron-api.service[104356]: DEBUG neutron_lib.callbacks.manager [None req-5136eef3-a57b-45a5-af23-f5bcf8fea750 None None] Subscribe: > router after_create 55550000, False {{(pid=104356) subscribe /opt/stack/data/venv/lib/python3.12/site-packages/neutron_lib/callbacks/manager.py:52}}
Apr 24 19:13:30.531803 np0000170091 devstack@neutron-api.service[104357]: DEBUG neutron.api.extensions [None req-ebe90b99-7c92-4573-8d04-e18013124dc4 None None] Ext name="Port hints" alias="port-hints" description="Backend specific port hints to allow backend specific tuning" updated="2023-01-01T00:00:00-00:00" {{(pid=104357) _check_extension /opt/stack/neutron/neutron/api/extensions.py:415}}
Apr 24 19:13:30.532022 np0000170091 devstack@neutron-api.service[104356]: DEBUG neutron_lib.callbacks.manager [None req-5136eef3-a57b-45a5-af23-f5bcf8fea750 None None] Subscribe: > router precommit_create 55550000, False {{(pid=104356) subscribe /opt/stack/data/venv/lib/python3.12/site-packages/neutron_lib/callbacks/manager.py:52}}
Apr 24 19:13:30.532022 np0000170091 devstack@neutron-api.service[104356]: DEBUG neutron_lib.callbacks.manager [None req-5136eef3-a57b-45a5-af23-f5bcf8fea750 None None] Subscribe: > router after_delete 55550000, False {{(pid=104356) subscribe /opt/stack/data/venv/lib/python3.12/site-packages/neutron_lib/callbacks/manager.py:52}}
Apr 24 19:13:30.532258 np0000170091 devstack@neutron-api.service[104357]: INFO neutron.api.extensions [None req-ebe90b99-7c92-4573-8d04-e18013124dc4 None None] Extension port-hints not supported by any of loaded plugins
Apr 24 19:13:30.532384 np0000170091 devstack@neutron-api.service[104356]: DEBUG neutron_lib.callbacks.manager [None req-5136eef3-a57b-45a5-af23-f5bcf8fea750 None None] Subscribe: > router after_update 55550000, False {{(pid=104356) subscribe /opt/stack/data/venv/lib/python3.12/site-packages/neutron_lib/callbacks/manager.py:52}}
Apr 24 19:13:30.532481 np0000170091 devstack@neutron-api.service[104357]: DEBUG neutron.api.extensions [None req-ebe90b99-7c92-4573-8d04-e18013124dc4 None None] Loading extension file: port_mac_address_override.py {{(pid=104357) _load_all_extensions_from_path /opt/stack/neutron/neutron/api/extensions.py:449}}
Apr 24 19:13:30.532549 np0000170091 devstack@neutron-api.service[104356]: DEBUG neutron.services.service_base [None req-5136eef3-a57b-45a5-af23-f5bcf8fea750 None None] Loaded 'neutron.services.ovn_l3.service_providers.ovn.OvnDriver' provider for service L3_ROUTER_NAT {{(pid=104356) load_drivers /opt/stack/neutron/neutron/services/service_base.py:49}}
Apr 24 19:13:30.532549 np0000170091 devstack@neutron-api.service[104356]: DEBUG neutron_lib.callbacks.manager [None req-5136eef3-a57b-45a5-af23-f5bcf8fea750 None None] Subscribe: > process after_init 55550001, True {{(pid=104356) subscribe /opt/stack/data/venv/lib/python3.12/site-packages/neutron_lib/callbacks/manager.py:52}}
Apr 24 19:13:30.532549 np0000170091 devstack@neutron-api.service[104356]: DEBUG neutron.manager [None req-5136eef3-a57b-45a5-af23-f5bcf8fea750 None None] Successfully loaded L3_ROUTER_NAT plugin. Description: L3 Router Service Plugin for basic L3 forwarding using OVN {{(pid=104356) _create_and_add_service_plugin /opt/stack/neutron/neutron/manager.py:239}}
Apr 24 19:13:30.532715 np0000170091 devstack@neutron-api.service[104357]: DEBUG neutron.api.extensions [None req-ebe90b99-7c92-4573-8d04-e18013124dc4 None None] Ext name="Neutron Port MAC address override" alias="port-mac-override" description="Allow overriding the MAC address of a direct-physical Port via the active binding profile" updated="2022-03-18T10:00:00-00:00" {{(pid=104357) _check_extension /opt/stack/neutron/neutron/api/extensions.py:415}}
Apr 24 19:13:30.532758 np0000170091 devstack@neutron-api.service[104356]: INFO neutron.manager [None req-5136eef3-a57b-45a5-af23-f5bcf8fea750 None None] Loading Plugin: auto_allocate
Apr 24 19:13:30.532790 np0000170091 devstack@neutron-api.service[104357]: INFO neutron.api.extensions [None req-ebe90b99-7c92-4573-8d04-e18013124dc4 None None] Extension port-mac-override not supported by any of loaded plugins
Apr 24 19:13:30.532790 np0000170091 devstack@neutron-api.service[104357]: DEBUG neutron.api.extensions [None req-ebe90b99-7c92-4573-8d04-e18013124dc4 None None] Loading extension file: port_mac_address_regenerate.py {{(pid=104357) _load_all_extensions_from_path /opt/stack/neutron/neutron/api/extensions.py:449}}
Apr 24 19:13:30.532790 np0000170091 devstack@neutron-api.service[104357]: DEBUG neutron.api.extensions [None req-ebe90b99-7c92-4573-8d04-e18013124dc4 None None] Ext name="Neutron Port MAC address regenerate" alias="port-mac-address-regenerate" description="Network port MAC address regenerate" updated="2018-05-03T10:00:00-00:00" {{(pid=104357) _check_extension /opt/stack/neutron/neutron/api/extensions.py:415}}
Apr 24 19:13:30.532790 np0000170091 devstack@neutron-api.service[104357]: INFO neutron.api.extensions [None req-ebe90b99-7c92-4573-8d04-e18013124dc4 None None] Loaded extension: port-mac-address-regenerate
Apr 24 19:13:30.532790 np0000170091 devstack@neutron-api.service[104357]: DEBUG neutron.api.extensions [None req-ebe90b99-7c92-4573-8d04-e18013124dc4 None None] Loading extension file: port_numa_affinity_policy.py {{(pid=104357) _load_all_extensions_from_path /opt/stack/neutron/neutron/api/extensions.py:449}}
Apr 24 19:13:30.532790 np0000170091 devstack@neutron-api.service[104357]: DEBUG neutron.api.extensions [None req-ebe90b99-7c92-4573-8d04-e18013124dc4 None None] Ext name="Port NUMA affinity policy" alias="port-numa-affinity-policy" description="Expose the port NUMA affinity policy" updated="2020-07-08T10:00:00-00:00" {{(pid=104357) _check_extension /opt/stack/neutron/neutron/api/extensions.py:415}}
Apr 24 19:13:30.533072 np0000170091 devstack@neutron-api.service[104356]: DEBUG neutron_lib.callbacks.manager [None req-5136eef3-a57b-45a5-af23-f5bcf8fea750 None None] Subscribe: network precommit_update 55550000, False {{(pid=104356) subscribe /opt/stack/data/venv/lib/python3.12/site-packages/neutron_lib/callbacks/manager.py:52}}
Apr 24 19:13:30.533072 np0000170091 devstack@neutron-api.service[104356]: DEBUG neutron_lib.callbacks.manager [None req-5136eef3-a57b-45a5-af23-f5bcf8fea750 None None] Subscribe: network precommit_create 55550000, False {{(pid=104356) subscribe /opt/stack/data/venv/lib/python3.12/site-packages/neutron_lib/callbacks/manager.py:52}}
Apr 24 19:13:30.533135 np0000170091 devstack@neutron-api.service[104357]: INFO neutron.api.extensions [None req-ebe90b99-7c92-4573-8d04-e18013124dc4 None None] Loaded extension: port-numa-affinity-policy
Apr 24 19:13:30.533135 np0000170091 devstack@neutron-api.service[104357]: DEBUG neutron.api.extensions [None req-ebe90b99-7c92-4573-8d04-e18013124dc4 None None] Loading extension file: port_numa_affinity_policy_socket.py {{(pid=104357) _load_all_extensions_from_path /opt/stack/neutron/neutron/api/extensions.py:449}}
Apr 24 19:13:30.533238 np0000170091 devstack@neutron-api.service[104356]: DEBUG neutron.manager [None req-5136eef3-a57b-45a5-af23-f5bcf8fea750 None None] Successfully loaded auto-allocated-topology plugin. Description: Auto Allocated Topology - aka get me a network. {{(pid=104356) _create_and_add_service_plugin /opt/stack/neutron/neutron/manager.py:239}}
Apr 24 19:13:30.533238 np0000170091 devstack@neutron-api.service[104356]: INFO neutron.manager [None req-5136eef3-a57b-45a5-af23-f5bcf8fea750 None None] Loading Plugin: tag
Apr 24 19:13:30.533340 np0000170091 devstack@neutron-api.service[104357]: DEBUG neutron.api.extensions [None req-ebe90b99-7c92-4573-8d04-e18013124dc4 None None] Ext name="Port NUMA affinity policy "socket"" alias="port-numa-affinity-policy-socket" description="Adds "socket" to the supported port NUMA affinity policies" updated="2024-02-09T10:00:00-00:00" {{(pid=104357) _check_extension /opt/stack/neutron/neutron/api/extensions.py:415}}
Apr 24 19:13:30.533569 np0000170091 devstack@neutron-api.service[104357]: INFO neutron.api.extensions [None req-ebe90b99-7c92-4573-8d04-e18013124dc4 None None] Loaded extension: port-numa-affinity-policy-socket
Apr 24 19:13:30.533719 np0000170091 devstack@neutron-api.service[104357]: DEBUG neutron.api.extensions [None req-ebe90b99-7c92-4573-8d04-e18013124dc4 None None] Loading extension file: port_resource_request.py {{(pid=104357) _load_all_extensions_from_path /opt/stack/neutron/neutron/api/extensions.py:449}}
Apr 24 19:13:30.534067 np0000170091 devstack@neutron-api.service[104357]: DEBUG neutron.api.extensions [None req-ebe90b99-7c92-4573-8d04-e18013124dc4 None None] Ext name="Port Resource Request" alias="port-resource-request" description="Expose resource request to Port" updated="2018-05-08T10:00:00-00:00" {{(pid=104357) _check_extension /opt/stack/neutron/neutron/api/extensions.py:415}}
Apr 24 19:13:30.534299 np0000170091 devstack@neutron-api.service[104357]: INFO neutron.api.extensions [None req-ebe90b99-7c92-4573-8d04-e18013124dc4 None None] Extension port-resource-request not supported by any of loaded plugins
Apr 24 19:13:30.534454 np0000170091 devstack@neutron-api.service[104357]: DEBUG neutron.api.extensions [None req-ebe90b99-7c92-4573-8d04-e18013124dc4 None None] Loading extension file: port_resource_request_groups.py {{(pid=104357) _load_all_extensions_from_path /opt/stack/neutron/neutron/api/extensions.py:449}}
Apr 24 19:13:30.534779 np0000170091 devstack@neutron-api.service[104357]: DEBUG neutron.api.extensions [None req-ebe90b99-7c92-4573-8d04-e18013124dc4 None None] Ext name="Port Resource Request Groups" alias="port-resource-request-groups" description="Support requesting multiple groups of resources and traits from the same RP subtree in resource_request" updated="2021-08-02T10:00:00-00:00" {{(pid=104357) _check_extension /opt/stack/neutron/neutron/api/extensions.py:415}}
Apr 24 19:13:30.535053 np0000170091 devstack@neutron-api.service[104357]: INFO neutron.api.extensions [None req-ebe90b99-7c92-4573-8d04-e18013124dc4 None None] Extension port-resource-request-groups not supported by any of loaded plugins
Apr 24 19:13:30.535228 np0000170091 devstack@neutron-api.service[104357]: DEBUG neutron.api.extensions [None req-ebe90b99-7c92-4573-8d04-e18013124dc4 None None] Loading extension file: port_trusted_vif.py {{(pid=104357) _load_all_extensions_from_path /opt/stack/neutron/neutron/api/extensions.py:449}}
Apr 24 19:13:30.535494 np0000170091 devstack@neutron-api.service[104357]: DEBUG neutron.api.extensions [None req-ebe90b99-7c92-4573-8d04-e18013124dc4 None None] Ext name="Port trusted vif" alias="port-trusted-vif" description="Expose port 'trusted' attribute in the API" updated="2024-07-10T10:00:00-00:00" {{(pid=104357) _check_extension /opt/stack/neutron/neutron/api/extensions.py:415}}
Apr 24 19:13:30.535830 np0000170091 devstack@neutron-api.service[104357]: INFO neutron.api.extensions [None req-ebe90b99-7c92-4573-8d04-e18013124dc4 None None] Extension port-trusted-vif not supported by any of loaded plugins
Apr 24 19:13:30.535917 np0000170091 devstack@neutron-api.service[104357]: DEBUG neutron.api.extensions [None req-ebe90b99-7c92-4573-8d04-e18013124dc4 None None] Loading extension file: portbindings.py {{(pid=104357) _load_all_extensions_from_path /opt/stack/neutron/neutron/api/extensions.py:449}}
Apr 24 19:13:30.536177 np0000170091 devstack@neutron-api.service[104356]: DEBUG neutron.manager [None req-5136eef3-a57b-45a5-af23-f5bcf8fea750 None None] Successfully loaded TAG plugin. Description: Tag support {{(pid=104356) _create_and_add_service_plugin /opt/stack/neutron/neutron/manager.py:239}}
Apr 24 19:13:30.536283 np0000170091 devstack@neutron-api.service[104357]: DEBUG neutron.api.extensions [None req-ebe90b99-7c92-4573-8d04-e18013124dc4 None None] Ext name="Port Binding" alias="binding" description="Expose port bindings of a virtual port to external application" updated="2014-02-03T10:00:00-00:00" {{(pid=104357) _check_extension /opt/stack/neutron/neutron/api/extensions.py:415}}
Apr 24 19:13:30.536374 np0000170091 devstack@neutron-api.service[104356]: INFO neutron.manager [None req-5136eef3-a57b-45a5-af23-f5bcf8fea750 None None] Loading Plugin: timestamp
Apr 24 19:13:30.536525 np0000170091 devstack@neutron-api.service[104357]: INFO neutron.api.extensions [None req-ebe90b99-7c92-4573-8d04-e18013124dc4 None None] Loaded extension: binding
Apr 24 19:13:30.536714 np0000170091 devstack@neutron-api.service[104357]: DEBUG neutron.api.extensions [None req-ebe90b99-7c92-4573-8d04-e18013124dc4 None None] Loading extension file: portbindings_extended.py {{(pid=104357) _load_all_extensions_from_path /opt/stack/neutron/neutron/api/extensions.py:449}}
Apr 24 19:13:30.537027 np0000170091 devstack@neutron-api.service[104357]: DEBUG neutron.api.extensions [None req-ebe90b99-7c92-4573-8d04-e18013124dc4 None None] Ext name="Port Bindings Extended" alias="binding-extended" description="Expose port bindings of a virtual port to external application" updated="2017-07-17T10:00:00-00:00" {{(pid=104357) _check_extension /opt/stack/neutron/neutron/api/extensions.py:415}}
Apr 24 19:13:30.537282 np0000170091 devstack@neutron-api.service[104357]: INFO neutron.api.extensions [None req-ebe90b99-7c92-4573-8d04-e18013124dc4 None None] Loaded extension: binding-extended
Apr 24 19:13:30.537443 np0000170091 devstack@neutron-api.service[104357]: DEBUG neutron.api.extensions [None req-ebe90b99-7c92-4573-8d04-e18013124dc4 None None] Loading extension file: portsecurity.py {{(pid=104357) _load_all_extensions_from_path /opt/stack/neutron/neutron/api/extensions.py:449}}
Apr 24 19:13:30.537578 np0000170091 devstack@neutron-api.service[104356]: DEBUG neutron.manager [None req-5136eef3-a57b-45a5-af23-f5bcf8fea750 None None] Successfully loaded timestamp plugin. Description: Adds timestamps to Neutron resources with standard attributes {{(pid=104356) _create_and_add_service_plugin /opt/stack/neutron/neutron/manager.py:239}}
Apr 24 19:13:30.537761 np0000170091 devstack@neutron-api.service[104357]: DEBUG neutron.api.extensions [None req-ebe90b99-7c92-4573-8d04-e18013124dc4 None None] Ext name="Port Security" alias="port-security" description="Provides port security" updated="2012-07-23T10:00:00-00:00" {{(pid=104357) _check_extension /opt/stack/neutron/neutron/api/extensions.py:415}}
Apr 24 19:13:30.537963 np0000170091 devstack@neutron-api.service[104356]: INFO neutron.manager [None req-5136eef3-a57b-45a5-af23-f5bcf8fea750 None None] Loading Plugin: network_ip_availability
Apr 24 19:13:30.538042 np0000170091 devstack@neutron-api.service[104357]: INFO neutron.api.extensions [None req-ebe90b99-7c92-4573-8d04-e18013124dc4 None None] Loaded extension: port-security
Apr 24 19:13:30.538154 np0000170091 devstack@neutron-api.service[104357]: DEBUG neutron.api.extensions [None req-ebe90b99-7c92-4573-8d04-e18013124dc4 None None] Loading extension file: project_id.py {{(pid=104357) _load_all_extensions_from_path /opt/stack/neutron/neutron/api/extensions.py:449}}
Apr 24 19:13:30.538480 np0000170091 devstack@neutron-api.service[104357]: DEBUG neutron.api.extensions [None req-ebe90b99-7c92-4573-8d04-e18013124dc4 None None] Ext name="project_id field enabled" alias="project-id" description="Extension that indicates that project_id field is enabled." updated="2016-09-09T09:09:09-09:09" {{(pid=104357) _check_extension /opt/stack/neutron/neutron/api/extensions.py:415}}
Apr 24 19:13:30.538646 np0000170091 devstack@neutron-api.service[104357]: INFO neutron.api.extensions [None req-ebe90b99-7c92-4573-8d04-e18013124dc4 None None] Loaded extension: project-id
Apr 24 19:13:30.538808 np0000170091 devstack@neutron-api.service[104357]: DEBUG neutron.api.extensions [None req-ebe90b99-7c92-4573-8d04-e18013124dc4 None None] Loading extension file: providernet.py {{(pid=104357) _load_all_extensions_from_path /opt/stack/neutron/neutron/api/extensions.py:449}}
Apr 24 19:13:30.539106 np0000170091 devstack@neutron-api.service[104357]: DEBUG neutron.api.extensions [None req-ebe90b99-7c92-4573-8d04-e18013124dc4 None None] Ext name="Provider Network" alias="provider" description="Expose mapping of virtual networks to physical networks" updated="2012-09-07T10:00:00-00:00" {{(pid=104357) _check_extension /opt/stack/neutron/neutron/api/extensions.py:415}}
Apr 24 19:13:30.539364 np0000170091 devstack@neutron-api.service[104357]: INFO neutron.api.extensions [None req-ebe90b99-7c92-4573-8d04-e18013124dc4 None None] Loaded extension: provider
Apr 24 19:13:30.539443 np0000170091 devstack@neutron-api.service[104356]: DEBUG neutron.manager [None req-5136eef3-a57b-45a5-af23-f5bcf8fea750 None None] Successfully loaded network-ip-availability plugin. Description: Provides IP availability data for each network and subnet. {{(pid=104356) _create_and_add_service_plugin /opt/stack/neutron/neutron/manager.py:239}}
Apr 24 19:13:30.539504 np0000170091 devstack@neutron-api.service[104357]: DEBUG neutron.api.extensions [None req-ebe90b99-7c92-4573-8d04-e18013124dc4 None None] Loading extension file: qinq.py {{(pid=104357) _load_all_extensions_from_path /opt/stack/neutron/neutron/api/extensions.py:449}}
Apr 24 19:13:30.539559 np0000170091 devstack@neutron-api.service[104356]: INFO neutron.manager [None req-5136eef3-a57b-45a5-af23-f5bcf8fea750 None None] Loading Plugin: flavors
Apr 24 19:13:30.539934 np0000170091 devstack@neutron-api.service[104357]: DEBUG neutron.api.extensions [None req-ebe90b99-7c92-4573-8d04-e18013124dc4 None None] Ext name="QinQ networks" alias="qinq" description="Expose network 'qinq' attribute in the API. This allows to configure network to allow vlan in vlan configuration using 0x8a88 ethertype (QinQ)." updated="2024-12-02T10:00:00-00:00" {{(pid=104357) _check_extension /opt/stack/neutron/neutron/api/extensions.py:415}}
Apr 24 19:13:30.540203 np0000170091 devstack@neutron-api.service[104357]: INFO neutron.api.extensions [None req-ebe90b99-7c92-4573-8d04-e18013124dc4 None None] Loaded extension: qinq
Apr 24 19:13:30.540333 np0000170091 devstack@neutron-api.service[104357]: DEBUG neutron.api.extensions [None req-ebe90b99-7c92-4573-8d04-e18013124dc4 None None] Loading extension file: qos.py {{(pid=104357) _load_all_extensions_from_path /opt/stack/neutron/neutron/api/extensions.py:449}}
Apr 24 19:13:30.540577 np0000170091 devstack@neutron-api.service[104356]: DEBUG neutron.manager [None req-5136eef3-a57b-45a5-af23-f5bcf8fea750 None None] Successfully loaded FLAVORS plugin. Description: Neutron Flavors and Service Profiles manager plugin {{(pid=104356) _create_and_add_service_plugin /opt/stack/neutron/neutron/manager.py:239}}
Apr 24 19:13:30.540697 np0000170091 devstack@neutron-api.service[104356]: INFO neutron.manager [None req-5136eef3-a57b-45a5-af23-f5bcf8fea750 None None] Loading Plugin: revisions
Apr 24 19:13:30.541562 np0000170091 devstack@neutron-api.service[104357]: DEBUG neutron.api.extensions [None req-ebe90b99-7c92-4573-8d04-e18013124dc4 None None] Ext name="Quality of Service" alias="qos" description="The Quality of Service extension." updated="2015-06-08T10:00:00-00:00" {{(pid=104357) _check_extension /opt/stack/neutron/neutron/api/extensions.py:415}}
Apr 24 19:13:30.541674 np0000170091 devstack@neutron-api.service[104356]: DEBUG neutron.manager [None req-5136eef3-a57b-45a5-af23-f5bcf8fea750 None None] Successfully loaded revision_plugin plugin. Description: Adds revision numbers to resources. {{(pid=104356) _create_and_add_service_plugin /opt/stack/neutron/neutron/manager.py:239}}
Apr 24 19:13:30.541825 np0000170091 devstack@neutron-api.service[104356]: DEBUG oslo_concurrency.lockutils [None req-5136eef3-a57b-45a5-af23-f5bcf8fea750 None None] Lock "manager" "released" by "neutron.manager.NeutronManager._create_instance" :: held 4.659s {{(pid=104356) inner /opt/stack/data/venv/lib/python3.12/site-packages/oslo_concurrency/lockutils.py:538}}
Apr 24 19:13:30.541859 np0000170091 devstack@neutron-api.service[104357]: INFO neutron.api.extensions [None req-ebe90b99-7c92-4573-8d04-e18013124dc4 None None] Extension qos not supported by any of loaded plugins
Apr 24 19:13:30.542134 np0000170091 devstack@neutron-api.service[104357]: DEBUG neutron.api.extensions [None req-ebe90b99-7c92-4573-8d04-e18013124dc4 None None] Loading extension file: qos_bw_limit_direction.py {{(pid=104357) _load_all_extensions_from_path /opt/stack/neutron/neutron/api/extensions.py:449}}
Apr 24 19:13:30.542168 np0000170091 devstack@neutron-api.service[104356]: DEBUG neutron.api.extensions [None req-5136eef3-a57b-45a5-af23-f5bcf8fea750 None None] get_extension_paths = OrderedDict({'/opt/stack/neutron/neutron/extensions': 1}) {{(pid=104356) get_extensions_path /opt/stack/neutron/neutron/api/extensions.py:640}}
Apr 24 19:13:30.542168 np0000170091 devstack@neutron-api.service[104356]: INFO neutron.api.extensions [None req-5136eef3-a57b-45a5-af23-f5bcf8fea750 None None] Initializing extension manager.
Apr 24 19:13:30.542391 np0000170091 devstack@neutron-api.service[104357]: DEBUG neutron.api.extensions [None req-ebe90b99-7c92-4573-8d04-e18013124dc4 None None] Ext name="Direction for QoS bandwidth limit rule" alias="qos-bw-limit-direction" description="Allow to configure QoS bandwidth limit rule with specific direction: ingress or egress" updated="2017-04-10T10:00:00-00:00" {{(pid=104357) _check_extension /opt/stack/neutron/neutron/api/extensions.py:415}}
Apr 24 19:13:30.542422 np0000170091 devstack@neutron-api.service[104356]: DEBUG neutron.api.extensions [None req-5136eef3-a57b-45a5-af23-f5bcf8fea750 None None] Loading extension file: __init__.py {{(pid=104356) _load_all_extensions_from_path /opt/stack/neutron/neutron/api/extensions.py:449}}
Apr 24 19:13:30.542538 np0000170091 devstack@neutron-api.service[104356]: DEBUG neutron.api.extensions [None req-5136eef3-a57b-45a5-af23-f5bcf8fea750 None None] Loading extension file: __pycache__ {{(pid=104356) _load_all_extensions_from_path /opt/stack/neutron/neutron/api/extensions.py:449}}
Apr 24 19:13:30.542646 np0000170091 devstack@neutron-api.service[104356]: DEBUG neutron.api.extensions [None req-5136eef3-a57b-45a5-af23-f5bcf8fea750 None None] Loading extension file: address_group.py {{(pid=104356) _load_all_extensions_from_path /opt/stack/neutron/neutron/api/extensions.py:449}}
Apr 24 19:13:30.542689 np0000170091 devstack@neutron-api.service[104357]: INFO neutron.api.extensions [None req-ebe90b99-7c92-4573-8d04-e18013124dc4 None None] Extension qos-bw-limit-direction not supported by any of loaded plugins
Apr 24 19:13:30.543171 np0000170091 devstack@neutron-api.service[104357]: DEBUG neutron.api.extensions [None req-ebe90b99-7c92-4573-8d04-e18013124dc4 None None] Loading extension file: qos_bw_minimum_ingress.py {{(pid=104357) _load_all_extensions_from_path /opt/stack/neutron/neutron/api/extensions.py:449}}
Apr 24 19:13:30.543225 np0000170091 devstack@neutron-api.service[104356]: DEBUG neutron.api.extensions [None req-5136eef3-a57b-45a5-af23-f5bcf8fea750 None None] Ext name="Address group" alias="address-group" description="Support address group" updated="2020-07-15T10:00:00-00:00" {{(pid=104356) _check_extension /opt/stack/neutron/neutron/api/extensions.py:415}}
Apr 24 19:13:30.543307 np0000170091 devstack@neutron-api.service[104357]: DEBUG neutron.api.extensions [None req-ebe90b99-7c92-4573-8d04-e18013124dc4 None None] Ext name="Ingress direction for QoS minimum bandwidth rule" alias="qos-bw-minimum-ingress" description="Allow to configure QoS minumum bandwidth rule with ingress direction." updated="2018-07-09T10:00:00-00:00" {{(pid=104357) _check_extension /opt/stack/neutron/neutron/api/extensions.py:415}}
Apr 24 19:13:30.543369 np0000170091 devstack@neutron-api.service[104356]: INFO neutron.api.extensions [None req-5136eef3-a57b-45a5-af23-f5bcf8fea750 None None] Loaded extension: address-group
Apr 24 19:13:30.543369 np0000170091 devstack@neutron-api.service[104356]: DEBUG neutron.api.extensions [None req-5136eef3-a57b-45a5-af23-f5bcf8fea750 None None] Loading extension file: address_scope.py {{(pid=104356) _load_all_extensions_from_path /opt/stack/neutron/neutron/api/extensions.py:449}}
Apr 24 19:13:30.543494 np0000170091 devstack@neutron-api.service[104357]: INFO neutron.api.extensions [None req-ebe90b99-7c92-4573-8d04-e18013124dc4 None None] Extension qos-bw-minimum-ingress not supported by any of loaded plugins
Apr 24 19:13:30.543494 np0000170091 devstack@neutron-api.service[104357]: DEBUG neutron.api.extensions [None req-ebe90b99-7c92-4573-8d04-e18013124dc4 None None] Loading extension file: qos_default.py {{(pid=104357) _load_all_extensions_from_path /opt/stack/neutron/neutron/api/extensions.py:449}}
Apr 24 19:13:30.543790 np0000170091 devstack@neutron-api.service[104356]: DEBUG neutron.api.extensions [None req-5136eef3-a57b-45a5-af23-f5bcf8fea750 None None] Ext name="Address scope" alias="address-scope" description="Address scopes extension." updated="2015-07-26T10:00:00-00:00" {{(pid=104356) _check_extension /opt/stack/neutron/neutron/api/extensions.py:415}}
Apr 24 19:13:30.543916 np0000170091 devstack@neutron-api.service[104357]: DEBUG neutron.api.extensions [None req-ebe90b99-7c92-4573-8d04-e18013124dc4 None None] Ext name="QoS default policy" alias="qos-default" description="Expose the QoS default policy per project" updated="2017-041-06T10:00:00-00:00" {{(pid=104357) _check_extension /opt/stack/neutron/neutron/api/extensions.py:415}}
Apr 24 19:13:30.544178 np0000170091 devstack@neutron-api.service[104356]: INFO neutron.api.extensions [None req-5136eef3-a57b-45a5-af23-f5bcf8fea750 None None] Loaded extension: address-scope
Apr 24 19:13:30.544203 np0000170091 devstack@neutron-api.service[104357]: INFO neutron.api.extensions [None req-ebe90b99-7c92-4573-8d04-e18013124dc4 None None] Extension qos-default not supported by any of loaded plugins
Apr 24 19:13:30.544255 np0000170091 devstack@neutron-api.service[104356]: DEBUG neutron.api.extensions [None req-5136eef3-a57b-45a5-af23-f5bcf8fea750 None None] Loading extension file: admin_state_down_before_update.py {{(pid=104356) _load_all_extensions_from_path /opt/stack/neutron/neutron/api/extensions.py:449}}
Apr 24 19:13:30.544310 np0000170091 devstack@neutron-api.service[104357]: DEBUG neutron.api.extensions [None req-ebe90b99-7c92-4573-8d04-e18013124dc4 None None] Loading extension file: qos_fip.py {{(pid=104357) _load_all_extensions_from_path /opt/stack/neutron/neutron/api/extensions.py:449}}
Apr 24 19:13:30.544517 np0000170091 devstack@neutron-api.service[104356]: DEBUG neutron.api.extensions [None req-5136eef3-a57b-45a5-af23-f5bcf8fea750 None None] Ext name="Enforce Router's Admin State Down Before Update Extension" alias="router-admin-state-down-before-update" description="Ensure that the admin state of a router is DOWN (admin_state_up=False) before updating the distributed attribute" updated="2019-07-02T15:56:00" {{(pid=104356) _check_extension /opt/stack/neutron/neutron/api/extensions.py:415}}
Apr 24 19:13:30.544622 np0000170091 devstack@neutron-api.service[104357]: DEBUG neutron.api.extensions [None req-ebe90b99-7c92-4573-8d04-e18013124dc4 None None] Ext name="Floating IP QoS" alias="qos-fip" description="The floating IP Quality of Service extension" updated="2017-07-20T00:00:00-00:00" {{(pid=104357) _check_extension /opt/stack/neutron/neutron/api/extensions.py:415}}
Apr 24 19:13:30.544825 np0000170091 devstack@neutron-api.service[104356]: INFO neutron.api.extensions [None req-5136eef3-a57b-45a5-af23-f5bcf8fea750 None None] Extension router-admin-state-down-before-update not supported by any of loaded plugins
