2026-05-25 01:53:00.539 9 INFO neutron.wsgi [None req-7c5c846b-e56f-43da-889b-551f118cb5e2 10ddb96bd8d346dcb099f3eee6d096b2 bd70295c7b1d4ac78338d27ce10691a8 - - default default] 10.0.0.37 "GET /v2.0/ports?not-tags=red%2Cblue HTTP/1.1" status: 200 len: 6203 time: 0.0787411
2026-05-25 01:53:00.617 9 INFO neutron.wsgi [None req-1ffc0c54-8239-4ab6-a323-17fed1f54ac1 10ddb96bd8d346dcb099f3eee6d096b2 bd70295c7b1d4ac78338d27ce10691a8 - - default default] 10.0.0.37 "GET /v2.0/ports?not-tags-any=blue HTTP/1.1" status: 200 len: 6203 time: 0.0746100
2026-05-25 01:53:00.699 9 INFO neutron.wsgi [None req-f70f4b57-975b-4bf8-958d-3315321072e9 10ddb96bd8d346dcb099f3eee6d096b2 bd70295c7b1d4ac78338d27ce10691a8 - - default default] 10.0.0.37 "GET /v2.0/ports?not-tags-any=red%2Cblue HTTP/1.1" status: 200 len: 5463 time: 0.0769324
2026-05-25 01:53:00.724 10 INFO neutron.wsgi [None req-c1d4f034-cf3a-4069-afb9-c8d595c98c03 baef6177ba6b47a4bc0d590c5b281e81 f7130fc5f1b34b508094540ca351522e - - default default] 10.0.0.37 "DELETE /v2.0/security-groups/dbea2e86-3341-4262-b1dd-1d263438c762 HTTP/1.1" status: 204 len: 168 time: 0.1924756
2026-05-25 01:53:00.801 9 INFO neutron.wsgi [None req-030228c8-a79f-4fe1-8014-c36a8d3dfda4 baef6177ba6b47a4bc0d590c5b281e81 f7130fc5f1b34b508094540ca351522e - - default default] 10.0.0.214 "GET /v2.0/agents HTTP/1.1" status: 200 len: 997 time: 0.0807953
2026-05-25 01:53:00.845 9 INFO neutron.wsgi [None req-9e5b93f0-2e58-4b6a-b53f-cf56a03a81c2 baef6177ba6b47a4bc0d590c5b281e81 f7130fc5f1b34b508094540ca351522e - - default default] 10.0.0.214 "GET /v2.0/subnets HTTP/1.1" status: 200 len: 2078 time: 0.0434496
2026-05-25 01:53:01.276 9 INFO neutron.wsgi [None req-3d4ee2be-1b67-475d-9a88-7de37dc672ab baef6177ba6b47a4bc0d590c5b281e81 f7130fc5f1b34b508094540ca351522e - - default default] 10.0.0.214 "GET /v2.0/ports HTTP/1.1" status: 200 len: 20662 time: 0.4162433
2026-05-25 01:53:01.315 9 INFO neutron.wsgi [None req-8742a2e3-c218-45b0-b598-95c950f4bcd5 baef6177ba6b47a4bc0d590c5b281e81 f7130fc5f1b34b508094540ca351522e - - default default] 10.0.0.214 "GET /v2.0/network-ip-availabilities HTTP/1.1" status: 200 len: 3064 time: 0.0326049
2026-05-25 01:53:01.384 9 INFO neutron.wsgi [None req-c5c183c5-797d-4de7-b9b9-10a9a891406a baef6177ba6b47a4bc0d590c5b281e81 f7130fc5f1b34b508094540ca351522e - - default default] 10.0.0.214 "GET /v2.0/floatingips HTTP/1.1" status: 200 len: 1035 time: 0.0662930
2026-05-25 01:53:01.461 9 INFO neutron.wsgi [None req-eb8209ed-87d1-462d-91cb-43422b4328e4 10ddb96bd8d346dcb099f3eee6d096b2 bd70295c7b1d4ac78338d27ce10691a8 - - default default] 10.0.0.37 "DELETE /v2.0/ports/4d12177b-3a5f-49ed-95db-1a9640248e33 HTTP/1.1" status: 204 len: 168 time: 0.7546599
2026-05-25 01:53:01.501 9 INFO neutron.wsgi [None req-2ee4deac-aea8-4fc6-b4d5-6ab20077dd66 baef6177ba6b47a4bc0d590c5b281e81 f7130fc5f1b34b508094540ca351522e - - default default] 10.0.0.214 "GET /v2.0/security-groups HTTP/1.1" status: 200 len: 32547 time: 0.1163437
2026-05-25 01:53:01.615 9 INFO neutron.wsgi [None req-6bd15ded-868e-44c2-ae29-10bc44333706 baef6177ba6b47a4bc0d590c5b281e81 f7130fc5f1b34b508094540ca351522e - - default default] 10.0.0.214 "GET /v2.0/networks HTTP/1.1" status: 200 len: 6627 time: 0.1071205
2026-05-25 01:53:01.687 9 INFO neutron.wsgi [None req-c107dfee-dc59-45c8-829c-b07613fc627c baef6177ba6b47a4bc0d590c5b281e81 f7130fc5f1b34b508094540ca351522e - - default default] 10.0.0.214 "GET /v2.0/routers HTTP/1.1" status: 200 len: 859 time: 0.0648949
2026-05-25 01:53:01.697 9 INFO neutron.wsgi [None req-77e85266-13d5-4f14-aec7-6493bc3bdc68 baef6177ba6b47a4bc0d590c5b281e81 f7130fc5f1b34b508094540ca351522e - - default default] 10.0.0.214 "GET /v2.0/agents?binary=ovn-controller HTTP/1.1" status: 200 len: 591 time: 0.0097895
2026-05-25 01:53:01.736 9 INFO neutron.wsgi [None req-4efbed85-0343-4ee7-9709-60f9fe334fb1 baef6177ba6b47a4bc0d590c5b281e81 f7130fc5f1b34b508094540ca351522e - - default default] 10.0.0.214 "GET /v2.0/subnets HTTP/1.1" status: 200 len: 2078 time: 0.0378227
2026-05-25 01:53:01.741 10 INFO neutron.wsgi [None req-032caebb-5525-49a0-8300-c25dbb34db47 10ddb96bd8d346dcb099f3eee6d096b2 bd70295c7b1d4ac78338d27ce10691a8 - - default default] 10.0.0.37 "DELETE /v2.0/ports/b8957cf1-213a-4c8b-9952-b2d1338790ca HTTP/1.1" status: 204 len: 168 time: 0.2746375
2026-05-25 01:53:01.747 9 INFO neutron.wsgi [None req-95890101-7d74-4aec-aeb4-48a8a1c9ed63 baef6177ba6b47a4bc0d590c5b281e81 f7130fc5f1b34b508094540ca351522e - - default default] 10.0.0.214 "GET /v2.0/subnetpools HTTP/1.1" status: 200 len: 193 time: 0.0104232
2026-05-25 01:53:02.005 10 INFO neutron.wsgi [None req-1625a5d2-8d5e-4bc7-a1ea-de6b73d2216e 10ddb96bd8d346dcb099f3eee6d096b2 bd70295c7b1d4ac78338d27ce10691a8 - - default default] 10.0.0.37 "DELETE /v2.0/ports/6e4837e9-1416-407b-bd0e-110091e36239 HTTP/1.1" status: 204 len: 168 time: 0.2581668
2026-05-25 01:53:02.273 10 INFO neutron.wsgi [None req-4c6efc8c-73d9-488e-aa68-c863fb209a9d 10ddb96bd8d346dcb099f3eee6d096b2 bd70295c7b1d4ac78338d27ce10691a8 - - default default] 10.0.0.37 "DELETE /v2.0/ports/b49ea90e-1b4d-4941-896e-d0198eebb292 HTTP/1.1" status: 204 len: 168 time: 0.2616143
2026-05-25 01:53:02.523 9 INFO neutron.wsgi [None req-e5a8e516-4801-4a5b-953a-13b09c10e4a8 10ddb96bd8d346dcb099f3eee6d096b2 bd70295c7b1d4ac78338d27ce10691a8 - - default default] 10.0.0.37 "DELETE /v2.0/ports/282a5789-547c-4af6-a2a9-59392538af09 HTTP/1.1" status: 204 len: 168 time: 0.2443368
2026-05-25 01:53:02.632 10 WARNING neutron_lib.context [None req-5eef49e4-c54c-4af5-b66b-e61f5d0df600 ee2b5c1f227f443eaaf3cb0b45a381ca 048557b62209429380ffbe92b770751c - - default default] Method 'is_advsvc' is deprecated since 2023.2 release (neutron-lib 3.8.0) and will be removed once support for the old RBAC API policies will be removed from Neutron. Please use method 'is_service_role' instead.
2026-05-25 01:53:02.785 10 INFO neutron.db.ovn_revision_numbers_db [None req-5eef49e4-c54c-4af5-b66b-e61f5d0df600 ee2b5c1f227f443eaaf3cb0b45a381ca 048557b62209429380ffbe92b770751c - - default default] Successfully bumped revision number for resource ad604ccb-21c0-4c39-bb00-3701ceef7365 (type: security_groups) to 1
2026-05-25 01:53:02.799 10 INFO neutron.db.ovn_revision_numbers_db [None req-5eef49e4-c54c-4af5-b66b-e61f5d0df600 ee2b5c1f227f443eaaf3cb0b45a381ca 048557b62209429380ffbe92b770751c - - default default] Successfully bumped revision number for resource 4be69e5f-b797-4471-8952-3bd6a830f694 (type: security_group_rules) to 0
2026-05-25 01:53:02.811 10 INFO neutron.db.ovn_revision_numbers_db [None req-5eef49e4-c54c-4af5-b66b-e61f5d0df600 ee2b5c1f227f443eaaf3cb0b45a381ca 048557b62209429380ffbe92b770751c - - default default] Successfully bumped revision number for resource 80f76874-8eec-4ed4-95f3-898e98b0233a (type: security_group_rules) to 0
2026-05-25 01:53:02.824 10 INFO neutron.db.ovn_revision_numbers_db [None req-5eef49e4-c54c-4af5-b66b-e61f5d0df600 ee2b5c1f227f443eaaf3cb0b45a381ca 048557b62209429380ffbe92b770751c - - default default] Successfully bumped revision number for resource a9dbf022-70f0-4ec1-a8a5-c963a6fceeb8 (type: security_group_rules) to 0
2026-05-25 01:53:02.836 10 INFO neutron.db.ovn_revision_numbers_db [None req-5eef49e4-c54c-4af5-b66b-e61f5d0df600 ee2b5c1f227f443eaaf3cb0b45a381ca 048557b62209429380ffbe92b770751c - - default default] Successfully bumped revision number for resource ba854f4c-dc54-4d7e-be44-c2bafdd38fb8 (type: security_group_rules) to 0
2026-05-25 01:53:02.886 10 INFO neutron.db.segments_db [None req-5eef49e4-c54c-4af5-b66b-e61f5d0df600 ee2b5c1f227f443eaaf3cb0b45a381ca 048557b62209429380ffbe92b770751c - - default default] Added segment 491e70b5-732b-4690-a21e-fd5390932338 of type geneve for network 35b7ed25-cc90-4baf-a522-32e79a954db9
2026-05-25 01:53:02.910 9 INFO neutron.services.segments.plugin [-] Segment a17b0d4c-b5bb-4f00-81d1-ce7cf046f04c resource provider aggregate not found
2026-05-25 01:53:02.916 9 INFO neutron.services.segments.plugin [-] Segment a17b0d4c-b5bb-4f00-81d1-ce7cf046f04c resource provider aggregate not found
2026-05-25 01:53:02.932 9 INFO neutron.services.segments.plugin [-] Segment a17b0d4c-b5bb-4f00-81d1-ce7cf046f04c resource provider not found; error: Placement Client Error (4xx): {"errors": [{"status": 404, "title": "Not Found", "detail": "The resource could not be found.\n\n No resource provider with uuid a17b0d4c-b5bb-4f00-81d1-ce7cf046f04c found for delete ", "request_id": "req-f5797d39-589c-4991-9b49-a07cb427bdd6"}]}
2026-05-25 01:53:02.936 9 INFO neutron.services.segments.plugin [-] Segment a17b0d4c-b5bb-4f00-81d1-ce7cf046f04c resource provider not found; error: Placement Client Error (4xx): {"errors": [{"status": 404, "title": "Not Found", "detail": "The resource could not be found.\n\n No resource provider with uuid a17b0d4c-b5bb-4f00-81d1-ce7cf046f04c found for delete ", "request_id": "req-464cb0e7-78d9-42df-aeed-96a299a82ecf"}]}
2026-05-25 01:53:02.954 9 INFO neutron.wsgi [None req-50fa0ccb-04e3-46e8-aabc-c91bc37dea15 10ddb96bd8d346dcb099f3eee6d096b2 bd70295c7b1d4ac78338d27ce10691a8 - - default default] 10.0.0.37 "DELETE /v2.0/networks/953d9dcb-3edd-4a5e-9c35-de666d0d7a58 HTTP/1.1" status: 204 len: 168 time: 0.4266667
2026-05-25 01:53:03.061 10 INFO neutron.db.ovn_revision_numbers_db [None req-5eef49e4-c54c-4af5-b66b-e61f5d0df600 ee2b5c1f227f443eaaf3cb0b45a381ca 048557b62209429380ffbe92b770751c - - default default] Successfully bumped revision number for resource 35b7ed25-cc90-4baf-a522-32e79a954db9 (type: networks) to 1
2026-05-25 01:53:03.271 10 WARNING neutron.scheduler.dhcp_agent_scheduler [None req-5eef49e4-c54c-4af5-b66b-e61f5d0df600 ee2b5c1f227f443eaaf3cb0b45a381ca 048557b62209429380ffbe92b770751c - - default default] No more DHCP agents
2026-05-25 01:53:03.274 10 WARNING neutron.api.rpc.agentnotifiers.dhcp_rpc_agent_api [None req-5eef49e4-c54c-4af5-b66b-e61f5d0df600 ee2b5c1f227f443eaaf3cb0b45a381ca 048557b62209429380ffbe92b770751c - - default default] Unable to schedule network 35b7ed25-cc90-4baf-a522-32e79a954db9: no agents available; will retry on subsequent port and subnet creation events.
2026-05-25 01:53:03.329 9 INFO neutron.wsgi [None req-c05d0e83-f11a-4f9d-a8d6-170a5d64e37d 10ddb96bd8d346dcb099f3eee6d096b2 bd70295c7b1d4ac78338d27ce10691a8 - - default default] 10.0.0.37 "DELETE /v2.0/networks/4f50ea81-cd9b-4b96-b268-ade87faee82b HTTP/1.1" status: 204 len: 168 time: 0.3677816
2026-05-25 01:53:03.392 10 INFO neutron.db.ovn_revision_numbers_db [None req-5eef49e4-c54c-4af5-b66b-e61f5d0df600 ee2b5c1f227f443eaaf3cb0b45a381ca 048557b62209429380ffbe92b770751c - - default default] Successfully bumped revision number for resource 0ecb88f9-1fed-4014-9d06-09c2b865c623 (type: ports) to 1
2026-05-25 01:53:03.420 10 INFO neutron.wsgi [None req-5eef49e4-c54c-4af5-b66b-e61f5d0df600 ee2b5c1f227f443eaaf3cb0b45a381ca 048557b62209429380ffbe92b770751c - - default default] 10.0.0.37 "POST /v2.0/networks HTTP/1.1" status: 201 len: 829 time: 1.0417638
2026-05-25 01:53:03.429 10 WARNING neutron_lib.context [None req-1a319642-2ed4-413c-806a-b3a90937e913 ee2b5c1f227f443eaaf3cb0b45a381ca 048557b62209429380ffbe92b770751c - - default default] Method 'is_advsvc' is deprecated since 2023.2 release (neutron-lib 3.8.0) and will be removed once support for the old RBAC API policies will be removed from Neutron. Please use method 'is_service_role' instead.
2026-05-25 01:53:03.517 10 INFO neutron.db.segments_db [None req-1a319642-2ed4-413c-806a-b3a90937e913 ee2b5c1f227f443eaaf3cb0b45a381ca 048557b62209429380ffbe92b770751c - - default default] Added segment 3e8fa36d-51db-4595-899c-a1e3d7697d1c of type geneve for network bfd7ccd4-f5a6-4edd-bb2a-733595996b37
2026-05-25 01:53:03.683 10 INFO neutron.db.ovn_revision_numbers_db [None req-1a319642-2ed4-413c-806a-b3a90937e913 ee2b5c1f227f443eaaf3cb0b45a381ca 048557b62209429380ffbe92b770751c - - default default] Successfully bumped revision number for resource bfd7ccd4-f5a6-4edd-bb2a-733595996b37 (type: networks) to 1
2026-05-25 01:53:03.752 10 INFO neutron.services.segments.plugin [-] Segment 6003b3a5-0c30-4dbd-ac14-ad5510ef9482 resource provider aggregate not found
2026-05-25 01:53:03.757 10 INFO neutron.services.segments.plugin [-] Segment 6003b3a5-0c30-4dbd-ac14-ad5510ef9482 resource provider aggregate not found
2026-05-25 01:53:03.781 10 INFO neutron.services.segments.plugin [-] Segment 6003b3a5-0c30-4dbd-ac14-ad5510ef9482 resource provider not found; error: Placement Client Error (4xx): {"errors": [{"status": 404, "title": "Not Found", "detail": "The resource could not be found.\n\n No resource provider with uuid 6003b3a5-0c30-4dbd-ac14-ad5510ef9482 found for delete ", "request_id": "req-b8c1bbcd-abc9-47c1-9ec5-6e8df7317bbc"}]}
2026-05-25 01:53:03.782 10 INFO neutron.services.segments.plugin [-] Segment 6003b3a5-0c30-4dbd-ac14-ad5510ef9482 resource provider not found; error: Placement Client Error (4xx): {"errors": [{"status": 404, "title": "Not Found", "detail": "The resource could not be found.\n\n No resource provider with uuid 6003b3a5-0c30-4dbd-ac14-ad5510ef9482 found for delete ", "request_id": "req-8bb85f5e-10c3-4d98-943c-8ace7fe10fcc"}]}
2026-05-25 01:53:03.835 10 INFO neutron.wsgi [None req-0a00f6cc-4778-46e0-ba93-f842e8dc959c 10ddb96bd8d346dcb099f3eee6d096b2 bd70295c7b1d4ac78338d27ce10691a8 - - default default] 10.0.0.37 "DELETE /v2.0/networks/3b03f00a-85db-48a8-a7b5-6d3976fd0258 HTTP/1.1" status: 204 len: 168 time: 0.4992685
2026-05-25 01:53:03.918 10 WARNING neutron.scheduler.dhcp_agent_scheduler [None req-1a319642-2ed4-413c-806a-b3a90937e913 ee2b5c1f227f443eaaf3cb0b45a381ca 048557b62209429380ffbe92b770751c - - default default] No more DHCP agents
2026-05-25 01:53:03.920 10 WARNING neutron.api.rpc.agentnotifiers.dhcp_rpc_agent_api [None req-1a319642-2ed4-413c-806a-b3a90937e913 ee2b5c1f227f443eaaf3cb0b45a381ca 048557b62209429380ffbe92b770751c - - default default] Unable to schedule network bfd7ccd4-f5a6-4edd-bb2a-733595996b37: no agents available; will retry on subsequent port and subnet creation events.
2026-05-25 01:53:03.995 10 INFO neutron.db.ovn_revision_numbers_db [None req-1a319642-2ed4-413c-806a-b3a90937e913 ee2b5c1f227f443eaaf3cb0b45a381ca 048557b62209429380ffbe92b770751c - - default default] Successfully bumped revision number for resource 8c296b59-1bd6-400a-901d-cd81a117a903 (type: ports) to 1
2026-05-25 01:53:04.016 10 INFO neutron.wsgi [None req-1a319642-2ed4-413c-806a-b3a90937e913 ee2b5c1f227f443eaaf3cb0b45a381ca 048557b62209429380ffbe92b770751c - - default default] 10.0.0.37 "POST /v2.0/networks HTTP/1.1" status: 201 len: 829 time: 0.5907941
2026-05-25 01:53:04.027 10 WARNING neutron_lib.context [None req-8fbf959e-49dd-4d5a-a0e2-9e519c3f6db6 ee2b5c1f227f443eaaf3cb0b45a381ca 048557b62209429380ffbe92b770751c - - default default] Method 'is_advsvc' is deprecated since 2023.2 release (neutron-lib 3.8.0) and will be removed once support for the old RBAC API policies will be removed from Neutron. Please use method 'is_service_role' instead.
2026-05-25 01:53:04.219 9 INFO neutron.wsgi [None req-c7b639b9-5036-4235-9c0c-7a167e4aee2e 10ddb96bd8d346dcb099f3eee6d096b2 bd70295c7b1d4ac78338d27ce10691a8 - - default default] 10.0.0.37 "DELETE /v2.0/networks/f2b9fb9b-338f-4962-95f8-585f58e0a6c9 HTTP/1.1" status: 204 len: 168 time: 0.3768456
2026-05-25 01:53:04.341 10 WARNING neutron.scheduler.dhcp_agent_scheduler [None req-8fbf959e-49dd-4d5a-a0e2-9e519c3f6db6 ee2b5c1f227f443eaaf3cb0b45a381ca 048557b62209429380ffbe92b770751c - - default default] No more DHCP agents
2026-05-25 01:53:04.343 10 WARNING neutron.api.rpc.agentnotifiers.dhcp_rpc_agent_api [None req-8fbf959e-49dd-4d5a-a0e2-9e519c3f6db6 ee2b5c1f227f443eaaf3cb0b45a381ca 048557b62209429380ffbe92b770751c - - default default] Unable to schedule network 35b7ed25-cc90-4baf-a522-32e79a954db9: no agents available; will retry on subsequent port and subnet creation events.
2026-05-25 01:53:04.742 10 INFO neutron.wsgi [None req-4d7729ec-13ee-4f2e-913d-74012900cfd7 10ddb96bd8d346dcb099f3eee6d096b2 bd70295c7b1d4ac78338d27ce10691a8 - - default default] 10.0.0.37 "DELETE /v2.0/networks/9a94af67-1ad4-4a57-b25e-b0a5c8444624 HTTP/1.1" status: 204 len: 168 time: 0.5167646
2026-05-25 01:53:04.942 10 INFO neutron.db.ovn_revision_numbers_db [None req-8fbf959e-49dd-4d5a-a0e2-9e519c3f6db6 ee2b5c1f227f443eaaf3cb0b45a381ca 048557b62209429380ffbe92b770751c - - default default] Successfully bumped revision number for resource 0ecb88f9-1fed-4014-9d06-09c2b865c623 (type: ports) to 2
2026-05-25 01:53:04.955 9 INFO neutron.services.segments.plugin [-] Segment 39e21ffe-6a57-4f89-ae99-aa1ff1f7c905 resource provider aggregate not found
2026-05-25 01:53:04.961 9 INFO neutron.services.segments.plugin [-] Segment 39e21ffe-6a57-4f89-ae99-aa1ff1f7c905 resource provider aggregate not found
2026-05-25 01:53:04.972 9 INFO neutron.services.segments.plugin [-] Segment 39e21ffe-6a57-4f89-ae99-aa1ff1f7c905 resource provider not found; error: Placement Client Error (4xx): {"errors": [{"status": 404, "title": "Not Found", "detail": "The resource could not be found.\n\n No resource provider with uuid 39e21ffe-6a57-4f89-ae99-aa1ff1f7c905 found for delete ", "request_id": "req-2cfb8ced-f3d9-4036-a655-ab73571aed2f"}]}
2026-05-25 01:53:04.973 10 INFO neutron.db.ovn_revision_numbers_db [None req-8fbf959e-49dd-4d5a-a0e2-9e519c3f6db6 ee2b5c1f227f443eaaf3cb0b45a381ca 048557b62209429380ffbe92b770751c - - default default] Successfully bumped revision number for resource 13003027-5d92-4cc9-99bb-bc02a8779a91 (type: subnets) to 0
2026-05-25 01:53:04.979 9 INFO neutron.services.segments.plugin [-] Segment 39e21ffe-6a57-4f89-ae99-aa1ff1f7c905 resource provider not found; error: Placement Client Error (4xx): {"errors": [{"status": 404, "title": "Not Found", "detail": "The resource could not be found.\n\n No resource provider with uuid 39e21ffe-6a57-4f89-ae99-aa1ff1f7c905 found for delete ", "request_id": "req-cafa284d-f6b6-4a70-b970-37a56d53053f"}]}
2026-05-25 01:53:04.988 10 INFO neutron.wsgi [None req-8fbf959e-49dd-4d5a-a0e2-9e519c3f6db6 ee2b5c1f227f443eaaf3cb0b45a381ca 048557b62209429380ffbe92b770751c - - default default] 10.0.0.37 "POST /v2.0/subnets HTTP/1.1" status: 201 len: 801 time: 0.9661474
2026-05-25 01:53:04.992 9 INFO neutron.services.segments.plugin [-] Segment 02242f8b-adf4-49de-aade-bfaeb470ea37 resource provider aggregate not found
2026-05-25 01:53:04.996 10 WARNING neutron_lib.context [None req-7855536c-bdb2-47bb-af08-bb872d8c81c2 ee2b5c1f227f443eaaf3cb0b45a381ca 048557b62209429380ffbe92b770751c - - default default] Method 'is_advsvc' is deprecated since 2023.2 release (neutron-lib 3.8.0) and will be removed once support for the old RBAC API policies will be removed from Neutron. Please use method 'is_service_role' instead.
2026-05-25 01:53:04.999 9 INFO neutron.services.segments.plugin [-] Segment 02242f8b-adf4-49de-aade-bfaeb470ea37 resource provider aggregate not found
2026-05-25 01:53:05.013 9 INFO neutron.services.segments.plugin [-] Segment 02242f8b-adf4-49de-aade-bfaeb470ea37 resource provider not found; error: Placement Client Error (4xx): {"errors": [{"status": 404, "title": "Not Found", "detail": "The resource could not be found.\n\n No resource provider with uuid 02242f8b-adf4-49de-aade-bfaeb470ea37 found for delete ", "request_id": "req-86e034cb-32f7-411a-aa83-df2c2bf219bb"}]}
2026-05-25 01:53:05.015 9 INFO neutron.services.segments.plugin [-] Segment 02242f8b-adf4-49de-aade-bfaeb470ea37 resource provider not found; error: Placement Client Error (4xx): {"errors": [{"status": 404, "title": "Not Found", "detail": "The resource could not be found.\n\n No resource provider with uuid 02242f8b-adf4-49de-aade-bfaeb470ea37 found for delete ", "request_id": "req-2b958358-fb7d-4b06-a104-24180f8e0161"}]}
2026-05-25 01:53:05.240 10 WARNING neutron.scheduler.dhcp_agent_scheduler [None req-7855536c-bdb2-47bb-af08-bb872d8c81c2 ee2b5c1f227f443eaaf3cb0b45a381ca 048557b62209429380ffbe92b770751c - - default default] No more DHCP agents
2026-05-25 01:53:05.242 10 WARNING neutron.api.rpc.agentnotifiers.dhcp_rpc_agent_api [None req-7855536c-bdb2-47bb-af08-bb872d8c81c2 ee2b5c1f227f443eaaf3cb0b45a381ca 048557b62209429380ffbe92b770751c - - default default] Unable to schedule network bfd7ccd4-f5a6-4edd-bb2a-733595996b37: no agents available; will retry on subsequent port and subnet creation events.
2026-05-25 01:53:05.779 9 INFO neutron.db.ovn_revision_numbers_db [None req-ef16e68f-bbdf-480b-ab7b-02aa031c7b6a baef6177ba6b47a4bc0d590c5b281e81 f7130fc5f1b34b508094540ca351522e - - default default] Successfully bumped revision number for resource e0c767d6-fb34-4809-b9bd-1d4efd46976f (type: security_groups) to 1
2026-05-25 01:53:05.792 9 INFO neutron.db.ovn_revision_numbers_db [None req-ef16e68f-bbdf-480b-ab7b-02aa031c7b6a baef6177ba6b47a4bc0d590c5b281e81 f7130fc5f1b34b508094540ca351522e - - default default] Successfully bumped revision number for resource 139a21d8-59bc-44d7-8294-ab38cb42ce49 (type: security_group_rules) to 0
2026-05-25 01:53:05.809 9 INFO neutron.db.ovn_revision_numbers_db [None req-ef16e68f-bbdf-480b-ab7b-02aa031c7b6a baef6177ba6b47a4bc0d590c5b281e81 f7130fc5f1b34b508094540ca351522e - - default default] Successfully bumped revision number for resource 15d49627-3b69-4aeb-8b50-b7950bcdb935 (type: security_group_rules) to 0
2026-05-25 01:53:05.815 10 INFO neutron.services.segments.plugin [-] Segment be2aabe1-c19a-4dc6-9c75-b8f75227d237 resource provider aggregate not found
2026-05-25 01:53:05.824 10 INFO neutron.services.segments.plugin [-] Segment be2aabe1-c19a-4dc6-9c75-b8f75227d237 resource provider aggregate not found
2026-05-25 01:53:05.848 9 INFO neutron.db.ovn_revision_numbers_db [None req-ef16e68f-bbdf-480b-ab7b-02aa031c7b6a baef6177ba6b47a4bc0d590c5b281e81 f7130fc5f1b34b508094540ca351522e - - default default] Successfully bumped revision number for resource a31d8fbf-c519-4b3c-ba12-e8c008ffd367 (type: security_group_rules) to 0
2026-05-25 01:53:05.855 10 INFO neutron.services.segments.plugin [-] Segment be2aabe1-c19a-4dc6-9c75-b8f75227d237 resource provider not found; error: Placement Client Error (4xx): {"errors": [{"status": 404, "title": "Not Found", "detail": "The resource could not be found.\n\n No resource provider with uuid be2aabe1-c19a-4dc6-9c75-b8f75227d237 found for delete ", "request_id": "req-6d1f9800-1fda-4939-8917-c0574f7d5a62"}]}
2026-05-25 01:53:05.855 10 INFO neutron.services.segments.plugin [-] Segment be2aabe1-c19a-4dc6-9c75-b8f75227d237 resource provider not found; error: Placement Client Error (4xx): {"errors": [{"status": 404, "title": "Not Found", "detail": "The resource could not be found.\n\n No resource provider with uuid be2aabe1-c19a-4dc6-9c75-b8f75227d237 found for delete ", "request_id": "req-dd9823f7-a7f5-4df8-a5e1-a5c8638c935c"}]}
2026-05-25 01:53:05.863 9 INFO neutron.db.ovn_revision_numbers_db [None req-ef16e68f-bbdf-480b-ab7b-02aa031c7b6a baef6177ba6b47a4bc0d590c5b281e81 f7130fc5f1b34b508094540ca351522e - - default default] Successfully bumped revision number for resource b52f1ce0-e0d9-40ce-ae84-37ac8b78c086 (type: security_group_rules) to 0
2026-05-25 01:53:05.887 9 INFO neutron.wsgi [None req-ef16e68f-bbdf-480b-ab7b-02aa031c7b6a baef6177ba6b47a4bc0d590c5b281e81 f7130fc5f1b34b508094540ca351522e - - default default] 10.0.0.37 "GET /v2.0/security-groups?tenant_id=215ed692619142deb332b36219ae90c9&name=default HTTP/1.1" status: 200 len: 2996 time: 0.3930266
2026-05-25 01:53:05.992 10 INFO neutron.db.ovn_revision_numbers_db [None req-7855536c-bdb2-47bb-af08-bb872d8c81c2 ee2b5c1f227f443eaaf3cb0b45a381ca 048557b62209429380ffbe92b770751c - - default default] Successfully bumped revision number for resource 8c296b59-1bd6-400a-901d-cd81a117a903 (type: ports) to 2
2026-05-25 01:53:06.023 10 INFO neutron.db.ovn_revision_numbers_db [None req-7855536c-bdb2-47bb-af08-bb872d8c81c2 ee2b5c1f227f443eaaf3cb0b45a381ca 048557b62209429380ffbe92b770751c - - default default] Successfully bumped revision number for resource 27dbdadd-9967-484e-aa49-48887c5e0414 (type: subnets) to 0
2026-05-25 01:53:06.040 10 INFO neutron.wsgi [None req-7855536c-bdb2-47bb-af08-bb872d8c81c2 ee2b5c1f227f443eaaf3cb0b45a381ca 048557b62209429380ffbe92b770751c - - default default] 10.0.0.37 "POST /v2.0/subnets HTTP/1.1" status: 201 len: 801 time: 1.0476210
2026-05-25 01:53:06.050 10 WARNING neutron_lib.context [None req-275dbada-6b14-4348-8e70-7a24d64dce2c ee2b5c1f227f443eaaf3cb0b45a381ca 048557b62209429380ffbe92b770751c - - default default] Method 'is_advsvc' is deprecated since 2023.2 release (neutron-lib 3.8.0) and will be removed once support for the old RBAC API policies will be removed from Neutron. Please use method 'is_service_role' instead.
2026-05-25 01:53:06.097 9 INFO neutron.wsgi [None req-85167e7d-87f6-40c8-a146-91f59a735a9c baef6177ba6b47a4bc0d590c5b281e81 f7130fc5f1b34b508094540ca351522e - - default default] 10.0.0.37 "DELETE /v2.0/security-groups/e0c767d6-fb34-4809-b9bd-1d4efd46976f HTTP/1.1" status: 204 len: 168 time: 0.2064435
2026-05-25 01:53:06.209 10 INFO neutron.db.ovn_revision_numbers_db [None req-275dbada-6b14-4348-8e70-7a24d64dce2c ee2b5c1f227f443eaaf3cb0b45a381ca 048557b62209429380ffbe92b770751c - - default default] Successfully bumped revision number for resource 2abcebc6-6b7b-4917-911b-0e1a853af8d5 (type: routers) to 1
2026-05-25 01:53:06.223 10 INFO neutron.wsgi [None req-275dbada-6b14-4348-8e70-7a24d64dce2c ee2b5c1f227f443eaaf3cb0b45a381ca 048557b62209429380ffbe92b770751c - - default default] 10.0.0.37 "POST /v2.0/routers HTTP/1.1" status: 201 len: 686 time: 0.1781976
2026-05-25 01:53:06.286 10 INFO neutron.wsgi [None req-7f5f1f8b-accf-4665-a628-55c0a89d6388 baef6177ba6b47a4bc0d590c5b281e81 f7130fc5f1b34b508094540ca351522e - - default default] 10.0.0.37 "GET /v2.0/security-groups?tenant_id=bd70295c7b1d4ac78338d27ce10691a8&name=default HTTP/1.1" status: 200 len: 2996 time: 0.0414283
2026-05-25 01:53:06.501 10 INFO neutron.wsgi [None req-ee338b66-909e-457d-9594-24d1b9a5e391 baef6177ba6b47a4bc0d590c5b281e81 f7130fc5f1b34b508094540ca351522e - - default default] 10.0.0.37 "DELETE /v2.0/security-groups/1a82bd25-4fb4-4566-8c58-93e81bdb40bb HTTP/1.1" status: 204 len: 168 time: 0.2102063
2026-05-25 01:53:06.669 9 WARNING neutron.scheduler.dhcp_agent_scheduler [None req-87f9db04-6606-4335-8115-d6ca9b34dcb4 ee2b5c1f227f443eaaf3cb0b45a381ca 048557b62209429380ffbe92b770751c - - default default] No more DHCP agents
2026-05-25 01:53:06.672 9 WARNING neutron.api.rpc.agentnotifiers.dhcp_rpc_agent_api [None req-87f9db04-6606-4335-8115-d6ca9b34dcb4 ee2b5c1f227f443eaaf3cb0b45a381ca 048557b62209429380ffbe92b770751c - - default default] Unable to schedule network 35b7ed25-cc90-4baf-a522-32e79a954db9: no agents available; will retry on subsequent port and subnet creation events.
2026-05-25 01:53:06.705 10 INFO neutron.db.ovn_revision_numbers_db [None req-04ca3a95-d62a-4785-8f21-b530ec73c28c baef6177ba6b47a4bc0d590c5b281e81 f7130fc5f1b34b508094540ca351522e - - default default] Successfully bumped revision number for resource 7f22f729-d182-48b5-b091-2a2ea29cb961 (type: security_groups) to 1
2026-05-25 01:53:06.721 10 INFO neutron.db.ovn_revision_numbers_db [None req-04ca3a95-d62a-4785-8f21-b530ec73c28c baef6177ba6b47a4bc0d590c5b281e81 f7130fc5f1b34b508094540ca351522e - - default default] Successfully bumped revision number for resource 0a05534a-09d7-4320-b7e5-e4acd60fc522 (type: security_group_rules) to 0
2026-05-25 01:53:06.734 10 INFO neutron.db.ovn_revision_numbers_db [None req-04ca3a95-d62a-4785-8f21-b530ec73c28c baef6177ba6b47a4bc0d590c5b281e81 f7130fc5f1b34b508094540ca351522e - - default default] Successfully bumped revision number for resource 3ab67261-f7b9-464b-98b7-8160a19b4cf1 (type: security_group_rules) to 0
2026-05-25 01:53:06.750 10 INFO neutron.db.ovn_revision_numbers_db [None req-04ca3a95-d62a-4785-8f21-b530ec73c28c baef6177ba6b47a4bc0d590c5b281e81 f7130fc5f1b34b508094540ca351522e - - default default] Successfully bumped revision number for resource 9ea50c40-4a42-425c-9620-eb5635fb0fd9 (type: security_group_rules) to 0
2026-05-25 01:53:06.763 10 INFO neutron.db.ovn_revision_numbers_db [None req-04ca3a95-d62a-4785-8f21-b530ec73c28c baef6177ba6b47a4bc0d590c5b281e81 f7130fc5f1b34b508094540ca351522e - - default default] Successfully bumped revision number for resource d15dee7e-1750-4ca7-8cf1-7c6b34f686f1 (type: security_group_rules) to 0
2026-05-25 01:53:06.785 10 INFO neutron.wsgi [None req-04ca3a95-d62a-4785-8f21-b530ec73c28c baef6177ba6b47a4bc0d590c5b281e81 f7130fc5f1b34b508094540ca351522e - - default default] 10.0.0.37 "GET /v2.0/security-groups?tenant_id=3106f183ba964a0aa2653d3f1f905346&name=default HTTP/1.1" status: 200 len: 2996 time: 0.1938207
2026-05-25 01:53:06.847 9 INFO neutron.db.ovn_revision_numbers_db [None req-87f9db04-6606-4335-8115-d6ca9b34dcb4 ee2b5c1f227f443eaaf3cb0b45a381ca 048557b62209429380ffbe92b770751c - - default default] Successfully bumped revision number for resource 9998d3bf-3f82-4d13-a818-d000063f9ee2 (type: ports) to 1
2026-05-25 01:53:06.979 10 INFO neutron.wsgi [None req-948f75d3-1263-4b4e-90f6-3325cf06a5f8 baef6177ba6b47a4bc0d590c5b281e81 f7130fc5f1b34b508094540ca351522e - - default default] 10.0.0.37 "DELETE /v2.0/security-groups/7f22f729-d182-48b5-b091-2a2ea29cb961 HTTP/1.1" status: 204 len: 168 time: 0.1875844
2026-05-25 01:53:07.331 9 INFO neutron.wsgi [req-0b951bd4-4046-4db2-842b-5e42c4378e5e req-fc86aad8-99df-4e4e-b279-0efd2b917e9e 123405b07cf64ce797cee66d17ac6677 36007f1606ed4b0da75cff425588c15b - - b3b727d714aa4b2f9d091a30fb27d997 b3b727d714aa4b2f9d091a30fb27d997] 10.0.0.204 "GET /v2.0/ports?device_id=5ffc6a15-7df7-46ec-99e7-b11b96ceaa09 HTTP/1.1" status: 200 len: 1409 time: 0.0559020
2026-05-25 01:53:07.392 9 INFO neutron.wsgi [req-0b951bd4-4046-4db2-842b-5e42c4378e5e req-670ad73c-a942-4d2f-b7e0-d41740cbf3c0 123405b07cf64ce797cee66d17ac6677 36007f1606ed4b0da75cff425588c15b - - b3b727d714aa4b2f9d091a30fb27d997 b3b727d714aa4b2f9d091a30fb27d997] 10.0.0.204 "GET /v2.0/security-groups?id=6972e6e2-e17d-44dd-8fc3-641dbf42032a&fields=id&fields=name HTTP/1.1" status: 200 len: 313 time: 0.0519178
2026-05-25 01:53:07.489 10 INFO neutron.plugins.ml2.drivers.ovn.mech_driver.mech_driver [None req-e00c0a37-db8e-498e-82d3-58664569f0f0 - - - - - -] OVN reports status up for port: 9998d3bf-3f82-4d13-a818-d000063f9ee2
2026-05-25 01:53:07.497 10 INFO neutron.plugins.ml2.plugin [None req-e00c0a37-db8e-498e-82d3-58664569f0f0 - - - - - -] Attempt 1 to provision port 9998d3bf-3f82-4d13-a818-d000063f9ee2
2026-05-25 01:53:07.526 9 INFO neutron.db.ovn_revision_numbers_db [None req-87f9db04-6606-4335-8115-d6ca9b34dcb4 ee2b5c1f227f443eaaf3cb0b45a381ca 048557b62209429380ffbe92b770751c - - default default] Successfully bumped revision number for resource 9998d3bf-3f82-4d13-a818-d000063f9ee2 (type: router_ports) to 1
2026-05-25 01:53:07.678 9 INFO neutron.db.ovn_revision_numbers_db [None req-87f9db04-6606-4335-8115-d6ca9b34dcb4 ee2b5c1f227f443eaaf3cb0b45a381ca 048557b62209429380ffbe92b770751c - - default default] Successfully bumped revision number for resource 9998d3bf-3f82-4d13-a818-d000063f9ee2 (type: ports) to 1
2026-05-25 01:53:07.744 9 WARNING neutron.scheduler.dhcp_agent_scheduler [None req-87f9db04-6606-4335-8115-d6ca9b34dcb4 ee2b5c1f227f443eaaf3cb0b45a381ca 048557b62209429380ffbe92b770751c - - default default] No more DHCP agents
2026-05-25 01:53:07.746 9 WARNING neutron.api.rpc.agentnotifiers.dhcp_rpc_agent_api [None req-87f9db04-6606-4335-8115-d6ca9b34dcb4 ee2b5c1f227f443eaaf3cb0b45a381ca 048557b62209429380ffbe92b770751c - - default default] Unable to schedule network 35b7ed25-cc90-4baf-a522-32e79a954db9: no agents available; will retry on subsequent port and subnet creation events.
2026-05-25 01:53:07.850 10 INFO neutron.db.ovn_revision_numbers_db [None req-e00c0a37-db8e-498e-82d3-58664569f0f0 - - - - - -] Successfully bumped revision number for resource 9998d3bf-3f82-4d13-a818-d000063f9ee2 (type: ports) to 2
2026-05-25 01:53:07.912 9 INFO neutron.db.ovn_revision_numbers_db [None req-87f9db04-6606-4335-8115-d6ca9b34dcb4 ee2b5c1f227f443eaaf3cb0b45a381ca 048557b62209429380ffbe92b770751c - - default default] Successfully bumped revision number for resource 9998d3bf-3f82-4d13-a818-d000063f9ee2 (type: router_ports) to 2
2026-05-25 01:53:07.914 9 INFO neutron.wsgi [None req-87f9db04-6606-4335-8115-d6ca9b34dcb4 ee2b5c1f227f443eaaf3cb0b45a381ca 048557b62209429380ffbe92b770751c - - default default] 10.0.0.37 "PUT /v2.0/routers/2abcebc6-6b7b-4917-911b-0e1a853af8d5/add_router_interface HTTP/1.1" status: 200 len: 503 time: 1.6859725
2026-05-25 01:53:07.999 9 INFO neutron.wsgi [None req-2a40c514-c79a-4553-8772-91d07bdb7195 ee2b5c1f227f443eaaf3cb0b45a381ca 048557b62209429380ffbe92b770751c - - default default] 10.0.0.37 "GET /v2.0/ports/9998d3bf-3f82-4d13-a818-d000063f9ee2 HTTP/1.1" status: 200 len: 1137 time: 0.0805647
2026-05-25 01:53:08.457 9 WARNING neutron.scheduler.dhcp_agent_scheduler [None req-233f8b6d-2860-4b13-91d2-d3a3983ba686 ee2b5c1f227f443eaaf3cb0b45a381ca 048557b62209429380ffbe92b770751c - - default default] No more DHCP agents
2026-05-25 01:53:08.459 9 WARNING neutron.api.rpc.agentnotifiers.dhcp_rpc_agent_api [None req-233f8b6d-2860-4b13-91d2-d3a3983ba686 ee2b5c1f227f443eaaf3cb0b45a381ca 048557b62209429380ffbe92b770751c - - default default] Unable to schedule network bfd7ccd4-f5a6-4edd-bb2a-733595996b37: no agents available; will retry on subsequent port and subnet creation events.
2026-05-25 01:53:08.545 9 INFO neutron.plugins.ml2.drivers.ovn.mech_driver.mech_driver [None req-2c1de30c-89f1-496d-a407-636249d36f82 - - - - - -] OVN reports status down for port: fdb32e20-39b5-4f6a-82bd-9845e4bd4227
2026-05-25 01:53:08.611 10 INFO neutron.wsgi [req-4171a40f-4081-4450-9518-9e29cecde464 req-01e277ad-41b1-4bc5-9fcd-948ba4ace2c4 6df61c74b58b4f1aa1beaef45c1bc2d5 b58d54e71a964df1a3adde5631c19bbb - - default default] 10.0.0.179 "GET /v2.0/ports?device_id=5ffc6a15-7df7-46ec-99e7-b11b96ceaa09 HTTP/1.1" status: 200 len: 1170 time: 0.1019604
2026-05-25 01:53:08.618 9 INFO neutron.db.ovn_revision_numbers_db [None req-233f8b6d-2860-4b13-91d2-d3a3983ba686 ee2b5c1f227f443eaaf3cb0b45a381ca 048557b62209429380ffbe92b770751c - - default default] Successfully bumped revision number for resource 31f4fe11-5ba4-4655-871b-c598b4a97b67 (type: ports) to 1
2026-05-25 01:53:08.648 10 INFO neutron.wsgi [req-4171a40f-4081-4450-9518-9e29cecde464 req-f9a8f832-283f-4904-8f13-d52aee33c81e 6df61c74b58b4f1aa1beaef45c1bc2d5 b58d54e71a964df1a3adde5631c19bbb - - default default] 10.0.0.179 "GET /v2.0/security-groups?id=6972e6e2-e17d-44dd-8fc3-641dbf42032a&fields=id&fields=name HTTP/1.1" status: 200 len: 313 time: 0.0312061
2026-05-25 01:53:08.695 9 INFO neutron.notifiers.nova [-] Nova event matching ['req-ef02fc48-532c-4e1c-bbf5-a4be0c594456'] response: {'server_uuid': '5ffc6a15-7df7-46ec-99e7-b11b96ceaa09', 'name': 'network-vif-unplugged', 'status': 'completed', 'tag': 'fdb32e20-39b5-4f6a-82bd-9845e4bd4227', 'code': 200}
2026-05-25 01:53:08.844 10 INFO neutron.wsgi [req-7de21420-4e7a-45bf-bc3f-1d24d1fcd3f7 req-e3bea767-33bd-491b-bfd6-a3a5f3dee9eb 6df61c74b58b4f1aa1beaef45c1bc2d5 b58d54e71a964df1a3adde5631c19bbb - - default default] 199.204.45.246 "GET /v2.0/ports?device_id=5ffc6a15-7df7-46ec-99e7-b11b96ceaa09 HTTP/1.1" status: 200 len: 1168 time: 0.0377443
2026-05-25 01:53:08.906 9 INFO neutron.db.ovn_revision_numbers_db [None req-2c1de30c-89f1-496d-a407-636249d36f82 - - - - - -] Successfully bumped revision number for resource fdb32e20-39b5-4f6a-82bd-9845e4bd4227 (type: ports) to 5
2026-05-25 01:53:09.121 9 INFO neutron.plugins.ml2.drivers.ovn.mech_driver.mech_driver [None req-2c1de30c-89f1-496d-a407-636249d36f82 - - - - - -] OVN reports status up for port: 31f4fe11-5ba4-4655-871b-c598b4a97b67
2026-05-25 01:53:09.138 9 INFO neutron.plugins.ml2.plugin [None req-2c1de30c-89f1-496d-a407-636249d36f82 - - - - - -] Attempt 1 to provision port 31f4fe11-5ba4-4655-871b-c598b4a97b67
2026-05-25 01:53:09.156 10 INFO neutron.db.l3_db [req-7de21420-4e7a-45bf-bc3f-1d24d1fcd3f7 req-550349c2-fbf8-43c2-88a4-bb1a2269ba6f 6df61c74b58b4f1aa1beaef45c1bc2d5 b58d54e71a964df1a3adde5631c19bbb - - default default] Floating IP f2d89eb8-0ad8-4386-9c98-58b717b74b4b disassociated. External IP: 10.96.250.208, port: fdb32e20-39b5-4f6a-82bd-9845e4bd4227.
2026-05-25 01:53:09.163 9 INFO neutron.db.ovn_revision_numbers_db [None req-233f8b6d-2860-4b13-91d2-d3a3983ba686 ee2b5c1f227f443eaaf3cb0b45a381ca 048557b62209429380ffbe92b770751c - - default default] Successfully bumped revision number for resource 31f4fe11-5ba4-4655-871b-c598b4a97b67 (type: router_ports) to 1
2026-05-25 01:53:09.344 10 INFO neutron.wsgi [req-7de21420-4e7a-45bf-bc3f-1d24d1fcd3f7 req-550349c2-fbf8-43c2-88a4-bb1a2269ba6f 6df61c74b58b4f1aa1beaef45c1bc2d5 b58d54e71a964df1a3adde5631c19bbb - - default default] 199.204.45.246 "DELETE /v2.0/ports/fdb32e20-39b5-4f6a-82bd-9845e4bd4227 HTTP/1.1" status: 204 len: 173 time: 0.4959736
2026-05-25 01:53:09.386 9 INFO neutron.db.ovn_revision_numbers_db [None req-233f8b6d-2860-4b13-91d2-d3a3983ba686 ee2b5c1f227f443eaaf3cb0b45a381ca 048557b62209429380ffbe92b770751c - - default default] Successfully bumped revision number for resource 31f4fe11-5ba4-4655-871b-c598b4a97b67 (type: ports) to 1
2026-05-25 01:53:09.386 10 WARNING neutron_lib.context [None req-a9d64cdc-463a-46ba-825f-a8670311864e ec879e69bbae47a89751e576560c0bac 42b6c1f8843c49ec8e8e51b5065a4b17 - - default default] Method 'is_advsvc' is deprecated since 2023.2 release (neutron-lib 3.8.0) and will be removed once support for the old RBAC API policies will be removed from Neutron. Please use method 'is_service_role' instead.
2026-05-25 01:53:09.390 10 INFO neutron.notifiers.nova [-] Nova event matching ['req-1115ee31-1203-47e0-8856-0d46a22d38fc'] response: {'server_uuid': '5ffc6a15-7df7-46ec-99e7-b11b96ceaa09', 'name': 'network-vif-deleted', 'tag': 'fdb32e20-39b5-4f6a-82bd-9845e4bd4227', 'status': 'completed', 'code': 200}
2026-05-25 01:53:09.495 9 WARNING neutron.scheduler.dhcp_agent_scheduler [None req-233f8b6d-2860-4b13-91d2-d3a3983ba686 ee2b5c1f227f443eaaf3cb0b45a381ca 048557b62209429380ffbe92b770751c - - default default] No more DHCP agents
2026-05-25 01:53:09.501 9 WARNING neutron.api.rpc.agentnotifiers.dhcp_rpc_agent_api [None req-233f8b6d-2860-4b13-91d2-d3a3983ba686 ee2b5c1f227f443eaaf3cb0b45a381ca 048557b62209429380ffbe92b770751c - - default default] Unable to schedule network bfd7ccd4-f5a6-4edd-bb2a-733595996b37: no agents available; will retry on subsequent port and subnet creation events.
2026-05-25 01:53:09.517 9 INFO neutron.db.ovn_revision_numbers_db [None req-2c1de30c-89f1-496d-a407-636249d36f82 - - - - - -] Successfully bumped revision number for resource 31f4fe11-5ba4-4655-871b-c598b4a97b67 (type: ports) to 2
2026-05-25 01:53:09.521 10 INFO neutron.db.ovn_revision_numbers_db [None req-a9d64cdc-463a-46ba-825f-a8670311864e ec879e69bbae47a89751e576560c0bac 42b6c1f8843c49ec8e8e51b5065a4b17 - - default default] Successfully bumped revision number for resource 9ffc38a6-c331-48dc-a323-3472be3641c0 (type: security_groups) to 1
2026-05-25 01:53:09.536 10 INFO neutron.db.ovn_revision_numbers_db [None req-a9d64cdc-463a-46ba-825f-a8670311864e ec879e69bbae47a89751e576560c0bac 42b6c1f8843c49ec8e8e51b5065a4b17 - - default default] Successfully bumped revision number for resource 905b247f-a107-45db-8982-9f8e073d683c (type: security_group_rules) to 0
2026-05-25 01:53:09.551 10 INFO neutron.db.ovn_revision_numbers_db [None req-a9d64cdc-463a-46ba-825f-a8670311864e ec879e69bbae47a89751e576560c0bac 42b6c1f8843c49ec8e8e51b5065a4b17 - - default default] Successfully bumped revision number for resource d3e12422-87e5-40d4-a124-29e65600d701 (type: security_group_rules) to 0
2026-05-25 01:53:09.574 10 INFO neutron.db.ovn_revision_numbers_db [None req-a9d64cdc-463a-46ba-825f-a8670311864e ec879e69bbae47a89751e576560c0bac 42b6c1f8843c49ec8e8e51b5065a4b17 - - default default] Successfully bumped revision number for resource dec1b83c-131d-4a7e-89fc-3d1d17b09837 (type: security_group_rules) to 0
2026-05-25 01:53:09.589 10 INFO neutron.db.ovn_revision_numbers_db [None req-a9d64cdc-463a-46ba-825f-a8670311864e ec879e69bbae47a89751e576560c0bac 42b6c1f8843c49ec8e8e51b5065a4b17 - - default default] Successfully bumped revision number for resource f54858e8-2597-449f-86cc-e9420f5a58f5 (type: security_group_rules) to 0
2026-05-25 01:53:09.638 9 INFO neutron.db.ovn_revision_numbers_db [None req-2c1de30c-89f1-496d-a407-636249d36f82 - - - - - -] Successfully bumped revision number for resource 31f4fe11-5ba4-4655-871b-c598b4a97b67 (type: router_ports) to 2
2026-05-25 01:53:09.646 10 INFO neutron.db.segments_db [None req-a9d64cdc-463a-46ba-825f-a8670311864e ec879e69bbae47a89751e576560c0bac 42b6c1f8843c49ec8e8e51b5065a4b17 - - default default] Added segment 4dd39271-2956-4a60-a613-e1b1673de2c9 of type geneve for network f50b5294-8b59-4a82-a5ef-d6392f88ca08
2026-05-25 01:53:09.839 10 INFO neutron.db.ovn_revision_numbers_db [None req-a9d64cdc-463a-46ba-825f-a8670311864e ec879e69bbae47a89751e576560c0bac 42b6c1f8843c49ec8e8e51b5065a4b17 - - default default] Successfully bumped revision number for resource f50b5294-8b59-4a82-a5ef-d6392f88ca08 (type: networks) to 1
2026-05-25 01:53:09.949 9 INFO neutron.db.ovn_revision_numbers_db [None req-233f8b6d-2860-4b13-91d2-d3a3983ba686 ee2b5c1f227f443eaaf3cb0b45a381ca 048557b62209429380ffbe92b770751c - - default default] Successfully bumped revision number for resource 31f4fe11-5ba4-4655-871b-c598b4a97b67 (type: router_ports) to 2
2026-05-25 01:53:09.951 9 INFO neutron.wsgi [None req-233f8b6d-2860-4b13-91d2-d3a3983ba686 ee2b5c1f227f443eaaf3cb0b45a381ca 048557b62209429380ffbe92b770751c - - default default] 10.0.0.37 "PUT /v2.0/routers/2abcebc6-6b7b-4917-911b-0e1a853af8d5/add_router_interface HTTP/1.1" status: 200 len: 503 time: 1.9484286
2026-05-25 01:53:09.961 10 INFO neutron.wsgi [None req-f331043c-4580-4a3b-8a5f-3fa460a9fe9e 6df61c74b58b4f1aa1beaef45c1bc2d5 b58d54e71a964df1a3adde5631c19bbb - - default default] 10.0.0.37 "DELETE /v2.0/security-groups/6972e6e2-e17d-44dd-8fc3-641dbf42032a HTTP/1.1" status: 204 len: 168 time: 0.2353761 /var/lib/openstack/lib/python3.10/site-packages/pycadf/identifier.py:71: UserWarning: Invalid uuid: neutron. To ensure interoperability, identifiers should be a valid uuid. warnings.warn(('Invalid uuid: %s. To ensure interoperability, '
2026-05-25 01:53:10.058 9 INFO neutron.wsgi [None req-c473742a-d851-405c-9411-e534d79c7477 ee2b5c1f227f443eaaf3cb0b45a381ca 048557b62209429380ffbe92b770751c - - default default] 10.0.0.37 "GET /v2.0/ports/31f4fe11-5ba4-4655-871b-c598b4a97b67 HTTP/1.1" status: 200 len: 1137 time: 0.0970209
2026-05-25 01:53:10.064 10 WARNING neutron.scheduler.dhcp_agent_scheduler [None req-a9d64cdc-463a-46ba-825f-a8670311864e ec879e69bbae47a89751e576560c0bac 42b6c1f8843c49ec8e8e51b5065a4b17 - - default default] No more DHCP agents
2026-05-25 01:53:10.070 10 WARNING neutron.api.rpc.agentnotifiers.dhcp_rpc_agent_api [None req-a9d64cdc-463a-46ba-825f-a8670311864e ec879e69bbae47a89751e576560c0bac 42b6c1f8843c49ec8e8e51b5065a4b17 - - default default] Unable to schedule network f50b5294-8b59-4a82-a5ef-d6392f88ca08: no agents available; will retry on subsequent port and subnet creation events.
2026-05-25 01:53:10.115 9 INFO neutron.wsgi [None req-1a9c9187-c390-4ce1-b3f6-ae182ef5e692 ee2b5c1f227f443eaaf3cb0b45a381ca 048557b62209429380ffbe92b770751c - - default default] 10.0.0.37 "GET /v2.0/ports/31f4fe11-5ba4-4655-871b-c598b4a97b67 HTTP/1.1" status: 200 len: 1137 time: 0.0522237
2026-05-25 01:53:10.206 10 INFO neutron.db.ovn_revision_numbers_db [None req-a9d64cdc-463a-46ba-825f-a8670311864e ec879e69bbae47a89751e576560c0bac 42b6c1f8843c49ec8e8e51b5065a4b17 - - default default] Successfully bumped revision number for resource de5fec1b-e57e-4291-ac19-46d4055b5b9e (type: ports) to 1
2026-05-25 01:53:10.244 10 INFO neutron.wsgi [None req-a9d64cdc-463a-46ba-825f-a8670311864e ec879e69bbae47a89751e576560c0bac 42b6c1f8843c49ec8e8e51b5065a4b17 - - default default] 10.0.0.37 "POST /v2.0/networks HTTP/1.1" status: 201 len: 838 time: 1.0335805
2026-05-25 01:53:10.254 10 WARNING neutron_lib.context [None req-b217e2d8-bb64-4f66-ad31-9ee437963e30 ec879e69bbae47a89751e576560c0bac 42b6c1f8843c49ec8e8e51b5065a4b17 - - default default] Method 'is_advsvc' is deprecated since 2023.2 release (neutron-lib 3.8.0) and will be removed once support for the old RBAC API policies will be removed from Neutron. Please use method 'is_service_role' instead.
2026-05-25 01:53:10.494 10 INFO neutron.wsgi [None req-7927cc5f-b903-45a7-af1c-fa368a593257 6df61c74b58b4f1aa1beaef45c1bc2d5 b58d54e71a964df1a3adde5631c19bbb - - default default] 10.0.0.37 "DELETE /v2.0/floatingips/f2d89eb8-0ad8-4386-9c98-58b717b74b4b HTTP/1.1" status: 204 len: 168 time: 0.5025702
2026-05-25 01:53:10.530 10 WARNING neutron.scheduler.dhcp_agent_scheduler [None req-b217e2d8-bb64-4f66-ad31-9ee437963e30 ec879e69bbae47a89751e576560c0bac 42b6c1f8843c49ec8e8e51b5065a4b17 - - default default] No more DHCP agents
2026-05-25 01:53:10.534 10 WARNING neutron.api.rpc.agentnotifiers.dhcp_rpc_agent_api [None req-b217e2d8-bb64-4f66-ad31-9ee437963e30 ec879e69bbae47a89751e576560c0bac 42b6c1f8843c49ec8e8e51b5065a4b17 - - default default] Unable to schedule network f50b5294-8b59-4a82-a5ef-d6392f88ca08: no agents available; will retry on subsequent port and subnet creation events.
2026-05-25 01:53:10.723 10 INFO neutron.wsgi [req-e80e8899-a24b-4d65-b061-13f34f9fc1ec req-53b50b0b-f5dc-4c29-8eb7-903504b0f66e 6df61c74b58b4f1aa1beaef45c1bc2d5 b58d54e71a964df1a3adde5631c19bbb - - default default] 10.0.0.179 "GET /v2.0/ports?device_id=b4e5e441-8a16-4597-98cd-5a55ef5c4d48 HTTP/1.1" status: 200 len: 1170 time: 0.0439982
2026-05-25 01:53:10.761 9 INFO neutron.notifiers.nova [-] Nova event matching ['req-eba2a24f-8669-4b4c-b430-3b7994212bd5'] response: {'server_uuid': '5ffc6a15-7df7-46ec-99e7-b11b96ceaa09', 'name': 'network-vif-plugged', 'status': 'completed', 'tag': 'fdb32e20-39b5-4f6a-82bd-9845e4bd4227', 'code': 200}
2026-05-25 01:53:10.777 10 INFO neutron.wsgi [req-e80e8899-a24b-4d65-b061-13f34f9fc1ec req-d295afef-66df-426f-a5cf-63d6055dc30b 6df61c74b58b4f1aa1beaef45c1bc2d5 b58d54e71a964df1a3adde5631c19bbb - - default default] 10.0.0.179 "GET /v2.0/security-groups?id=af6258bf-95c2-4ec2-b9ff-c5a4787f0eff&fields=id&fields=name HTTP/1.1" status: 200 len: 313 time: 0.0478499
2026-05-25 01:53:10.949 9 INFO neutron.wsgi [None req-e8ff1b79-4b00-442e-90ef-00323cace312 ee2b5c1f227f443eaaf3cb0b45a381ca 048557b62209429380ffbe92b770751c - - default default] 10.0.0.37 "PUT /v2.0/routers/2abcebc6-6b7b-4917-911b-0e1a853af8d5/remove_router_interface HTTP/1.1" status: 200 len: 503 time: 0.8289828 /var/lib/openstack/lib/python3.10/site-packages/pycadf/identifier.py:71: UserWarning: Invalid uuid: neutron. To ensure interoperability, identifiers should be a valid uuid. warnings.warn(('Invalid uuid: %s. To ensure interoperability, '
2026-05-25 01:53:11.003 9 INFO neutron.wsgi [None req-af881c47-f51b-4d7d-9e21-977cf80839e8 ee2b5c1f227f443eaaf3cb0b45a381ca 048557b62209429380ffbe92b770751c - - default default] 10.0.0.37 "GET /v2.0/ports/9998d3bf-3f82-4d13-a818-d000063f9ee2 HTTP/1.1" status: 200 len: 1137 time: 0.0499377
2026-05-25 01:53:11.017 10 INFO neutron.wsgi [req-09cd8e2f-f0e8-4435-9233-f8ebb8778a21 req-1e8bf193-c10b-417c-9dd7-ec4af47a6358 6df61c74b58b4f1aa1beaef45c1bc2d5 b58d54e71a964df1a3adde5631c19bbb - - default default] 199.204.45.246 "GET /v2.0/ports?device_id=b4e5e441-8a16-4597-98cd-5a55ef5c4d48 HTTP/1.1" status: 200 len: 1170 time: 0.0517166
2026-05-25 01:53:11.574 9 WARNING neutron_lib.context [None req-df3b23af-bc7e-47a8-9b7c-8c30d507a214 3b95bab78b54401ab6816c67df922cc6 cf614e209ea146a9b88276990e96c21a - - default default] Method 'is_advsvc' is deprecated since 2023.2 release (neutron-lib 3.8.0) and will be removed once support for the old RBAC API policies will be removed from Neutron. Please use method 'is_service_role' instead.
2026-05-25 01:53:11.612 10 INFO neutron.db.ovn_revision_numbers_db [None req-b217e2d8-bb64-4f66-ad31-9ee437963e30 ec879e69bbae47a89751e576560c0bac 42b6c1f8843c49ec8e8e51b5065a4b17 - - default default] Successfully bumped revision number for resource de5fec1b-e57e-4291-ac19-46d4055b5b9e (type: ports) to 2
2026-05-25 01:53:11.669 10 INFO neutron.db.ovn_revision_numbers_db [None req-b217e2d8-bb64-4f66-ad31-9ee437963e30 ec879e69bbae47a89751e576560c0bac 42b6c1f8843c49ec8e8e51b5065a4b17 - - default default] Successfully bumped revision number for resource 20331390-8429-4c4a-83d6-54b49ce15344 (type: subnets) to 0
2026-05-25 01:53:11.678 9 INFO neutron.db.ovn_revision_numbers_db [None req-df3b23af-bc7e-47a8-9b7c-8c30d507a214 3b95bab78b54401ab6816c67df922cc6 cf614e209ea146a9b88276990e96c21a - - default default] Successfully bumped revision number for resource df439ac4-3f00-475d-9382-057c7014e7c1 (type: security_groups) to 1
2026-05-25 01:53:11.693 9 INFO neutron.db.ovn_revision_numbers_db [None req-df3b23af-bc7e-47a8-9b7c-8c30d507a214 3b95bab78b54401ab6816c67df922cc6 cf614e209ea146a9b88276990e96c21a - - default default] Successfully bumped revision number for resource 3982df1f-4987-4840-baf5-c4d50088a9fe (type: security_group_rules) to 0
2026-05-25 01:53:11.699 10 INFO neutron.wsgi [None req-b217e2d8-bb64-4f66-ad31-9ee437963e30 ec879e69bbae47a89751e576560c0bac 42b6c1f8843c49ec8e8e51b5065a4b17 - - default default] 10.0.0.37 "POST /v2.0/subnets HTTP/1.1" status: 201 len: 833 time: 1.4493537
2026-05-25 01:53:11.708 9 INFO neutron.db.ovn_revision_numbers_db [None req-df3b23af-bc7e-47a8-9b7c-8c30d507a214 3b95bab78b54401ab6816c67df922cc6 cf614e209ea146a9b88276990e96c21a - - default default] Successfully bumped revision number for resource 95ba10d1-4463-4e3e-954a-ebc4ffdde6d6 (type: security_group_rules) to 0
