2026-05-25 01:50:18.375 9 INFO neutron.db.ovn_revision_numbers_db [None req-61926f42-d472-495e-a841-3ea70c7e5db1 baef6177ba6b47a4bc0d590c5b281e81 f7130fc5f1b34b508094540ca351522e - - default default] Successfully bumped revision number for resource bd0da7a5-f6fa-4e61-ac8a-ff472a7c1dc5 (type: networks) to 1
2026-05-25 01:50:18.418 10 INFO neutron.db.ovn_revision_numbers_db [None req-56cd3a95-f575-427f-8535-19d9055ee0a9 baef6177ba6b47a4bc0d590c5b281e81 f7130fc5f1b34b508094540ca351522e - - default default] Successfully bumped revision number for resource b203a92c-6e3b-492b-9b94-e17d3a8c3142 (type: security_groups) to 1
2026-05-25 01:50:18.435 10 INFO neutron.db.ovn_revision_numbers_db [None req-56cd3a95-f575-427f-8535-19d9055ee0a9 baef6177ba6b47a4bc0d590c5b281e81 f7130fc5f1b34b508094540ca351522e - - default default] Successfully bumped revision number for resource 1378ee21-b58a-4581-9a45-34f686a7d524 (type: security_group_rules) to 0
2026-05-25 01:50:18.453 10 INFO neutron.db.ovn_revision_numbers_db [None req-56cd3a95-f575-427f-8535-19d9055ee0a9 baef6177ba6b47a4bc0d590c5b281e81 f7130fc5f1b34b508094540ca351522e - - default default] Successfully bumped revision number for resource 51a74c38-7062-4631-a646-d458986cc423 (type: security_group_rules) to 0
2026-05-25 01:50:18.478 10 INFO neutron.db.ovn_revision_numbers_db [None req-56cd3a95-f575-427f-8535-19d9055ee0a9 baef6177ba6b47a4bc0d590c5b281e81 f7130fc5f1b34b508094540ca351522e - - default default] Successfully bumped revision number for resource b7b4bb34-222a-4826-bebe-3cb9fb56941b (type: security_group_rules) to 0
2026-05-25 01:50:18.500 10 INFO neutron.db.ovn_revision_numbers_db [None req-56cd3a95-f575-427f-8535-19d9055ee0a9 baef6177ba6b47a4bc0d590c5b281e81 f7130fc5f1b34b508094540ca351522e - - default default] Successfully bumped revision number for resource fe35bfbb-b131-4e8b-9cfd-9373539af505 (type: security_group_rules) to 0
2026-05-25 01:50:18.557 10 INFO neutron.db.segments_db [None req-56cd3a95-f575-427f-8535-19d9055ee0a9 baef6177ba6b47a4bc0d590c5b281e81 f7130fc5f1b34b508094540ca351522e - - default default] Added segment b4c511c7-ebab-401a-82dd-0aa96c298954 of type geneve for network 9f4de731-981d-41e9-b632-3fb0d2cc2545
2026-05-25 01:50:18.571 9 WARNING neutron.scheduler.dhcp_agent_scheduler [None req-61926f42-d472-495e-a841-3ea70c7e5db1 baef6177ba6b47a4bc0d590c5b281e81 f7130fc5f1b34b508094540ca351522e - - default default] No more DHCP agents
2026-05-25 01:50:18.573 9 WARNING neutron.api.rpc.agentnotifiers.dhcp_rpc_agent_api [None req-61926f42-d472-495e-a841-3ea70c7e5db1 baef6177ba6b47a4bc0d590c5b281e81 f7130fc5f1b34b508094540ca351522e - - default default] Unable to schedule network bd0da7a5-f6fa-4e61-ac8a-ff472a7c1dc5: no agents available; will retry on subsequent port and subnet creation events.
2026-05-25 01:50:18.666 9 INFO neutron.db.ovn_revision_numbers_db [None req-61926f42-d472-495e-a841-3ea70c7e5db1 baef6177ba6b47a4bc0d590c5b281e81 f7130fc5f1b34b508094540ca351522e - - default default] Successfully bumped revision number for resource 9cefcdb0-ed05-48ef-a1cf-e7b4b3156be1 (type: ports) to 1
2026-05-25 01:50:18.686 9 INFO neutron.wsgi [None req-61926f42-d472-495e-a841-3ea70c7e5db1 baef6177ba6b47a4bc0d590c5b281e81 f7130fc5f1b34b508094540ca351522e - - default default] 10.0.0.37 "POST /v2.0/networks HTTP/1.1" status: 201 len: 945 time: 0.9205406
2026-05-25 01:50:18.703 10 INFO neutron.db.ovn_revision_numbers_db [None req-56cd3a95-f575-427f-8535-19d9055ee0a9 baef6177ba6b47a4bc0d590c5b281e81 f7130fc5f1b34b508094540ca351522e - - default default] Successfully bumped revision number for resource 9f4de731-981d-41e9-b632-3fb0d2cc2545 (type: networks) to 1
2026-05-25 01:50:18.864 9 WARNING neutron.scheduler.dhcp_agent_scheduler [None req-894493ac-e799-4e58-b87f-d8ef66b57761 baef6177ba6b47a4bc0d590c5b281e81 f7130fc5f1b34b508094540ca351522e - - default default] No more DHCP agents
2026-05-25 01:50:18.866 9 WARNING neutron.api.rpc.agentnotifiers.dhcp_rpc_agent_api [None req-894493ac-e799-4e58-b87f-d8ef66b57761 baef6177ba6b47a4bc0d590c5b281e81 f7130fc5f1b34b508094540ca351522e - - default default] Unable to schedule network bd0da7a5-f6fa-4e61-ac8a-ff472a7c1dc5: no agents available; will retry on subsequent port and subnet creation events.
2026-05-25 01:50:18.867 10 WARNING neutron.scheduler.dhcp_agent_scheduler [None req-56cd3a95-f575-427f-8535-19d9055ee0a9 baef6177ba6b47a4bc0d590c5b281e81 f7130fc5f1b34b508094540ca351522e - - default default] No more DHCP agents
2026-05-25 01:50:18.871 10 WARNING neutron.api.rpc.agentnotifiers.dhcp_rpc_agent_api [None req-56cd3a95-f575-427f-8535-19d9055ee0a9 baef6177ba6b47a4bc0d590c5b281e81 f7130fc5f1b34b508094540ca351522e - - default default] Unable to schedule network 9f4de731-981d-41e9-b632-3fb0d2cc2545: no agents available; will retry on subsequent port and subnet creation events.
2026-05-25 01:50:18.987 10 INFO neutron.db.ovn_revision_numbers_db [None req-56cd3a95-f575-427f-8535-19d9055ee0a9 baef6177ba6b47a4bc0d590c5b281e81 f7130fc5f1b34b508094540ca351522e - - default default] Successfully bumped revision number for resource a2abeded-96b6-4997-84ba-b1721c4d6d0d (type: ports) to 1
2026-05-25 01:50:19.029 10 INFO neutron.wsgi [None req-56cd3a95-f575-427f-8535-19d9055ee0a9 baef6177ba6b47a4bc0d590c5b281e81 f7130fc5f1b34b508094540ca351522e - - default default] 10.0.0.37 "POST /v2.0/networks HTTP/1.1" status: 201 len: 947 time: 0.8537989
2026-05-25 01:50:19.113 10 INFO neutron.db.ovn_revision_numbers_db [None req-657635f5-e481-4e06-87f7-62cef47808f4 baef6177ba6b47a4bc0d590c5b281e81 f7130fc5f1b34b508094540ca351522e - - default default] Successfully bumped revision number for resource a9140a08-4e28-4569-b28e-266b611ad895 (type: security_groups) to 1
2026-05-25 01:50:19.137 10 INFO neutron.db.ovn_revision_numbers_db [None req-657635f5-e481-4e06-87f7-62cef47808f4 baef6177ba6b47a4bc0d590c5b281e81 f7130fc5f1b34b508094540ca351522e - - default default] Successfully bumped revision number for resource 1ac00511-1a59-43fb-a171-f3d56995e2a6 (type: security_group_rules) to 0
2026-05-25 01:50:19.153 10 INFO neutron.db.ovn_revision_numbers_db [None req-657635f5-e481-4e06-87f7-62cef47808f4 baef6177ba6b47a4bc0d590c5b281e81 f7130fc5f1b34b508094540ca351522e - - default default] Successfully bumped revision number for resource 232ce804-a0ae-45f1-a52e-7cc9e1738f16 (type: security_group_rules) to 0
2026-05-25 01:50:19.168 10 INFO neutron.db.ovn_revision_numbers_db [None req-657635f5-e481-4e06-87f7-62cef47808f4 baef6177ba6b47a4bc0d590c5b281e81 f7130fc5f1b34b508094540ca351522e - - default default] Successfully bumped revision number for resource 47851afe-7735-4f27-b6ce-59ca60430123 (type: security_group_rules) to 0
2026-05-25 01:50:19.181 10 INFO neutron.db.ovn_revision_numbers_db [None req-657635f5-e481-4e06-87f7-62cef47808f4 baef6177ba6b47a4bc0d590c5b281e81 f7130fc5f1b34b508094540ca351522e - - default default] Successfully bumped revision number for resource fbc537d0-010c-41a9-9477-1af387cc5635 (type: security_group_rules) to 0
2026-05-25 01:50:19.205 10 INFO neutron.wsgi [None req-657635f5-e481-4e06-87f7-62cef47808f4 baef6177ba6b47a4bc0d590c5b281e81 f7130fc5f1b34b508094540ca351522e - - default default] 10.0.0.37 "GET /v2.0/security-groups?tenant_id=94e436a6493740458ddcc5514ccd300a&name=default HTTP/1.1" status: 200 len: 2992 time: 0.4860561
2026-05-25 01:50:19.316 9 WARNING neutron.scheduler.dhcp_agent_scheduler [None req-b4a59fb9-7b87-4e04-a020-c6b564e31c49 baef6177ba6b47a4bc0d590c5b281e81 f7130fc5f1b34b508094540ca351522e - - default default] No more DHCP agents
2026-05-25 01:50:19.343 9 WARNING neutron.api.rpc.agentnotifiers.dhcp_rpc_agent_api [None req-b4a59fb9-7b87-4e04-a020-c6b564e31c49 baef6177ba6b47a4bc0d590c5b281e81 f7130fc5f1b34b508094540ca351522e - - default default] Unable to schedule network 9f4de731-981d-41e9-b632-3fb0d2cc2545: no agents available; will retry on subsequent port and subnet creation events.
2026-05-25 01:50:19.465 10 INFO neutron.wsgi [None req-0d123bc7-1f95-4bc3-90df-77ef6ae080ac baef6177ba6b47a4bc0d590c5b281e81 f7130fc5f1b34b508094540ca351522e - - default default] 10.0.0.37 "DELETE /v2.0/security-groups/a9140a08-4e28-4569-b28e-266b611ad895 HTTP/1.1" status: 204 len: 168 time: 0.2548923
2026-05-25 01:50:19.651 9 INFO neutron.db.ovn_revision_numbers_db [None req-894493ac-e799-4e58-b87f-d8ef66b57761 baef6177ba6b47a4bc0d590c5b281e81 f7130fc5f1b34b508094540ca351522e - - default default] Successfully bumped revision number for resource 9cefcdb0-ed05-48ef-a1cf-e7b4b3156be1 (type: ports) to 2
2026-05-25 01:50:19.700 9 INFO neutron.db.ovn_revision_numbers_db [None req-894493ac-e799-4e58-b87f-d8ef66b57761 baef6177ba6b47a4bc0d590c5b281e81 f7130fc5f1b34b508094540ca351522e - - default default] Successfully bumped revision number for resource 60280621-380c-40e8-9efe-519ea9b6325b (type: subnets) to 0
2026-05-25 01:50:19.720 9 INFO neutron.wsgi [None req-894493ac-e799-4e58-b87f-d8ef66b57761 baef6177ba6b47a4bc0d590c5b281e81 f7130fc5f1b34b508094540ca351522e - - default default] 10.0.0.37 "POST /v2.0/subnets HTTP/1.1" status: 201 len: 865 time: 1.0275545
2026-05-25 01:50:20.199 9 INFO neutron.db.ovn_revision_numbers_db [None req-b4a59fb9-7b87-4e04-a020-c6b564e31c49 baef6177ba6b47a4bc0d590c5b281e81 f7130fc5f1b34b508094540ca351522e - - default default] Successfully bumped revision number for resource a2abeded-96b6-4997-84ba-b1721c4d6d0d (type: ports) to 2
2026-05-25 01:50:20.249 9 INFO neutron.db.ovn_revision_numbers_db [None req-b4a59fb9-7b87-4e04-a020-c6b564e31c49 baef6177ba6b47a4bc0d590c5b281e81 f7130fc5f1b34b508094540ca351522e - - default default] Successfully bumped revision number for resource f69add8a-376a-4fef-9fa2-4f384e8c667b (type: subnets) to 0
2026-05-25 01:50:20.276 9 INFO neutron.wsgi [None req-b4a59fb9-7b87-4e04-a020-c6b564e31c49 baef6177ba6b47a4bc0d590c5b281e81 f7130fc5f1b34b508094540ca351522e - - default default] 10.0.0.37 "POST /v2.0/subnets HTTP/1.1" status: 201 len: 867 time: 1.2392631
2026-05-25 01:50:20.366 9 WARNING neutron.scheduler.dhcp_agent_scheduler [None req-6b3d37e4-8470-403b-9805-a2e9ea09d206 baef6177ba6b47a4bc0d590c5b281e81 f7130fc5f1b34b508094540ca351522e - - default default] No more DHCP agents
2026-05-25 01:50:20.369 9 WARNING neutron.api.rpc.agentnotifiers.dhcp_rpc_agent_api [None req-6b3d37e4-8470-403b-9805-a2e9ea09d206 baef6177ba6b47a4bc0d590c5b281e81 f7130fc5f1b34b508094540ca351522e - - default default] Unable to schedule network cde983e0-b7ea-4655-9953-6605f5ece5ea: no agents available; will retry on subsequent port and subnet creation events.
2026-05-25 01:50:20.611 9 INFO neutron.db.ovn_revision_numbers_db [None req-6b3d37e4-8470-403b-9805-a2e9ea09d206 baef6177ba6b47a4bc0d590c5b281e81 f7130fc5f1b34b508094540ca351522e - - default default] Successfully bumped revision number for resource e58d72a2-2fb6-425c-99dc-985bb43bcb56 (type: ports) to 1
2026-05-25 01:50:20.970 9 WARNING neutron.scheduler.dhcp_agent_scheduler [None req-7651d32c-181a-445c-8aa8-ed6d0fef6ce8 baef6177ba6b47a4bc0d590c5b281e81 f7130fc5f1b34b508094540ca351522e - - default default] No more DHCP agents
2026-05-25 01:50:20.987 9 WARNING neutron.api.rpc.agentnotifiers.dhcp_rpc_agent_api [None req-7651d32c-181a-445c-8aa8-ed6d0fef6ce8 baef6177ba6b47a4bc0d590c5b281e81 f7130fc5f1b34b508094540ca351522e - - default default] Unable to schedule network cde983e0-b7ea-4655-9953-6605f5ece5ea: no agents available; will retry on subsequent port and subnet creation events.
2026-05-25 01:50:21.136 9 INFO neutron.plugins.ml2.drivers.ovn.mech_driver.ovsdb.extensions.qos [None req-6b3d37e4-8470-403b-9805-a2e9ea09d206 baef6177ba6b47a4bc0d590c5b281e81 f7130fc5f1b34b508094540ca351522e - - default default] Starting OVNClientQosExtension
2026-05-25 01:50:21.200 9 INFO neutron.db.ovn_revision_numbers_db [None req-7651d32c-181a-445c-8aa8-ed6d0fef6ce8 baef6177ba6b47a4bc0d590c5b281e81 f7130fc5f1b34b508094540ca351522e - - default default] Successfully bumped revision number for resource b0ab5137-784b-49d8-993d-ba07a5d41a52 (type: ports) to 1
2026-05-25 01:50:21.524 10 INFO neutron.db.ovn_revision_numbers_db [None req-d756e79b-b152-479f-92cf-e5799c4129a0 baef6177ba6b47a4bc0d590c5b281e81 f7130fc5f1b34b508094540ca351522e - - default default] Successfully bumped revision number for resource 9a52caee-3a15-4dd6-b8ac-c5d3c259e859 (type: security_groups) to 1
2026-05-25 01:50:21.550 10 INFO neutron.db.ovn_revision_numbers_db [None req-d756e79b-b152-479f-92cf-e5799c4129a0 baef6177ba6b47a4bc0d590c5b281e81 f7130fc5f1b34b508094540ca351522e - - default default] Successfully bumped revision number for resource 3a9fe992-e271-430c-92ce-e5936818d222 (type: security_group_rules) to 0
2026-05-25 01:50:21.573 10 INFO neutron.plugins.ml2.drivers.ovn.mech_driver.ovsdb.ovsdb_monitor [-] Router aec2ad87-0e09-42f3-b3e7-ea010b072aab is bound to host instance
2026-05-25 01:50:21.573 9 INFO neutron.plugins.ml2.drivers.ovn.mech_driver.mech_driver [-] OVN reports status up for port: e58d72a2-2fb6-425c-99dc-985bb43bcb56
2026-05-25 01:50:21.602 10 INFO neutron.db.ovn_revision_numbers_db [None req-d756e79b-b152-479f-92cf-e5799c4129a0 baef6177ba6b47a4bc0d590c5b281e81 f7130fc5f1b34b508094540ca351522e - - default default] Successfully bumped revision number for resource 8da6515d-c6cb-4fb5-b503-2607a0eded1f (type: security_group_rules) to 0
2026-05-25 01:50:21.618 10 INFO neutron.db.ovn_revision_numbers_db [None req-ab9a5144-8c07-42c6-9c5b-1b60a1614d85 baef6177ba6b47a4bc0d590c5b281e81 f7130fc5f1b34b508094540ca351522e - - default default] Successfully bumped revision number for resource 62ac3727-66c2-45d3-898a-71a5e052bc70 (type: security_groups) to 1
2026-05-25 01:50:21.628 10 INFO neutron.db.ovn_revision_numbers_db [None req-d756e79b-b152-479f-92cf-e5799c4129a0 baef6177ba6b47a4bc0d590c5b281e81 f7130fc5f1b34b508094540ca351522e - - default default] Successfully bumped revision number for resource b8580f93-70df-4c94-97b6-48d52a5b73b5 (type: security_group_rules) to 0
2026-05-25 01:50:21.645 10 INFO neutron.db.ovn_revision_numbers_db [None req-ab9a5144-8c07-42c6-9c5b-1b60a1614d85 baef6177ba6b47a4bc0d590c5b281e81 f7130fc5f1b34b508094540ca351522e - - default default] Successfully bumped revision number for resource 13806f3c-3f3d-4ab8-a6ed-029e16c2b6ca (type: security_group_rules) to 0
2026-05-25 01:50:21.663 10 INFO neutron.db.ovn_revision_numbers_db [None req-d756e79b-b152-479f-92cf-e5799c4129a0 baef6177ba6b47a4bc0d590c5b281e81 f7130fc5f1b34b508094540ca351522e - - default default] Successfully bumped revision number for resource f9a99c7e-d6fc-4b35-9335-17d69f7ce8b6 (type: security_group_rules) to 0
2026-05-25 01:50:21.673 10 INFO neutron.db.ovn_revision_numbers_db [None req-ab9a5144-8c07-42c6-9c5b-1b60a1614d85 baef6177ba6b47a4bc0d590c5b281e81 f7130fc5f1b34b508094540ca351522e - - default default] Successfully bumped revision number for resource 26f1875e-2de0-472e-a1ed-a2ddd444650a (type: security_group_rules) to 0
2026-05-25 01:50:21.698 10 INFO neutron.wsgi [None req-d756e79b-b152-479f-92cf-e5799c4129a0 baef6177ba6b47a4bc0d590c5b281e81 f7130fc5f1b34b508094540ca351522e - - default default] 10.0.0.37 "GET /v2.0/security-groups?tenant_id=aaff12f07ff54610b25dc5c4a55756d7&name=default HTTP/1.1" status: 200 len: 2992 time: 0.4915478
2026-05-25 01:50:21.703 9 INFO neutron.plugins.ml2.plugin [None req-2c1de30c-89f1-496d-a407-636249d36f82 - - - - - -] Attempt 1 to provision port e58d72a2-2fb6-425c-99dc-985bb43bcb56
2026-05-25 01:50:21.720 10 INFO neutron.db.ovn_revision_numbers_db [None req-ab9a5144-8c07-42c6-9c5b-1b60a1614d85 baef6177ba6b47a4bc0d590c5b281e81 f7130fc5f1b34b508094540ca351522e - - default default] Successfully bumped revision number for resource 761c45a5-5dce-4186-ac2f-3014cc526752 (type: security_group_rules) to 0
2026-05-25 01:50:21.739 9 INFO neutron.db.ovn_revision_numbers_db [None req-6b3d37e4-8470-403b-9805-a2e9ea09d206 baef6177ba6b47a4bc0d590c5b281e81 f7130fc5f1b34b508094540ca351522e - - default default] Successfully bumped revision number for resource e58d72a2-2fb6-425c-99dc-985bb43bcb56 (type: router_ports) to 1
2026-05-25 01:50:21.759 10 INFO neutron.db.ovn_revision_numbers_db [None req-ab9a5144-8c07-42c6-9c5b-1b60a1614d85 baef6177ba6b47a4bc0d590c5b281e81 f7130fc5f1b34b508094540ca351522e - - default default] Successfully bumped revision number for resource bfcff511-5b5f-48c5-93f5-603ff6e5696e (type: security_group_rules) to 0
2026-05-25 01:50:21.826 10 INFO neutron.db.segments_db [None req-ab9a5144-8c07-42c6-9c5b-1b60a1614d85 baef6177ba6b47a4bc0d590c5b281e81 f7130fc5f1b34b508094540ca351522e - - default default] Added segment 7ff89339-7e06-41cd-b175-cb5d660bfb9e of type geneve for network 62e42b62-1fdd-4dd5-bb8a-3c1d0b8bf9af
2026-05-25 01:50:21.859 9 INFO neutron.db.ovn_revision_numbers_db [None req-6b3d37e4-8470-403b-9805-a2e9ea09d206 baef6177ba6b47a4bc0d590c5b281e81 f7130fc5f1b34b508094540ca351522e - - default default] Successfully bumped revision number for resource aec2ad87-0e09-42f3-b3e7-ea010b072aab (type: routers) to 2
2026-05-25 01:50:21.904 9 INFO neutron.wsgi [None req-6b3d37e4-8470-403b-9805-a2e9ea09d206 baef6177ba6b47a4bc0d590c5b281e81 f7130fc5f1b34b508094540ca351522e - - default default] 10.0.0.37 "POST /v2.0/routers HTTP/1.1" status: 201 len: 876 time: 2.1789708
2026-05-25 01:50:21.976 10 INFO neutron.plugins.ml2.drivers.ovn.mech_driver.ovsdb.extensions.qos [None req-bfe4a026-aecc-4064-a1a5-b5f4c9107894 - - - - - -] Starting OVNClientQosExtension
2026-05-25 01:50:22.042 9 INFO neutron.db.ovn_revision_numbers_db [None req-7651d32c-181a-445c-8aa8-ed6d0fef6ce8 baef6177ba6b47a4bc0d590c5b281e81 f7130fc5f1b34b508094540ca351522e - - default default] Successfully bumped revision number for resource b0ab5137-784b-49d8-993d-ba07a5d41a52 (type: router_ports) to 1
2026-05-25 01:50:22.113 9 INFO neutron.db.ovn_revision_numbers_db [None req-7651d32c-181a-445c-8aa8-ed6d0fef6ce8 baef6177ba6b47a4bc0d590c5b281e81 f7130fc5f1b34b508094540ca351522e - - default default] Successfully bumped revision number for resource b2d246ef-e452-4e89-a4a1-0cde0826f886 (type: routers) to 2
2026-05-25 01:50:22.146 9 INFO neutron.wsgi [None req-7651d32c-181a-445c-8aa8-ed6d0fef6ce8 baef6177ba6b47a4bc0d590c5b281e81 f7130fc5f1b34b508094540ca351522e - - default default] 10.0.0.37 "POST /v2.0/routers HTTP/1.1" status: 201 len: 878 time: 1.8638840
2026-05-25 01:50:22.278 10 INFO neutron.db.ovn_revision_numbers_db [None req-ab9a5144-8c07-42c6-9c5b-1b60a1614d85 baef6177ba6b47a4bc0d590c5b281e81 f7130fc5f1b34b508094540ca351522e - - default default] Successfully bumped revision number for resource 62e42b62-1fdd-4dd5-bb8a-3c1d0b8bf9af (type: networks) to 1
2026-05-25 01:50:22.458 10 INFO neutron.wsgi [None req-ab480f6a-33f2-4c40-8799-7c7be9e41182 baef6177ba6b47a4bc0d590c5b281e81 f7130fc5f1b34b508094540ca351522e - - default default] 10.0.0.37 "DELETE /v2.0/security-groups/9a52caee-3a15-4dd6-b8ac-c5d3c259e859 HTTP/1.1" status: 204 len: 168 time: 0.7551420
2026-05-25 01:50:22.600 10 INFO neutron.db.ovn_revision_numbers_db [None req-bfe4a026-aecc-4064-a1a5-b5f4c9107894 - - - - - -] Successfully bumped revision number for resource e58d72a2-2fb6-425c-99dc-985bb43bcb56 (type: ports) to 1
2026-05-25 01:50:22.606 10 WARNING neutron.scheduler.dhcp_agent_scheduler [None req-ab9a5144-8c07-42c6-9c5b-1b60a1614d85 baef6177ba6b47a4bc0d590c5b281e81 f7130fc5f1b34b508094540ca351522e - - default default] No more DHCP agents
2026-05-25 01:50:22.611 10 WARNING neutron.api.rpc.agentnotifiers.dhcp_rpc_agent_api [None req-ab9a5144-8c07-42c6-9c5b-1b60a1614d85 baef6177ba6b47a4bc0d590c5b281e81 f7130fc5f1b34b508094540ca351522e - - default default] Unable to schedule network 62e42b62-1fdd-4dd5-bb8a-3c1d0b8bf9af: no agents available; will retry on subsequent port and subnet creation events.
2026-05-25 01:50:22.668 9 WARNING neutron.scheduler.dhcp_agent_scheduler [None req-fa784965-2c48-4e07-8ca7-2085023a9e98 baef6177ba6b47a4bc0d590c5b281e81 f7130fc5f1b34b508094540ca351522e - - default default] No more DHCP agents
2026-05-25 01:50:22.672 9 WARNING neutron.api.rpc.agentnotifiers.dhcp_rpc_agent_api [None req-fa784965-2c48-4e07-8ca7-2085023a9e98 baef6177ba6b47a4bc0d590c5b281e81 f7130fc5f1b34b508094540ca351522e - - default default] Unable to schedule network 9f4de731-981d-41e9-b632-3fb0d2cc2545: no agents available; will retry on subsequent port and subnet creation events.
2026-05-25 01:50:22.750 9 INFO neutron.db.ovn_revision_numbers_db [None req-41bace64-9f1a-42e4-99b6-b60c15a8ac53 baef6177ba6b47a4bc0d590c5b281e81 f7130fc5f1b34b508094540ca351522e - - default default] Successfully bumped revision number for resource 4c65052d-af95-4473-9939-cf29379eb3f6 (type: security_groups) to 1
2026-05-25 01:50:22.754 10 INFO neutron.db.ovn_revision_numbers_db [None req-ab9a5144-8c07-42c6-9c5b-1b60a1614d85 baef6177ba6b47a4bc0d590c5b281e81 f7130fc5f1b34b508094540ca351522e - - default default] Successfully bumped revision number for resource d9f2384d-e586-439f-956c-a82f9b979bc4 (type: ports) to 1
2026-05-25 01:50:22.776 9 INFO neutron.db.ovn_revision_numbers_db [None req-41bace64-9f1a-42e4-99b6-b60c15a8ac53 baef6177ba6b47a4bc0d590c5b281e81 f7130fc5f1b34b508094540ca351522e - - default default] Successfully bumped revision number for resource 15819b6c-76c4-4813-8121-91877c5b9a7e (type: security_group_rules) to 0
2026-05-25 01:50:22.796 9 INFO neutron.db.ovn_revision_numbers_db [None req-41bace64-9f1a-42e4-99b6-b60c15a8ac53 baef6177ba6b47a4bc0d590c5b281e81 f7130fc5f1b34b508094540ca351522e - - default default] Successfully bumped revision number for resource 5b12e1d1-ae13-4bd6-95e3-854f75aa0542 (type: security_group_rules) to 0
2026-05-25 01:50:22.819 9 INFO neutron.db.ovn_revision_numbers_db [None req-41bace64-9f1a-42e4-99b6-b60c15a8ac53 baef6177ba6b47a4bc0d590c5b281e81 f7130fc5f1b34b508094540ca351522e - - default default] Successfully bumped revision number for resource 8808aedd-3802-44f5-a8ac-d353932cfdba (type: security_group_rules) to 0
2026-05-25 01:50:22.825 9 INFO neutron.db.ovn_revision_numbers_db [None req-fa784965-2c48-4e07-8ca7-2085023a9e98 baef6177ba6b47a4bc0d590c5b281e81 f7130fc5f1b34b508094540ca351522e - - default default] Successfully bumped revision number for resource 0e486f44-25aa-4239-9b80-17c1bd8b1289 (type: ports) to 1
2026-05-25 01:50:22.826 10 INFO neutron.wsgi [None req-ab9a5144-8c07-42c6-9c5b-1b60a1614d85 baef6177ba6b47a4bc0d590c5b281e81 f7130fc5f1b34b508094540ca351522e - - default default] 10.0.0.37 "POST /v2.0/networks HTTP/1.1" status: 201 len: 951 time: 1.4641018
2026-05-25 01:50:22.846 9 INFO neutron.db.ovn_revision_numbers_db [None req-41bace64-9f1a-42e4-99b6-b60c15a8ac53 baef6177ba6b47a4bc0d590c5b281e81 f7130fc5f1b34b508094540ca351522e - - default default] Successfully bumped revision number for resource a002f8cc-c540-4666-94d2-f5a04864b34e (type: security_group_rules) to 0
2026-05-25 01:50:22.873 10 WARNING neutron.scheduler.dhcp_agent_scheduler [None req-fba0ff64-9c52-44b7-aa70-016ead49a362 baef6177ba6b47a4bc0d590c5b281e81 f7130fc5f1b34b508094540ca351522e - - default default] No more DHCP agents
2026-05-25 01:50:22.876 10 WARNING neutron.api.rpc.agentnotifiers.dhcp_rpc_agent_api [None req-fba0ff64-9c52-44b7-aa70-016ead49a362 baef6177ba6b47a4bc0d590c5b281e81 f7130fc5f1b34b508094540ca351522e - - default default] Unable to schedule network bd0da7a5-f6fa-4e61-ac8a-ff472a7c1dc5: no agents available; will retry on subsequent port and subnet creation events.
2026-05-25 01:50:22.944 10 INFO neutron.db.ovn_revision_numbers_db [None req-bfe4a026-aecc-4064-a1a5-b5f4c9107894 - - - - - -] Successfully bumped revision number for resource e58d72a2-2fb6-425c-99dc-985bb43bcb56 (type: router_ports) to 3
2026-05-25 01:50:23.000 9 INFO neutron.wsgi [None req-41bace64-9f1a-42e4-99b6-b60c15a8ac53 baef6177ba6b47a4bc0d590c5b281e81 f7130fc5f1b34b508094540ca351522e - - default default] 10.0.0.37 "GET /v2.0/security-groups?tenant_id=ed71b1045000475989680e640b8414c9&name=default HTTP/1.1" status: 200 len: 2992 time: 0.4293380
2026-05-25 01:50:23.128 10 INFO neutron.db.ovn_revision_numbers_db [None req-fba0ff64-9c52-44b7-aa70-016ead49a362 baef6177ba6b47a4bc0d590c5b281e81 f7130fc5f1b34b508094540ca351522e - - default default] Successfully bumped revision number for resource c90572d9-7309-443f-b803-638d206586b7 (type: ports) to 1
2026-05-25 01:50:23.229 10 INFO neutron.db.ovn_revision_numbers_db [None req-bfe4a026-aecc-4064-a1a5-b5f4c9107894 - - - - - -] Successfully bumped revision number for resource e58d72a2-2fb6-425c-99dc-985bb43bcb56 (type: ports) to 2
2026-05-25 01:50:23.251 9 WARNING neutron.scheduler.dhcp_agent_scheduler [None req-3e134033-50bf-48ef-aec9-749c83ae1220 baef6177ba6b47a4bc0d590c5b281e81 f7130fc5f1b34b508094540ca351522e - - default default] No more DHCP agents
2026-05-25 01:50:23.254 9 WARNING neutron.api.rpc.agentnotifiers.dhcp_rpc_agent_api [None req-3e134033-50bf-48ef-aec9-749c83ae1220 baef6177ba6b47a4bc0d590c5b281e81 f7130fc5f1b34b508094540ca351522e - - default default] Unable to schedule network 62e42b62-1fdd-4dd5-bb8a-3c1d0b8bf9af: no agents available; will retry on subsequent port and subnet creation events.
2026-05-25 01:50:23.483 9 INFO neutron.wsgi [None req-cfb65d98-1951-49a6-820c-32f600ec2cc2 baef6177ba6b47a4bc0d590c5b281e81 f7130fc5f1b34b508094540ca351522e - - default default] 10.0.0.37 "DELETE /v2.0/security-groups/4c65052d-af95-4473-9939-cf29379eb3f6 HTTP/1.1" status: 204 len: 168 time: 0.4741752
2026-05-25 01:50:23.555 10 INFO neutron.db.ovn_revision_numbers_db [None req-bfe4a026-aecc-4064-a1a5-b5f4c9107894 - - - - - -] Successfully bumped revision number for resource e58d72a2-2fb6-425c-99dc-985bb43bcb56 (type: ports) to 4
2026-05-25 01:50:23.576 10 INFO neutron.plugins.ml2.drivers.ovn.mech_driver.mech_driver [None req-e00c0a37-db8e-498e-82d3-58664569f0f0 - - - - - -] OVN reports status up for port: c90572d9-7309-443f-b803-638d206586b7
2026-05-25 01:50:23.589 10 INFO neutron.plugins.ml2.plugin [None req-e00c0a37-db8e-498e-82d3-58664569f0f0 - - - - - -] Attempt 1 to provision port c90572d9-7309-443f-b803-638d206586b7
2026-05-25 01:50:23.616 9 INFO neutron.db.ovn_revision_numbers_db [None req-fa784965-2c48-4e07-8ca7-2085023a9e98 baef6177ba6b47a4bc0d590c5b281e81 f7130fc5f1b34b508094540ca351522e - - default default] Successfully bumped revision number for resource 0e486f44-25aa-4239-9b80-17c1bd8b1289 (type: router_ports) to 1
2026-05-25 01:50:23.622 10 INFO neutron.db.ovn_revision_numbers_db [None req-fba0ff64-9c52-44b7-aa70-016ead49a362 baef6177ba6b47a4bc0d590c5b281e81 f7130fc5f1b34b508094540ca351522e - - default default] Successfully bumped revision number for resource c90572d9-7309-443f-b803-638d206586b7 (type: router_ports) to 1
2026-05-25 01:50:23.786 9 INFO neutron.db.ovn_revision_numbers_db [None req-fa784965-2c48-4e07-8ca7-2085023a9e98 baef6177ba6b47a4bc0d590c5b281e81 f7130fc5f1b34b508094540ca351522e - - default default] Successfully bumped revision number for resource 0e486f44-25aa-4239-9b80-17c1bd8b1289 (type: ports) to 1
2026-05-25 01:50:23.872 9 INFO neutron.db.ovn_revision_numbers_db [None req-3e134033-50bf-48ef-aec9-749c83ae1220 baef6177ba6b47a4bc0d590c5b281e81 f7130fc5f1b34b508094540ca351522e - - default default] Successfully bumped revision number for resource d9f2384d-e586-439f-956c-a82f9b979bc4 (type: ports) to 2
2026-05-25 01:50:23.885 9 WARNING neutron.scheduler.dhcp_agent_scheduler [None req-fa784965-2c48-4e07-8ca7-2085023a9e98 baef6177ba6b47a4bc0d590c5b281e81 f7130fc5f1b34b508094540ca351522e - - default default] No more DHCP agents
2026-05-25 01:50:23.887 9 WARNING neutron.api.rpc.agentnotifiers.dhcp_rpc_agent_api [None req-fa784965-2c48-4e07-8ca7-2085023a9e98 baef6177ba6b47a4bc0d590c5b281e81 f7130fc5f1b34b508094540ca351522e - - default default] Unable to schedule network 9f4de731-981d-41e9-b632-3fb0d2cc2545: no agents available; will retry on subsequent port and subnet creation events.
2026-05-25 01:50:23.967 10 INFO neutron.db.ovn_revision_numbers_db [None req-fba0ff64-9c52-44b7-aa70-016ead49a362 baef6177ba6b47a4bc0d590c5b281e81 f7130fc5f1b34b508094540ca351522e - - default default] Successfully bumped revision number for resource c90572d9-7309-443f-b803-638d206586b7 (type: ports) to 1
2026-05-25 01:50:23.988 10 INFO neutron.db.ovn_revision_numbers_db [None req-bfe4a026-aecc-4064-a1a5-b5f4c9107894 - - - - - -] Successfully bumped revision number for resource e58d72a2-2fb6-425c-99dc-985bb43bcb56 (type: router_ports) to 4
2026-05-25 01:50:24.025 10 INFO neutron.plugins.ml2.drivers.ovn.mech_driver.ovsdb.ovsdb_monitor [None req-bfe4a026-aecc-4064-a1a5-b5f4c9107894 - - - - - -] Router b2d246ef-e452-4e89-a4a1-0cde0826f886 is bound to host instance
2026-05-25 01:50:24.033 9 INFO neutron.db.ovn_revision_numbers_db [None req-3e134033-50bf-48ef-aec9-749c83ae1220 baef6177ba6b47a4bc0d590c5b281e81 f7130fc5f1b34b508094540ca351522e - - default default] Successfully bumped revision number for resource a28f3deb-08b1-4abc-99fd-5a5f1be12db5 (type: subnets) to 0
2026-05-25 01:50:24.058 9 INFO neutron.wsgi [None req-3e134033-50bf-48ef-aec9-749c83ae1220 baef6177ba6b47a4bc0d590c5b281e81 f7130fc5f1b34b508094540ca351522e - - default default] 10.0.0.37 "POST /v2.0/subnets HTTP/1.1" status: 201 len: 871 time: 1.2273314
2026-05-25 01:50:24.077 10 WARNING neutron.scheduler.dhcp_agent_scheduler [None req-fba0ff64-9c52-44b7-aa70-016ead49a362 baef6177ba6b47a4bc0d590c5b281e81 f7130fc5f1b34b508094540ca351522e - - default default] No more DHCP agents
2026-05-25 01:50:24.086 10 WARNING neutron.api.rpc.agentnotifiers.dhcp_rpc_agent_api [None req-fba0ff64-9c52-44b7-aa70-016ead49a362 baef6177ba6b47a4bc0d590c5b281e81 f7130fc5f1b34b508094540ca351522e - - default default] Unable to schedule network bd0da7a5-f6fa-4e61-ac8a-ff472a7c1dc5: no agents available; will retry on subsequent port and subnet creation events.
2026-05-25 01:50:24.228 10 INFO neutron.db.ovn_revision_numbers_db [None req-e00c0a37-db8e-498e-82d3-58664569f0f0 - - - - - -] Successfully bumped revision number for resource c90572d9-7309-443f-b803-638d206586b7 (type: ports) to 2
2026-05-25 01:50:24.364 10 INFO neutron.db.ovn_revision_numbers_db [None req-e00c0a37-db8e-498e-82d3-58664569f0f0 - - - - - -] Successfully bumped revision number for resource c90572d9-7309-443f-b803-638d206586b7 (type: router_ports) to 2
2026-05-25 01:50:24.627 9 INFO neutron.plugins.ml2.drivers.ovn.mech_driver.mech_driver [None req-2c1de30c-89f1-496d-a407-636249d36f82 - - - - - -] OVN reports status up for port: b0ab5137-784b-49d8-993d-ba07a5d41a52
2026-05-25 01:50:24.630 9 WARNING neutron.scheduler.dhcp_agent_scheduler [None req-7d656f3f-2a47-4f8c-a2e8-7fb18083a52d baef6177ba6b47a4bc0d590c5b281e81 f7130fc5f1b34b508094540ca351522e - - default default] No more DHCP agents
2026-05-25 01:50:24.633 9 WARNING neutron.api.rpc.agentnotifiers.dhcp_rpc_agent_api [None req-7d656f3f-2a47-4f8c-a2e8-7fb18083a52d baef6177ba6b47a4bc0d590c5b281e81 f7130fc5f1b34b508094540ca351522e - - default default] Unable to schedule network cde983e0-b7ea-4655-9953-6605f5ece5ea: no agents available; will retry on subsequent port and subnet creation events.
2026-05-25 01:50:24.654 9 INFO neutron.plugins.ml2.plugin [None req-2c1de30c-89f1-496d-a407-636249d36f82 - - - - - -] Attempt 1 to provision port b0ab5137-784b-49d8-993d-ba07a5d41a52
2026-05-25 01:50:24.720 9 INFO neutron.db.ovn_revision_numbers_db [None req-fa784965-2c48-4e07-8ca7-2085023a9e98 baef6177ba6b47a4bc0d590c5b281e81 f7130fc5f1b34b508094540ca351522e - - default default] Successfully bumped revision number for resource 0e486f44-25aa-4239-9b80-17c1bd8b1289 (type: router_ports) to 1
2026-05-25 01:50:24.722 9 INFO neutron.wsgi [None req-fa784965-2c48-4e07-8ca7-2085023a9e98 baef6177ba6b47a4bc0d590c5b281e81 f7130fc5f1b34b508094540ca351522e - - default default] 10.0.0.37 "PUT /v2.0/routers/b2d246ef-e452-4e89-a4a1-0cde0826f886/add_router_interface HTTP/1.1" status: 200 len: 503 time: 2.5689161
2026-05-25 01:50:24.878 9 INFO neutron.db.ovn_revision_numbers_db [None req-7d656f3f-2a47-4f8c-a2e8-7fb18083a52d baef6177ba6b47a4bc0d590c5b281e81 f7130fc5f1b34b508094540ca351522e - - default default] Successfully bumped revision number for resource 5eaaa922-0f8d-4914-b6c8-43b546164a05 (type: ports) to 1
2026-05-25 01:50:24.931 10 INFO neutron.db.ovn_revision_numbers_db [None req-bfe4a026-aecc-4064-a1a5-b5f4c9107894 - - - - - -] Successfully bumped revision number for resource b0ab5137-784b-49d8-993d-ba07a5d41a52 (type: ports) to 1
2026-05-25 01:50:24.940 10 INFO neutron.db.ovn_revision_numbers_db [None req-fba0ff64-9c52-44b7-aa70-016ead49a362 baef6177ba6b47a4bc0d590c5b281e81 f7130fc5f1b34b508094540ca351522e - - default default] Successfully bumped revision number for resource c90572d9-7309-443f-b803-638d206586b7 (type: router_ports) to 2
2026-05-25 01:50:24.942 10 INFO neutron.wsgi [None req-fba0ff64-9c52-44b7-aa70-016ead49a362 baef6177ba6b47a4bc0d590c5b281e81 f7130fc5f1b34b508094540ca351522e - - default default] 10.0.0.37 "PUT /v2.0/routers/aec2ad87-0e09-42f3-b3e7-ea010b072aab/add_router_interface HTTP/1.1" status: 200 len: 503 time: 3.0224473
2026-05-25 01:50:25.216 10 INFO neutron.db.ovn_revision_numbers_db [None req-bfe4a026-aecc-4064-a1a5-b5f4c9107894 - - - - - -] Successfully bumped revision number for resource b0ab5137-784b-49d8-993d-ba07a5d41a52 (type: router_ports) to 3
2026-05-25 01:50:25.373 10 INFO neutron.db.ovn_revision_numbers_db [None req-bfe4a026-aecc-4064-a1a5-b5f4c9107894 - - - - - -] Successfully bumped revision number for resource b0ab5137-784b-49d8-993d-ba07a5d41a52 (type: ports) to 2
2026-05-25 01:50:25.477 9 INFO neutron.db.ovn_revision_numbers_db [None req-7d656f3f-2a47-4f8c-a2e8-7fb18083a52d baef6177ba6b47a4bc0d590c5b281e81 f7130fc5f1b34b508094540ca351522e - - default default] Successfully bumped revision number for resource 5eaaa922-0f8d-4914-b6c8-43b546164a05 (type: router_ports) to 1
2026-05-25 01:50:25.553 9 INFO neutron.db.ovn_revision_numbers_db [None req-7d656f3f-2a47-4f8c-a2e8-7fb18083a52d baef6177ba6b47a4bc0d590c5b281e81 f7130fc5f1b34b508094540ca351522e - - default default] Successfully bumped revision number for resource 223a3f90-fc2e-4ad4-96d9-4ba05af33fd4 (type: routers) to 2
2026-05-25 01:50:25.559 9 WARNING neutron_lib.context [None req-f89523d8-9d56-4f34-9108-fae29713ca6c 55d99e0589af4595b06eb5b8e5591b67 9971dacbf8454b20a4e2114e636d49f2 - - default default] Method 'is_advsvc' is deprecated since 2023.2 release (neutron-lib 3.8.0) and will be removed once support for the old RBAC API policies will be removed from Neutron. Please use method 'is_service_role' instead.
2026-05-25 01:50:25.582 9 INFO neutron.wsgi [None req-7d656f3f-2a47-4f8c-a2e8-7fb18083a52d baef6177ba6b47a4bc0d590c5b281e81 f7130fc5f1b34b508094540ca351522e - - default default] 10.0.0.37 "POST /v2.0/routers HTTP/1.1" status: 201 len: 882 time: 1.5199480
2026-05-25 01:50:25.645 10 INFO neutron.db.ovn_revision_numbers_db [None req-bfe4a026-aecc-4064-a1a5-b5f4c9107894 - - - - - -] Successfully bumped revision number for resource b0ab5137-784b-49d8-993d-ba07a5d41a52 (type: ports) to 4
2026-05-25 01:50:25.674 9 WARNING neutron_lib.context [req-6e518c59-f597-42cb-a2fd-a9d52c5a115e req-be855b7c-dbd9-4353-a9a3-a5404e592f5e f2a315210b6d47869386603e6b37c2ef e24ed2ca16004797ae6f4f9077157880 - - default default] Method 'is_advsvc' is deprecated since 2023.2 release (neutron-lib 3.8.0) and will be removed once support for the old RBAC API policies will be removed from Neutron. Please use method 'is_service_role' instead.
2026-05-25 01:50:25.762 9 INFO neutron.db.ovn_revision_numbers_db [None req-f89523d8-9d56-4f34-9108-fae29713ca6c 55d99e0589af4595b06eb5b8e5591b67 9971dacbf8454b20a4e2114e636d49f2 - - default default] Successfully bumped revision number for resource b946e11a-46cb-4c14-a7e7-52173f8b4eac (type: security_groups) to 1
2026-05-25 01:50:25.786 9 INFO neutron.db.ovn_revision_numbers_db [None req-f89523d8-9d56-4f34-9108-fae29713ca6c 55d99e0589af4595b06eb5b8e5591b67 9971dacbf8454b20a4e2114e636d49f2 - - default default] Successfully bumped revision number for resource c3916169-dd8e-4f7f-8df8-33d0e89526d8 (type: security_group_rules) to 0
2026-05-25 01:50:25.810 9 INFO neutron.db.ovn_revision_numbers_db [None req-f89523d8-9d56-4f34-9108-fae29713ca6c 55d99e0589af4595b06eb5b8e5591b67 9971dacbf8454b20a4e2114e636d49f2 - - default default] Successfully bumped revision number for resource dcf0decd-220f-49bd-8fcd-65763fa849dc (type: security_group_rules) to 0
2026-05-25 01:50:25.839 9 INFO neutron.wsgi [None req-f89523d8-9d56-4f34-9108-fae29713ca6c 55d99e0589af4595b06eb5b8e5591b67 9971dacbf8454b20a4e2114e636d49f2 - - default default] 10.0.0.37 "POST /v2.0/security-groups HTTP/1.1" status: 201 len: 1795 time: 0.2846694
2026-05-25 01:50:25.854 10 WARNING neutron_lib.context [None req-4f8ccdc0-e498-45a0-8c7a-72a9cf186b5f 55d99e0589af4595b06eb5b8e5591b67 9971dacbf8454b20a4e2114e636d49f2 - - default default] Method 'is_advsvc' is deprecated since 2023.2 release (neutron-lib 3.8.0) and will be removed once support for the old RBAC API policies will be removed from Neutron. Please use method 'is_service_role' instead.
2026-05-25 01:50:25.865 10 INFO neutron.db.ovn_revision_numbers_db [None req-bfe4a026-aecc-4064-a1a5-b5f4c9107894 - - - - - -] Successfully bumped revision number for resource b0ab5137-784b-49d8-993d-ba07a5d41a52 (type: router_ports) to 4
2026-05-25 01:50:25.876 9 INFO neutron.db.ovn_revision_numbers_db [req-6e518c59-f597-42cb-a2fd-a9d52c5a115e req-be855b7c-dbd9-4353-a9a3-a5404e592f5e f2a315210b6d47869386603e6b37c2ef e24ed2ca16004797ae6f4f9077157880 - - default default] Successfully bumped revision number for resource 690a696a-6115-4bf2-9de3-b38e78bf3825 (type: security_groups) to 1
2026-05-25 01:50:25.894 9 INFO neutron.db.ovn_revision_numbers_db [req-6e518c59-f597-42cb-a2fd-a9d52c5a115e req-be855b7c-dbd9-4353-a9a3-a5404e592f5e f2a315210b6d47869386603e6b37c2ef e24ed2ca16004797ae6f4f9077157880 - - default default] Successfully bumped revision number for resource 614cd976-17f0-4c32-a19f-944507ad1181 (type: security_group_rules) to 0
2026-05-25 01:50:25.903 10 INFO neutron.plugins.ml2.drivers.ovn.mech_driver.ovsdb.ovsdb_monitor [None req-bfe4a026-aecc-4064-a1a5-b5f4c9107894 - - - - - -] Router 223a3f90-fc2e-4ad4-96d9-4ba05af33fd4 is bound to host instance
2026-05-25 01:50:25.912 9 INFO neutron.db.ovn_revision_numbers_db [req-6e518c59-f597-42cb-a2fd-a9d52c5a115e req-be855b7c-dbd9-4353-a9a3-a5404e592f5e f2a315210b6d47869386603e6b37c2ef e24ed2ca16004797ae6f4f9077157880 - - default default] Successfully bumped revision number for resource c25ca611-a279-443a-a9ba-45884b49c080 (type: security_group_rules) to 0
2026-05-25 01:50:25.936 9 INFO neutron.wsgi [req-6e518c59-f597-42cb-a2fd-a9d52c5a115e req-be855b7c-dbd9-4353-a9a3-a5404e592f5e f2a315210b6d47869386603e6b37c2ef e24ed2ca16004797ae6f4f9077157880 - - default default] 10.0.0.179 "POST /v2.0/security-groups HTTP/1.1" status: 201 len: 1822 time: 0.3689544
2026-05-25 01:50:26.049 9 WARNING neutron.scheduler.dhcp_agent_scheduler [None req-d66cf5ce-83e3-4e87-9422-7216dd785458 baef6177ba6b47a4bc0d590c5b281e81 f7130fc5f1b34b508094540ca351522e - - default default] No more DHCP agents
2026-05-25 01:50:26.051 9 WARNING neutron.api.rpc.agentnotifiers.dhcp_rpc_agent_api [None req-d66cf5ce-83e3-4e87-9422-7216dd785458 baef6177ba6b47a4bc0d590c5b281e81 f7130fc5f1b34b508094540ca351522e - - default default] Unable to schedule network 62e42b62-1fdd-4dd5-bb8a-3c1d0b8bf9af: no agents available; will retry on subsequent port and subnet creation events.
2026-05-25 01:50:26.060 10 INFO neutron.db.ovn_revision_numbers_db [None req-4f8ccdc0-e498-45a0-8c7a-72a9cf186b5f 55d99e0589af4595b06eb5b8e5591b67 9971dacbf8454b20a4e2114e636d49f2 - - default default] Successfully bumped revision number for resource 7424f1a1-87af-4d7a-abdb-10822d8a3ca7 (type: security_group_rules) to 0
2026-05-25 01:50:26.092 10 INFO neutron.wsgi [None req-4f8ccdc0-e498-45a0-8c7a-72a9cf186b5f 55d99e0589af4595b06eb5b8e5591b67 9971dacbf8454b20a4e2114e636d49f2 - - default default] 10.0.0.37 "POST /v2.0/security-group-rules HTTP/1.1" status: 201 len: 764 time: 0.2442739
2026-05-25 01:50:26.103 9 WARNING neutron_lib.context [None req-43de8d07-e6fa-440a-b60c-d91abea5253a 55d99e0589af4595b06eb5b8e5591b67 9971dacbf8454b20a4e2114e636d49f2 - - default default] Method 'is_advsvc' is deprecated since 2023.2 release (neutron-lib 3.8.0) and will be removed once support for the old RBAC API policies will be removed from Neutron. Please use method 'is_service_role' instead.
2026-05-25 01:50:26.205 9 INFO neutron.db.ovn_revision_numbers_db [None req-d66cf5ce-83e3-4e87-9422-7216dd785458 baef6177ba6b47a4bc0d590c5b281e81 f7130fc5f1b34b508094540ca351522e - - default default] Successfully bumped revision number for resource f9f7a55f-b82a-4516-8321-1779a75da2fa (type: ports) to 1
2026-05-25 01:50:26.272 9 INFO neutron.db.ovn_revision_numbers_db [None req-43de8d07-e6fa-440a-b60c-d91abea5253a 55d99e0589af4595b06eb5b8e5591b67 9971dacbf8454b20a4e2114e636d49f2 - - default default] Successfully bumped revision number for resource dafaad6e-be03-44ca-bd43-810b2438c9fe (type: security_group_rules) to 0
2026-05-25 01:50:26.307 9 INFO neutron.wsgi [None req-43de8d07-e6fa-440a-b60c-d91abea5253a 55d99e0589af4595b06eb5b8e5591b67 9971dacbf8454b20a4e2114e636d49f2 - - default default] 10.0.0.37 "POST /v2.0/security-group-rules HTTP/1.1" status: 201 len: 769 time: 0.2085040
2026-05-25 01:50:26.322 10 WARNING neutron_lib.context [None req-b0749534-b5e7-4f86-b478-dfba467ce39c 55d99e0589af4595b06eb5b8e5591b67 9971dacbf8454b20a4e2114e636d49f2 - - default default] Method 'is_advsvc' is deprecated since 2023.2 release (neutron-lib 3.8.0) and will be removed once support for the old RBAC API policies will be removed from Neutron. Please use method 'is_service_role' instead.
2026-05-25 01:50:26.526 10 WARNING neutron_lib.context [req-467ac0d8-f05c-4d93-bae0-d82e9a2540e9 req-26842485-2db1-49ef-862a-eda022c022aa f2a315210b6d47869386603e6b37c2ef e24ed2ca16004797ae6f4f9077157880 - - default default] Method 'is_advsvc' is deprecated since 2023.2 release (neutron-lib 3.8.0) and will be removed once support for the old RBAC API policies will be removed from Neutron. Please use method 'is_service_role' instead.
2026-05-25 01:50:26.566 9 INFO neutron.db.ovn_revision_numbers_db [None req-d66cf5ce-83e3-4e87-9422-7216dd785458 baef6177ba6b47a4bc0d590c5b281e81 f7130fc5f1b34b508094540ca351522e - - default default] Successfully bumped revision number for resource f9f7a55f-b82a-4516-8321-1779a75da2fa (type: router_ports) to 1
2026-05-25 01:50:26.572 10 INFO neutron.db.ovn_revision_numbers_db [None req-bfe4a026-aecc-4064-a1a5-b5f4c9107894 - - - - - -] Successfully bumped revision number for resource 5eaaa922-0f8d-4914-b6c8-43b546164a05 (type: ports) to 1
2026-05-25 01:50:26.679 9 INFO neutron.db.ovn_revision_numbers_db [None req-d66cf5ce-83e3-4e87-9422-7216dd785458 baef6177ba6b47a4bc0d590c5b281e81 f7130fc5f1b34b508094540ca351522e - - default default] Successfully bumped revision number for resource f9f7a55f-b82a-4516-8321-1779a75da2fa (type: ports) to 1
2026-05-25 01:50:26.749 9 WARNING neutron.scheduler.dhcp_agent_scheduler [None req-d66cf5ce-83e3-4e87-9422-7216dd785458 baef6177ba6b47a4bc0d590c5b281e81 f7130fc5f1b34b508094540ca351522e - - default default] No more DHCP agents
2026-05-25 01:50:26.750 9 WARNING neutron.api.rpc.agentnotifiers.dhcp_rpc_agent_api [None req-d66cf5ce-83e3-4e87-9422-7216dd785458 baef6177ba6b47a4bc0d590c5b281e81 f7130fc5f1b34b508094540ca351522e - - default default] Unable to schedule network 62e42b62-1fdd-4dd5-bb8a-3c1d0b8bf9af: no agents available; will retry on subsequent port and subnet creation events.
2026-05-25 01:50:26.788 10 INFO neutron.db.ovn_revision_numbers_db [req-467ac0d8-f05c-4d93-bae0-d82e9a2540e9 req-26842485-2db1-49ef-862a-eda022c022aa f2a315210b6d47869386603e6b37c2ef e24ed2ca16004797ae6f4f9077157880 - - default default] Successfully bumped revision number for resource 9e302860-be9e-4529-be2e-77dcccc6ae02 (type: security_groups) to 1
2026-05-25 01:50:26.824 10 INFO neutron.db.ovn_revision_numbers_db [req-467ac0d8-f05c-4d93-bae0-d82e9a2540e9 req-26842485-2db1-49ef-862a-eda022c022aa f2a315210b6d47869386603e6b37c2ef e24ed2ca16004797ae6f4f9077157880 - - default default] Successfully bumped revision number for resource 4bac17b8-15b4-43f2-9a12-a01e46544f94 (type: security_group_rules) to 0
2026-05-25 01:50:26.853 10 INFO neutron.db.ovn_revision_numbers_db [req-467ac0d8-f05c-4d93-bae0-d82e9a2540e9 req-26842485-2db1-49ef-862a-eda022c022aa f2a315210b6d47869386603e6b37c2ef e24ed2ca16004797ae6f4f9077157880 - - default default] Successfully bumped revision number for resource 5ec4afbd-00b7-4233-95ef-a899b7c6953f (type: security_group_rules) to 0
2026-05-25 01:50:26.907 10 INFO neutron.wsgi [req-467ac0d8-f05c-4d93-bae0-d82e9a2540e9 req-26842485-2db1-49ef-862a-eda022c022aa f2a315210b6d47869386603e6b37c2ef e24ed2ca16004797ae6f4f9077157880 - - default default] 10.0.0.179 "POST /v2.0/security-groups HTTP/1.1" status: 201 len: 1821 time: 0.5649362
2026-05-25 01:50:26.930 10 WARNING neutron.scheduler.dhcp_agent_scheduler [None req-b0749534-b5e7-4f86-b478-dfba467ce39c 55d99e0589af4595b06eb5b8e5591b67 9971dacbf8454b20a4e2114e636d49f2 - - default default] No more DHCP agents
2026-05-25 01:50:26.938 9 WARNING neutron_lib.context [req-a0d9b19a-3031-45c2-a87c-da9021f94eda req-6863de17-2040-4763-b48c-4bfd326af1e7 f2a315210b6d47869386603e6b37c2ef e24ed2ca16004797ae6f4f9077157880 - - default default] Method 'is_advsvc' is deprecated since 2023.2 release (neutron-lib 3.8.0) and will be removed once support for the old RBAC API policies will be removed from Neutron. Please use method 'is_service_role' instead.
2026-05-25 01:50:26.938 10 WARNING neutron.api.rpc.agentnotifiers.dhcp_rpc_agent_api [None req-b0749534-b5e7-4f86-b478-dfba467ce39c 55d99e0589af4595b06eb5b8e5591b67 9971dacbf8454b20a4e2114e636d49f2 - - default default] Unable to schedule network cde983e0-b7ea-4655-9953-6605f5ece5ea: no agents available; will retry on subsequent port and subnet creation events.
2026-05-25 01:50:27.003 10 INFO neutron.db.ovn_revision_numbers_db [None req-bfe4a026-aecc-4064-a1a5-b5f4c9107894 - - - - - -] Successfully bumped revision number for resource 5eaaa922-0f8d-4914-b6c8-43b546164a05 (type: router_ports) to 3
2026-05-25 01:50:27.120 9 INFO neutron.db.ovn_revision_numbers_db [req-a0d9b19a-3031-45c2-a87c-da9021f94eda req-6863de17-2040-4763-b48c-4bfd326af1e7 f2a315210b6d47869386603e6b37c2ef e24ed2ca16004797ae6f4f9077157880 - - default default] Successfully bumped revision number for resource 3487c4e4-e6de-41d7-8872-6fa6ab3fdc6e (type: security_groups) to 1
2026-05-25 01:50:27.148 9 INFO neutron.db.ovn_revision_numbers_db [req-a0d9b19a-3031-45c2-a87c-da9021f94eda req-6863de17-2040-4763-b48c-4bfd326af1e7 f2a315210b6d47869386603e6b37c2ef e24ed2ca16004797ae6f4f9077157880 - - default default] Successfully bumped revision number for resource 93ad5cea-c865-440f-bd4a-492356231b3e (type: security_group_rules) to 0
2026-05-25 01:50:27.172 9 INFO neutron.db.ovn_revision_numbers_db [req-a0d9b19a-3031-45c2-a87c-da9021f94eda req-6863de17-2040-4763-b48c-4bfd326af1e7 f2a315210b6d47869386603e6b37c2ef e24ed2ca16004797ae6f4f9077157880 - - default default] Successfully bumped revision number for resource b124ef5e-5352-46bc-8a78-5e12743a4577 (type: security_group_rules) to 0
2026-05-25 01:50:27.175 10 INFO neutron.db.ovn_revision_numbers_db [None req-bfe4a026-aecc-4064-a1a5-b5f4c9107894 - - - - - -] Successfully bumped revision number for resource 5eaaa922-0f8d-4914-b6c8-43b546164a05 (type: ports) to 2
2026-05-25 01:50:27.208 9 INFO neutron.wsgi [req-a0d9b19a-3031-45c2-a87c-da9021f94eda req-6863de17-2040-4763-b48c-4bfd326af1e7 f2a315210b6d47869386603e6b37c2ef e24ed2ca16004797ae6f4f9077157880 - - default default] 10.0.0.179 "POST /v2.0/security-groups HTTP/1.1" status: 201 len: 1821 time: 0.2765656
2026-05-25 01:50:27.345 10 INFO neutron.wsgi [req-d4143786-14f7-4951-8b3c-848f9aea7417 req-bbec2858-abfc-4a1d-90b2-6b6c8d50952e f2a315210b6d47869386603e6b37c2ef e24ed2ca16004797ae6f4f9077157880 - - default default] 10.0.0.179 "GET /v2.0/security-groups?tenant_id=e24ed2ca16004797ae6f4f9077157880 HTTP/1.1" status: 200 len: 7792 time: 0.1079977
2026-05-25 01:50:27.358 10 INFO neutron.db.ovn_revision_numbers_db [None req-b0749534-b5e7-4f86-b478-dfba467ce39c 55d99e0589af4595b06eb5b8e5591b67 9971dacbf8454b20a4e2114e636d49f2 - - default default] Successfully bumped revision number for resource 94bfe895-7823-45a7-995d-089ae3846ebb (type: floatingips) to 0
2026-05-25 01:50:27.384 10 INFO neutron.wsgi [None req-b0749534-b5e7-4f86-b478-dfba467ce39c 55d99e0589af4595b06eb5b8e5591b67 9971dacbf8454b20a4e2114e636d49f2 - - default default] 10.0.0.37 "POST /v2.0/floatingips HTTP/1.1" status: 201 len: 751 time: 1.0718977
2026-05-25 01:50:27.400 10 INFO neutron.wsgi [req-d4143786-14f7-4951-8b3c-848f9aea7417 req-4f01431a-8cef-4665-a5b7-cada5faf33b0 f2a315210b6d47869386603e6b37c2ef e24ed2ca16004797ae6f4f9077157880 - - default default] 10.0.0.179 "GET /v2.0/security-groups/b203a92c-6e3b-492b-9b94-e17d3a8c3142 HTTP/1.1" status: 200 len: 2994 time: 0.0448551
2026-05-25 01:50:27.448 10 INFO neutron.wsgi [req-d4143786-14f7-4951-8b3c-848f9aea7417 req-24c23326-4bcb-44e3-90a1-7dea2d4f45f4 f2a315210b6d47869386603e6b37c2ef e24ed2ca16004797ae6f4f9077157880 - - default default] 10.0.0.179 "GET /v2.0/security-groups/b203a92c-6e3b-492b-9b94-e17d3a8c3142 HTTP/1.1" status: 200 len: 2994 time: 0.0409441
2026-05-25 01:50:27.485 9 INFO neutron.db.ovn_revision_numbers_db [None req-169c83c1-a8a5-4b55-ab1d-330fd25cdb41 baef6177ba6b47a4bc0d590c5b281e81 f7130fc5f1b34b508094540ca351522e - - default default] Successfully bumped revision number for resource 4360959b-fcc7-46c9-9a21-0b2df05fb8f9 (type: security_groups) to 1
