2026-05-25 01:52:48.328 10 INFO neutron.wsgi [req-3e74c19d-377d-42f7-b157-dbedbd34d514 req-4152cb7f-57a4-4eed-a10e-e3ebe1c3a3d0 123405b07cf64ce797cee66d17ac6677 36007f1606ed4b0da75cff425588c15b - - b3b727d714aa4b2f9d091a30fb27d997 b3b727d714aa4b2f9d091a30fb27d997] 199.204.45.246 "GET /v2.0/subnets?id=df0306e4-2e50-4b11-8ab7-785d2e5f597b HTTP/1.1" status: 200 len: 853 time: 0.0466108
2026-05-25 01:52:48.331 10 INFO neutron.wsgi [None req-d0fbaf55-2013-4158-a369-225311586a03 baef6177ba6b47a4bc0d590c5b281e81 f7130fc5f1b34b508094540ca351522e - - default default] 10.0.0.37 "GET /v2.0/security-groups?tenant_id=add9dbb02ac34d4092232d5deebde4e8&name=default HTTP/1.1" status: 200 len: 2996 time: 0.2176173
2026-05-25 01:52:48.357 10 INFO neutron.wsgi [req-3e74c19d-377d-42f7-b157-dbedbd34d514 req-1896924a-6eb0-49fa-91b5-f583599f2dd1 123405b07cf64ce797cee66d17ac6677 36007f1606ed4b0da75cff425588c15b - - b3b727d714aa4b2f9d091a30fb27d997 b3b727d714aa4b2f9d091a30fb27d997] 199.204.45.246 "GET /v2.0/ports?network_id=c1acc2d0-ee55-49dc-9c12-9d9dab41263f&device_owner=network%3Adhcp HTTP/1.1" status: 200 len: 210 time: 0.0247545
2026-05-25 01:52:48.417 10 INFO neutron.wsgi [req-3e74c19d-377d-42f7-b157-dbedbd34d514 req-7fb0c97f-55a7-4984-b496-d4a29c6b03a6 123405b07cf64ce797cee66d17ac6677 36007f1606ed4b0da75cff425588c15b - - b3b727d714aa4b2f9d091a30fb27d997 b3b727d714aa4b2f9d091a30fb27d997] 199.204.45.246 "GET /v2.0/networks/c1acc2d0-ee55-49dc-9c12-9d9dab41263f?fields=segments HTTP/1.1" status: 200 len: 212 time: 0.0544529
2026-05-25 01:52:48.498 10 INFO neutron.wsgi [req-3e74c19d-377d-42f7-b157-dbedbd34d514 req-1f99d6bb-cb13-4624-90b3-cf0906473134 123405b07cf64ce797cee66d17ac6677 36007f1606ed4b0da75cff425588c15b - - b3b727d714aa4b2f9d091a30fb27d997 b3b727d714aa4b2f9d091a30fb27d997] 199.204.45.246 "GET /v2.0/networks/c1acc2d0-ee55-49dc-9c12-9d9dab41263f?fields=provider%3Aphysical_network&fields=provider%3Anetwork_type HTTP/1.1" status: 200 len: 277 time: 0.0752473
2026-05-25 01:52:48.539 9 INFO neutron.services.segments.plugin [-] Segment 28a6f0d7-8c18-47d0-a5f5-6ec126d46f4c resource provider aggregate not found
2026-05-25 01:52:48.547 9 INFO neutron.services.segments.plugin [-] Segment 28a6f0d7-8c18-47d0-a5f5-6ec126d46f4c resource provider aggregate not found
2026-05-25 01:52:48.556 9 INFO neutron.services.segments.plugin [-] Segment 28a6f0d7-8c18-47d0-a5f5-6ec126d46f4c resource provider not found; error: Placement Client Error (4xx): {"errors": [{"status": 404, "title": "Not Found", "detail": "The resource could not be found.\n\n No resource provider with uuid 28a6f0d7-8c18-47d0-a5f5-6ec126d46f4c found for delete ", "request_id": "req-4b5d1ad4-9e83-4243-90a4-2b4293f54d08"}]}
2026-05-25 01:52:48.565 9 INFO neutron.services.segments.plugin [-] Segment 28a6f0d7-8c18-47d0-a5f5-6ec126d46f4c resource provider not found; error: Placement Client Error (4xx): {"errors": [{"status": 404, "title": "Not Found", "detail": "The resource could not be found.\n\n No resource provider with uuid 28a6f0d7-8c18-47d0-a5f5-6ec126d46f4c found for delete ", "request_id": "req-9cb01e26-7206-4171-8e28-307f193455c8"}]}
2026-05-25 01:52:48.601 9 INFO neutron.wsgi [None req-b0e56ffd-7b8f-4ca3-8199-b94070059185 03869bb55743499c96e68073cc9f6aad 993df0e97ff34e81bc473a95934160a2 - - default default] 10.0.0.37 "DELETE /v2.0/networks/5f7310f9-c352-4cac-a367-d9fabcf44aca HTTP/1.1" status: 204 len: 168 time: 0.5108743
2026-05-25 01:52:48.685 9 INFO neutron.wsgi [None req-bae35f82-749a-4561-80aa-691f769d0f4f baef6177ba6b47a4bc0d590c5b281e81 f7130fc5f1b34b508094540ca351522e - - default default] 10.0.0.37 "DELETE /v2.0/security-groups/ac22bf3c-0255-4940-985a-88cebccb0be8 HTTP/1.1" status: 204 len: 168 time: 0.3480103
2026-05-25 01:52:48.971 10 INFO neutron.services.segments.plugin [-] Segment 63681e81-ff98-4123-8718-7a9ccc60145b resource provider aggregate not found
2026-05-25 01:52:48.978 10 INFO neutron.services.segments.plugin [-] Segment 63681e81-ff98-4123-8718-7a9ccc60145b resource provider aggregate not found
2026-05-25 01:52:48.985 10 INFO neutron.services.segments.plugin [-] Segment 63681e81-ff98-4123-8718-7a9ccc60145b resource provider not found; error: Placement Client Error (4xx): {"errors": [{"status": 404, "title": "Not Found", "detail": "The resource could not be found.\n\n No resource provider with uuid 63681e81-ff98-4123-8718-7a9ccc60145b found for delete ", "request_id": "req-eb243a99-495e-4a77-b34d-c5bf7b7a0126"}]}
2026-05-25 01:52:49.001 10 INFO neutron.services.segments.plugin [-] Segment 63681e81-ff98-4123-8718-7a9ccc60145b resource provider not found; error: Placement Client Error (4xx): {"errors": [{"status": 404, "title": "Not Found", "detail": "The resource could not be found.\n\n No resource provider with uuid 63681e81-ff98-4123-8718-7a9ccc60145b found for delete ", "request_id": "req-5678a0d7-aef6-4ef6-ab9e-8f9bf6581d2c"}]}
2026-05-25 01:52:49.014 10 INFO neutron.wsgi [None req-1c397aed-b46e-44e6-83fd-4a119db481a5 03869bb55743499c96e68073cc9f6aad 993df0e97ff34e81bc473a95934160a2 - - default default] 10.0.0.37 "DELETE /v2.0/networks/ac254b7e-e502-49d4-89a2-0828e7fccb06 HTTP/1.1" status: 204 len: 168 time: 0.4077775
2026-05-25 01:52:49.047 10 INFO neutron.db.ovn_revision_numbers_db [None req-c1dfde7f-cc68-4d0d-b192-ae83aaf075d2 baef6177ba6b47a4bc0d590c5b281e81 f7130fc5f1b34b508094540ca351522e - - default default] Successfully bumped revision number for resource 88655b9c-4df6-4135-a5b8-eb12bc1d1773 (type: security_groups) to 1
2026-05-25 01:52:49.071 10 INFO neutron.db.ovn_revision_numbers_db [None req-c1dfde7f-cc68-4d0d-b192-ae83aaf075d2 baef6177ba6b47a4bc0d590c5b281e81 f7130fc5f1b34b508094540ca351522e - - default default] Successfully bumped revision number for resource 4bd59c2f-5606-4140-bd4a-cf47b09aa453 (type: security_group_rules) to 0
2026-05-25 01:52:49.099 10 INFO neutron.db.ovn_revision_numbers_db [None req-c1dfde7f-cc68-4d0d-b192-ae83aaf075d2 baef6177ba6b47a4bc0d590c5b281e81 f7130fc5f1b34b508094540ca351522e - - default default] Successfully bumped revision number for resource b01f831d-356c-4418-8502-64698fcd5685 (type: security_group_rules) to 0
2026-05-25 01:52:49.115 10 INFO neutron.db.ovn_revision_numbers_db [None req-c1dfde7f-cc68-4d0d-b192-ae83aaf075d2 baef6177ba6b47a4bc0d590c5b281e81 f7130fc5f1b34b508094540ca351522e - - default default] Successfully bumped revision number for resource dedb56f1-9733-4ea0-bf32-1264ba13d2ae (type: security_group_rules) to 0
2026-05-25 01:52:49.131 10 INFO neutron.db.ovn_revision_numbers_db [None req-c1dfde7f-cc68-4d0d-b192-ae83aaf075d2 baef6177ba6b47a4bc0d590c5b281e81 f7130fc5f1b34b508094540ca351522e - - default default] Successfully bumped revision number for resource f7f605c9-7785-43e1-8001-e22700d0e91d (type: security_group_rules) to 0
2026-05-25 01:52:49.161 10 INFO neutron.wsgi [None req-c1dfde7f-cc68-4d0d-b192-ae83aaf075d2 baef6177ba6b47a4bc0d590c5b281e81 f7130fc5f1b34b508094540ca351522e - - default default] 10.0.0.37 "GET /v2.0/security-groups?tenant_id=4178f9946319437883c5f2c39a986d37&name=default HTTP/1.1" status: 200 len: 2996 time: 0.3006306
2026-05-25 01:52:49.201 10 WARNING neutron_lib.context [None req-91c3e1e3-9924-4940-bd8d-5ec7517f671b 6df61c74b58b4f1aa1beaef45c1bc2d5 b58d54e71a964df1a3adde5631c19bbb - - default default] Method 'is_advsvc' is deprecated since 2023.2 release (neutron-lib 3.8.0) and will be removed once support for the old RBAC API policies will be removed from Neutron. Please use method 'is_service_role' instead.
2026-05-25 01:52:49.320 10 INFO neutron.db.ovn_revision_numbers_db [None req-91c3e1e3-9924-4940-bd8d-5ec7517f671b 6df61c74b58b4f1aa1beaef45c1bc2d5 b58d54e71a964df1a3adde5631c19bbb - - default default] Successfully bumped revision number for resource 6972e6e2-e17d-44dd-8fc3-641dbf42032a (type: security_groups) to 1
2026-05-25 01:52:49.332 10 INFO neutron.db.ovn_revision_numbers_db [None req-91c3e1e3-9924-4940-bd8d-5ec7517f671b 6df61c74b58b4f1aa1beaef45c1bc2d5 b58d54e71a964df1a3adde5631c19bbb - - default default] Successfully bumped revision number for resource 2fa8e9a8-98ea-4ec1-a53a-0938fa312f06 (type: security_group_rules) to 0
2026-05-25 01:52:49.348 10 INFO neutron.db.ovn_revision_numbers_db [None req-91c3e1e3-9924-4940-bd8d-5ec7517f671b 6df61c74b58b4f1aa1beaef45c1bc2d5 b58d54e71a964df1a3adde5631c19bbb - - default default] Successfully bumped revision number for resource 6bd195bb-7a29-4d47-8fc2-5a35df1d2779 (type: security_group_rules) to 0
2026-05-25 01:52:49.370 10 INFO neutron.wsgi [None req-91c3e1e3-9924-4940-bd8d-5ec7517f671b 6df61c74b58b4f1aa1beaef45c1bc2d5 b58d54e71a964df1a3adde5631c19bbb - - default default] 10.0.0.37 "POST /v2.0/security-groups HTTP/1.1" status: 201 len: 1811 time: 0.1755841
2026-05-25 01:52:49.385 10 WARNING neutron_lib.context [None req-617031dd-80ec-46da-8a8f-f90c22fa8750 6df61c74b58b4f1aa1beaef45c1bc2d5 b58d54e71a964df1a3adde5631c19bbb - - default default] Method 'is_advsvc' is deprecated since 2023.2 release (neutron-lib 3.8.0) and will be removed once support for the old RBAC API policies will be removed from Neutron. Please use method 'is_service_role' instead.
2026-05-25 01:52:49.465 9 INFO neutron.wsgi [None req-2d4c785b-f96e-44d9-8c11-144fd061be0b 03869bb55743499c96e68073cc9f6aad 993df0e97ff34e81bc473a95934160a2 - - default default] 10.0.0.37 "DELETE /v2.0/networks/d41b6ebc-0bfe-46be-a228-92e1cf7e789a HTTP/1.1" status: 204 len: 168 time: 0.4453099
2026-05-25 01:52:49.504 9 INFO neutron.wsgi [None req-a62b7b2c-919c-4324-9a9d-da7dc3e4e739 baef6177ba6b47a4bc0d590c5b281e81 f7130fc5f1b34b508094540ca351522e - - default default] 10.0.0.37 "DELETE /v2.0/security-groups/88655b9c-4df6-4135-a5b8-eb12bc1d1773 HTTP/1.1" status: 204 len: 168 time: 0.3360565
2026-05-25 01:52:49.510 10 INFO neutron.db.ovn_revision_numbers_db [None req-617031dd-80ec-46da-8a8f-f90c22fa8750 6df61c74b58b4f1aa1beaef45c1bc2d5 b58d54e71a964df1a3adde5631c19bbb - - default default] Successfully bumped revision number for resource 6794118a-9f3c-4777-861f-ae4f9d7edff4 (type: security_group_rules) to 0
2026-05-25 01:52:49.537 10 INFO neutron.wsgi [None req-617031dd-80ec-46da-8a8f-f90c22fa8750 6df61c74b58b4f1aa1beaef45c1bc2d5 b58d54e71a964df1a3adde5631c19bbb - - default default] 10.0.0.37 "POST /v2.0/security-group-rules HTTP/1.1" status: 201 len: 764 time: 0.1587217
2026-05-25 01:52:49.549 10 WARNING neutron_lib.context [None req-5a13b5a1-9908-41a1-b9d9-7af015f41402 6df61c74b58b4f1aa1beaef45c1bc2d5 b58d54e71a964df1a3adde5631c19bbb - - default default] Method 'is_advsvc' is deprecated since 2023.2 release (neutron-lib 3.8.0) and will be removed once support for the old RBAC API policies will be removed from Neutron. Please use method 'is_service_role' instead.
2026-05-25 01:52:49.661 10 INFO neutron.db.ovn_revision_numbers_db [None req-5a13b5a1-9908-41a1-b9d9-7af015f41402 6df61c74b58b4f1aa1beaef45c1bc2d5 b58d54e71a964df1a3adde5631c19bbb - - default default] Successfully bumped revision number for resource 47886d28-4301-418f-8dbe-300f843aa498 (type: security_group_rules) to 0
2026-05-25 01:52:49.687 10 INFO neutron.wsgi [None req-5a13b5a1-9908-41a1-b9d9-7af015f41402 6df61c74b58b4f1aa1beaef45c1bc2d5 b58d54e71a964df1a3adde5631c19bbb - - default default] 10.0.0.37 "POST /v2.0/security-group-rules HTTP/1.1" status: 201 len: 763 time: 0.1458478
2026-05-25 01:52:49.700 10 WARNING neutron_lib.context [None req-32066a15-8239-4bac-8a10-6f3825055fd7 6df61c74b58b4f1aa1beaef45c1bc2d5 b58d54e71a964df1a3adde5631c19bbb - - default default] Method 'is_advsvc' is deprecated since 2023.2 release (neutron-lib 3.8.0) and will be removed once support for the old RBAC API policies will be removed from Neutron. Please use method 'is_service_role' instead.
2026-05-25 01:52:49.839 10 INFO neutron.db.ovn_revision_numbers_db [None req-32066a15-8239-4bac-8a10-6f3825055fd7 6df61c74b58b4f1aa1beaef45c1bc2d5 b58d54e71a964df1a3adde5631c19bbb - - default default] Successfully bumped revision number for resource 27fe0af5-bad2-4a18-9995-bc0d72f8c9f5 (type: security_group_rules) to 0
2026-05-25 01:52:49.843 9 INFO neutron.wsgi [None req-a2401324-047e-4649-9d09-8c3ef723ad42 03869bb55743499c96e68073cc9f6aad 993df0e97ff34e81bc473a95934160a2 - - default default] 10.0.0.37 "DELETE /v2.0/networks/be51bae0-7711-42ae-a274-f6d51ff86303 HTTP/1.1" status: 204 len: 168 time: 0.3692763
2026-05-25 01:52:49.873 10 INFO neutron.wsgi [None req-32066a15-8239-4bac-8a10-6f3825055fd7 6df61c74b58b4f1aa1beaef45c1bc2d5 b58d54e71a964df1a3adde5631c19bbb - - default default] 10.0.0.37 "POST /v2.0/security-group-rules HTTP/1.1" status: 201 len: 769 time: 0.1797814
2026-05-25 01:52:49.886 10 WARNING neutron_lib.context [None req-a9153ea6-bbca-445c-a406-9c733f658dec 6df61c74b58b4f1aa1beaef45c1bc2d5 b58d54e71a964df1a3adde5631c19bbb - - default default] Method 'is_advsvc' is deprecated since 2023.2 release (neutron-lib 3.8.0) and will be removed once support for the old RBAC API policies will be removed from Neutron. Please use method 'is_service_role' instead.
2026-05-25 01:52:49.994 10 INFO neutron.db.ovn_revision_numbers_db [None req-a9153ea6-bbca-445c-a406-9c733f658dec 6df61c74b58b4f1aa1beaef45c1bc2d5 b58d54e71a964df1a3adde5631c19bbb - - default default] Successfully bumped revision number for resource a7b4fa48-348b-4a29-8d1b-3b4514b96914 (type: security_group_rules) to 0
2026-05-25 01:52:50.017 10 INFO neutron.wsgi [None req-a9153ea6-bbca-445c-a406-9c733f658dec 6df61c74b58b4f1aa1beaef45c1bc2d5 b58d54e71a964df1a3adde5631c19bbb - - default default] 10.0.0.37 "POST /v2.0/security-group-rules HTTP/1.1" status: 201 len: 768 time: 0.1363051
2026-05-25 01:52:50.033 10 WARNING neutron_lib.context [None req-b70182b5-c0aa-4297-a429-79b7aa2a2827 6df61c74b58b4f1aa1beaef45c1bc2d5 b58d54e71a964df1a3adde5631c19bbb - - default default] Method 'is_advsvc' is deprecated since 2023.2 release (neutron-lib 3.8.0) and will be removed once support for the old RBAC API policies will be removed from Neutron. Please use method 'is_service_role' instead.
2026-05-25 01:52:50.051 10 INFO neutron.db.securitygroups_db [None req-b70182b5-c0aa-4297-a429-79b7aa2a2827 6df61c74b58b4f1aa1beaef45c1bc2d5 b58d54e71a964df1a3adde5631c19bbb - - default default] Project b58d54e71a964df1a3adde5631c19bbb added a security group rule with legacy IPv6 ICMP protocol name icmp, ipv6-icmp should be used instead. It was automatically converted.
2026-05-25 01:52:50.152 10 INFO neutron.db.ovn_revision_numbers_db [None req-b70182b5-c0aa-4297-a429-79b7aa2a2827 6df61c74b58b4f1aa1beaef45c1bc2d5 b58d54e71a964df1a3adde5631c19bbb - - default default] Successfully bumped revision number for resource 41bfeaae-37fa-44b9-b8bb-1a2ba7b7f2c5 (type: security_group_rules) to 0
2026-05-25 01:52:50.177 10 INFO neutron.wsgi [None req-b70182b5-c0aa-4297-a429-79b7aa2a2827 6df61c74b58b4f1aa1beaef45c1bc2d5 b58d54e71a964df1a3adde5631c19bbb - - default default] 10.0.0.37 "POST /v2.0/security-group-rules HTTP/1.1" status: 201 len: 774 time: 0.1539907
2026-05-25 01:52:50.188 10 WARNING neutron_lib.context [None req-0de98734-786c-41f5-b19d-bef8dcd43886 6df61c74b58b4f1aa1beaef45c1bc2d5 b58d54e71a964df1a3adde5631c19bbb - - default default] Method 'is_advsvc' is deprecated since 2023.2 release (neutron-lib 3.8.0) and will be removed once support for the old RBAC API policies will be removed from Neutron. Please use method 'is_service_role' instead.
2026-05-25 01:52:50.206 10 INFO neutron.db.securitygroups_db [None req-0de98734-786c-41f5-b19d-bef8dcd43886 6df61c74b58b4f1aa1beaef45c1bc2d5 b58d54e71a964df1a3adde5631c19bbb - - default default] Project b58d54e71a964df1a3adde5631c19bbb added a security group rule with legacy IPv6 ICMP protocol name icmp, ipv6-icmp should be used instead. It was automatically converted.
2026-05-25 01:52:50.319 10 INFO neutron.db.ovn_revision_numbers_db [None req-0de98734-786c-41f5-b19d-bef8dcd43886 6df61c74b58b4f1aa1beaef45c1bc2d5 b58d54e71a964df1a3adde5631c19bbb - - default default] Successfully bumped revision number for resource 827ae159-b0c9-4be5-864a-07970b8dbc03 (type: security_group_rules) to 0
2026-05-25 01:52:50.343 10 INFO neutron.wsgi [None req-0de98734-786c-41f5-b19d-bef8dcd43886 6df61c74b58b4f1aa1beaef45c1bc2d5 b58d54e71a964df1a3adde5631c19bbb - - default default] 10.0.0.37 "POST /v2.0/security-group-rules HTTP/1.1" status: 201 len: 773 time: 0.1608512
2026-05-25 01:52:50.440 9 INFO neutron.wsgi [None req-7bc960b0-ce58-4f6f-aabc-5578ec7f109b baef6177ba6b47a4bc0d590c5b281e81 f7130fc5f1b34b508094540ca351522e - - default default] 10.0.0.37 "GET /v2.0/security-groups?tenant_id=993df0e97ff34e81bc473a95934160a2&name=default HTTP/1.1" status: 200 len: 2996 time: 0.1202598
2026-05-25 01:52:50.587 9 INFO neutron.services.segments.plugin [-] Segment ebbb7a2d-d3b9-4e8a-a2a6-3e2c1cddf138 resource provider aggregate not found
2026-05-25 01:52:50.592 9 INFO neutron.services.segments.plugin [-] Segment ebbb7a2d-d3b9-4e8a-a2a6-3e2c1cddf138 resource provider aggregate not found
2026-05-25 01:52:50.613 9 INFO neutron.services.segments.plugin [-] Segment ebbb7a2d-d3b9-4e8a-a2a6-3e2c1cddf138 resource provider not found; error: Placement Client Error (4xx): {"errors": [{"status": 404, "title": "Not Found", "detail": "The resource could not be found.\n\n No resource provider with uuid ebbb7a2d-d3b9-4e8a-a2a6-3e2c1cddf138 found for delete ", "request_id": "req-ea8d034d-cb60-4fc8-82e9-d5ae6ecf64df"}]}
2026-05-25 01:52:50.630 9 INFO neutron.services.segments.plugin [-] Segment ebbb7a2d-d3b9-4e8a-a2a6-3e2c1cddf138 resource provider not found; error: Placement Client Error (4xx): {"errors": [{"status": 404, "title": "Not Found", "detail": "The resource could not be found.\n\n No resource provider with uuid ebbb7a2d-d3b9-4e8a-a2a6-3e2c1cddf138 found for delete ", "request_id": "req-a83d3e54-bf26-4dfd-a4d2-386ba1669e13"}]}
2026-05-25 01:52:50.636 9 INFO neutron.services.segments.plugin [-] Segment 0c9a4f3d-1e0a-4d47-b56c-23a9f715edf8 resource provider aggregate not found
2026-05-25 01:52:50.658 9 INFO neutron.services.segments.plugin [-] Segment 0c9a4f3d-1e0a-4d47-b56c-23a9f715edf8 resource provider aggregate not found
2026-05-25 01:52:50.663 9 INFO neutron.services.segments.plugin [-] Segment 0c9a4f3d-1e0a-4d47-b56c-23a9f715edf8 resource provider not found; error: Placement Client Error (4xx): {"errors": [{"status": 404, "title": "Not Found", "detail": "The resource could not be found.\n\n No resource provider with uuid 0c9a4f3d-1e0a-4d47-b56c-23a9f715edf8 found for delete ", "request_id": "req-bfccf09a-2e1c-4bbf-9ad8-e46d8525b9bb"}]}
2026-05-25 01:52:50.677 9 INFO neutron.services.segments.plugin [-] Segment 0c9a4f3d-1e0a-4d47-b56c-23a9f715edf8 resource provider not found; error: Placement Client Error (4xx): {"errors": [{"status": 404, "title": "Not Found", "detail": "The resource could not be found.\n\n No resource provider with uuid 0c9a4f3d-1e0a-4d47-b56c-23a9f715edf8 found for delete ", "request_id": "req-891ed02e-e20d-47fc-8901-6879d53e8f08"}]}
2026-05-25 01:52:50.752 9 INFO neutron.wsgi [None req-665eff58-f10b-4b1c-b729-09381e897926 baef6177ba6b47a4bc0d590c5b281e81 f7130fc5f1b34b508094540ca351522e - - default default] 10.0.0.37 "DELETE /v2.0/security-groups/5fc09585-069a-4557-947b-492dee058af7 HTTP/1.1" status: 204 len: 168 time: 0.3063679
2026-05-25 01:52:51.090 10 INFO neutron.wsgi [None req-d0249fd5-aade-4e6e-9758-29c743e63ee6 6df61c74b58b4f1aa1beaef45c1bc2d5 b58d54e71a964df1a3adde5631c19bbb - - default default] 10.0.0.37 "GET /v2.0/networks HTTP/1.1" status: 200 len: 1492 time: 0.3415360
2026-05-25 01:52:51.205 9 INFO neutron.wsgi [req-fa618c97-c184-4532-b4c1-53a5125c57d3 req-b728d512-5c41-4149-a818-1e2421e19ef2 6df61c74b58b4f1aa1beaef45c1bc2d5 b58d54e71a964df1a3adde5631c19bbb - - default default] 10.0.0.179 "GET /v2.0/security-groups?name=tempest-secgroup-smoke-1240000442&fields=id&tenant_id=b58d54e71a964df1a3adde5631c19bbb HTTP/1.1" status: 200 len: 267 time: 0.0502374
2026-05-25 01:52:51.293 9 INFO neutron.wsgi [req-fa618c97-c184-4532-b4c1-53a5125c57d3 req-ff71e9e0-4bf0-40c8-b30e-a37ed4837df4 6df61c74b58b4f1aa1beaef45c1bc2d5 b58d54e71a964df1a3adde5631c19bbb - - default default] 10.0.0.179 "GET /v2.0/networks?id=c1acc2d0-ee55-49dc-9c12-9d9dab41263f HTTP/1.1" status: 200 len: 859 time: 0.0821350
2026-05-25 01:52:51.314 9 INFO neutron.wsgi [req-fa618c97-c184-4532-b4c1-53a5125c57d3 req-56a8a828-6bc5-49bd-b093-408f63562080 6df61c74b58b4f1aa1beaef45c1bc2d5 b58d54e71a964df1a3adde5631c19bbb - - default default] 10.0.0.179 "GET /v2.0/quotas/b58d54e71a964df1a3adde5631c19bbb HTTP/1.1" status: 200 len: 386 time: 0.0132716
2026-05-25 01:52:51.403 9 INFO neutron.wsgi [req-fa618c97-c184-4532-b4c1-53a5125c57d3 req-c765ad25-47b9-42b6-8abd-8d46dd775a35 6df61c74b58b4f1aa1beaef45c1bc2d5 b58d54e71a964df1a3adde5631c19bbb - - default default] 10.0.0.179 "GET /v2.0/ports?tenant_id=b58d54e71a964df1a3adde5631c19bbb&fields=id HTTP/1.1" status: 200 len: 348 time: 0.0815849
2026-05-25 01:52:51.479 9 INFO neutron.wsgi [req-fa618c97-c184-4532-b4c1-53a5125c57d3 req-329e53e4-1863-4f74-92da-aa580054aaeb 123405b07cf64ce797cee66d17ac6677 36007f1606ed4b0da75cff425588c15b - - b3b727d714aa4b2f9d091a30fb27d997 b3b727d714aa4b2f9d091a30fb27d997] 10.0.0.179 "GET /v2.0/networks/c1acc2d0-ee55-49dc-9c12-9d9dab41263f?fields=segments HTTP/1.1" status: 200 len: 212 time: 0.0676017
2026-05-25 01:52:51.553 9 INFO neutron.wsgi [req-fa618c97-c184-4532-b4c1-53a5125c57d3 req-1eb292bf-04ad-4626-aae1-ab48cc3cd0b7 123405b07cf64ce797cee66d17ac6677 36007f1606ed4b0da75cff425588c15b - - b3b727d714aa4b2f9d091a30fb27d997 b3b727d714aa4b2f9d091a30fb27d997] 10.0.0.179 "GET /v2.0/networks/c1acc2d0-ee55-49dc-9c12-9d9dab41263f?fields=provider%3Aphysical_network&fields=provider%3Anetwork_type HTTP/1.1" status: 200 len: 277 time: 0.0685663
2026-05-25 01:52:51.680 10 INFO neutron.wsgi [req-952dbe55-17fd-418b-8e20-0e0c70ca67b8 req-64cfef73-7b04-425d-9eaa-db499934beba 6df61c74b58b4f1aa1beaef45c1bc2d5 b58d54e71a964df1a3adde5631c19bbb - - default default] 10.0.0.179 "GET /v2.0/ports?device_id=5ffc6a15-7df7-46ec-99e7-b11b96ceaa09 HTTP/1.1" status: 200 len: 210 time: 0.0321283
2026-05-25 01:52:52.406 10 INFO neutron.wsgi [req-fa618c97-c184-4532-b4c1-53a5125c57d3 req-fbe79368-2c8f-4b10-af30-fdaaa756c495 6df61c74b58b4f1aa1beaef45c1bc2d5 b58d54e71a964df1a3adde5631c19bbb - - default default] 199.204.45.246 "GET /v2.0/networks?id=c1acc2d0-ee55-49dc-9c12-9d9dab41263f HTTP/1.1" status: 200 len: 859 time: 0.0644834
2026-05-25 01:52:52.465 10 INFO neutron.wsgi [req-fa618c97-c184-4532-b4c1-53a5125c57d3 req-8945c4cb-1d50-4d74-a901-a16d25713ecd 6df61c74b58b4f1aa1beaef45c1bc2d5 b58d54e71a964df1a3adde5631c19bbb - - default default] 199.204.45.246 "GET /v2.0/security-groups?fields=id&fields=name&tenant_id=b58d54e71a964df1a3adde5631c19bbb HTTP/1.1" status: 200 len: 473 time: 0.0516403
2026-05-25 01:52:52.475 10 WARNING neutron_lib.context [req-fa618c97-c184-4532-b4c1-53a5125c57d3 req-19f66ad4-aece-432f-bfeb-1dcaf1f63a04 6df61c74b58b4f1aa1beaef45c1bc2d5 b58d54e71a964df1a3adde5631c19bbb - - default default] Method 'is_advsvc' is deprecated since 2023.2 release (neutron-lib 3.8.0) and will be removed once support for the old RBAC API policies will be removed from Neutron. Please use method 'is_service_role' instead.
2026-05-25 01:52:52.776 10 INFO neutron.wsgi [req-c916bbaa-68ff-430b-8241-4774b2a6b78f req-c0d05f0a-ae3a-4c80-91e5-b0c7c36a5fad 6df61c74b58b4f1aa1beaef45c1bc2d5 b58d54e71a964df1a3adde5631c19bbb - - default default] 10.0.0.179 "GET /v2.0/ports?device_id=5ffc6a15-7df7-46ec-99e7-b11b96ceaa09 HTTP/1.1" status: 200 len: 210 time: 0.0310173
2026-05-25 01:52:52.793 9 WARNING neutron_lib.context [None req-a66a7ae5-6dd9-4e23-89f0-3e0bb14c7cc0 10ddb96bd8d346dcb099f3eee6d096b2 bd70295c7b1d4ac78338d27ce10691a8 - - default default] Method 'is_advsvc' is deprecated since 2023.2 release (neutron-lib 3.8.0) and will be removed once support for the old RBAC API policies will be removed from Neutron. Please use method 'is_service_role' instead.
2026-05-25 01:52:52.801 9 WARNING neutron_lib.context [None req-4f8ba220-ddcb-4009-a68c-13d94a4e83fa 66db6240954941039827d563833f02ba 3929d8b90f684ff3988d23f35ee0b754 - - default default] Method 'is_advsvc' is deprecated since 2023.2 release (neutron-lib 3.8.0) and will be removed once support for the old RBAC API policies will be removed from Neutron. Please use method 'is_service_role' instead.
2026-05-25 01:52:52.813 10 WARNING neutron.scheduler.dhcp_agent_scheduler [req-fa618c97-c184-4532-b4c1-53a5125c57d3 req-19f66ad4-aece-432f-bfeb-1dcaf1f63a04 6df61c74b58b4f1aa1beaef45c1bc2d5 b58d54e71a964df1a3adde5631c19bbb - - default default] No more DHCP agents
2026-05-25 01:52:52.814 10 WARNING neutron.api.rpc.agentnotifiers.dhcp_rpc_agent_api [req-fa618c97-c184-4532-b4c1-53a5125c57d3 req-19f66ad4-aece-432f-bfeb-1dcaf1f63a04 6df61c74b58b4f1aa1beaef45c1bc2d5 b58d54e71a964df1a3adde5631c19bbb - - default default] Unable to schedule network c1acc2d0-ee55-49dc-9c12-9d9dab41263f: no agents available; will retry on subsequent port and subnet creation events.
2026-05-25 01:52:52.971 9 INFO neutron.db.ovn_revision_numbers_db [None req-a66a7ae5-6dd9-4e23-89f0-3e0bb14c7cc0 10ddb96bd8d346dcb099f3eee6d096b2 bd70295c7b1d4ac78338d27ce10691a8 - - default default] Successfully bumped revision number for resource 1a82bd25-4fb4-4566-8c58-93e81bdb40bb (type: security_groups) to 1
2026-05-25 01:52:52.976 9 INFO neutron.db.ovn_revision_numbers_db [None req-4f8ba220-ddcb-4009-a68c-13d94a4e83fa 66db6240954941039827d563833f02ba 3929d8b90f684ff3988d23f35ee0b754 - - default default] Successfully bumped revision number for resource dbea2e86-3341-4262-b1dd-1d263438c762 (type: security_groups) to 1
2026-05-25 01:52:52.984 9 INFO neutron.db.ovn_revision_numbers_db [None req-a66a7ae5-6dd9-4e23-89f0-3e0bb14c7cc0 10ddb96bd8d346dcb099f3eee6d096b2 bd70295c7b1d4ac78338d27ce10691a8 - - default default] Successfully bumped revision number for resource 557c5fe3-affd-4f9d-b331-d8d63aa395ef (type: security_group_rules) to 0
2026-05-25 01:52:52.990 9 INFO neutron.db.ovn_revision_numbers_db [None req-4f8ba220-ddcb-4009-a68c-13d94a4e83fa 66db6240954941039827d563833f02ba 3929d8b90f684ff3988d23f35ee0b754 - - default default] Successfully bumped revision number for resource 4aff1ccc-b0b5-43a6-8f26-72f75069551a (type: security_group_rules) to 0
2026-05-25 01:52:53.001 9 WARNING neutron_lib.context [None req-1ff2eef0-03a7-492e-b56b-3700bd3637d2 bc3071783d144c66bc8ca3c894d4e2e0 ad314a69f0cb41b0b6143f11ce91ede5 - - default default] Method 'is_advsvc' is deprecated since 2023.2 release (neutron-lib 3.8.0) and will be removed once support for the old RBAC API policies will be removed from Neutron. Please use method 'is_service_role' instead.
2026-05-25 01:52:53.004 9 INFO neutron.db.ovn_revision_numbers_db [None req-a66a7ae5-6dd9-4e23-89f0-3e0bb14c7cc0 10ddb96bd8d346dcb099f3eee6d096b2 bd70295c7b1d4ac78338d27ce10691a8 - - default default] Successfully bumped revision number for resource 8407b7f1-f966-4617-b99d-bfc40ffb64c8 (type: security_group_rules) to 0
2026-05-25 01:52:53.014 9 INFO neutron.db.ovn_revision_numbers_db [None req-4f8ba220-ddcb-4009-a68c-13d94a4e83fa 66db6240954941039827d563833f02ba 3929d8b90f684ff3988d23f35ee0b754 - - default default] Successfully bumped revision number for resource 95d579ad-c415-4c5f-95a8-d7346d1623ea (type: security_group_rules) to 0
2026-05-25 01:52:53.025 9 INFO neutron.db.ovn_revision_numbers_db [None req-a66a7ae5-6dd9-4e23-89f0-3e0bb14c7cc0 10ddb96bd8d346dcb099f3eee6d096b2 bd70295c7b1d4ac78338d27ce10691a8 - - default default] Successfully bumped revision number for resource 8860a8d0-7f42-463d-916b-6175461066ac (type: security_group_rules) to 0
2026-05-25 01:52:53.033 9 INFO neutron.db.ovn_revision_numbers_db [None req-4f8ba220-ddcb-4009-a68c-13d94a4e83fa 66db6240954941039827d563833f02ba 3929d8b90f684ff3988d23f35ee0b754 - - default default] Successfully bumped revision number for resource b912cbe3-493f-4dbd-8e84-7208fd920a1e (type: security_group_rules) to 0
2026-05-25 01:52:53.041 9 INFO neutron.db.ovn_revision_numbers_db [None req-a66a7ae5-6dd9-4e23-89f0-3e0bb14c7cc0 10ddb96bd8d346dcb099f3eee6d096b2 bd70295c7b1d4ac78338d27ce10691a8 - - default default] Successfully bumped revision number for resource ba84ec02-dbe9-4c6d-8dfa-4b335fbd4fb4 (type: security_group_rules) to 0
2026-05-25 01:52:53.057 9 INFO neutron.db.ovn_revision_numbers_db [None req-4f8ba220-ddcb-4009-a68c-13d94a4e83fa 66db6240954941039827d563833f02ba 3929d8b90f684ff3988d23f35ee0b754 - - default default] Successfully bumped revision number for resource e4dbd7f4-f23e-46dc-89be-31595d360347 (type: security_group_rules) to 0
2026-05-25 01:52:53.102 9 INFO neutron.db.segments_db [None req-a66a7ae5-6dd9-4e23-89f0-3e0bb14c7cc0 10ddb96bd8d346dcb099f3eee6d096b2 bd70295c7b1d4ac78338d27ce10691a8 - - default default] Added segment a17b0d4c-b5bb-4f00-81d1-ce7cf046f04c of type geneve for network 953d9dcb-3edd-4a5e-9c35-de666d0d7a58
2026-05-25 01:52:53.129 9 INFO neutron.db.segments_db [None req-4f8ba220-ddcb-4009-a68c-13d94a4e83fa 66db6240954941039827d563833f02ba 3929d8b90f684ff3988d23f35ee0b754 - - default default] Added segment 00757b31-8899-4dbc-9d1b-81cdcd506d16 of type geneve for network 6fe9cc88-facd-4bae-aaad-38f4156cfc8e
2026-05-25 01:52:53.168 10 INFO neutron.db.ovn_revision_numbers_db [req-fa618c97-c184-4532-b4c1-53a5125c57d3 req-19f66ad4-aece-432f-bfeb-1dcaf1f63a04 6df61c74b58b4f1aa1beaef45c1bc2d5 b58d54e71a964df1a3adde5631c19bbb - - default default] Successfully bumped revision number for resource fdb32e20-39b5-4f6a-82bd-9845e4bd4227 (type: ports) to 1
2026-05-25 01:52:53.189 10 INFO neutron.wsgi [req-fa618c97-c184-4532-b4c1-53a5125c57d3 req-19f66ad4-aece-432f-bfeb-1dcaf1f63a04 6df61c74b58b4f1aa1beaef45c1bc2d5 b58d54e71a964df1a3adde5631c19bbb - - default default] 199.204.45.246 "POST /v2.0/ports HTTP/1.1" status: 201 len: 1158 time: 0.7194984 /var/lib/openstack/lib/python3.10/site-packages/pycadf/identifier.py:71: UserWarning: Invalid uuid: neutron. To ensure interoperability, identifiers should be a valid uuid. warnings.warn(('Invalid uuid: %s. To ensure interoperability, '
2026-05-25 01:52:53.261 9 INFO neutron.db.ovn_revision_numbers_db [None req-1ff2eef0-03a7-492e-b56b-3700bd3637d2 bc3071783d144c66bc8ca3c894d4e2e0 ad314a69f0cb41b0b6143f11ce91ede5 - - default default] Successfully bumped revision number for resource 979e77be-f83f-4286-b00b-a6b805177d54 (type: security_groups) to 1
2026-05-25 01:52:53.309 9 INFO neutron.db.ovn_revision_numbers_db [None req-1ff2eef0-03a7-492e-b56b-3700bd3637d2 bc3071783d144c66bc8ca3c894d4e2e0 ad314a69f0cb41b0b6143f11ce91ede5 - - default default] Successfully bumped revision number for resource 21fa98a8-09e2-4a74-902e-e13522ce90d1 (type: security_group_rules) to 0
2026-05-25 01:52:53.357 9 INFO neutron.db.ovn_revision_numbers_db [None req-1ff2eef0-03a7-492e-b56b-3700bd3637d2 bc3071783d144c66bc8ca3c894d4e2e0 ad314a69f0cb41b0b6143f11ce91ede5 - - default default] Successfully bumped revision number for resource 3640882d-eeb5-43db-b26f-52a1ab3f2271 (type: security_group_rules) to 0
2026-05-25 01:52:53.390 9 INFO neutron.db.ovn_revision_numbers_db [None req-a66a7ae5-6dd9-4e23-89f0-3e0bb14c7cc0 10ddb96bd8d346dcb099f3eee6d096b2 bd70295c7b1d4ac78338d27ce10691a8 - - default default] Successfully bumped revision number for resource 953d9dcb-3edd-4a5e-9c35-de666d0d7a58 (type: networks) to 1
2026-05-25 01:52:53.393 9 INFO neutron.db.ovn_revision_numbers_db [None req-1ff2eef0-03a7-492e-b56b-3700bd3637d2 bc3071783d144c66bc8ca3c894d4e2e0 ad314a69f0cb41b0b6143f11ce91ede5 - - default default] Successfully bumped revision number for resource 88624997-b8b6-4bd1-bb08-e416d16eb56e (type: security_group_rules) to 0
2026-05-25 01:52:53.404 9 INFO neutron.db.ovn_revision_numbers_db [None req-4f8ba220-ddcb-4009-a68c-13d94a4e83fa 66db6240954941039827d563833f02ba 3929d8b90f684ff3988d23f35ee0b754 - - default default] Successfully bumped revision number for resource 6fe9cc88-facd-4bae-aaad-38f4156cfc8e (type: networks) to 1
2026-05-25 01:52:53.421 9 INFO neutron.db.ovn_revision_numbers_db [None req-1ff2eef0-03a7-492e-b56b-3700bd3637d2 bc3071783d144c66bc8ca3c894d4e2e0 ad314a69f0cb41b0b6143f11ce91ede5 - - default default] Successfully bumped revision number for resource f43d602a-f358-4df9-b0fa-42e8dd5f8c99 (type: security_group_rules) to 0
2026-05-25 01:52:53.497 9 INFO neutron.db.segments_db [None req-1ff2eef0-03a7-492e-b56b-3700bd3637d2 bc3071783d144c66bc8ca3c894d4e2e0 ad314a69f0cb41b0b6143f11ce91ede5 - - default default] Added segment af30b06f-5307-478f-87b2-713b2e2450ab of type geneve for network adb27acc-9bec-42c6-a531-dd6e0c6e18ad
2026-05-25 01:52:53.613 10 INFO neutron.db.ovn_revision_numbers_db [req-fa618c97-c184-4532-b4c1-53a5125c57d3 req-3f2df60a-ae9b-4017-a8c9-d4a763d99fb7 123405b07cf64ce797cee66d17ac6677 36007f1606ed4b0da75cff425588c15b - - b3b727d714aa4b2f9d091a30fb27d997 b3b727d714aa4b2f9d091a30fb27d997] Successfully bumped revision number for resource fdb32e20-39b5-4f6a-82bd-9845e4bd4227 (type: ports) to 2
2026-05-25 01:52:53.792 10 INFO neutron.db.ovn_revision_numbers_db [req-fa618c97-c184-4532-b4c1-53a5125c57d3 req-3f2df60a-ae9b-4017-a8c9-d4a763d99fb7 123405b07cf64ce797cee66d17ac6677 36007f1606ed4b0da75cff425588c15b - - b3b727d714aa4b2f9d091a30fb27d997 b3b727d714aa4b2f9d091a30fb27d997] Successfully bumped revision number for resource fdb32e20-39b5-4f6a-82bd-9845e4bd4227 (type: ports) to 2
2026-05-25 01:52:53.813 10 INFO neutron.wsgi [req-fa618c97-c184-4532-b4c1-53a5125c57d3 req-3f2df60a-ae9b-4017-a8c9-d4a763d99fb7 123405b07cf64ce797cee66d17ac6677 36007f1606ed4b0da75cff425588c15b - - b3b727d714aa4b2f9d091a30fb27d997 b3b727d714aa4b2f9d091a30fb27d997] 199.204.45.246 "PUT /v2.0/ports/fdb32e20-39b5-4f6a-82bd-9845e4bd4227 HTTP/1.1" status: 200 len: 1376 time: 0.6133974
2026-05-25 01:52:53.845 10 INFO neutron.notifiers.nova [-] Nova event matching ['req-defb3fa0-11c3-4c46-88b7-e21dd35b1c3d'] response: {'name': 'network-changed', 'server_uuid': '5ffc6a15-7df7-46ec-99e7-b11b96ceaa09', 'tag': 'fdb32e20-39b5-4f6a-82bd-9845e4bd4227', 'status': 'completed', 'code': 200} /var/lib/openstack/lib/python3.10/site-packages/pycadf/identifier.py:71: UserWarning: Invalid uuid: neutron. To ensure interoperability, identifiers should be a valid uuid. warnings.warn(('Invalid uuid: %s. To ensure interoperability, '
2026-05-25 01:52:53.892 10 INFO neutron.wsgi [req-fa618c97-c184-4532-b4c1-53a5125c57d3 req-2715bb21-afee-4ad0-a97c-fbbe6849958d 123405b07cf64ce797cee66d17ac6677 36007f1606ed4b0da75cff425588c15b - - b3b727d714aa4b2f9d091a30fb27d997 b3b727d714aa4b2f9d091a30fb27d997] 199.204.45.246 "GET /v2.0/ports?tenant_id=b58d54e71a964df1a3adde5631c19bbb&device_id=5ffc6a15-7df7-46ec-99e7-b11b96ceaa09 HTTP/1.1" status: 200 len: 1407 time: 0.0412419
2026-05-25 01:52:53.920 10 INFO neutron.wsgi [req-fa618c97-c184-4532-b4c1-53a5125c57d3 req-c71d831c-5371-4f70-87d9-51b2a952712c 123405b07cf64ce797cee66d17ac6677 36007f1606ed4b0da75cff425588c15b - - b3b727d714aa4b2f9d091a30fb27d997 b3b727d714aa4b2f9d091a30fb27d997] 199.204.45.246 "GET /v2.0/floatingips?fixed_ip_address=10.100.0.7&port_id=fdb32e20-39b5-4f6a-82bd-9845e4bd4227 HTTP/1.1" status: 200 len: 217 time: 0.0207212
2026-05-25 01:52:53.942 9 INFO neutron.wsgi [req-48fd91f2-a558-4b3f-ac60-6594deb81110 req-121b3122-48c7-4e1b-ae4a-c3cc40811d8c 6df61c74b58b4f1aa1beaef45c1bc2d5 b58d54e71a964df1a3adde5631c19bbb - - default default] 10.0.0.179 "GET /v2.0/ports?device_id=5ffc6a15-7df7-46ec-99e7-b11b96ceaa09 HTTP/1.1" status: 200 len: 1168 time: 0.0688074
2026-05-25 01:52:53.962 10 INFO neutron.wsgi [req-fa618c97-c184-4532-b4c1-53a5125c57d3 req-c5c6995b-cf81-42e5-8d10-86796b09cc4e 123405b07cf64ce797cee66d17ac6677 36007f1606ed4b0da75cff425588c15b - - b3b727d714aa4b2f9d091a30fb27d997 b3b727d714aa4b2f9d091a30fb27d997] 199.204.45.246 "GET /v2.0/subnets?id=df0306e4-2e50-4b11-8ab7-785d2e5f597b HTTP/1.1" status: 200 len: 853 time: 0.0351551
2026-05-25 01:52:54.002 10 INFO neutron.wsgi [req-fa618c97-c184-4532-b4c1-53a5125c57d3 req-a186760f-64cc-4326-935c-5ffe55df89a3 123405b07cf64ce797cee66d17ac6677 36007f1606ed4b0da75cff425588c15b - - b3b727d714aa4b2f9d091a30fb27d997 b3b727d714aa4b2f9d091a30fb27d997] 199.204.45.246 "GET /v2.0/ports?network_id=c1acc2d0-ee55-49dc-9c12-9d9dab41263f&device_owner=network%3Adhcp HTTP/1.1" status: 200 len: 210 time: 0.0325730
2026-05-25 01:52:54.023 9 WARNING neutron.scheduler.dhcp_agent_scheduler [None req-a66a7ae5-6dd9-4e23-89f0-3e0bb14c7cc0 10ddb96bd8d346dcb099f3eee6d096b2 bd70295c7b1d4ac78338d27ce10691a8 - - default default] No more DHCP agents
2026-05-25 01:52:54.032 9 WARNING neutron.api.rpc.agentnotifiers.dhcp_rpc_agent_api [None req-a66a7ae5-6dd9-4e23-89f0-3e0bb14c7cc0 10ddb96bd8d346dcb099f3eee6d096b2 bd70295c7b1d4ac78338d27ce10691a8 - - default default] Unable to schedule network 953d9dcb-3edd-4a5e-9c35-de666d0d7a58: no agents available; will retry on subsequent port and subnet creation events.
2026-05-25 01:52:54.060 9 WARNING neutron.scheduler.dhcp_agent_scheduler [None req-4f8ba220-ddcb-4009-a68c-13d94a4e83fa 66db6240954941039827d563833f02ba 3929d8b90f684ff3988d23f35ee0b754 - - default default] No more DHCP agents
2026-05-25 01:52:54.071 9 WARNING neutron.api.rpc.agentnotifiers.dhcp_rpc_agent_api [None req-4f8ba220-ddcb-4009-a68c-13d94a4e83fa 66db6240954941039827d563833f02ba 3929d8b90f684ff3988d23f35ee0b754 - - default default] Unable to schedule network 6fe9cc88-facd-4bae-aaad-38f4156cfc8e: no agents available; will retry on subsequent port and subnet creation events.
2026-05-25 01:52:54.078 10 INFO neutron.wsgi [req-fa618c97-c184-4532-b4c1-53a5125c57d3 req-e00749b9-687c-4263-bfac-08bcee94fc90 123405b07cf64ce797cee66d17ac6677 36007f1606ed4b0da75cff425588c15b - - b3b727d714aa4b2f9d091a30fb27d997 b3b727d714aa4b2f9d091a30fb27d997] 199.204.45.246 "GET /v2.0/networks/c1acc2d0-ee55-49dc-9c12-9d9dab41263f?fields=segments HTTP/1.1" status: 200 len: 212 time: 0.0694203
2026-05-25 01:52:54.098 9 INFO neutron.wsgi [req-48fd91f2-a558-4b3f-ac60-6594deb81110 req-81775aa8-55cb-4c21-ab12-0210462d45c3 6df61c74b58b4f1aa1beaef45c1bc2d5 b58d54e71a964df1a3adde5631c19bbb - - default default] 10.0.0.179 "GET /v2.0/security-groups?id=6972e6e2-e17d-44dd-8fc3-641dbf42032a&fields=id&fields=name HTTP/1.1" status: 200 len: 313 time: 0.1439478
2026-05-25 01:52:54.108 9 INFO neutron.db.ovn_revision_numbers_db [None req-1ff2eef0-03a7-492e-b56b-3700bd3637d2 bc3071783d144c66bc8ca3c894d4e2e0 ad314a69f0cb41b0b6143f11ce91ede5 - - default default] Successfully bumped revision number for resource adb27acc-9bec-42c6-a531-dd6e0c6e18ad (type: networks) to 1
2026-05-25 01:52:54.157 10 INFO neutron.wsgi [req-fa618c97-c184-4532-b4c1-53a5125c57d3 req-5ae71187-3a5a-4cb7-8fbf-025d432d3a33 123405b07cf64ce797cee66d17ac6677 36007f1606ed4b0da75cff425588c15b - - b3b727d714aa4b2f9d091a30fb27d997 b3b727d714aa4b2f9d091a30fb27d997] 199.204.45.246 "GET /v2.0/networks/c1acc2d0-ee55-49dc-9c12-9d9dab41263f?fields=provider%3Aphysical_network&fields=provider%3Anetwork_type HTTP/1.1" status: 200 len: 277 time: 0.0743871
2026-05-25 01:52:54.234 9 INFO neutron.db.ovn_revision_numbers_db [None req-a66a7ae5-6dd9-4e23-89f0-3e0bb14c7cc0 10ddb96bd8d346dcb099f3eee6d096b2 bd70295c7b1d4ac78338d27ce10691a8 - - default default] Successfully bumped revision number for resource 0b379fc8-6908-451a-bffd-f1bd6a74fa78 (type: ports) to 1
2026-05-25 01:52:54.254 10 INFO neutron.wsgi [req-e0c5b8ce-8fcd-4023-a887-79ca249f8c2a req-db41b361-2f76-42a8-b47e-bd493deb5e1b 123405b07cf64ce797cee66d17ac6677 36007f1606ed4b0da75cff425588c15b - - b3b727d714aa4b2f9d091a30fb27d997 b3b727d714aa4b2f9d091a30fb27d997] 199.204.45.246 "GET /v2.0/ports?tenant_id=b58d54e71a964df1a3adde5631c19bbb&device_id=5ffc6a15-7df7-46ec-99e7-b11b96ceaa09 HTTP/1.1" status: 200 len: 1407 time: 0.0516088
2026-05-25 01:52:54.289 9 INFO neutron.wsgi [None req-a66a7ae5-6dd9-4e23-89f0-3e0bb14c7cc0 10ddb96bd8d346dcb099f3eee6d096b2 bd70295c7b1d4ac78338d27ce10691a8 - - default default] 10.0.0.37 "POST /v2.0/networks HTTP/1.1" status: 201 len: 830 time: 1.6125188
2026-05-25 01:52:54.298 9 INFO neutron.db.ovn_revision_numbers_db [None req-4f8ba220-ddcb-4009-a68c-13d94a4e83fa 66db6240954941039827d563833f02ba 3929d8b90f684ff3988d23f35ee0b754 - - default default] Successfully bumped revision number for resource 9bc95a46-81c5-48ed-b514-5c8e8caf324e (type: ports) to 1
2026-05-25 01:52:54.300 10 WARNING neutron_lib.context [None req-fe3bf804-8cfb-4892-b708-735435e60e36 10ddb96bd8d346dcb099f3eee6d096b2 bd70295c7b1d4ac78338d27ce10691a8 - - default default] Method 'is_advsvc' is deprecated since 2023.2 release (neutron-lib 3.8.0) and will be removed once support for the old RBAC API policies will be removed from Neutron. Please use method 'is_service_role' instead.
2026-05-25 01:52:54.353 10 INFO neutron.wsgi [req-e0c5b8ce-8fcd-4023-a887-79ca249f8c2a req-f03a805b-a989-47a5-97a1-3be5bf45509d 123405b07cf64ce797cee66d17ac6677 36007f1606ed4b0da75cff425588c15b - - b3b727d714aa4b2f9d091a30fb27d997 b3b727d714aa4b2f9d091a30fb27d997] 199.204.45.246 "GET /v2.0/networks?id=c1acc2d0-ee55-49dc-9c12-9d9dab41263f HTTP/1.1" status: 200 len: 958 time: 0.0936399
2026-05-25 01:52:54.358 9 INFO neutron.wsgi [None req-4f8ba220-ddcb-4009-a68c-13d94a4e83fa 66db6240954941039827d563833f02ba 3929d8b90f684ff3988d23f35ee0b754 - - default default] 10.0.0.37 "POST /v2.0/networks HTTP/1.1" status: 201 len: 846 time: 1.6821244
2026-05-25 01:52:54.367 9 INFO neutron.plugins.ml2.drivers.ovn.mech_driver.mech_driver [None req-2c1de30c-89f1-496d-a407-636249d36f82 - - - - - -] OVN reports status up for port: fdb32e20-39b5-4f6a-82bd-9845e4bd4227
2026-05-25 01:52:54.382 10 INFO neutron.wsgi [req-e0c5b8ce-8fcd-4023-a887-79ca249f8c2a req-dcc9fbf5-2390-4bf2-b6fd-02961ba7fc76 123405b07cf64ce797cee66d17ac6677 36007f1606ed4b0da75cff425588c15b - - b3b727d714aa4b2f9d091a30fb27d997 b3b727d714aa4b2f9d091a30fb27d997] 199.204.45.246 "GET /v2.0/floatingips?fixed_ip_address=10.100.0.7&port_id=fdb32e20-39b5-4f6a-82bd-9845e4bd4227 HTTP/1.1" status: 200 len: 217 time: 0.0195730
2026-05-25 01:52:54.383 9 INFO neutron.plugins.ml2.plugin [None req-2c1de30c-89f1-496d-a407-636249d36f82 - - - - - -] Attempt 1 to provision port fdb32e20-39b5-4f6a-82bd-9845e4bd4227
2026-05-25 01:52:54.427 10 INFO neutron.wsgi [req-e0c5b8ce-8fcd-4023-a887-79ca249f8c2a req-5d5ae748-b20f-40ea-9ff3-7c906b2cbf27 123405b07cf64ce797cee66d17ac6677 36007f1606ed4b0da75cff425588c15b - - b3b727d714aa4b2f9d091a30fb27d997 b3b727d714aa4b2f9d091a30fb27d997] 199.204.45.246 "GET /v2.0/subnets?id=df0306e4-2e50-4b11-8ab7-785d2e5f597b HTTP/1.1" status: 200 len: 853 time: 0.0399423
2026-05-25 01:52:54.431 9 WARNING neutron.scheduler.dhcp_agent_scheduler [None req-1ff2eef0-03a7-492e-b56b-3700bd3637d2 bc3071783d144c66bc8ca3c894d4e2e0 ad314a69f0cb41b0b6143f11ce91ede5 - - default default] No more DHCP agents
2026-05-25 01:52:54.434 9 WARNING neutron.api.rpc.agentnotifiers.dhcp_rpc_agent_api [None req-1ff2eef0-03a7-492e-b56b-3700bd3637d2 bc3071783d144c66bc8ca3c894d4e2e0 ad314a69f0cb41b0b6143f11ce91ede5 - - default default] Unable to schedule network adb27acc-9bec-42c6-a531-dd6e0c6e18ad: no agents available; will retry on subsequent port and subnet creation events.
2026-05-25 01:52:54.457 10 INFO neutron.wsgi [req-e0c5b8ce-8fcd-4023-a887-79ca249f8c2a req-e53b2339-3d89-4934-ade2-718f1483d09b 123405b07cf64ce797cee66d17ac6677 36007f1606ed4b0da75cff425588c15b - - b3b727d714aa4b2f9d091a30fb27d997 b3b727d714aa4b2f9d091a30fb27d997] 199.204.45.246 "GET /v2.0/ports?network_id=c1acc2d0-ee55-49dc-9c12-9d9dab41263f&device_owner=network%3Adhcp HTTP/1.1" status: 200 len: 210 time: 0.0250394
2026-05-25 01:52:54.545 9 INFO neutron.db.ovn_revision_numbers_db [None req-1ff2eef0-03a7-492e-b56b-3700bd3637d2 bc3071783d144c66bc8ca3c894d4e2e0 ad314a69f0cb41b0b6143f11ce91ede5 - - default default] Successfully bumped revision number for resource 8e475867-8083-49e4-b836-0962b623e3e4 (type: ports) to 1
2026-05-25 01:52:54.547 10 INFO neutron.wsgi [req-e0c5b8ce-8fcd-4023-a887-79ca249f8c2a req-5a7e3557-1143-40fe-b9b5-e3212aaf2db7 123405b07cf64ce797cee66d17ac6677 36007f1606ed4b0da75cff425588c15b - - b3b727d714aa4b2f9d091a30fb27d997 b3b727d714aa4b2f9d091a30fb27d997] 199.204.45.246 "GET /v2.0/networks/c1acc2d0-ee55-49dc-9c12-9d9dab41263f?fields=segments HTTP/1.1" status: 200 len: 212 time: 0.0793717
2026-05-25 01:52:54.556 9 INFO neutron.notifiers.nova [-] Nova event matching ['req-8ae70caf-6500-4b54-ad00-2da153cdca8d'] response: {'server_uuid': '5ffc6a15-7df7-46ec-99e7-b11b96ceaa09', 'name': 'network-vif-plugged', 'status': 'completed', 'tag': 'fdb32e20-39b5-4f6a-82bd-9845e4bd4227', 'code': 200}
2026-05-25 01:52:54.581 9 INFO neutron.wsgi [None req-1ff2eef0-03a7-492e-b56b-3700bd3637d2 bc3071783d144c66bc8ca3c894d4e2e0 ad314a69f0cb41b0b6143f11ce91ede5 - - default default] 10.0.0.37 "POST /v2.0/networks HTTP/1.1" status: 201 len: 830 time: 1.6223571 /var/lib/openstack/lib/python3.10/site-packages/pycadf/identifier.py:71: UserWarning: Invalid uuid: neutron. To ensure interoperability, identifiers should be a valid uuid. warnings.warn(('Invalid uuid: %s. To ensure interoperability, '
2026-05-25 01:52:54.593 10 WARNING neutron_lib.context [None req-faf9f8f0-1a5a-4db7-a20e-4b2e59e1fca7 bc3071783d144c66bc8ca3c894d4e2e0 ad314a69f0cb41b0b6143f11ce91ede5 - - default default] Method 'is_advsvc' is deprecated since 2023.2 release (neutron-lib 3.8.0) and will be removed once support for the old RBAC API policies will be removed from Neutron. Please use method 'is_service_role' instead.
2026-05-25 01:52:54.653 10 WARNING neutron.scheduler.dhcp_agent_scheduler [None req-fe3bf804-8cfb-4892-b708-735435e60e36 10ddb96bd8d346dcb099f3eee6d096b2 bd70295c7b1d4ac78338d27ce10691a8 - - default default] No more DHCP agents
2026-05-25 01:52:54.657 10 INFO neutron.wsgi [req-e0c5b8ce-8fcd-4023-a887-79ca249f8c2a req-d8daee20-12ed-4f11-a170-d1f45253bd1d 123405b07cf64ce797cee66d17ac6677 36007f1606ed4b0da75cff425588c15b - - b3b727d714aa4b2f9d091a30fb27d997 b3b727d714aa4b2f9d091a30fb27d997] 199.204.45.246 "GET /v2.0/networks/c1acc2d0-ee55-49dc-9c12-9d9dab41263f?fields=provider%3Aphysical_network&fields=provider%3Anetwork_type HTTP/1.1" status: 200 len: 277 time: 0.1054111
2026-05-25 01:52:54.660 10 WARNING neutron.api.rpc.agentnotifiers.dhcp_rpc_agent_api [None req-fe3bf804-8cfb-4892-b708-735435e60e36 10ddb96bd8d346dcb099f3eee6d096b2 bd70295c7b1d4ac78338d27ce10691a8 - - default default] Unable to schedule network 953d9dcb-3edd-4a5e-9c35-de666d0d7a58: no agents available; will retry on subsequent port and subnet creation events.
2026-05-25 01:52:54.700 9 INFO neutron.db.ovn_revision_numbers_db [None req-2c1de30c-89f1-496d-a407-636249d36f82 - - - - - -] Successfully bumped revision number for resource fdb32e20-39b5-4f6a-82bd-9845e4bd4227 (type: ports) to 4
2026-05-25 01:52:54.771 10 INFO neutron.db.ovn_revision_numbers_db [None req-fe3bf804-8cfb-4892-b708-735435e60e36 10ddb96bd8d346dcb099f3eee6d096b2 bd70295c7b1d4ac78338d27ce10691a8 - - default default] Successfully bumped revision number for resource 4d12177b-3a5f-49ed-95db-1a9640248e33 (type: ports) to 1 /var/lib/openstack/lib/python3.10/site-packages/pycadf/identifier.py:71: UserWarning: Invalid uuid: neutron. To ensure interoperability, identifiers should be a valid uuid. warnings.warn(('Invalid uuid: %s. To ensure interoperability, '
2026-05-25 01:52:54.801 9 WARNING neutron_lib.context [None req-23511760-3c20-44b6-900c-36c12ae3d29b 66db6240954941039827d563833f02ba 3929d8b90f684ff3988d23f35ee0b754 - - default default] Method 'is_advsvc' is deprecated since 2023.2 release (neutron-lib 3.8.0) and will be removed once support for the old RBAC API policies will be removed from Neutron. Please use method 'is_service_role' instead.
2026-05-25 01:52:54.807 10 INFO neutron.wsgi [None req-fe3bf804-8cfb-4892-b708-735435e60e36 10ddb96bd8d346dcb099f3eee6d096b2 bd70295c7b1d4ac78338d27ce10691a8 - - default default] 10.0.0.37 "POST /v2.0/ports HTTP/1.1" status: 201 len: 942 time: 0.5122955
2026-05-25 01:52:54.820 9 WARNING neutron_lib.context [None req-cba3bf84-d158-4e1f-adc8-47b993b93c84 10ddb96bd8d346dcb099f3eee6d096b2 bd70295c7b1d4ac78338d27ce10691a8 - - default default] Method 'is_advsvc' is deprecated since 2023.2 release (neutron-lib 3.8.0) and will be removed once support for the old RBAC API policies will be removed from Neutron. Please use method 'is_service_role' instead.
2026-05-25 01:52:54.893 10 WARNING neutron.scheduler.dhcp_agent_scheduler [None req-faf9f8f0-1a5a-4db7-a20e-4b2e59e1fca7 bc3071783d144c66bc8ca3c894d4e2e0 ad314a69f0cb41b0b6143f11ce91ede5 - - default default] No more DHCP agents
2026-05-25 01:52:54.897 10 WARNING neutron.api.rpc.agentnotifiers.dhcp_rpc_agent_api [None req-faf9f8f0-1a5a-4db7-a20e-4b2e59e1fca7 bc3071783d144c66bc8ca3c894d4e2e0 ad314a69f0cb41b0b6143f11ce91ede5 - - default default] Unable to schedule network adb27acc-9bec-42c6-a531-dd6e0c6e18ad: no agents available; will retry on subsequent port and subnet creation events.
2026-05-25 01:52:54.915 9 INFO neutron.db.segments_db [None req-cba3bf84-d158-4e1f-adc8-47b993b93c84 10ddb96bd8d346dcb099f3eee6d096b2 bd70295c7b1d4ac78338d27ce10691a8 - - default default] Added segment 39e21ffe-6a57-4f89-ae99-aa1ff1f7c905 of type geneve for network 4f50ea81-cd9b-4b96-b268-ade87faee82b
2026-05-25 01:52:55.127 9 INFO neutron.db.ovn_revision_numbers_db [None req-cba3bf84-d158-4e1f-adc8-47b993b93c84 10ddb96bd8d346dcb099f3eee6d096b2 bd70295c7b1d4ac78338d27ce10691a8 - - default default] Successfully bumped revision number for resource 4f50ea81-cd9b-4b96-b268-ade87faee82b (type: networks) to 1
2026-05-25 01:52:55.140 9 WARNING neutron.scheduler.dhcp_agent_scheduler [None req-23511760-3c20-44b6-900c-36c12ae3d29b 66db6240954941039827d563833f02ba 3929d8b90f684ff3988d23f35ee0b754 - - default default] No more DHCP agents
