2026-05-25 01:55:37.731 9 INFO neutron.wsgi [None req-92a39e8b-7481-4403-8a47-8ec05f7ea72d fa2abba0cc6b474fbbc9504b8467d95d b4656b9145d14accb57b533c71f1b9da - - default default] 10.0.0.37 "GET /v2.0/trunks/08568372-a658-4e03-a428-f76b83cfb9d8/tags HTTP/1.1" status: 200 len: 218 time: 0.0369771
2026-05-25 01:55:37.754 10 INFO neutron.wsgi [req-fb047701-dd47-400a-9cb9-ab1588d7ea1c req-6b0c3a9b-b46e-4e24-bc6f-7ae4e9902a89 123405b07cf64ce797cee66d17ac6677 36007f1606ed4b0da75cff425588c15b - - b3b727d714aa4b2f9d091a30fb27d997 b3b727d714aa4b2f9d091a30fb27d997] 199.204.45.246 "GET /v2.0/networks/aabfd979-136b-480a-9873-fa751291b2c6?fields=provider%3Aphysical_network&fields=provider%3Anetwork_type HTTP/1.1" status: 200 len: 277 time: 0.0851173
2026-05-25 01:55:37.756 9 INFO neutron.wsgi [None req-16b62a8a-1f5a-4b44-bf3e-015836f77ef3 baef6177ba6b47a4bc0d590c5b281e81 f7130fc5f1b34b508094540ca351522e - - default default] 199.204.45.246 "GET /v2.0/ports/4ba43b7f-3f1a-48f2-91f9-906b51b05826 HTTP/1.1" status: 200 len: 1336 time: 0.0336089
2026-05-25 01:55:37.782 10 INFO neutron.wsgi [None req-4d0f0127-19ea-4f86-a359-c5eb05bfa162 fa2abba0cc6b474fbbc9504b8467d95d b4656b9145d14accb57b533c71f1b9da - - default default] 10.0.0.37 "PUT /v2.0/trunks/08568372-a658-4e03-a428-f76b83cfb9d8/tags/green HTTP/1.1" status: 201 len: 201 time: 0.0424001
2026-05-25 01:55:37.797 9 INFO neutron.wsgi [None req-c9ff9752-f428-4a1d-a7d5-c2589621de3e baef6177ba6b47a4bc0d590c5b281e81 f7130fc5f1b34b508094540ca351522e - - default default] 199.204.45.246 "GET /v2.0/subnets/20331390-8429-4c4a-83d6-54b49ce15344 HTTP/1.1" status: 200 len: 851 time: 0.0313420
2026-05-25 01:55:37.805 9 INFO neutron.wsgi [None req-a10b8ad8-86b0-4079-9582-d2b66908c605 fa2abba0cc6b474fbbc9504b8467d95d b4656b9145d14accb57b533c71f1b9da - - default default] 10.0.0.37 "GET /v2.0/trunks/08568372-a658-4e03-a428-f76b83cfb9d8/tags HTTP/1.1" status: 200 len: 227 time: 0.0183287
2026-05-25 01:55:37.828 9 INFO neutron.wsgi [None req-bec27c68-6abb-45ea-9b02-5d7dfbf9e3aa fa2abba0cc6b474fbbc9504b8467d95d b4656b9145d14accb57b533c71f1b9da - - default default] 10.0.0.37 "PUT /v2.0/trunks/08568372-a658-4e03-a428-f76b83cfb9d8/tags/red HTTP/1.1" status: 201 len: 201 time: 0.0178387
2026-05-25 01:55:37.851 9 INFO neutron.wsgi [None req-052b8862-52d5-4b39-b0e5-cb61666db22c fa2abba0cc6b474fbbc9504b8467d95d b4656b9145d14accb57b533c71f1b9da - - default default] 10.0.0.37 "GET /v2.0/trunks/08568372-a658-4e03-a428-f76b83cfb9d8/tags HTTP/1.1" status: 200 len: 227 time: 0.0184247
2026-05-25 01:55:37.898 9 INFO neutron.wsgi [None req-49c9d1d2-f082-427f-ac91-5d71d2e1bdf9 fa2abba0cc6b474fbbc9504b8467d95d b4656b9145d14accb57b533c71f1b9da - - default default] 10.0.0.37 "PUT /v2.0/trunks/08568372-a658-4e03-a428-f76b83cfb9d8/tags/black.or.white HTTP/1.1" status: 201 len: 201 time: 0.0403214
2026-05-25 01:55:37.923 9 INFO neutron.wsgi [None req-acb758f1-badb-46f2-8e90-8091df9a7cd2 fa2abba0cc6b474fbbc9504b8467d95d b4656b9145d14accb57b533c71f1b9da - - default default] 10.0.0.37 "GET /v2.0/trunks/08568372-a658-4e03-a428-f76b83cfb9d8/tags HTTP/1.1" status: 200 len: 245 time: 0.0212517
2026-05-25 01:55:37.961 9 INFO neutron.wsgi [None req-46138791-3e27-4096-85f2-6fd4781ddd6d fa2abba0cc6b474fbbc9504b8467d95d b4656b9145d14accb57b533c71f1b9da - - default default] 10.0.0.37 "PUT /v2.0/trunks/08568372-a658-4e03-a428-f76b83cfb9d8/tags HTTP/1.1" status: 200 len: 230 time: 0.0341623
2026-05-25 01:55:37.987 9 INFO neutron.wsgi [None req-115b9929-b903-4e59-9d76-ba2103fc6606 fa2abba0cc6b474fbbc9504b8467d95d b4656b9145d14accb57b533c71f1b9da - - default default] 10.0.0.37 "GET /v2.0/trunks/08568372-a658-4e03-a428-f76b83cfb9d8/tags HTTP/1.1" status: 200 len: 230 time: 0.0214658
2026-05-25 01:55:38.013 9 INFO neutron.wsgi [None req-b6aa7f56-1541-472f-a44f-140c9b00f9ff fa2abba0cc6b474fbbc9504b8467d95d b4656b9145d14accb57b533c71f1b9da - - default default] 10.0.0.37 "GET /v2.0/trunks/08568372-a658-4e03-a428-f76b83cfb9d8/tags/red HTTP/1.1" status: 204 len: 168 time: 0.0206933
2026-05-25 01:55:38.039 9 INFO neutron.api.v2.resource [None req-3c9583b2-7aab-4f4c-b3cb-2f6c12edee01 fa2abba0cc6b474fbbc9504b8467d95d b4656b9145d14accb57b533c71f1b9da - - default default] show failed (client error): The resource could not be found.
2026-05-25 01:55:38.041 9 INFO neutron.wsgi [None req-3c9583b2-7aab-4f4c-b3cb-2f6c12edee01 fa2abba0cc6b474fbbc9504b8467d95d b4656b9145d14accb57b533c71f1b9da - - default default] 10.0.0.37 "GET /v2.0/trunks/08568372-a658-4e03-a428-f76b83cfb9d8/tags/green HTTP/1.1" status: 404 len: 299 time: 0.0226450
2026-05-25 01:55:38.078 9 INFO neutron.wsgi [None req-915ebae5-5cc9-49eb-a5a4-7fad6f4eaeaa fa2abba0cc6b474fbbc9504b8467d95d b4656b9145d14accb57b533c71f1b9da - - default default] 10.0.0.37 "DELETE /v2.0/trunks/08568372-a658-4e03-a428-f76b83cfb9d8/tags/red HTTP/1.1" status: 204 len: 168 time: 0.0332291
2026-05-25 01:55:38.101 9 INFO neutron.wsgi [None req-7ddc1e19-bc3a-4ef5-a03f-199651cd8414 fa2abba0cc6b474fbbc9504b8467d95d b4656b9145d14accb57b533c71f1b9da - - default default] 10.0.0.37 "GET /v2.0/trunks/08568372-a658-4e03-a428-f76b83cfb9d8/tags HTTP/1.1" status: 200 len: 223 time: 0.0182815
2026-05-25 01:55:38.131 9 INFO neutron.api.v2.resource [None req-91a9124e-b15b-48a8-b54e-7560e12b2fa0 fa2abba0cc6b474fbbc9504b8467d95d b4656b9145d14accb57b533c71f1b9da - - default default] delete failed (client error): The resource could not be found.
2026-05-25 01:55:38.132 9 INFO neutron.wsgi [None req-91a9124e-b15b-48a8-b54e-7560e12b2fa0 fa2abba0cc6b474fbbc9504b8467d95d b4656b9145d14accb57b533c71f1b9da - - default default] 10.0.0.37 "DELETE /v2.0/trunks/08568372-a658-4e03-a428-f76b83cfb9d8/tags/green HTTP/1.1" status: 404 len: 299 time: 0.0257797
2026-05-25 01:55:38.170 9 INFO neutron.wsgi [None req-e6bf181b-9188-407e-a935-a42bb1f0ab45 fa2abba0cc6b474fbbc9504b8467d95d b4656b9145d14accb57b533c71f1b9da - - default default] 10.0.0.37 "DELETE /v2.0/trunks/08568372-a658-4e03-a428-f76b83cfb9d8/tags HTTP/1.1" status: 204 len: 168 time: 0.0312355
2026-05-25 01:55:38.211 9 INFO neutron.wsgi [None req-2d7a371a-18df-4906-8adb-e6b81f3e0eb7 fa2abba0cc6b474fbbc9504b8467d95d b4656b9145d14accb57b533c71f1b9da - - default default] 10.0.0.37 "GET /v2.0/trunks/08568372-a658-4e03-a428-f76b83cfb9d8/tags HTTP/1.1" status: 200 len: 205 time: 0.0353131
2026-05-25 01:55:38.252 10 INFO neutron.wsgi [None req-fde7e8be-4e38-4da7-9ff4-98b113eb9a54 fa2abba0cc6b474fbbc9504b8467d95d b4656b9145d14accb57b533c71f1b9da - - default default] 10.0.0.37 "GET /v2.0/trunks/08568372-a658-4e03-a428-f76b83cfb9d8 HTTP/1.1" status: 200 len: 603 time: 0.0205030
2026-05-25 01:55:38.351 10 INFO neutron.wsgi [None req-b0c41675-469f-4fa1-b7ed-a56be0a830cd fa2abba0cc6b474fbbc9504b8467d95d b4656b9145d14accb57b533c71f1b9da - - default default] 10.0.0.37 "GET /v2.0/ports/11e1eaf5-c661-4ec3-95e5-a1c1641a723e HTTP/1.1" status: 200 len: 1020 time: 0.0943904
2026-05-25 01:55:38.431 10 INFO neutron.wsgi [None req-73170f2e-9667-4d93-840b-8222ccd90fe6 fa2abba0cc6b474fbbc9504b8467d95d b4656b9145d14accb57b533c71f1b9da - - default default] 10.0.0.37 "DELETE /v2.0/trunks/08568372-a658-4e03-a428-f76b83cfb9d8 HTTP/1.1" status: 204 len: 168 time: 0.0748339
2026-05-25 01:55:38.670 10 INFO neutron.wsgi [None req-a6b5400b-ea43-463b-b597-593e47424002 fa2abba0cc6b474fbbc9504b8467d95d b4656b9145d14accb57b533c71f1b9da - - default default] 10.0.0.37 "DELETE /v2.0/ports/11e1eaf5-c661-4ec3-95e5-a1c1641a723e HTTP/1.1" status: 204 len: 168 time: 0.2342103
2026-05-25 01:55:39.079 10 INFO neutron.wsgi [None req-0be4cb91-78dd-423f-b7f9-4d1966993f84 fa2abba0cc6b474fbbc9504b8467d95d b4656b9145d14accb57b533c71f1b9da - - default default] 10.0.0.37 "DELETE /v2.0/networks/afccacb7-c0d9-4c3e-9c01-1af9a886fac7 HTTP/1.1" status: 204 len: 168 time: 0.4037418
2026-05-25 01:55:39.141 10 INFO neutron.services.segments.plugin [-] Segment a9ce53e3-616c-4aa9-b2b0-e6a0829be8df resource provider aggregate not found
2026-05-25 01:55:39.147 10 INFO neutron.services.segments.plugin [-] Segment a9ce53e3-616c-4aa9-b2b0-e6a0829be8df resource provider aggregate not found
2026-05-25 01:55:39.159 10 INFO neutron.services.segments.plugin [-] Segment a9ce53e3-616c-4aa9-b2b0-e6a0829be8df resource provider not found; error: Placement Client Error (4xx): {"errors": [{"status": 404, "title": "Not Found", "detail": "The resource could not be found.\n\n No resource provider with uuid a9ce53e3-616c-4aa9-b2b0-e6a0829be8df found for delete ", "request_id": "req-78069601-c528-4b48-8ca6-a58fea16c0d1"}]}
2026-05-25 01:55:39.162 10 INFO neutron.services.segments.plugin [-] Segment a9ce53e3-616c-4aa9-b2b0-e6a0829be8df resource provider not found; error: Placement Client Error (4xx): {"errors": [{"status": 404, "title": "Not Found", "detail": "The resource could not be found.\n\n No resource provider with uuid a9ce53e3-616c-4aa9-b2b0-e6a0829be8df found for delete ", "request_id": "req-13b793aa-21ea-4edc-b5fd-26d873bd6e52"}]}
2026-05-25 01:55:39.980 10 INFO neutron.db.ovn_revision_numbers_db [None req-3183a7d8-0167-43b1-b488-a5ba80d8a369 baef6177ba6b47a4bc0d590c5b281e81 f7130fc5f1b34b508094540ca351522e - - default default] Successfully bumped revision number for resource 39a93d53-fcee-435a-8e3b-bb9b66ffc6ae (type: security_groups) to 1
2026-05-25 01:55:39.994 10 INFO neutron.db.ovn_revision_numbers_db [None req-3183a7d8-0167-43b1-b488-a5ba80d8a369 baef6177ba6b47a4bc0d590c5b281e81 f7130fc5f1b34b508094540ca351522e - - default default] Successfully bumped revision number for resource 05402629-a00b-4680-8e47-0e6492654b72 (type: security_group_rules) to 0
2026-05-25 01:55:40.007 10 INFO neutron.db.ovn_revision_numbers_db [None req-3183a7d8-0167-43b1-b488-a5ba80d8a369 baef6177ba6b47a4bc0d590c5b281e81 f7130fc5f1b34b508094540ca351522e - - default default] Successfully bumped revision number for resource 2b335722-60c1-4315-9fc7-f749d3aa127b (type: security_group_rules) to 0
2026-05-25 01:55:40.022 10 INFO neutron.db.ovn_revision_numbers_db [None req-3183a7d8-0167-43b1-b488-a5ba80d8a369 baef6177ba6b47a4bc0d590c5b281e81 f7130fc5f1b34b508094540ca351522e - - default default] Successfully bumped revision number for resource 2d2a5994-8f0b-4a32-9caf-62abb28b2bc4 (type: security_group_rules) to 0
2026-05-25 01:55:40.037 10 INFO neutron.db.ovn_revision_numbers_db [None req-3183a7d8-0167-43b1-b488-a5ba80d8a369 baef6177ba6b47a4bc0d590c5b281e81 f7130fc5f1b34b508094540ca351522e - - default default] Successfully bumped revision number for resource 57978905-8e2b-460e-9f15-0b43b3b738ff (type: security_group_rules) to 0
2026-05-25 01:55:40.059 10 INFO neutron.wsgi [None req-3183a7d8-0167-43b1-b488-a5ba80d8a369 baef6177ba6b47a4bc0d590c5b281e81 f7130fc5f1b34b508094540ca351522e - - default default] 10.0.0.37 "GET /v2.0/security-groups?tenant_id=5eb6485f55f940f88f69dc0ace4cc320&name=default HTTP/1.1" status: 200 len: 3000 time: 0.3127277
2026-05-25 01:55:40.261 10 INFO neutron.wsgi [None req-0f1f24dd-a2ce-442a-b2f2-9478da89a306 baef6177ba6b47a4bc0d590c5b281e81 f7130fc5f1b34b508094540ca351522e - - default default] 10.0.0.37 "DELETE /v2.0/security-groups/39a93d53-fcee-435a-8e3b-bb9b66ffc6ae HTTP/1.1" status: 204 len: 168 time: 0.1961732
2026-05-25 01:55:40.399 10 INFO neutron.wsgi [None req-b3ffe03f-2ee6-4e90-9015-f55ca1f408d6 baef6177ba6b47a4bc0d590c5b281e81 f7130fc5f1b34b508094540ca351522e - - default default] 10.0.0.37 "GET /v2.0/security-groups?tenant_id=b4656b9145d14accb57b533c71f1b9da&name=default HTTP/1.1" status: 200 len: 3000 time: 0.0398364
2026-05-25 01:55:40.630 10 INFO neutron.wsgi [None req-82ae6c6a-c30b-44e4-a9a7-7a3c88f53028 baef6177ba6b47a4bc0d590c5b281e81 f7130fc5f1b34b508094540ca351522e - - default default] 10.0.0.37 "DELETE /v2.0/security-groups/0b2fc4c6-d72c-40db-a1a3-35da08586fde HTTP/1.1" status: 204 len: 168 time: 0.2276180
2026-05-25 01:55:42.489 9 INFO neutron.wsgi [None req-f4c4692f-3a06-4713-ae90-3be98640e834 baef6177ba6b47a4bc0d590c5b281e81 f7130fc5f1b34b508094540ca351522e - - default default] 10.0.0.229 "GET /v2.0/extensions/security-group HTTP/1.1" status: 200 len: 369 time: 0.0081744
2026-05-25 01:55:42.499 9 INFO neutron.wsgi [None req-1a00a383-948a-4c40-8490-da59d1019b9a baef6177ba6b47a4bc0d590c5b281e81 f7130fc5f1b34b508094540ca351522e - - default default] 10.0.0.229 "GET /v2.0/extensions/dns-integration HTTP/1.1" status: 200 len: 371 time: 0.0035541
2026-05-25 01:55:42.508 9 INFO neutron.wsgi [None req-37ec5ebe-d4c0-4f61-9d6e-a63c0d90ebc1 baef6177ba6b47a4bc0d590c5b281e81 f7130fc5f1b34b508094540ca351522e - - default default] 10.0.0.229 "GET /v2.0/extensions/qos HTTP/1.1" status: 200 len: 365 time: 0.0048153
2026-05-25 01:55:42.518 9 INFO neutron.wsgi [None req-acc861a1-5d5c-4e28-8167-346056bcb206 baef6177ba6b47a4bc0d590c5b281e81 f7130fc5f1b34b508094540ca351522e - - default default] 10.0.0.229 "GET /v2.0/extensions/allowed-address-pairs HTTP/1.1" status: 200 len: 383 time: 0.0056553
2026-05-25 01:55:42.846 10 INFO neutron.wsgi [-] 10.0.0.250 "GET / HTTP/1.1" status: 200 len: 246 time: 0.0028696
2026-05-25 01:55:42.850 9 INFO neutron.wsgi [-] 10.0.0.250 "GET / HTTP/1.1" status: 200 len: 246 time: 0.0052164
2026-05-25 01:55:42.905 10 INFO neutron.wsgi [-] 10.0.0.229 "GET / HTTP/1.1" status: 200 len: 284 time: 0.0018718
2026-05-25 01:55:42.963 10 INFO neutron.wsgi [None req-bc5d3a0d-b2b1-4edb-abc6-d52f2763e251 ec879e69bbae47a89751e576560c0bac 42b6c1f8843c49ec8e8e51b5065a4b17 - - default default] 10.0.0.229 "GET /v2.0/subnets/83cfa8c2-ee07-49eb-891b-a69df119011b HTTP/1.1" status: 200 len: 830 time: 0.0412943
2026-05-25 01:55:45.228 9 INFO neutron.wsgi [None req-2a387bfc-2340-43fa-91c0-5ab9112b7b42 baef6177ba6b47a4bc0d590c5b281e81 f7130fc5f1b34b508094540ca351522e - - default default] 199.204.45.246 "GET /v2.0/extensions/security-group HTTP/1.1" status: 200 len: 369 time: 0.1277468
2026-05-25 01:55:45.244 9 INFO neutron.wsgi [None req-d6e31e24-1821-4a16-804e-21727ccfe833 baef6177ba6b47a4bc0d590c5b281e81 f7130fc5f1b34b508094540ca351522e - - default default] 199.204.45.246 "GET /v2.0/extensions/dns-integration HTTP/1.1" status: 200 len: 371 time: 0.0074730
2026-05-25 01:55:45.255 9 INFO neutron.wsgi [None req-a00d5c34-4522-4d4d-bc8d-ee011eedeec5 baef6177ba6b47a4bc0d590c5b281e81 f7130fc5f1b34b508094540ca351522e - - default default] 199.204.45.246 "GET /v2.0/extensions/qos HTTP/1.1" status: 200 len: 365 time: 0.0065949
2026-05-25 01:55:45.267 9 INFO neutron.wsgi [None req-49421630-6e25-4857-9c6c-3cdc4fbfef76 baef6177ba6b47a4bc0d590c5b281e81 f7130fc5f1b34b508094540ca351522e - - default default] 199.204.45.246 "GET /v2.0/extensions/allowed-address-pairs HTTP/1.1" status: 200 len: 383 time: 0.0069592
2026-05-25 01:55:45.569 9 INFO neutron.wsgi [None req-297cdff5-75de-41cf-b99e-39962a682489 baef6177ba6b47a4bc0d590c5b281e81 f7130fc5f1b34b508094540ca351522e - - default default] 199.204.45.246 "GET /v2.0/subnets/a200e913-5591-4b48-b2d7-b46415e35fbd HTTP/1.1" status: 200 len: 848 time: 0.0397415
2026-05-25 01:55:45.628 9 INFO neutron.wsgi [None req-f541ae97-637d-446e-9ecb-85a42962b918 baef6177ba6b47a4bc0d590c5b281e81 f7130fc5f1b34b508094540ca351522e - - default default] 199.204.45.246 "GET /v2.0/subnets/83cfa8c2-ee07-49eb-891b-a69df119011b HTTP/1.1" status: 200 len: 848 time: 0.0525870
2026-05-25 01:55:45.690 9 INFO neutron.wsgi [None req-c2b4c372-648e-46d5-810d-c1f439f6c47e baef6177ba6b47a4bc0d590c5b281e81 f7130fc5f1b34b508094540ca351522e - - default default] 199.204.45.246 "GET /v2.0/ports?device_id=21dfbbc9-6069-4c7a-be45-7dfb622fa06a HTTP/1.1" status: 200 len: 3917 time: 0.0557888
2026-05-25 01:55:45.848 9 INFO neutron.wsgi [None req-51e6ee19-5639-4dea-b808-6c98a1f5b50d baef6177ba6b47a4bc0d590c5b281e81 f7130fc5f1b34b508094540ca351522e - - default default] 199.204.45.246 "GET /v2.0/extensions/security-group HTTP/1.1" status: 200 len: 369 time: 0.0077026
2026-05-25 01:55:45.858 9 INFO neutron.wsgi [None req-9687497d-b1f4-41aa-8173-5d7e2be780d9 baef6177ba6b47a4bc0d590c5b281e81 f7130fc5f1b34b508094540ca351522e - - default default] 199.204.45.246 "GET /v2.0/extensions/dns-integration HTTP/1.1" status: 200 len: 371 time: 0.0062799
2026-05-25 01:55:45.866 9 INFO neutron.wsgi [None req-d3f82369-3caf-4bd1-84c2-250c4b2b9d48 baef6177ba6b47a4bc0d590c5b281e81 f7130fc5f1b34b508094540ca351522e - - default default] 199.204.45.246 "GET /v2.0/extensions/qos HTTP/1.1" status: 200 len: 365 time: 0.0046852
2026-05-25 01:55:45.874 9 INFO neutron.wsgi [None req-c5cd87e8-5e0b-4e5d-8f6f-5b3e13f62aef baef6177ba6b47a4bc0d590c5b281e81 f7130fc5f1b34b508094540ca351522e - - default default] 199.204.45.246 "GET /v2.0/extensions/allowed-address-pairs HTTP/1.1" status: 200 len: 383 time: 0.0047228
2026-05-25 01:55:46.432 10 INFO neutron.wsgi [req-df33a0ef-827e-4258-8d11-e1d83a5fc563 req-1b7a2834-ff98-442a-8711-ebf709d474a9 123405b07cf64ce797cee66d17ac6677 36007f1606ed4b0da75cff425588c15b - - b3b727d714aa4b2f9d091a30fb27d997 b3b727d714aa4b2f9d091a30fb27d997] 199.204.45.246 "GET /v2.0/networks/c9b22276-f115-48ca-a3e5-11e1c08e7dd5?fields=segments HTTP/1.1" status: 200 len: 212 time: 0.0631368
2026-05-25 01:55:46.505 10 INFO neutron.wsgi [req-df33a0ef-827e-4258-8d11-e1d83a5fc563 req-9c82c55b-afbb-451a-9e82-84f72053edf5 123405b07cf64ce797cee66d17ac6677 36007f1606ed4b0da75cff425588c15b - - b3b727d714aa4b2f9d091a30fb27d997 b3b727d714aa4b2f9d091a30fb27d997] 199.204.45.246 "GET /v2.0/networks/c9b22276-f115-48ca-a3e5-11e1c08e7dd5?fields=provider%3Aphysical_network&fields=provider%3Anetwork_type HTTP/1.1" status: 200 len: 277 time: 0.0673268
2026-05-25 01:55:46.594 10 INFO neutron.wsgi [req-df33a0ef-827e-4258-8d11-e1d83a5fc563 req-2fe21aa8-9fce-40a2-8093-ea082e7ba50f baef6177ba6b47a4bc0d590c5b281e81 f7130fc5f1b34b508094540ca351522e - - default default] 199.204.45.246 "GET /v2.0/networks?id=c9b22276-f115-48ca-a3e5-11e1c08e7dd5 HTTP/1.1" status: 200 len: 1002 time: 0.0673637
2026-05-25 01:55:46.927 10 WARNING neutron.scheduler.dhcp_agent_scheduler [req-df33a0ef-827e-4258-8d11-e1d83a5fc563 req-6a0b0db5-1ab6-4447-928b-d91f3076fa08 baef6177ba6b47a4bc0d590c5b281e81 f7130fc5f1b34b508094540ca351522e - - default default] No more DHCP agents
2026-05-25 01:55:46.928 10 WARNING neutron.api.rpc.agentnotifiers.dhcp_rpc_agent_api [req-df33a0ef-827e-4258-8d11-e1d83a5fc563 req-6a0b0db5-1ab6-4447-928b-d91f3076fa08 baef6177ba6b47a4bc0d590c5b281e81 f7130fc5f1b34b508094540ca351522e - - default default] Unable to schedule network c9b22276-f115-48ca-a3e5-11e1c08e7dd5: no agents available; will retry on subsequent port and subnet creation events.
2026-05-25 01:55:47.092 10 INFO neutron.db.ovn_revision_numbers_db [req-df33a0ef-827e-4258-8d11-e1d83a5fc563 req-6a0b0db5-1ab6-4447-928b-d91f3076fa08 baef6177ba6b47a4bc0d590c5b281e81 f7130fc5f1b34b508094540ca351522e - - default default] Successfully bumped revision number for resource 67df5540-8d9a-4969-b631-05e8f09f95d7 (type: ports) to 1
2026-05-25 01:55:47.121 10 INFO neutron.wsgi [req-df33a0ef-827e-4258-8d11-e1d83a5fc563 req-6a0b0db5-1ab6-4447-928b-d91f3076fa08 baef6177ba6b47a4bc0d590c5b281e81 f7130fc5f1b34b508094540ca351522e - - default default] 199.204.45.246 "POST /v2.0/ports HTTP/1.1" status: 201 len: 1508 time: 0.5215337 /var/lib/openstack/lib/python3.10/site-packages/pycadf/identifier.py:71: UserWarning: Invalid uuid: neutron. To ensure interoperability, identifiers should be a valid uuid. warnings.warn(('Invalid uuid: %s. To ensure interoperability, '
2026-05-25 01:55:47.599 10 INFO neutron.db.ovn_revision_numbers_db [req-df33a0ef-827e-4258-8d11-e1d83a5fc563 req-1534db78-bb2b-4d92-b806-88e7df3874e7 123405b07cf64ce797cee66d17ac6677 36007f1606ed4b0da75cff425588c15b - - b3b727d714aa4b2f9d091a30fb27d997 b3b727d714aa4b2f9d091a30fb27d997] Successfully bumped revision number for resource 67df5540-8d9a-4969-b631-05e8f09f95d7 (type: ports) to 2
2026-05-25 01:55:47.795 10 INFO neutron.db.ovn_revision_numbers_db [req-df33a0ef-827e-4258-8d11-e1d83a5fc563 req-1534db78-bb2b-4d92-b806-88e7df3874e7 123405b07cf64ce797cee66d17ac6677 36007f1606ed4b0da75cff425588c15b - - b3b727d714aa4b2f9d091a30fb27d997 b3b727d714aa4b2f9d091a30fb27d997] Successfully bumped revision number for resource 67df5540-8d9a-4969-b631-05e8f09f95d7 (type: ports) to 2
2026-05-25 01:55:47.812 10 INFO neutron.wsgi [req-df33a0ef-827e-4258-8d11-e1d83a5fc563 req-1534db78-bb2b-4d92-b806-88e7df3874e7 123405b07cf64ce797cee66d17ac6677 36007f1606ed4b0da75cff425588c15b - - b3b727d714aa4b2f9d091a30fb27d997 b3b727d714aa4b2f9d091a30fb27d997] 199.204.45.246 "PUT /v2.0/ports/67df5540-8d9a-4969-b631-05e8f09f95d7 HTTP/1.1" status: 200 len: 1605 time: 0.6824923 /var/lib/openstack/lib/python3.10/site-packages/pycadf/identifier.py:71: UserWarning: Invalid uuid: neutron. To ensure interoperability, identifiers should be a valid uuid. warnings.warn(('Invalid uuid: %s. To ensure interoperability, '
2026-05-25 01:55:47.856 10 INFO neutron.notifiers.nova [-] Nova event matching ['req-2b68ae8d-a782-413f-8d6f-440dbeab821a'] response: {'name': 'network-changed', 'server_uuid': '21dfbbc9-6069-4c7a-be45-7dfb622fa06a', 'tag': '67df5540-8d9a-4969-b631-05e8f09f95d7', 'status': 'completed', 'code': 200}
2026-05-25 01:55:47.898 10 INFO neutron.wsgi [req-df33a0ef-827e-4258-8d11-e1d83a5fc563 req-99822133-64ed-457d-ab58-ead89d2f16a8 123405b07cf64ce797cee66d17ac6677 36007f1606ed4b0da75cff425588c15b - - b3b727d714aa4b2f9d091a30fb27d997 b3b727d714aa4b2f9d091a30fb27d997] 199.204.45.246 "GET /v2.0/ports?tenant_id=f7130fc5f1b34b508094540ca351522e&device_id=21dfbbc9-6069-4c7a-be45-7dfb622fa06a HTTP/1.1" status: 200 len: 5342 time: 0.0531180
2026-05-25 01:55:47.931 10 INFO neutron.wsgi [req-df33a0ef-827e-4258-8d11-e1d83a5fc563 req-26889fd2-d308-4113-813d-572f08ca0366 123405b07cf64ce797cee66d17ac6677 36007f1606ed4b0da75cff425588c15b - - b3b727d714aa4b2f9d091a30fb27d997 b3b727d714aa4b2f9d091a30fb27d997] 199.204.45.246 "GET /v2.0/floatingips?fixed_ip_address=172.24.0.57&port_id=b3e5a272-8b14-4ec8-b484-715b01fefc16 HTTP/1.1" status: 200 len: 217 time: 0.0261843
2026-05-25 01:55:47.976 10 INFO neutron.wsgi [req-df33a0ef-827e-4258-8d11-e1d83a5fc563 req-b835c367-d2d5-4392-8b51-661422e37646 123405b07cf64ce797cee66d17ac6677 36007f1606ed4b0da75cff425588c15b - - b3b727d714aa4b2f9d091a30fb27d997 b3b727d714aa4b2f9d091a30fb27d997] 199.204.45.246 "GET /v2.0/subnets?id=426a30f8-f9c1-446d-ba0c-77ebf67a7da8 HTTP/1.1" status: 200 len: 829 time: 0.0360007
2026-05-25 01:55:48.005 10 INFO neutron.wsgi [req-df33a0ef-827e-4258-8d11-e1d83a5fc563 req-410749de-bc4a-4654-9b07-627f2bc071a9 123405b07cf64ce797cee66d17ac6677 36007f1606ed4b0da75cff425588c15b - - b3b727d714aa4b2f9d091a30fb27d997 b3b727d714aa4b2f9d091a30fb27d997] 199.204.45.246 "GET /v2.0/ports?network_id=ead9de16-4e0f-438e-af67-75c944f2e414&device_owner=network%3Adhcp HTTP/1.1" status: 200 len: 210 time: 0.0208457
2026-05-25 01:55:48.077 10 INFO neutron.wsgi [req-df33a0ef-827e-4258-8d11-e1d83a5fc563 req-eeed8641-606f-41ec-8b6a-795e7d4df9bd 123405b07cf64ce797cee66d17ac6677 36007f1606ed4b0da75cff425588c15b - - b3b727d714aa4b2f9d091a30fb27d997 b3b727d714aa4b2f9d091a30fb27d997] 199.204.45.246 "GET /v2.0/networks/ead9de16-4e0f-438e-af67-75c944f2e414?fields=segments HTTP/1.1" status: 200 len: 212 time: 0.0638976
2026-05-25 01:55:48.147 10 INFO neutron.wsgi [req-df33a0ef-827e-4258-8d11-e1d83a5fc563 req-72465d62-9a98-4480-b56b-a62385605423 123405b07cf64ce797cee66d17ac6677 36007f1606ed4b0da75cff425588c15b - - b3b727d714aa4b2f9d091a30fb27d997 b3b727d714aa4b2f9d091a30fb27d997] 199.204.45.246 "GET /v2.0/networks/ead9de16-4e0f-438e-af67-75c944f2e414?fields=provider%3Aphysical_network&fields=provider%3Anetwork_type HTTP/1.1" status: 200 len: 277 time: 0.0611775
2026-05-25 01:55:48.182 10 INFO neutron.wsgi [req-df33a0ef-827e-4258-8d11-e1d83a5fc563 req-e003c407-5e96-4271-8c43-b08b8fa5ea71 123405b07cf64ce797cee66d17ac6677 36007f1606ed4b0da75cff425588c15b - - b3b727d714aa4b2f9d091a30fb27d997 b3b727d714aa4b2f9d091a30fb27d997] 199.204.45.246 "GET /v2.0/floatingips?fixed_ip_address=10.1.1.37&port_id=dac19193-3c0d-46d1-a93d-2f95dc0b6c7a HTTP/1.1" status: 200 len: 217 time: 0.0265505
2026-05-25 01:55:48.225 10 INFO neutron.wsgi [req-df33a0ef-827e-4258-8d11-e1d83a5fc563 req-d258e9a0-5c49-4d09-8f4c-015c25a69875 123405b07cf64ce797cee66d17ac6677 36007f1606ed4b0da75cff425588c15b - - b3b727d714aa4b2f9d091a30fb27d997 b3b727d714aa4b2f9d091a30fb27d997] 199.204.45.246 "GET /v2.0/subnets?id=20331390-8429-4c4a-83d6-54b49ce15344 HTTP/1.1" status: 200 len: 854 time: 0.0340855
2026-05-25 01:55:48.252 10 INFO neutron.wsgi [req-df33a0ef-827e-4258-8d11-e1d83a5fc563 req-d014b2ac-c622-47bb-8f51-787558e6a066 123405b07cf64ce797cee66d17ac6677 36007f1606ed4b0da75cff425588c15b - - b3b727d714aa4b2f9d091a30fb27d997 b3b727d714aa4b2f9d091a30fb27d997] 199.204.45.246 "GET /v2.0/ports?network_id=f50b5294-8b59-4a82-a5ef-d6392f88ca08&device_owner=network%3Adhcp HTTP/1.1" status: 200 len: 210 time: 0.0207319
2026-05-25 01:55:48.307 10 INFO neutron.wsgi [req-df33a0ef-827e-4258-8d11-e1d83a5fc563 req-a9235032-0834-4ef4-bb3e-17a9c2d39abf 123405b07cf64ce797cee66d17ac6677 36007f1606ed4b0da75cff425588c15b - - b3b727d714aa4b2f9d091a30fb27d997 b3b727d714aa4b2f9d091a30fb27d997] 199.204.45.246 "GET /v2.0/networks/f50b5294-8b59-4a82-a5ef-d6392f88ca08?fields=segments HTTP/1.1" status: 200 len: 212 time: 0.0460334
2026-05-25 01:55:48.372 10 INFO neutron.wsgi [req-df33a0ef-827e-4258-8d11-e1d83a5fc563 req-baf87aca-d5d1-4915-993f-5f676328fc53 123405b07cf64ce797cee66d17ac6677 36007f1606ed4b0da75cff425588c15b - - b3b727d714aa4b2f9d091a30fb27d997 b3b727d714aa4b2f9d091a30fb27d997] 199.204.45.246 "GET /v2.0/networks/f50b5294-8b59-4a82-a5ef-d6392f88ca08?fields=provider%3Aphysical_network&fields=provider%3Anetwork_type HTTP/1.1" status: 200 len: 277 time: 0.0585821
2026-05-25 01:55:48.398 10 INFO neutron.wsgi [req-df33a0ef-827e-4258-8d11-e1d83a5fc563 req-bb666bed-fad7-49d3-b2c4-88482415a113 123405b07cf64ce797cee66d17ac6677 36007f1606ed4b0da75cff425588c15b - - b3b727d714aa4b2f9d091a30fb27d997 b3b727d714aa4b2f9d091a30fb27d997] 199.204.45.246 "GET /v2.0/floatingips?fixed_ip_address=10.2.1.100&port_id=873ae097-41e9-4fba-9b37-a305245eb660 HTTP/1.1" status: 200 len: 217 time: 0.0217354
2026-05-25 01:55:48.429 10 INFO neutron.wsgi [req-df33a0ef-827e-4258-8d11-e1d83a5fc563 req-b62aa0af-2284-4edb-856a-b6352fe001eb 123405b07cf64ce797cee66d17ac6677 36007f1606ed4b0da75cff425588c15b - - b3b727d714aa4b2f9d091a30fb27d997 b3b727d714aa4b2f9d091a30fb27d997] 199.204.45.246 "GET /v2.0/subnets?id=a200e913-5591-4b48-b2d7-b46415e35fbd HTTP/1.1" status: 200 len: 851 time: 0.0287178
2026-05-25 01:55:48.455 10 INFO neutron.wsgi [req-df33a0ef-827e-4258-8d11-e1d83a5fc563 req-9985af37-a5be-4dc6-9d48-cc1299246de9 123405b07cf64ce797cee66d17ac6677 36007f1606ed4b0da75cff425588c15b - - b3b727d714aa4b2f9d091a30fb27d997 b3b727d714aa4b2f9d091a30fb27d997] 199.204.45.246 "GET /v2.0/ports?network_id=aabfd979-136b-480a-9873-fa751291b2c6&device_owner=network%3Adhcp HTTP/1.1" status: 200 len: 210 time: 0.0187511
2026-05-25 01:55:48.536 10 INFO neutron.wsgi [req-df33a0ef-827e-4258-8d11-e1d83a5fc563 req-c3b7ffbc-0703-4c84-9bf6-6c2f50cbf900 123405b07cf64ce797cee66d17ac6677 36007f1606ed4b0da75cff425588c15b - - b3b727d714aa4b2f9d091a30fb27d997 b3b727d714aa4b2f9d091a30fb27d997] 199.204.45.246 "GET /v2.0/networks/aabfd979-136b-480a-9873-fa751291b2c6?fields=segments HTTP/1.1" status: 200 len: 212 time: 0.0715020
2026-05-25 01:55:48.605 10 INFO neutron.wsgi [req-df33a0ef-827e-4258-8d11-e1d83a5fc563 req-a40d6a0d-9cc5-41b6-b385-58b17742fdde 123405b07cf64ce797cee66d17ac6677 36007f1606ed4b0da75cff425588c15b - - b3b727d714aa4b2f9d091a30fb27d997 b3b727d714aa4b2f9d091a30fb27d997] 199.204.45.246 "GET /v2.0/networks/aabfd979-136b-480a-9873-fa751291b2c6?fields=provider%3Aphysical_network&fields=provider%3Anetwork_type HTTP/1.1" status: 200 len: 277 time: 0.0635574
2026-05-25 01:55:48.635 10 INFO neutron.wsgi [req-df33a0ef-827e-4258-8d11-e1d83a5fc563 req-1f328e7c-6fd5-4286-90d9-bd5ed5466332 123405b07cf64ce797cee66d17ac6677 36007f1606ed4b0da75cff425588c15b - - b3b727d714aa4b2f9d091a30fb27d997 b3b727d714aa4b2f9d091a30fb27d997] 199.204.45.246 "GET /v2.0/floatingips?fixed_ip_address=10.2.2.58&port_id=67df5540-8d9a-4969-b631-05e8f09f95d7 HTTP/1.1" status: 200 len: 217 time: 0.0227644
2026-05-25 01:55:48.664 10 INFO neutron.wsgi [req-df33a0ef-827e-4258-8d11-e1d83a5fc563 req-0ab986f5-053b-4234-9db1-f9991bd334a9 123405b07cf64ce797cee66d17ac6677 36007f1606ed4b0da75cff425588c15b - - b3b727d714aa4b2f9d091a30fb27d997 b3b727d714aa4b2f9d091a30fb27d997] 199.204.45.246 "GET /v2.0/floatingips?fixed_ip_address=fd77%3A1457%3A4cf0%3A26a8%3A%3A30f&port_id=67df5540-8d9a-4969-b631-05e8f09f95d7 HTTP/1.1" status: 200 len: 217 time: 0.0219002
2026-05-25 01:55:48.711 10 INFO neutron.wsgi [req-df33a0ef-827e-4258-8d11-e1d83a5fc563 req-a4e86ba4-2f7e-4ea7-9c7f-3d2b95a0ab87 123405b07cf64ce797cee66d17ac6677 36007f1606ed4b0da75cff425588c15b - - b3b727d714aa4b2f9d091a30fb27d997 b3b727d714aa4b2f9d091a30fb27d997] 199.204.45.246 "GET /v2.0/subnets?id=83cfa8c2-ee07-49eb-891b-a69df119011b&id=d5761a00-ada9-44f9-9d4f-bf30f63c55e6 HTTP/1.1" status: 200 len: 1566 time: 0.0391066
2026-05-25 01:55:48.745 10 INFO neutron.wsgi [req-df33a0ef-827e-4258-8d11-e1d83a5fc563 req-7624df1c-84a9-478c-be50-87ad548fe83b 123405b07cf64ce797cee66d17ac6677 36007f1606ed4b0da75cff425588c15b - - b3b727d714aa4b2f9d091a30fb27d997 b3b727d714aa4b2f9d091a30fb27d997] 199.204.45.246 "GET /v2.0/ports?network_id=c9b22276-f115-48ca-a3e5-11e1c08e7dd5&device_owner=network%3Adhcp HTTP/1.1" status: 200 len: 210 time: 0.0271261
2026-05-25 01:55:48.780 10 INFO neutron.wsgi [req-df33a0ef-827e-4258-8d11-e1d83a5fc563 req-612c8e6d-bc35-4738-bf4e-a396abc11d46 123405b07cf64ce797cee66d17ac6677 36007f1606ed4b0da75cff425588c15b - - b3b727d714aa4b2f9d091a30fb27d997 b3b727d714aa4b2f9d091a30fb27d997] 199.204.45.246 "GET /v2.0/ports?network_id=c9b22276-f115-48ca-a3e5-11e1c08e7dd5&device_owner=network%3Adhcp HTTP/1.1" status: 200 len: 210 time: 0.0276546
2026-05-25 01:55:48.852 10 INFO neutron.wsgi [req-df33a0ef-827e-4258-8d11-e1d83a5fc563 req-23329f6d-9810-471a-8d6a-a36a8ac1c191 123405b07cf64ce797cee66d17ac6677 36007f1606ed4b0da75cff425588c15b - - b3b727d714aa4b2f9d091a30fb27d997 b3b727d714aa4b2f9d091a30fb27d997] 199.204.45.246 "GET /v2.0/networks/c9b22276-f115-48ca-a3e5-11e1c08e7dd5?fields=segments HTTP/1.1" status: 200 len: 212 time: 0.0640423
2026-05-25 01:55:48.928 10 INFO neutron.wsgi [req-df33a0ef-827e-4258-8d11-e1d83a5fc563 req-640e2648-0b89-4ad8-bc35-da0ea3280964 123405b07cf64ce797cee66d17ac6677 36007f1606ed4b0da75cff425588c15b - - b3b727d714aa4b2f9d091a30fb27d997 b3b727d714aa4b2f9d091a30fb27d997] 199.204.45.246 "GET /v2.0/networks/c9b22276-f115-48ca-a3e5-11e1c08e7dd5?fields=provider%3Aphysical_network&fields=provider%3Anetwork_type HTTP/1.1" status: 200 len: 277 time: 0.0712457
2026-05-25 01:55:49.023 9 INFO neutron.plugins.ml2.drivers.ovn.mech_driver.mech_driver [None req-2c1de30c-89f1-496d-a407-636249d36f82 - - - - - -] OVN reports status up for port: 67df5540-8d9a-4969-b631-05e8f09f95d7
2026-05-25 01:55:49.032 10 INFO neutron.wsgi [req-da88d9c5-32f5-4bcb-a9fa-590374e07dba req-7bab0db7-7cff-44f1-adf2-07fc464289c6 123405b07cf64ce797cee66d17ac6677 36007f1606ed4b0da75cff425588c15b - - b3b727d714aa4b2f9d091a30fb27d997 b3b727d714aa4b2f9d091a30fb27d997] 199.204.45.246 "GET /v2.0/ports?tenant_id=f7130fc5f1b34b508094540ca351522e&device_id=21dfbbc9-6069-4c7a-be45-7dfb622fa06a HTTP/1.1" status: 200 len: 5342 time: 0.0545864
2026-05-25 01:55:49.036 9 INFO neutron.plugins.ml2.plugin [None req-2c1de30c-89f1-496d-a407-636249d36f82 - - - - - -] Attempt 1 to provision port 67df5540-8d9a-4969-b631-05e8f09f95d7
2026-05-25 01:55:49.101 10 INFO neutron.wsgi [req-da88d9c5-32f5-4bcb-a9fa-590374e07dba req-3695ef12-0a46-47f8-9d7a-11a6a6b8035a 123405b07cf64ce797cee66d17ac6677 36007f1606ed4b0da75cff425588c15b - - b3b727d714aa4b2f9d091a30fb27d997 b3b727d714aa4b2f9d091a30fb27d997] 199.204.45.246 "GET /v2.0/networks?id=c9b22276-f115-48ca-a3e5-11e1c08e7dd5 HTTP/1.1" status: 200 len: 1002 time: 0.0609043
2026-05-25 01:55:49.134 10 INFO neutron.wsgi [req-da88d9c5-32f5-4bcb-a9fa-590374e07dba req-dff2fee5-32dc-4651-ada8-0f2911d02841 123405b07cf64ce797cee66d17ac6677 36007f1606ed4b0da75cff425588c15b - - b3b727d714aa4b2f9d091a30fb27d997 b3b727d714aa4b2f9d091a30fb27d997] 199.204.45.246 "GET /v2.0/floatingips?fixed_ip_address=10.2.2.58&port_id=67df5540-8d9a-4969-b631-05e8f09f95d7 HTTP/1.1" status: 200 len: 217 time: 0.0238578
2026-05-25 01:55:49.167 10 INFO neutron.wsgi [req-da88d9c5-32f5-4bcb-a9fa-590374e07dba req-ab648bb3-bbf0-4745-8ea7-23ab38b4a94f 123405b07cf64ce797cee66d17ac6677 36007f1606ed4b0da75cff425588c15b - - b3b727d714aa4b2f9d091a30fb27d997 b3b727d714aa4b2f9d091a30fb27d997] 199.204.45.246 "GET /v2.0/floatingips?fixed_ip_address=fd77%3A1457%3A4cf0%3A26a8%3A%3A30f&port_id=67df5540-8d9a-4969-b631-05e8f09f95d7 HTTP/1.1" status: 200 len: 217 time: 0.0268447
2026-05-25 01:55:49.204 9 INFO neutron.notifiers.nova [-] Nova event matching ['req-9f9a9d28-2a5f-4725-9723-fe3f28e0b2c1'] response: {'server_uuid': '21dfbbc9-6069-4c7a-be45-7dfb622fa06a', 'name': 'network-vif-plugged', 'status': 'completed', 'tag': '67df5540-8d9a-4969-b631-05e8f09f95d7', 'code': 200}
2026-05-25 01:55:49.211 10 INFO neutron.wsgi [req-da88d9c5-32f5-4bcb-a9fa-590374e07dba req-0f7ff2db-79b1-40e2-9a01-2d511afe54f1 123405b07cf64ce797cee66d17ac6677 36007f1606ed4b0da75cff425588c15b - - b3b727d714aa4b2f9d091a30fb27d997 b3b727d714aa4b2f9d091a30fb27d997] 199.204.45.246 "GET /v2.0/subnets?id=83cfa8c2-ee07-49eb-891b-a69df119011b&id=d5761a00-ada9-44f9-9d4f-bf30f63c55e6 HTTP/1.1" status: 200 len: 1566 time: 0.0342777
2026-05-25 01:55:49.245 10 INFO neutron.wsgi [req-da88d9c5-32f5-4bcb-a9fa-590374e07dba req-8597eb79-f27a-41fa-913a-ca1e7d39dc40 123405b07cf64ce797cee66d17ac6677 36007f1606ed4b0da75cff425588c15b - - b3b727d714aa4b2f9d091a30fb27d997 b3b727d714aa4b2f9d091a30fb27d997] 199.204.45.246 "GET /v2.0/ports?network_id=c9b22276-f115-48ca-a3e5-11e1c08e7dd5&device_owner=network%3Adhcp HTTP/1.1" status: 200 len: 210 time: 0.0268548
2026-05-25 01:55:49.366 9 INFO neutron.db.ovn_revision_numbers_db [None req-2c1de30c-89f1-496d-a407-636249d36f82 - - - - - -] Successfully bumped revision number for resource 67df5540-8d9a-4969-b631-05e8f09f95d7 (type: ports) to 4
2026-05-25 01:55:49.554 10 INFO neutron.wsgi [req-da88d9c5-32f5-4bcb-a9fa-590374e07dba req-21e3c975-4b08-4265-89bf-a589ecbebd2d 123405b07cf64ce797cee66d17ac6677 36007f1606ed4b0da75cff425588c15b - - b3b727d714aa4b2f9d091a30fb27d997 b3b727d714aa4b2f9d091a30fb27d997] 199.204.45.246 "GET /v2.0/ports?network_id=c9b22276-f115-48ca-a3e5-11e1c08e7dd5&device_owner=network%3Adhcp HTTP/1.1" status: 200 len: 210 time: 0.0207498
2026-05-25 01:55:49.560 10 INFO neutron.wsgi [req-df33a0ef-827e-4258-8d11-e1d83a5fc563 req-14ad3dff-5d7e-414d-bcca-33a4a134b51a baef6177ba6b47a4bc0d590c5b281e81 f7130fc5f1b34b508094540ca351522e - - default default] 10.0.0.179 "GET /v2.0/ports/67df5540-8d9a-4969-b631-05e8f09f95d7 HTTP/1.1" status: 200 len: 1635 time: 0.3288879 /var/lib/openstack/lib/python3.10/site-packages/pycadf/identifier.py:71: UserWarning: Invalid uuid: neutron. To ensure interoperability, identifiers should be a valid uuid. warnings.warn(('Invalid uuid: %s. To ensure interoperability, '
2026-05-25 01:55:49.607 9 INFO neutron.wsgi [None req-245aab2b-be3e-445e-872d-e7bd4082590b baef6177ba6b47a4bc0d590c5b281e81 f7130fc5f1b34b508094540ca351522e - - default default] 199.204.45.246 "GET /v2.0/ports/67df5540-8d9a-4969-b631-05e8f09f95d7 HTTP/1.1" status: 200 len: 1635 time: 0.0351641
2026-05-25 01:55:49.617 10 INFO neutron.wsgi [req-da88d9c5-32f5-4bcb-a9fa-590374e07dba req-40f6baff-e7f6-4f4c-956b-eab1ac565d1e 123405b07cf64ce797cee66d17ac6677 36007f1606ed4b0da75cff425588c15b - - b3b727d714aa4b2f9d091a30fb27d997 b3b727d714aa4b2f9d091a30fb27d997] 199.204.45.246 "GET /v2.0/networks/c9b22276-f115-48ca-a3e5-11e1c08e7dd5?fields=segments HTTP/1.1" status: 200 len: 212 time: 0.0557532
2026-05-25 01:55:49.651 9 INFO neutron.wsgi [None req-f28295aa-2720-4940-a2a5-b61061357f93 baef6177ba6b47a4bc0d590c5b281e81 f7130fc5f1b34b508094540ca351522e - - default default] 199.204.45.246 "GET /v2.0/ports/67df5540-8d9a-4969-b631-05e8f09f95d7 HTTP/1.1" status: 200 len: 1635 time: 0.0363300
2026-05-25 01:55:49.691 10 INFO neutron.wsgi [req-da88d9c5-32f5-4bcb-a9fa-590374e07dba req-4b24d678-681b-420c-b054-367c13336cee 123405b07cf64ce797cee66d17ac6677 36007f1606ed4b0da75cff425588c15b - - b3b727d714aa4b2f9d091a30fb27d997 b3b727d714aa4b2f9d091a30fb27d997] 199.204.45.246 "GET /v2.0/networks/c9b22276-f115-48ca-a3e5-11e1c08e7dd5?fields=provider%3Aphysical_network&fields=provider%3Anetwork_type HTTP/1.1" status: 200 len: 277 time: 0.0671813
2026-05-25 01:55:50.097 9 INFO neutron.db.ovn_revision_numbers_db [None req-412de4c8-ba43-43fd-931f-23c5d8d78504 baef6177ba6b47a4bc0d590c5b281e81 f7130fc5f1b34b508094540ca351522e - - default default] Successfully bumped revision number for resource 67df5540-8d9a-4969-b631-05e8f09f95d7 (type: ports) to 5
2026-05-25 01:55:50.111 9 INFO neutron.wsgi [None req-412de4c8-ba43-43fd-931f-23c5d8d78504 baef6177ba6b47a4bc0d590c5b281e81 f7130fc5f1b34b508094540ca351522e - - default default] 199.204.45.246 "PUT /v2.0/ports/67df5540-8d9a-4969-b631-05e8f09f95d7 HTTP/1.1" status: 200 len: 1374 time: 0.4524868 /var/lib/openstack/lib/python3.10/site-packages/pycadf/identifier.py:71: UserWarning: Invalid uuid: neutron. To ensure interoperability, identifiers should be a valid uuid. warnings.warn(('Invalid uuid: %s. To ensure interoperability, '
2026-05-25 01:55:50.187 9 INFO neutron.wsgi [None req-3c6f1004-c493-4c84-abb3-4a9e0bbf8f97 baef6177ba6b47a4bc0d590c5b281e81 f7130fc5f1b34b508094540ca351522e - - default default] 199.204.45.246 "GET /v2.0/networks/c9b22276-f115-48ca-a3e5-11e1c08e7dd5 HTTP/1.1" status: 200 len: 999 time: 0.0666635
2026-05-25 01:55:50.231 9 INFO neutron.wsgi [None req-275fd63d-5190-4f6d-890d-2d8aeb227990 baef6177ba6b47a4bc0d590c5b281e81 f7130fc5f1b34b508094540ca351522e - - default default] 199.204.45.246 "GET /v2.0/subnets/83cfa8c2-ee07-49eb-891b-a69df119011b HTTP/1.1" status: 200 len: 848 time: 0.0357614
2026-05-25 01:55:50.341 9 INFO neutron.wsgi [None req-a1c235d2-96a5-466d-8714-da869de9e71a baef6177ba6b47a4bc0d590c5b281e81 f7130fc5f1b34b508094540ca351522e - - default default] 199.204.45.246 "GET /v2.0/extensions/security-group HTTP/1.1" status: 200 len: 369 time: 0.0078695
2026-05-25 01:55:50.350 9 INFO neutron.wsgi [None req-2e309775-282c-40c2-888a-3bcc6b716002 baef6177ba6b47a4bc0d590c5b281e81 f7130fc5f1b34b508094540ca351522e - - default default] 199.204.45.246 "GET /v2.0/extensions/dns-integration HTTP/1.1" status: 200 len: 371 time: 0.0049841
2026-05-25 01:55:50.358 9 INFO neutron.wsgi [None req-43d256fd-3296-4360-a0de-3e4d10324fd6 baef6177ba6b47a4bc0d590c5b281e81 f7130fc5f1b34b508094540ca351522e - - default default] 199.204.45.246 "GET /v2.0/extensions/qos HTTP/1.1" status: 200 len: 365 time: 0.0047588
2026-05-25 01:55:50.366 9 INFO neutron.wsgi [None req-dc672c22-1a63-4cbd-a925-8cdb173b01d4 baef6177ba6b47a4bc0d590c5b281e81 f7130fc5f1b34b508094540ca351522e - - default default] 199.204.45.246 "GET /v2.0/extensions/allowed-address-pairs HTTP/1.1" status: 200 len: 383 time: 0.0046785
2026-05-25 01:55:50.407 9 INFO neutron.wsgi [None req-1a8d46be-fd75-45f2-bfe9-0a1f0526cf54 baef6177ba6b47a4bc0d590c5b281e81 f7130fc5f1b34b508094540ca351522e - - default default] 199.204.45.246 "GET /v2.0/subnets/20331390-8429-4c4a-83d6-54b49ce15344 HTTP/1.1" status: 200 len: 851 time: 0.0370162
2026-05-25 01:55:50.467 9 INFO neutron.wsgi [None req-27deed22-51a7-4c48-b06e-eda2b80acfb4 baef6177ba6b47a4bc0d590c5b281e81 f7130fc5f1b34b508094540ca351522e - - default default] 199.204.45.246 "GET /v2.0/ports/4ba43b7f-3f1a-48f2-91f9-906b51b05826 HTTP/1.1" status: 200 len: 1336 time: 0.0522921
2026-05-25 01:55:50.527 9 INFO neutron.wsgi [None req-6be793b8-4b90-4b8a-b395-5d20cbd06264 baef6177ba6b47a4bc0d590c5b281e81 f7130fc5f1b34b508094540ca351522e - - default default] 199.204.45.246 "GET /v2.0/ports/dac19193-3c0d-46d1-a93d-2f95dc0b6c7a HTTP/1.1" status: 200 len: 1514 time: 0.0503855
2026-05-25 01:55:50.581 9 INFO neutron.wsgi [None req-d5f59154-2dee-4f85-bc58-7efa13c6d7f5 baef6177ba6b47a4bc0d590c5b281e81 f7130fc5f1b34b508094540ca351522e - - default default] 199.204.45.246 "GET /v2.0/subnets/20331390-8429-4c4a-83d6-54b49ce15344 HTTP/1.1" status: 200 len: 851 time: 0.0450442
2026-05-25 01:55:50.661 9 INFO neutron.wsgi [None req-3b0bbd68-2bb0-4666-9dab-446d3c83e1bd baef6177ba6b47a4bc0d590c5b281e81 f7130fc5f1b34b508094540ca351522e - - default default] 199.204.45.246 "GET /v2.0/networks/f50b5294-8b59-4a82-a5ef-d6392f88ca08 HTTP/1.1" status: 200 len: 1001 time: 0.0739338
2026-05-25 01:55:50.710 9 INFO neutron.wsgi [None req-0f4695c7-3b45-430b-b228-499240d5e658 baef6177ba6b47a4bc0d590c5b281e81 f7130fc5f1b34b508094540ca351522e - - default default] 199.204.45.246 "GET /v2.0/ports/4ba43b7f-3f1a-48f2-91f9-906b51b05826 HTTP/1.1" status: 200 len: 1336 time: 0.0411248
2026-05-25 01:55:50.756 9 INFO neutron.wsgi [None req-3747a3a8-99bc-49e5-b893-50d65bc4c8a4 baef6177ba6b47a4bc0d590c5b281e81 f7130fc5f1b34b508094540ca351522e - - default default] 199.204.45.246 "GET /v2.0/subnets/20331390-8429-4c4a-83d6-54b49ce15344 HTTP/1.1" status: 200 len: 851 time: 0.0372198
2026-05-25 01:55:51.248 9 INFO neutron.notifiers.nova [-] Nova event matching ['req-eba0edab-8275-4f25-a7af-824366c24b15'] response: {'server_uuid': '21dfbbc9-6069-4c7a-be45-7dfb622fa06a', 'name': 'network-vif-plugged', 'status': 'completed', 'tag': '67df5540-8d9a-4969-b631-05e8f09f95d7', 'code': 200}
2026-05-25 01:55:51.249 9 INFO neutron.notifiers.nova [-] Nova event matching ['req-eba0edab-8275-4f25-a7af-824366c24b15'] response: {'name': 'network-changed', 'server_uuid': '21dfbbc9-6069-4c7a-be45-7dfb622fa06a', 'tag': '67df5540-8d9a-4969-b631-05e8f09f95d7', 'status': 'completed', 'code': 200}
2026-05-25 01:55:51.318 10 INFO neutron.wsgi [req-19bc405d-5b06-419e-b609-95a77ed25375 req-d54fb3e0-26f2-4097-9324-c5485ee78c6a 123405b07cf64ce797cee66d17ac6677 36007f1606ed4b0da75cff425588c15b - - b3b727d714aa4b2f9d091a30fb27d997 b3b727d714aa4b2f9d091a30fb27d997] 199.204.45.246 "GET /v2.0/ports?tenant_id=f7130fc5f1b34b508094540ca351522e&device_id=21dfbbc9-6069-4c7a-be45-7dfb622fa06a HTTP/1.1" status: 200 len: 5111 time: 0.0485196
2026-05-25 01:55:51.391 10 INFO neutron.wsgi [req-19bc405d-5b06-419e-b609-95a77ed25375 req-247777e9-c72b-413f-9d00-ce363a99e54f 123405b07cf64ce797cee66d17ac6677 36007f1606ed4b0da75cff425588c15b - - b3b727d714aa4b2f9d091a30fb27d997 b3b727d714aa4b2f9d091a30fb27d997] 199.204.45.246 "GET /v2.0/networks?id=c9b22276-f115-48ca-a3e5-11e1c08e7dd5 HTTP/1.1" status: 200 len: 1002 time: 0.0651910
2026-05-25 01:55:51.425 10 INFO neutron.wsgi [req-19bc405d-5b06-419e-b609-95a77ed25375 req-c0de989e-2daf-4b46-805c-5df70e76ce4e 123405b07cf64ce797cee66d17ac6677 36007f1606ed4b0da75cff425588c15b - - b3b727d714aa4b2f9d091a30fb27d997 b3b727d714aa4b2f9d091a30fb27d997] 199.204.45.246 "GET /v2.0/floatingips?fixed_ip_address=10.2.2.58&port_id=67df5540-8d9a-4969-b631-05e8f09f95d7 HTTP/1.1" status: 200 len: 217 time: 0.0270693
2026-05-25 01:55:51.468 10 INFO neutron.wsgi [req-19bc405d-5b06-419e-b609-95a77ed25375 req-f9b96168-e4de-4a4c-91da-70b143f8035a 123405b07cf64ce797cee66d17ac6677 36007f1606ed4b0da75cff425588c15b - - b3b727d714aa4b2f9d091a30fb27d997 b3b727d714aa4b2f9d091a30fb27d997] 199.204.45.246 "GET /v2.0/subnets?id=83cfa8c2-ee07-49eb-891b-a69df119011b HTTP/1.1" status: 200 len: 851 time: 0.0356908
2026-05-25 01:55:51.496 10 INFO neutron.wsgi [req-19bc405d-5b06-419e-b609-95a77ed25375 req-76a87cdf-a582-4781-ae73-c6c1a7bdaafa 123405b07cf64ce797cee66d17ac6677 36007f1606ed4b0da75cff425588c15b - - b3b727d714aa4b2f9d091a30fb27d997 b3b727d714aa4b2f9d091a30fb27d997] 199.204.45.246 "GET /v2.0/ports?network_id=c9b22276-f115-48ca-a3e5-11e1c08e7dd5&device_owner=network%3Adhcp HTTP/1.1" status: 200 len: 210 time: 0.0210395
2026-05-25 01:55:51.573 10 INFO neutron.wsgi [req-19bc405d-5b06-419e-b609-95a77ed25375 req-6fbe3d0a-7f2e-4594-9131-297a3eb775f3 123405b07cf64ce797cee66d17ac6677 36007f1606ed4b0da75cff425588c15b - - b3b727d714aa4b2f9d091a30fb27d997 b3b727d714aa4b2f9d091a30fb27d997] 199.204.45.246 "GET /v2.0/networks/c9b22276-f115-48ca-a3e5-11e1c08e7dd5?fields=segments HTTP/1.1" status: 200 len: 212 time: 0.0707765
2026-05-25 01:55:51.639 10 INFO neutron.wsgi [req-19bc405d-5b06-419e-b609-95a77ed25375 req-39c666e1-6661-4443-8786-5688457330ad 123405b07cf64ce797cee66d17ac6677 36007f1606ed4b0da75cff425588c15b - - b3b727d714aa4b2f9d091a30fb27d997 b3b727d714aa4b2f9d091a30fb27d997] 199.204.45.246 "GET /v2.0/networks/c9b22276-f115-48ca-a3e5-11e1c08e7dd5?fields=provider%3Aphysical_network&fields=provider%3Anetwork_type HTTP/1.1" status: 200 len: 277 time: 0.0586929
2026-05-25 01:55:57.847 9 INFO neutron.wsgi [-] 10.0.0.250 "GET / HTTP/1.1" status: 200 len: 246 time: 0.0025730
2026-05-25 01:55:57.849 10 INFO neutron.wsgi [-] 10.0.0.250 "GET / HTTP/1.1" status: 200 len: 246 time: 0.0051246
2026-05-25 01:56:00.963 9 INFO neutron.wsgi [None req-e9f86244-522e-40b4-b8bf-b8bba7db1349 baef6177ba6b47a4bc0d590c5b281e81 f7130fc5f1b34b508094540ca351522e - - default default] 10.0.0.214 "GET /v2.0/subnets HTTP/1.1" status: 200 len: 5496 time: 0.1679087
2026-05-25 01:56:01.018 9 INFO neutron.wsgi [None req-02918770-6c42-4f19-af32-b6a194cb8e8b baef6177ba6b47a4bc0d590c5b281e81 f7130fc5f1b34b508094540ca351522e - - default default] 10.0.0.214 "GET /v2.0/floatingips HTTP/1.1" status: 200 len: 2765 time: 0.0530510
2026-05-25 01:56:01.098 9 INFO neutron.wsgi [None req-d0e50aed-8a2f-4f5f-9f9a-314d983ed78d baef6177ba6b47a4bc0d590c5b281e81 f7130fc5f1b34b508094540ca351522e - - default default] 10.0.0.214 "GET /v2.0/routers HTTP/1.1" status: 200 len: 850 time: 0.0757124
2026-05-25 01:56:01.111 9 INFO neutron.wsgi [None req-41f1dd07-47e0-4540-9321-7cac346af9dd baef6177ba6b47a4bc0d590c5b281e81 f7130fc5f1b34b508094540ca351522e - - default default] 10.0.0.214 "GET /v2.0/agents?binary=ovn-controller HTTP/1.1" status: 200 len: 591 time: 0.0124965
2026-05-25 01:56:01.170 9 INFO neutron.wsgi [None req-957348fc-acd1-4933-af74-142b83dd7e27 baef6177ba6b47a4bc0d590c5b281e81 f7130fc5f1b34b508094540ca351522e - - default default] 10.0.0.214 "GET /v2.0/security-groups HTTP/1.1" status: 200 len: 30230 time: 0.0568705
2026-05-25 01:56:01.548 9 INFO neutron.wsgi [None req-c120dac0-b034-4cb3-8f0e-59ba9ece0980 baef6177ba6b47a4bc0d590c5b281e81 f7130fc5f1b34b508094540ca351522e - - default default] 10.0.0.214 "GET /v2.0/ports HTTP/1.1" status: 200 len: 24601 time: 0.3688774
2026-05-25 01:56:01.650 9 INFO neutron.wsgi [None req-b9832959-79b8-4c10-ac62-2d9098e7d912 baef6177ba6b47a4bc0d590c5b281e81 f7130fc5f1b34b508094540ca351522e - - default default] 10.0.0.214 "GET /v2.0/networks HTTP/1.1" status: 200 len: 4720 time: 0.0882931
2026-05-25 01:56:01.707 9 INFO neutron.wsgi [None req-65ca69c7-5a20-435a-a8bf-d1ae9f24e13d baef6177ba6b47a4bc0d590c5b281e81 f7130fc5f1b34b508094540ca351522e - - default default] 10.0.0.214 "GET /v2.0/subnets HTTP/1.1" status: 200 len: 5496 time: 0.0521846
2026-05-25 01:56:01.722 9 INFO neutron.wsgi [None req-e7fd989e-4f14-4bda-88a7-d1e561b7bfac baef6177ba6b47a4bc0d590c5b281e81 f7130fc5f1b34b508094540ca351522e - - default default] 10.0.0.214 "GET /v2.0/subnetpools HTTP/1.1" status: 200 len: 193 time: 0.0121517
2026-05-25 01:56:01.736 9 INFO neutron.wsgi [None req-f4a5def8-f88e-465f-a93c-df21ed4ccfd6 baef6177ba6b47a4bc0d590c5b281e81 f7130fc5f1b34b508094540ca351522e - - default default] 10.0.0.214 "GET /v2.0/network-ip-availabilities HTTP/1.1" status: 200 len: 3362 time: 0.0136211
2026-05-25 01:56:01.749 9 INFO neutron.wsgi [None req-d96faf9b-cfa1-456b-8a0e-0f8c6f6be43b baef6177ba6b47a4bc0d590c5b281e81 f7130fc5f1b34b508094540ca351522e - - default default] 10.0.0.214 "GET /v2.0/agents HTTP/1.1" status: 200 len: 997 time: 0.0114653
2026-05-25 01:56:02.549 9 INFO neutron.wsgi [None req-888fd0be-6778-4eb8-b63a-970494c10b8d baef6177ba6b47a4bc0d590c5b281e81 f7130fc5f1b34b508094540ca351522e - - default default] 199.204.45.246 "GET /v2.0/extensions/security-group HTTP/1.1" status: 200 len: 369 time: 0.0057781
2026-05-25 01:56:02.564 9 INFO neutron.wsgi [None req-d84a935e-43f7-425f-b381-94cefcedc916 baef6177ba6b47a4bc0d590c5b281e81 f7130fc5f1b34b508094540ca351522e - - default default] 199.204.45.246 "GET /v2.0/extensions/dns-integration HTTP/1.1" status: 200 len: 371 time: 0.0093830
2026-05-25 01:56:02.573 9 INFO neutron.wsgi [None req-3807ad7f-af79-4411-936f-effcb00af28d baef6177ba6b47a4bc0d590c5b281e81 f7130fc5f1b34b508094540ca351522e - - default default] 199.204.45.246 "GET /v2.0/extensions/qos HTTP/1.1" status: 200 len: 365 time: 0.0050313
2026-05-25 01:56:02.582 9 INFO neutron.wsgi [None req-cf8d870c-7ef8-4e65-b043-61b3e0cd67fb baef6177ba6b47a4bc0d590c5b281e81 f7130fc5f1b34b508094540ca351522e - - default default] 199.204.45.246 "GET /v2.0/extensions/allowed-address-pairs HTTP/1.1" status: 200 len: 383 time: 0.0048804
2026-05-25 01:56:02.620 9 INFO neutron.wsgi [None req-a67bd217-135a-4e26-ab59-ecf5eccd0a6f baef6177ba6b47a4bc0d590c5b281e81 f7130fc5f1b34b508094540ca351522e - - default default] 199.204.45.246 "GET /v2.0/subnets/a200e913-5591-4b48-b2d7-b46415e35fbd HTTP/1.1" status: 200 len: 848 time: 0.0332060
2026-05-25 01:56:02.675 9 INFO neutron.wsgi [None req-e7527738-db0a-4996-9584-c77d89d62e0f baef6177ba6b47a4bc0d590c5b281e81 f7130fc5f1b34b508094540ca351522e - - default default] 199.204.45.246 "GET /v2.0/ports?device_id=21dfbbc9-6069-4c7a-be45-7dfb622fa06a HTTP/1.1" status: 200 len: 5111 time: 0.0469127
2026-05-25 01:56:02.830 9 INFO neutron.wsgi [None req-c524df8f-a9a4-4ce2-a94d-6aeac15a6a2c baef6177ba6b47a4bc0d590c5b281e81 f7130fc5f1b34b508094540ca351522e - - default default] 199.204.45.246 "GET /v2.0/extensions/security-group HTTP/1.1" status: 200 len: 369 time: 0.0079567
