2026-05-25 01:51:09.005 9 INFO neutron.db.ovn_revision_numbers_db [None req-cce1f2c9-6a42-464b-ba3e-502dd8538f7d 46fc885e631340be9d695343ae9d6897 a01ea5760fb4435f8f18b258274259a8 - - default default] Successfully bumped revision number for resource f63eaa9f-29e0-4862-b9cd-b9d9316eddfd (type: security_groups) to 1
2026-05-25 01:51:09.021 9 INFO neutron.db.ovn_revision_numbers_db [None req-cce1f2c9-6a42-464b-ba3e-502dd8538f7d 46fc885e631340be9d695343ae9d6897 a01ea5760fb4435f8f18b258274259a8 - - default default] Successfully bumped revision number for resource 0c93db6d-bbe8-4d84-96ba-142eb9f00d39 (type: security_group_rules) to 0
2026-05-25 01:51:09.034 9 INFO neutron.db.ovn_revision_numbers_db [None req-cce1f2c9-6a42-464b-ba3e-502dd8538f7d 46fc885e631340be9d695343ae9d6897 a01ea5760fb4435f8f18b258274259a8 - - default default] Successfully bumped revision number for resource 11d189c9-9695-41d1-bb85-835c9ea2bcca (type: security_group_rules) to 0
2026-05-25 01:51:09.051 9 INFO neutron.db.ovn_revision_numbers_db [None req-cce1f2c9-6a42-464b-ba3e-502dd8538f7d 46fc885e631340be9d695343ae9d6897 a01ea5760fb4435f8f18b258274259a8 - - default default] Successfully bumped revision number for resource 37baf14c-0b72-425d-9e82-5b3cddb77a23 (type: security_group_rules) to 0
2026-05-25 01:51:09.066 9 INFO neutron.db.ovn_revision_numbers_db [None req-cce1f2c9-6a42-464b-ba3e-502dd8538f7d 46fc885e631340be9d695343ae9d6897 a01ea5760fb4435f8f18b258274259a8 - - default default] Successfully bumped revision number for resource fe2c65d7-772b-4342-b022-ac9e677ecbbe (type: security_group_rules) to 0
2026-05-25 01:51:09.143 9 INFO neutron.db.segments_db [None req-cce1f2c9-6a42-464b-ba3e-502dd8538f7d 46fc885e631340be9d695343ae9d6897 a01ea5760fb4435f8f18b258274259a8 - - default default] Added segment 9b303626-3074-4fbd-8547-5093e9874799 of type geneve for network 48111c02-4a90-4081-abb9-5e9519dcbb02
2026-05-25 01:51:09.255 9 INFO neutron.db.segments_db [None req-cce1f2c9-6a42-464b-ba3e-502dd8538f7d 46fc885e631340be9d695343ae9d6897 a01ea5760fb4435f8f18b258274259a8 - - default default] Added segment 2b132796-d266-438f-9d3d-e8bc0a9b7e6b of type geneve for network d4d16878-ae27-4a93-b287-f4dfa14f76f5
2026-05-25 01:51:09.410 9 INFO neutron.db.ovn_revision_numbers_db [None req-cce1f2c9-6a42-464b-ba3e-502dd8538f7d 46fc885e631340be9d695343ae9d6897 a01ea5760fb4435f8f18b258274259a8 - - default default] Successfully bumped revision number for resource 48111c02-4a90-4081-abb9-5e9519dcbb02 (type: networks) to 1
2026-05-25 01:51:09.657 9 INFO neutron.wsgi [req-d35094b7-1c93-4bf5-9ff0-0ab8930d0560 req-27c2a582-37ce-42d4-a84c-a4ba71319c18 ea5bb7d9f9a14274a70572fb95d16a48 f7dcb6cbdf5e4266ad6894faed9cd35d - - default default] 10.0.0.179 "GET /v2.0/ports?device_id=58a0721c-e803-44b4-a4b4-c748797959c6 HTTP/1.1" status: 200 len: 1170 time: 0.1865706
2026-05-25 01:51:09.709 9 WARNING neutron.scheduler.dhcp_agent_scheduler [None req-cce1f2c9-6a42-464b-ba3e-502dd8538f7d 46fc885e631340be9d695343ae9d6897 a01ea5760fb4435f8f18b258274259a8 - - default default] No more DHCP agents
2026-05-25 01:51:09.712 9 WARNING neutron.api.rpc.agentnotifiers.dhcp_rpc_agent_api [None req-cce1f2c9-6a42-464b-ba3e-502dd8538f7d 46fc885e631340be9d695343ae9d6897 a01ea5760fb4435f8f18b258274259a8 - - default default] Unable to schedule network 48111c02-4a90-4081-abb9-5e9519dcbb02: no agents available; will retry on subsequent port and subnet creation events.
2026-05-25 01:51:09.794 9 INFO neutron.db.ovn_revision_numbers_db [None req-cce1f2c9-6a42-464b-ba3e-502dd8538f7d 46fc885e631340be9d695343ae9d6897 a01ea5760fb4435f8f18b258274259a8 - - default default] Successfully bumped revision number for resource 4e4a936f-b335-445d-a352-71602f2b703f (type: ports) to 1
2026-05-25 01:51:09.811 10 INFO neutron.wsgi [req-383cbe7a-079d-497e-afb3-0b7c2c386e45 req-268ab5c7-ca39-4d66-bd2e-1046e97cc23f ea5bb7d9f9a14274a70572fb95d16a48 f7dcb6cbdf5e4266ad6894faed9cd35d - - default default] 10.0.0.179 "GET /v2.0/ports/59b525c2-6e66-4999-ae87-7024ebe83ba8 HTTP/1.1" status: 200 len: 1167 time: 0.1014240
2026-05-25 01:51:09.886 9 INFO neutron.db.ovn_revision_numbers_db [None req-cce1f2c9-6a42-464b-ba3e-502dd8538f7d 46fc885e631340be9d695343ae9d6897 a01ea5760fb4435f8f18b258274259a8 - - default default] Successfully bumped revision number for resource d4d16878-ae27-4a93-b287-f4dfa14f76f5 (type: networks) to 1
2026-05-25 01:51:10.003 10 INFO neutron.wsgi [req-9d8a3e7c-7858-401e-89a3-9bb19ee094e4 req-fc4510af-1f33-4ae7-b38e-26e671a0a9dd ea5bb7d9f9a14274a70572fb95d16a48 f7dcb6cbdf5e4266ad6894faed9cd35d - - default default] 199.204.45.246 "GET /v2.0/subnets?network_id=6e68b02c-f570-4fd9-b740-58cc3992fa9f HTTP/1.1" status: 200 len: 858 time: 0.0539577
2026-05-25 01:51:10.067 10 INFO neutron.wsgi [req-9d8a3e7c-7858-401e-89a3-9bb19ee094e4 req-719b2bcd-6496-4ef8-acd2-701f9df43978 ea5bb7d9f9a14274a70572fb95d16a48 f7dcb6cbdf5e4266ad6894faed9cd35d - - default default] 199.204.45.246 "GET /v2.0/ports?device_id=58a0721c-e803-44b4-a4b4-c748797959c6&device_owner=compute%3Anova&network_id=6e68b02c-f570-4fd9-b740-58cc3992fa9f HTTP/1.1" status: 200 len: 1170 time: 0.0596619
2026-05-25 01:51:10.077 9 WARNING neutron.scheduler.dhcp_agent_scheduler [None req-cce1f2c9-6a42-464b-ba3e-502dd8538f7d 46fc885e631340be9d695343ae9d6897 a01ea5760fb4435f8f18b258274259a8 - - default default] No more DHCP agents
2026-05-25 01:51:10.079 9 WARNING neutron.api.rpc.agentnotifiers.dhcp_rpc_agent_api [None req-cce1f2c9-6a42-464b-ba3e-502dd8538f7d 46fc885e631340be9d695343ae9d6897 a01ea5760fb4435f8f18b258274259a8 - - default default] Unable to schedule network d4d16878-ae27-4a93-b287-f4dfa14f76f5: no agents available; will retry on subsequent port and subnet creation events.
2026-05-25 01:51:10.183 9 INFO neutron.db.ovn_revision_numbers_db [None req-cce1f2c9-6a42-464b-ba3e-502dd8538f7d 46fc885e631340be9d695343ae9d6897 a01ea5760fb4435f8f18b258274259a8 - - default default] Successfully bumped revision number for resource 438ec0ca-1e93-4a93-a518-9d1d8e44c7ac (type: ports) to 1
2026-05-25 01:51:10.209 9 INFO neutron.wsgi [None req-cce1f2c9-6a42-464b-ba3e-502dd8538f7d 46fc885e631340be9d695343ae9d6897 a01ea5760fb4435f8f18b258274259a8 - - default default] 10.0.0.37 "POST /v2.0/networks HTTP/1.1" status: 201 len: 1446 time: 1.4398117
2026-05-25 01:51:10.344 9 INFO neutron.wsgi [None req-6ec005b2-8eb5-4245-bc46-0cb806ca03a5 46fc885e631340be9d695343ae9d6897 a01ea5760fb4435f8f18b258274259a8 - - default default] 10.0.0.37 "GET /v2.0/networks HTTP/1.1" status: 200 len: 2052 time: 0.1251223
2026-05-25 01:51:10.600 10 INFO neutron.db.ovn_revision_numbers_db [req-9d8a3e7c-7858-401e-89a3-9bb19ee094e4 req-76f67b6c-a1f5-405b-923b-eb542a4dec69 ea5bb7d9f9a14274a70572fb95d16a48 f7dcb6cbdf5e4266ad6894faed9cd35d - - default default] Successfully bumped revision number for resource 59b525c2-6e66-4999-ae87-7024ebe83ba8 (type: ports) to 5
2026-05-25 01:51:10.616 10 INFO neutron.wsgi [req-9d8a3e7c-7858-401e-89a3-9bb19ee094e4 req-76f67b6c-a1f5-405b-923b-eb542a4dec69 ea5bb7d9f9a14274a70572fb95d16a48 f7dcb6cbdf5e4266ad6894faed9cd35d - - default default] 199.204.45.246 "PUT /v2.0/ports/59b525c2-6e66-4999-ae87-7024ebe83ba8 HTTP/1.1" status: 200 len: 1345 time: 0.5435021 /var/lib/openstack/lib/python3.10/site-packages/pycadf/identifier.py:71: UserWarning: Invalid uuid: neutron. To ensure interoperability, identifiers should be a valid uuid. warnings.warn(('Invalid uuid: %s. To ensure interoperability, '
2026-05-25 01:51:10.663 10 INFO neutron.notifiers.nova [-] Nova event matching ['req-47b20027-4fc9-4bc3-a05c-e2cc438ca4ff'] response: {'name': 'network-changed', 'server_uuid': '58a0721c-e803-44b4-a4b4-c748797959c6', 'tag': '59b525c2-6e66-4999-ae87-7024ebe83ba8', 'status': 'completed', 'code': 200}
2026-05-25 01:51:10.678 10 INFO neutron.wsgi [req-9d8a3e7c-7858-401e-89a3-9bb19ee094e4 req-54fadd25-67d2-4e84-8e9d-b993a63e382e 123405b07cf64ce797cee66d17ac6677 36007f1606ed4b0da75cff425588c15b - - b3b727d714aa4b2f9d091a30fb27d997 b3b727d714aa4b2f9d091a30fb27d997] 199.204.45.246 "GET /v2.0/ports?tenant_id=f7dcb6cbdf5e4266ad6894faed9cd35d&device_id=58a0721c-e803-44b4-a4b4-c748797959c6 HTTP/1.1" status: 200 len: 1586 time: 0.0375831
2026-05-25 01:51:10.717 9 INFO neutron.services.segments.plugin [-] Segment 9b303626-3074-4fbd-8547-5093e9874799 resource provider aggregate not found
2026-05-25 01:51:10.721 9 INFO neutron.services.segments.plugin [-] Segment 9b303626-3074-4fbd-8547-5093e9874799 resource provider aggregate not found
2026-05-25 01:51:10.735 9 INFO neutron.services.segments.plugin [-] Segment 9b303626-3074-4fbd-8547-5093e9874799 resource provider not found; error: Placement Client Error (4xx): {"errors": [{"status": 404, "title": "Not Found", "detail": "The resource could not be found.\n\n No resource provider with uuid 9b303626-3074-4fbd-8547-5093e9874799 found for delete ", "request_id": "req-63060420-0bae-4f5d-b1d5-44a482316da1"}]}
2026-05-25 01:51:10.740 9 INFO neutron.services.segments.plugin [-] Segment 9b303626-3074-4fbd-8547-5093e9874799 resource provider not found; error: Placement Client Error (4xx): {"errors": [{"status": 404, "title": "Not Found", "detail": "The resource could not be found.\n\n No resource provider with uuid 9b303626-3074-4fbd-8547-5093e9874799 found for delete ", "request_id": "req-b25983ef-5f9e-4bd8-9ae2-486e0b2771b6"}]}
2026-05-25 01:51:10.754 10 INFO neutron.wsgi [req-9d8a3e7c-7858-401e-89a3-9bb19ee094e4 req-2f69abcf-9bd6-4a20-baa9-febf5457cb0a 123405b07cf64ce797cee66d17ac6677 36007f1606ed4b0da75cff425588c15b - - b3b727d714aa4b2f9d091a30fb27d997 b3b727d714aa4b2f9d091a30fb27d997] 199.204.45.246 "GET /v2.0/networks?id=6e68b02c-f570-4fd9-b740-58cc3992fa9f HTTP/1.1" status: 200 len: 981 time: 0.0679061
2026-05-25 01:51:10.765 9 INFO neutron.wsgi [None req-1ab0f76d-0d63-4ab4-b13b-0cbd28c9a15c 46fc885e631340be9d695343ae9d6897 a01ea5760fb4435f8f18b258274259a8 - - default default] 10.0.0.37 "DELETE /v2.0/networks/48111c02-4a90-4081-abb9-5e9519dcbb02 HTTP/1.1" status: 204 len: 168 time: 0.4114273
2026-05-25 01:51:10.828 10 INFO neutron.wsgi [req-9d8a3e7c-7858-401e-89a3-9bb19ee094e4 req-35126f52-073b-4108-8cdc-6ce10cc71a83 123405b07cf64ce797cee66d17ac6677 36007f1606ed4b0da75cff425588c15b - - b3b727d714aa4b2f9d091a30fb27d997 b3b727d714aa4b2f9d091a30fb27d997] 199.204.45.246 "GET /v2.0/floatingips?fixed_ip_address=10.100.0.5&port_id=59b525c2-6e66-4999-ae87-7024ebe83ba8 HTTP/1.1" status: 200 len: 1059 time: 0.0657842
2026-05-25 01:51:10.864 10 INFO neutron.wsgi [req-9d8a3e7c-7858-401e-89a3-9bb19ee094e4 req-2584020d-c012-449b-acd5-382beb5ea8d7 123405b07cf64ce797cee66d17ac6677 36007f1606ed4b0da75cff425588c15b - - b3b727d714aa4b2f9d091a30fb27d997 b3b727d714aa4b2f9d091a30fb27d997] 199.204.45.246 "GET /v2.0/floatingips?fixed_ip_address=10.100.0.8&port_id=59b525c2-6e66-4999-ae87-7024ebe83ba8 HTTP/1.1" status: 200 len: 217 time: 0.0253122
2026-05-25 01:51:10.869 10 INFO neutron.db.ovn_revision_numbers_db [None req-1f0c4f23-9dca-409e-be45-078bb8b72d89 baef6177ba6b47a4bc0d590c5b281e81 f7130fc5f1b34b508094540ca351522e - - default default] Successfully bumped revision number for resource 0159b392-6858-42de-9e79-3d1e6790c364 (type: security_groups) to 1
2026-05-25 01:51:10.900 10 INFO neutron.db.ovn_revision_numbers_db [None req-1f0c4f23-9dca-409e-be45-078bb8b72d89 baef6177ba6b47a4bc0d590c5b281e81 f7130fc5f1b34b508094540ca351522e - - default default] Successfully bumped revision number for resource 0363914a-35bb-472f-b121-1230614c8b81 (type: security_group_rules) to 0
2026-05-25 01:51:10.911 10 INFO neutron.wsgi [req-9d8a3e7c-7858-401e-89a3-9bb19ee094e4 req-1870f78e-a47b-4b2e-9f30-4660919d3c78 123405b07cf64ce797cee66d17ac6677 36007f1606ed4b0da75cff425588c15b - - b3b727d714aa4b2f9d091a30fb27d997 b3b727d714aa4b2f9d091a30fb27d997] 199.204.45.246 "GET /v2.0/subnets?id=83b83ea1-1f6f-498b-93d3-015a9b1925cc HTTP/1.1" status: 200 len: 876 time: 0.0403247
2026-05-25 01:51:10.917 10 INFO neutron.db.ovn_revision_numbers_db [None req-1f0c4f23-9dca-409e-be45-078bb8b72d89 baef6177ba6b47a4bc0d590c5b281e81 f7130fc5f1b34b508094540ca351522e - - default default] Successfully bumped revision number for resource 384f15e3-9a25-489b-b4d5-9482a4a35c41 (type: security_group_rules) to 0
2026-05-25 01:51:10.943 10 INFO neutron.wsgi [req-9d8a3e7c-7858-401e-89a3-9bb19ee094e4 req-e3c315cb-cffd-4cb4-ac42-8881d0d29ba3 123405b07cf64ce797cee66d17ac6677 36007f1606ed4b0da75cff425588c15b - - b3b727d714aa4b2f9d091a30fb27d997 b3b727d714aa4b2f9d091a30fb27d997] 199.204.45.246 "GET /v2.0/ports?network_id=6e68b02c-f570-4fd9-b740-58cc3992fa9f&device_owner=network%3Adhcp HTTP/1.1" status: 200 len: 210 time: 0.0247970
2026-05-25 01:51:10.954 10 INFO neutron.db.ovn_revision_numbers_db [None req-1f0c4f23-9dca-409e-be45-078bb8b72d89 baef6177ba6b47a4bc0d590c5b281e81 f7130fc5f1b34b508094540ca351522e - - default default] Successfully bumped revision number for resource aa1751cd-de30-49bb-84eb-1a18c46aa668 (type: security_group_rules) to 0
2026-05-25 01:51:11.194 10 INFO neutron.db.ovn_revision_numbers_db [None req-1f0c4f23-9dca-409e-be45-078bb8b72d89 baef6177ba6b47a4bc0d590c5b281e81 f7130fc5f1b34b508094540ca351522e - - default default] Successfully bumped revision number for resource b9a4cb54-951c-4c27-b833-fcf74ac80f1c (type: security_group_rules) to 0
2026-05-25 01:51:11.237 10 INFO neutron.wsgi [None req-1f0c4f23-9dca-409e-be45-078bb8b72d89 baef6177ba6b47a4bc0d590c5b281e81 f7130fc5f1b34b508094540ca351522e - - default default] 10.0.0.37 "GET /v2.0/security-groups?tenant_id=7729d6a6806d44338252796e2b48c28a&name=default HTTP/1.1" status: 200 len: 2996 time: 0.8101139
2026-05-25 01:51:11.246 10 INFO neutron.wsgi [req-9d8a3e7c-7858-401e-89a3-9bb19ee094e4 req-c6ce229f-8d3e-4b74-bf24-a4c33e6240bd 123405b07cf64ce797cee66d17ac6677 36007f1606ed4b0da75cff425588c15b - - b3b727d714aa4b2f9d091a30fb27d997 b3b727d714aa4b2f9d091a30fb27d997] 199.204.45.246 "GET /v2.0/networks/6e68b02c-f570-4fd9-b740-58cc3992fa9f?fields=segments HTTP/1.1" status: 200 len: 212 time: 0.2932520
2026-05-25 01:51:11.321 10 INFO neutron.wsgi [req-9d8a3e7c-7858-401e-89a3-9bb19ee094e4 req-ad3a17c7-2b0d-4a39-ad82-46e3cea4f64d 123405b07cf64ce797cee66d17ac6677 36007f1606ed4b0da75cff425588c15b - - b3b727d714aa4b2f9d091a30fb27d997 b3b727d714aa4b2f9d091a30fb27d997] 199.204.45.246 "GET /v2.0/networks/6e68b02c-f570-4fd9-b740-58cc3992fa9f?fields=provider%3Aphysical_network&fields=provider%3Anetwork_type HTTP/1.1" status: 200 len: 277 time: 0.0674679
2026-05-25 01:51:11.414 10 INFO neutron.wsgi [req-f559e34d-cdaf-4cc8-a3b6-c995ffc329d9 req-1d621fba-87a5-40bf-9a72-cdab6dd0cecf 123405b07cf64ce797cee66d17ac6677 36007f1606ed4b0da75cff425588c15b - - b3b727d714aa4b2f9d091a30fb27d997 b3b727d714aa4b2f9d091a30fb27d997] 199.204.45.246 "GET /v2.0/ports?tenant_id=f7dcb6cbdf5e4266ad6894faed9cd35d&device_id=58a0721c-e803-44b4-a4b4-c748797959c6 HTTP/1.1" status: 200 len: 1586 time: 0.0503459
2026-05-25 01:51:11.466 9 INFO neutron.wsgi [None req-388d5cf7-132f-44f3-a4ab-94c6a121ffe0 baef6177ba6b47a4bc0d590c5b281e81 f7130fc5f1b34b508094540ca351522e - - default default] 10.0.0.37 "DELETE /v2.0/security-groups/0159b392-6858-42de-9e79-3d1e6790c364 HTTP/1.1" status: 204 len: 168 time: 0.2244952
2026-05-25 01:51:11.488 10 INFO neutron.services.segments.plugin [-] Segment 2b132796-d266-438f-9d3d-e8bc0a9b7e6b resource provider aggregate not found
2026-05-25 01:51:11.502 10 INFO neutron.services.segments.plugin [-] Segment 2b132796-d266-438f-9d3d-e8bc0a9b7e6b resource provider aggregate not found
2026-05-25 01:51:11.519 10 INFO neutron.services.segments.plugin [-] Segment 2b132796-d266-438f-9d3d-e8bc0a9b7e6b resource provider not found; error: Placement Client Error (4xx): {"errors": [{"status": 404, "title": "Not Found", "detail": "The resource could not be found.\n\n No resource provider with uuid 2b132796-d266-438f-9d3d-e8bc0a9b7e6b found for delete ", "request_id": "req-90d468c1-cb73-4f15-816f-f34fb5b508d1"}]}
2026-05-25 01:51:11.522 10 INFO neutron.services.segments.plugin [-] Segment 2b132796-d266-438f-9d3d-e8bc0a9b7e6b resource provider not found; error: Placement Client Error (4xx): {"errors": [{"status": 404, "title": "Not Found", "detail": "The resource could not be found.\n\n No resource provider with uuid 2b132796-d266-438f-9d3d-e8bc0a9b7e6b found for delete ", "request_id": "req-189f262f-f529-4dea-8ff5-2863c20bfbc0"}]}
2026-05-25 01:51:11.557 10 INFO neutron.wsgi [req-f559e34d-cdaf-4cc8-a3b6-c995ffc329d9 req-c55be5f4-2360-4512-aa7e-e38c27275b30 123405b07cf64ce797cee66d17ac6677 36007f1606ed4b0da75cff425588c15b - - b3b727d714aa4b2f9d091a30fb27d997 b3b727d714aa4b2f9d091a30fb27d997] 199.204.45.246 "GET /v2.0/networks?id=6e68b02c-f570-4fd9-b740-58cc3992fa9f HTTP/1.1" status: 200 len: 981 time: 0.1332438
2026-05-25 01:51:11.570 10 INFO neutron.wsgi [None req-50599a6b-f665-4d96-8eb4-655193dbefe2 46fc885e631340be9d695343ae9d6897 a01ea5760fb4435f8f18b258274259a8 - - default default] 10.0.0.37 "DELETE /v2.0/networks/d4d16878-ae27-4a93-b287-f4dfa14f76f5 HTTP/1.1" status: 204 len: 168 time: 0.7895539
2026-05-25 01:51:11.624 10 INFO neutron.wsgi [req-f559e34d-cdaf-4cc8-a3b6-c995ffc329d9 req-4eca31d6-72db-4c8c-af64-dd9443c16a14 123405b07cf64ce797cee66d17ac6677 36007f1606ed4b0da75cff425588c15b - - b3b727d714aa4b2f9d091a30fb27d997 b3b727d714aa4b2f9d091a30fb27d997] 199.204.45.246 "GET /v2.0/floatingips?fixed_ip_address=10.100.0.5&port_id=59b525c2-6e66-4999-ae87-7024ebe83ba8 HTTP/1.1" status: 200 len: 1059 time: 0.0582464
2026-05-25 01:51:11.655 9 INFO neutron.wsgi [None req-b5335d2d-61d4-4ff5-906a-4fa804807a6e 46fc885e631340be9d695343ae9d6897 a01ea5760fb4435f8f18b258274259a8 - - default default] 10.0.0.37 "GET /v2.0/networks HTTP/1.1" status: 200 len: 845 time: 0.0793743
2026-05-25 01:51:11.666 10 INFO neutron.wsgi [req-f559e34d-cdaf-4cc8-a3b6-c995ffc329d9 req-bcf21a13-6de8-4503-a33c-af9479acaf45 123405b07cf64ce797cee66d17ac6677 36007f1606ed4b0da75cff425588c15b - - b3b727d714aa4b2f9d091a30fb27d997 b3b727d714aa4b2f9d091a30fb27d997] 199.204.45.246 "GET /v2.0/floatingips?fixed_ip_address=10.100.0.8&port_id=59b525c2-6e66-4999-ae87-7024ebe83ba8 HTTP/1.1" status: 200 len: 217 time: 0.0330582
2026-05-25 01:51:11.669 9 WARNING neutron_lib.context [None req-7e24df23-aa78-4a19-82cc-8e100c7a9216 46fc885e631340be9d695343ae9d6897 a01ea5760fb4435f8f18b258274259a8 - - default default] Method 'is_advsvc' is deprecated since 2023.2 release (neutron-lib 3.8.0) and will be removed once support for the old RBAC API policies will be removed from Neutron. Please use method 'is_service_role' instead.
2026-05-25 01:51:11.711 10 INFO neutron.wsgi [req-f559e34d-cdaf-4cc8-a3b6-c995ffc329d9 req-2511855e-1160-4cc3-8247-55f43bc59dd7 123405b07cf64ce797cee66d17ac6677 36007f1606ed4b0da75cff425588c15b - - b3b727d714aa4b2f9d091a30fb27d997 b3b727d714aa4b2f9d091a30fb27d997] 199.204.45.246 "GET /v2.0/subnets?id=83b83ea1-1f6f-498b-93d3-015a9b1925cc HTTP/1.1" status: 200 len: 876 time: 0.0414331
2026-05-25 01:51:11.733 10 INFO neutron.wsgi [req-f559e34d-cdaf-4cc8-a3b6-c995ffc329d9 req-54bd0f22-ad55-42d1-88ca-5bfd98e98ec1 123405b07cf64ce797cee66d17ac6677 36007f1606ed4b0da75cff425588c15b - - b3b727d714aa4b2f9d091a30fb27d997 b3b727d714aa4b2f9d091a30fb27d997] 199.204.45.246 "GET /v2.0/ports?network_id=6e68b02c-f570-4fd9-b740-58cc3992fa9f&device_owner=network%3Adhcp HTTP/1.1" status: 200 len: 210 time: 0.0196412
2026-05-25 01:51:11.750 9 INFO neutron.db.segments_db [None req-7e24df23-aa78-4a19-82cc-8e100c7a9216 46fc885e631340be9d695343ae9d6897 a01ea5760fb4435f8f18b258274259a8 - - default default] Added segment 881b0665-1c98-4717-bd3d-57b2ed86c96d of type geneve for network 788a0ad0-ac92-490b-bb07-90d130ef6afc
2026-05-25 01:51:11.754 10 INFO neutron.db.ovn_revision_numbers_db [None req-1ffebe78-05a3-4c62-97b8-f9d0eaa991ec baef6177ba6b47a4bc0d590c5b281e81 f7130fc5f1b34b508094540ca351522e - - default default] Successfully bumped revision number for resource 58e322b1-2db1-4526-aa36-6f242f620711 (type: security_groups) to 1
2026-05-25 01:51:11.781 10 INFO neutron.db.ovn_revision_numbers_db [None req-1ffebe78-05a3-4c62-97b8-f9d0eaa991ec baef6177ba6b47a4bc0d590c5b281e81 f7130fc5f1b34b508094540ca351522e - - default default] Successfully bumped revision number for resource 2225c995-7ed2-4355-932f-a11b950be8a6 (type: security_group_rules) to 0
2026-05-25 01:51:11.797 10 INFO neutron.db.ovn_revision_numbers_db [None req-1ffebe78-05a3-4c62-97b8-f9d0eaa991ec baef6177ba6b47a4bc0d590c5b281e81 f7130fc5f1b34b508094540ca351522e - - default default] Successfully bumped revision number for resource a0454fe3-3628-4019-9e71-8be4627d729f (type: security_group_rules) to 0
2026-05-25 01:51:11.802 10 INFO neutron.wsgi [req-f559e34d-cdaf-4cc8-a3b6-c995ffc329d9 req-3fc4960c-cf66-4159-b584-0c728619f08e 123405b07cf64ce797cee66d17ac6677 36007f1606ed4b0da75cff425588c15b - - b3b727d714aa4b2f9d091a30fb27d997 b3b727d714aa4b2f9d091a30fb27d997] 199.204.45.246 "GET /v2.0/networks/6e68b02c-f570-4fd9-b740-58cc3992fa9f?fields=segments HTTP/1.1" status: 200 len: 212 time: 0.0573792
2026-05-25 01:51:11.817 10 INFO neutron.db.ovn_revision_numbers_db [None req-1ffebe78-05a3-4c62-97b8-f9d0eaa991ec baef6177ba6b47a4bc0d590c5b281e81 f7130fc5f1b34b508094540ca351522e - - default default] Successfully bumped revision number for resource a0e03b9a-cded-4e56-80de-68badfb2b468 (type: security_group_rules) to 0
2026-05-25 01:51:11.853 10 INFO neutron.db.ovn_revision_numbers_db [None req-1ffebe78-05a3-4c62-97b8-f9d0eaa991ec baef6177ba6b47a4bc0d590c5b281e81 f7130fc5f1b34b508094540ca351522e - - default default] Successfully bumped revision number for resource c8301c8e-7eb3-4875-8b27-c149d6e89a83 (type: security_group_rules) to 0
2026-05-25 01:51:11.886 10 INFO neutron.wsgi [None req-1ffebe78-05a3-4c62-97b8-f9d0eaa991ec baef6177ba6b47a4bc0d590c5b281e81 f7130fc5f1b34b508094540ca351522e - - default default] 10.0.0.37 "GET /v2.0/security-groups?tenant_id=dcfe77e7a0d841b58b21488af8d42a8a&name=default HTTP/1.1" status: 200 len: 2996 time: 0.2835658
2026-05-25 01:51:11.890 9 INFO neutron.db.ovn_revision_numbers_db [None req-7e24df23-aa78-4a19-82cc-8e100c7a9216 46fc885e631340be9d695343ae9d6897 a01ea5760fb4435f8f18b258274259a8 - - default default] Successfully bumped revision number for resource 788a0ad0-ac92-490b-bb07-90d130ef6afc (type: networks) to 1
2026-05-25 01:51:11.891 10 INFO neutron.wsgi [req-f559e34d-cdaf-4cc8-a3b6-c995ffc329d9 req-f67454cb-aa52-4625-abbc-51a7fd9bce0a 123405b07cf64ce797cee66d17ac6677 36007f1606ed4b0da75cff425588c15b - - b3b727d714aa4b2f9d091a30fb27d997 b3b727d714aa4b2f9d091a30fb27d997] 199.204.45.246 "GET /v2.0/networks/6e68b02c-f570-4fd9-b740-58cc3992fa9f?fields=provider%3Aphysical_network&fields=provider%3Anetwork_type HTTP/1.1" status: 200 len: 277 time: 0.0819399
2026-05-25 01:51:12.051 10 INFO neutron.wsgi [None req-5a152b60-4f82-499d-a51d-de96576db4be baef6177ba6b47a4bc0d590c5b281e81 f7130fc5f1b34b508094540ca351522e - - default default] 10.0.0.37 "DELETE /v2.0/security-groups/58e322b1-2db1-4526-aa36-6f242f620711 HTTP/1.1" status: 204 len: 168 time: 0.1587791
2026-05-25 01:51:12.081 9 WARNING neutron.scheduler.dhcp_agent_scheduler [None req-7e24df23-aa78-4a19-82cc-8e100c7a9216 46fc885e631340be9d695343ae9d6897 a01ea5760fb4435f8f18b258274259a8 - - default default] No more DHCP agents
2026-05-25 01:51:12.087 9 WARNING neutron.api.rpc.agentnotifiers.dhcp_rpc_agent_api [None req-7e24df23-aa78-4a19-82cc-8e100c7a9216 46fc885e631340be9d695343ae9d6897 a01ea5760fb4435f8f18b258274259a8 - - default default] Unable to schedule network 788a0ad0-ac92-490b-bb07-90d130ef6afc: no agents available; will retry on subsequent port and subnet creation events.
2026-05-25 01:51:12.105 9 INFO neutron.wsgi [req-ee0be8a9-4b8d-4dd6-9522-adc47773a24f req-aa068606-5ba6-436a-8a05-3ff67cf8970a ea5bb7d9f9a14274a70572fb95d16a48 f7dcb6cbdf5e4266ad6894faed9cd35d - - default default] 10.0.0.179 "GET /v2.0/ports?device_id=58a0721c-e803-44b4-a4b4-c748797959c6 HTTP/1.1" status: 200 len: 1348 time: 0.0491834
2026-05-25 01:51:12.177 9 INFO neutron.wsgi [req-ee0be8a9-4b8d-4dd6-9522-adc47773a24f req-168352d9-0847-40ff-b403-7ce7249d8264 ea5bb7d9f9a14274a70572fb95d16a48 f7dcb6cbdf5e4266ad6894faed9cd35d - - default default] 10.0.0.179 "GET /v2.0/security-groups?id=3f431584-bfc6-4f81-9ae1-f4f38401e715&fields=id&fields=name HTTP/1.1" status: 200 len: 313 time: 0.0641110
2026-05-25 01:51:12.184 9 INFO neutron.db.ovn_revision_numbers_db [None req-7e24df23-aa78-4a19-82cc-8e100c7a9216 46fc885e631340be9d695343ae9d6897 a01ea5760fb4435f8f18b258274259a8 - - default default] Successfully bumped revision number for resource b1e5f795-79b3-4ac5-8f5a-c3e7b0f3ddf1 (type: ports) to 1
2026-05-25 01:51:12.205 9 INFO neutron.wsgi [None req-7e24df23-aa78-4a19-82cc-8e100c7a9216 46fc885e631340be9d695343ae9d6897 a01ea5760fb4435f8f18b258274259a8 - - default default] 10.0.0.37 "POST /v2.0/networks HTTP/1.1" status: 201 len: 853 time: 0.5404830
2026-05-25 01:51:12.214 9 WARNING neutron_lib.context [None req-5a36b68a-12fe-4ee2-8b0d-8974dfac9b87 46fc885e631340be9d695343ae9d6897 a01ea5760fb4435f8f18b258274259a8 - - default default] Method 'is_advsvc' is deprecated since 2023.2 release (neutron-lib 3.8.0) and will be removed once support for the old RBAC API policies will be removed from Neutron. Please use method 'is_service_role' instead.
2026-05-25 01:51:12.289 9 INFO neutron.db.segments_db [None req-5a36b68a-12fe-4ee2-8b0d-8974dfac9b87 46fc885e631340be9d695343ae9d6897 a01ea5760fb4435f8f18b258274259a8 - - default default] Added segment 143fab7b-3c29-46a0-8f50-e83e81a8ccd6 of type geneve for network 44facd44-4884-4530-ad99-9e3f56ce9c35
2026-05-25 01:51:12.328 10 INFO neutron.wsgi [req-6e48ef81-6030-47b2-9ee2-3d724fc53250 req-d77f0300-d63a-4ddf-be81-72163f49fec0 ea5bb7d9f9a14274a70572fb95d16a48 f7dcb6cbdf5e4266ad6894faed9cd35d - - default default] 199.204.45.246 "GET /v2.0/ports?device_id=58a0721c-e803-44b4-a4b4-c748797959c6&device_owner=compute%3Anova&fixed_ips=ip_address%3D10.100.0.8 HTTP/1.1" status: 200 len: 1348 time: 0.0595088
2026-05-25 01:51:12.427 9 INFO neutron.db.ovn_revision_numbers_db [None req-5a36b68a-12fe-4ee2-8b0d-8974dfac9b87 46fc885e631340be9d695343ae9d6897 a01ea5760fb4435f8f18b258274259a8 - - default default] Successfully bumped revision number for resource 44facd44-4884-4530-ad99-9e3f56ce9c35 (type: networks) to 1
2026-05-25 01:51:12.593 9 WARNING neutron.scheduler.dhcp_agent_scheduler [None req-5a36b68a-12fe-4ee2-8b0d-8974dfac9b87 46fc885e631340be9d695343ae9d6897 a01ea5760fb4435f8f18b258274259a8 - - default default] No more DHCP agents
2026-05-25 01:51:12.595 9 WARNING neutron.api.rpc.agentnotifiers.dhcp_rpc_agent_api [None req-5a36b68a-12fe-4ee2-8b0d-8974dfac9b87 46fc885e631340be9d695343ae9d6897 a01ea5760fb4435f8f18b258274259a8 - - default default] Unable to schedule network 44facd44-4884-4530-ad99-9e3f56ce9c35: no agents available; will retry on subsequent port and subnet creation events.
2026-05-25 01:51:12.670 9 INFO neutron.db.ovn_revision_numbers_db [None req-5a36b68a-12fe-4ee2-8b0d-8974dfac9b87 46fc885e631340be9d695343ae9d6897 a01ea5760fb4435f8f18b258274259a8 - - default default] Successfully bumped revision number for resource a27047e8-eb9c-41f4-b979-c2e87427216e (type: ports) to 1
2026-05-25 01:51:12.692 9 INFO neutron.wsgi [None req-5a36b68a-12fe-4ee2-8b0d-8974dfac9b87 46fc885e631340be9d695343ae9d6897 a01ea5760fb4435f8f18b258274259a8 - - default default] 10.0.0.37 "POST /v2.0/networks HTTP/1.1" status: 201 len: 853 time: 0.4825797
2026-05-25 01:51:12.701 9 WARNING neutron_lib.context [None req-669e92c5-8272-48fb-9765-e493348a7f4f 46fc885e631340be9d695343ae9d6897 a01ea5760fb4435f8f18b258274259a8 - - default default] Method 'is_advsvc' is deprecated since 2023.2 release (neutron-lib 3.8.0) and will be removed once support for the old RBAC API policies will be removed from Neutron. Please use method 'is_service_role' instead.
2026-05-25 01:51:12.752 9 WARNING neutron_lib.context [None req-669e92c5-8272-48fb-9765-e493348a7f4f 46fc885e631340be9d695343ae9d6897 a01ea5760fb4435f8f18b258274259a8 - - default default] Method 'is_advsvc' is deprecated since 2023.2 release (neutron-lib 3.8.0) and will be removed once support for the old RBAC API policies will be removed from Neutron. Please use method 'is_service_role' instead.
2026-05-25 01:51:12.846 9 INFO neutron.wsgi [-] 10.0.0.250 "GET / HTTP/1.1" status: 200 len: 246 time: 0.0015702
2026-05-25 01:51:12.851 9 INFO neutron.wsgi [-] 10.0.0.250 "GET / HTTP/1.1" status: 200 len: 246 time: 0.0042806
2026-05-25 01:51:12.908 10 INFO neutron.db.ovn_revision_numbers_db [req-6e48ef81-6030-47b2-9ee2-3d724fc53250 req-41950a5c-0f3b-4302-9b95-cb20d1a2a684 ea5bb7d9f9a14274a70572fb95d16a48 f7dcb6cbdf5e4266ad6894faed9cd35d - - default default] Successfully bumped revision number for resource 59b525c2-6e66-4999-ae87-7024ebe83ba8 (type: ports) to 6
2026-05-25 01:51:12.921 10 INFO neutron.wsgi [req-6e48ef81-6030-47b2-9ee2-3d724fc53250 req-41950a5c-0f3b-4302-9b95-cb20d1a2a684 ea5bb7d9f9a14274a70572fb95d16a48 f7dcb6cbdf5e4266ad6894faed9cd35d - - default default] 199.204.45.246 "PUT /v2.0/ports/59b525c2-6e66-4999-ae87-7024ebe83ba8 HTTP/1.1" status: 200 len: 1167 time: 0.5886707 /var/lib/openstack/lib/python3.10/site-packages/pycadf/identifier.py:71: UserWarning: Invalid uuid: neutron. To ensure interoperability, identifiers should be a valid uuid. warnings.warn(('Invalid uuid: %s. To ensure interoperability, '
2026-05-25 01:51:12.958 10 INFO neutron.notifiers.nova [-] Nova event matching ['req-0dad7d84-3516-400d-bb05-2abd25647049'] response: {'name': 'network-changed', 'server_uuid': '58a0721c-e803-44b4-a4b4-c748797959c6', 'tag': '59b525c2-6e66-4999-ae87-7024ebe83ba8', 'status': 'completed', 'code': 200}
2026-05-25 01:51:12.989 10 INFO neutron.wsgi [req-6e48ef81-6030-47b2-9ee2-3d724fc53250 req-5baafead-8e9a-47ab-8115-a1bb810cd95d 123405b07cf64ce797cee66d17ac6677 36007f1606ed4b0da75cff425588c15b - - b3b727d714aa4b2f9d091a30fb27d997 b3b727d714aa4b2f9d091a30fb27d997] 199.204.45.246 "GET /v2.0/ports?tenant_id=f7dcb6cbdf5e4266ad6894faed9cd35d&device_id=58a0721c-e803-44b4-a4b4-c748797959c6 HTTP/1.1" status: 200 len: 1409 time: 0.0438399
2026-05-25 01:51:13.055 10 INFO neutron.wsgi [req-6e48ef81-6030-47b2-9ee2-3d724fc53250 req-6fd91e08-5177-4c65-b179-57b1cfb05f13 123405b07cf64ce797cee66d17ac6677 36007f1606ed4b0da75cff425588c15b - - b3b727d714aa4b2f9d091a30fb27d997 b3b727d714aa4b2f9d091a30fb27d997] 199.204.45.246 "GET /v2.0/networks?id=6e68b02c-f570-4fd9-b740-58cc3992fa9f HTTP/1.1" status: 200 len: 981 time: 0.0606811
2026-05-25 01:51:13.107 10 INFO neutron.wsgi [req-6e48ef81-6030-47b2-9ee2-3d724fc53250 req-07cb18ab-b741-4780-b1e6-485c0ac4f27c 123405b07cf64ce797cee66d17ac6677 36007f1606ed4b0da75cff425588c15b - - b3b727d714aa4b2f9d091a30fb27d997 b3b727d714aa4b2f9d091a30fb27d997] 199.204.45.246 "GET /v2.0/floatingips?fixed_ip_address=10.100.0.5&port_id=59b525c2-6e66-4999-ae87-7024ebe83ba8 HTTP/1.1" status: 200 len: 1059 time: 0.0464025
2026-05-25 01:51:13.150 10 INFO neutron.wsgi [req-6e48ef81-6030-47b2-9ee2-3d724fc53250 req-262a5a54-4dfe-435c-85d3-4fec4dc25369 123405b07cf64ce797cee66d17ac6677 36007f1606ed4b0da75cff425588c15b - - b3b727d714aa4b2f9d091a30fb27d997 b3b727d714aa4b2f9d091a30fb27d997] 199.204.45.246 "GET /v2.0/subnets?id=83b83ea1-1f6f-498b-93d3-015a9b1925cc HTTP/1.1" status: 200 len: 876 time: 0.0372448
2026-05-25 01:51:13.178 10 INFO neutron.wsgi [req-6e48ef81-6030-47b2-9ee2-3d724fc53250 req-f9faa97e-00c4-4707-bffa-e4c8febb2657 123405b07cf64ce797cee66d17ac6677 36007f1606ed4b0da75cff425588c15b - - b3b727d714aa4b2f9d091a30fb27d997 b3b727d714aa4b2f9d091a30fb27d997] 199.204.45.246 "GET /v2.0/ports?network_id=6e68b02c-f570-4fd9-b740-58cc3992fa9f&device_owner=network%3Adhcp HTTP/1.1" status: 200 len: 210 time: 0.0210063
2026-05-25 01:51:13.201 9 WARNING neutron.scheduler.dhcp_agent_scheduler [None req-669e92c5-8272-48fb-9765-e493348a7f4f 46fc885e631340be9d695343ae9d6897 a01ea5760fb4435f8f18b258274259a8 - - default default] No more DHCP agents
2026-05-25 01:51:13.204 9 WARNING neutron.api.rpc.agentnotifiers.dhcp_rpc_agent_api [None req-669e92c5-8272-48fb-9765-e493348a7f4f 46fc885e631340be9d695343ae9d6897 a01ea5760fb4435f8f18b258274259a8 - - default default] Unable to schedule network 788a0ad0-ac92-490b-bb07-90d130ef6afc: no agents available; will retry on subsequent port and subnet creation events.
2026-05-25 01:51:13.228 10 INFO neutron.wsgi [req-6e48ef81-6030-47b2-9ee2-3d724fc53250 req-310c7a29-8466-46b9-b2d7-952d12f1f233 123405b07cf64ce797cee66d17ac6677 36007f1606ed4b0da75cff425588c15b - - b3b727d714aa4b2f9d091a30fb27d997 b3b727d714aa4b2f9d091a30fb27d997] 199.204.45.246 "GET /v2.0/networks/6e68b02c-f570-4fd9-b740-58cc3992fa9f?fields=segments HTTP/1.1" status: 200 len: 212 time: 0.0442264
2026-05-25 01:51:13.274 9 INFO neutron.db.ovn_revision_numbers_db [None req-669e92c5-8272-48fb-9765-e493348a7f4f 46fc885e631340be9d695343ae9d6897 a01ea5760fb4435f8f18b258274259a8 - - default default] Successfully bumped revision number for resource e244cf48-f53d-4ccf-8905-78f01d9058b8 (type: ports) to 1
2026-05-25 01:51:13.295 10 INFO neutron.wsgi [req-6e48ef81-6030-47b2-9ee2-3d724fc53250 req-b4cfd78f-03fd-4315-83c7-31eba34a9310 123405b07cf64ce797cee66d17ac6677 36007f1606ed4b0da75cff425588c15b - - b3b727d714aa4b2f9d091a30fb27d997 b3b727d714aa4b2f9d091a30fb27d997] 199.204.45.246 "GET /v2.0/networks/6e68b02c-f570-4fd9-b740-58cc3992fa9f?fields=provider%3Aphysical_network&fields=provider%3Anetwork_type HTTP/1.1" status: 200 len: 277 time: 0.0616419
2026-05-25 01:51:13.308 9 WARNING neutron.scheduler.dhcp_agent_scheduler [None req-669e92c5-8272-48fb-9765-e493348a7f4f 46fc885e631340be9d695343ae9d6897 a01ea5760fb4435f8f18b258274259a8 - - default default] No more DHCP agents
2026-05-25 01:51:13.312 9 WARNING neutron.api.rpc.agentnotifiers.dhcp_rpc_agent_api [None req-669e92c5-8272-48fb-9765-e493348a7f4f 46fc885e631340be9d695343ae9d6897 a01ea5760fb4435f8f18b258274259a8 - - default default] Unable to schedule network 44facd44-4884-4530-ad99-9e3f56ce9c35: no agents available; will retry on subsequent port and subnet creation events.
2026-05-25 01:51:13.394 10 INFO neutron.wsgi [req-a4fbb5ba-3372-493f-96d7-785d83076ac5 req-a162823e-15b7-43cb-83bd-8df6d727539e 123405b07cf64ce797cee66d17ac6677 36007f1606ed4b0da75cff425588c15b - - b3b727d714aa4b2f9d091a30fb27d997 b3b727d714aa4b2f9d091a30fb27d997] 199.204.45.246 "GET /v2.0/ports?tenant_id=f7dcb6cbdf5e4266ad6894faed9cd35d&device_id=58a0721c-e803-44b4-a4b4-c748797959c6 HTTP/1.1" status: 200 len: 1409 time: 0.0469697
2026-05-25 01:51:13.402 9 INFO neutron.db.ovn_revision_numbers_db [None req-669e92c5-8272-48fb-9765-e493348a7f4f 46fc885e631340be9d695343ae9d6897 a01ea5760fb4435f8f18b258274259a8 - - default default] Successfully bumped revision number for resource e62630fd-b6d9-4e7f-9f21-caf6ae49801b (type: ports) to 1
2026-05-25 01:51:13.428 9 INFO neutron.wsgi [None req-669e92c5-8272-48fb-9765-e493348a7f4f 46fc885e631340be9d695343ae9d6897 a01ea5760fb4435f8f18b258274259a8 - - default default] 10.0.0.37 "POST /v2.0/ports HTTP/1.1" status: 201 len: 1706 time: 0.7312539 /var/lib/openstack/lib/python3.10/site-packages/pycadf/identifier.py:71: UserWarning: Invalid uuid: neutron. To ensure interoperability, identifiers should be a valid uuid. warnings.warn(('Invalid uuid: %s. To ensure interoperability, '
2026-05-25 01:51:13.464 10 INFO neutron.wsgi [req-a4fbb5ba-3372-493f-96d7-785d83076ac5 req-ec776b2a-deab-4bee-a80b-2237cc1c6ac8 123405b07cf64ce797cee66d17ac6677 36007f1606ed4b0da75cff425588c15b - - b3b727d714aa4b2f9d091a30fb27d997 b3b727d714aa4b2f9d091a30fb27d997] 199.204.45.246 "GET /v2.0/networks?id=6e68b02c-f570-4fd9-b740-58cc3992fa9f HTTP/1.1" status: 200 len: 981 time: 0.0637360
2026-05-25 01:51:13.517 10 INFO neutron.wsgi [req-a4fbb5ba-3372-493f-96d7-785d83076ac5 req-fe1dfaae-5f08-4a5c-b4d8-945504e9b190 123405b07cf64ce797cee66d17ac6677 36007f1606ed4b0da75cff425588c15b - - b3b727d714aa4b2f9d091a30fb27d997 b3b727d714aa4b2f9d091a30fb27d997] 199.204.45.246 "GET /v2.0/floatingips?fixed_ip_address=10.100.0.5&port_id=59b525c2-6e66-4999-ae87-7024ebe83ba8 HTTP/1.1" status: 200 len: 1059 time: 0.0467086
2026-05-25 01:51:13.552 10 INFO neutron.wsgi [req-a4fbb5ba-3372-493f-96d7-785d83076ac5 req-67df5469-c9a6-4876-a5be-45de69e0d6b0 123405b07cf64ce797cee66d17ac6677 36007f1606ed4b0da75cff425588c15b - - b3b727d714aa4b2f9d091a30fb27d997 b3b727d714aa4b2f9d091a30fb27d997] 199.204.45.246 "GET /v2.0/subnets?id=83b83ea1-1f6f-498b-93d3-015a9b1925cc HTTP/1.1" status: 200 len: 876 time: 0.0287294
2026-05-25 01:51:13.571 9 INFO neutron.wsgi [None req-b42eece8-0247-49b8-8040-80f9eabd2a2c 46fc885e631340be9d695343ae9d6897 a01ea5760fb4435f8f18b258274259a8 - - default default] 10.0.0.37 "GET /v2.0/ports HTTP/1.1" status: 200 len: 3213 time: 0.1352160
2026-05-25 01:51:13.582 10 INFO neutron.wsgi [req-a4fbb5ba-3372-493f-96d7-785d83076ac5 req-6d5f54e2-c0ea-4300-8fb6-d13e850eab89 123405b07cf64ce797cee66d17ac6677 36007f1606ed4b0da75cff425588c15b - - b3b727d714aa4b2f9d091a30fb27d997 b3b727d714aa4b2f9d091a30fb27d997] 199.204.45.246 "GET /v2.0/ports?network_id=6e68b02c-f570-4fd9-b740-58cc3992fa9f&device_owner=network%3Adhcp HTTP/1.1" status: 200 len: 210 time: 0.0227437
2026-05-25 01:51:13.648 10 INFO neutron.wsgi [req-a4fbb5ba-3372-493f-96d7-785d83076ac5 req-4298c85a-1020-447f-a6f4-64c3d936595b 123405b07cf64ce797cee66d17ac6677 36007f1606ed4b0da75cff425588c15b - - b3b727d714aa4b2f9d091a30fb27d997 b3b727d714aa4b2f9d091a30fb27d997] 199.204.45.246 "GET /v2.0/networks/6e68b02c-f570-4fd9-b740-58cc3992fa9f?fields=segments HTTP/1.1" status: 200 len: 212 time: 0.0588553
2026-05-25 01:51:13.704 10 INFO neutron.wsgi [req-a4fbb5ba-3372-493f-96d7-785d83076ac5 req-3bf61c85-c202-4d2d-8b65-92b9511993d7 123405b07cf64ce797cee66d17ac6677 36007f1606ed4b0da75cff425588c15b - - b3b727d714aa4b2f9d091a30fb27d997 b3b727d714aa4b2f9d091a30fb27d997] 199.204.45.246 "GET /v2.0/networks/6e68b02c-f570-4fd9-b740-58cc3992fa9f?fields=provider%3Aphysical_network&fields=provider%3Anetwork_type HTTP/1.1" status: 200 len: 277 time: 0.0507238
2026-05-25 01:51:13.809 9 INFO neutron.wsgi [None req-36348cf7-776c-4021-a788-3e7f6a3fdfa9 46fc885e631340be9d695343ae9d6897 a01ea5760fb4435f8f18b258274259a8 - - default default] 10.0.0.37 "DELETE /v2.0/ports/e244cf48-f53d-4ccf-8905-78f01d9058b8 HTTP/1.1" status: 204 len: 168 time: 0.2328346
2026-05-25 01:51:13.890 9 WARNING neutron_lib.context [None req-961a9dfa-92a6-40bf-9a8f-17a7acd37306 468642d5d03e40e999c44c9ecc69fbbc 1db9c0990d804b089f52ee3e8478ab9c - - default default] Method 'is_advsvc' is deprecated since 2023.2 release (neutron-lib 3.8.0) and will be removed once support for the old RBAC API policies will be removed from Neutron. Please use method 'is_service_role' instead.
2026-05-25 01:51:14.048 9 INFO neutron.wsgi [None req-726f1006-97d0-4c45-ad09-868b26916a31 46fc885e631340be9d695343ae9d6897 a01ea5760fb4435f8f18b258274259a8 - - default default] 10.0.0.37 "DELETE /v2.0/ports/e62630fd-b6d9-4e7f-9f21-caf6ae49801b HTTP/1.1" status: 204 len: 168 time: 0.2342913
2026-05-25 01:51:14.049 9 INFO neutron.db.ovn_revision_numbers_db [None req-961a9dfa-92a6-40bf-9a8f-17a7acd37306 468642d5d03e40e999c44c9ecc69fbbc 1db9c0990d804b089f52ee3e8478ab9c - - default default] Successfully bumped revision number for resource c79c53b6-7275-4f3c-bff4-9d3455a53492 (type: security_groups) to 1
2026-05-25 01:51:14.069 9 INFO neutron.db.ovn_revision_numbers_db [None req-961a9dfa-92a6-40bf-9a8f-17a7acd37306 468642d5d03e40e999c44c9ecc69fbbc 1db9c0990d804b089f52ee3e8478ab9c - - default default] Successfully bumped revision number for resource 59ba6d4c-f67b-4fa2-b103-c987300143d3 (type: security_group_rules) to 0
2026-05-25 01:51:14.090 9 INFO neutron.db.ovn_revision_numbers_db [None req-961a9dfa-92a6-40bf-9a8f-17a7acd37306 468642d5d03e40e999c44c9ecc69fbbc 1db9c0990d804b089f52ee3e8478ab9c - - default default] Successfully bumped revision number for resource 8f8e8c5e-671e-410f-96bf-26917d3b6a69 (type: security_group_rules) to 0
2026-05-25 01:51:14.104 9 INFO neutron.db.ovn_revision_numbers_db [None req-961a9dfa-92a6-40bf-9a8f-17a7acd37306 468642d5d03e40e999c44c9ecc69fbbc 1db9c0990d804b089f52ee3e8478ab9c - - default default] Successfully bumped revision number for resource 9b61e9ed-69c8-43f1-a8cd-b0dc7894e8a2 (type: security_group_rules) to 0
2026-05-25 01:51:14.119 9 INFO neutron.db.ovn_revision_numbers_db [None req-961a9dfa-92a6-40bf-9a8f-17a7acd37306 468642d5d03e40e999c44c9ecc69fbbc 1db9c0990d804b089f52ee3e8478ab9c - - default default] Successfully bumped revision number for resource ee9fd7f3-3751-4354-9c9d-32e3340d5913 (type: security_group_rules) to 0
2026-05-25 01:51:14.174 9 INFO neutron.db.segments_db [None req-961a9dfa-92a6-40bf-9a8f-17a7acd37306 468642d5d03e40e999c44c9ecc69fbbc 1db9c0990d804b089f52ee3e8478ab9c - - default default] Added segment e866fc96-8c9d-45a2-a0dc-f98a2fbc67b5 of type geneve for network 2c606c34-d8a5-4a25-aa55-b7abb4549112
2026-05-25 01:51:14.198 10 INFO neutron.wsgi [None req-e1ad9133-2ff4-440e-af99-b93535fa33a3 46fc885e631340be9d695343ae9d6897 a01ea5760fb4435f8f18b258274259a8 - - default default] 10.0.0.37 "GET /v2.0/ports HTTP/1.1" status: 200 len: 1718 time: 0.1427152
2026-05-25 01:51:14.212 10 WARNING neutron_lib.context [None req-909b09f1-aa44-431b-a502-f50d3d5f95cb 46fc885e631340be9d695343ae9d6897 a01ea5760fb4435f8f18b258274259a8 - - default default] Method 'is_advsvc' is deprecated since 2023.2 release (neutron-lib 3.8.0) and will be removed once support for the old RBAC API policies will be removed from Neutron. Please use method 'is_service_role' instead.
2026-05-25 01:51:14.293 10 INFO neutron.db.segments_db [None req-909b09f1-aa44-431b-a502-f50d3d5f95cb 46fc885e631340be9d695343ae9d6897 a01ea5760fb4435f8f18b258274259a8 - - default default] Added segment 8bde5ac9-09e4-4fd3-a268-257fcb90b7f7 of type geneve for network 186f5832-158a-4c9f-8f0f-4e57bbfd6595
2026-05-25 01:51:14.452 10 INFO neutron.db.ovn_revision_numbers_db [None req-909b09f1-aa44-431b-a502-f50d3d5f95cb 46fc885e631340be9d695343ae9d6897 a01ea5760fb4435f8f18b258274259a8 - - default default] Successfully bumped revision number for resource 186f5832-158a-4c9f-8f0f-4e57bbfd6595 (type: networks) to 1
2026-05-25 01:51:14.514 9 INFO neutron.db.ovn_revision_numbers_db [None req-961a9dfa-92a6-40bf-9a8f-17a7acd37306 468642d5d03e40e999c44c9ecc69fbbc 1db9c0990d804b089f52ee3e8478ab9c - - default default] Successfully bumped revision number for resource 2c606c34-d8a5-4a25-aa55-b7abb4549112 (type: networks) to 1
2026-05-25 01:51:14.579 9 INFO neutron.wsgi [req-3983fc86-e22f-4e4f-974f-6c39c85244e5 req-afd7d2e4-c078-4e65-8a08-02a8ebf05bbb ea5bb7d9f9a14274a70572fb95d16a48 f7dcb6cbdf5e4266ad6894faed9cd35d - - default default] 10.0.0.179 "GET /v2.0/ports?device_id=58a0721c-e803-44b4-a4b4-c748797959c6 HTTP/1.1" status: 200 len: 1170 time: 0.0433569
2026-05-25 01:51:14.633 9 INFO neutron.plugins.ml2.drivers.ovn.mech_driver.mech_driver [None req-2c1de30c-89f1-496d-a407-636249d36f82 - - - - - -] OVN reports status down for port: 59b525c2-6e66-4999-ae87-7024ebe83ba8
2026-05-25 01:51:14.676 9 INFO neutron.wsgi [req-8eaf1881-53e8-4e7a-b3a3-e1a6f2dba31d req-28edcccb-4d73-441c-9da4-9413dded3e96 123405b07cf64ce797cee66d17ac6677 36007f1606ed4b0da75cff425588c15b - - b3b727d714aa4b2f9d091a30fb27d997 b3b727d714aa4b2f9d091a30fb27d997] 10.0.0.204 "GET /v2.0/ports?device_id=acb6bfe9-c0f8-49e7-9135-497e6fd8204a HTTP/1.1" status: 200 len: 1409 time: 0.0832424
2026-05-25 01:51:14.694 10 WARNING neutron.scheduler.dhcp_agent_scheduler [None req-909b09f1-aa44-431b-a502-f50d3d5f95cb 46fc885e631340be9d695343ae9d6897 a01ea5760fb4435f8f18b258274259a8 - - default default] No more DHCP agents
2026-05-25 01:51:14.697 10 WARNING neutron.api.rpc.agentnotifiers.dhcp_rpc_agent_api [None req-909b09f1-aa44-431b-a502-f50d3d5f95cb 46fc885e631340be9d695343ae9d6897 a01ea5760fb4435f8f18b258274259a8 - - default default] Unable to schedule network 186f5832-158a-4c9f-8f0f-4e57bbfd6595: no agents available; will retry on subsequent port and subnet creation events.
2026-05-25 01:51:14.716 9 INFO neutron.wsgi [req-3983fc86-e22f-4e4f-974f-6c39c85244e5 req-0e3b08a8-cce1-462b-8635-6d8a399a43b3 ea5bb7d9f9a14274a70572fb95d16a48 f7dcb6cbdf5e4266ad6894faed9cd35d - - default default] 10.0.0.179 "GET /v2.0/security-groups?id=3f431584-bfc6-4f81-9ae1-f4f38401e715&fields=id&fields=name HTTP/1.1" status: 200 len: 313 time: 0.1260555
2026-05-25 01:51:14.792 9 INFO neutron.wsgi [req-8eaf1881-53e8-4e7a-b3a3-e1a6f2dba31d req-9bb2299b-8aba-4e63-9f96-443db0a5d88b 123405b07cf64ce797cee66d17ac6677 36007f1606ed4b0da75cff425588c15b - - b3b727d714aa4b2f9d091a30fb27d997 b3b727d714aa4b2f9d091a30fb27d997] 10.0.0.204 "GET /v2.0/security-groups?id=89fa0d13-f1e2-47f9-bfe0-bfc81e01295f&fields=id&fields=name HTTP/1.1" status: 200 len: 313 time: 0.1073284
2026-05-25 01:51:14.795 10 INFO neutron.db.ovn_revision_numbers_db [None req-909b09f1-aa44-431b-a502-f50d3d5f95cb 46fc885e631340be9d695343ae9d6897 a01ea5760fb4435f8f18b258274259a8 - - default default] Successfully bumped revision number for resource a133b37c-7498-4b26-af6e-cb3c66c1311c (type: ports) to 1
2026-05-25 01:51:14.818 10 INFO neutron.wsgi [None req-909b09f1-aa44-431b-a502-f50d3d5f95cb 46fc885e631340be9d695343ae9d6897 a01ea5760fb4435f8f18b258274259a8 - - default default] 10.0.0.37 "POST /v2.0/networks HTTP/1.1" status: 201 len: 852 time: 0.6126738
2026-05-25 01:51:14.828 10 WARNING neutron_lib.context [None req-62f773d8-3c98-47f0-95f0-32fc7e6aefeb 46fc885e631340be9d695343ae9d6897 a01ea5760fb4435f8f18b258274259a8 - - default default] Method 'is_advsvc' is deprecated since 2023.2 release (neutron-lib 3.8.0) and will be removed once support for the old RBAC API policies will be removed from Neutron. Please use method 'is_service_role' instead.
2026-05-25 01:51:14.840 9 WARNING neutron.scheduler.dhcp_agent_scheduler [None req-961a9dfa-92a6-40bf-9a8f-17a7acd37306 468642d5d03e40e999c44c9ecc69fbbc 1db9c0990d804b089f52ee3e8478ab9c - - default default] No more DHCP agents
2026-05-25 01:51:14.844 9 WARNING neutron.api.rpc.agentnotifiers.dhcp_rpc_agent_api [None req-961a9dfa-92a6-40bf-9a8f-17a7acd37306 468642d5d03e40e999c44c9ecc69fbbc 1db9c0990d804b089f52ee3e8478ab9c - - default default] Unable to schedule network 2c606c34-d8a5-4a25-aa55-b7abb4549112: no agents available; will retry on subsequent port and subnet creation events.
2026-05-25 01:51:14.884 9 INFO neutron.notifiers.nova [-] Nova event matching ['req-931947b2-b17b-423c-a50b-7e5e5b69ed05'] response: {'server_uuid': '58a0721c-e803-44b4-a4b4-c748797959c6', 'name': 'network-vif-unplugged', 'status': 'completed', 'tag': '59b525c2-6e66-4999-ae87-7024ebe83ba8', 'code': 200}
2026-05-25 01:51:14.900 10 INFO neutron.db.segments_db [None req-62f773d8-3c98-47f0-95f0-32fc7e6aefeb 46fc885e631340be9d695343ae9d6897 a01ea5760fb4435f8f18b258274259a8 - - default default] Added segment 6ae46d01-f360-4e62-ae9b-65595ec3f7d3 of type geneve for network ae224092-9386-4daa-8657-d0c32b954f5d
2026-05-25 01:51:14.945 9 INFO neutron.db.ovn_revision_numbers_db [None req-961a9dfa-92a6-40bf-9a8f-17a7acd37306 468642d5d03e40e999c44c9ecc69fbbc 1db9c0990d804b089f52ee3e8478ab9c - - default default] Successfully bumped revision number for resource 5c3b2500-990c-4de0-a76a-bf83707ff97e (type: ports) to 1
2026-05-25 01:51:14.971 10 INFO neutron.wsgi [req-0c35f37a-0def-4911-923e-c0ab32507bb6 req-231e3e85-778d-4988-a718-fa41ecddca47 ea5bb7d9f9a14274a70572fb95d16a48 f7dcb6cbdf5e4266ad6894faed9cd35d - - default default] 199.204.45.246 "GET /v2.0/ports?device_id=58a0721c-e803-44b4-a4b4-c748797959c6 HTTP/1.1" status: 200 len: 1168 time: 0.1045818
2026-05-25 01:51:14.972 9 INFO neutron.wsgi [None req-961a9dfa-92a6-40bf-9a8f-17a7acd37306 468642d5d03e40e999c44c9ecc69fbbc 1db9c0990d804b089f52ee3e8478ab9c - - default default] 10.0.0.37 "POST /v2.0/networks HTTP/1.1" status: 201 len: 844 time: 1.1811173
2026-05-25 01:51:14.985 9 WARNING neutron_lib.context [None req-56bde338-89e4-420c-bdb7-37675347bc12 468642d5d03e40e999c44c9ecc69fbbc 1db9c0990d804b089f52ee3e8478ab9c - - default default] Method 'is_advsvc' is deprecated since 2023.2 release (neutron-lib 3.8.0) and will be removed once support for the old RBAC API policies will be removed from Neutron. Please use method 'is_service_role' instead.
2026-05-25 01:51:15.112 9 INFO neutron.db.ovn_revision_numbers_db [None req-2c1de30c-89f1-496d-a407-636249d36f82 - - - - - -] Successfully bumped revision number for resource 59b525c2-6e66-4999-ae87-7024ebe83ba8 (type: ports) to 7
2026-05-25 01:51:15.116 10 INFO neutron.db.ovn_revision_numbers_db [None req-62f773d8-3c98-47f0-95f0-32fc7e6aefeb 46fc885e631340be9d695343ae9d6897 a01ea5760fb4435f8f18b258274259a8 - - default default] Successfully bumped revision number for resource ae224092-9386-4daa-8657-d0c32b954f5d (type: networks) to 1
2026-05-25 01:51:15.273 9 WARNING neutron.scheduler.dhcp_agent_scheduler [None req-56bde338-89e4-420c-bdb7-37675347bc12 468642d5d03e40e999c44c9ecc69fbbc 1db9c0990d804b089f52ee3e8478ab9c - - default default] No more DHCP agents
2026-05-25 01:51:15.275 9 WARNING neutron.api.rpc.agentnotifiers.dhcp_rpc_agent_api [None req-56bde338-89e4-420c-bdb7-37675347bc12 468642d5d03e40e999c44c9ecc69fbbc 1db9c0990d804b089f52ee3e8478ab9c - - default default] Unable to schedule network 2c606c34-d8a5-4a25-aa55-b7abb4549112: no agents available; will retry on subsequent port and subnet creation events.
2026-05-25 01:51:15.341 10 WARNING neutron.scheduler.dhcp_agent_scheduler [None req-62f773d8-3c98-47f0-95f0-32fc7e6aefeb 46fc885e631340be9d695343ae9d6897 a01ea5760fb4435f8f18b258274259a8 - - default default] No more DHCP agents
2026-05-25 01:51:15.349 10 WARNING neutron.api.rpc.agentnotifiers.dhcp_rpc_agent_api [None req-62f773d8-3c98-47f0-95f0-32fc7e6aefeb 46fc885e631340be9d695343ae9d6897 a01ea5760fb4435f8f18b258274259a8 - - default default] Unable to schedule network ae224092-9386-4daa-8657-d0c32b954f5d: no agents available; will retry on subsequent port and subnet creation events.
