2026-05-25 01:51:32.251 10 INFO neutron.db.ovn_revision_numbers_db [None req-b39a025f-c41a-4181-a886-1621e1d8cc3c 20ed54c6a0834a5d953ba36f7b5cfbe6 ddd9427970be4cc4b37550538c8d7f6b - - default default] Successfully bumped revision number for resource dfe69a6a-2376-4943-a545-a3c64d73fbb7 (type: security_group_rules) to 0
2026-05-25 01:51:32.270 9 INFO neutron.db.ovn_revision_numbers_db [None req-7d29865a-9431-4444-9046-7696f56cd5d4 ff994470fd904093b708304cf8a60897 456e03986434431586b15bd72476bec4 - - default default] Successfully bumped revision number for resource 8d0da2f0-4028-423f-ad51-dcd09090aa35 (type: router_ports) to 2
2026-05-25 01:51:32.271 10 INFO neutron.wsgi [None req-b39a025f-c41a-4181-a886-1621e1d8cc3c 20ed54c6a0834a5d953ba36f7b5cfbe6 ddd9427970be4cc4b37550538c8d7f6b - - default default] 10.0.0.37 "POST /v2.0/security-groups HTTP/1.1" status: 201 len: 1797 time: 0.2587302
2026-05-25 01:51:32.273 9 INFO neutron.wsgi [None req-7d29865a-9431-4444-9046-7696f56cd5d4 ff994470fd904093b708304cf8a60897 456e03986434431586b15bd72476bec4 - - default default] 10.0.0.37 "PUT /v2.0/routers/0a8df429-4c1b-4b67-9574-3a101e42bea6/add_router_interface HTTP/1.1" status: 200 len: 503 time: 1.9062550
2026-05-25 01:51:32.282 9 WARNING neutron_lib.context [None req-9637b745-70f8-44f6-869c-8c4c2b5a8903 20ed54c6a0834a5d953ba36f7b5cfbe6 ddd9427970be4cc4b37550538c8d7f6b - - default default] Method 'is_advsvc' is deprecated since 2023.2 release (neutron-lib 3.8.0) and will be removed once support for the old RBAC API policies will be removed from Neutron. Please use method 'is_service_role' instead.
2026-05-25 01:51:32.310 10 INFO neutron.db.ovn_revision_numbers_db [None req-e00c0a37-db8e-498e-82d3-58664569f0f0 - - - - - -] Successfully bumped revision number for resource 8d0da2f0-4028-423f-ad51-dcd09090aa35 (type: ports) to 2
2026-05-25 01:51:32.317 10 INFO neutron.wsgi [None req-82afb613-82c3-469c-9707-144fc3082621 ff994470fd904093b708304cf8a60897 456e03986434431586b15bd72476bec4 - - default default] 10.0.0.37 "GET /v2.0/ports/8d0da2f0-4028-423f-ad51-dcd09090aa35 HTTP/1.1" status: 200 len: 1141 time: 0.0375710
2026-05-25 01:51:32.378 10 INFO neutron.db.ovn_revision_numbers_db [None req-e00c0a37-db8e-498e-82d3-58664569f0f0 - - - - - -] Successfully bumped revision number for resource 8d0da2f0-4028-423f-ad51-dcd09090aa35 (type: router_ports) to 2
2026-05-25 01:51:32.482 9 INFO neutron.db.ovn_revision_numbers_db [None req-9637b745-70f8-44f6-869c-8c4c2b5a8903 20ed54c6a0834a5d953ba36f7b5cfbe6 ddd9427970be4cc4b37550538c8d7f6b - - default default] Successfully bumped revision number for resource facce5a7-447c-4d40-8980-fed3a815f244 (type: security_group_rules) to 0
2026-05-25 01:51:32.510 9 INFO neutron.wsgi [None req-9637b745-70f8-44f6-869c-8c4c2b5a8903 20ed54c6a0834a5d953ba36f7b5cfbe6 ddd9427970be4cc4b37550538c8d7f6b - - default default] 10.0.0.37 "POST /v2.0/security-group-rules HTTP/1.1" status: 201 len: 764 time: 0.2333794
2026-05-25 01:51:32.538 9 WARNING neutron_lib.context [None req-ce5b3087-b57a-48ab-af5b-ef616c106ad0 20ed54c6a0834a5d953ba36f7b5cfbe6 ddd9427970be4cc4b37550538c8d7f6b - - default default] Method 'is_advsvc' is deprecated since 2023.2 release (neutron-lib 3.8.0) and will be removed once support for the old RBAC API policies will be removed from Neutron. Please use method 'is_service_role' instead.
2026-05-25 01:51:32.716 9 INFO neutron.db.ovn_revision_numbers_db [None req-ce5b3087-b57a-48ab-af5b-ef616c106ad0 20ed54c6a0834a5d953ba36f7b5cfbe6 ddd9427970be4cc4b37550538c8d7f6b - - default default] Successfully bumped revision number for resource fc8f989f-3788-4e2d-a986-0c3ec6e6156e (type: security_group_rules) to 0
2026-05-25 01:51:32.771 9 INFO neutron.wsgi [None req-ce5b3087-b57a-48ab-af5b-ef616c106ad0 20ed54c6a0834a5d953ba36f7b5cfbe6 ddd9427970be4cc4b37550538c8d7f6b - - default default] 10.0.0.37 "POST /v2.0/security-group-rules HTTP/1.1" status: 201 len: 769 time: 0.2529385
2026-05-25 01:51:32.783 10 WARNING neutron_lib.context [None req-2cd122df-613e-4ade-bf66-405c5eccc848 20ed54c6a0834a5d953ba36f7b5cfbe6 ddd9427970be4cc4b37550538c8d7f6b - - default default] Method 'is_advsvc' is deprecated since 2023.2 release (neutron-lib 3.8.0) and will be removed once support for the old RBAC API policies will be removed from Neutron. Please use method 'is_service_role' instead.
2026-05-25 01:51:33.075 10 WARNING neutron_lib.context [None req-05bb5195-f843-4b74-a1e0-e39198b843d5 21bf84befd9c40948cd60ba01bb5eb69 05fe30ae732c4b119d6d01eba8ff662d - - default default] Method 'is_advsvc' is deprecated since 2023.2 release (neutron-lib 3.8.0) and will be removed once support for the old RBAC API policies will be removed from Neutron. Please use method 'is_service_role' instead.
2026-05-25 01:51:33.078 9 WARNING neutron.scheduler.dhcp_agent_scheduler [None req-bd0544d7-7947-4d70-9a60-5203fd10d342 ff994470fd904093b708304cf8a60897 456e03986434431586b15bd72476bec4 - - default default] No more DHCP agents
2026-05-25 01:51:33.081 9 WARNING neutron.api.rpc.agentnotifiers.dhcp_rpc_agent_api [None req-bd0544d7-7947-4d70-9a60-5203fd10d342 ff994470fd904093b708304cf8a60897 456e03986434431586b15bd72476bec4 - - default default] Unable to schedule network ec05ab3c-d571-4c3f-a786-3d0b54f2955c: no agents available; will retry on subsequent port and subnet creation events.
2026-05-25 01:51:33.094 10 WARNING neutron.scheduler.dhcp_agent_scheduler [None req-2cd122df-613e-4ade-bf66-405c5eccc848 20ed54c6a0834a5d953ba36f7b5cfbe6 ddd9427970be4cc4b37550538c8d7f6b - - default default] No more DHCP agents
2026-05-25 01:51:33.098 10 WARNING neutron.api.rpc.agentnotifiers.dhcp_rpc_agent_api [None req-2cd122df-613e-4ade-bf66-405c5eccc848 20ed54c6a0834a5d953ba36f7b5cfbe6 ddd9427970be4cc4b37550538c8d7f6b - - default default] Unable to schedule network cde983e0-b7ea-4655-9953-6605f5ece5ea: no agents available; will retry on subsequent port and subnet creation events.
2026-05-25 01:51:33.187 9 INFO neutron.db.ovn_revision_numbers_db [None req-bd0544d7-7947-4d70-9a60-5203fd10d342 ff994470fd904093b708304cf8a60897 456e03986434431586b15bd72476bec4 - - default default] Successfully bumped revision number for resource cc730c4b-61e6-472b-9dcf-ba21e01461fa (type: ports) to 1
2026-05-25 01:51:33.263 10 INFO neutron.db.ovn_revision_numbers_db [None req-05bb5195-f843-4b74-a1e0-e39198b843d5 21bf84befd9c40948cd60ba01bb5eb69 05fe30ae732c4b119d6d01eba8ff662d - - default default] Successfully bumped revision number for resource ecf2bfb9-2cdf-444e-8d71-4e597673c0ad (type: security_groups) to 1
2026-05-25 01:51:33.287 10 INFO neutron.db.ovn_revision_numbers_db [None req-05bb5195-f843-4b74-a1e0-e39198b843d5 21bf84befd9c40948cd60ba01bb5eb69 05fe30ae732c4b119d6d01eba8ff662d - - default default] Successfully bumped revision number for resource 57d8d418-0d1a-4e7b-9041-809183ef701e (type: security_group_rules) to 0
2026-05-25 01:51:33.308 10 INFO neutron.db.ovn_revision_numbers_db [None req-05bb5195-f843-4b74-a1e0-e39198b843d5 21bf84befd9c40948cd60ba01bb5eb69 05fe30ae732c4b119d6d01eba8ff662d - - default default] Successfully bumped revision number for resource 7ad6596a-8a88-4053-8c8d-62ff3dc79ae5 (type: security_group_rules) to 0
2026-05-25 01:51:33.333 10 INFO neutron.db.ovn_revision_numbers_db [None req-05bb5195-f843-4b74-a1e0-e39198b843d5 21bf84befd9c40948cd60ba01bb5eb69 05fe30ae732c4b119d6d01eba8ff662d - - default default] Successfully bumped revision number for resource 8605c79f-f302-4ff9-b662-ac97357aecc8 (type: security_group_rules) to 0
2026-05-25 01:51:33.350 10 INFO neutron.db.ovn_revision_numbers_db [None req-05bb5195-f843-4b74-a1e0-e39198b843d5 21bf84befd9c40948cd60ba01bb5eb69 05fe30ae732c4b119d6d01eba8ff662d - - default default] Successfully bumped revision number for resource eac7efdb-3d09-41d2-b9e8-9955a88a9ebb (type: security_group_rules) to 0
2026-05-25 01:51:33.416 10 INFO neutron.db.segments_db [None req-05bb5195-f843-4b74-a1e0-e39198b843d5 21bf84befd9c40948cd60ba01bb5eb69 05fe30ae732c4b119d6d01eba8ff662d - - default default] Added segment fc197a3b-814c-4ee4-bca0-fd0021a20354 of type geneve for network c5289b57-71ed-4b29-8534-a5a3c32da1a6
2026-05-25 01:51:33.512 10 INFO neutron.db.ovn_revision_numbers_db [None req-2cd122df-613e-4ade-bf66-405c5eccc848 20ed54c6a0834a5d953ba36f7b5cfbe6 ddd9427970be4cc4b37550538c8d7f6b - - default default] Successfully bumped revision number for resource 806a4f4c-f955-4905-b694-731e381a701f (type: floatingips) to 0
2026-05-25 01:51:33.532 10 INFO neutron.wsgi [None req-2cd122df-613e-4ade-bf66-405c5eccc848 20ed54c6a0834a5d953ba36f7b5cfbe6 ddd9427970be4cc4b37550538c8d7f6b - - default default] 10.0.0.37 "POST /v2.0/floatingips HTTP/1.1" status: 201 len: 751 time: 0.7570293
2026-05-25 01:51:33.578 10 INFO neutron.db.ovn_revision_numbers_db [None req-05bb5195-f843-4b74-a1e0-e39198b843d5 21bf84befd9c40948cd60ba01bb5eb69 05fe30ae732c4b119d6d01eba8ff662d - - default default] Successfully bumped revision number for resource c5289b57-71ed-4b29-8534-a5a3c32da1a6 (type: networks) to 1
2026-05-25 01:51:33.637 9 INFO neutron.db.ovn_revision_numbers_db [None req-bd0544d7-7947-4d70-9a60-5203fd10d342 ff994470fd904093b708304cf8a60897 456e03986434431586b15bd72476bec4 - - default default] Successfully bumped revision number for resource cc730c4b-61e6-472b-9dcf-ba21e01461fa (type: router_ports) to 1
2026-05-25 01:51:33.729 10 WARNING neutron.scheduler.dhcp_agent_scheduler [None req-05bb5195-f843-4b74-a1e0-e39198b843d5 21bf84befd9c40948cd60ba01bb5eb69 05fe30ae732c4b119d6d01eba8ff662d - - default default] No more DHCP agents
2026-05-25 01:51:33.732 10 WARNING neutron.api.rpc.agentnotifiers.dhcp_rpc_agent_api [None req-05bb5195-f843-4b74-a1e0-e39198b843d5 21bf84befd9c40948cd60ba01bb5eb69 05fe30ae732c4b119d6d01eba8ff662d - - default default] Unable to schedule network c5289b57-71ed-4b29-8534-a5a3c32da1a6: no agents available; will retry on subsequent port and subnet creation events.
2026-05-25 01:51:33.752 9 INFO neutron.db.ovn_revision_numbers_db [None req-bd0544d7-7947-4d70-9a60-5203fd10d342 ff994470fd904093b708304cf8a60897 456e03986434431586b15bd72476bec4 - - default default] Successfully bumped revision number for resource cc730c4b-61e6-472b-9dcf-ba21e01461fa (type: ports) to 1
2026-05-25 01:51:33.800 10 INFO neutron.db.ovn_revision_numbers_db [None req-05bb5195-f843-4b74-a1e0-e39198b843d5 21bf84befd9c40948cd60ba01bb5eb69 05fe30ae732c4b119d6d01eba8ff662d - - default default] Successfully bumped revision number for resource b5bdd6c5-9f66-42e3-913d-b37f4eec3cd0 (type: ports) to 1
2026-05-25 01:51:33.816 10 INFO neutron.wsgi [None req-05bb5195-f843-4b74-a1e0-e39198b843d5 21bf84befd9c40948cd60ba01bb5eb69 05fe30ae732c4b119d6d01eba8ff662d - - default default] 10.0.0.37 "POST /v2.0/networks HTTP/1.1" status: 201 len: 848 time: 0.9371097
2026-05-25 01:51:33.824 10 WARNING neutron_lib.context [None req-5201fe25-816f-4ca7-936d-46690eb5cfc5 21bf84befd9c40948cd60ba01bb5eb69 05fe30ae732c4b119d6d01eba8ff662d - - default default] Method 'is_advsvc' is deprecated since 2023.2 release (neutron-lib 3.8.0) and will be removed once support for the old RBAC API policies will be removed from Neutron. Please use method 'is_service_role' instead.
2026-05-25 01:51:33.828 9 WARNING neutron.scheduler.dhcp_agent_scheduler [None req-bd0544d7-7947-4d70-9a60-5203fd10d342 ff994470fd904093b708304cf8a60897 456e03986434431586b15bd72476bec4 - - default default] No more DHCP agents
2026-05-25 01:51:33.830 9 WARNING neutron.api.rpc.agentnotifiers.dhcp_rpc_agent_api [None req-bd0544d7-7947-4d70-9a60-5203fd10d342 ff994470fd904093b708304cf8a60897 456e03986434431586b15bd72476bec4 - - default default] Unable to schedule network ec05ab3c-d571-4c3f-a786-3d0b54f2955c: no agents available; will retry on subsequent port and subnet creation events.
2026-05-25 01:51:33.971 9 INFO neutron.db.ovn_revision_numbers_db [None req-bd0544d7-7947-4d70-9a60-5203fd10d342 ff994470fd904093b708304cf8a60897 456e03986434431586b15bd72476bec4 - - default default] Successfully bumped revision number for resource cc730c4b-61e6-472b-9dcf-ba21e01461fa (type: router_ports) to 1
2026-05-25 01:51:33.975 9 INFO neutron.wsgi [None req-bd0544d7-7947-4d70-9a60-5203fd10d342 ff994470fd904093b708304cf8a60897 456e03986434431586b15bd72476bec4 - - default default] 10.0.0.37 "PUT /v2.0/routers/0a8df429-4c1b-4b67-9574-3a101e42bea6/add_router_interface HTTP/1.1" status: 200 len: 503 time: 1.6525650
2026-05-25 01:51:34.012 9 INFO neutron.wsgi [None req-649ad225-7bbb-409c-a68b-627094555691 ff994470fd904093b708304cf8a60897 456e03986434431586b15bd72476bec4 - - default default] 10.0.0.37 "GET /v2.0/ports/cc730c4b-61e6-472b-9dcf-ba21e01461fa HTTP/1.1" status: 200 len: 1147 time: 0.0327244
2026-05-25 01:51:34.050 9 INFO neutron.wsgi [None req-25bac1ff-0047-4eca-a094-d27a3994433e ff994470fd904093b708304cf8a60897 456e03986434431586b15bd72476bec4 - - default default] 10.0.0.37 "GET /v2.0/ports/cc730c4b-61e6-472b-9dcf-ba21e01461fa HTTP/1.1" status: 200 len: 1147 time: 0.0327199
2026-05-25 01:51:34.052 10 WARNING neutron.scheduler.dhcp_agent_scheduler [None req-5201fe25-816f-4ca7-936d-46690eb5cfc5 21bf84befd9c40948cd60ba01bb5eb69 05fe30ae732c4b119d6d01eba8ff662d - - default default] No more DHCP agents
2026-05-25 01:51:34.055 10 WARNING neutron.api.rpc.agentnotifiers.dhcp_rpc_agent_api [None req-5201fe25-816f-4ca7-936d-46690eb5cfc5 21bf84befd9c40948cd60ba01bb5eb69 05fe30ae732c4b119d6d01eba8ff662d - - default default] Unable to schedule network c5289b57-71ed-4b29-8534-a5a3c32da1a6: no agents available; will retry on subsequent port and subnet creation events.
2026-05-25 01:51:34.137 10 INFO neutron.db.ovn_revision_numbers_db [None req-5201fe25-816f-4ca7-936d-46690eb5cfc5 21bf84befd9c40948cd60ba01bb5eb69 05fe30ae732c4b119d6d01eba8ff662d - - default default] Successfully bumped revision number for resource 00d38db7-834a-49de-8c0d-f5f4337eff93 (type: ports) to 1
2026-05-25 01:51:34.161 10 INFO neutron.wsgi [None req-5201fe25-816f-4ca7-936d-46690eb5cfc5 21bf84befd9c40948cd60ba01bb5eb69 05fe30ae732c4b119d6d01eba8ff662d - - default default] 10.0.0.37 "POST /v2.0/ports HTTP/1.1" status: 201 len: 977 time: 0.3399704 /var/lib/openstack/lib/python3.10/site-packages/pycadf/identifier.py:71: UserWarning: Invalid uuid: neutron. To ensure interoperability, identifiers should be a valid uuid. warnings.warn(('Invalid uuid: %s. To ensure interoperability, '
2026-05-25 01:51:34.172 10 WARNING neutron_lib.context [None req-d18fb11b-5b69-498c-998f-57f2c7a29eb9 21bf84befd9c40948cd60ba01bb5eb69 05fe30ae732c4b119d6d01eba8ff662d - - default default] Method 'is_advsvc' is deprecated since 2023.2 release (neutron-lib 3.8.0) and will be removed once support for the old RBAC API policies will be removed from Neutron. Please use method 'is_service_role' instead.
2026-05-25 01:51:34.246 10 INFO neutron.db.segments_db [None req-d18fb11b-5b69-498c-998f-57f2c7a29eb9 21bf84befd9c40948cd60ba01bb5eb69 05fe30ae732c4b119d6d01eba8ff662d - - default default] Added segment 19d2d7be-2ed2-4e78-b768-ec03f126d83a of type geneve for network f91c3da8-7402-4438-81d9-7404385af0c6
2026-05-25 01:51:34.374 10 INFO neutron.db.ovn_revision_numbers_db [None req-d18fb11b-5b69-498c-998f-57f2c7a29eb9 21bf84befd9c40948cd60ba01bb5eb69 05fe30ae732c4b119d6d01eba8ff662d - - default default] Successfully bumped revision number for resource f91c3da8-7402-4438-81d9-7404385af0c6 (type: networks) to 1
2026-05-25 01:51:34.558 10 WARNING neutron.scheduler.dhcp_agent_scheduler [None req-d18fb11b-5b69-498c-998f-57f2c7a29eb9 21bf84befd9c40948cd60ba01bb5eb69 05fe30ae732c4b119d6d01eba8ff662d - - default default] No more DHCP agents
2026-05-25 01:51:34.560 10 WARNING neutron.api.rpc.agentnotifiers.dhcp_rpc_agent_api [None req-d18fb11b-5b69-498c-998f-57f2c7a29eb9 21bf84befd9c40948cd60ba01bb5eb69 05fe30ae732c4b119d6d01eba8ff662d - - default default] Unable to schedule network f91c3da8-7402-4438-81d9-7404385af0c6: no agents available; will retry on subsequent port and subnet creation events.
2026-05-25 01:51:34.636 10 INFO neutron.db.ovn_revision_numbers_db [None req-d18fb11b-5b69-498c-998f-57f2c7a29eb9 21bf84befd9c40948cd60ba01bb5eb69 05fe30ae732c4b119d6d01eba8ff662d - - default default] Successfully bumped revision number for resource 7d1945ef-9f78-49e7-809c-04077fdcaaf7 (type: ports) to 1
2026-05-25 01:51:34.658 10 INFO neutron.wsgi [None req-d18fb11b-5b69-498c-998f-57f2c7a29eb9 21bf84befd9c40948cd60ba01bb5eb69 05fe30ae732c4b119d6d01eba8ff662d - - default default] 10.0.0.37 "POST /v2.0/networks HTTP/1.1" status: 201 len: 835 time: 0.4914584
2026-05-25 01:51:34.670 9 WARNING neutron_lib.context [None req-6039c830-690f-426e-88a6-58cf59803445 21bf84befd9c40948cd60ba01bb5eb69 05fe30ae732c4b119d6d01eba8ff662d - - default default] Method 'is_advsvc' is deprecated since 2023.2 release (neutron-lib 3.8.0) and will be removed once support for the old RBAC API policies will be removed from Neutron. Please use method 'is_service_role' instead.
2026-05-25 01:51:34.907 9 WARNING neutron.scheduler.dhcp_agent_scheduler [None req-6039c830-690f-426e-88a6-58cf59803445 21bf84befd9c40948cd60ba01bb5eb69 05fe30ae732c4b119d6d01eba8ff662d - - default default] No more DHCP agents
2026-05-25 01:51:34.910 9 WARNING neutron.api.rpc.agentnotifiers.dhcp_rpc_agent_api [None req-6039c830-690f-426e-88a6-58cf59803445 21bf84befd9c40948cd60ba01bb5eb69 05fe30ae732c4b119d6d01eba8ff662d - - default default] Unable to schedule network f91c3da8-7402-4438-81d9-7404385af0c6: no agents available; will retry on subsequent port and subnet creation events.
2026-05-25 01:51:34.946 9 INFO neutron.db.ovn_revision_numbers_db [None req-6039c830-690f-426e-88a6-58cf59803445 21bf84befd9c40948cd60ba01bb5eb69 05fe30ae732c4b119d6d01eba8ff662d - - default default] Successfully bumped revision number for resource 2ba5706c-c87a-4ea9-9aeb-d3867ae7b1e1 (type: subnets) to 0
2026-05-25 01:51:34.962 9 INFO neutron.wsgi [None req-6039c830-690f-426e-88a6-58cf59803445 21bf84befd9c40948cd60ba01bb5eb69 05fe30ae732c4b119d6d01eba8ff662d - - default default] 10.0.0.37 "POST /v2.0/subnets HTTP/1.1" status: 201 len: 821 time: 0.2993093
2026-05-25 01:51:34.973 9 WARNING neutron_lib.context [None req-c223cc41-9be5-4e36-baa2-f6160345238a 21bf84befd9c40948cd60ba01bb5eb69 05fe30ae732c4b119d6d01eba8ff662d - - default default] Method 'is_advsvc' is deprecated since 2023.2 release (neutron-lib 3.8.0) and will be removed once support for the old RBAC API policies will be removed from Neutron. Please use method 'is_service_role' instead.
2026-05-25 01:51:35.154 10 INFO neutron.wsgi [None req-f951ab0d-a313-4320-bd9e-9b75c9ff8992 ff994470fd904093b708304cf8a60897 456e03986434431586b15bd72476bec4 - - default default] 10.0.0.37 "GET /v2.0/ports/cc730c4b-61e6-472b-9dcf-ba21e01461fa HTTP/1.1" status: 200 len: 1147 time: 0.0982428
2026-05-25 01:51:35.338 9 WARNING neutron.scheduler.dhcp_agent_scheduler [None req-c223cc41-9be5-4e36-baa2-f6160345238a 21bf84befd9c40948cd60ba01bb5eb69 05fe30ae732c4b119d6d01eba8ff662d - - default default] No more DHCP agents
2026-05-25 01:51:35.340 9 WARNING neutron.api.rpc.agentnotifiers.dhcp_rpc_agent_api [None req-c223cc41-9be5-4e36-baa2-f6160345238a 21bf84befd9c40948cd60ba01bb5eb69 05fe30ae732c4b119d6d01eba8ff662d - - default default] Unable to schedule network f91c3da8-7402-4438-81d9-7404385af0c6: no agents available; will retry on subsequent port and subnet creation events.
2026-05-25 01:51:35.448 9 INFO neutron.db.ovn_revision_numbers_db [None req-c223cc41-9be5-4e36-baa2-f6160345238a 21bf84befd9c40948cd60ba01bb5eb69 05fe30ae732c4b119d6d01eba8ff662d - - default default] Successfully bumped revision number for resource ffd15287-f513-43fa-ba43-e6c27e85c42a (type: ports) to 1
2026-05-25 01:51:35.471 9 INFO neutron.wsgi [None req-c223cc41-9be5-4e36-baa2-f6160345238a 21bf84befd9c40948cd60ba01bb5eb69 05fe30ae732c4b119d6d01eba8ff662d - - default default] 10.0.0.37 "POST /v2.0/ports HTTP/1.1" status: 201 len: 1165 time: 0.5037789 /var/lib/openstack/lib/python3.10/site-packages/pycadf/identifier.py:71: UserWarning: Invalid uuid: neutron. To ensure interoperability, identifiers should be a valid uuid. warnings.warn(('Invalid uuid: %s. To ensure interoperability, '
2026-05-25 01:51:35.747 9 INFO neutron.wsgi [None req-fc69220d-0b6c-43d9-b70c-4e2e38826097 21bf84befd9c40948cd60ba01bb5eb69 05fe30ae732c4b119d6d01eba8ff662d - - default default] 10.0.0.37 "DELETE /v2.0/ports/ffd15287-f513-43fa-ba43-e6c27e85c42a HTTP/1.1" status: 204 len: 168 time: 0.2689428
2026-05-25 01:51:35.772 9 INFO neutron.pecan_wsgi.hooks.translation [None req-22437712-a689-4dc2-87b7-79b9fd12ca2a 21bf84befd9c40948cd60ba01bb5eb69 05fe30ae732c4b119d6d01eba8ff662d - - default default] DELETE failed (client error): The resource could not be found.
2026-05-25 01:51:35.774 9 INFO neutron.wsgi [None req-22437712-a689-4dc2-87b7-79b9fd12ca2a 21bf84befd9c40948cd60ba01bb5eb69 05fe30ae732c4b119d6d01eba8ff662d - - default default] 10.0.0.37 "DELETE /v2.0/ports/ffd15287-f513-43fa-ba43-e6c27e85c42a HTTP/1.1" status: 404 len: 333 time: 0.0208137
2026-05-25 01:51:35.796 9 INFO neutron.pecan_wsgi.hooks.translation [None req-11b5c6d3-c24c-4f18-91c9-4410fbfa604b 21bf84befd9c40948cd60ba01bb5eb69 05fe30ae732c4b119d6d01eba8ff662d - - default default] GET failed (client error): The resource could not be found.
2026-05-25 01:51:35.797 9 INFO neutron.wsgi [None req-11b5c6d3-c24c-4f18-91c9-4410fbfa604b 21bf84befd9c40948cd60ba01bb5eb69 05fe30ae732c4b119d6d01eba8ff662d - - default default] 10.0.0.37 "GET /v2.0/ports/ffd15287-f513-43fa-ba43-e6c27e85c42a HTTP/1.1" status: 404 len: 333 time: 0.0178270
2026-05-25 01:51:35.998 9 INFO neutron.wsgi [None req-1ed1f2b8-9a54-44b9-8143-e47a267937ef 21bf84befd9c40948cd60ba01bb5eb69 05fe30ae732c4b119d6d01eba8ff662d - - default default] 10.0.0.37 "DELETE /v2.0/subnets/2ba5706c-c87a-4ea9-9aeb-d3867ae7b1e1 HTTP/1.1" status: 204 len: 168 time: 0.1961906
2026-05-25 01:51:36.202 10 INFO neutron.wsgi [None req-6a6db920-b714-4f27-b34b-8e6c72419388 ff994470fd904093b708304cf8a60897 456e03986434431586b15bd72476bec4 - - default default] 10.0.0.37 "GET /v2.0/ports/cc730c4b-61e6-472b-9dcf-ba21e01461fa HTTP/1.1" status: 200 len: 1147 time: 0.0422547
2026-05-25 01:51:36.345 9 INFO neutron.services.segments.plugin [-] Segment 19d2d7be-2ed2-4e78-b768-ec03f126d83a resource provider aggregate not found
2026-05-25 01:51:36.351 9 INFO neutron.services.segments.plugin [-] Segment 19d2d7be-2ed2-4e78-b768-ec03f126d83a resource provider aggregate not found
2026-05-25 01:51:36.356 9 INFO neutron.services.segments.plugin [-] Segment 19d2d7be-2ed2-4e78-b768-ec03f126d83a resource provider not found; error: Placement Client Error (4xx): {"errors": [{"status": 404, "title": "Not Found", "detail": "The resource could not be found.\n\n No resource provider with uuid 19d2d7be-2ed2-4e78-b768-ec03f126d83a found for delete ", "request_id": "req-9be294df-c171-4625-a73e-8b8f03043279"}]}
2026-05-25 01:51:36.366 9 INFO neutron.services.segments.plugin [-] Segment 19d2d7be-2ed2-4e78-b768-ec03f126d83a resource provider not found; error: Placement Client Error (4xx): {"errors": [{"status": 404, "title": "Not Found", "detail": "The resource could not be found.\n\n No resource provider with uuid 19d2d7be-2ed2-4e78-b768-ec03f126d83a found for delete ", "request_id": "req-f1740e7d-f1d7-4fce-8f9c-4c2ebb3ca2e2"}]}
2026-05-25 01:51:36.388 9 INFO neutron.wsgi [None req-256fd7bd-944f-4e09-a44b-c008810ddc10 21bf84befd9c40948cd60ba01bb5eb69 05fe30ae732c4b119d6d01eba8ff662d - - default default] 10.0.0.37 "DELETE /v2.0/networks/f91c3da8-7402-4438-81d9-7404385af0c6 HTTP/1.1" status: 204 len: 168 time: 0.3866231
2026-05-25 01:51:36.397 9 WARNING neutron_lib.context [None req-98d9a397-705d-4a6c-b200-ea2b84651ae6 21bf84befd9c40948cd60ba01bb5eb69 05fe30ae732c4b119d6d01eba8ff662d - - default default] Method 'is_advsvc' is deprecated since 2023.2 release (neutron-lib 3.8.0) and will be removed once support for the old RBAC API policies will be removed from Neutron. Please use method 'is_service_role' instead.
2026-05-25 01:51:36.473 9 INFO neutron.db.segments_db [None req-98d9a397-705d-4a6c-b200-ea2b84651ae6 21bf84befd9c40948cd60ba01bb5eb69 05fe30ae732c4b119d6d01eba8ff662d - - default default] Added segment 987aa963-c5fe-485c-8bc4-f432eba04fb1 of type geneve for network c8e1d348-7658-4708-bf44-8a12bde6c4db
2026-05-25 01:51:36.645 9 INFO neutron.db.ovn_revision_numbers_db [None req-98d9a397-705d-4a6c-b200-ea2b84651ae6 21bf84befd9c40948cd60ba01bb5eb69 05fe30ae732c4b119d6d01eba8ff662d - - default default] Successfully bumped revision number for resource c8e1d348-7658-4708-bf44-8a12bde6c4db (type: networks) to 1
2026-05-25 01:51:36.649 9 WARNING neutron.plugins.ml2.drivers.ovn.mech_driver.ovsdb.ovn_client [None req-2c1de30c-89f1-496d-a407-636249d36f82 - - - - - -] No hosting information found for port 01eee877-2384-46bd-80bd-cc6c17c0b5eb: RuntimeError: No hosting information found for port 01eee877-2384-46bd-80bd-cc6c17c0b5eb
2026-05-25 01:51:36.649 9 INFO neutron.plugins.ml2.drivers.ovn.mech_driver.mech_driver [None req-2c1de30c-89f1-496d-a407-636249d36f82 - - - - - -] OVN reports status up for port: cc730c4b-61e6-472b-9dcf-ba21e01461fa
2026-05-25 01:51:36.662 9 INFO neutron.plugins.ml2.plugin [None req-2c1de30c-89f1-496d-a407-636249d36f82 - - - - - -] Attempt 1 to provision port cc730c4b-61e6-472b-9dcf-ba21e01461fa
2026-05-25 01:51:36.891 9 WARNING neutron.scheduler.dhcp_agent_scheduler [None req-98d9a397-705d-4a6c-b200-ea2b84651ae6 21bf84befd9c40948cd60ba01bb5eb69 05fe30ae732c4b119d6d01eba8ff662d - - default default] No more DHCP agents
2026-05-25 01:51:36.895 9 WARNING neutron.api.rpc.agentnotifiers.dhcp_rpc_agent_api [None req-98d9a397-705d-4a6c-b200-ea2b84651ae6 21bf84befd9c40948cd60ba01bb5eb69 05fe30ae732c4b119d6d01eba8ff662d - - default default] Unable to schedule network c8e1d348-7658-4708-bf44-8a12bde6c4db: no agents available; will retry on subsequent port and subnet creation events.
2026-05-25 01:51:37.000 9 INFO neutron.db.ovn_revision_numbers_db [None req-98d9a397-705d-4a6c-b200-ea2b84651ae6 21bf84befd9c40948cd60ba01bb5eb69 05fe30ae732c4b119d6d01eba8ff662d - - default default] Successfully bumped revision number for resource 49a9be2e-7335-47b2-9fe7-f9c62b2f2ccd (type: ports) to 1
2026-05-25 01:51:37.028 9 INFO neutron.wsgi [None req-98d9a397-705d-4a6c-b200-ea2b84651ae6 21bf84befd9c40948cd60ba01bb5eb69 05fe30ae732c4b119d6d01eba8ff662d - - default default] 10.0.0.37 "POST /v2.0/networks HTTP/1.1" status: 201 len: 834 time: 0.6340098
2026-05-25 01:51:37.038 10 WARNING neutron_lib.context [None req-54377b03-74d9-4185-b9b6-ff46f4d50fa2 21bf84befd9c40948cd60ba01bb5eb69 05fe30ae732c4b119d6d01eba8ff662d - - default default] Method 'is_advsvc' is deprecated since 2023.2 release (neutron-lib 3.8.0) and will be removed once support for the old RBAC API policies will be removed from Neutron. Please use method 'is_service_role' instead.
2026-05-25 01:51:37.052 9 INFO neutron.db.ovn_revision_numbers_db [None req-2c1de30c-89f1-496d-a407-636249d36f82 - - - - - -] Successfully bumped revision number for resource cc730c4b-61e6-472b-9dcf-ba21e01461fa (type: ports) to 2
2026-05-25 01:51:37.127 9 INFO neutron.db.ovn_revision_numbers_db [None req-2c1de30c-89f1-496d-a407-636249d36f82 - - - - - -] Successfully bumped revision number for resource cc730c4b-61e6-472b-9dcf-ba21e01461fa (type: router_ports) to 2
2026-05-25 01:51:37.253 10 INFO neutron.wsgi [None req-ce7868b4-3dc9-421b-8da9-2f0596522980 ff994470fd904093b708304cf8a60897 456e03986434431586b15bd72476bec4 - - default default] 10.0.0.37 "GET /v2.0/ports/cc730c4b-61e6-472b-9dcf-ba21e01461fa HTTP/1.1" status: 200 len: 1149 time: 0.0397522
2026-05-25 01:51:37.349 10 WARNING neutron.scheduler.dhcp_agent_scheduler [None req-54377b03-74d9-4185-b9b6-ff46f4d50fa2 21bf84befd9c40948cd60ba01bb5eb69 05fe30ae732c4b119d6d01eba8ff662d - - default default] No more DHCP agents
2026-05-25 01:51:37.355 10 WARNING neutron.api.rpc.agentnotifiers.dhcp_rpc_agent_api [None req-54377b03-74d9-4185-b9b6-ff46f4d50fa2 21bf84befd9c40948cd60ba01bb5eb69 05fe30ae732c4b119d6d01eba8ff662d - - default default] Unable to schedule network c8e1d348-7658-4708-bf44-8a12bde6c4db: no agents available; will retry on subsequent port and subnet creation events.
2026-05-25 01:51:37.397 10 INFO neutron.db.ovn_revision_numbers_db [None req-54377b03-74d9-4185-b9b6-ff46f4d50fa2 21bf84befd9c40948cd60ba01bb5eb69 05fe30ae732c4b119d6d01eba8ff662d - - default default] Successfully bumped revision number for resource 0c5b5d27-2760-45e8-9a5b-008d6b8eff49 (type: subnets) to 0
2026-05-25 01:51:37.493 9 INFO neutron.wsgi [req-fc3b09b8-4f9d-48a7-a5e5-97fbe79cd34e req-4e2fba03-3bc8-4c53-aecb-e5602f435932 123405b07cf64ce797cee66d17ac6677 36007f1606ed4b0da75cff425588c15b - - b3b727d714aa4b2f9d091a30fb27d997 b3b727d714aa4b2f9d091a30fb27d997] 10.0.0.204 "GET /v2.0/ports?device_id=acb6bfe9-c0f8-49e7-9135-497e6fd8204a HTTP/1.1" status: 200 len: 1409 time: 0.1290262
2026-05-25 01:51:37.565 9 INFO neutron.wsgi [req-fc3b09b8-4f9d-48a7-a5e5-97fbe79cd34e req-25af0f2a-c3be-44d3-8de2-000eece313d5 123405b07cf64ce797cee66d17ac6677 36007f1606ed4b0da75cff425588c15b - - b3b727d714aa4b2f9d091a30fb27d997 b3b727d714aa4b2f9d091a30fb27d997] 10.0.0.204 "GET /v2.0/security-groups?id=89fa0d13-f1e2-47f9-bfe0-bfc81e01295f&fields=id&fields=name HTTP/1.1" status: 200 len: 313 time: 0.0607598
2026-05-25 01:51:37.645 10 INFO neutron.wsgi [None req-54377b03-74d9-4185-b9b6-ff46f4d50fa2 21bf84befd9c40948cd60ba01bb5eb69 05fe30ae732c4b119d6d01eba8ff662d - - default default] 10.0.0.37 "POST /v2.0/subnets HTTP/1.1" status: 201 len: 821 time: 0.6126797
2026-05-25 01:51:37.656 9 WARNING neutron_lib.context [None req-e6bfa0b0-6f05-4e6c-b049-162719f5c181 21bf84befd9c40948cd60ba01bb5eb69 05fe30ae732c4b119d6d01eba8ff662d - - default default] Method 'is_advsvc' is deprecated since 2023.2 release (neutron-lib 3.8.0) and will be removed once support for the old RBAC API policies will be removed from Neutron. Please use method 'is_service_role' instead.
2026-05-25 01:51:37.664 10 WARNING neutron.plugins.ml2.drivers.ovn.mech_driver.ovsdb.ovn_client [None req-e00c0a37-db8e-498e-82d3-58664569f0f0 - - - - - -] No hosting information found for port 8d0da2f0-4028-423f-ad51-dcd09090aa35: RuntimeError: No hosting information found for port 8d0da2f0-4028-423f-ad51-dcd09090aa35
2026-05-25 01:51:37.997 9 WARNING neutron.scheduler.dhcp_agent_scheduler [None req-e6bfa0b0-6f05-4e6c-b049-162719f5c181 21bf84befd9c40948cd60ba01bb5eb69 05fe30ae732c4b119d6d01eba8ff662d - - default default] No more DHCP agents
2026-05-25 01:51:37.998 9 WARNING neutron.api.rpc.agentnotifiers.dhcp_rpc_agent_api [None req-e6bfa0b0-6f05-4e6c-b049-162719f5c181 21bf84befd9c40948cd60ba01bb5eb69 05fe30ae732c4b119d6d01eba8ff662d - - default default] Unable to schedule network c8e1d348-7658-4708-bf44-8a12bde6c4db: no agents available; will retry on subsequent port and subnet creation events.
2026-05-25 01:51:38.115 9 INFO neutron.db.ovn_revision_numbers_db [None req-e6bfa0b0-6f05-4e6c-b049-162719f5c181 21bf84befd9c40948cd60ba01bb5eb69 05fe30ae732c4b119d6d01eba8ff662d - - default default] Successfully bumped revision number for resource e5ddc94c-ccbf-4e96-92bf-3b7ee0b97eff (type: ports) to 1
2026-05-25 01:51:38.135 10 INFO neutron.wsgi [None req-f448b01b-e6fe-410d-b3d9-1ff58fc40222 ff994470fd904093b708304cf8a60897 456e03986434431586b15bd72476bec4 - - default default] 10.0.0.37 "PUT /v2.0/routers/0a8df429-4c1b-4b67-9574-3a101e42bea6/remove_router_interface HTTP/1.1" status: 200 len: 503 time: 0.8765976
2026-05-25 01:51:38.140 9 INFO neutron.wsgi [None req-e6bfa0b0-6f05-4e6c-b049-162719f5c181 21bf84befd9c40948cd60ba01bb5eb69 05fe30ae732c4b119d6d01eba8ff662d - - default default] 10.0.0.37 "POST /v2.0/ports HTTP/1.1" status: 201 len: 1127 time: 0.4906309 /var/lib/openstack/lib/python3.10/site-packages/pycadf/identifier.py:71: UserWarning: Invalid uuid: neutron. To ensure interoperability, identifiers should be a valid uuid. warnings.warn(('Invalid uuid: %s. To ensure interoperability, '
2026-05-25 01:51:38.246 10 INFO neutron.wsgi [req-606ed25c-116e-47be-8329-6cb52114fb76 req-21680ef5-4474-404e-859c-3d92843b6759 20ed54c6a0834a5d953ba36f7b5cfbe6 ddd9427970be4cc4b37550538c8d7f6b - - default default] 10.0.0.179 "GET /v2.0/security-groups?name=tempest-securitygroup--1716176512&fields=id&tenant_id=ddd9427970be4cc4b37550538c8d7f6b HTTP/1.1" status: 200 len: 267 time: 0.0612385
2026-05-25 01:51:38.251 10 INFO neutron.wsgi [None req-ebe114b7-daf1-464d-9745-0f02db900eb0 ff994470fd904093b708304cf8a60897 456e03986434431586b15bd72476bec4 - - default default] 10.0.0.37 "GET /v2.0/ports/8d0da2f0-4028-423f-ad51-dcd09090aa35 HTTP/1.1" status: 200 len: 1141 time: 0.1125245
2026-05-25 01:51:38.357 10 INFO neutron.wsgi [req-606ed25c-116e-47be-8329-6cb52114fb76 req-7325e3fb-c084-41fc-80d8-316820d6ec77 20ed54c6a0834a5d953ba36f7b5cfbe6 ddd9427970be4cc4b37550538c8d7f6b - - default default] 10.0.0.179 "GET /v2.0/networks?id=df536c8d-94c8-4d92-abd5-f897ec0283ca HTTP/1.1" status: 200 len: 878 time: 0.1029990
2026-05-25 01:51:38.372 10 INFO neutron.wsgi [req-606ed25c-116e-47be-8329-6cb52114fb76 req-ed952a97-f66d-4c20-89d5-163998fb5510 20ed54c6a0834a5d953ba36f7b5cfbe6 ddd9427970be4cc4b37550538c8d7f6b - - default default] 10.0.0.179 "GET /v2.0/quotas/ddd9427970be4cc4b37550538c8d7f6b HTTP/1.1" status: 200 len: 386 time: 0.0096321
2026-05-25 01:51:38.494 10 INFO neutron.wsgi [req-606ed25c-116e-47be-8329-6cb52114fb76 req-bd7fcdf6-f584-4daf-8cd8-bd75d353af77 20ed54c6a0834a5d953ba36f7b5cfbe6 ddd9427970be4cc4b37550538c8d7f6b - - default default] 10.0.0.179 "GET /v2.0/ports?tenant_id=ddd9427970be4cc4b37550538c8d7f6b&fields=id HTTP/1.1" status: 200 len: 302 time: 0.1135347
2026-05-25 01:51:38.538 9 INFO neutron.wsgi [None req-23dd0008-2615-459d-bcad-bb152ed3e0e5 21bf84befd9c40948cd60ba01bb5eb69 05fe30ae732c4b119d6d01eba8ff662d - - default default] 10.0.0.37 "DELETE /v2.0/ports/e5ddc94c-ccbf-4e96-92bf-3b7ee0b97eff HTTP/1.1" status: 204 len: 168 time: 0.3932545
2026-05-25 01:51:38.570 9 INFO neutron.pecan_wsgi.hooks.translation [None req-164440b3-ff4c-4201-b80c-af68c78c6563 21bf84befd9c40948cd60ba01bb5eb69 05fe30ae732c4b119d6d01eba8ff662d - - default default] GET failed (client error): The resource could not be found.
2026-05-25 01:51:38.572 9 INFO neutron.wsgi [None req-164440b3-ff4c-4201-b80c-af68c78c6563 21bf84befd9c40948cd60ba01bb5eb69 05fe30ae732c4b119d6d01eba8ff662d - - default default] 10.0.0.37 "GET /v2.0/ports/e5ddc94c-ccbf-4e96-92bf-3b7ee0b97eff HTTP/1.1" status: 404 len: 333 time: 0.0275939
2026-05-25 01:51:38.584 10 INFO neutron.wsgi [req-606ed25c-116e-47be-8329-6cb52114fb76 req-4c9069ba-34dd-41bc-a7fa-ce3560f64edd 123405b07cf64ce797cee66d17ac6677 36007f1606ed4b0da75cff425588c15b - - b3b727d714aa4b2f9d091a30fb27d997 b3b727d714aa4b2f9d091a30fb27d997] 10.0.0.179 "GET /v2.0/networks/df536c8d-94c8-4d92-abd5-f897ec0283ca?fields=segments HTTP/1.1" status: 200 len: 212 time: 0.0776052
2026-05-25 01:51:38.685 10 INFO neutron.wsgi [req-606ed25c-116e-47be-8329-6cb52114fb76 req-224a3b3b-a3f8-4639-95a3-c8e481d5c294 123405b07cf64ce797cee66d17ac6677 36007f1606ed4b0da75cff425588c15b - - b3b727d714aa4b2f9d091a30fb27d997 b3b727d714aa4b2f9d091a30fb27d997] 10.0.0.179 "GET /v2.0/networks/df536c8d-94c8-4d92-abd5-f897ec0283ca?fields=provider%3Aphysical_network&fields=provider%3Anetwork_type HTTP/1.1" status: 200 len: 277 time: 0.0913198
2026-05-25 01:51:38.790 10 INFO neutron.wsgi [None req-bd9f3237-edfe-4dcf-98de-57e511065cad 21bf84befd9c40948cd60ba01bb5eb69 05fe30ae732c4b119d6d01eba8ff662d - - default default] 10.0.0.37 "DELETE /v2.0/subnets/0c5b5d27-2760-45e8-9a5b-008d6b8eff49 HTTP/1.1" status: 204 len: 168 time: 0.2143192
2026-05-25 01:51:38.946 9 INFO neutron.wsgi [None req-a1c066cc-d3c8-4cbd-833c-624b4c0d12de ff994470fd904093b708304cf8a60897 456e03986434431586b15bd72476bec4 - - default default] 10.0.0.37 "PUT /v2.0/routers/0a8df429-4c1b-4b67-9574-3a101e42bea6/remove_router_interface HTTP/1.1" status: 200 len: 503 time: 0.6839902 /var/lib/openstack/lib/python3.10/site-packages/pycadf/identifier.py:71: UserWarning: Invalid uuid: neutron. To ensure interoperability, identifiers should be a valid uuid. warnings.warn(('Invalid uuid: %s. To ensure interoperability, '
2026-05-25 01:51:38.969 10 INFO neutron.wsgi [None req-248e5b20-cc7a-42c4-9e36-5950fdaaf0ac ff994470fd904093b708304cf8a60897 456e03986434431586b15bd72476bec4 - - default default] 10.0.0.37 "GET /v2.0/ports?device_id=0a8df429-4c1b-4b67-9574-3a101e42bea6 HTTP/1.1" status: 200 len: 205 time: 0.0180638
2026-05-25 01:51:38.970 9 INFO neutron.wsgi [req-0786ad4d-5b95-4577-acee-123063e803d9 req-6a7a7541-67d2-4803-9402-9b51fe9d32af 20ed54c6a0834a5d953ba36f7b5cfbe6 ddd9427970be4cc4b37550538c8d7f6b - - default default] 10.0.0.179 "GET /v2.0/ports?device_id=136ae6df-1824-47ca-ad8d-364674c2ea85 HTTP/1.1" status: 200 len: 210 time: 0.0228524
2026-05-25 01:51:39.246 10 INFO neutron.services.segments.plugin [-] Segment 987aa963-c5fe-485c-8bc4-f432eba04fb1 resource provider aggregate not found
2026-05-25 01:51:39.251 10 INFO neutron.services.segments.plugin [-] Segment 987aa963-c5fe-485c-8bc4-f432eba04fb1 resource provider aggregate not found
2026-05-25 01:51:39.269 10 INFO neutron.services.segments.plugin [-] Segment 987aa963-c5fe-485c-8bc4-f432eba04fb1 resource provider not found; error: Placement Client Error (4xx): {"errors": [{"status": 404, "title": "Not Found", "detail": "The resource could not be found.\n\n No resource provider with uuid 987aa963-c5fe-485c-8bc4-f432eba04fb1 found for delete ", "request_id": "req-aef1e062-0692-4bca-9d29-2e74f4266b0e"}]}
2026-05-25 01:51:39.271 10 INFO neutron.services.segments.plugin [-] Segment 987aa963-c5fe-485c-8bc4-f432eba04fb1 resource provider not found; error: Placement Client Error (4xx): {"errors": [{"status": 404, "title": "Not Found", "detail": "The resource could not be found.\n\n No resource provider with uuid 987aa963-c5fe-485c-8bc4-f432eba04fb1 found for delete ", "request_id": "req-9ad4153c-b6d5-4685-8615-3291b942b524"}]}
2026-05-25 01:51:39.281 10 INFO neutron.wsgi [None req-ff60ebe0-22c2-4a7d-a5e4-43610090e2b5 ff994470fd904093b708304cf8a60897 456e03986434431586b15bd72476bec4 - - default default] 10.0.0.37 "DELETE /v2.0/routers/0a8df429-4c1b-4b67-9574-3a101e42bea6 HTTP/1.1" status: 204 len: 168 time: 0.3073118
2026-05-25 01:51:39.299 10 INFO neutron.wsgi [None req-fa29c94d-b375-4604-a03b-046c216f17ed 21bf84befd9c40948cd60ba01bb5eb69 05fe30ae732c4b119d6d01eba8ff662d - - default default] 10.0.0.37 "DELETE /v2.0/networks/c8e1d348-7658-4708-bf44-8a12bde6c4db HTTP/1.1" status: 204 len: 168 time: 0.5045316
2026-05-25 01:51:39.313 10 WARNING neutron_lib.context [None req-8aae4f58-d013-4af7-a54e-90588a605993 21bf84befd9c40948cd60ba01bb5eb69 05fe30ae732c4b119d6d01eba8ff662d - - default default] Method 'is_advsvc' is deprecated since 2023.2 release (neutron-lib 3.8.0) and will be removed once support for the old RBAC API policies will be removed from Neutron. Please use method 'is_service_role' instead.
2026-05-25 01:51:39.484 9 INFO neutron.wsgi [None req-10454ff0-08c4-4445-8c67-d08c755f3e75 ff994470fd904093b708304cf8a60897 456e03986434431586b15bd72476bec4 - - default default] 10.0.0.37 "DELETE /v2.0/subnets/ed68e48e-38dd-4464-b56d-570276f68632 HTTP/1.1" status: 204 len: 168 time: 0.1981528
2026-05-25 01:51:39.562 10 WARNING neutron.scheduler.dhcp_agent_scheduler [None req-8aae4f58-d013-4af7-a54e-90588a605993 21bf84befd9c40948cd60ba01bb5eb69 05fe30ae732c4b119d6d01eba8ff662d - - default default] No more DHCP agents
2026-05-25 01:51:39.565 10 WARNING neutron.api.rpc.agentnotifiers.dhcp_rpc_agent_api [None req-8aae4f58-d013-4af7-a54e-90588a605993 21bf84befd9c40948cd60ba01bb5eb69 05fe30ae732c4b119d6d01eba8ff662d - - default default] Unable to schedule network c5289b57-71ed-4b29-8534-a5a3c32da1a6: no agents available; will retry on subsequent port and subnet creation events. /var/lib/openstack/lib/python3.10/site-packages/pycadf/identifier.py:71: UserWarning: Invalid uuid: neutron. To ensure interoperability, identifiers should be a valid uuid. warnings.warn(('Invalid uuid: %s. To ensure interoperability, '
2026-05-25 01:51:39.662 10 INFO neutron.wsgi [req-606ed25c-116e-47be-8329-6cb52114fb76 req-d8a20e6e-4bc9-4e1b-9000-d80b0d83a2fc 20ed54c6a0834a5d953ba36f7b5cfbe6 ddd9427970be4cc4b37550538c8d7f6b - - default default] 199.204.45.246 "GET /v2.0/networks?id=df536c8d-94c8-4d92-abd5-f897ec0283ca HTTP/1.1" status: 200 len: 878 time: 0.0930159
2026-05-25 01:51:39.698 10 INFO neutron.db.ovn_revision_numbers_db [None req-8aae4f58-d013-4af7-a54e-90588a605993 21bf84befd9c40948cd60ba01bb5eb69 05fe30ae732c4b119d6d01eba8ff662d - - default default] Successfully bumped revision number for resource 27d2f211-121c-4fa9-b82a-6533cdbccadb (type: ports) to 1
2026-05-25 01:51:39.717 9 INFO neutron.wsgi [None req-6ce0b06f-abe3-4cab-b033-996ecd925fc0 ff994470fd904093b708304cf8a60897 456e03986434431586b15bd72476bec4 - - default default] 10.0.0.37 "DELETE /v2.0/subnets/d4ab3918-0cbf-4b44-922e-d669ae02b469 HTTP/1.1" status: 204 len: 168 time: 0.2281630
2026-05-25 01:51:39.720 10 INFO neutron.wsgi [req-606ed25c-116e-47be-8329-6cb52114fb76 req-859de6a7-0ea8-472a-9e15-8c71e7897ce5 20ed54c6a0834a5d953ba36f7b5cfbe6 ddd9427970be4cc4b37550538c8d7f6b - - default default] 199.204.45.246 "GET /v2.0/security-groups?fields=id&fields=name&tenant_id=ddd9427970be4cc4b37550538c8d7f6b HTTP/1.1" status: 200 len: 380 time: 0.0494065
2026-05-25 01:51:39.724 10 INFO neutron.wsgi [None req-8aae4f58-d013-4af7-a54e-90588a605993 21bf84befd9c40948cd60ba01bb5eb69 05fe30ae732c4b119d6d01eba8ff662d - - default default] 10.0.0.37 "POST /v2.0/ports HTTP/1.1" status: 201 len: 978 time: 0.4188302
2026-05-25 01:51:39.734 10 WARNING neutron_lib.context [req-606ed25c-116e-47be-8329-6cb52114fb76 req-4f4d90a6-a22e-40f9-9dab-bb4faa644216 20ed54c6a0834a5d953ba36f7b5cfbe6 ddd9427970be4cc4b37550538c8d7f6b - - default default] Method 'is_advsvc' is deprecated since 2023.2 release (neutron-lib 3.8.0) and will be removed once support for the old RBAC API policies will be removed from Neutron. Please use method 'is_service_role' instead.
2026-05-25 01:51:40.169 10 INFO neutron.wsgi [req-52962a96-8a54-4830-8efe-15dfa5513ed8 req-2768ccbb-68e5-4e81-8045-1955f4c6b570 20ed54c6a0834a5d953ba36f7b5cfbe6 ddd9427970be4cc4b37550538c8d7f6b - - default default] 10.0.0.179 "GET /v2.0/ports?device_id=136ae6df-1824-47ca-ad8d-364674c2ea85 HTTP/1.1" status: 200 len: 210 time: 0.0535879
2026-05-25 01:51:40.211 10 INFO neutron.plugins.ml2.drivers.ovn.mech_driver.mech_driver [None req-e00c0a37-db8e-498e-82d3-58664569f0f0 - - - - - -] OVN reports status down for port: 27d2f211-121c-4fa9-b82a-6533cdbccadb
2026-05-25 01:51:40.245 9 INFO neutron.db.ovn_revision_numbers_db [None req-f236955d-7acc-43a2-95cc-72173ef922e2 21bf84befd9c40948cd60ba01bb5eb69 05fe30ae732c4b119d6d01eba8ff662d - - default default] Successfully bumped revision number for resource 27d2f211-121c-4fa9-b82a-6533cdbccadb (type: ports) to 2
2026-05-25 01:51:40.256 9 INFO neutron.wsgi [None req-f236955d-7acc-43a2-95cc-72173ef922e2 21bf84befd9c40948cd60ba01bb5eb69 05fe30ae732c4b119d6d01eba8ff662d - - default default] 10.0.0.37 "PUT /v2.0/ports/27d2f211-121c-4fa9-b82a-6533cdbccadb HTTP/1.1" status: 200 len: 946 time: 0.5271015 /var/lib/openstack/lib/python3.10/site-packages/pycadf/identifier.py:71: UserWarning: Invalid uuid: neutron. To ensure interoperability, identifiers should be a valid uuid. warnings.warn(('Invalid uuid: %s. To ensure interoperability, '
2026-05-25 01:51:40.422 10 WARNING neutron.scheduler.dhcp_agent_scheduler [req-606ed25c-116e-47be-8329-6cb52114fb76 req-4f4d90a6-a22e-40f9-9dab-bb4faa644216 20ed54c6a0834a5d953ba36f7b5cfbe6 ddd9427970be4cc4b37550538c8d7f6b - - default default] No more DHCP agents
2026-05-25 01:51:40.427 10 WARNING neutron.api.rpc.agentnotifiers.dhcp_rpc_agent_api [req-606ed25c-116e-47be-8329-6cb52114fb76 req-4f4d90a6-a22e-40f9-9dab-bb4faa644216 20ed54c6a0834a5d953ba36f7b5cfbe6 ddd9427970be4cc4b37550538c8d7f6b - - default default] Unable to schedule network df536c8d-94c8-4d92-abd5-f897ec0283ca: no agents available; will retry on subsequent port and subnet creation events.
2026-05-25 01:51:40.494 10 INFO neutron.wsgi [None req-10b90a34-64fa-4640-ac73-99889006fc20 ff994470fd904093b708304cf8a60897 456e03986434431586b15bd72476bec4 - - default default] 10.0.0.37 "DELETE /v2.0/networks/ec05ab3c-d571-4c3f-a786-3d0b54f2955c HTTP/1.1" status: 204 len: 168 time: 0.7714181
2026-05-25 01:51:40.497 9 INFO neutron.wsgi [None req-2c354765-9cf9-467b-a2dd-eff2a0c77159 21bf84befd9c40948cd60ba01bb5eb69 05fe30ae732c4b119d6d01eba8ff662d - - default default] 10.0.0.37 "DELETE /v2.0/ports/27d2f211-121c-4fa9-b82a-6533cdbccadb HTTP/1.1" status: 204 len: 168 time: 0.2293844
2026-05-25 01:51:40.608 10 INFO neutron.db.ovn_revision_numbers_db [req-606ed25c-116e-47be-8329-6cb52114fb76 req-4f4d90a6-a22e-40f9-9dab-bb4faa644216 20ed54c6a0834a5d953ba36f7b5cfbe6 ddd9427970be4cc4b37550538c8d7f6b - - default default] Successfully bumped revision number for resource dd68378f-fcf7-4ab8-bcf3-6236c40d3e93 (type: ports) to 1
2026-05-25 01:51:40.612 9 INFO neutron.wsgi [None req-e8e6caa0-493b-4620-aea2-451dbc86dcf7 21bf84befd9c40948cd60ba01bb5eb69 05fe30ae732c4b119d6d01eba8ff662d - - default default] 10.0.0.37 "GET /v2.0/ports HTTP/1.1" status: 200 len: 1732 time: 0.1095788
2026-05-25 01:51:40.631 10 INFO neutron.wsgi [req-606ed25c-116e-47be-8329-6cb52114fb76 req-4f4d90a6-a22e-40f9-9dab-bb4faa644216 20ed54c6a0834a5d953ba36f7b5cfbe6 ddd9427970be4cc4b37550538c8d7f6b - - default default] 199.204.45.246 "POST /v2.0/ports HTTP/1.1" status: 201 len: 1162 time: 0.9016097
2026-05-25 01:51:40.636 9 INFO neutron.pecan_wsgi.hooks.translation [None req-76e1e0bb-4a8d-46f4-b64d-d00b7987da7b 21bf84befd9c40948cd60ba01bb5eb69 05fe30ae732c4b119d6d01eba8ff662d - - default default] GET failed (client error): The resource could not be found.
2026-05-25 01:51:40.637 9 INFO neutron.wsgi [None req-76e1e0bb-4a8d-46f4-b64d-d00b7987da7b 21bf84befd9c40948cd60ba01bb5eb69 05fe30ae732c4b119d6d01eba8ff662d - - default default] 10.0.0.37 "GET /v2.0/ports/27d2f211-121c-4fa9-b82a-6533cdbccadb HTTP/1.1" status: 404 len: 333 time: 0.0197566 /var/lib/openstack/lib/python3.10/site-packages/pycadf/identifier.py:71: UserWarning: Invalid uuid: neutron. To ensure interoperability, identifiers should be a valid uuid. warnings.warn(('Invalid uuid: %s. To ensure interoperability, '
2026-05-25 01:51:40.682 9 INFO neutron.wsgi [None req-a45701a7-66c8-434a-a83f-c9c000de0e96 21bf84befd9c40948cd60ba01bb5eb69 05fe30ae732c4b119d6d01eba8ff662d - - default default] 10.0.0.37 "GET /v2.0/ports HTTP/1.1" status: 200 len: 1732 time: 0.0394061
2026-05-25 01:51:40.789 10 INFO neutron.wsgi [None req-2c420ce5-82a0-4758-93b0-3a0aacf7d595 21bf84befd9c40948cd60ba01bb5eb69 05fe30ae732c4b119d6d01eba8ff662d - - default default] 10.0.0.37 "GET /v2.0/ports/00d38db7-834a-49de-8c0d-f5f4337eff93 HTTP/1.1" status: 200 len: 972 time: 0.1000030
2026-05-25 01:51:40.819 10 INFO neutron.pecan_wsgi.hooks.translation [None req-62592529-51c5-491d-918d-705f3c2afd4c 21bf84befd9c40948cd60ba01bb5eb69 05fe30ae732c4b119d6d01eba8ff662d - - default default] DELETE failed (client error): The resource could not be found.
2026-05-25 01:51:40.823 10 INFO neutron.wsgi [None req-62592529-51c5-491d-918d-705f3c2afd4c 21bf84befd9c40948cd60ba01bb5eb69 05fe30ae732c4b119d6d01eba8ff662d - - default default] 10.0.0.37 "DELETE /v2.0/ports/e5ddc94c-ccbf-4e96-92bf-3b7ee0b97eff HTTP/1.1" status: 404 len: 333 time: 0.0235453
2026-05-25 01:51:40.855 10 INFO neutron.pecan_wsgi.hooks.translation [None req-4293a0a4-26d3-47c1-b4e0-16e0d4b4b072 21bf84befd9c40948cd60ba01bb5eb69 05fe30ae732c4b119d6d01eba8ff662d - - default default] DELETE failed (client error): The resource could not be found.
2026-05-25 01:51:40.857 10 INFO neutron.wsgi [None req-4293a0a4-26d3-47c1-b4e0-16e0d4b4b072 21bf84befd9c40948cd60ba01bb5eb69 05fe30ae732c4b119d6d01eba8ff662d - - default default] 10.0.0.37 "DELETE /v2.0/subnets/0c5b5d27-2760-45e8-9a5b-008d6b8eff49 HTTP/1.1" status: 404 len: 337 time: 0.0293460
2026-05-25 01:51:40.880 10 INFO neutron.pecan_wsgi.hooks.translation [None req-5ab5a932-9e5a-4a8e-bd9a-707e320acba3 21bf84befd9c40948cd60ba01bb5eb69 05fe30ae732c4b119d6d01eba8ff662d - - default default] DELETE failed (client error): The resource could not be found.
2026-05-25 01:51:40.882 10 INFO neutron.wsgi [None req-5ab5a932-9e5a-4a8e-bd9a-707e320acba3 21bf84befd9c40948cd60ba01bb5eb69 05fe30ae732c4b119d6d01eba8ff662d - - default default] 10.0.0.37 "DELETE /v2.0/subnets/2ba5706c-c87a-4ea9-9aeb-d3867ae7b1e1 HTTP/1.1" status: 404 len: 337 time: 0.0190141
2026-05-25 01:51:40.951 9 INFO neutron.services.segments.plugin [-] Segment 0785179c-6b7a-4e78-8715-69ba1fda8652 resource provider aggregate not found
2026-05-25 01:51:40.960 9 INFO neutron.services.segments.plugin [-] Segment 0785179c-6b7a-4e78-8715-69ba1fda8652 resource provider aggregate not found
2026-05-25 01:51:40.974 9 INFO neutron.services.segments.plugin [-] Segment 0785179c-6b7a-4e78-8715-69ba1fda8652 resource provider not found; error: Placement Client Error (4xx): {"errors": [{"status": 404, "title": "Not Found", "detail": "The resource could not be found.\n\n No resource provider with uuid 0785179c-6b7a-4e78-8715-69ba1fda8652 found for delete ", "request_id": "req-073d943b-3f24-4280-8e7f-a71fd077e68b"}]}
2026-05-25 01:51:40.984 9 INFO neutron.services.segments.plugin [-] Segment 0785179c-6b7a-4e78-8715-69ba1fda8652 resource provider not found; error: Placement Client Error (4xx): {"errors": [{"status": 404, "title": "Not Found", "detail": "The resource could not be found.\n\n No resource provider with uuid 0785179c-6b7a-4e78-8715-69ba1fda8652 found for delete ", "request_id": "req-4d70971b-f644-4621-886a-f26f8db9d3b7"}]}
