2026-05-25 01:50:49.803 10 INFO neutron.db.ovn_revision_numbers_db [req-6894ff78-f6b1-44ff-9128-8ed783e40323 req-7b93576e-b759-46dc-be61-3eb90f30cf88 123405b07cf64ce797cee66d17ac6677 36007f1606ed4b0da75cff425588c15b - - b3b727d714aa4b2f9d091a30fb27d997 b3b727d714aa4b2f9d091a30fb27d997] Successfully bumped revision number for resource 59b525c2-6e66-4999-ae87-7024ebe83ba8 (type: ports) to 2
2026-05-25 01:50:49.837 10 INFO neutron.db.ovn_revision_numbers_db [None req-e00c0a37-db8e-498e-82d3-58664569f0f0 - - - - - -] Successfully bumped revision number for resource 7bccf59d-7c7d-47cf-94d0-972832671342 (type: ports) to 4
2026-05-25 01:50:49.937 9 INFO neutron.db.ovn_revision_numbers_db [None req-a347143e-65f3-467b-a745-f54506d3de8e da9fbd4145ce4615b959343abeee0aef e3a083d4430e4d0ab7e7cc75d185373e - - default default] Successfully bumped revision number for resource 199ed069-15be-4d19-994c-6014bb575d32 (type: networks) to 1
2026-05-25 01:50:50.080 10 INFO neutron.db.ovn_revision_numbers_db [req-6894ff78-f6b1-44ff-9128-8ed783e40323 req-7b93576e-b759-46dc-be61-3eb90f30cf88 123405b07cf64ce797cee66d17ac6677 36007f1606ed4b0da75cff425588c15b - - b3b727d714aa4b2f9d091a30fb27d997 b3b727d714aa4b2f9d091a30fb27d997] Successfully bumped revision number for resource 59b525c2-6e66-4999-ae87-7024ebe83ba8 (type: ports) to 2
2026-05-25 01:50:50.083 10 INFO neutron.db.ovn_revision_numbers_db [None req-e5d735e9-15cd-448b-9018-7c56829aea22 baef6177ba6b47a4bc0d590c5b281e81 f7130fc5f1b34b508094540ca351522e - - default default] Successfully bumped revision number for resource e9987d29-de37-40a2-b9f9-78e64f9b89bd (type: security_groups) to 1
2026-05-25 01:50:50.098 10 INFO neutron.wsgi [req-6894ff78-f6b1-44ff-9128-8ed783e40323 req-7b93576e-b759-46dc-be61-3eb90f30cf88 123405b07cf64ce797cee66d17ac6677 36007f1606ed4b0da75cff425588c15b - - b3b727d714aa4b2f9d091a30fb27d997 b3b727d714aa4b2f9d091a30fb27d997] 199.204.45.246 "PUT /v2.0/ports/59b525c2-6e66-4999-ae87-7024ebe83ba8 HTTP/1.1" status: 200 len: 1376 time: 1.1141768
2026-05-25 01:50:50.101 10 INFO neutron.db.ovn_revision_numbers_db [None req-e5d735e9-15cd-448b-9018-7c56829aea22 baef6177ba6b47a4bc0d590c5b281e81 f7130fc5f1b34b508094540ca351522e - - default default] Successfully bumped revision number for resource 45827ec5-b218-49e8-b64c-d9b78329e15f (type: security_group_rules) to 0
2026-05-25 01:50:50.115 10 INFO neutron.db.ovn_revision_numbers_db [None req-e5d735e9-15cd-448b-9018-7c56829aea22 baef6177ba6b47a4bc0d590c5b281e81 f7130fc5f1b34b508094540ca351522e - - default default] Successfully bumped revision number for resource 72a16ed5-2574-47ef-bdf2-165301bab540 (type: security_group_rules) to 0
2026-05-25 01:50:50.127 10 INFO neutron.db.ovn_revision_numbers_db [None req-e5d735e9-15cd-448b-9018-7c56829aea22 baef6177ba6b47a4bc0d590c5b281e81 f7130fc5f1b34b508094540ca351522e - - default default] Successfully bumped revision number for resource 77ad798b-b9f1-4805-b251-c129f9402422 (type: security_group_rules) to 0
2026-05-25 01:50:50.134 9 WARNING neutron.scheduler.dhcp_agent_scheduler [None req-a347143e-65f3-467b-a745-f54506d3de8e da9fbd4145ce4615b959343abeee0aef e3a083d4430e4d0ab7e7cc75d185373e - - default default] No more DHCP agents /var/lib/openstack/lib/python3.10/site-packages/pycadf/identifier.py:71: UserWarning: Invalid uuid: neutron. To ensure interoperability, identifiers should be a valid uuid. warnings.warn(('Invalid uuid: %s. To ensure interoperability, '
2026-05-25 01:50:50.137 9 WARNING neutron.api.rpc.agentnotifiers.dhcp_rpc_agent_api [None req-a347143e-65f3-467b-a745-f54506d3de8e da9fbd4145ce4615b959343abeee0aef e3a083d4430e4d0ab7e7cc75d185373e - - default default] Unable to schedule network 199ed069-15be-4d19-994c-6014bb575d32: no agents available; will retry on subsequent port and subnet creation events.
2026-05-25 01:50:50.157 10 INFO neutron.db.ovn_revision_numbers_db [None req-e5d735e9-15cd-448b-9018-7c56829aea22 baef6177ba6b47a4bc0d590c5b281e81 f7130fc5f1b34b508094540ca351522e - - default default] Successfully bumped revision number for resource eb7d4f1f-f09a-4fe0-97b5-7c7c6d68b6b6 (type: security_group_rules) to 0
2026-05-25 01:50:50.170 10 INFO neutron.wsgi [req-6894ff78-f6b1-44ff-9128-8ed783e40323 req-9890cc6c-5f57-4d9f-8fc3-52dccce596fd 123405b07cf64ce797cee66d17ac6677 36007f1606ed4b0da75cff425588c15b - - b3b727d714aa4b2f9d091a30fb27d997 b3b727d714aa4b2f9d091a30fb27d997] 199.204.45.246 "GET /v2.0/ports?tenant_id=f7dcb6cbdf5e4266ad6894faed9cd35d&device_id=58a0721c-e803-44b4-a4b4-c748797959c6 HTTP/1.1" status: 200 len: 1407 time: 0.0402830
2026-05-25 01:50:50.180 9 INFO neutron.wsgi [req-c1c248cc-62fa-4ca9-9846-09b56c6e1bda req-6d7c5181-e4f5-4dad-bfef-2e97364973b1 d40a0f36b4da48e2a971c91d95c63d21 6f59dd0ab018451db59f29492ecb3d63 - - default default] 10.0.0.179 "GET /v2.0/ports?device_id=c2aef1a0-3a11-44dc-ae2a-98f53646f13f HTTP/1.1" status: 200 len: 1170 time: 0.0470562
2026-05-25 01:50:50.197 10 INFO neutron.wsgi [req-6894ff78-f6b1-44ff-9128-8ed783e40323 req-b1f29fe0-f594-4382-9d61-b2b01c71745e 123405b07cf64ce797cee66d17ac6677 36007f1606ed4b0da75cff425588c15b - - b3b727d714aa4b2f9d091a30fb27d997 b3b727d714aa4b2f9d091a30fb27d997] 199.204.45.246 "GET /v2.0/floatingips?fixed_ip_address=10.100.0.5&port_id=59b525c2-6e66-4999-ae87-7024ebe83ba8 HTTP/1.1" status: 200 len: 217 time: 0.0197992
2026-05-25 01:50:50.232 10 INFO neutron.db.segments_db [None req-e5d735e9-15cd-448b-9018-7c56829aea22 baef6177ba6b47a4bc0d590c5b281e81 f7130fc5f1b34b508094540ca351522e - - default default] Added segment bb9857ca-5ee8-4ace-beea-b68479091ed8 of type geneve for network e5f178cf-2835-4456-ae5c-84899972c0a9
2026-05-25 01:50:50.241 9 INFO neutron.wsgi [req-c1c248cc-62fa-4ca9-9846-09b56c6e1bda req-62d66764-f1c4-4ffe-9325-a0c9b1bc84f7 d40a0f36b4da48e2a971c91d95c63d21 6f59dd0ab018451db59f29492ecb3d63 - - default default] 10.0.0.179 "GET /v2.0/security-groups?id=37458460-3e6b-40ac-acb4-339772cdf3a3&fields=id&fields=name HTTP/1.1" status: 200 len: 286 time: 0.0539589
2026-05-25 01:50:50.252 9 INFO neutron.db.ovn_revision_numbers_db [None req-a347143e-65f3-467b-a745-f54506d3de8e da9fbd4145ce4615b959343abeee0aef e3a083d4430e4d0ab7e7cc75d185373e - - default default] Successfully bumped revision number for resource 8b8b4e4c-480f-4281-a478-448641bd4357 (type: ports) to 1
2026-05-25 01:50:50.256 10 INFO neutron.wsgi [req-6894ff78-f6b1-44ff-9128-8ed783e40323 req-bbdb7096-fe18-476d-84e8-9d42b3a24bc7 123405b07cf64ce797cee66d17ac6677 36007f1606ed4b0da75cff425588c15b - - b3b727d714aa4b2f9d091a30fb27d997 b3b727d714aa4b2f9d091a30fb27d997] 199.204.45.246 "GET /v2.0/subnets?id=83b83ea1-1f6f-498b-93d3-015a9b1925cc HTTP/1.1" status: 200 len: 876 time: 0.0485609
2026-05-25 01:50:50.270 9 INFO neutron.wsgi [None req-a347143e-65f3-467b-a745-f54506d3de8e da9fbd4145ce4615b959343abeee0aef e3a083d4430e4d0ab7e7cc75d185373e - - default default] 10.0.0.37 "POST /v2.0/networks HTTP/1.1" status: 201 len: 848 time: 0.9516833
2026-05-25 01:50:50.283 10 INFO neutron.notifiers.nova [-] Nova event matching ['req-838436b2-555f-4ff6-9d36-4d94b2ae56a0'] response: {'server_uuid': 'c2aef1a0-3a11-44dc-ae2a-98f53646f13f', 'name': 'network-vif-plugged', 'status': 'completed', 'tag': '7bccf59d-7c7d-47cf-94d0-972832671342', 'code': 200}
2026-05-25 01:50:50.283 10 INFO neutron.notifiers.nova [-] Nova event matching ['req-838436b2-555f-4ff6-9d36-4d94b2ae56a0'] response: {'server_uuid': 'c2aef1a0-3a11-44dc-ae2a-98f53646f13f', 'name': 'network-vif-plugged', 'status': 'completed', 'tag': '7bccf59d-7c7d-47cf-94d0-972832671342', 'code': 200}
2026-05-25 01:50:50.284 10 INFO neutron.notifiers.nova [-] Nova event matching ['req-838436b2-555f-4ff6-9d36-4d94b2ae56a0'] response: {'name': 'network-changed', 'server_uuid': '58a0721c-e803-44b4-a4b4-c748797959c6', 'tag': '59b525c2-6e66-4999-ae87-7024ebe83ba8', 'status': 'completed', 'code': 200}
2026-05-25 01:50:50.284 9 WARNING neutron_lib.context [None req-668f0344-24d0-4db4-89b0-8c13cac8442c da9fbd4145ce4615b959343abeee0aef e3a083d4430e4d0ab7e7cc75d185373e - - default default] Method 'is_advsvc' is deprecated since 2023.2 release (neutron-lib 3.8.0) and will be removed once support for the old RBAC API policies will be removed from Neutron. Please use method 'is_service_role' instead.
2026-05-25 01:50:50.288 10 INFO neutron.wsgi [req-6894ff78-f6b1-44ff-9128-8ed783e40323 req-a6de1c10-616e-436c-b404-4d6de8a2a1c1 123405b07cf64ce797cee66d17ac6677 36007f1606ed4b0da75cff425588c15b - - b3b727d714aa4b2f9d091a30fb27d997 b3b727d714aa4b2f9d091a30fb27d997] 199.204.45.246 "GET /v2.0/ports?network_id=6e68b02c-f570-4fd9-b740-58cc3992fa9f&device_owner=network%3Adhcp HTTP/1.1" status: 200 len: 210 time: 0.0240524
2026-05-25 01:50:50.409 10 INFO neutron.wsgi [req-6894ff78-f6b1-44ff-9128-8ed783e40323 req-35d12d42-c95a-4872-9252-3abbcf9d308a 123405b07cf64ce797cee66d17ac6677 36007f1606ed4b0da75cff425588c15b - - b3b727d714aa4b2f9d091a30fb27d997 b3b727d714aa4b2f9d091a30fb27d997] 199.204.45.246 "GET /v2.0/networks/6e68b02c-f570-4fd9-b740-58cc3992fa9f?fields=segments HTTP/1.1" status: 200 len: 212 time: 0.1057949
2026-05-25 01:50:50.454 10 INFO neutron.db.ovn_revision_numbers_db [None req-e5d735e9-15cd-448b-9018-7c56829aea22 baef6177ba6b47a4bc0d590c5b281e81 f7130fc5f1b34b508094540ca351522e - - default default] Successfully bumped revision number for resource e5f178cf-2835-4456-ae5c-84899972c0a9 (type: networks) to 1
2026-05-25 01:50:50.511 10 INFO neutron.wsgi [req-6894ff78-f6b1-44ff-9128-8ed783e40323 req-60a33298-5724-4f58-9677-af8a5858484d 123405b07cf64ce797cee66d17ac6677 36007f1606ed4b0da75cff425588c15b - - b3b727d714aa4b2f9d091a30fb27d997 b3b727d714aa4b2f9d091a30fb27d997] 199.204.45.246 "GET /v2.0/networks/6e68b02c-f570-4fd9-b740-58cc3992fa9f?fields=provider%3Aphysical_network&fields=provider%3Anetwork_type HTTP/1.1" status: 200 len: 277 time: 0.0954869
2026-05-25 01:50:50.556 9 WARNING neutron.scheduler.dhcp_agent_scheduler [None req-668f0344-24d0-4db4-89b0-8c13cac8442c da9fbd4145ce4615b959343abeee0aef e3a083d4430e4d0ab7e7cc75d185373e - - default default] No more DHCP agents
2026-05-25 01:50:50.569 9 WARNING neutron.api.rpc.agentnotifiers.dhcp_rpc_agent_api [None req-668f0344-24d0-4db4-89b0-8c13cac8442c da9fbd4145ce4615b959343abeee0aef e3a083d4430e4d0ab7e7cc75d185373e - - default default] Unable to schedule network 199ed069-15be-4d19-994c-6014bb575d32: no agents available; will retry on subsequent port and subnet creation events.
2026-05-25 01:50:50.603 10 INFO neutron.wsgi [req-3653dfce-f7f3-4273-a009-d83ace1b4734 req-14a650e8-2492-4af0-84e3-6d3f8b924a33 123405b07cf64ce797cee66d17ac6677 36007f1606ed4b0da75cff425588c15b - - b3b727d714aa4b2f9d091a30fb27d997 b3b727d714aa4b2f9d091a30fb27d997] 199.204.45.246 "GET /v2.0/ports?tenant_id=f7dcb6cbdf5e4266ad6894faed9cd35d&device_id=58a0721c-e803-44b4-a4b4-c748797959c6 HTTP/1.1" status: 200 len: 1407 time: 0.0503097
2026-05-25 01:50:50.613 9 INFO neutron.db.ovn_revision_numbers_db [None req-668f0344-24d0-4db4-89b0-8c13cac8442c da9fbd4145ce4615b959343abeee0aef e3a083d4430e4d0ab7e7cc75d185373e - - default default] Successfully bumped revision number for resource e3ac9baf-4e7f-4ed3-80c5-7a95cc886215 (type: subnets) to 0
2026-05-25 01:50:50.632 9 INFO neutron.wsgi [None req-668f0344-24d0-4db4-89b0-8c13cac8442c da9fbd4145ce4615b959343abeee0aef e3a083d4430e4d0ab7e7cc75d185373e - - default default] 10.0.0.37 "POST /v2.0/subnets HTTP/1.1" status: 201 len: 802 time: 0.3533599
2026-05-25 01:50:50.643 9 WARNING neutron_lib.context [None req-7ba79327-1cee-4f21-a79c-24b0021159d9 da9fbd4145ce4615b959343abeee0aef e3a083d4430e4d0ab7e7cc75d185373e - - default default] Method 'is_advsvc' is deprecated since 2023.2 release (neutron-lib 3.8.0) and will be removed once support for the old RBAC API policies will be removed from Neutron. Please use method 'is_service_role' instead.
2026-05-25 01:50:50.690 10 INFO neutron.wsgi [req-3653dfce-f7f3-4273-a009-d83ace1b4734 req-792d9e53-fe84-4ace-b2be-3384a9161fc2 123405b07cf64ce797cee66d17ac6677 36007f1606ed4b0da75cff425588c15b - - b3b727d714aa4b2f9d091a30fb27d997 b3b727d714aa4b2f9d091a30fb27d997] 199.204.45.246 "GET /v2.0/networks?id=6e68b02c-f570-4fd9-b740-58cc3992fa9f HTTP/1.1" status: 200 len: 981 time: 0.0791247
2026-05-25 01:50:50.735 9 INFO neutron.plugins.ml2.drivers.ovn.mech_driver.mech_driver [None req-2c1de30c-89f1-496d-a407-636249d36f82 - - - - - -] OVN reports status up for port: 59b525c2-6e66-4999-ae87-7024ebe83ba8
2026-05-25 01:50:50.741 10 INFO neutron.wsgi [req-3653dfce-f7f3-4273-a009-d83ace1b4734 req-94a4a12b-4609-400a-9fb0-40235e4f89e8 123405b07cf64ce797cee66d17ac6677 36007f1606ed4b0da75cff425588c15b - - b3b727d714aa4b2f9d091a30fb27d997 b3b727d714aa4b2f9d091a30fb27d997] 199.204.45.246 "GET /v2.0/floatingips?fixed_ip_address=10.100.0.5&port_id=59b525c2-6e66-4999-ae87-7024ebe83ba8 HTTP/1.1" status: 200 len: 217 time: 0.0403841
2026-05-25 01:50:50.768 10 WARNING neutron.scheduler.dhcp_agent_scheduler [None req-e5d735e9-15cd-448b-9018-7c56829aea22 baef6177ba6b47a4bc0d590c5b281e81 f7130fc5f1b34b508094540ca351522e - - default default] No more DHCP agents
2026-05-25 01:50:50.771 10 WARNING neutron.api.rpc.agentnotifiers.dhcp_rpc_agent_api [None req-e5d735e9-15cd-448b-9018-7c56829aea22 baef6177ba6b47a4bc0d590c5b281e81 f7130fc5f1b34b508094540ca351522e - - default default] Unable to schedule network e5f178cf-2835-4456-ae5c-84899972c0a9: no agents available; will retry on subsequent port and subnet creation events.
2026-05-25 01:50:50.789 10 INFO neutron.wsgi [req-3653dfce-f7f3-4273-a009-d83ace1b4734 req-de533484-e171-4ab5-a784-8a2c59b69a9e 123405b07cf64ce797cee66d17ac6677 36007f1606ed4b0da75cff425588c15b - - b3b727d714aa4b2f9d091a30fb27d997 b3b727d714aa4b2f9d091a30fb27d997] 199.204.45.246 "GET /v2.0/subnets?id=83b83ea1-1f6f-498b-93d3-015a9b1925cc HTTP/1.1" status: 200 len: 876 time: 0.0415308
2026-05-25 01:50:50.790 9 INFO neutron.plugins.ml2.plugin [None req-2c1de30c-89f1-496d-a407-636249d36f82 - - - - - -] Attempt 1 to provision port 59b525c2-6e66-4999-ae87-7024ebe83ba8
2026-05-25 01:50:50.833 10 INFO neutron.wsgi [req-3653dfce-f7f3-4273-a009-d83ace1b4734 req-67d023d3-c308-434f-9d02-1237a767e094 123405b07cf64ce797cee66d17ac6677 36007f1606ed4b0da75cff425588c15b - - b3b727d714aa4b2f9d091a30fb27d997 b3b727d714aa4b2f9d091a30fb27d997] 199.204.45.246 "GET /v2.0/ports?network_id=6e68b02c-f570-4fd9-b740-58cc3992fa9f&device_owner=network%3Adhcp HTTP/1.1" status: 200 len: 210 time: 0.0288010
2026-05-25 01:50:50.904 10 INFO neutron.db.ovn_revision_numbers_db [None req-e5d735e9-15cd-448b-9018-7c56829aea22 baef6177ba6b47a4bc0d590c5b281e81 f7130fc5f1b34b508094540ca351522e - - default default] Successfully bumped revision number for resource 4b2d1975-4dfa-4c21-8cbf-af901e649abc (type: ports) to 1
2026-05-25 01:50:50.928 10 INFO neutron.wsgi [req-3653dfce-f7f3-4273-a009-d83ace1b4734 req-275a0b42-e601-4284-b9e1-464e8c027aec 123405b07cf64ce797cee66d17ac6677 36007f1606ed4b0da75cff425588c15b - - b3b727d714aa4b2f9d091a30fb27d997 b3b727d714aa4b2f9d091a30fb27d997] 199.204.45.246 "GET /v2.0/networks/6e68b02c-f570-4fd9-b740-58cc3992fa9f?fields=segments HTTP/1.1" status: 200 len: 212 time: 0.0871310
2026-05-25 01:50:50.930 10 INFO neutron.wsgi [None req-e5d735e9-15cd-448b-9018-7c56829aea22 baef6177ba6b47a4bc0d590c5b281e81 f7130fc5f1b34b508094540ca351522e - - default default] 10.0.0.37 "POST /v2.0/networks HTTP/1.1" status: 201 len: 945 time: 1.1531832
2026-05-25 01:50:51.023 10 INFO neutron.wsgi [req-3653dfce-f7f3-4273-a009-d83ace1b4734 req-92098885-a0a9-42f9-8457-365bb11c753f 123405b07cf64ce797cee66d17ac6677 36007f1606ed4b0da75cff425588c15b - - b3b727d714aa4b2f9d091a30fb27d997 b3b727d714aa4b2f9d091a30fb27d997] 199.204.45.246 "GET /v2.0/networks/6e68b02c-f570-4fd9-b740-58cc3992fa9f?fields=provider%3Aphysical_network&fields=provider%3Anetwork_type HTTP/1.1" status: 200 len: 277 time: 0.0894105
2026-05-25 01:50:51.131 10 WARNING neutron.scheduler.dhcp_agent_scheduler [None req-998be0ab-b295-4f2f-a537-b6f6a25289fe baef6177ba6b47a4bc0d590c5b281e81 f7130fc5f1b34b508094540ca351522e - - default default] No more DHCP agents
2026-05-25 01:50:51.133 10 WARNING neutron.api.rpc.agentnotifiers.dhcp_rpc_agent_api [None req-998be0ab-b295-4f2f-a537-b6f6a25289fe baef6177ba6b47a4bc0d590c5b281e81 f7130fc5f1b34b508094540ca351522e - - default default] Unable to schedule network e5f178cf-2835-4456-ae5c-84899972c0a9: no agents available; will retry on subsequent port and subnet creation events.
2026-05-25 01:50:51.139 9 INFO neutron.wsgi [req-d754c820-fc19-4582-ac79-fc17b6cad389 req-b8f7b193-a6eb-4256-9359-2797f0d31a67 ea5bb7d9f9a14274a70572fb95d16a48 f7dcb6cbdf5e4266ad6894faed9cd35d - - default default] 10.0.0.179 "GET /v2.0/ports?device_id=58a0721c-e803-44b4-a4b4-c748797959c6 HTTP/1.1" status: 200 len: 1168 time: 0.3137300
2026-05-25 01:50:51.204 9 INFO neutron.notifiers.nova [-] Nova event matching ['req-51e42dc7-524a-413e-a478-ce89515faf8b'] response: {'server_uuid': '58a0721c-e803-44b4-a4b4-c748797959c6', 'name': 'network-vif-plugged', 'status': 'completed', 'tag': '59b525c2-6e66-4999-ae87-7024ebe83ba8', 'code': 200}
2026-05-25 01:50:51.267 9 INFO neutron.wsgi [req-d754c820-fc19-4582-ac79-fc17b6cad389 req-883010f6-3394-49ee-a18b-8e5360428623 ea5bb7d9f9a14274a70572fb95d16a48 f7dcb6cbdf5e4266ad6894faed9cd35d - - default default] 10.0.0.179 "GET /v2.0/security-groups?id=3f431584-bfc6-4f81-9ae1-f4f38401e715&fields=id&fields=name HTTP/1.1" status: 200 len: 313 time: 0.1174920
2026-05-25 01:50:51.414 10 INFO neutron.wsgi [req-cb3c1598-7a7c-47b9-939b-e98869f4287b req-4c52723b-4e1f-450f-98fb-4e73c27a2783 d40a0f36b4da48e2a971c91d95c63d21 6f59dd0ab018451db59f29492ecb3d63 - - default default] 10.0.0.179 "GET /v2.0/ports?device_id=c2aef1a0-3a11-44dc-ae2a-98f53646f13f HTTP/1.1" status: 200 len: 1170 time: 0.1067960
2026-05-25 01:50:51.449 9 INFO neutron.db.ovn_revision_numbers_db [None req-2c1de30c-89f1-496d-a407-636249d36f82 - - - - - -] Successfully bumped revision number for resource 59b525c2-6e66-4999-ae87-7024ebe83ba8 (type: ports) to 4
2026-05-25 01:50:51.462 10 INFO neutron.wsgi [req-cb3c1598-7a7c-47b9-939b-e98869f4287b req-8773785f-9caf-4534-8345-8a70be4def54 d40a0f36b4da48e2a971c91d95c63d21 6f59dd0ab018451db59f29492ecb3d63 - - default default] 10.0.0.179 "GET /v2.0/security-groups?id=37458460-3e6b-40ac-acb4-339772cdf3a3&fields=id&fields=name HTTP/1.1" status: 200 len: 286 time: 0.0427806
2026-05-25 01:50:51.490 9 WARNING neutron.scheduler.dhcp_agent_scheduler [None req-7ba79327-1cee-4f21-a79c-24b0021159d9 da9fbd4145ce4615b959343abeee0aef e3a083d4430e4d0ab7e7cc75d185373e - - default default] No more DHCP agents
2026-05-25 01:50:51.495 9 WARNING neutron.api.rpc.agentnotifiers.dhcp_rpc_agent_api [None req-7ba79327-1cee-4f21-a79c-24b0021159d9 da9fbd4145ce4615b959343abeee0aef e3a083d4430e4d0ab7e7cc75d185373e - - default default] Unable to schedule network cde983e0-b7ea-4655-9953-6605f5ece5ea: no agents available; will retry on subsequent port and subnet creation events.
2026-05-25 01:50:51.678 9 INFO neutron.db.ovn_revision_numbers_db [None req-7ba79327-1cee-4f21-a79c-24b0021159d9 da9fbd4145ce4615b959343abeee0aef e3a083d4430e4d0ab7e7cc75d185373e - - default default] Successfully bumped revision number for resource bd08a62f-4278-44dd-a419-ea5d55351d55 (type: ports) to 1
2026-05-25 01:50:51.742 10 INFO neutron.db.ovn_revision_numbers_db [None req-998be0ab-b295-4f2f-a537-b6f6a25289fe baef6177ba6b47a4bc0d590c5b281e81 f7130fc5f1b34b508094540ca351522e - - default default] Successfully bumped revision number for resource 4b2d1975-4dfa-4c21-8cbf-af901e649abc (type: ports) to 2
2026-05-25 01:50:51.806 10 INFO neutron.db.ovn_revision_numbers_db [None req-998be0ab-b295-4f2f-a537-b6f6a25289fe baef6177ba6b47a4bc0d590c5b281e81 f7130fc5f1b34b508094540ca351522e - - default default] Successfully bumped revision number for resource 720e92ad-7064-4d6b-b48c-b66bb70772b0 (type: subnets) to 0 /var/lib/openstack/lib/python3.10/site-packages/pycadf/identifier.py:71: UserWarning: Invalid uuid: neutron. To ensure interoperability, identifiers should be a valid uuid. warnings.warn(('Invalid uuid: %s. To ensure interoperability, '
2026-05-25 01:50:51.821 10 INFO neutron.wsgi [None req-998be0ab-b295-4f2f-a537-b6f6a25289fe baef6177ba6b47a4bc0d590c5b281e81 f7130fc5f1b34b508094540ca351522e - - default default] 10.0.0.37 "POST /v2.0/subnets HTTP/1.1" status: 201 len: 866 time: 0.8854940
2026-05-25 01:50:51.861 9 INFO neutron.wsgi [req-132e58e7-4555-4aa5-8e8e-85f3fe32916d req-819fc8c0-09ae-4106-b139-cc2ad8bbd5ba d40a0f36b4da48e2a971c91d95c63d21 6f59dd0ab018451db59f29492ecb3d63 - - default default] 10.0.0.179 "GET /v2.0/ports?device_id=c2aef1a0-3a11-44dc-ae2a-98f53646f13f HTTP/1.1" status: 200 len: 1170 time: 0.0608237
2026-05-25 01:50:51.882 10 INFO neutron.plugins.ml2.drivers.ovn.mech_driver.mech_driver [None req-e00c0a37-db8e-498e-82d3-58664569f0f0 - - - - - -] OVN reports status down for port: 7bccf59d-7c7d-47cf-94d0-972832671342
2026-05-25 01:50:51.942 9 INFO neutron.wsgi [req-132e58e7-4555-4aa5-8e8e-85f3fe32916d req-3bb62656-41c3-46db-8da7-af0479ec373b d40a0f36b4da48e2a971c91d95c63d21 6f59dd0ab018451db59f29492ecb3d63 - - default default] 10.0.0.179 "GET /v2.0/security-groups?id=37458460-3e6b-40ac-acb4-339772cdf3a3&fields=id&fields=name HTTP/1.1" status: 200 len: 286 time: 0.0721858
2026-05-25 01:50:52.257 10 INFO neutron.wsgi [req-6018c6d7-dc0d-4a2a-8eea-c4208a5523da req-eb52f2fe-f7d6-442b-8314-44d3930838c5 d40a0f36b4da48e2a971c91d95c63d21 6f59dd0ab018451db59f29492ecb3d63 - - default default] 199.204.45.246 "GET /v2.0/ports?device_id=c2aef1a0-3a11-44dc-ae2a-98f53646f13f HTTP/1.1" status: 200 len: 1168 time: 0.0669193
2026-05-25 01:50:52.332 10 INFO neutron.notifiers.nova [-] Nova event matching ['req-8bb85844-7fd2-4d5a-9f0f-2ec7c8c65313'] response: {'server_uuid': 'c2aef1a0-3a11-44dc-ae2a-98f53646f13f', 'name': 'network-vif-unplugged', 'status': 'completed', 'tag': '7bccf59d-7c7d-47cf-94d0-972832671342', 'code': 200}
2026-05-25 01:50:52.417 9 INFO neutron.wsgi [req-4e0c051f-b48a-4b69-9367-1408577d9224 req-76c7ad8d-7af2-4f6c-886a-95cacd0beb4f ea5bb7d9f9a14274a70572fb95d16a48 f7dcb6cbdf5e4266ad6894faed9cd35d - - default default] 10.0.0.179 "GET /v2.0/ports?device_id=58a0721c-e803-44b4-a4b4-c748797959c6 HTTP/1.1" status: 200 len: 1170 time: 0.0600417
2026-05-25 01:50:52.474 9 INFO neutron.wsgi [req-4e0c051f-b48a-4b69-9367-1408577d9224 req-7b60d9b9-02ae-49b5-b912-49fd31f79618 ea5bb7d9f9a14274a70572fb95d16a48 f7dcb6cbdf5e4266ad6894faed9cd35d - - default default] 10.0.0.179 "GET /v2.0/security-groups?id=3f431584-bfc6-4f81-9ae1-f4f38401e715&fields=id&fields=name HTTP/1.1" status: 200 len: 313 time: 0.0415728
2026-05-25 01:50:52.482 9 INFO neutron.plugins.ml2.drivers.ovn.mech_driver.mech_driver [None req-2c1de30c-89f1-496d-a407-636249d36f82 - - - - - -] OVN reports status up for port: bd08a62f-4278-44dd-a419-ea5d55351d55
2026-05-25 01:50:52.502 9 INFO neutron.plugins.ml2.plugin [None req-2c1de30c-89f1-496d-a407-636249d36f82 - - - - - -] Attempt 1 to provision port bd08a62f-4278-44dd-a419-ea5d55351d55
2026-05-25 01:50:52.557 9 INFO neutron.db.ovn_revision_numbers_db [None req-7ba79327-1cee-4f21-a79c-24b0021159d9 da9fbd4145ce4615b959343abeee0aef e3a083d4430e4d0ab7e7cc75d185373e - - default default] Successfully bumped revision number for resource bd08a62f-4278-44dd-a419-ea5d55351d55 (type: router_ports) to 1
2026-05-25 01:50:52.656 9 INFO neutron.db.ovn_revision_numbers_db [None req-7ba79327-1cee-4f21-a79c-24b0021159d9 da9fbd4145ce4615b959343abeee0aef e3a083d4430e4d0ab7e7cc75d185373e - - default default] Successfully bumped revision number for resource 71fc63bf-b690-4f5f-b006-3589b01641aa (type: routers) to 2
2026-05-25 01:50:52.676 9 INFO neutron.wsgi [None req-7ba79327-1cee-4f21-a79c-24b0021159d9 da9fbd4145ce4615b959343abeee0aef e3a083d4430e4d0ab7e7cc75d185373e - - default default] 10.0.0.37 "POST /v2.0/routers HTTP/1.1" status: 201 len: 874 time: 2.0392594
2026-05-25 01:50:52.694 10 INFO neutron.db.ovn_revision_numbers_db [None req-e00c0a37-db8e-498e-82d3-58664569f0f0 - - - - - -] Successfully bumped revision number for resource 7bccf59d-7c7d-47cf-94d0-972832671342 (type: ports) to 5
2026-05-25 01:50:52.804 10 INFO neutron.wsgi [req-ac6ea802-218c-42dd-959b-671d936836f8 req-dca4d0c6-cbb9-4083-b5b3-e81ad7cc6c82 ea5bb7d9f9a14274a70572fb95d16a48 f7dcb6cbdf5e4266ad6894faed9cd35d - - default default] 10.0.0.179 "GET /v2.0/ports?device_id=58a0721c-e803-44b4-a4b4-c748797959c6 HTTP/1.1" status: 200 len: 1170 time: 0.1823282 /var/lib/openstack/lib/python3.10/site-packages/pycadf/identifier.py:71: UserWarning: Invalid uuid: neutron. To ensure interoperability, identifiers should be a valid uuid. warnings.warn(('Invalid uuid: %s. To ensure interoperability, '
2026-05-25 01:50:52.861 10 WARNING neutron.scheduler.dhcp_agent_scheduler [None req-b5a03d3e-b357-420a-992e-5d349f94f946 baef6177ba6b47a4bc0d590c5b281e81 f7130fc5f1b34b508094540ca351522e - - default default] No more DHCP agents
2026-05-25 01:50:52.867 10 WARNING neutron.api.rpc.agentnotifiers.dhcp_rpc_agent_api [None req-b5a03d3e-b357-420a-992e-5d349f94f946 baef6177ba6b47a4bc0d590c5b281e81 f7130fc5f1b34b508094540ca351522e - - default default] Unable to schedule network cde983e0-b7ea-4655-9953-6605f5ece5ea: no agents available; will retry on subsequent port and subnet creation events.
2026-05-25 01:50:53.059 9 INFO neutron.wsgi [req-53f13df3-0058-4883-bd98-9c4fd6655a00 req-ab0f41c3-5bed-4609-b797-e6437356d79c d40a0f36b4da48e2a971c91d95c63d21 6f59dd0ab018451db59f29492ecb3d63 - - default default] 10.0.0.179 "GET /v2.0/ports?device_id=c2aef1a0-3a11-44dc-ae2a-98f53646f13f HTTP/1.1" status: 200 len: 1168 time: 0.0453348
2026-05-25 01:50:53.129 9 INFO neutron.wsgi [req-53f13df3-0058-4883-bd98-9c4fd6655a00 req-b35e3bd6-9bd2-402b-9546-fb8709318e8f d40a0f36b4da48e2a971c91d95c63d21 6f59dd0ab018451db59f29492ecb3d63 - - default default] 10.0.0.179 "GET /v2.0/security-groups?id=37458460-3e6b-40ac-acb4-339772cdf3a3&fields=id&fields=name HTTP/1.1" status: 200 len: 286 time: 0.0623505
2026-05-25 01:50:53.164 10 INFO neutron.wsgi [req-6018c6d7-dc0d-4a2a-8eea-c4208a5523da req-300879af-2f08-43cc-9f7b-b99fedd19809 d40a0f36b4da48e2a971c91d95c63d21 6f59dd0ab018451db59f29492ecb3d63 - - default default] 199.204.45.246 "DELETE /v2.0/ports/7bccf59d-7c7d-47cf-94d0-972832671342 HTTP/1.1" status: 204 len: 173 time: 0.8974826
2026-05-25 01:50:53.187 10 INFO neutron.db.ovn_revision_numbers_db [None req-b5a03d3e-b357-420a-992e-5d349f94f946 baef6177ba6b47a4bc0d590c5b281e81 f7130fc5f1b34b508094540ca351522e - - default default] Successfully bumped revision number for resource 78e1aa37-77e1-4257-8118-d9ac810aa32f (type: ports) to 1
2026-05-25 01:50:53.209 10 INFO neutron.db.l3_db [None req-c1d1cae5-5724-4178-a9f1-29056aeed61d ea5bb7d9f9a14274a70572fb95d16a48 f7dcb6cbdf5e4266ad6894faed9cd35d - - default default] Floating IP 2da44e54-3d8e-4c56-b8bc-0c7465b61102 associated. External IP: 10.96.250.207, port: 59b525c2-6e66-4999-ae87-7024ebe83ba8.
2026-05-25 01:50:53.252 9 INFO neutron.notifiers.nova [-] Nova event matching ['req-9a10b9e4-37a0-4033-ba71-0099bb0d1e58'] response: {'server_uuid': '58a0721c-e803-44b4-a4b4-c748797959c6', 'name': 'network-vif-plugged', 'status': 'completed', 'tag': '59b525c2-6e66-4999-ae87-7024ebe83ba8', 'code': 200}
2026-05-25 01:50:53.468 9 WARNING neutron.scheduler.dhcp_agent_scheduler [None req-a8d6cb90-219b-4c76-a32e-c7ab949d0b08 da9fbd4145ce4615b959343abeee0aef e3a083d4430e4d0ab7e7cc75d185373e - - default default] No more DHCP agents
2026-05-25 01:50:53.470 9 WARNING neutron.api.rpc.agentnotifiers.dhcp_rpc_agent_api [None req-a8d6cb90-219b-4c76-a32e-c7ab949d0b08 da9fbd4145ce4615b959343abeee0aef e3a083d4430e4d0ab7e7cc75d185373e - - default default] Unable to schedule network 199ed069-15be-4d19-994c-6014bb575d32: no agents available; will retry on subsequent port and subnet creation events.
2026-05-25 01:50:53.501 10 INFO neutron.db.ovn_revision_numbers_db [None req-c1d1cae5-5724-4178-a9f1-29056aeed61d ea5bb7d9f9a14274a70572fb95d16a48 f7dcb6cbdf5e4266ad6894faed9cd35d - - default default] Successfully bumped revision number for resource 2da44e54-3d8e-4c56-b8bc-0c7465b61102 (type: floatingips) to 1
2026-05-25 01:50:53.652 9 INFO neutron.db.ovn_revision_numbers_db [None req-a8d6cb90-219b-4c76-a32e-c7ab949d0b08 da9fbd4145ce4615b959343abeee0aef e3a083d4430e4d0ab7e7cc75d185373e - - default default] Successfully bumped revision number for resource a1121dd9-9707-4e96-ae96-3432998f82dc (type: ports) to 1
2026-05-25 01:50:53.666 10 INFO neutron.db.ovn_revision_numbers_db [None req-c1d1cae5-5724-4178-a9f1-29056aeed61d ea5bb7d9f9a14274a70572fb95d16a48 f7dcb6cbdf5e4266ad6894faed9cd35d - - default default] Successfully bumped revision number for resource 2da44e54-3d8e-4c56-b8bc-0c7465b61102 (type: floatingips) to 2
2026-05-25 01:50:53.702 10 INFO neutron.wsgi [None req-c1d1cae5-5724-4178-a9f1-29056aeed61d ea5bb7d9f9a14274a70572fb95d16a48 f7dcb6cbdf5e4266ad6894faed9cd35d - - default default] 10.0.0.37 "PUT /v2.0/floatingips/2da44e54-3d8e-4c56-b8bc-0c7465b61102 HTTP/1.1" status: 200 len: 1049 time: 0.8789005
2026-05-25 01:50:53.791 9 INFO neutron.wsgi [req-b258c8fd-5424-4985-8bce-4c7573d8163b req-520e7abf-7c4e-4967-aa95-c11868750227 ea5bb7d9f9a14274a70572fb95d16a48 f7dcb6cbdf5e4266ad6894faed9cd35d - - default default] 10.0.0.179 "GET /v2.0/ports?device_id=58a0721c-e803-44b4-a4b4-c748797959c6 HTTP/1.1" status: 200 len: 1170 time: 0.0391850
2026-05-25 01:50:53.842 9 INFO neutron.wsgi [req-b258c8fd-5424-4985-8bce-4c7573d8163b req-6519bfcd-331f-4368-a7f2-d756fe87108e ea5bb7d9f9a14274a70572fb95d16a48 f7dcb6cbdf5e4266ad6894faed9cd35d - - default default] 10.0.0.179 "GET /v2.0/security-groups?id=3f431584-bfc6-4f81-9ae1-f4f38401e715&fields=id&fields=name HTTP/1.1" status: 200 len: 313 time: 0.0434542
2026-05-25 01:50:54.090 9 INFO neutron.plugins.ml2.drivers.ovn.mech_driver.ovsdb.ovsdb_monitor [None req-92d79873-812d-442b-ad11-8634e7e0c7af - - - - - -] Router 49e9d82d-8f5c-4fda-8f57-f9c0b454b238 is bound to host instance
2026-05-25 01:50:54.109 10 INFO neutron.db.ovn_revision_numbers_db [None req-b5a03d3e-b357-420a-992e-5d349f94f946 baef6177ba6b47a4bc0d590c5b281e81 f7130fc5f1b34b508094540ca351522e - - default default] Successfully bumped revision number for resource 78e1aa37-77e1-4257-8118-d9ac810aa32f (type: router_ports) to 1
2026-05-25 01:50:54.170 10 INFO neutron.plugins.ml2.drivers.ovn.mech_driver.mech_driver [None req-e00c0a37-db8e-498e-82d3-58664569f0f0 - - - - - -] OVN reports status up for port: a1121dd9-9707-4e96-ae96-3432998f82dc
2026-05-25 01:50:54.183 10 INFO neutron.plugins.ml2.plugin [None req-e00c0a37-db8e-498e-82d3-58664569f0f0 - - - - - -] Attempt 1 to provision port a1121dd9-9707-4e96-ae96-3432998f82dc
2026-05-25 01:50:54.193 10 INFO neutron.db.ovn_revision_numbers_db [None req-b5a03d3e-b357-420a-992e-5d349f94f946 baef6177ba6b47a4bc0d590c5b281e81 f7130fc5f1b34b508094540ca351522e - - default default] Successfully bumped revision number for resource 49e9d82d-8f5c-4fda-8f57-f9c0b454b238 (type: routers) to 2
2026-05-25 01:50:54.207 10 INFO neutron.wsgi [None req-b5a03d3e-b357-420a-992e-5d349f94f946 baef6177ba6b47a4bc0d590c5b281e81 f7130fc5f1b34b508094540ca351522e - - default default] 10.0.0.37 "POST /v2.0/routers HTTP/1.1" status: 201 len: 877 time: 2.3819087
2026-05-25 01:50:54.211 9 INFO neutron.db.ovn_revision_numbers_db [None req-a8d6cb90-219b-4c76-a32e-c7ab949d0b08 da9fbd4145ce4615b959343abeee0aef e3a083d4430e4d0ab7e7cc75d185373e - - default default] Successfully bumped revision number for resource a1121dd9-9707-4e96-ae96-3432998f82dc (type: router_ports) to 1
2026-05-25 01:50:54.376 10 INFO neutron.notifiers.nova [-] Nova event matching ['req-6286b5b6-6d1b-4cbc-9afd-b1dea015d6b4'] response: {'server_uuid': 'c2aef1a0-3a11-44dc-ae2a-98f53646f13f', 'name': 'network-vif-plugged', 'status': 'completed', 'tag': '7bccf59d-7c7d-47cf-94d0-972832671342', 'code': 200}
2026-05-25 01:50:54.376 10 INFO neutron.notifiers.nova [-] Nova event matching ['req-6286b5b6-6d1b-4cbc-9afd-b1dea015d6b4'] response: {'server_uuid': 'c2aef1a0-3a11-44dc-ae2a-98f53646f13f', 'name': 'network-vif-deleted', 'tag': '7bccf59d-7c7d-47cf-94d0-972832671342', 'status': 'completed', 'code': 200}
2026-05-25 01:50:54.376 10 INFO neutron.notifiers.nova [-] Nova event matching ['req-6286b5b6-6d1b-4cbc-9afd-b1dea015d6b4'] response: {'name': 'network-changed', 'server_uuid': '58a0721c-e803-44b4-a4b4-c748797959c6', 'tag': '59b525c2-6e66-4999-ae87-7024ebe83ba8', 'status': 'completed', 'code': 200}
2026-05-25 01:50:54.417 9 INFO neutron.db.ovn_revision_numbers_db [None req-a8d6cb90-219b-4c76-a32e-c7ab949d0b08 da9fbd4145ce4615b959343abeee0aef e3a083d4430e4d0ab7e7cc75d185373e - - default default] Successfully bumped revision number for resource a1121dd9-9707-4e96-ae96-3432998f82dc (type: ports) to 1
2026-05-25 01:50:54.460 10 INFO neutron.wsgi [req-7e12cf9c-0b24-4eb1-825c-b645c82a8df1 req-9395d9ff-b90e-4e80-9a41-570fe631d768 123405b07cf64ce797cee66d17ac6677 36007f1606ed4b0da75cff425588c15b - - b3b727d714aa4b2f9d091a30fb27d997 b3b727d714aa4b2f9d091a30fb27d997] 199.204.45.246 "GET /v2.0/ports?tenant_id=f7dcb6cbdf5e4266ad6894faed9cd35d&device_id=58a0721c-e803-44b4-a4b4-c748797959c6 HTTP/1.1" status: 200 len: 1409 time: 0.0598509
2026-05-25 01:50:54.524 9 WARNING neutron.scheduler.dhcp_agent_scheduler [None req-a8d6cb90-219b-4c76-a32e-c7ab949d0b08 da9fbd4145ce4615b959343abeee0aef e3a083d4430e4d0ab7e7cc75d185373e - - default default] No more DHCP agents
2026-05-25 01:50:54.526 9 WARNING neutron.api.rpc.agentnotifiers.dhcp_rpc_agent_api [None req-a8d6cb90-219b-4c76-a32e-c7ab949d0b08 da9fbd4145ce4615b959343abeee0aef e3a083d4430e4d0ab7e7cc75d185373e - - default default] Unable to schedule network 199ed069-15be-4d19-994c-6014bb575d32: no agents available; will retry on subsequent port and subnet creation events.
2026-05-25 01:50:54.600 10 INFO neutron.wsgi [req-7e12cf9c-0b24-4eb1-825c-b645c82a8df1 req-e3ad14e8-710e-4b56-b4d7-a76ac82d9781 123405b07cf64ce797cee66d17ac6677 36007f1606ed4b0da75cff425588c15b - - b3b727d714aa4b2f9d091a30fb27d997 b3b727d714aa4b2f9d091a30fb27d997] 199.204.45.246 "GET /v2.0/networks?id=6e68b02c-f570-4fd9-b740-58cc3992fa9f HTTP/1.1" status: 200 len: 981 time: 0.1354463
2026-05-25 01:50:54.688 10 INFO neutron.wsgi [req-7e12cf9c-0b24-4eb1-825c-b645c82a8df1 req-1ff60165-6e94-4453-aef4-fa2ff600cdc1 123405b07cf64ce797cee66d17ac6677 36007f1606ed4b0da75cff425588c15b - - b3b727d714aa4b2f9d091a30fb27d997 b3b727d714aa4b2f9d091a30fb27d997] 199.204.45.246 "GET /v2.0/floatingips?fixed_ip_address=10.100.0.5&port_id=59b525c2-6e66-4999-ae87-7024ebe83ba8 HTTP/1.1" status: 200 len: 1059 time: 0.0827768
2026-05-25 01:50:54.721 9 INFO neutron.db.ovn_revision_numbers_db [None req-92d79873-812d-442b-ad11-8634e7e0c7af - - - - - -] Successfully bumped revision number for resource 78e1aa37-77e1-4257-8118-d9ac810aa32f (type: ports) to 1
2026-05-25 01:50:54.788 10 INFO neutron.wsgi [req-7e12cf9c-0b24-4eb1-825c-b645c82a8df1 req-daacef96-aac6-4090-ae07-b2fe60afe7a1 123405b07cf64ce797cee66d17ac6677 36007f1606ed4b0da75cff425588c15b - - b3b727d714aa4b2f9d091a30fb27d997 b3b727d714aa4b2f9d091a30fb27d997] 199.204.45.246 "GET /v2.0/subnets?id=83b83ea1-1f6f-498b-93d3-015a9b1925cc HTTP/1.1" status: 200 len: 876 time: 0.0894873
2026-05-25 01:50:54.838 10 INFO neutron.db.ovn_revision_numbers_db [None req-e00c0a37-db8e-498e-82d3-58664569f0f0 - - - - - -] Successfully bumped revision number for resource a1121dd9-9707-4e96-ae96-3432998f82dc (type: ports) to 2
2026-05-25 01:50:54.845 10 INFO neutron.wsgi [req-7e12cf9c-0b24-4eb1-825c-b645c82a8df1 req-b7eb7a74-3449-484d-900a-39ef1416015f 123405b07cf64ce797cee66d17ac6677 36007f1606ed4b0da75cff425588c15b - - b3b727d714aa4b2f9d091a30fb27d997 b3b727d714aa4b2f9d091a30fb27d997] 199.204.45.246 "GET /v2.0/ports?network_id=6e68b02c-f570-4fd9-b740-58cc3992fa9f&device_owner=network%3Adhcp HTTP/1.1" status: 200 len: 210 time: 0.0450099
2026-05-25 01:50:55.026 9 INFO neutron.db.ovn_revision_numbers_db [None req-a8d6cb90-219b-4c76-a32e-c7ab949d0b08 da9fbd4145ce4615b959343abeee0aef e3a083d4430e4d0ab7e7cc75d185373e - - default default] Successfully bumped revision number for resource a1121dd9-9707-4e96-ae96-3432998f82dc (type: router_ports) to 2
2026-05-25 01:50:55.027 10 INFO neutron.wsgi [req-7e12cf9c-0b24-4eb1-825c-b645c82a8df1 req-25ab80da-7267-4fe1-a470-2ea70d72461d 123405b07cf64ce797cee66d17ac6677 36007f1606ed4b0da75cff425588c15b - - b3b727d714aa4b2f9d091a30fb27d997 b3b727d714aa4b2f9d091a30fb27d997] 199.204.45.246 "GET /v2.0/networks/6e68b02c-f570-4fd9-b740-58cc3992fa9f?fields=segments HTTP/1.1" status: 200 len: 212 time: 0.1713085
2026-05-25 01:50:55.028 9 INFO neutron.wsgi [None req-a8d6cb90-219b-4c76-a32e-c7ab949d0b08 da9fbd4145ce4615b959343abeee0aef e3a083d4430e4d0ab7e7cc75d185373e - - default default] 10.0.0.37 "PUT /v2.0/routers/71fc63bf-b690-4f5f-b006-3589b01641aa/add_router_interface HTTP/1.1" status: 200 len: 503 time: 2.3474820
2026-05-25 01:50:55.041 9 WARNING neutron_lib.context [None req-4ca902df-e0fe-460d-bcb6-50a109012bf1 da9fbd4145ce4615b959343abeee0aef e3a083d4430e4d0ab7e7cc75d185373e - - default default] Method 'is_advsvc' is deprecated since 2023.2 release (neutron-lib 3.8.0) and will be removed once support for the old RBAC API policies will be removed from Neutron. Please use method 'is_service_role' instead.
2026-05-25 01:50:55.169 10 INFO neutron.wsgi [req-7e12cf9c-0b24-4eb1-825c-b645c82a8df1 req-a563adcb-1e48-4045-a721-530fca74d049 123405b07cf64ce797cee66d17ac6677 36007f1606ed4b0da75cff425588c15b - - b3b727d714aa4b2f9d091a30fb27d997 b3b727d714aa4b2f9d091a30fb27d997] 199.204.45.246 "GET /v2.0/networks/6e68b02c-f570-4fd9-b740-58cc3992fa9f?fields=provider%3Aphysical_network&fields=provider%3Anetwork_type HTTP/1.1" status: 200 len: 277 time: 0.1342950
2026-05-25 01:50:55.177 10 WARNING neutron.scheduler.dhcp_agent_scheduler [None req-47bd5fbd-01ff-4c78-a71b-f0eb0ba31481 baef6177ba6b47a4bc0d590c5b281e81 f7130fc5f1b34b508094540ca351522e - - default default] No more DHCP agents
2026-05-25 01:50:55.180 10 WARNING neutron.api.rpc.agentnotifiers.dhcp_rpc_agent_api [None req-47bd5fbd-01ff-4c78-a71b-f0eb0ba31481 baef6177ba6b47a4bc0d590c5b281e81 f7130fc5f1b34b508094540ca351522e - - default default] Unable to schedule network e5f178cf-2835-4456-ae5c-84899972c0a9: no agents available; will retry on subsequent port and subnet creation events.
2026-05-25 01:50:55.188 9 INFO neutron.db.ovn_revision_numbers_db [None req-92d79873-812d-442b-ad11-8634e7e0c7af - - - - - -] Successfully bumped revision number for resource 78e1aa37-77e1-4257-8118-d9ac810aa32f (type: router_ports) to 3
2026-05-25 01:50:55.396 9 INFO neutron.db.ovn_revision_numbers_db [None req-92d79873-812d-442b-ad11-8634e7e0c7af - - - - - -] Successfully bumped revision number for resource 78e1aa37-77e1-4257-8118-d9ac810aa32f (type: ports) to 2
2026-05-25 01:50:55.485 9 WARNING neutron.scheduler.dhcp_agent_scheduler [None req-4ca902df-e0fe-460d-bcb6-50a109012bf1 da9fbd4145ce4615b959343abeee0aef e3a083d4430e4d0ab7e7cc75d185373e - - default default] No more DHCP agents
2026-05-25 01:50:55.488 9 WARNING neutron.api.rpc.agentnotifiers.dhcp_rpc_agent_api [None req-4ca902df-e0fe-460d-bcb6-50a109012bf1 da9fbd4145ce4615b959343abeee0aef e3a083d4430e4d0ab7e7cc75d185373e - - default default] Unable to schedule network 199ed069-15be-4d19-994c-6014bb575d32: no agents available; will retry on subsequent port and subnet creation events.
2026-05-25 01:50:55.572 10 INFO neutron.db.ovn_revision_numbers_db [None req-47bd5fbd-01ff-4c78-a71b-f0eb0ba31481 baef6177ba6b47a4bc0d590c5b281e81 f7130fc5f1b34b508094540ca351522e - - default default] Successfully bumped revision number for resource 423608f6-36a0-4a0a-a4e1-baf6ef10c3f2 (type: ports) to 1
2026-05-25 01:50:55.710 9 INFO neutron.db.ovn_revision_numbers_db [None req-4ca902df-e0fe-460d-bcb6-50a109012bf1 da9fbd4145ce4615b959343abeee0aef e3a083d4430e4d0ab7e7cc75d185373e - - default default] Successfully bumped revision number for resource 96fbe3c1-811f-4b83-b710-7a84b85b9272 (type: ports) to 1
2026-05-25 01:50:55.753 9 INFO neutron.wsgi [None req-4ca902df-e0fe-460d-bcb6-50a109012bf1 da9fbd4145ce4615b959343abeee0aef e3a083d4430e4d0ab7e7cc75d185373e - - default default] 10.0.0.37 "POST /v2.0/ports HTTP/1.1" status: 201 len: 1158 time: 0.7189457 /var/lib/openstack/lib/python3.10/site-packages/pycadf/identifier.py:71: UserWarning: Invalid uuid: neutron. To ensure interoperability, identifiers should be a valid uuid. warnings.warn(('Invalid uuid: %s. To ensure interoperability, '
2026-05-25 01:50:55.765 9 WARNING neutron_lib.context [None req-9813d2a7-7af9-4e5b-a08f-78d355eb99a4 da9fbd4145ce4615b959343abeee0aef e3a083d4430e4d0ab7e7cc75d185373e - - default default] Method 'is_advsvc' is deprecated since 2023.2 release (neutron-lib 3.8.0) and will be removed once support for the old RBAC API policies will be removed from Neutron. Please use method 'is_service_role' instead.
2026-05-25 01:50:55.790 9 INFO neutron.db.ovn_revision_numbers_db [None req-92d79873-812d-442b-ad11-8634e7e0c7af - - - - - -] Successfully bumped revision number for resource 78e1aa37-77e1-4257-8118-d9ac810aa32f (type: ports) to 4
2026-05-25 01:50:56.047 9 INFO neutron.db.ovn_revision_numbers_db [None req-92d79873-812d-442b-ad11-8634e7e0c7af - - - - - -] Successfully bumped revision number for resource 78e1aa37-77e1-4257-8118-d9ac810aa32f (type: router_ports) to 4
2026-05-25 01:50:56.114 10 INFO neutron.db.ovn_revision_numbers_db [None req-47bd5fbd-01ff-4c78-a71b-f0eb0ba31481 baef6177ba6b47a4bc0d590c5b281e81 f7130fc5f1b34b508094540ca351522e - - default default] Successfully bumped revision number for resource 423608f6-36a0-4a0a-a4e1-baf6ef10c3f2 (type: router_ports) to 1
2026-05-25 01:50:56.176 9 WARNING neutron.scheduler.dhcp_agent_scheduler [None req-9813d2a7-7af9-4e5b-a08f-78d355eb99a4 da9fbd4145ce4615b959343abeee0aef e3a083d4430e4d0ab7e7cc75d185373e - - default default] No more DHCP agents
2026-05-25 01:50:56.178 9 WARNING neutron.api.rpc.agentnotifiers.dhcp_rpc_agent_api [None req-9813d2a7-7af9-4e5b-a08f-78d355eb99a4 da9fbd4145ce4615b959343abeee0aef e3a083d4430e4d0ab7e7cc75d185373e - - default default] Unable to schedule network 199ed069-15be-4d19-994c-6014bb575d32: no agents available; will retry on subsequent port and subnet creation events.
2026-05-25 01:50:56.301 10 INFO neutron.db.ovn_revision_numbers_db [None req-47bd5fbd-01ff-4c78-a71b-f0eb0ba31481 baef6177ba6b47a4bc0d590c5b281e81 f7130fc5f1b34b508094540ca351522e - - default default] Successfully bumped revision number for resource 423608f6-36a0-4a0a-a4e1-baf6ef10c3f2 (type: ports) to 1
2026-05-25 01:50:56.337 9 INFO neutron.db.ovn_revision_numbers_db [None req-9813d2a7-7af9-4e5b-a08f-78d355eb99a4 da9fbd4145ce4615b959343abeee0aef e3a083d4430e4d0ab7e7cc75d185373e - - default default] Successfully bumped revision number for resource 1cffb7ff-ee76-4334-ab7b-c4c507c4e322 (type: ports) to 1
2026-05-25 01:50:56.360 9 INFO neutron.wsgi [None req-9813d2a7-7af9-4e5b-a08f-78d355eb99a4 da9fbd4145ce4615b959343abeee0aef e3a083d4430e4d0ab7e7cc75d185373e - - default default] 10.0.0.37 "POST /v2.0/ports HTTP/1.1" status: 201 len: 1153 time: 0.6014874 /var/lib/openstack/lib/python3.10/site-packages/pycadf/identifier.py:71: UserWarning: Invalid uuid: neutron. To ensure interoperability, identifiers should be a valid uuid. warnings.warn(('Invalid uuid: %s. To ensure interoperability, '
2026-05-25 01:50:56.371 9 WARNING neutron_lib.context [None req-c6e0dbc2-99b2-4c2d-a306-f2a7d17df3d2 da9fbd4145ce4615b959343abeee0aef e3a083d4430e4d0ab7e7cc75d185373e - - default default] Method 'is_advsvc' is deprecated since 2023.2 release (neutron-lib 3.8.0) and will be removed once support for the old RBAC API policies will be removed from Neutron. Please use method 'is_service_role' instead.
2026-05-25 01:50:56.391 10 INFO neutron.wsgi [None req-47d7f2ea-f7a3-4611-accc-55189ab6867d baef6177ba6b47a4bc0d590c5b281e81 f7130fc5f1b34b508094540ca351522e - - default default] 10.0.0.37 "PUT /v2.0/routers/0af6c235-2630-4720-a334-47df02a2f3ca/remove_router_interface HTTP/1.1" status: 200 len: 503 time: 2.1870193
2026-05-25 01:50:56.411 10 WARNING neutron.scheduler.dhcp_agent_scheduler [None req-47bd5fbd-01ff-4c78-a71b-f0eb0ba31481 baef6177ba6b47a4bc0d590c5b281e81 f7130fc5f1b34b508094540ca351522e - - default default] No more DHCP agents
2026-05-25 01:50:56.412 10 WARNING neutron.api.rpc.agentnotifiers.dhcp_rpc_agent_api [None req-47bd5fbd-01ff-4c78-a71b-f0eb0ba31481 baef6177ba6b47a4bc0d590c5b281e81 f7130fc5f1b34b508094540ca351522e - - default default] Unable to schedule network e5f178cf-2835-4456-ae5c-84899972c0a9: no agents available; will retry on subsequent port and subnet creation events.
2026-05-25 01:50:56.743 9 WARNING neutron.scheduler.dhcp_agent_scheduler [None req-c6e0dbc2-99b2-4c2d-a306-f2a7d17df3d2 da9fbd4145ce4615b959343abeee0aef e3a083d4430e4d0ab7e7cc75d185373e - - default default] No more DHCP agents
2026-05-25 01:50:56.746 9 WARNING neutron.api.rpc.agentnotifiers.dhcp_rpc_agent_api [None req-c6e0dbc2-99b2-4c2d-a306-f2a7d17df3d2 da9fbd4145ce4615b959343abeee0aef e3a083d4430e4d0ab7e7cc75d185373e - - default default] Unable to schedule network cde983e0-b7ea-4655-9953-6605f5ece5ea: no agents available; will retry on subsequent port and subnet creation events.
2026-05-25 01:50:57.061 10 INFO neutron.db.ovn_revision_numbers_db [None req-47bd5fbd-01ff-4c78-a71b-f0eb0ba31481 baef6177ba6b47a4bc0d590c5b281e81 f7130fc5f1b34b508094540ca351522e - - default default] Successfully bumped revision number for resource 423608f6-36a0-4a0a-a4e1-baf6ef10c3f2 (type: router_ports) to 1
2026-05-25 01:50:57.064 10 INFO neutron.wsgi [None req-47bd5fbd-01ff-4c78-a71b-f0eb0ba31481 baef6177ba6b47a4bc0d590c5b281e81 f7130fc5f1b34b508094540ca351522e - - default default] 10.0.0.37 "PUT /v2.0/routers/49e9d82d-8f5c-4fda-8f57-f9c0b454b238/add_router_interface HTTP/1.1" status: 200 len: 503 time: 2.8510406
2026-05-25 01:50:57.529 9 INFO neutron.db.l3_db [None req-c6e0dbc2-99b2-4c2d-a306-f2a7d17df3d2 da9fbd4145ce4615b959343abeee0aef e3a083d4430e4d0ab7e7cc75d185373e - - default default] Floating IP d8a03340-fbdf-40b3-8553-17ae6290be9c associated. External IP: 10.96.250.206, port: 1cffb7ff-ee76-4334-ab7b-c4c507c4e322.
2026-05-25 01:50:57.699 9 INFO neutron.wsgi [None req-a16199fb-8805-477c-a1c4-026faef6a548 baef6177ba6b47a4bc0d590c5b281e81 f7130fc5f1b34b508094540ca351522e - - default default] 10.0.0.37 "DELETE /v2.0/routers/0af6c235-2630-4720-a334-47df02a2f3ca HTTP/1.1" status: 204 len: 168 time: 1.3009639 /var/lib/openstack/lib/python3.10/site-packages/pycadf/identifier.py:71: UserWarning: Invalid uuid: neutron. To ensure interoperability, identifiers should be a valid uuid. warnings.warn(('Invalid uuid: %s. To ensure interoperability, '
2026-05-25 01:50:57.721 9 WARNING neutron_lib.context [None req-d571104b-c17b-4332-a146-9ff9487a71c3 2e0efd8bb93144ffbe9e4ae4ea679569 4525822a3d3e4d668fddd479162d0fe5 - - default default] Method 'is_advsvc' is deprecated since 2023.2 release (neutron-lib 3.8.0) and will be removed once support for the old RBAC API policies will be removed from Neutron. Please use method 'is_service_role' instead.
2026-05-25 01:50:57.836 9 INFO neutron.db.ovn_revision_numbers_db [None req-c6e0dbc2-99b2-4c2d-a306-f2a7d17df3d2 da9fbd4145ce4615b959343abeee0aef e3a083d4430e4d0ab7e7cc75d185373e - - default default] Successfully bumped revision number for resource d8a03340-fbdf-40b3-8553-17ae6290be9c (type: floatingips) to 0
2026-05-25 01:50:57.846 10 INFO neutron.wsgi [-] 10.0.0.250 "GET / HTTP/1.1" status: 200 len: 246 time: 0.0016441
2026-05-25 01:50:57.848 10 INFO neutron.wsgi [-] 10.0.0.250 "GET / HTTP/1.1" status: 200 len: 246 time: 0.0010297
2026-05-25 01:50:57.909 9 INFO neutron.db.ovn_revision_numbers_db [None req-d571104b-c17b-4332-a146-9ff9487a71c3 2e0efd8bb93144ffbe9e4ae4ea679569 4525822a3d3e4d668fddd479162d0fe5 - - default default] Successfully bumped revision number for resource 89fa0d13-f1e2-47f9-bfe0-bfc81e01295f (type: security_groups) to 1
2026-05-25 01:50:57.926 9 INFO neutron.db.ovn_revision_numbers_db [None req-d571104b-c17b-4332-a146-9ff9487a71c3 2e0efd8bb93144ffbe9e4ae4ea679569 4525822a3d3e4d668fddd479162d0fe5 - - default default] Successfully bumped revision number for resource 4d928b11-0ad3-4022-88c8-1b9289902b82 (type: security_group_rules) to 0
2026-05-25 01:50:57.941 10 INFO neutron.wsgi [None req-6acc90f5-f5cd-4da2-bc87-2562d9364b13 baef6177ba6b47a4bc0d590c5b281e81 f7130fc5f1b34b508094540ca351522e - - default default] 10.0.0.37 "DELETE /v2.0/subnets/a49be27f-a0f5-420d-b6cd-933c4a3b64c1 HTTP/1.1" status: 204 len: 168 time: 0.2359931
2026-05-25 01:50:57.949 9 INFO neutron.db.ovn_revision_numbers_db [None req-d571104b-c17b-4332-a146-9ff9487a71c3 2e0efd8bb93144ffbe9e4ae4ea679569 4525822a3d3e4d668fddd479162d0fe5 - - default default] Successfully bumped revision number for resource e665e319-e4aa-4804-af66-06e0e239af31 (type: security_group_rules) to 0
2026-05-25 01:50:57.973 9 INFO neutron.wsgi [None req-d571104b-c17b-4332-a146-9ff9487a71c3 2e0efd8bb93144ffbe9e4ae4ea679569 4525822a3d3e4d668fddd479162d0fe5 - - default default] 10.0.0.37 "POST /v2.0/security-groups HTTP/1.1" status: 201 len: 1796 time: 0.2600200
2026-05-25 01:50:57.974 9 INFO neutron.db.ovn_revision_numbers_db [None req-c6e0dbc2-99b2-4c2d-a306-f2a7d17df3d2 da9fbd4145ce4615b959343abeee0aef e3a083d4430e4d0ab7e7cc75d185373e - - default default] Successfully bumped revision number for resource d8a03340-fbdf-40b3-8553-17ae6290be9c (type: floatingips) to 1
2026-05-25 01:50:57.983 9 WARNING neutron_lib.context [None req-f061212a-e0c3-49d3-9cbc-0e816f3e3e7a 2e0efd8bb93144ffbe9e4ae4ea679569 4525822a3d3e4d668fddd479162d0fe5 - - default default] Method 'is_advsvc' is deprecated since 2023.2 release (neutron-lib 3.8.0) and will be removed once support for the old RBAC API policies will be removed from Neutron. Please use method 'is_service_role' instead.
