2026-05-25 01:52:08.631 10 INFO neutron.wsgi [None req-541d2d09-9346-4a92-91e0-7fd5086a8077 baef6177ba6b47a4bc0d590c5b281e81 f7130fc5f1b34b508094540ca351522e - - default default] 10.0.0.37 "DELETE /v2.0/routers/abc4f2ce-3b2c-4439-aa98-35b0666c559d HTTP/1.1" status: 204 len: 168 time: 0.8876765
2026-05-25 01:52:08.762 10 INFO neutron.wsgi [req-5d47722d-cb05-4faa-a762-58a18ad60733 req-6f9685b6-800b-40ea-b6bc-904f011db7cf a96e12fdcc73451c8a6fd550fed1e186 06ddf906782b414dbe804fd875cc224e - - default default] 199.204.45.246 "GET /v2.0/networks?id=8b085c9a-fa83-4746-925c-827a978821f8 HTTP/1.1" status: 200 len: 867 time: 0.1063917
2026-05-25 01:52:08.834 10 INFO neutron.wsgi [req-5d47722d-cb05-4faa-a762-58a18ad60733 req-3401dd27-cddc-4877-a9d2-c03b283ac8df a96e12fdcc73451c8a6fd550fed1e186 06ddf906782b414dbe804fd875cc224e - - default default] 199.204.45.246 "GET /v2.0/security-groups?fields=id&fields=name&tenant_id=06ddf906782b414dbe804fd875cc224e HTTP/1.1" status: 200 len: 379 time: 0.0530112
2026-05-25 01:52:08.860 10 WARNING neutron_lib.context [req-5d47722d-cb05-4faa-a762-58a18ad60733 req-368090c8-b91a-4baa-ab51-72766b75db7c a96e12fdcc73451c8a6fd550fed1e186 06ddf906782b414dbe804fd875cc224e - - default default] Method 'is_advsvc' is deprecated since 2023.2 release (neutron-lib 3.8.0) and will be removed once support for the old RBAC API policies will be removed from Neutron. Please use method 'is_service_role' instead.
2026-05-25 01:52:08.928 10 INFO neutron.wsgi [None req-c2357e04-a48b-421c-ad97-162da56d067c baef6177ba6b47a4bc0d590c5b281e81 f7130fc5f1b34b508094540ca351522e - - default default] 10.0.0.37 "DELETE /v2.0/subnets/bad643ea-b2dc-46ad-886a-b019f3e8bf95 HTTP/1.1" status: 204 len: 168 time: 0.2920475 /var/lib/openstack/lib/python3.10/site-packages/pycadf/identifier.py:71: UserWarning: Invalid uuid: neutron. To ensure interoperability, identifiers should be a valid uuid. warnings.warn(('Invalid uuid: %s. To ensure interoperability, '
2026-05-25 01:52:09.210 10 WARNING neutron.scheduler.dhcp_agent_scheduler [req-5d47722d-cb05-4faa-a762-58a18ad60733 req-368090c8-b91a-4baa-ab51-72766b75db7c a96e12fdcc73451c8a6fd550fed1e186 06ddf906782b414dbe804fd875cc224e - - default default] No more DHCP agents
2026-05-25 01:52:09.216 10 INFO neutron.wsgi [req-ecb173be-5f8a-44be-84ef-4a5b2947594c req-ce2ecab7-c91b-484e-b50e-84be7a8e67eb a96e12fdcc73451c8a6fd550fed1e186 06ddf906782b414dbe804fd875cc224e - - default default] 10.0.0.179 "GET /v2.0/ports?device_id=527266cd-421c-491d-a595-a06cb612486b HTTP/1.1" status: 200 len: 1160 time: 0.0525489
2026-05-25 01:52:09.217 10 WARNING neutron.api.rpc.agentnotifiers.dhcp_rpc_agent_api [req-5d47722d-cb05-4faa-a762-58a18ad60733 req-368090c8-b91a-4baa-ab51-72766b75db7c a96e12fdcc73451c8a6fd550fed1e186 06ddf906782b414dbe804fd875cc224e - - default default] Unable to schedule network 8b085c9a-fa83-4746-925c-827a978821f8: no agents available; will retry on subsequent port and subnet creation events. /var/lib/openstack/lib/python3.10/site-packages/pycadf/identifier.py:71: UserWarning: Invalid uuid: neutron. To ensure interoperability, identifiers should be a valid uuid. warnings.warn(('Invalid uuid: %s. To ensure interoperability, '
2026-05-25 01:52:09.274 9 INFO neutron.services.segments.plugin [-] Segment 5bff15cc-481a-4abb-82e7-ed56f78fe6c5 resource provider aggregate not found
2026-05-25 01:52:09.275 10 INFO neutron.wsgi [req-ecb173be-5f8a-44be-84ef-4a5b2947594c req-1c028344-2cc1-4424-8879-6f197b03b665 a96e12fdcc73451c8a6fd550fed1e186 06ddf906782b414dbe804fd875cc224e - - default default] 10.0.0.179 "GET /v2.0/security-groups?id=a880d3d2-a5be-4133-a0e3-c123bac41592&fields=id&fields=name HTTP/1.1" status: 200 len: 312 time: 0.0538607
2026-05-25 01:52:09.281 9 INFO neutron.services.segments.plugin [-] Segment 5bff15cc-481a-4abb-82e7-ed56f78fe6c5 resource provider aggregate not found
2026-05-25 01:52:09.304 9 INFO neutron.services.segments.plugin [-] Segment 5bff15cc-481a-4abb-82e7-ed56f78fe6c5 resource provider not found; error: Placement Client Error (4xx): {"errors": [{"status": 404, "title": "Not Found", "detail": "The resource could not be found.\n\n No resource provider with uuid 5bff15cc-481a-4abb-82e7-ed56f78fe6c5 found for delete ", "request_id": "req-46059a93-8c9b-42e3-ba30-9a122460fb75"}]}
2026-05-25 01:52:09.305 9 INFO neutron.services.segments.plugin [-] Segment 5bff15cc-481a-4abb-82e7-ed56f78fe6c5 resource provider not found; error: Placement Client Error (4xx): {"errors": [{"status": 404, "title": "Not Found", "detail": "The resource could not be found.\n\n No resource provider with uuid 5bff15cc-481a-4abb-82e7-ed56f78fe6c5 found for delete ", "request_id": "req-6c2ab341-43a5-47df-bc53-5c2ee08136ff"}]}
2026-05-25 01:52:09.342 9 INFO neutron.wsgi [None req-c41f1519-e89d-4e03-ab4e-87d388990771 baef6177ba6b47a4bc0d590c5b281e81 f7130fc5f1b34b508094540ca351522e - - default default] 10.0.0.37 "DELETE /v2.0/networks/ddfca10a-4278-4266-b7d2-617c975e3791 HTTP/1.1" status: 204 len: 168 time: 0.4086432
2026-05-25 01:52:09.442 10 INFO neutron.db.ovn_revision_numbers_db [req-5d47722d-cb05-4faa-a762-58a18ad60733 req-368090c8-b91a-4baa-ab51-72766b75db7c a96e12fdcc73451c8a6fd550fed1e186 06ddf906782b414dbe804fd875cc224e - - default default] Successfully bumped revision number for resource 6e7ab2c4-34ec-4198-8a54-189e225ab9e7 (type: ports) to 1
2026-05-25 01:52:09.465 10 INFO neutron.wsgi [req-5d47722d-cb05-4faa-a762-58a18ad60733 req-368090c8-b91a-4baa-ab51-72766b75db7c a96e12fdcc73451c8a6fd550fed1e186 06ddf906782b414dbe804fd875cc224e - - default default] 199.204.45.246 "POST /v2.0/ports HTTP/1.1" status: 201 len: 1162 time: 0.6131792
2026-05-25 01:52:09.489 9 INFO neutron.wsgi [None req-d0486d42-a104-451a-9bdd-b2078dc445dc baef6177ba6b47a4bc0d590c5b281e81 f7130fc5f1b34b508094540ca351522e - - default default] 10.0.0.37 "GET /v2.0/security-groups?tenant_id=6c6ef8dff5ac43c5b1da2e82f9d24846&name=default HTTP/1.1" status: 200 len: 2996 time: 0.0391462
2026-05-25 01:52:09.690 9 INFO neutron.wsgi [None req-102eb275-b388-487a-8b39-829714d19a13 baef6177ba6b47a4bc0d590c5b281e81 f7130fc5f1b34b508094540ca351522e - - default default] 10.0.0.37 "DELETE /v2.0/security-groups/fff3eda4-b8be-487e-8a6e-4437075765c8 HTTP/1.1" status: 204 len: 168 time: 0.1962152
2026-05-25 01:52:10.102 10 INFO neutron.db.ovn_revision_numbers_db [req-5d47722d-cb05-4faa-a762-58a18ad60733 req-69dd1744-d6fd-4cd2-8efe-a7971e5e4c65 123405b07cf64ce797cee66d17ac6677 36007f1606ed4b0da75cff425588c15b - - b3b727d714aa4b2f9d091a30fb27d997 b3b727d714aa4b2f9d091a30fb27d997] Successfully bumped revision number for resource 6e7ab2c4-34ec-4198-8a54-189e225ab9e7 (type: ports) to 2
2026-05-25 01:52:10.321 10 INFO neutron.db.ovn_revision_numbers_db [req-5d47722d-cb05-4faa-a762-58a18ad60733 req-69dd1744-d6fd-4cd2-8efe-a7971e5e4c65 123405b07cf64ce797cee66d17ac6677 36007f1606ed4b0da75cff425588c15b - - b3b727d714aa4b2f9d091a30fb27d997 b3b727d714aa4b2f9d091a30fb27d997] Successfully bumped revision number for resource 6e7ab2c4-34ec-4198-8a54-189e225ab9e7 (type: ports) to 2
2026-05-25 01:52:10.341 10 INFO neutron.wsgi [req-5d47722d-cb05-4faa-a762-58a18ad60733 req-69dd1744-d6fd-4cd2-8efe-a7971e5e4c65 123405b07cf64ce797cee66d17ac6677 36007f1606ed4b0da75cff425588c15b - - b3b727d714aa4b2f9d091a30fb27d997 b3b727d714aa4b2f9d091a30fb27d997] 199.204.45.246 "PUT /v2.0/ports/6e7ab2c4-34ec-4198-8a54-189e225ab9e7 HTTP/1.1" status: 200 len: 1380 time: 0.8650043 /var/lib/openstack/lib/python3.10/site-packages/pycadf/identifier.py:71: UserWarning: Invalid uuid: neutron. To ensure interoperability, identifiers should be a valid uuid. warnings.warn(('Invalid uuid: %s. To ensure interoperability, '
2026-05-25 01:52:10.405 10 INFO neutron.notifiers.nova [-] Nova event matching ['req-a94c5ad0-595b-4793-8f09-9148ad7d7368'] response: {'name': 'network-changed', 'server_uuid': '527266cd-421c-491d-a595-a06cb612486b', 'tag': '6e7ab2c4-34ec-4198-8a54-189e225ab9e7', 'status': 'completed', 'code': 200}
2026-05-25 01:52:10.429 10 INFO neutron.wsgi [req-5d47722d-cb05-4faa-a762-58a18ad60733 req-19eb037d-7012-4b66-b991-feb7aa22f464 123405b07cf64ce797cee66d17ac6677 36007f1606ed4b0da75cff425588c15b - - b3b727d714aa4b2f9d091a30fb27d997 b3b727d714aa4b2f9d091a30fb27d997] 199.204.45.246 "GET /v2.0/ports?tenant_id=06ddf906782b414dbe804fd875cc224e&device_id=527266cd-421c-491d-a595-a06cb612486b HTTP/1.1" status: 200 len: 1411 time: 0.0456355
2026-05-25 01:52:10.463 9 INFO neutron.wsgi [req-b869b682-0a83-475c-b199-4920e369adc2 req-11bb33fb-117f-4ce5-a690-93ac6a395e51 a96e12fdcc73451c8a6fd550fed1e186 06ddf906782b414dbe804fd875cc224e - - default default] 10.0.0.179 "GET /v2.0/ports?device_id=527266cd-421c-491d-a595-a06cb612486b HTTP/1.1" status: 200 len: 1172 time: 0.1096947
2026-05-25 01:52:10.469 10 INFO neutron.wsgi [req-5d47722d-cb05-4faa-a762-58a18ad60733 req-bc387462-ec59-4f69-9e1c-3a53a1f5e80e 123405b07cf64ce797cee66d17ac6677 36007f1606ed4b0da75cff425588c15b - - b3b727d714aa4b2f9d091a30fb27d997 b3b727d714aa4b2f9d091a30fb27d997] 199.204.45.246 "GET /v2.0/floatingips?fixed_ip_address=10.100.0.14&port_id=6e7ab2c4-34ec-4198-8a54-189e225ab9e7 HTTP/1.1" status: 200 len: 217 time: 0.0306349
2026-05-25 01:52:10.515 9 INFO neutron.wsgi [req-b869b682-0a83-475c-b199-4920e369adc2 req-21275221-400b-4f80-81dd-bef79e78ec15 a96e12fdcc73451c8a6fd550fed1e186 06ddf906782b414dbe804fd875cc224e - - default default] 10.0.0.179 "GET /v2.0/security-groups?id=a880d3d2-a5be-4133-a0e3-c123bac41592&fields=id&fields=name HTTP/1.1" status: 200 len: 312 time: 0.0421607
2026-05-25 01:52:10.516 10 INFO neutron.wsgi [req-5d47722d-cb05-4faa-a762-58a18ad60733 req-3531d253-bc90-4a21-a227-5ef0c42f8cc4 123405b07cf64ce797cee66d17ac6677 36007f1606ed4b0da75cff425588c15b - - b3b727d714aa4b2f9d091a30fb27d997 b3b727d714aa4b2f9d091a30fb27d997] 199.204.45.246 "GET /v2.0/subnets?id=caedac01-9f9b-4b43-a5d6-81a3f09bfbf5 HTTP/1.1" status: 200 len: 861 time: 0.0396736
2026-05-25 01:52:10.545 10 INFO neutron.wsgi [req-5d47722d-cb05-4faa-a762-58a18ad60733 req-80852fd6-6d9d-4bf7-9a17-17b972cfa07c 123405b07cf64ce797cee66d17ac6677 36007f1606ed4b0da75cff425588c15b - - b3b727d714aa4b2f9d091a30fb27d997 b3b727d714aa4b2f9d091a30fb27d997] 199.204.45.246 "GET /v2.0/ports?network_id=8b085c9a-fa83-4746-925c-827a978821f8&device_owner=network%3Adhcp HTTP/1.1" status: 200 len: 210 time: 0.0216057
2026-05-25 01:52:10.621 10 INFO neutron.wsgi [req-5d47722d-cb05-4faa-a762-58a18ad60733 req-827d2565-440d-4d40-a19c-8b84e736c402 123405b07cf64ce797cee66d17ac6677 36007f1606ed4b0da75cff425588c15b - - b3b727d714aa4b2f9d091a30fb27d997 b3b727d714aa4b2f9d091a30fb27d997] 199.204.45.246 "GET /v2.0/networks/8b085c9a-fa83-4746-925c-827a978821f8?fields=segments HTTP/1.1" status: 200 len: 212 time: 0.0711701
2026-05-25 01:52:10.694 10 INFO neutron.wsgi [req-5d47722d-cb05-4faa-a762-58a18ad60733 req-910804fa-d3eb-473f-8092-db1c15643f99 123405b07cf64ce797cee66d17ac6677 36007f1606ed4b0da75cff425588c15b - - b3b727d714aa4b2f9d091a30fb27d997 b3b727d714aa4b2f9d091a30fb27d997] 199.204.45.246 "GET /v2.0/networks/8b085c9a-fa83-4746-925c-827a978821f8?fields=provider%3Aphysical_network&fields=provider%3Anetwork_type HTTP/1.1" status: 200 len: 277 time: 0.0649483
2026-05-25 01:52:10.796 10 INFO neutron.wsgi [req-72c1453f-f13c-4555-a632-a1dacbd34482 req-4d642a04-0b26-4674-b694-940179354333 123405b07cf64ce797cee66d17ac6677 36007f1606ed4b0da75cff425588c15b - - b3b727d714aa4b2f9d091a30fb27d997 b3b727d714aa4b2f9d091a30fb27d997] 199.204.45.246 "GET /v2.0/ports?tenant_id=06ddf906782b414dbe804fd875cc224e&device_id=527266cd-421c-491d-a595-a06cb612486b HTTP/1.1" status: 200 len: 1411 time: 0.0528250
2026-05-25 01:52:10.815 9 WARNING neutron.plugins.ml2.drivers.ovn.mech_driver.ovsdb.ovn_client [None req-2c1de30c-89f1-496d-a407-636249d36f82 - - - - - -] No hosting information found for port 9d880aed-c1c6-4e80-a77b-feb654712026: RuntimeError: No hosting information found for port 9d880aed-c1c6-4e80-a77b-feb654712026
2026-05-25 01:52:10.873 10 INFO neutron.wsgi [req-72c1453f-f13c-4555-a632-a1dacbd34482 req-74bd3f0f-98ad-45f4-bd42-3fde843ce181 123405b07cf64ce797cee66d17ac6677 36007f1606ed4b0da75cff425588c15b - - b3b727d714aa4b2f9d091a30fb27d997 b3b727d714aa4b2f9d091a30fb27d997] 199.204.45.246 "GET /v2.0/networks?id=8b085c9a-fa83-4746-925c-827a978821f8 HTTP/1.1" status: 200 len: 966 time: 0.0715210
2026-05-25 01:52:10.917 10 INFO neutron.wsgi [req-72c1453f-f13c-4555-a632-a1dacbd34482 req-919b82e5-0188-4701-96d5-af56d0b9ab7f 123405b07cf64ce797cee66d17ac6677 36007f1606ed4b0da75cff425588c15b - - b3b727d714aa4b2f9d091a30fb27d997 b3b727d714aa4b2f9d091a30fb27d997] 199.204.45.246 "GET /v2.0/floatingips?fixed_ip_address=10.100.0.14&port_id=6e7ab2c4-34ec-4198-8a54-189e225ab9e7 HTTP/1.1" status: 200 len: 217 time: 0.0388107
2026-05-25 01:52:10.924 9 INFO neutron.plugins.ml2.drivers.ovn.mech_driver.mech_driver [None req-2c1de30c-89f1-496d-a407-636249d36f82 - - - - - -] OVN reports status up for port: 6e7ab2c4-34ec-4198-8a54-189e225ab9e7
2026-05-25 01:52:10.944 9 INFO neutron.plugins.ml2.plugin [None req-2c1de30c-89f1-496d-a407-636249d36f82 - - - - - -] Attempt 1 to provision port 6e7ab2c4-34ec-4198-8a54-189e225ab9e7
2026-05-25 01:52:10.960 10 INFO neutron.wsgi [req-72c1453f-f13c-4555-a632-a1dacbd34482 req-fcbbdfa7-c7c7-4165-8576-30cc486b4732 123405b07cf64ce797cee66d17ac6677 36007f1606ed4b0da75cff425588c15b - - b3b727d714aa4b2f9d091a30fb27d997 b3b727d714aa4b2f9d091a30fb27d997] 199.204.45.246 "GET /v2.0/subnets?id=caedac01-9f9b-4b43-a5d6-81a3f09bfbf5 HTTP/1.1" status: 200 len: 861 time: 0.0363264
2026-05-25 01:52:10.987 10 INFO neutron.wsgi [req-72c1453f-f13c-4555-a632-a1dacbd34482 req-803a6120-ff63-432e-8966-fb5c8d660a28 123405b07cf64ce797cee66d17ac6677 36007f1606ed4b0da75cff425588c15b - - b3b727d714aa4b2f9d091a30fb27d997 b3b727d714aa4b2f9d091a30fb27d997] 199.204.45.246 "GET /v2.0/ports?network_id=8b085c9a-fa83-4746-925c-827a978821f8&device_owner=network%3Adhcp HTTP/1.1" status: 200 len: 210 time: 0.0195611
2026-05-25 01:52:11.066 10 INFO neutron.wsgi [req-72c1453f-f13c-4555-a632-a1dacbd34482 req-1c3cbc3c-0764-4203-be0f-cdb212a768ac 123405b07cf64ce797cee66d17ac6677 36007f1606ed4b0da75cff425588c15b - - b3b727d714aa4b2f9d091a30fb27d997 b3b727d714aa4b2f9d091a30fb27d997] 199.204.45.246 "GET /v2.0/networks/8b085c9a-fa83-4746-925c-827a978821f8?fields=segments HTTP/1.1" status: 200 len: 212 time: 0.0710649
2026-05-25 01:52:11.106 9 INFO neutron.notifiers.nova [-] Nova event matching ['req-fd99ecae-f47a-4a79-8382-3ef6c5afc12a'] response: {'server_uuid': '527266cd-421c-491d-a595-a06cb612486b', 'name': 'network-vif-plugged', 'status': 'completed', 'tag': '6e7ab2c4-34ec-4198-8a54-189e225ab9e7', 'code': 200}
2026-05-25 01:52:11.132 10 INFO neutron.wsgi [req-72c1453f-f13c-4555-a632-a1dacbd34482 req-57dace4b-eb9d-4dea-82a8-7c903c580bb3 123405b07cf64ce797cee66d17ac6677 36007f1606ed4b0da75cff425588c15b - - b3b727d714aa4b2f9d091a30fb27d997 b3b727d714aa4b2f9d091a30fb27d997] 199.204.45.246 "GET /v2.0/networks/8b085c9a-fa83-4746-925c-827a978821f8?fields=provider%3Aphysical_network&fields=provider%3Anetwork_type HTTP/1.1" status: 200 len: 277 time: 0.0601418
2026-05-25 01:52:11.282 9 INFO neutron.db.ovn_revision_numbers_db [None req-2c1de30c-89f1-496d-a407-636249d36f82 - - - - - -] Successfully bumped revision number for resource 6e7ab2c4-34ec-4198-8a54-189e225ab9e7 (type: ports) to 4 /var/lib/openstack/lib/python3.10/site-packages/pycadf/identifier.py:71: UserWarning: Invalid uuid: neutron. To ensure interoperability, identifiers should be a valid uuid. warnings.warn(('Invalid uuid: %s. To ensure interoperability, '
2026-05-25 01:52:11.651 9 INFO neutron.wsgi [req-7452ac2d-67d1-429e-8286-426461922a42 req-45b42eab-b35d-4c72-8dde-3ce09b8cfd7d a96e12fdcc73451c8a6fd550fed1e186 06ddf906782b414dbe804fd875cc224e - - default default] 10.0.0.179 "GET /v2.0/ports?device_id=527266cd-421c-491d-a595-a06cb612486b HTTP/1.1" status: 200 len: 1174 time: 0.0492911
2026-05-25 01:52:11.694 9 INFO neutron.wsgi [req-7452ac2d-67d1-429e-8286-426461922a42 req-b1c7a4fc-29b8-4455-b446-beed3ed57a2c a96e12fdcc73451c8a6fd550fed1e186 06ddf906782b414dbe804fd875cc224e - - default default] 10.0.0.179 "GET /v2.0/security-groups?id=a880d3d2-a5be-4133-a0e3-c123bac41592&fields=id&fields=name HTTP/1.1" status: 200 len: 312 time: 0.0361557
2026-05-25 01:52:12.442 9 INFO neutron.wsgi [None req-13163fff-3cbf-4078-84d0-7d89d38a3f1e 0ed58d01314a405cb5c2dd9752a5e662 fc77dd47779a482fa2e51ea12db51b77 - - default default] 10.0.0.101 "GET /v2.0/extensions HTTP/1.1" status: 200 len: 16980 time: 0.2690265
2026-05-25 01:52:12.560 9 INFO neutron.wsgi [None req-ad1e5d1b-5a8f-440f-b65f-5eb066785835 0ed58d01314a405cb5c2dd9752a5e662 fc77dd47779a482fa2e51ea12db51b77 - - default default] 10.0.0.101 "GET /v2.0/quotas/fc77dd47779a482fa2e51ea12db51b77/details HTTP/1.1" status: 200 len: 756 time: 0.1009786
2026-05-25 01:52:12.805 9 INFO neutron.wsgi [req-d4b41cf4-4446-49aa-aa4e-5c73952a8c01 req-41c8f5e3-447e-48b8-93e1-1e83d9622083 a96e12fdcc73451c8a6fd550fed1e186 06ddf906782b414dbe804fd875cc224e - - default default] 10.0.0.179 "GET /v2.0/ports?device_id=527266cd-421c-491d-a595-a06cb612486b HTTP/1.1" status: 200 len: 1174 time: 0.0426943
2026-05-25 01:52:12.853 10 INFO neutron.wsgi [-] 10.0.0.250 "GET / HTTP/1.1" status: 200 len: 246 time: 0.0021150
2026-05-25 01:52:12.854 9 INFO neutron.wsgi [req-d4b41cf4-4446-49aa-aa4e-5c73952a8c01 req-61be072e-79d0-452b-9f45-6b078108f57d a96e12fdcc73451c8a6fd550fed1e186 06ddf906782b414dbe804fd875cc224e - - default default] 10.0.0.179 "GET /v2.0/security-groups?id=a880d3d2-a5be-4133-a0e3-c123bac41592&fields=id&fields=name HTTP/1.1" status: 200 len: 312 time: 0.0444694
2026-05-25 01:52:12.855 10 INFO neutron.wsgi [-] 10.0.0.250 "GET / HTTP/1.1" status: 200 len: 246 time: 0.0014119
2026-05-25 01:52:12.958 9 INFO neutron.db.ovn_revision_numbers_db [None req-96deeb63-ff20-485c-a81f-b7a8a3ba9985 baef6177ba6b47a4bc0d590c5b281e81 f7130fc5f1b34b508094540ca351522e - - default default] Successfully bumped revision number for resource ea791068-e3fe-47f1-bef8-361475be578c (type: security_groups) to 1
2026-05-25 01:52:12.978 9 INFO neutron.db.ovn_revision_numbers_db [None req-96deeb63-ff20-485c-a81f-b7a8a3ba9985 baef6177ba6b47a4bc0d590c5b281e81 f7130fc5f1b34b508094540ca351522e - - default default] Successfully bumped revision number for resource 2ff34228-34ca-4514-97be-9e0ba4ec1974 (type: security_group_rules) to 0
2026-05-25 01:52:12.992 9 INFO neutron.db.ovn_revision_numbers_db [None req-96deeb63-ff20-485c-a81f-b7a8a3ba9985 baef6177ba6b47a4bc0d590c5b281e81 f7130fc5f1b34b508094540ca351522e - - default default] Successfully bumped revision number for resource 82942607-28b5-4623-9380-0cf1ec82f9f6 (type: security_group_rules) to 0
2026-05-25 01:52:13.006 9 INFO neutron.db.ovn_revision_numbers_db [None req-96deeb63-ff20-485c-a81f-b7a8a3ba9985 baef6177ba6b47a4bc0d590c5b281e81 f7130fc5f1b34b508094540ca351522e - - default default] Successfully bumped revision number for resource 83324913-cfad-4e47-bcae-ba242752110f (type: security_group_rules) to 0
2026-05-25 01:52:13.029 9 INFO neutron.db.ovn_revision_numbers_db [None req-96deeb63-ff20-485c-a81f-b7a8a3ba9985 baef6177ba6b47a4bc0d590c5b281e81 f7130fc5f1b34b508094540ca351522e - - default default] Successfully bumped revision number for resource cc556dc8-e157-43f3-adcb-eb624e33390b (type: security_group_rules) to 0
2026-05-25 01:52:13.046 10 INFO neutron.wsgi [req-64c1c209-2765-4999-ad9a-fc10c7b5d0d6 req-72b07b1d-92dd-4824-bff0-b2146d161b5c a96e12fdcc73451c8a6fd550fed1e186 06ddf906782b414dbe804fd875cc224e - - default default] 10.0.0.179 "GET /v2.0/ports?device_id=527266cd-421c-491d-a595-a06cb612486b HTTP/1.1" status: 200 len: 1174 time: 0.1302850
2026-05-25 01:52:13.054 9 INFO neutron.wsgi [None req-96deeb63-ff20-485c-a81f-b7a8a3ba9985 baef6177ba6b47a4bc0d590c5b281e81 f7130fc5f1b34b508094540ca351522e - - default default] 10.0.0.37 "GET /v2.0/security-groups?tenant_id=cb6f1e6fbeac4b5091b203f202b1587b&name=default HTTP/1.1" status: 200 len: 2996 time: 0.3182833
2026-05-25 01:52:13.142 9 INFO neutron.notifiers.nova [-] Nova event matching ['req-f16613a8-544c-4aaa-8509-2e34e54215c3'] response: {'server_uuid': '527266cd-421c-491d-a595-a06cb612486b', 'name': 'network-vif-plugged', 'status': 'completed', 'tag': '6e7ab2c4-34ec-4198-8a54-189e225ab9e7', 'code': 200}
2026-05-25 01:52:13.285 9 INFO neutron.wsgi [None req-1659fe1f-03c3-4ba8-8894-ca42529742f2 baef6177ba6b47a4bc0d590c5b281e81 f7130fc5f1b34b508094540ca351522e - - default default] 10.0.0.37 "DELETE /v2.0/security-groups/ea791068-e3fe-47f1-bef8-361475be578c HTTP/1.1" status: 204 len: 168 time: 0.2261376
2026-05-25 01:52:13.404 10 INFO neutron.db.l3_db [None req-3744ebc2-3672-4573-95d2-9598db560a20 a96e12fdcc73451c8a6fd550fed1e186 06ddf906782b414dbe804fd875cc224e - - default default] Floating IP a6854ac5-1d49-4a9f-ac0f-cc6de6b70773 associated. External IP: 10.96.250.211, port: 6e7ab2c4-34ec-4198-8a54-189e225ab9e7.
2026-05-25 01:52:13.640 10 INFO neutron.db.ovn_revision_numbers_db [None req-3744ebc2-3672-4573-95d2-9598db560a20 a96e12fdcc73451c8a6fd550fed1e186 06ddf906782b414dbe804fd875cc224e - - default default] Successfully bumped revision number for resource a6854ac5-1d49-4a9f-ac0f-cc6de6b70773 (type: floatingips) to 1
2026-05-25 01:52:13.785 10 INFO neutron.db.ovn_revision_numbers_db [None req-3744ebc2-3672-4573-95d2-9598db560a20 a96e12fdcc73451c8a6fd550fed1e186 06ddf906782b414dbe804fd875cc224e - - default default] Successfully bumped revision number for resource a6854ac5-1d49-4a9f-ac0f-cc6de6b70773 (type: floatingips) to 2
2026-05-25 01:52:13.815 10 INFO neutron.wsgi [None req-3744ebc2-3672-4573-95d2-9598db560a20 a96e12fdcc73451c8a6fd550fed1e186 06ddf906782b414dbe804fd875cc224e - - default default] 10.0.0.37 "PUT /v2.0/floatingips/a6854ac5-1d49-4a9f-ac0f-cc6de6b70773 HTTP/1.1" status: 200 len: 1050 time: 0.7533083
2026-05-25 01:52:13.854 10 INFO neutron.notifiers.nova [-] Nova event matching ['req-1673f896-f067-4c06-b7e2-f8d3a423a1c5'] response: {'name': 'network-changed', 'server_uuid': '527266cd-421c-491d-a595-a06cb612486b', 'tag': '6e7ab2c4-34ec-4198-8a54-189e225ab9e7', 'status': 'completed', 'code': 200}
2026-05-25 01:52:13.919 10 INFO neutron.wsgi [req-0c1383f4-b0c0-459b-abc1-88b1c6022db9 req-442d0f42-d583-40c9-bf32-1eaad4321413 a96e12fdcc73451c8a6fd550fed1e186 06ddf906782b414dbe804fd875cc224e - - default default] 10.0.0.179 "GET /v2.0/ports?device_id=527266cd-421c-491d-a595-a06cb612486b HTTP/1.1" status: 200 len: 1174 time: 0.0630963
2026-05-25 01:52:13.933 10 INFO neutron.wsgi [req-d7cd5273-dceb-4df7-b019-74d8f471c0b9 req-cfe060a2-fd14-4de2-9176-ccf1876a6e13 123405b07cf64ce797cee66d17ac6677 36007f1606ed4b0da75cff425588c15b - - b3b727d714aa4b2f9d091a30fb27d997 b3b727d714aa4b2f9d091a30fb27d997] 199.204.45.246 "GET /v2.0/ports?tenant_id=06ddf906782b414dbe804fd875cc224e&device_id=527266cd-421c-491d-a595-a06cb612486b HTTP/1.1" status: 200 len: 1413 time: 0.0615811
2026-05-25 01:52:13.993 10 INFO neutron.wsgi [req-0c1383f4-b0c0-459b-abc1-88b1c6022db9 req-4aa3cd4a-c55b-4fdd-a838-264e4267bb80 a96e12fdcc73451c8a6fd550fed1e186 06ddf906782b414dbe804fd875cc224e - - default default] 10.0.0.179 "GET /v2.0/security-groups?id=a880d3d2-a5be-4133-a0e3-c123bac41592&fields=id&fields=name HTTP/1.1" status: 200 len: 312 time: 0.0591555
2026-05-25 01:52:14.020 10 INFO neutron.wsgi [req-d7cd5273-dceb-4df7-b019-74d8f471c0b9 req-1f198ad3-b18c-4487-899d-84a034bac7ee 123405b07cf64ce797cee66d17ac6677 36007f1606ed4b0da75cff425588c15b - - b3b727d714aa4b2f9d091a30fb27d997 b3b727d714aa4b2f9d091a30fb27d997] 199.204.45.246 "GET /v2.0/networks?id=8b085c9a-fa83-4746-925c-827a978821f8 HTTP/1.1" status: 200 len: 966 time: 0.0786564
2026-05-25 01:52:14.080 10 INFO neutron.wsgi [req-d7cd5273-dceb-4df7-b019-74d8f471c0b9 req-69bbd933-c987-480d-bfed-3476e366ec6d 123405b07cf64ce797cee66d17ac6677 36007f1606ed4b0da75cff425588c15b - - b3b727d714aa4b2f9d091a30fb27d997 b3b727d714aa4b2f9d091a30fb27d997] 199.204.45.246 "GET /v2.0/floatingips?fixed_ip_address=10.100.0.14&port_id=6e7ab2c4-34ec-4198-8a54-189e225ab9e7 HTTP/1.1" status: 200 len: 1060 time: 0.0540266
2026-05-25 01:52:14.150 10 INFO neutron.wsgi [req-d7cd5273-dceb-4df7-b019-74d8f471c0b9 req-73822bc1-f73d-4779-a738-4ed3ef98f9a1 123405b07cf64ce797cee66d17ac6677 36007f1606ed4b0da75cff425588c15b - - b3b727d714aa4b2f9d091a30fb27d997 b3b727d714aa4b2f9d091a30fb27d997] 199.204.45.246 "GET /v2.0/subnets?id=caedac01-9f9b-4b43-a5d6-81a3f09bfbf5 HTTP/1.1" status: 200 len: 861 time: 0.0605104
2026-05-25 01:52:14.181 10 INFO neutron.wsgi [req-d7cd5273-dceb-4df7-b019-74d8f471c0b9 req-bb922d2b-8bc7-4d84-a9ee-1a3e00d237dd 123405b07cf64ce797cee66d17ac6677 36007f1606ed4b0da75cff425588c15b - - b3b727d714aa4b2f9d091a30fb27d997 b3b727d714aa4b2f9d091a30fb27d997] 199.204.45.246 "GET /v2.0/ports?network_id=8b085c9a-fa83-4746-925c-827a978821f8&device_owner=network%3Adhcp HTTP/1.1" status: 200 len: 210 time: 0.0229282
2026-05-25 01:52:14.243 10 INFO neutron.wsgi [req-d7cd5273-dceb-4df7-b019-74d8f471c0b9 req-34819d6d-9f94-4289-8c37-96dab73ddf53 123405b07cf64ce797cee66d17ac6677 36007f1606ed4b0da75cff425588c15b - - b3b727d714aa4b2f9d091a30fb27d997 b3b727d714aa4b2f9d091a30fb27d997] 199.204.45.246 "GET /v2.0/networks/8b085c9a-fa83-4746-925c-827a978821f8?fields=segments HTTP/1.1" status: 200 len: 212 time: 0.0569403 /var/lib/openstack/lib/python3.10/site-packages/pycadf/identifier.py:71: UserWarning: Invalid uuid: neutron. To ensure interoperability, identifiers should be a valid uuid. warnings.warn(('Invalid uuid: %s. To ensure interoperability, '
2026-05-25 01:52:14.297 9 INFO neutron.plugins.ml2.drivers.ovn.mech_driver.mech_driver [None req-2c1de30c-89f1-496d-a407-636249d36f82 - - - - - -] OVN reports status down for port: 6e7ab2c4-34ec-4198-8a54-189e225ab9e7
2026-05-25 01:52:14.326 9 INFO neutron.wsgi [req-be4f5716-d717-407d-abda-e7aaacffcda0 req-d08bdf62-bcdd-4eac-985c-95261040be4b a96e12fdcc73451c8a6fd550fed1e186 06ddf906782b414dbe804fd875cc224e - - default default] 10.0.0.179 "GET /v2.0/ports?device_id=527266cd-421c-491d-a595-a06cb612486b HTTP/1.1" status: 200 len: 1174 time: 0.0677578
2026-05-25 01:52:14.336 10 INFO neutron.wsgi [req-d7cd5273-dceb-4df7-b019-74d8f471c0b9 req-8afbba1b-47c1-4d7a-a9f8-3991fe8574a1 123405b07cf64ce797cee66d17ac6677 36007f1606ed4b0da75cff425588c15b - - b3b727d714aa4b2f9d091a30fb27d997 b3b727d714aa4b2f9d091a30fb27d997] 199.204.45.246 "GET /v2.0/networks/8b085c9a-fa83-4746-925c-827a978821f8?fields=provider%3Aphysical_network&fields=provider%3Anetwork_type HTTP/1.1" status: 200 len: 277 time: 0.0863523
2026-05-25 01:52:14.376 9 INFO neutron.wsgi [req-be4f5716-d717-407d-abda-e7aaacffcda0 req-438651e5-f340-4944-afe5-b9eee2a86335 a96e12fdcc73451c8a6fd550fed1e186 06ddf906782b414dbe804fd875cc224e - - default default] 10.0.0.179 "GET /v2.0/security-groups?id=a880d3d2-a5be-4133-a0e3-c123bac41592&fields=id&fields=name HTTP/1.1" status: 200 len: 312 time: 0.0396473
2026-05-25 01:52:14.604 9 INFO neutron.db.ovn_revision_numbers_db [None req-2c1de30c-89f1-496d-a407-636249d36f82 - - - - - -] Successfully bumped revision number for resource 6e7ab2c4-34ec-4198-8a54-189e225ab9e7 (type: ports) to 5
2026-05-25 01:52:14.647 10 INFO neutron.wsgi [req-c599b1fa-20f5-4709-b732-69e17dbc2496 req-a4496c35-0740-4487-bfdf-8c8c0e6ac08a a96e12fdcc73451c8a6fd550fed1e186 06ddf906782b414dbe804fd875cc224e - - default default] 199.204.45.246 "GET /v2.0/ports?device_id=527266cd-421c-491d-a595-a06cb612486b HTTP/1.1" status: 200 len: 1172 time: 0.0496576
2026-05-25 01:52:14.993 10 INFO neutron.db.l3_db [req-c599b1fa-20f5-4709-b732-69e17dbc2496 req-a28eb235-412f-462b-af8d-631405f0b96c a96e12fdcc73451c8a6fd550fed1e186 06ddf906782b414dbe804fd875cc224e - - default default] Floating IP a6854ac5-1d49-4a9f-ac0f-cc6de6b70773 disassociated. External IP: 10.96.250.211, port: 6e7ab2c4-34ec-4198-8a54-189e225ab9e7. /var/lib/openstack/lib/python3.10/site-packages/pycadf/identifier.py:71: UserWarning: Invalid uuid: neutron. To ensure interoperability, identifiers should be a valid uuid. warnings.warn(('Invalid uuid: %s. To ensure interoperability, '
2026-05-25 01:52:15.105 9 INFO neutron.wsgi [None req-f2a91d57-ee95-4f59-915d-e413a67d511f 0ed58d01314a405cb5c2dd9752a5e662 fc77dd47779a482fa2e51ea12db51b77 - - default default] 10.0.0.101 "GET /v2.0/extensions HTTP/1.1" status: 200 len: 16980 time: 0.0074418
2026-05-25 01:52:15.193 9 INFO neutron.notifiers.nova [-] Nova event matching ['req-ace636f0-4ca7-4930-b825-de88fe2c1bf6'] response: {'server_uuid': '527266cd-421c-491d-a595-a06cb612486b', 'name': 'network-vif-unplugged', 'status': 'completed', 'tag': '6e7ab2c4-34ec-4198-8a54-189e225ab9e7', 'code': 200}
2026-05-25 01:52:15.193 9 INFO neutron.notifiers.nova [-] Nova event matching ['req-ace636f0-4ca7-4930-b825-de88fe2c1bf6'] response: {'server_uuid': '527266cd-421c-491d-a595-a06cb612486b', 'name': 'network-vif-plugged', 'status': 'completed', 'tag': '6e7ab2c4-34ec-4198-8a54-189e225ab9e7', 'code': 200}
2026-05-25 01:52:15.196 10 INFO neutron.wsgi [req-c599b1fa-20f5-4709-b732-69e17dbc2496 req-a28eb235-412f-462b-af8d-631405f0b96c a96e12fdcc73451c8a6fd550fed1e186 06ddf906782b414dbe804fd875cc224e - - default default] 199.204.45.246 "DELETE /v2.0/ports/6e7ab2c4-34ec-4198-8a54-189e225ab9e7 HTTP/1.1" status: 204 len: 173 time: 0.5445447
2026-05-25 01:52:15.210 9 INFO neutron.wsgi [None req-1a34ba24-8d21-4870-8b23-11bc73286a31 0ed58d01314a405cb5c2dd9752a5e662 fc77dd47779a482fa2e51ea12db51b77 - - default default] 10.0.0.101 "GET /v2.0/quotas/fc77dd47779a482fa2e51ea12db51b77/details HTTP/1.1" status: 200 len: 756 time: 0.0931890
2026-05-25 01:52:15.243 10 WARNING neutron_lib.context [None req-34822a47-3395-4ab1-90bd-e39039fa3524 1635a944c1c541bda9c6e1fbacad3ad2 26cf44a0a2a14d2da78013522417b6ef - - default default] Method 'is_advsvc' is deprecated since 2023.2 release (neutron-lib 3.8.0) and will be removed once support for the old RBAC API policies will be removed from Neutron. Please use method 'is_service_role' instead.
2026-05-25 01:52:15.372 10 INFO neutron.db.ovn_revision_numbers_db [None req-34822a47-3395-4ab1-90bd-e39039fa3524 1635a944c1c541bda9c6e1fbacad3ad2 26cf44a0a2a14d2da78013522417b6ef - - default default] Successfully bumped revision number for resource 7666c81f-c9f9-4c0e-b4d2-0eaed198c4a7 (type: security_groups) to 1
2026-05-25 01:52:15.385 10 INFO neutron.db.ovn_revision_numbers_db [None req-34822a47-3395-4ab1-90bd-e39039fa3524 1635a944c1c541bda9c6e1fbacad3ad2 26cf44a0a2a14d2da78013522417b6ef - - default default] Successfully bumped revision number for resource 44bae7ff-bf60-4884-b18c-f40cda4a0e23 (type: security_group_rules) to 0
2026-05-25 01:52:15.398 10 INFO neutron.db.ovn_revision_numbers_db [None req-34822a47-3395-4ab1-90bd-e39039fa3524 1635a944c1c541bda9c6e1fbacad3ad2 26cf44a0a2a14d2da78013522417b6ef - - default default] Successfully bumped revision number for resource 73f88c4e-ddae-4b60-bfdf-41562047a129 (type: security_group_rules) to 0
2026-05-25 01:52:15.413 10 INFO neutron.db.ovn_revision_numbers_db [None req-34822a47-3395-4ab1-90bd-e39039fa3524 1635a944c1c541bda9c6e1fbacad3ad2 26cf44a0a2a14d2da78013522417b6ef - - default default] Successfully bumped revision number for resource 9af45c0f-0636-4974-9f0c-5f96a4085721 (type: security_group_rules) to 0
2026-05-25 01:52:15.433 10 INFO neutron.db.ovn_revision_numbers_db [None req-34822a47-3395-4ab1-90bd-e39039fa3524 1635a944c1c541bda9c6e1fbacad3ad2 26cf44a0a2a14d2da78013522417b6ef - - default default] Successfully bumped revision number for resource c911b4fd-75d3-4711-9f0f-dee9b891d64b (type: security_group_rules) to 0
2026-05-25 01:52:15.466 9 INFO neutron.wsgi [req-da3d7a8b-c23c-4f0d-8601-3dcf7dec9aa0 req-ca790a31-9f5e-4bb6-8726-01187eb3369e a96e12fdcc73451c8a6fd550fed1e186 06ddf906782b414dbe804fd875cc224e - - default default] 10.0.0.179 "GET /v2.0/ports?device_id=527266cd-421c-491d-a595-a06cb612486b HTTP/1.1" status: 200 len: 210 time: 0.0179310
2026-05-25 01:52:15.537 10 INFO neutron.db.ovn_revision_numbers_db [None req-34822a47-3395-4ab1-90bd-e39039fa3524 1635a944c1c541bda9c6e1fbacad3ad2 26cf44a0a2a14d2da78013522417b6ef - - default default] Successfully bumped revision number for resource e95bd0ca-37cb-435d-8617-3e3e067468a2 (type: security_groups) to 1
2026-05-25 01:52:15.557 10 INFO neutron.db.ovn_revision_numbers_db [None req-34822a47-3395-4ab1-90bd-e39039fa3524 1635a944c1c541bda9c6e1fbacad3ad2 26cf44a0a2a14d2da78013522417b6ef - - default default] Successfully bumped revision number for resource 9c76b9c5-4002-4bdc-af5c-04bd1b4bff19 (type: security_group_rules) to 0
2026-05-25 01:52:15.570 10 INFO neutron.db.ovn_revision_numbers_db [None req-34822a47-3395-4ab1-90bd-e39039fa3524 1635a944c1c541bda9c6e1fbacad3ad2 26cf44a0a2a14d2da78013522417b6ef - - default default] Successfully bumped revision number for resource edbac250-b6f5-46aa-be0f-da4c82e58075 (type: security_group_rules) to 0
2026-05-25 01:52:15.596 10 INFO neutron.wsgi [None req-34822a47-3395-4ab1-90bd-e39039fa3524 1635a944c1c541bda9c6e1fbacad3ad2 26cf44a0a2a14d2da78013522417b6ef - - default default] 10.0.0.37 "POST /v2.0/security-groups HTTP/1.1" status: 201 len: 1761 time: 0.4866598
2026-05-25 01:52:15.642 10 INFO neutron.wsgi [None req-7935a484-f4dd-4813-80ce-87610507b6e3 1635a944c1c541bda9c6e1fbacad3ad2 26cf44a0a2a14d2da78013522417b6ef - - default default] 10.0.0.37 "GET /v2.0/security-groups HTTP/1.1" status: 200 len: 4539 time: 0.0414670
2026-05-25 01:52:15.719 10 INFO neutron.db.ovn_revision_numbers_db [None req-acb1761d-4512-4d48-94b5-2ebec5bcaecb 1635a944c1c541bda9c6e1fbacad3ad2 26cf44a0a2a14d2da78013522417b6ef - - default default] Successfully bumped revision number for resource e95bd0ca-37cb-435d-8617-3e3e067468a2 (type: security_groups) to 2
2026-05-25 01:52:15.723 10 INFO neutron.wsgi [None req-acb1761d-4512-4d48-94b5-2ebec5bcaecb 1635a944c1c541bda9c6e1fbacad3ad2 26cf44a0a2a14d2da78013522417b6ef - - default default] 10.0.0.37 "PUT /v2.0/security-groups/e95bd0ca-37cb-435d-8617-3e3e067468a2 HTTP/1.1" status: 200 len: 1795 time: 0.0762420
2026-05-25 01:52:15.761 9 INFO neutron.wsgi [None req-7daa92d6-866f-4bd6-9726-0c87cfd261e6 1635a944c1c541bda9c6e1fbacad3ad2 26cf44a0a2a14d2da78013522417b6ef - - default default] 10.0.0.37 "GET /v2.0/security-groups/e95bd0ca-37cb-435d-8617-3e3e067468a2 HTTP/1.1" status: 200 len: 1795 time: 0.0329976
2026-05-25 01:52:15.890 9 INFO neutron.wsgi [None req-09b79e2f-d05d-4416-abac-4d84bfd98278 1635a944c1c541bda9c6e1fbacad3ad2 26cf44a0a2a14d2da78013522417b6ef - - default default] 10.0.0.37 "DELETE /v2.0/security-groups/e95bd0ca-37cb-435d-8617-3e3e067468a2 HTTP/1.1" status: 204 len: 168 time: 0.1241434
2026-05-25 01:52:15.911 10 INFO neutron.notifiers.nova [-] Nova event matching ['req-77ee37f8-f6eb-4587-9afd-43709c3dff0a'] response: {'server_uuid': '527266cd-421c-491d-a595-a06cb612486b', 'name': 'network-vif-deleted', 'tag': '6e7ab2c4-34ec-4198-8a54-189e225ab9e7', 'status': 'completed', 'code': 200}
2026-05-25 01:52:15.942 9 INFO neutron.wsgi [None req-b327886e-4bb5-472c-96a1-f3bca9383a6a 1635a944c1c541bda9c6e1fbacad3ad2 26cf44a0a2a14d2da78013522417b6ef - - default default] 10.0.0.37 "GET /v2.0/security-groups HTTP/1.1" status: 200 len: 2996 time: 0.0477951
2026-05-25 01:52:15.970 9 INFO neutron.api.v2.resource [None req-fc9b30f9-f85c-45c5-8378-0655ddbb7e23 1635a944c1c541bda9c6e1fbacad3ad2 26cf44a0a2a14d2da78013522417b6ef - - default default] delete failed (client error): The resource could not be found.
2026-05-25 01:52:15.971 9 INFO neutron.wsgi [None req-fc9b30f9-f85c-45c5-8378-0655ddbb7e23 1635a944c1c541bda9c6e1fbacad3ad2 26cf44a0a2a14d2da78013522417b6ef - - default default] 10.0.0.37 "DELETE /v2.0/security-groups/e95bd0ca-37cb-435d-8617-3e3e067468a2 HTTP/1.1" status: 404 len: 347 time: 0.0226991
2026-05-25 01:52:15.984 9 WARNING neutron_lib.context [None req-cdf731b0-51d3-44d5-8f1a-f44ba12cdda9 1635a944c1c541bda9c6e1fbacad3ad2 26cf44a0a2a14d2da78013522417b6ef - - default default] Method 'is_advsvc' is deprecated since 2023.2 release (neutron-lib 3.8.0) and will be removed once support for the old RBAC API policies will be removed from Neutron. Please use method 'is_service_role' instead.
2026-05-25 01:52:16.086 9 INFO neutron.db.ovn_revision_numbers_db [None req-cdf731b0-51d3-44d5-8f1a-f44ba12cdda9 1635a944c1c541bda9c6e1fbacad3ad2 26cf44a0a2a14d2da78013522417b6ef - - default default] Successfully bumped revision number for resource 3e1bbdb8-d411-4c72-8e9b-721a093202a9 (type: security_groups) to 1
2026-05-25 01:52:16.098 9 INFO neutron.db.ovn_revision_numbers_db [None req-cdf731b0-51d3-44d5-8f1a-f44ba12cdda9 1635a944c1c541bda9c6e1fbacad3ad2 26cf44a0a2a14d2da78013522417b6ef - - default default] Successfully bumped revision number for resource 8225638b-277d-418a-8bed-39820de3af31 (type: security_group_rules) to 0
2026-05-25 01:52:16.111 9 INFO neutron.db.ovn_revision_numbers_db [None req-cdf731b0-51d3-44d5-8f1a-f44ba12cdda9 1635a944c1c541bda9c6e1fbacad3ad2 26cf44a0a2a14d2da78013522417b6ef - - default default] Successfully bumped revision number for resource 8eeb9dad-319c-4864-9327-d748ea1d79ec (type: security_group_rules) to 0
2026-05-25 01:52:16.132 9 INFO neutron.wsgi [None req-cdf731b0-51d3-44d5-8f1a-f44ba12cdda9 1635a944c1c541bda9c6e1fbacad3ad2 26cf44a0a2a14d2da78013522417b6ef - - default default] 10.0.0.37 "POST /v2.0/security-groups HTTP/1.1" status: 201 len: 1760 time: 0.1548302
2026-05-25 01:52:16.142 9 WARNING neutron_lib.context [None req-9672cdc9-5bae-4637-8c45-58d73f67f7a5 1635a944c1c541bda9c6e1fbacad3ad2 26cf44a0a2a14d2da78013522417b6ef - - default default] Method 'is_advsvc' is deprecated since 2023.2 release (neutron-lib 3.8.0) and will be removed once support for the old RBAC API policies will be removed from Neutron. Please use method 'is_service_role' instead.
2026-05-25 01:52:16.264 9 INFO neutron.db.ovn_revision_numbers_db [None req-9672cdc9-5bae-4637-8c45-58d73f67f7a5 1635a944c1c541bda9c6e1fbacad3ad2 26cf44a0a2a14d2da78013522417b6ef - - default default] Successfully bumped revision number for resource fda2eb84-4d69-4896-9419-6229c896b9b2 (type: security_group_rules) to 0
2026-05-25 01:52:16.288 9 INFO neutron.wsgi [None req-9672cdc9-5bae-4637-8c45-58d73f67f7a5 1635a944c1c541bda9c6e1fbacad3ad2 26cf44a0a2a14d2da78013522417b6ef - - default default] 10.0.0.37 "POST /v2.0/security-group-rules HTTP/1.1" status: 201 len: 768 time: 0.1507652
2026-05-25 01:52:16.309 9 INFO neutron.wsgi [None req-bc486315-f665-43dc-a597-316ea8b36d82 1635a944c1c541bda9c6e1fbacad3ad2 26cf44a0a2a14d2da78013522417b6ef - - default default] 10.0.0.37 "GET /v2.0/security-group-rules/fda2eb84-4d69-4896-9419-6229c896b9b2 HTTP/1.1" status: 200 len: 763 time: 0.0162745
2026-05-25 01:52:16.370 9 INFO neutron.wsgi [None req-4da3eda5-1c2a-43a9-8766-7b664b1cf6b6 1635a944c1c541bda9c6e1fbacad3ad2 26cf44a0a2a14d2da78013522417b6ef - - default default] 10.0.0.37 "GET /v2.0/security-group-rules HTTP/1.1" status: 200 len: 4113 time: 0.0568037
2026-05-25 01:52:16.483 9 INFO neutron.wsgi [None req-ae16e6b8-2e4b-4ed3-aa9c-4e34872ebc7e 1635a944c1c541bda9c6e1fbacad3ad2 26cf44a0a2a14d2da78013522417b6ef - - default default] 10.0.0.37 "DELETE /v2.0/security-group-rules/fda2eb84-4d69-4896-9419-6229c896b9b2 HTTP/1.1" status: 204 len: 168 time: 0.1059349
2026-05-25 01:52:16.519 9 INFO neutron.wsgi [None req-407400ca-e6e4-4a9a-8d0a-76590e490a48 1635a944c1c541bda9c6e1fbacad3ad2 26cf44a0a2a14d2da78013522417b6ef - - default default] 10.0.0.37 "GET /v2.0/security-group-rules HTTP/1.1" status: 200 len: 3567 time: 0.0322943
2026-05-25 01:52:16.528 9 WARNING neutron_lib.context [None req-b1e3a47c-17ba-4b72-8991-93eee9601930 1635a944c1c541bda9c6e1fbacad3ad2 26cf44a0a2a14d2da78013522417b6ef - - default default] Method 'is_advsvc' is deprecated since 2023.2 release (neutron-lib 3.8.0) and will be removed once support for the old RBAC API policies will be removed from Neutron. Please use method 'is_service_role' instead.
2026-05-25 01:52:16.632 9 INFO neutron.db.ovn_revision_numbers_db [None req-b1e3a47c-17ba-4b72-8991-93eee9601930 1635a944c1c541bda9c6e1fbacad3ad2 26cf44a0a2a14d2da78013522417b6ef - - default default] Successfully bumped revision number for resource 5d3ae839-f706-48b0-be26-e0567fe731af (type: security_group_rules) to 0
2026-05-25 01:52:16.652 9 INFO neutron.wsgi [None req-b1e3a47c-17ba-4b72-8991-93eee9601930 1635a944c1c541bda9c6e1fbacad3ad2 26cf44a0a2a14d2da78013522417b6ef - - default default] 10.0.0.37 "POST /v2.0/security-group-rules HTTP/1.1" status: 201 len: 768 time: 0.1277699
2026-05-25 01:52:16.687 10 INFO neutron.wsgi [None req-92685eb0-94ab-49bd-8b5b-e3a7654f5dcf 1635a944c1c541bda9c6e1fbacad3ad2 26cf44a0a2a14d2da78013522417b6ef - - default default] 10.0.0.37 "GET /v2.0/security-group-rules/5d3ae839-f706-48b0-be26-e0567fe731af HTTP/1.1" status: 200 len: 763 time: 0.0287020
2026-05-25 01:52:16.697 10 INFO neutron.wsgi [None req-89332958-0122-4eea-b2b3-17d1b04fce07 a96e12fdcc73451c8a6fd550fed1e186 06ddf906782b414dbe804fd875cc224e - - default default] 10.0.0.37 "DELETE /v2.0/security-groups/a880d3d2-a5be-4133-a0e3-c123bac41592 HTTP/1.1" status: 204 len: 168 time: 0.1463013
2026-05-25 01:52:16.709 10 INFO neutron.api.v2.resource [None req-3bfcc419-45ca-4b9e-b01c-d4523701838b a96e12fdcc73451c8a6fd550fed1e186 06ddf906782b414dbe804fd875cc224e - - default default] show failed (client error): The resource could not be found.
2026-05-25 01:52:16.710 10 INFO neutron.wsgi [None req-3bfcc419-45ca-4b9e-b01c-d4523701838b a96e12fdcc73451c8a6fd550fed1e186 06ddf906782b414dbe804fd875cc224e - - default default] 10.0.0.37 "GET /v2.0/security-groups/a880d3d2-a5be-4133-a0e3-c123bac41592 HTTP/1.1" status: 404 len: 347 time: 0.0091929
2026-05-25 01:52:16.730 9 INFO neutron.wsgi [None req-09f53ebc-def4-46e8-9fed-e4194023fa08 1635a944c1c541bda9c6e1fbacad3ad2 26cf44a0a2a14d2da78013522417b6ef - - default default] 10.0.0.37 "GET /v2.0/security-group-rules HTTP/1.1" status: 200 len: 4113 time: 0.0386891
2026-05-25 01:52:16.842 9 INFO neutron.wsgi [None req-17522b92-04cc-4755-b293-174da9104bf8 1635a944c1c541bda9c6e1fbacad3ad2 26cf44a0a2a14d2da78013522417b6ef - - default default] 10.0.0.37 "DELETE /v2.0/security-group-rules/5d3ae839-f706-48b0-be26-e0567fe731af HTTP/1.1" status: 204 len: 168 time: 0.1069613
2026-05-25 01:52:16.883 9 INFO neutron.wsgi [None req-be34c21f-2227-438c-a019-39da4e8df5bb 1635a944c1c541bda9c6e1fbacad3ad2 26cf44a0a2a14d2da78013522417b6ef - - default default] 10.0.0.37 "GET /v2.0/security-group-rules HTTP/1.1" status: 200 len: 3567 time: 0.0334365
2026-05-25 01:52:16.891 9 WARNING neutron_lib.context [None req-e0b7b757-fa07-41a1-bfb7-f5b903441842 1635a944c1c541bda9c6e1fbacad3ad2 26cf44a0a2a14d2da78013522417b6ef - - default default] Method 'is_advsvc' is deprecated since 2023.2 release (neutron-lib 3.8.0) and will be removed once support for the old RBAC API policies will be removed from Neutron. Please use method 'is_service_role' instead.
2026-05-25 01:52:16.995 9 INFO neutron.db.ovn_revision_numbers_db [None req-e0b7b757-fa07-41a1-bfb7-f5b903441842 1635a944c1c541bda9c6e1fbacad3ad2 26cf44a0a2a14d2da78013522417b6ef - - default default] Successfully bumped revision number for resource 4c19b986-28f6-4b5e-b330-7fadad9af55c (type: security_group_rules) to 0
2026-05-25 01:52:17.072 10 INFO neutron.wsgi [None req-589f2638-84a1-4598-ab51-1090ec7dbe74 a96e12fdcc73451c8a6fd550fed1e186 06ddf906782b414dbe804fd875cc224e - - default default] 10.0.0.37 "DELETE /v2.0/floatingips/a6854ac5-1d49-4a9f-ac0f-cc6de6b70773 HTTP/1.1" status: 204 len: 168 time: 0.3574281
2026-05-25 01:52:17.253 9 INFO neutron.wsgi [None req-e0b7b757-fa07-41a1-bfb7-f5b903441842 1635a944c1c541bda9c6e1fbacad3ad2 26cf44a0a2a14d2da78013522417b6ef - - default default] 10.0.0.37 "POST /v2.0/security-group-rules HTTP/1.1" status: 201 len: 769 time: 0.3661621
2026-05-25 01:52:17.273 9 INFO neutron.wsgi [None req-ac693a9d-2ab0-44bb-b6c0-e95cdd879c13 1635a944c1c541bda9c6e1fbacad3ad2 26cf44a0a2a14d2da78013522417b6ef - - default default] 10.0.0.37 "GET /v2.0/security-group-rules/4c19b986-28f6-4b5e-b330-7fadad9af55c HTTP/1.1" status: 200 len: 764 time: 0.0151589
2026-05-25 01:52:17.345 10 INFO neutron.wsgi [None req-fdf15644-c14b-49dc-b0b2-b6b303277d6b 1635a944c1c541bda9c6e1fbacad3ad2 26cf44a0a2a14d2da78013522417b6ef - - default default] 10.0.0.37 "GET /v2.0/security-group-rules HTTP/1.1" status: 200 len: 4114 time: 0.0687582
2026-05-25 01:52:17.457 9 INFO neutron.wsgi [None req-6aafc583-7fa4-46d5-99e7-0562fbe45d40 1635a944c1c541bda9c6e1fbacad3ad2 26cf44a0a2a14d2da78013522417b6ef - - default default] 10.0.0.37 "DELETE /v2.0/security-group-rules/4c19b986-28f6-4b5e-b330-7fadad9af55c HTTP/1.1" status: 204 len: 168 time: 0.1065562
2026-05-25 01:52:17.497 9 INFO neutron.wsgi [None req-82fbcb66-87c5-40b8-8950-f23d70c1f554 1635a944c1c541bda9c6e1fbacad3ad2 26cf44a0a2a14d2da78013522417b6ef - - default default] 10.0.0.37 "GET /v2.0/security-group-rules HTTP/1.1" status: 200 len: 3567 time: 0.0351799
2026-05-25 01:52:17.633 9 INFO neutron.wsgi [None req-739aba77-f19c-4a2e-956d-3a645a8d1e5f 1635a944c1c541bda9c6e1fbacad3ad2 26cf44a0a2a14d2da78013522417b6ef - - default default] 10.0.0.37 "DELETE /v2.0/security-groups/3e1bbdb8-d411-4c72-8e9b-721a093202a9 HTTP/1.1" status: 204 len: 168 time: 0.1323390
2026-05-25 01:52:17.676 9 INFO neutron.wsgi [None req-6795fb4f-43d9-4be0-82d6-539788269390 1635a944c1c541bda9c6e1fbacad3ad2 26cf44a0a2a14d2da78013522417b6ef - - default default] 10.0.0.37 "GET /v2.0/security-groups HTTP/1.1" status: 200 len: 2996 time: 0.0376320
2026-05-25 01:52:17.715 9 INFO neutron.wsgi [None req-5f8ef966-9360-4270-94f1-8d96a8eeae78 1635a944c1c541bda9c6e1fbacad3ad2 26cf44a0a2a14d2da78013522417b6ef - - default default] 10.0.0.37 "GET /v2.0/security-groups HTTP/1.1" status: 200 len: 2996 time: 0.0338538
2026-05-25 01:52:18.155 9 INFO neutron.db.ovn_revision_numbers_db [None req-c8aaa790-6d85-44af-a2d8-59113c053d23 baef6177ba6b47a4bc0d590c5b281e81 f7130fc5f1b34b508094540ca351522e - - default default] Successfully bumped revision number for resource a0e18656-e5c2-4416-b141-60112595e451 (type: security_groups) to 1
2026-05-25 01:52:18.167 9 INFO neutron.db.ovn_revision_numbers_db [None req-c8aaa790-6d85-44af-a2d8-59113c053d23 baef6177ba6b47a4bc0d590c5b281e81 f7130fc5f1b34b508094540ca351522e - - default default] Successfully bumped revision number for resource add58667-2323-4607-8155-6e11993d279b (type: security_group_rules) to 0
2026-05-25 01:52:18.178 9 INFO neutron.db.ovn_revision_numbers_db [None req-c8aaa790-6d85-44af-a2d8-59113c053d23 baef6177ba6b47a4bc0d590c5b281e81 f7130fc5f1b34b508094540ca351522e - - default default] Successfully bumped revision number for resource d4ba7c9a-dce8-4e66-9fee-7741f1503aeb (type: security_group_rules) to 0
2026-05-25 01:52:18.189 9 INFO neutron.db.ovn_revision_numbers_db [None req-c8aaa790-6d85-44af-a2d8-59113c053d23 baef6177ba6b47a4bc0d590c5b281e81 f7130fc5f1b34b508094540ca351522e - - default default] Successfully bumped revision number for resource ead09e80-6659-4d73-b0b4-6e087991ad20 (type: security_group_rules) to 0
2026-05-25 01:52:18.203 9 INFO neutron.db.ovn_revision_numbers_db [None req-c8aaa790-6d85-44af-a2d8-59113c053d23 baef6177ba6b47a4bc0d590c5b281e81 f7130fc5f1b34b508094540ca351522e - - default default] Successfully bumped revision number for resource ef570a3f-81d0-4e0f-98ba-25fb76b9cc8f (type: security_group_rules) to 0
2026-05-25 01:52:18.227 10 INFO neutron.wsgi [None req-ca5780a8-1986-4d98-89ac-1fa7677669ac baef6177ba6b47a4bc0d590c5b281e81 f7130fc5f1b34b508094540ca351522e - - default default] 10.0.0.37 "PUT /v2.0/routers/d9e43df0-0145-4aca-91ff-b730bbb6172a/remove_router_interface HTTP/1.1" status: 200 len: 503 time: 1.1459677 /var/lib/openstack/lib/python3.10/site-packages/pycadf/identifier.py:71: UserWarning: Invalid uuid: neutron. To ensure interoperability, identifiers should be a valid uuid. warnings.warn(('Invalid uuid: %s. To ensure interoperability, '
2026-05-25 01:52:18.247 9 INFO neutron.wsgi [None req-c8aaa790-6d85-44af-a2d8-59113c053d23 baef6177ba6b47a4bc0d590c5b281e81 f7130fc5f1b34b508094540ca351522e - - default default] 10.0.0.37 "GET /v2.0/security-groups?tenant_id=fc77dd47779a482fa2e51ea12db51b77&name=default HTTP/1.1" status: 200 len: 2996 time: 0.4380422
2026-05-25 01:52:18.305 9 INFO neutron.wsgi [None req-01d816b1-75c7-470e-827c-ea94920c45eb baef6177ba6b47a4bc0d590c5b281e81 f7130fc5f1b34b508094540ca351522e - - default default] 10.0.0.37 "GET /v2.0/security-groups?tenant_id=26cf44a0a2a14d2da78013522417b6ef&name=default HTTP/1.1" status: 200 len: 2996 time: 0.0888507
2026-05-25 01:52:18.461 9 INFO neutron.wsgi [None req-f6538044-a7b8-4dfb-b6fe-5f0717a72786 baef6177ba6b47a4bc0d590c5b281e81 f7130fc5f1b34b508094540ca351522e - - default default] 10.0.0.37 "DELETE /v2.0/security-groups/a0e18656-e5c2-4416-b141-60112595e451 HTTP/1.1" status: 204 len: 168 time: 0.2100863
2026-05-25 01:52:18.622 10 INFO neutron.wsgi [None req-ed47acfc-45c9-4156-9245-3591b325a06a baef6177ba6b47a4bc0d590c5b281e81 f7130fc5f1b34b508094540ca351522e - - default default] 10.0.0.37 "DELETE /v2.0/security-groups/7666c81f-c9f9-4c0e-b4d2-0eaed198c4a7 HTTP/1.1" status: 204 len: 168 time: 0.3119903
2026-05-25 01:52:19.202 10 INFO neutron.wsgi [None req-8e02e348-4a02-4aa3-a7fc-b61025e2be94 baef6177ba6b47a4bc0d590c5b281e81 f7130fc5f1b34b508094540ca351522e - - default default] 10.0.0.37 "DELETE /v2.0/routers/d9e43df0-0145-4aca-91ff-b730bbb6172a HTTP/1.1" status: 204 len: 168 time: 0.9702740
2026-05-25 01:52:19.387 10 INFO neutron.wsgi [None req-1b139c23-2df9-4eca-9aff-6f97c3982aa5 baef6177ba6b47a4bc0d590c5b281e81 f7130fc5f1b34b508094540ca351522e - - default default] 10.0.0.37 "DELETE /v2.0/subnets/caedac01-9f9b-4b43-a5d6-81a3f09bfbf5 HTTP/1.1" status: 204 len: 168 time: 0.1818962
2026-05-25 01:52:19.739 10 INFO neutron.services.segments.plugin [-] Segment dfe8a2ef-9738-4028-b5e0-5474cfca4079 resource provider aggregate not found
