2026-05-25 01:52:19.745 10 INFO neutron.services.segments.plugin [-] Segment dfe8a2ef-9738-4028-b5e0-5474cfca4079 resource provider aggregate not found
2026-05-25 01:52:19.766 10 INFO neutron.services.segments.plugin [-] Segment dfe8a2ef-9738-4028-b5e0-5474cfca4079 resource provider not found; error: Placement Client Error (4xx): {"errors": [{"status": 404, "title": "Not Found", "detail": "The resource could not be found.\n\n No resource provider with uuid dfe8a2ef-9738-4028-b5e0-5474cfca4079 found for delete ", "request_id": "req-0a5df4cb-6678-438e-a31c-711edc95ccc9"}]}
2026-05-25 01:52:19.768 10 INFO neutron.services.segments.plugin [-] Segment dfe8a2ef-9738-4028-b5e0-5474cfca4079 resource provider not found; error: Placement Client Error (4xx): {"errors": [{"status": 404, "title": "Not Found", "detail": "The resource could not be found.\n\n No resource provider with uuid dfe8a2ef-9738-4028-b5e0-5474cfca4079 found for delete ", "request_id": "req-79dc4e86-6532-4d94-89ec-e4e589c56a19"}]}
2026-05-25 01:52:19.784 10 INFO neutron.wsgi [None req-7f91733d-939e-42b2-b137-4d391e19d965 baef6177ba6b47a4bc0d590c5b281e81 f7130fc5f1b34b508094540ca351522e - - default default] 10.0.0.37 "DELETE /v2.0/networks/8b085c9a-fa83-4746-925c-827a978821f8 HTTP/1.1" status: 204 len: 168 time: 0.3913913
2026-05-25 01:52:19.988 10 INFO neutron.wsgi [None req-3279e58a-1728-4046-becd-9e393bd791be baef6177ba6b47a4bc0d590c5b281e81 f7130fc5f1b34b508094540ca351522e - - default default] 10.0.0.37 "GET /v2.0/security-groups?tenant_id=06ddf906782b414dbe804fd875cc224e&name=default HTTP/1.1" status: 200 len: 2996 time: 0.0427794
2026-05-25 01:52:20.183 10 INFO neutron.wsgi [None req-daba7c73-6c87-4fe7-b7b7-c26ffc2634fc baef6177ba6b47a4bc0d590c5b281e81 f7130fc5f1b34b508094540ca351522e - - default default] 10.0.0.37 "DELETE /v2.0/security-groups/319acc6a-f229-4923-b6f6-56644bc1bd2f HTTP/1.1" status: 204 len: 168 time: 0.1853738
2026-05-25 01:52:20.500 10 INFO neutron.wsgi [-] 10.0.0.37 "GET / HTTP/1.1" status: 200 len: 279 time: 0.0032101
2026-05-25 01:52:20.670 10 INFO neutron.wsgi [None req-380ad991-40e1-44f6-8ab5-c019d080d470 b8e4401b8dd5457e8de3a1c68e9784e2 4a892783287a43e2af5769ecc68349a4 - - default default] 10.0.0.37 "GET /v2.0/ HTTP/1.1" status: 200 len: 826 time: 0.1650047
2026-05-25 01:52:21.498 10 INFO neutron.db.ovn_revision_numbers_db [None req-8535f155-018d-4482-9d74-17cb82d94ffd baef6177ba6b47a4bc0d590c5b281e81 f7130fc5f1b34b508094540ca351522e - - default default] Successfully bumped revision number for resource 4808a027-7cc5-4527-81ef-98b181844885 (type: security_groups) to 1
2026-05-25 01:52:21.525 10 INFO neutron.db.ovn_revision_numbers_db [None req-8535f155-018d-4482-9d74-17cb82d94ffd baef6177ba6b47a4bc0d590c5b281e81 f7130fc5f1b34b508094540ca351522e - - default default] Successfully bumped revision number for resource abca45f7-c52a-48ae-b451-92a985a00ead (type: security_group_rules) to 0
2026-05-25 01:52:21.538 10 INFO neutron.db.ovn_revision_numbers_db [None req-8535f155-018d-4482-9d74-17cb82d94ffd baef6177ba6b47a4bc0d590c5b281e81 f7130fc5f1b34b508094540ca351522e - - default default] Successfully bumped revision number for resource bdb26733-6639-43aa-a60c-632c4f1e838d (type: security_group_rules) to 0
2026-05-25 01:52:21.558 10 INFO neutron.db.ovn_revision_numbers_db [None req-8535f155-018d-4482-9d74-17cb82d94ffd baef6177ba6b47a4bc0d590c5b281e81 f7130fc5f1b34b508094540ca351522e - - default default] Successfully bumped revision number for resource c3130a51-bcfb-4ec9-bcaa-5e4e1d410325 (type: security_group_rules) to 0
2026-05-25 01:52:21.572 10 INFO neutron.db.ovn_revision_numbers_db [None req-8535f155-018d-4482-9d74-17cb82d94ffd baef6177ba6b47a4bc0d590c5b281e81 f7130fc5f1b34b508094540ca351522e - - default default] Successfully bumped revision number for resource d023ba06-baf7-49ae-8884-5117c4ab31da (type: security_group_rules) to 0
2026-05-25 01:52:21.601 10 WARNING neutron_lib.context [None req-1096d493-7c04-4c5f-8c8e-c9a119c6d4b2 6df61c74b58b4f1aa1beaef45c1bc2d5 b58d54e71a964df1a3adde5631c19bbb - - default default] Method 'is_advsvc' is deprecated since 2023.2 release (neutron-lib 3.8.0) and will be removed once support for the old RBAC API policies will be removed from Neutron. Please use method 'is_service_role' instead.
2026-05-25 01:52:21.617 10 INFO neutron.wsgi [None req-8535f155-018d-4482-9d74-17cb82d94ffd baef6177ba6b47a4bc0d590c5b281e81 f7130fc5f1b34b508094540ca351522e - - default default] 10.0.0.37 "GET /v2.0/security-groups?tenant_id=4a892783287a43e2af5769ecc68349a4&name=default HTTP/1.1" status: 200 len: 2996 time: 0.4433336
2026-05-25 01:52:21.773 10 INFO neutron.db.ovn_revision_numbers_db [None req-1096d493-7c04-4c5f-8c8e-c9a119c6d4b2 6df61c74b58b4f1aa1beaef45c1bc2d5 b58d54e71a964df1a3adde5631c19bbb - - default default] Successfully bumped revision number for resource 518a6d55-d21b-4f3c-a9da-562a6b07d6c6 (type: security_groups) to 1
2026-05-25 01:52:21.790 10 INFO neutron.db.ovn_revision_numbers_db [None req-1096d493-7c04-4c5f-8c8e-c9a119c6d4b2 6df61c74b58b4f1aa1beaef45c1bc2d5 b58d54e71a964df1a3adde5631c19bbb - - default default] Successfully bumped revision number for resource 1c775287-0b36-4216-99d1-5d3e3b38db61 (type: security_group_rules) to 0
2026-05-25 01:52:21.805 10 INFO neutron.db.ovn_revision_numbers_db [None req-1096d493-7c04-4c5f-8c8e-c9a119c6d4b2 6df61c74b58b4f1aa1beaef45c1bc2d5 b58d54e71a964df1a3adde5631c19bbb - - default default] Successfully bumped revision number for resource 77279f24-daeb-4642-8698-1efada15988f (type: security_group_rules) to 0
2026-05-25 01:52:21.821 10 INFO neutron.db.ovn_revision_numbers_db [None req-1096d493-7c04-4c5f-8c8e-c9a119c6d4b2 6df61c74b58b4f1aa1beaef45c1bc2d5 b58d54e71a964df1a3adde5631c19bbb - - default default] Successfully bumped revision number for resource a37e01bd-57b9-4659-b466-d46e46b73090 (type: security_group_rules) to 0
2026-05-25 01:52:21.838 10 INFO neutron.db.ovn_revision_numbers_db [None req-1096d493-7c04-4c5f-8c8e-c9a119c6d4b2 6df61c74b58b4f1aa1beaef45c1bc2d5 b58d54e71a964df1a3adde5631c19bbb - - default default] Successfully bumped revision number for resource f8f26ed0-b3ad-44a1-9f30-91e2ed1a7da6 (type: security_group_rules) to 0
2026-05-25 01:52:21.869 10 INFO neutron.wsgi [None req-15435c77-78b3-4676-a784-782cb2670a7f baef6177ba6b47a4bc0d590c5b281e81 f7130fc5f1b34b508094540ca351522e - - default default] 10.0.0.37 "DELETE /v2.0/security-groups/4808a027-7cc5-4527-81ef-98b181844885 HTTP/1.1" status: 204 len: 168 time: 0.2464707
2026-05-25 01:52:21.897 10 INFO neutron.db.segments_db [None req-1096d493-7c04-4c5f-8c8e-c9a119c6d4b2 6df61c74b58b4f1aa1beaef45c1bc2d5 b58d54e71a964df1a3adde5631c19bbb - - default default] Added segment 9bb41eda-d687-4a2d-b023-5cca627b154d of type geneve for network c1acc2d0-ee55-49dc-9c12-9d9dab41263f
2026-05-25 01:52:22.033 10 INFO neutron.db.ovn_revision_numbers_db [None req-1096d493-7c04-4c5f-8c8e-c9a119c6d4b2 6df61c74b58b4f1aa1beaef45c1bc2d5 b58d54e71a964df1a3adde5631c19bbb - - default default] Successfully bumped revision number for resource c1acc2d0-ee55-49dc-9c12-9d9dab41263f (type: networks) to 1
2026-05-25 01:52:22.244 10 WARNING neutron.scheduler.dhcp_agent_scheduler [None req-1096d493-7c04-4c5f-8c8e-c9a119c6d4b2 6df61c74b58b4f1aa1beaef45c1bc2d5 b58d54e71a964df1a3adde5631c19bbb - - default default] No more DHCP agents
2026-05-25 01:52:22.248 10 WARNING neutron.api.rpc.agentnotifiers.dhcp_rpc_agent_api [None req-1096d493-7c04-4c5f-8c8e-c9a119c6d4b2 6df61c74b58b4f1aa1beaef45c1bc2d5 b58d54e71a964df1a3adde5631c19bbb - - default default] Unable to schedule network c1acc2d0-ee55-49dc-9c12-9d9dab41263f: no agents available; will retry on subsequent port and subnet creation events.
2026-05-25 01:52:22.345 10 INFO neutron.db.ovn_revision_numbers_db [None req-1096d493-7c04-4c5f-8c8e-c9a119c6d4b2 6df61c74b58b4f1aa1beaef45c1bc2d5 b58d54e71a964df1a3adde5631c19bbb - - default default] Successfully bumped revision number for resource 0e6d61ad-2550-4a24-8cea-e78d326ec1c8 (type: ports) to 1
2026-05-25 01:52:22.368 10 INFO neutron.wsgi [None req-1096d493-7c04-4c5f-8c8e-c9a119c6d4b2 6df61c74b58b4f1aa1beaef45c1bc2d5 b58d54e71a964df1a3adde5631c19bbb - - default default] 10.0.0.37 "POST /v2.0/networks HTTP/1.1" status: 201 len: 831 time: 0.8949640
2026-05-25 01:52:22.381 10 WARNING neutron_lib.context [None req-1cddeb86-0777-4513-afd9-ca96e7cdb0f2 6df61c74b58b4f1aa1beaef45c1bc2d5 b58d54e71a964df1a3adde5631c19bbb - - default default] Method 'is_advsvc' is deprecated since 2023.2 release (neutron-lib 3.8.0) and will be removed once support for the old RBAC API policies will be removed from Neutron. Please use method 'is_service_role' instead.
2026-05-25 01:52:22.943 10 WARNING neutron.scheduler.dhcp_agent_scheduler [None req-1cddeb86-0777-4513-afd9-ca96e7cdb0f2 6df61c74b58b4f1aa1beaef45c1bc2d5 b58d54e71a964df1a3adde5631c19bbb - - default default] No more DHCP agents
2026-05-25 01:52:22.945 10 WARNING neutron.api.rpc.agentnotifiers.dhcp_rpc_agent_api [None req-1cddeb86-0777-4513-afd9-ca96e7cdb0f2 6df61c74b58b4f1aa1beaef45c1bc2d5 b58d54e71a964df1a3adde5631c19bbb - - default default] Unable to schedule network cde983e0-b7ea-4655-9953-6605f5ece5ea: no agents available; will retry on subsequent port and subnet creation events.
2026-05-25 01:52:23.111 10 INFO neutron.db.ovn_revision_numbers_db [None req-1cddeb86-0777-4513-afd9-ca96e7cdb0f2 6df61c74b58b4f1aa1beaef45c1bc2d5 b58d54e71a964df1a3adde5631c19bbb - - default default] Successfully bumped revision number for resource f6283148-7de1-49e7-bca6-ff780a473d27 (type: ports) to 1
2026-05-25 01:52:23.126 9 INFO neutron.db.ovn_revision_numbers_db [None req-000991f8-4f0c-483b-85be-3e8f89c76de0 baef6177ba6b47a4bc0d590c5b281e81 f7130fc5f1b34b508094540ca351522e - - default default] Successfully bumped revision number for resource b911055c-0271-443f-9dfe-ab54ac8b183d (type: security_groups) to 1
2026-05-25 01:52:23.142 9 INFO neutron.db.ovn_revision_numbers_db [None req-000991f8-4f0c-483b-85be-3e8f89c76de0 baef6177ba6b47a4bc0d590c5b281e81 f7130fc5f1b34b508094540ca351522e - - default default] Successfully bumped revision number for resource 86734af0-0bd7-4887-9842-15f031c11434 (type: security_group_rules) to 0
2026-05-25 01:52:23.156 9 INFO neutron.db.ovn_revision_numbers_db [None req-000991f8-4f0c-483b-85be-3e8f89c76de0 baef6177ba6b47a4bc0d590c5b281e81 f7130fc5f1b34b508094540ca351522e - - default default] Successfully bumped revision number for resource 93af6a9c-0c5c-41a0-9560-9d2bd0111c15 (type: security_group_rules) to 0
2026-05-25 01:52:23.174 9 INFO neutron.db.ovn_revision_numbers_db [None req-000991f8-4f0c-483b-85be-3e8f89c76de0 baef6177ba6b47a4bc0d590c5b281e81 f7130fc5f1b34b508094540ca351522e - - default default] Successfully bumped revision number for resource c0ab508b-e780-4d8a-9367-e4419929e5ec (type: security_group_rules) to 0
2026-05-25 01:52:23.189 9 INFO neutron.db.ovn_revision_numbers_db [None req-000991f8-4f0c-483b-85be-3e8f89c76de0 baef6177ba6b47a4bc0d590c5b281e81 f7130fc5f1b34b508094540ca351522e - - default default] Successfully bumped revision number for resource c75d389e-ba70-45c1-b3fe-a4b1682263ff (type: security_group_rules) to 0
2026-05-25 01:52:23.215 9 INFO neutron.wsgi [None req-000991f8-4f0c-483b-85be-3e8f89c76de0 baef6177ba6b47a4bc0d590c5b281e81 f7130fc5f1b34b508094540ca351522e - - default default] 10.0.0.37 "GET /v2.0/security-groups?tenant_id=3d15c1e01ba748fbb626b63058a72aec&name=default HTTP/1.1" status: 200 len: 2996 time: 0.3585730
2026-05-25 01:52:23.435 9 INFO neutron.wsgi [None req-cfb47c3b-af9d-4c7b-b121-f1df14bad388 baef6177ba6b47a4bc0d590c5b281e81 f7130fc5f1b34b508094540ca351522e - - default default] 10.0.0.37 "DELETE /v2.0/security-groups/b911055c-0271-443f-9dfe-ab54ac8b183d HTTP/1.1" status: 204 len: 168 time: 0.2059858
2026-05-25 01:52:23.957 9 INFO neutron.plugins.ml2.drivers.ovn.mech_driver.mech_driver [None req-2c1de30c-89f1-496d-a407-636249d36f82 - - - - - -] OVN reports status up for port: f6283148-7de1-49e7-bca6-ff780a473d27
2026-05-25 01:52:23.975 9 INFO neutron.plugins.ml2.drivers.ovn.mech_driver.ovsdb.ovsdb_monitor [None req-92d79873-812d-442b-ad11-8634e7e0c7af - - - - - -] Router c3e9611f-3be2-466f-90bc-592e9fb3c251 is bound to host instance
2026-05-25 01:52:23.978 9 INFO neutron.plugins.ml2.plugin [None req-2c1de30c-89f1-496d-a407-636249d36f82 - - - - - -] Attempt 1 to provision port f6283148-7de1-49e7-bca6-ff780a473d27
2026-05-25 01:52:24.002 10 INFO neutron.db.ovn_revision_numbers_db [None req-1cddeb86-0777-4513-afd9-ca96e7cdb0f2 6df61c74b58b4f1aa1beaef45c1bc2d5 b58d54e71a964df1a3adde5631c19bbb - - default default] Successfully bumped revision number for resource f6283148-7de1-49e7-bca6-ff780a473d27 (type: router_ports) to 1
2026-05-25 01:52:24.078 10 INFO neutron.db.ovn_revision_numbers_db [None req-1cddeb86-0777-4513-afd9-ca96e7cdb0f2 6df61c74b58b4f1aa1beaef45c1bc2d5 b58d54e71a964df1a3adde5631c19bbb - - default default] Successfully bumped revision number for resource c3e9611f-3be2-466f-90bc-592e9fb3c251 (type: routers) to 2
2026-05-25 01:52:24.093 10 INFO neutron.wsgi [None req-1cddeb86-0777-4513-afd9-ca96e7cdb0f2 6df61c74b58b4f1aa1beaef45c1bc2d5 b58d54e71a964df1a3adde5631c19bbb - - default default] 10.0.0.37 "POST /v2.0/routers HTTP/1.1" status: 201 len: 874 time: 1.7189767
2026-05-25 01:52:24.302 9 INFO neutron.wsgi [None req-61a63078-ebc6-4b7a-9442-7bef55b22320 32da254081c94409aab22752ddc51a61 eb3485a28b514bf9823f9a90f65a1f3b - - default default] 10.0.0.37 "GET /v2.0/subnets?project_id=b58d54e71a964df1a3adde5631c19bbb&cidr=10.100.0.0%2F28 HTTP/1.1" status: 200 len: 207 time: 0.2046394
2026-05-25 01:52:24.404 10 INFO neutron.wsgi [None req-4dce8f80-39c6-465f-a857-6a414534ca66 32da254081c94409aab22752ddc51a61 eb3485a28b514bf9823f9a90f65a1f3b - - default default] 10.0.0.37 "GET /v2.0/networks?router%3Aexternal=True HTTP/1.1" status: 200 len: 947 time: 0.0922599
2026-05-25 01:52:24.429 10 INFO neutron.wsgi [None req-f6264fc8-aaa8-4b6b-86c8-906b9a07cef6 32da254081c94409aab22752ddc51a61 eb3485a28b514bf9823f9a90f65a1f3b - - default default] 10.0.0.37 "GET /v2.0/subnets?network_id=cde983e0-b7ea-4655-9953-6605f5ece5ea&cidr=10.100.0.0%2F28 HTTP/1.1" status: 200 len: 207 time: 0.0213084
2026-05-25 01:52:24.441 10 WARNING neutron_lib.context [None req-d1ce0f3d-4c4a-4baf-a2de-d5f3525647b4 6df61c74b58b4f1aa1beaef45c1bc2d5 b58d54e71a964df1a3adde5631c19bbb - - default default] Method 'is_advsvc' is deprecated since 2023.2 release (neutron-lib 3.8.0) and will be removed once support for the old RBAC API policies will be removed from Neutron. Please use method 'is_service_role' instead.
2026-05-25 01:52:24.488 9 INFO neutron.db.ovn_revision_numbers_db [None req-92d79873-812d-442b-ad11-8634e7e0c7af - - - - - -] Successfully bumped revision number for resource f6283148-7de1-49e7-bca6-ff780a473d27 (type: ports) to 1
2026-05-25 01:52:24.668 10 WARNING neutron.scheduler.dhcp_agent_scheduler [None req-d1ce0f3d-4c4a-4baf-a2de-d5f3525647b4 6df61c74b58b4f1aa1beaef45c1bc2d5 b58d54e71a964df1a3adde5631c19bbb - - default default] No more DHCP agents
2026-05-25 01:52:24.679 10 WARNING neutron.api.rpc.agentnotifiers.dhcp_rpc_agent_api [None req-d1ce0f3d-4c4a-4baf-a2de-d5f3525647b4 6df61c74b58b4f1aa1beaef45c1bc2d5 b58d54e71a964df1a3adde5631c19bbb - - default default] Unable to schedule network c1acc2d0-ee55-49dc-9c12-9d9dab41263f: no agents available; will retry on subsequent port and subnet creation events.
2026-05-25 01:52:24.699 9 INFO neutron.db.ovn_revision_numbers_db [None req-92d79873-812d-442b-ad11-8634e7e0c7af - - - - - -] Successfully bumped revision number for resource f6283148-7de1-49e7-bca6-ff780a473d27 (type: router_ports) to 3
2026-05-25 01:52:24.880 9 INFO neutron.db.ovn_revision_numbers_db [None req-92d79873-812d-442b-ad11-8634e7e0c7af - - - - - -] Successfully bumped revision number for resource f6283148-7de1-49e7-bca6-ff780a473d27 (type: ports) to 2
2026-05-25 01:52:25.118 9 INFO neutron.db.ovn_revision_numbers_db [None req-92d79873-812d-442b-ad11-8634e7e0c7af - - - - - -] Successfully bumped revision number for resource f6283148-7de1-49e7-bca6-ff780a473d27 (type: ports) to 4
2026-05-25 01:52:25.181 10 INFO neutron.db.ovn_revision_numbers_db [None req-d1ce0f3d-4c4a-4baf-a2de-d5f3525647b4 6df61c74b58b4f1aa1beaef45c1bc2d5 b58d54e71a964df1a3adde5631c19bbb - - default default] Successfully bumped revision number for resource 0e6d61ad-2550-4a24-8cea-e78d326ec1c8 (type: ports) to 2
2026-05-25 01:52:25.221 10 INFO neutron.db.ovn_revision_numbers_db [None req-d1ce0f3d-4c4a-4baf-a2de-d5f3525647b4 6df61c74b58b4f1aa1beaef45c1bc2d5 b58d54e71a964df1a3adde5631c19bbb - - default default] Successfully bumped revision number for resource df0306e4-2e50-4b11-8ab7-785d2e5f597b (type: subnets) to 0
2026-05-25 01:52:25.235 10 INFO neutron.wsgi [None req-d1ce0f3d-4c4a-4baf-a2de-d5f3525647b4 6df61c74b58b4f1aa1beaef45c1bc2d5 b58d54e71a964df1a3adde5631c19bbb - - default default] 10.0.0.37 "POST /v2.0/subnets HTTP/1.1" status: 201 len: 832 time: 0.7983308
2026-05-25 01:52:25.303 9 INFO neutron.db.ovn_revision_numbers_db [None req-92d79873-812d-442b-ad11-8634e7e0c7af - - - - - -] Successfully bumped revision number for resource f6283148-7de1-49e7-bca6-ff780a473d27 (type: router_ports) to 4
2026-05-25 01:52:25.828 10 WARNING neutron.scheduler.dhcp_agent_scheduler [None req-a3ad586e-d114-4ba9-a829-408c1856b348 6df61c74b58b4f1aa1beaef45c1bc2d5 b58d54e71a964df1a3adde5631c19bbb - - default default] No more DHCP agents
2026-05-25 01:52:25.832 10 WARNING neutron.api.rpc.agentnotifiers.dhcp_rpc_agent_api [None req-a3ad586e-d114-4ba9-a829-408c1856b348 6df61c74b58b4f1aa1beaef45c1bc2d5 b58d54e71a964df1a3adde5631c19bbb - - default default] Unable to schedule network c1acc2d0-ee55-49dc-9c12-9d9dab41263f: no agents available; will retry on subsequent port and subnet creation events.
2026-05-25 01:52:26.018 10 INFO neutron.db.ovn_revision_numbers_db [None req-a3ad586e-d114-4ba9-a829-408c1856b348 6df61c74b58b4f1aa1beaef45c1bc2d5 b58d54e71a964df1a3adde5631c19bbb - - default default] Successfully bumped revision number for resource 7790d33c-bcac-4a4e-a56e-b4b42faf0856 (type: ports) to 1
2026-05-25 01:52:26.565 9 INFO neutron.plugins.ml2.drivers.ovn.mech_driver.mech_driver [None req-2c1de30c-89f1-496d-a407-636249d36f82 - - - - - -] OVN reports status up for port: 7790d33c-bcac-4a4e-a56e-b4b42faf0856
2026-05-25 01:52:26.572 9 INFO neutron.plugins.ml2.plugin [None req-2c1de30c-89f1-496d-a407-636249d36f82 - - - - - -] Attempt 1 to provision port 7790d33c-bcac-4a4e-a56e-b4b42faf0856
2026-05-25 01:52:26.599 10 INFO neutron.db.ovn_revision_numbers_db [None req-a3ad586e-d114-4ba9-a829-408c1856b348 6df61c74b58b4f1aa1beaef45c1bc2d5 b58d54e71a964df1a3adde5631c19bbb - - default default] Successfully bumped revision number for resource 7790d33c-bcac-4a4e-a56e-b4b42faf0856 (type: router_ports) to 1
2026-05-25 01:52:26.792 10 INFO neutron.db.ovn_revision_numbers_db [None req-a3ad586e-d114-4ba9-a829-408c1856b348 6df61c74b58b4f1aa1beaef45c1bc2d5 b58d54e71a964df1a3adde5631c19bbb - - default default] Successfully bumped revision number for resource 7790d33c-bcac-4a4e-a56e-b4b42faf0856 (type: ports) to 1
2026-05-25 01:52:26.836 9 INFO neutron.db.ovn_revision_numbers_db [None req-2c1de30c-89f1-496d-a407-636249d36f82 - - - - - -] Successfully bumped revision number for resource 7790d33c-bcac-4a4e-a56e-b4b42faf0856 (type: ports) to 2
2026-05-25 01:52:26.893 10 WARNING neutron.scheduler.dhcp_agent_scheduler [None req-a3ad586e-d114-4ba9-a829-408c1856b348 6df61c74b58b4f1aa1beaef45c1bc2d5 b58d54e71a964df1a3adde5631c19bbb - - default default] No more DHCP agents
2026-05-25 01:52:26.895 10 WARNING neutron.api.rpc.agentnotifiers.dhcp_rpc_agent_api [None req-a3ad586e-d114-4ba9-a829-408c1856b348 6df61c74b58b4f1aa1beaef45c1bc2d5 b58d54e71a964df1a3adde5631c19bbb - - default default] Unable to schedule network c1acc2d0-ee55-49dc-9c12-9d9dab41263f: no agents available; will retry on subsequent port and subnet creation events.
2026-05-25 01:52:26.912 9 INFO neutron.db.ovn_revision_numbers_db [None req-2c1de30c-89f1-496d-a407-636249d36f82 - - - - - -] Successfully bumped revision number for resource 7790d33c-bcac-4a4e-a56e-b4b42faf0856 (type: router_ports) to 2
2026-05-25 01:52:27.180 10 INFO neutron.db.ovn_revision_numbers_db [None req-a3ad586e-d114-4ba9-a829-408c1856b348 6df61c74b58b4f1aa1beaef45c1bc2d5 b58d54e71a964df1a3adde5631c19bbb - - default default] Successfully bumped revision number for resource 7790d33c-bcac-4a4e-a56e-b4b42faf0856 (type: router_ports) to 2
2026-05-25 01:52:27.184 10 INFO neutron.wsgi [None req-a3ad586e-d114-4ba9-a829-408c1856b348 6df61c74b58b4f1aa1beaef45c1bc2d5 b58d54e71a964df1a3adde5631c19bbb - - default default] 10.0.0.37 "PUT /v2.0/routers/c3e9611f-3be2-466f-90bc-592e9fb3c251/add_router_interface HTTP/1.1" status: 200 len: 503 time: 1.9436624
2026-05-25 01:52:27.282 10 INFO neutron.wsgi [None req-28a96f7d-a302-4bec-9680-2369c5e1a3e0 32da254081c94409aab22752ddc51a61 eb3485a28b514bf9823f9a90f65a1f3b - - default default] 10.0.0.37 "GET /v2.0/networks HTTP/1.1" status: 200 len: 3114 time: 0.0940323
2026-05-25 01:52:27.327 9 INFO neutron.wsgi [None req-c6a5d1eb-55b4-41de-be28-d65dbd9c44fc 32da254081c94409aab22752ddc51a61 eb3485a28b514bf9823f9a90f65a1f3b - - default default] 10.0.0.37 "GET /v2.0/subnets HTTP/1.1" status: 200 len: 2097 time: 0.0392632
2026-05-25 01:52:27.433 9 INFO neutron.wsgi [None req-a932b46b-63bf-4a5e-ba9a-7e13d44d3595 32da254081c94409aab22752ddc51a61 eb3485a28b514bf9823f9a90f65a1f3b - - default default] 10.0.0.37 "GET /v2.0/routers HTTP/1.1" status: 200 len: 878 time: 0.0928907
2026-05-25 01:52:27.493 10 WARNING neutron_lib.context [None req-c383b3ce-0deb-4a4a-b9aa-dae7e97f707d 6df61c74b58b4f1aa1beaef45c1bc2d5 b58d54e71a964df1a3adde5631c19bbb - - default default] Method 'is_advsvc' is deprecated since 2023.2 release (neutron-lib 3.8.0) and will be removed once support for the old RBAC API policies will be removed from Neutron. Please use method 'is_service_role' instead.
2026-05-25 01:52:27.612 10 INFO neutron.db.ovn_revision_numbers_db [None req-c383b3ce-0deb-4a4a-b9aa-dae7e97f707d 6df61c74b58b4f1aa1beaef45c1bc2d5 b58d54e71a964df1a3adde5631c19bbb - - default default] Successfully bumped revision number for resource af6258bf-95c2-4ec2-b9ff-c5a4787f0eff (type: security_groups) to 1
2026-05-25 01:52:27.626 10 INFO neutron.db.ovn_revision_numbers_db [None req-c383b3ce-0deb-4a4a-b9aa-dae7e97f707d 6df61c74b58b4f1aa1beaef45c1bc2d5 b58d54e71a964df1a3adde5631c19bbb - - default default] Successfully bumped revision number for resource 3ad98e81-7c25-4f62-a958-c57440e2a9c5 (type: security_group_rules) to 0
2026-05-25 01:52:27.639 10 INFO neutron.db.ovn_revision_numbers_db [None req-c383b3ce-0deb-4a4a-b9aa-dae7e97f707d 6df61c74b58b4f1aa1beaef45c1bc2d5 b58d54e71a964df1a3adde5631c19bbb - - default default] Successfully bumped revision number for resource 810e5661-0341-4cb1-8e47-6ba5222e6514 (type: security_group_rules) to 0
2026-05-25 01:52:27.660 10 INFO neutron.wsgi [None req-c383b3ce-0deb-4a4a-b9aa-dae7e97f707d 6df61c74b58b4f1aa1beaef45c1bc2d5 b58d54e71a964df1a3adde5631c19bbb - - default default] 10.0.0.37 "POST /v2.0/security-groups HTTP/1.1" status: 201 len: 1811 time: 0.1747262
2026-05-25 01:52:27.668 10 WARNING neutron_lib.context [None req-94d5f1e9-7f95-4345-bc84-b509b06cebcd 6df61c74b58b4f1aa1beaef45c1bc2d5 b58d54e71a964df1a3adde5631c19bbb - - default default] Method 'is_advsvc' is deprecated since 2023.2 release (neutron-lib 3.8.0) and will be removed once support for the old RBAC API policies will be removed from Neutron. Please use method 'is_service_role' instead.
2026-05-25 01:52:27.814 9 INFO neutron.db.ovn_revision_numbers_db [None req-c8d61a34-39ec-4e7d-b864-6c76719221c4 baef6177ba6b47a4bc0d590c5b281e81 f7130fc5f1b34b508094540ca351522e - - default default] Successfully bumped revision number for resource 107c4e4b-fd0e-4933-9aed-d71de2b42749 (type: security_groups) to 1
2026-05-25 01:52:27.834 9 INFO neutron.db.ovn_revision_numbers_db [None req-c8d61a34-39ec-4e7d-b864-6c76719221c4 baef6177ba6b47a4bc0d590c5b281e81 f7130fc5f1b34b508094540ca351522e - - default default] Successfully bumped revision number for resource 31d0510e-35a5-4ed0-b52f-21f3b2708306 (type: security_group_rules) to 0
2026-05-25 01:52:27.834 10 INFO neutron.db.ovn_revision_numbers_db [None req-94d5f1e9-7f95-4345-bc84-b509b06cebcd 6df61c74b58b4f1aa1beaef45c1bc2d5 b58d54e71a964df1a3adde5631c19bbb - - default default] Successfully bumped revision number for resource 7a07b2ec-9b7e-4384-b07b-63caa3a25ea2 (type: security_group_rules) to 0
2026-05-25 01:52:27.846 9 INFO neutron.wsgi [-] 10.0.0.250 "GET / HTTP/1.1" status: 200 len: 246 time: 0.0021105
2026-05-25 01:52:27.848 9 INFO neutron.wsgi [-] 10.0.0.250 "GET / HTTP/1.1" status: 200 len: 246 time: 0.0010266
2026-05-25 01:52:27.851 9 INFO neutron.db.ovn_revision_numbers_db [None req-c8d61a34-39ec-4e7d-b864-6c76719221c4 baef6177ba6b47a4bc0d590c5b281e81 f7130fc5f1b34b508094540ca351522e - - default default] Successfully bumped revision number for resource cdde0bcc-a9f8-41fc-bce7-23179f5e652d (type: security_group_rules) to 0
2026-05-25 01:52:27.851 10 INFO neutron.db.ovn_revision_numbers_db [None req-b656cab4-3f0f-4ab7-a49b-4c335646b6ee baef6177ba6b47a4bc0d590c5b281e81 f7130fc5f1b34b508094540ca351522e - - default default] Successfully bumped revision number for resource c9324c7f-be7d-49ae-ba06-dc6706243c61 (type: security_groups) to 1
2026-05-25 01:52:27.861 10 INFO neutron.wsgi [None req-94d5f1e9-7f95-4345-bc84-b509b06cebcd 6df61c74b58b4f1aa1beaef45c1bc2d5 b58d54e71a964df1a3adde5631c19bbb - - default default] 10.0.0.37 "POST /v2.0/security-group-rules HTTP/1.1" status: 201 len: 764 time: 0.1967971
2026-05-25 01:52:27.866 9 INFO neutron.db.ovn_revision_numbers_db [None req-c8d61a34-39ec-4e7d-b864-6c76719221c4 baef6177ba6b47a4bc0d590c5b281e81 f7130fc5f1b34b508094540ca351522e - - default default] Successfully bumped revision number for resource d31c2b1a-91a1-4f6c-b14b-d21fd5f2be32 (type: security_group_rules) to 0
2026-05-25 01:52:27.871 10 WARNING neutron_lib.context [None req-e2ba8590-d583-40f5-812a-aca9af6b8d1d 6df61c74b58b4f1aa1beaef45c1bc2d5 b58d54e71a964df1a3adde5631c19bbb - - default default] Method 'is_advsvc' is deprecated since 2023.2 release (neutron-lib 3.8.0) and will be removed once support for the old RBAC API policies will be removed from Neutron. Please use method 'is_service_role' instead.
2026-05-25 01:52:27.874 10 INFO neutron.db.ovn_revision_numbers_db [None req-b656cab4-3f0f-4ab7-a49b-4c335646b6ee baef6177ba6b47a4bc0d590c5b281e81 f7130fc5f1b34b508094540ca351522e - - default default] Successfully bumped revision number for resource 0408d052-de01-45be-b9c6-66615d88b8ea (type: security_group_rules) to 0
2026-05-25 01:52:27.879 9 INFO neutron.db.ovn_revision_numbers_db [None req-c8d61a34-39ec-4e7d-b864-6c76719221c4 baef6177ba6b47a4bc0d590c5b281e81 f7130fc5f1b34b508094540ca351522e - - default default] Successfully bumped revision number for resource f2d55fc0-95c6-486d-9919-718b3737d2c3 (type: security_group_rules) to 0
2026-05-25 01:52:27.888 10 INFO neutron.db.ovn_revision_numbers_db [None req-b656cab4-3f0f-4ab7-a49b-4c335646b6ee baef6177ba6b47a4bc0d590c5b281e81 f7130fc5f1b34b508094540ca351522e - - default default] Successfully bumped revision number for resource 20167e55-e91e-4567-8f4a-c9844a47668d (type: security_group_rules) to 0
2026-05-25 01:52:27.903 9 INFO neutron.wsgi [None req-c8d61a34-39ec-4e7d-b864-6c76719221c4 baef6177ba6b47a4bc0d590c5b281e81 f7130fc5f1b34b508094540ca351522e - - default default] 10.0.0.37 "GET /v2.0/security-groups?tenant_id=683c5a16c6074f969eee9a61b5659fe0&name=default HTTP/1.1" status: 200 len: 2996 time: 0.3030059
2026-05-25 01:52:27.903 10 INFO neutron.db.ovn_revision_numbers_db [None req-b656cab4-3f0f-4ab7-a49b-4c335646b6ee baef6177ba6b47a4bc0d590c5b281e81 f7130fc5f1b34b508094540ca351522e - - default default] Successfully bumped revision number for resource b6537c47-6080-4865-ab49-37cdad958555 (type: security_group_rules) to 0
2026-05-25 01:52:27.919 10 INFO neutron.db.ovn_revision_numbers_db [None req-b656cab4-3f0f-4ab7-a49b-4c335646b6ee baef6177ba6b47a4bc0d590c5b281e81 f7130fc5f1b34b508094540ca351522e - - default default] Successfully bumped revision number for resource d7bbaa82-364c-4fab-a975-fb5d3f7d9277 (type: security_group_rules) to 0
2026-05-25 01:52:27.945 10 INFO neutron.wsgi [None req-b656cab4-3f0f-4ab7-a49b-4c335646b6ee baef6177ba6b47a4bc0d590c5b281e81 f7130fc5f1b34b508094540ca351522e - - default default] 10.0.0.37 "GET /v2.0/security-groups?tenant_id=ba3c678c52df49c49f72135a69e2a141&name=default HTTP/1.1" status: 200 len: 2996 time: 0.3940454
2026-05-25 01:52:28.019 10 INFO neutron.db.ovn_revision_numbers_db [None req-e2ba8590-d583-40f5-812a-aca9af6b8d1d 6df61c74b58b4f1aa1beaef45c1bc2d5 b58d54e71a964df1a3adde5631c19bbb - - default default] Successfully bumped revision number for resource ea68596c-e30d-4032-a7ee-16fd1619ac52 (type: security_group_rules) to 0
2026-05-25 01:52:28.052 10 INFO neutron.wsgi [None req-e2ba8590-d583-40f5-812a-aca9af6b8d1d 6df61c74b58b4f1aa1beaef45c1bc2d5 b58d54e71a964df1a3adde5631c19bbb - - default default] 10.0.0.37 "POST /v2.0/security-group-rules HTTP/1.1" status: 201 len: 763 time: 0.1848197
2026-05-25 01:52:28.060 9 WARNING neutron_lib.context [None req-3f3fdd4c-30d5-4efc-b1d2-3f2939bf3419 6df61c74b58b4f1aa1beaef45c1bc2d5 b58d54e71a964df1a3adde5631c19bbb - - default default] Method 'is_advsvc' is deprecated since 2023.2 release (neutron-lib 3.8.0) and will be removed once support for the old RBAC API policies will be removed from Neutron. Please use method 'is_service_role' instead.
2026-05-25 01:52:28.106 9 INFO neutron.wsgi [None req-23799b36-255a-445b-b4a5-d0c1c78f6bb7 baef6177ba6b47a4bc0d590c5b281e81 f7130fc5f1b34b508094540ca351522e - - default default] 10.0.0.37 "DELETE /v2.0/security-groups/107c4e4b-fd0e-4933-9aed-d71de2b42749 HTTP/1.1" status: 204 len: 168 time: 0.1981742
2026-05-25 01:52:28.166 10 INFO neutron.wsgi [None req-d13308d9-fa6f-447c-8ad9-340c2063b612 baef6177ba6b47a4bc0d590c5b281e81 f7130fc5f1b34b508094540ca351522e - - default default] 10.0.0.37 "DELETE /v2.0/security-groups/c9324c7f-be7d-49ae-ba06-dc6706243c61 HTTP/1.1" status: 204 len: 168 time: 0.2163174
2026-05-25 01:52:28.187 9 INFO neutron.db.ovn_revision_numbers_db [None req-3f3fdd4c-30d5-4efc-b1d2-3f2939bf3419 6df61c74b58b4f1aa1beaef45c1bc2d5 b58d54e71a964df1a3adde5631c19bbb - - default default] Successfully bumped revision number for resource ff5e77ca-2e5b-4101-a2f7-a252656be0db (type: security_group_rules) to 0
2026-05-25 01:52:28.218 9 INFO neutron.wsgi [None req-3f3fdd4c-30d5-4efc-b1d2-3f2939bf3419 6df61c74b58b4f1aa1beaef45c1bc2d5 b58d54e71a964df1a3adde5631c19bbb - - default default] 10.0.0.37 "POST /v2.0/security-group-rules HTTP/1.1" status: 201 len: 769 time: 0.1623120
2026-05-25 01:52:28.229 9 WARNING neutron_lib.context [None req-0bcb8631-3ae3-4d24-b8c8-9934ec2f6e38 6df61c74b58b4f1aa1beaef45c1bc2d5 b58d54e71a964df1a3adde5631c19bbb - - default default] Method 'is_advsvc' is deprecated since 2023.2 release (neutron-lib 3.8.0) and will be removed once support for the old RBAC API policies will be removed from Neutron. Please use method 'is_service_role' instead.
2026-05-25 01:52:28.341 10 INFO neutron.db.ovn_revision_numbers_db [None req-8e928aa4-5fef-4a67-a861-1dd7fd59410b baef6177ba6b47a4bc0d590c5b281e81 f7130fc5f1b34b508094540ca351522e - - default default] Successfully bumped revision number for resource dde2e86b-d2fb-48eb-a10d-77e6bdbaadf2 (type: security_groups) to 1
2026-05-25 01:52:28.357 10 INFO neutron.db.ovn_revision_numbers_db [None req-8e928aa4-5fef-4a67-a861-1dd7fd59410b baef6177ba6b47a4bc0d590c5b281e81 f7130fc5f1b34b508094540ca351522e - - default default] Successfully bumped revision number for resource 2bed6c94-433a-4581-923c-d4a4517ff7fe (type: security_group_rules) to 0
2026-05-25 01:52:28.367 9 INFO neutron.db.ovn_revision_numbers_db [None req-0bcb8631-3ae3-4d24-b8c8-9934ec2f6e38 6df61c74b58b4f1aa1beaef45c1bc2d5 b58d54e71a964df1a3adde5631c19bbb - - default default] Successfully bumped revision number for resource ec22ddc8-cb26-438f-9081-1ed0f0e6ab81 (type: security_group_rules) to 0
2026-05-25 01:52:28.371 10 INFO neutron.db.ovn_revision_numbers_db [None req-8e928aa4-5fef-4a67-a861-1dd7fd59410b baef6177ba6b47a4bc0d590c5b281e81 f7130fc5f1b34b508094540ca351522e - - default default] Successfully bumped revision number for resource 587a497c-f9d4-4b9b-beab-3483c6ce0624 (type: security_group_rules) to 0
2026-05-25 01:52:28.387 10 INFO neutron.db.ovn_revision_numbers_db [None req-8e928aa4-5fef-4a67-a861-1dd7fd59410b baef6177ba6b47a4bc0d590c5b281e81 f7130fc5f1b34b508094540ca351522e - - default default] Successfully bumped revision number for resource d250bcc4-1aa4-4e8e-8de4-c3e86793b00d (type: security_group_rules) to 0
2026-05-25 01:52:28.397 9 INFO neutron.wsgi [None req-0bcb8631-3ae3-4d24-b8c8-9934ec2f6e38 6df61c74b58b4f1aa1beaef45c1bc2d5 b58d54e71a964df1a3adde5631c19bbb - - default default] 10.0.0.37 "POST /v2.0/security-group-rules HTTP/1.1" status: 201 len: 768 time: 0.1742876
2026-05-25 01:52:28.404 10 INFO neutron.db.ovn_revision_numbers_db [None req-8e928aa4-5fef-4a67-a861-1dd7fd59410b baef6177ba6b47a4bc0d590c5b281e81 f7130fc5f1b34b508094540ca351522e - - default default] Successfully bumped revision number for resource d6be4afc-a237-446d-9495-b49472488abf (type: security_group_rules) to 0
2026-05-25 01:52:28.409 9 WARNING neutron_lib.context [None req-22c9676b-172c-417b-bbb0-e4e8fa1e4980 6df61c74b58b4f1aa1beaef45c1bc2d5 b58d54e71a964df1a3adde5631c19bbb - - default default] Method 'is_advsvc' is deprecated since 2023.2 release (neutron-lib 3.8.0) and will be removed once support for the old RBAC API policies will be removed from Neutron. Please use method 'is_service_role' instead.
2026-05-25 01:52:28.432 10 INFO neutron.wsgi [None req-8e928aa4-5fef-4a67-a861-1dd7fd59410b baef6177ba6b47a4bc0d590c5b281e81 f7130fc5f1b34b508094540ca351522e - - default default] 10.0.0.37 "GET /v2.0/security-groups?tenant_id=2da38953c16e4494bd337a9b02ebeb28&name=default HTTP/1.1" status: 200 len: 2996 time: 0.2184057
2026-05-25 01:52:28.437 9 INFO neutron.db.securitygroups_db [None req-22c9676b-172c-417b-bbb0-e4e8fa1e4980 6df61c74b58b4f1aa1beaef45c1bc2d5 b58d54e71a964df1a3adde5631c19bbb - - default default] Project b58d54e71a964df1a3adde5631c19bbb added a security group rule with legacy IPv6 ICMP protocol name icmp, ipv6-icmp should be used instead. It was automatically converted.
2026-05-25 01:52:28.445 9 INFO neutron.db.ovn_revision_numbers_db [None req-f93cacda-fac5-4ca7-a88b-381a1bb66498 baef6177ba6b47a4bc0d590c5b281e81 f7130fc5f1b34b508094540ca351522e - - default default] Successfully bumped revision number for resource 16a05aa1-c17c-47e4-90d9-a9114614e4cf (type: security_groups) to 1
2026-05-25 01:52:28.481 9 INFO neutron.db.ovn_revision_numbers_db [None req-f93cacda-fac5-4ca7-a88b-381a1bb66498 baef6177ba6b47a4bc0d590c5b281e81 f7130fc5f1b34b508094540ca351522e - - default default] Successfully bumped revision number for resource 2e530c38-29d4-4332-a51a-e03c41c9071d (type: security_group_rules) to 0
2026-05-25 01:52:28.505 9 INFO neutron.db.ovn_revision_numbers_db [None req-f93cacda-fac5-4ca7-a88b-381a1bb66498 baef6177ba6b47a4bc0d590c5b281e81 f7130fc5f1b34b508094540ca351522e - - default default] Successfully bumped revision number for resource 4a6cf962-d123-4ebe-a34e-c466c8d24b7a (type: security_group_rules) to 0
2026-05-25 01:52:28.531 9 INFO neutron.db.ovn_revision_numbers_db [None req-f93cacda-fac5-4ca7-a88b-381a1bb66498 baef6177ba6b47a4bc0d590c5b281e81 f7130fc5f1b34b508094540ca351522e - - default default] Successfully bumped revision number for resource 5f872194-dca7-44e0-97ec-f647154ad97c (type: security_group_rules) to 0
2026-05-25 01:52:28.560 9 INFO neutron.db.ovn_revision_numbers_db [None req-f93cacda-fac5-4ca7-a88b-381a1bb66498 baef6177ba6b47a4bc0d590c5b281e81 f7130fc5f1b34b508094540ca351522e - - default default] Successfully bumped revision number for resource a4b5ef58-e8ff-4aac-a11a-5b62ed353fb5 (type: security_group_rules) to 0
2026-05-25 01:52:28.595 9 INFO neutron.wsgi [None req-f93cacda-fac5-4ca7-a88b-381a1bb66498 baef6177ba6b47a4bc0d590c5b281e81 f7130fc5f1b34b508094540ca351522e - - default default] 10.0.0.37 "GET /v2.0/security-groups?tenant_id=a3140211847549ba8c902055017fb36c&name=default HTTP/1.1" status: 200 len: 2996 time: 0.2883327
2026-05-25 01:52:28.626 9 INFO neutron.db.ovn_revision_numbers_db [None req-22c9676b-172c-417b-bbb0-e4e8fa1e4980 6df61c74b58b4f1aa1beaef45c1bc2d5 b58d54e71a964df1a3adde5631c19bbb - - default default] Successfully bumped revision number for resource 5330e834-d499-4818-921c-fe290e5ab213 (type: security_group_rules) to 0
2026-05-25 01:52:28.659 9 INFO neutron.wsgi [None req-22c9676b-172c-417b-bbb0-e4e8fa1e4980 6df61c74b58b4f1aa1beaef45c1bc2d5 b58d54e71a964df1a3adde5631c19bbb - - default default] 10.0.0.37 "POST /v2.0/security-group-rules HTTP/1.1" status: 201 len: 774 time: 0.2558012
2026-05-25 01:52:28.668 9 WARNING neutron_lib.context [None req-033abf69-94fa-4595-b61d-25061f74394d 6df61c74b58b4f1aa1beaef45c1bc2d5 b58d54e71a964df1a3adde5631c19bbb - - default default] Method 'is_advsvc' is deprecated since 2023.2 release (neutron-lib 3.8.0) and will be removed once support for the old RBAC API policies will be removed from Neutron. Please use method 'is_service_role' instead.
2026-05-25 01:52:28.690 9 INFO neutron.db.securitygroups_db [None req-033abf69-94fa-4595-b61d-25061f74394d 6df61c74b58b4f1aa1beaef45c1bc2d5 b58d54e71a964df1a3adde5631c19bbb - - default default] Project b58d54e71a964df1a3adde5631c19bbb added a security group rule with legacy IPv6 ICMP protocol name icmp, ipv6-icmp should be used instead. It was automatically converted.
2026-05-25 01:52:28.737 9 INFO neutron.wsgi [None req-38190016-5ae0-42ca-8ae9-4b7f6d34ac24 baef6177ba6b47a4bc0d590c5b281e81 f7130fc5f1b34b508094540ca351522e - - default default] 10.0.0.37 "DELETE /v2.0/security-groups/dde2e86b-d2fb-48eb-a10d-77e6bdbaadf2 HTTP/1.1" status: 204 len: 168 time: 0.3003089
2026-05-25 01:52:28.788 9 INFO neutron.db.ovn_revision_numbers_db [None req-033abf69-94fa-4595-b61d-25061f74394d 6df61c74b58b4f1aa1beaef45c1bc2d5 b58d54e71a964df1a3adde5631c19bbb - - default default] Successfully bumped revision number for resource 6e87bf03-df23-4fbf-8acb-48bfdb3e5432 (type: security_group_rules) to 0
2026-05-25 01:52:28.811 9 INFO neutron.wsgi [None req-033abf69-94fa-4595-b61d-25061f74394d 6df61c74b58b4f1aa1beaef45c1bc2d5 b58d54e71a964df1a3adde5631c19bbb - - default default] 10.0.0.37 "POST /v2.0/security-group-rules HTTP/1.1" status: 201 len: 773 time: 0.1466806
2026-05-25 01:52:29.079 10 INFO neutron.wsgi [None req-bbd76dbc-b89e-494e-8748-45390a7dcd3e baef6177ba6b47a4bc0d590c5b281e81 f7130fc5f1b34b508094540ca351522e - - default default] 10.0.0.37 "DELETE /v2.0/security-groups/16a05aa1-c17c-47e4-90d9-a9114614e4cf HTTP/1.1" status: 204 len: 168 time: 0.4771626
2026-05-25 01:52:29.471 10 INFO neutron.wsgi [None req-984ab53a-dea4-4c63-8325-3f810958653a 6df61c74b58b4f1aa1beaef45c1bc2d5 b58d54e71a964df1a3adde5631c19bbb - - default default] 10.0.0.37 "GET /v2.0/networks HTTP/1.1" status: 200 len: 1492 time: 0.2913973
2026-05-25 01:52:29.580 10 INFO neutron.wsgi [req-a6991cac-ea06-4ad0-bcf1-1df2a14242ce req-64bde4cc-ea45-4673-b3e5-8de838403ca1 6df61c74b58b4f1aa1beaef45c1bc2d5 b58d54e71a964df1a3adde5631c19bbb - - default default] 10.0.0.179 "GET /v2.0/security-groups?name=tempest-secgroup-smoke-1765572419&fields=id&tenant_id=b58d54e71a964df1a3adde5631c19bbb HTTP/1.1" status: 200 len: 267 time: 0.0416613
2026-05-25 01:52:29.688 10 INFO neutron.wsgi [req-a6991cac-ea06-4ad0-bcf1-1df2a14242ce req-bf1828cc-e959-415c-a7dc-8ac16a8ad9e3 6df61c74b58b4f1aa1beaef45c1bc2d5 b58d54e71a964df1a3adde5631c19bbb - - default default] 10.0.0.179 "GET /v2.0/networks?id=c1acc2d0-ee55-49dc-9c12-9d9dab41263f HTTP/1.1" status: 200 len: 859 time: 0.1035466
2026-05-25 01:52:29.706 10 INFO neutron.wsgi [req-a6991cac-ea06-4ad0-bcf1-1df2a14242ce req-f21e87f9-b71d-423b-b79d-b1abef2c5241 6df61c74b58b4f1aa1beaef45c1bc2d5 b58d54e71a964df1a3adde5631c19bbb - - default default] 10.0.0.179 "GET /v2.0/quotas/b58d54e71a964df1a3adde5631c19bbb HTTP/1.1" status: 200 len: 386 time: 0.0127175
2026-05-25 01:52:29.835 10 INFO neutron.wsgi [req-a6991cac-ea06-4ad0-bcf1-1df2a14242ce req-9ce31367-c618-474d-8913-352d129b52a9 6df61c74b58b4f1aa1beaef45c1bc2d5 b58d54e71a964df1a3adde5631c19bbb - - default default] 10.0.0.179 "GET /v2.0/ports?tenant_id=b58d54e71a964df1a3adde5631c19bbb&fields=id HTTP/1.1" status: 200 len: 302 time: 0.1225867
2026-05-25 01:52:29.907 10 INFO neutron.wsgi [req-a6991cac-ea06-4ad0-bcf1-1df2a14242ce req-cfe64735-38cf-47f9-996c-ec467619f164 123405b07cf64ce797cee66d17ac6677 36007f1606ed4b0da75cff425588c15b - - b3b727d714aa4b2f9d091a30fb27d997 b3b727d714aa4b2f9d091a30fb27d997] 10.0.0.179 "GET /v2.0/networks/c1acc2d0-ee55-49dc-9c12-9d9dab41263f?fields=segments HTTP/1.1" status: 200 len: 212 time: 0.0597196
2026-05-25 01:52:29.988 10 INFO neutron.wsgi [req-a6991cac-ea06-4ad0-bcf1-1df2a14242ce req-680b7940-3a45-4055-9573-858e6119a14d 123405b07cf64ce797cee66d17ac6677 36007f1606ed4b0da75cff425588c15b - - b3b727d714aa4b2f9d091a30fb27d997 b3b727d714aa4b2f9d091a30fb27d997] 10.0.0.179 "GET /v2.0/networks/c1acc2d0-ee55-49dc-9c12-9d9dab41263f?fields=provider%3Aphysical_network&fields=provider%3Anetwork_type HTTP/1.1" status: 200 len: 277 time: 0.0728967
2026-05-25 01:52:30.131 9 INFO neutron.wsgi [req-0f8887f5-9d5c-4f2f-923d-c81c9f7344d5 req-40e78ff0-dd03-46f1-adbd-d8798635d4fe 6df61c74b58b4f1aa1beaef45c1bc2d5 b58d54e71a964df1a3adde5631c19bbb - - default default] 10.0.0.179 "GET /v2.0/ports?device_id=b4e5e441-8a16-4597-98cd-5a55ef5c4d48 HTTP/1.1" status: 200 len: 210 time: 0.0262635
2026-05-25 01:52:30.790 10 INFO neutron.wsgi [req-a6991cac-ea06-4ad0-bcf1-1df2a14242ce req-59c6748e-8353-4fe3-940a-2152de0f90a6 6df61c74b58b4f1aa1beaef45c1bc2d5 b58d54e71a964df1a3adde5631c19bbb - - default default] 199.204.45.246 "GET /v2.0/networks?id=c1acc2d0-ee55-49dc-9c12-9d9dab41263f HTTP/1.1" status: 200 len: 859 time: 0.0845728
2026-05-25 01:52:30.852 10 INFO neutron.wsgi [req-a6991cac-ea06-4ad0-bcf1-1df2a14242ce req-0130c6ab-50b6-40ed-95d3-5a955631cd07 6df61c74b58b4f1aa1beaef45c1bc2d5 b58d54e71a964df1a3adde5631c19bbb - - default default] 199.204.45.246 "GET /v2.0/security-groups?fields=id&fields=name&tenant_id=b58d54e71a964df1a3adde5631c19bbb HTTP/1.1" status: 200 len: 380 time: 0.0535498
2026-05-25 01:52:30.885 10 WARNING neutron_lib.context [req-a6991cac-ea06-4ad0-bcf1-1df2a14242ce req-a0acee3c-3146-4ab6-bfc4-d879b8a2c937 6df61c74b58b4f1aa1beaef45c1bc2d5 b58d54e71a964df1a3adde5631c19bbb - - default default] Method 'is_advsvc' is deprecated since 2023.2 release (neutron-lib 3.8.0) and will be removed once support for the old RBAC API policies will be removed from Neutron. Please use method 'is_service_role' instead.
2026-05-25 01:52:31.232 10 INFO neutron.wsgi [req-52226f45-1709-43d6-8322-eede7d0e3c43 req-afc5901c-cc70-49bf-8891-3c4b662eb7e9 6df61c74b58b4f1aa1beaef45c1bc2d5 b58d54e71a964df1a3adde5631c19bbb - - default default] 10.0.0.179 "GET /v2.0/ports?device_id=b4e5e441-8a16-4597-98cd-5a55ef5c4d48 HTTP/1.1" status: 200 len: 210 time: 0.0267026
2026-05-25 01:52:31.294 10 WARNING neutron.scheduler.dhcp_agent_scheduler [req-a6991cac-ea06-4ad0-bcf1-1df2a14242ce req-a0acee3c-3146-4ab6-bfc4-d879b8a2c937 6df61c74b58b4f1aa1beaef45c1bc2d5 b58d54e71a964df1a3adde5631c19bbb - - default default] No more DHCP agents
2026-05-25 01:52:31.296 10 WARNING neutron.api.rpc.agentnotifiers.dhcp_rpc_agent_api [req-a6991cac-ea06-4ad0-bcf1-1df2a14242ce req-a0acee3c-3146-4ab6-bfc4-d879b8a2c937 6df61c74b58b4f1aa1beaef45c1bc2d5 b58d54e71a964df1a3adde5631c19bbb - - default default] Unable to schedule network c1acc2d0-ee55-49dc-9c12-9d9dab41263f: no agents available; will retry on subsequent port and subnet creation events.
2026-05-25 01:52:31.535 10 INFO neutron.db.ovn_revision_numbers_db [req-a6991cac-ea06-4ad0-bcf1-1df2a14242ce req-a0acee3c-3146-4ab6-bfc4-d879b8a2c937 6df61c74b58b4f1aa1beaef45c1bc2d5 b58d54e71a964df1a3adde5631c19bbb - - default default] Successfully bumped revision number for resource aaada888-affc-4135-82f0-a0aa248dd189 (type: ports) to 1
2026-05-25 01:52:31.564 10 INFO neutron.wsgi [req-a6991cac-ea06-4ad0-bcf1-1df2a14242ce req-a0acee3c-3146-4ab6-bfc4-d879b8a2c937 6df61c74b58b4f1aa1beaef45c1bc2d5 b58d54e71a964df1a3adde5631c19bbb - - default default] 199.204.45.246 "POST /v2.0/ports HTTP/1.1" status: 201 len: 1158 time: 0.6898954 /var/lib/openstack/lib/python3.10/site-packages/pycadf/identifier.py:71: UserWarning: Invalid uuid: neutron. To ensure interoperability, identifiers should be a valid uuid. warnings.warn(('Invalid uuid: %s. To ensure interoperability, '
2026-05-25 01:52:31.891 9 WARNING neutron.plugins.ml2.drivers.ovn.mech_driver.ovsdb.ovn_client [None req-2c1de30c-89f1-496d-a407-636249d36f82 - - - - - -] No hosting information found for port 7790d33c-bcac-4a4e-a56e-b4b42faf0856: RuntimeError: No hosting information found for port 7790d33c-bcac-4a4e-a56e-b4b42faf0856
2026-05-25 01:52:32.054 10 INFO neutron.db.ovn_revision_numbers_db [req-a6991cac-ea06-4ad0-bcf1-1df2a14242ce req-a59cb3a5-01bb-4d69-a26e-9c192db8aaa3 123405b07cf64ce797cee66d17ac6677 36007f1606ed4b0da75cff425588c15b - - b3b727d714aa4b2f9d091a30fb27d997 b3b727d714aa4b2f9d091a30fb27d997] Successfully bumped revision number for resource aaada888-affc-4135-82f0-a0aa248dd189 (type: ports) to 2
2026-05-25 01:52:32.284 10 INFO neutron.db.ovn_revision_numbers_db [req-a6991cac-ea06-4ad0-bcf1-1df2a14242ce req-a59cb3a5-01bb-4d69-a26e-9c192db8aaa3 123405b07cf64ce797cee66d17ac6677 36007f1606ed4b0da75cff425588c15b - - b3b727d714aa4b2f9d091a30fb27d997 b3b727d714aa4b2f9d091a30fb27d997] Successfully bumped revision number for resource aaada888-affc-4135-82f0-a0aa248dd189 (type: ports) to 2
2026-05-25 01:52:32.303 10 INFO neutron.wsgi [req-a6991cac-ea06-4ad0-bcf1-1df2a14242ce req-a59cb3a5-01bb-4d69-a26e-9c192db8aaa3 123405b07cf64ce797cee66d17ac6677 36007f1606ed4b0da75cff425588c15b - - b3b727d714aa4b2f9d091a30fb27d997 b3b727d714aa4b2f9d091a30fb27d997] 199.204.45.246 "PUT /v2.0/ports/aaada888-affc-4135-82f0-a0aa248dd189 HTTP/1.1" status: 200 len: 1376 time: 0.7324126
2026-05-25 01:52:32.333 10 INFO neutron.notifiers.nova [-] Nova event matching ['req-cee1e77c-d6e1-4924-9ed2-1025f9520a1d'] response: {'name': 'network-changed', 'server_uuid': 'b4e5e441-8a16-4597-98cd-5a55ef5c4d48', 'tag': 'aaada888-affc-4135-82f0-a0aa248dd189', 'status': 'completed', 'code': 200} /var/lib/openstack/lib/python3.10/site-packages/pycadf/identifier.py:71: UserWarning: Invalid uuid: neutron. To ensure interoperability, identifiers should be a valid uuid. warnings.warn(('Invalid uuid: %s. To ensure interoperability, '
2026-05-25 01:52:32.420 10 INFO neutron.wsgi [req-a6991cac-ea06-4ad0-bcf1-1df2a14242ce req-f7532653-05f5-443d-b397-5fb9ad8a0901 123405b07cf64ce797cee66d17ac6677 36007f1606ed4b0da75cff425588c15b - - b3b727d714aa4b2f9d091a30fb27d997 b3b727d714aa4b2f9d091a30fb27d997] 199.204.45.246 "GET /v2.0/ports?tenant_id=b58d54e71a964df1a3adde5631c19bbb&device_id=b4e5e441-8a16-4597-98cd-5a55ef5c4d48 HTTP/1.1" status: 200 len: 1407 time: 0.0721211
2026-05-25 01:52:32.434 9 INFO neutron.wsgi [req-f85fb044-0d13-4224-a753-1720e3f37bb5 req-25f62a04-5910-4bbb-a3ba-ab37dcfc5a56 6df61c74b58b4f1aa1beaef45c1bc2d5 b58d54e71a964df1a3adde5631c19bbb - - default default] 10.0.0.179 "GET /v2.0/ports?device_id=b4e5e441-8a16-4597-98cd-5a55ef5c4d48 HTTP/1.1" status: 200 len: 1168 time: 0.1113846
2026-05-25 01:52:32.470 10 INFO neutron.wsgi [req-a6991cac-ea06-4ad0-bcf1-1df2a14242ce req-820ecd0b-0403-49fb-8514-9c3fad9a822d 123405b07cf64ce797cee66d17ac6677 36007f1606ed4b0da75cff425588c15b - - b3b727d714aa4b2f9d091a30fb27d997 b3b727d714aa4b2f9d091a30fb27d997] 199.204.45.246 "GET /v2.0/floatingips?fixed_ip_address=10.100.0.6&port_id=aaada888-affc-4135-82f0-a0aa248dd189 HTTP/1.1" status: 200 len: 217 time: 0.0405941
2026-05-25 01:52:32.484 9 INFO neutron.wsgi [req-f85fb044-0d13-4224-a753-1720e3f37bb5 req-cd968875-fdf7-4c2e-af8d-1cfed4eeafe4 6df61c74b58b4f1aa1beaef45c1bc2d5 b58d54e71a964df1a3adde5631c19bbb - - default default] 10.0.0.179 "GET /v2.0/security-groups?id=af6258bf-95c2-4ec2-b9ff-c5a4787f0eff&fields=id&fields=name HTTP/1.1" status: 200 len: 313 time: 0.0417154
2026-05-25 01:52:32.531 10 INFO neutron.wsgi [req-a6991cac-ea06-4ad0-bcf1-1df2a14242ce req-9c0fb31d-11ba-423d-bc96-23708e40fdeb 123405b07cf64ce797cee66d17ac6677 36007f1606ed4b0da75cff425588c15b - - b3b727d714aa4b2f9d091a30fb27d997 b3b727d714aa4b2f9d091a30fb27d997] 199.204.45.246 "GET /v2.0/subnets?id=df0306e4-2e50-4b11-8ab7-785d2e5f597b HTTP/1.1" status: 200 len: 853 time: 0.0518887
2026-05-25 01:52:32.557 10 INFO neutron.wsgi [req-a6991cac-ea06-4ad0-bcf1-1df2a14242ce req-015a534e-80c7-41ea-b762-9c96122c7ddf 123405b07cf64ce797cee66d17ac6677 36007f1606ed4b0da75cff425588c15b - - b3b727d714aa4b2f9d091a30fb27d997 b3b727d714aa4b2f9d091a30fb27d997] 199.204.45.246 "GET /v2.0/ports?network_id=c1acc2d0-ee55-49dc-9c12-9d9dab41263f&device_owner=network%3Adhcp HTTP/1.1" status: 200 len: 210 time: 0.0213451
2026-05-25 01:52:32.637 10 INFO neutron.wsgi [req-a6991cac-ea06-4ad0-bcf1-1df2a14242ce req-17a8928c-3ff1-4d93-854e-cd6d3015f33b 123405b07cf64ce797cee66d17ac6677 36007f1606ed4b0da75cff425588c15b - - b3b727d714aa4b2f9d091a30fb27d997 b3b727d714aa4b2f9d091a30fb27d997] 199.204.45.246 "GET /v2.0/networks/c1acc2d0-ee55-49dc-9c12-9d9dab41263f?fields=segments HTTP/1.1" status: 200 len: 212 time: 0.0742974
