2026-05-25 01:52:32.695 10 INFO neutron.wsgi [req-a6991cac-ea06-4ad0-bcf1-1df2a14242ce req-72289ef6-023f-41ca-a1de-f5fb38c74635 123405b07cf64ce797cee66d17ac6677 36007f1606ed4b0da75cff425588c15b - - b3b727d714aa4b2f9d091a30fb27d997 b3b727d714aa4b2f9d091a30fb27d997] 199.204.45.246 "GET /v2.0/networks/c1acc2d0-ee55-49dc-9c12-9d9dab41263f?fields=provider%3Aphysical_network&fields=provider%3Anetwork_type HTTP/1.1" status: 200 len: 277 time: 0.0516407
2026-05-25 01:52:32.768 10 INFO neutron.wsgi [req-428b7c08-46f1-49ba-8fd0-a890d1a47030 req-a392fed5-3966-4c9a-a63c-655920442880 123405b07cf64ce797cee66d17ac6677 36007f1606ed4b0da75cff425588c15b - - b3b727d714aa4b2f9d091a30fb27d997 b3b727d714aa4b2f9d091a30fb27d997] 199.204.45.246 "GET /v2.0/ports?tenant_id=b58d54e71a964df1a3adde5631c19bbb&device_id=b4e5e441-8a16-4597-98cd-5a55ef5c4d48 HTTP/1.1" status: 200 len: 1407 time: 0.0354555
2026-05-25 01:52:32.868 10 INFO neutron.wsgi [req-428b7c08-46f1-49ba-8fd0-a890d1a47030 req-9d712d3c-151c-43cd-9d32-728789391d7a 123405b07cf64ce797cee66d17ac6677 36007f1606ed4b0da75cff425588c15b - - b3b727d714aa4b2f9d091a30fb27d997 b3b727d714aa4b2f9d091a30fb27d997] 199.204.45.246 "GET /v2.0/networks?id=c1acc2d0-ee55-49dc-9c12-9d9dab41263f HTTP/1.1" status: 200 len: 958 time: 0.0936439
2026-05-25 01:52:32.890 9 INFO neutron.plugins.ml2.drivers.ovn.mech_driver.mech_driver [None req-2c1de30c-89f1-496d-a407-636249d36f82 - - - - - -] OVN reports status up for port: aaada888-affc-4135-82f0-a0aa248dd189
2026-05-25 01:52:32.904 9 INFO neutron.plugins.ml2.plugin [None req-2c1de30c-89f1-496d-a407-636249d36f82 - - - - - -] Attempt 1 to provision port aaada888-affc-4135-82f0-a0aa248dd189
2026-05-25 01:52:33.030 9 INFO neutron.db.ovn_revision_numbers_db [None req-877a68c8-6ca5-4191-907c-0ef84bb8f034 baef6177ba6b47a4bc0d590c5b281e81 f7130fc5f1b34b508094540ca351522e - - default default] Successfully bumped revision number for resource bcbc51db-f527-4299-9666-1ab00a4ceb08 (type: security_groups) to 1
2026-05-25 01:52:33.044 9 INFO neutron.notifiers.nova [-] Nova event matching ['req-4b7583e7-0d4b-4e4e-9d34-bbf8e676a9c8'] response: {'server_uuid': 'b4e5e441-8a16-4597-98cd-5a55ef5c4d48', 'name': 'network-vif-plugged', 'status': 'completed', 'tag': 'aaada888-affc-4135-82f0-a0aa248dd189', 'code': 200}
2026-05-25 01:52:33.064 9 INFO neutron.db.ovn_revision_numbers_db [None req-877a68c8-6ca5-4191-907c-0ef84bb8f034 baef6177ba6b47a4bc0d590c5b281e81 f7130fc5f1b34b508094540ca351522e - - default default] Successfully bumped revision number for resource 2442d7c0-2b00-4eae-9cee-4f64af9af007 (type: security_group_rules) to 0
2026-05-25 01:52:33.080 9 INFO neutron.db.ovn_revision_numbers_db [None req-877a68c8-6ca5-4191-907c-0ef84bb8f034 baef6177ba6b47a4bc0d590c5b281e81 f7130fc5f1b34b508094540ca351522e - - default default] Successfully bumped revision number for resource 34bc7388-3dd0-48bf-a51a-042c9d7d20b7 (type: security_group_rules) to 0
2026-05-25 01:52:33.100 10 INFO neutron.wsgi [req-428b7c08-46f1-49ba-8fd0-a890d1a47030 req-f8c43fee-09bf-45d7-b06a-60536e2a8d39 123405b07cf64ce797cee66d17ac6677 36007f1606ed4b0da75cff425588c15b - - b3b727d714aa4b2f9d091a30fb27d997 b3b727d714aa4b2f9d091a30fb27d997] 199.204.45.246 "GET /v2.0/floatingips?fixed_ip_address=10.100.0.6&port_id=aaada888-affc-4135-82f0-a0aa248dd189 HTTP/1.1" status: 200 len: 217 time: 0.2268181
2026-05-25 01:52:33.107 9 INFO neutron.db.ovn_revision_numbers_db [None req-877a68c8-6ca5-4191-907c-0ef84bb8f034 baef6177ba6b47a4bc0d590c5b281e81 f7130fc5f1b34b508094540ca351522e - - default default] Successfully bumped revision number for resource bc17721f-5a61-4222-ac0f-d26ce8faba36 (type: security_group_rules) to 0
2026-05-25 01:52:33.133 9 INFO neutron.db.ovn_revision_numbers_db [None req-877a68c8-6ca5-4191-907c-0ef84bb8f034 baef6177ba6b47a4bc0d590c5b281e81 f7130fc5f1b34b508094540ca351522e - - default default] Successfully bumped revision number for resource f27a77bb-ce9a-4aa8-9be9-d5857761cde4 (type: security_group_rules) to 0
2026-05-25 01:52:33.144 10 INFO neutron.wsgi [req-428b7c08-46f1-49ba-8fd0-a890d1a47030 req-a74cc7b7-6e8e-4dc3-91da-7942207b1007 123405b07cf64ce797cee66d17ac6677 36007f1606ed4b0da75cff425588c15b - - b3b727d714aa4b2f9d091a30fb27d997 b3b727d714aa4b2f9d091a30fb27d997] 199.204.45.246 "GET /v2.0/subnets?id=df0306e4-2e50-4b11-8ab7-785d2e5f597b HTTP/1.1" status: 200 len: 853 time: 0.0347869
2026-05-25 01:52:33.166 9 INFO neutron.wsgi [None req-877a68c8-6ca5-4191-907c-0ef84bb8f034 baef6177ba6b47a4bc0d590c5b281e81 f7130fc5f1b34b508094540ca351522e - - default default] 10.0.0.37 "GET /v2.0/security-groups?tenant_id=4d6e8e6ed80e41fe847234c3e36be2f2&name=default HTTP/1.1" status: 200 len: 2996 time: 0.5441840
2026-05-25 01:52:33.181 10 INFO neutron.wsgi [req-428b7c08-46f1-49ba-8fd0-a890d1a47030 req-851cb5e6-1277-4d3d-bce9-329f506ac740 123405b07cf64ce797cee66d17ac6677 36007f1606ed4b0da75cff425588c15b - - b3b727d714aa4b2f9d091a30fb27d997 b3b727d714aa4b2f9d091a30fb27d997] 199.204.45.246 "GET /v2.0/ports?network_id=c1acc2d0-ee55-49dc-9c12-9d9dab41263f&device_owner=network%3Adhcp HTTP/1.1" status: 200 len: 210 time: 0.0314839
2026-05-25 01:52:33.309 10 INFO neutron.wsgi [req-428b7c08-46f1-49ba-8fd0-a890d1a47030 req-53b9cbec-0ec6-4960-8f35-0485627fda85 123405b07cf64ce797cee66d17ac6677 36007f1606ed4b0da75cff425588c15b - - b3b727d714aa4b2f9d091a30fb27d997 b3b727d714aa4b2f9d091a30fb27d997] 199.204.45.246 "GET /v2.0/networks/c1acc2d0-ee55-49dc-9c12-9d9dab41263f?fields=segments HTTP/1.1" status: 200 len: 212 time: 0.1223555
2026-05-25 01:52:33.313 9 INFO neutron.db.ovn_revision_numbers_db [None req-2c1de30c-89f1-496d-a407-636249d36f82 - - - - - -] Successfully bumped revision number for resource aaada888-affc-4135-82f0-a0aa248dd189 (type: ports) to 4
2026-05-25 01:52:33.379 10 INFO neutron.db.ovn_revision_numbers_db [None req-9eaad73d-2c13-48ea-b060-f6c6df0aa943 baef6177ba6b47a4bc0d590c5b281e81 f7130fc5f1b34b508094540ca351522e - - default default] Successfully bumped revision number for resource 5e602a98-03b5-49e2-8f10-b0979622a3b7 (type: security_groups) to 1
2026-05-25 01:52:33.403 10 INFO neutron.wsgi [req-428b7c08-46f1-49ba-8fd0-a890d1a47030 req-0d1f4fff-7d13-4121-ab52-52c89fc2cb46 123405b07cf64ce797cee66d17ac6677 36007f1606ed4b0da75cff425588c15b - - b3b727d714aa4b2f9d091a30fb27d997 b3b727d714aa4b2f9d091a30fb27d997] 199.204.45.246 "GET /v2.0/networks/c1acc2d0-ee55-49dc-9c12-9d9dab41263f?fields=provider%3Aphysical_network&fields=provider%3Anetwork_type HTTP/1.1" status: 200 len: 277 time: 0.0861473
2026-05-25 01:52:33.406 10 INFO neutron.db.ovn_revision_numbers_db [None req-9eaad73d-2c13-48ea-b060-f6c6df0aa943 baef6177ba6b47a4bc0d590c5b281e81 f7130fc5f1b34b508094540ca351522e - - default default] Successfully bumped revision number for resource 3b17a424-2e97-4a03-8da2-0cf5a4e0aa76 (type: security_group_rules) to 0
2026-05-25 01:52:33.418 10 INFO neutron.db.ovn_revision_numbers_db [None req-9eaad73d-2c13-48ea-b060-f6c6df0aa943 baef6177ba6b47a4bc0d590c5b281e81 f7130fc5f1b34b508094540ca351522e - - default default] Successfully bumped revision number for resource 8270c877-dcc0-49dc-bca7-d199cc0c18e3 (type: security_group_rules) to 0
2026-05-25 01:52:33.443 10 INFO neutron.db.ovn_revision_numbers_db [None req-9eaad73d-2c13-48ea-b060-f6c6df0aa943 baef6177ba6b47a4bc0d590c5b281e81 f7130fc5f1b34b508094540ca351522e - - default default] Successfully bumped revision number for resource a22adc32-0365-4475-a1b8-08d0aa3a3c1c (type: security_group_rules) to 0
2026-05-25 01:52:33.462 10 INFO neutron.db.ovn_revision_numbers_db [None req-9eaad73d-2c13-48ea-b060-f6c6df0aa943 baef6177ba6b47a4bc0d590c5b281e81 f7130fc5f1b34b508094540ca351522e - - default default] Successfully bumped revision number for resource aa93b6d9-cc58-4adc-bafe-df0970b26e4f (type: security_group_rules) to 0
2026-05-25 01:52:33.484 10 INFO neutron.wsgi [None req-9eaad73d-2c13-48ea-b060-f6c6df0aa943 baef6177ba6b47a4bc0d590c5b281e81 f7130fc5f1b34b508094540ca351522e - - default default] 10.0.0.37 "GET /v2.0/security-groups?tenant_id=7a7c5384fb804661b7cba1b49d24f3fe&name=default HTTP/1.1" status: 200 len: 2996 time: 0.5954578
2026-05-25 01:52:33.486 9 INFO neutron.wsgi [None req-a92749eb-f66d-4493-89f3-81356b3be4d5 baef6177ba6b47a4bc0d590c5b281e81 f7130fc5f1b34b508094540ca351522e - - default default] 10.0.0.37 "DELETE /v2.0/security-groups/bcbc51db-f527-4299-9666-1ab00a4ceb08 HTTP/1.1" status: 204 len: 168 time: 0.3118660 /var/lib/openstack/lib/python3.10/site-packages/pycadf/identifier.py:71: UserWarning: Invalid uuid: neutron. To ensure interoperability, identifiers should be a valid uuid. warnings.warn(('Invalid uuid: %s. To ensure interoperability, '
2026-05-25 01:52:33.590 9 INFO neutron.wsgi [req-f12bac20-2c41-4f75-9c3b-3b307e8d2b3e req-e8101f98-d48f-452c-850a-4fa05deaba38 6df61c74b58b4f1aa1beaef45c1bc2d5 b58d54e71a964df1a3adde5631c19bbb - - default default] 10.0.0.179 "GET /v2.0/ports?device_id=b4e5e441-8a16-4597-98cd-5a55ef5c4d48 HTTP/1.1" status: 200 len: 1170 time: 0.0440037
2026-05-25 01:52:33.649 9 INFO neutron.wsgi [req-f12bac20-2c41-4f75-9c3b-3b307e8d2b3e req-fd7e2cf9-6dc5-4a7c-b08f-6e7f0873cf4a 6df61c74b58b4f1aa1beaef45c1bc2d5 b58d54e71a964df1a3adde5631c19bbb - - default default] 10.0.0.179 "GET /v2.0/security-groups?id=af6258bf-95c2-4ec2-b9ff-c5a4787f0eff&fields=id&fields=name HTTP/1.1" status: 200 len: 313 time: 0.0522110
2026-05-25 01:52:33.721 9 INFO neutron.wsgi [None req-a80ab2c7-b392-4fc0-a20d-9782a207fa78 baef6177ba6b47a4bc0d590c5b281e81 f7130fc5f1b34b508094540ca351522e - - default default] 10.0.0.37 "DELETE /v2.0/security-groups/5e602a98-03b5-49e2-8f10-b0979622a3b7 HTTP/1.1" status: 204 len: 168 time: 0.2312133
2026-05-25 01:52:33.783 10 INFO neutron.db.ovn_revision_numbers_db [None req-d9b37634-9e95-45d0-8094-8799c079ef8e baef6177ba6b47a4bc0d590c5b281e81 f7130fc5f1b34b508094540ca351522e - - default default] Successfully bumped revision number for resource 272de9a3-9177-4c80-a85a-4c2c6eca7703 (type: security_groups) to 1
2026-05-25 01:52:33.799 10 INFO neutron.db.ovn_revision_numbers_db [None req-d9b37634-9e95-45d0-8094-8799c079ef8e baef6177ba6b47a4bc0d590c5b281e81 f7130fc5f1b34b508094540ca351522e - - default default] Successfully bumped revision number for resource 024583b2-bc24-4b9b-9147-c21f4b98c0d8 (type: security_group_rules) to 0
2026-05-25 01:52:33.814 10 INFO neutron.db.ovn_revision_numbers_db [None req-d9b37634-9e95-45d0-8094-8799c079ef8e baef6177ba6b47a4bc0d590c5b281e81 f7130fc5f1b34b508094540ca351522e - - default default] Successfully bumped revision number for resource 0ea63542-1c6e-4eeb-a4a1-484f57a54df1 (type: security_group_rules) to 0
2026-05-25 01:52:33.830 10 INFO neutron.db.ovn_revision_numbers_db [None req-d9b37634-9e95-45d0-8094-8799c079ef8e baef6177ba6b47a4bc0d590c5b281e81 f7130fc5f1b34b508094540ca351522e - - default default] Successfully bumped revision number for resource 3192ab01-cd17-4440-a963-3637712e4286 (type: security_group_rules) to 0
2026-05-25 01:52:33.844 10 INFO neutron.db.ovn_revision_numbers_db [None req-d9b37634-9e95-45d0-8094-8799c079ef8e baef6177ba6b47a4bc0d590c5b281e81 f7130fc5f1b34b508094540ca351522e - - default default] Successfully bumped revision number for resource 324e71e4-01eb-4db0-95d6-d32e8e029dfb (type: security_group_rules) to 0
2026-05-25 01:52:33.868 10 INFO neutron.wsgi [None req-d9b37634-9e95-45d0-8094-8799c079ef8e baef6177ba6b47a4bc0d590c5b281e81 f7130fc5f1b34b508094540ca351522e - - default default] 10.0.0.37 "GET /v2.0/security-groups?tenant_id=87718b235f5a4a6abf930debf5ec2ba3&name=default HTTP/1.1" status: 200 len: 2996 time: 0.2184329
2026-05-25 01:52:34.082 10 INFO neutron.wsgi [None req-4db632dd-fe96-4ae9-8b9f-6d77c4f2ba38 baef6177ba6b47a4bc0d590c5b281e81 f7130fc5f1b34b508094540ca351522e - - default default] 10.0.0.37 "DELETE /v2.0/security-groups/272de9a3-9177-4c80-a85a-4c2c6eca7703 HTTP/1.1" status: 204 len: 168 time: 0.2084079
2026-05-25 01:52:34.089 9 INFO neutron.db.ovn_revision_numbers_db [None req-8722ec21-9eb6-40a0-936a-0217810b2358 baef6177ba6b47a4bc0d590c5b281e81 f7130fc5f1b34b508094540ca351522e - - default default] Successfully bumped revision number for resource 13d64ef3-29de-44ec-a4c5-d2e53f9196ae (type: security_groups) to 1
2026-05-25 01:52:34.104 9 INFO neutron.db.ovn_revision_numbers_db [None req-8722ec21-9eb6-40a0-936a-0217810b2358 baef6177ba6b47a4bc0d590c5b281e81 f7130fc5f1b34b508094540ca351522e - - default default] Successfully bumped revision number for resource 1b049320-c77e-44ad-a4ca-52a51fa2ddbd (type: security_group_rules) to 0
2026-05-25 01:52:34.118 9 INFO neutron.db.ovn_revision_numbers_db [None req-8722ec21-9eb6-40a0-936a-0217810b2358 baef6177ba6b47a4bc0d590c5b281e81 f7130fc5f1b34b508094540ca351522e - - default default] Successfully bumped revision number for resource 2f0365f8-fa87-4259-9425-e651313d9967 (type: security_group_rules) to 0
2026-05-25 01:52:34.134 9 INFO neutron.db.ovn_revision_numbers_db [None req-8722ec21-9eb6-40a0-936a-0217810b2358 baef6177ba6b47a4bc0d590c5b281e81 f7130fc5f1b34b508094540ca351522e - - default default] Successfully bumped revision number for resource 4c249889-e7f8-4f69-92d4-c50b9e8ef123 (type: security_group_rules) to 0
2026-05-25 01:52:34.146 9 INFO neutron.db.ovn_revision_numbers_db [None req-8722ec21-9eb6-40a0-936a-0217810b2358 baef6177ba6b47a4bc0d590c5b281e81 f7130fc5f1b34b508094540ca351522e - - default default] Successfully bumped revision number for resource edea9e34-9edc-462a-98cf-a339fdda3f34 (type: security_group_rules) to 0
2026-05-25 01:52:34.167 9 INFO neutron.wsgi [None req-8722ec21-9eb6-40a0-936a-0217810b2358 baef6177ba6b47a4bc0d590c5b281e81 f7130fc5f1b34b508094540ca351522e - - default default] 10.0.0.37 "GET /v2.0/security-groups?tenant_id=1ffeea85115d475d8b1329b42c74fd0c&name=default HTTP/1.1" status: 200 len: 2996 time: 0.4179158
2026-05-25 01:52:34.381 9 INFO neutron.wsgi [None req-2ff53865-1cc2-4437-857c-631beb6424ba baef6177ba6b47a4bc0d590c5b281e81 f7130fc5f1b34b508094540ca351522e - - default default] 10.0.0.37 "DELETE /v2.0/security-groups/13d64ef3-29de-44ec-a4c5-d2e53f9196ae HTTP/1.1" status: 204 len: 168 time: 0.2091436
2026-05-25 01:52:34.770 10 INFO neutron.wsgi [req-455029f5-69a6-40ef-ba88-29c594a022cc req-b7edc71d-b0fb-4d8b-8cb4-4b0f2e2a17aa 6df61c74b58b4f1aa1beaef45c1bc2d5 b58d54e71a964df1a3adde5631c19bbb - - default default] 10.0.0.179 "GET /v2.0/ports?device_id=b4e5e441-8a16-4597-98cd-5a55ef5c4d48 HTTP/1.1" status: 200 len: 1170 time: 0.0429676
2026-05-25 01:52:34.814 10 INFO neutron.wsgi [req-455029f5-69a6-40ef-ba88-29c594a022cc req-870d3bf3-e42d-4755-bc9a-4ce5b4897b2b 6df61c74b58b4f1aa1beaef45c1bc2d5 b58d54e71a964df1a3adde5631c19bbb - - default default] 10.0.0.179 "GET /v2.0/security-groups?id=af6258bf-95c2-4ec2-b9ff-c5a4787f0eff&fields=id&fields=name HTTP/1.1" status: 200 len: 313 time: 0.0387273
2026-05-25 01:52:34.935 9 INFO neutron.wsgi [req-1a019219-94a2-42d8-a478-a109a15bc84d req-02db81aa-f18f-4fc6-9fc3-538d76792360 6df61c74b58b4f1aa1beaef45c1bc2d5 b58d54e71a964df1a3adde5631c19bbb - - default default] 10.0.0.179 "GET /v2.0/ports?device_id=b4e5e441-8a16-4597-98cd-5a55ef5c4d48 HTTP/1.1" status: 200 len: 1170 time: 0.0504737
2026-05-25 01:52:34.984 9 INFO neutron.wsgi [req-1a019219-94a2-42d8-a478-a109a15bc84d req-0228326f-1f10-419f-879a-b5a744a520d9 6df61c74b58b4f1aa1beaef45c1bc2d5 b58d54e71a964df1a3adde5631c19bbb - - default default] 10.0.0.179 "GET /v2.0/security-groups?id=af6258bf-95c2-4ec2-b9ff-c5a4787f0eff&fields=id&fields=name HTTP/1.1" status: 200 len: 313 time: 0.0413222
2026-05-25 01:52:35.060 9 INFO neutron.wsgi [None req-9bded72e-e99b-447a-b280-1db6b7a4c73d 32da254081c94409aab22752ddc51a61 eb3485a28b514bf9823f9a90f65a1f3b - - default default] 10.0.0.37 "GET /v2.0/ports?device_id=b4e5e441-8a16-4597-98cd-5a55ef5c4d48 HTTP/1.1" status: 200 len: 1404 time: 0.0476952
2026-05-25 01:52:35.070 9 WARNING neutron_lib.context [None req-6a04b13c-a18d-4f40-956b-daa2944660a9 6df61c74b58b4f1aa1beaef45c1bc2d5 b58d54e71a964df1a3adde5631c19bbb - - default default] Method 'is_advsvc' is deprecated since 2023.2 release (neutron-lib 3.8.0) and will be removed once support for the old RBAC API policies will be removed from Neutron. Please use method 'is_service_role' instead.
2026-05-25 01:52:35.081 9 INFO neutron.notifiers.nova [-] Nova event matching ['req-8aa3cbb8-f46f-47f8-8052-105a53d7ff00'] response: {'server_uuid': 'b4e5e441-8a16-4597-98cd-5a55ef5c4d48', 'name': 'network-vif-plugged', 'status': 'completed', 'tag': 'aaada888-affc-4135-82f0-a0aa248dd189', 'code': 200}
2026-05-25 01:52:35.358 9 WARNING neutron.scheduler.dhcp_agent_scheduler [None req-6a04b13c-a18d-4f40-956b-daa2944660a9 6df61c74b58b4f1aa1beaef45c1bc2d5 b58d54e71a964df1a3adde5631c19bbb - - default default] No more DHCP agents
2026-05-25 01:52:35.364 9 WARNING neutron.api.rpc.agentnotifiers.dhcp_rpc_agent_api [None req-6a04b13c-a18d-4f40-956b-daa2944660a9 6df61c74b58b4f1aa1beaef45c1bc2d5 b58d54e71a964df1a3adde5631c19bbb - - default default] Unable to schedule network cde983e0-b7ea-4655-9953-6605f5ece5ea: no agents available; will retry on subsequent port and subnet creation events.
2026-05-25 01:52:35.785 9 INFO neutron.db.l3_db [None req-6a04b13c-a18d-4f40-956b-daa2944660a9 6df61c74b58b4f1aa1beaef45c1bc2d5 b58d54e71a964df1a3adde5631c19bbb - - default default] Floating IP f2d89eb8-0ad8-4386-9c98-58b717b74b4b associated. External IP: 10.96.250.208, port: aaada888-affc-4135-82f0-a0aa248dd189.
2026-05-25 01:52:36.256 9 INFO neutron.db.ovn_revision_numbers_db [None req-6a04b13c-a18d-4f40-956b-daa2944660a9 6df61c74b58b4f1aa1beaef45c1bc2d5 b58d54e71a964df1a3adde5631c19bbb - - default default] Successfully bumped revision number for resource f2d89eb8-0ad8-4386-9c98-58b717b74b4b (type: floatingips) to 0
2026-05-25 01:52:36.376 9 INFO neutron.db.ovn_revision_numbers_db [None req-6a04b13c-a18d-4f40-956b-daa2944660a9 6df61c74b58b4f1aa1beaef45c1bc2d5 b58d54e71a964df1a3adde5631c19bbb - - default default] Successfully bumped revision number for resource f2d89eb8-0ad8-4386-9c98-58b717b74b4b (type: floatingips) to 1
2026-05-25 01:52:36.422 9 INFO neutron.wsgi [None req-6a04b13c-a18d-4f40-956b-daa2944660a9 6df61c74b58b4f1aa1beaef45c1bc2d5 b58d54e71a964df1a3adde5631c19bbb - - default default] 10.0.0.37 "POST /v2.0/floatingips HTTP/1.1" status: 201 len: 1054 time: 1.3571908 /var/lib/openstack/lib/python3.10/site-packages/pycadf/identifier.py:71: UserWarning: Invalid uuid: neutron. To ensure interoperability, identifiers should be a valid uuid. warnings.warn(('Invalid uuid: %s. To ensure interoperability, '
2026-05-25 01:52:36.480 9 INFO neutron.wsgi [None req-3f4a3d01-e697-47a0-aeae-ef0fef79a70d 6df61c74b58b4f1aa1beaef45c1bc2d5 b58d54e71a964df1a3adde5631c19bbb - - default default] 10.0.0.37 "GET /v2.0/floatingips/f2d89eb8-0ad8-4386-9c98-58b717b74b4b HTTP/1.1" status: 200 len: 1051 time: 0.0513351
2026-05-25 01:52:36.521 10 INFO neutron.db.ovn_revision_numbers_db [None req-9886bbbb-7d54-4f2f-a1d4-b048267a0996 baef6177ba6b47a4bc0d590c5b281e81 f7130fc5f1b34b508094540ca351522e - - default default] Successfully bumped revision number for resource 8ca4560a-21e8-4976-bc6a-837a8db348a7 (type: security_groups) to 1
2026-05-25 01:52:36.536 10 INFO neutron.db.ovn_revision_numbers_db [None req-9886bbbb-7d54-4f2f-a1d4-b048267a0996 baef6177ba6b47a4bc0d590c5b281e81 f7130fc5f1b34b508094540ca351522e - - default default] Successfully bumped revision number for resource 22918d23-1560-4ed7-a8cf-7ff0da7d4c5a (type: security_group_rules) to 0
2026-05-25 01:52:36.554 10 INFO neutron.db.ovn_revision_numbers_db [None req-9886bbbb-7d54-4f2f-a1d4-b048267a0996 baef6177ba6b47a4bc0d590c5b281e81 f7130fc5f1b34b508094540ca351522e - - default default] Successfully bumped revision number for resource b22756a3-57a7-4368-a4c8-34b388cc44b4 (type: security_group_rules) to 0
2026-05-25 01:52:36.569 10 INFO neutron.db.ovn_revision_numbers_db [None req-9886bbbb-7d54-4f2f-a1d4-b048267a0996 baef6177ba6b47a4bc0d590c5b281e81 f7130fc5f1b34b508094540ca351522e - - default default] Successfully bumped revision number for resource cda95582-59b7-4cf2-8c04-58f35a4b18af (type: security_group_rules) to 0
2026-05-25 01:52:36.585 10 INFO neutron.db.ovn_revision_numbers_db [None req-9886bbbb-7d54-4f2f-a1d4-b048267a0996 baef6177ba6b47a4bc0d590c5b281e81 f7130fc5f1b34b508094540ca351522e - - default default] Successfully bumped revision number for resource ddfb7409-d57f-4c19-be73-c00395d7c92b (type: security_group_rules) to 0
2026-05-25 01:52:36.616 10 INFO neutron.wsgi [None req-9886bbbb-7d54-4f2f-a1d4-b048267a0996 baef6177ba6b47a4bc0d590c5b281e81 f7130fc5f1b34b508094540ca351522e - - default default] 10.0.0.37 "GET /v2.0/security-groups?tenant_id=e95932775e1944f3bc05f7be34e08b6b&name=default HTTP/1.1" status: 200 len: 2996 time: 0.3493314
2026-05-25 01:52:36.853 10 INFO neutron.wsgi [None req-9ce06fa4-fd95-4042-833c-8a83a093d45a baef6177ba6b47a4bc0d590c5b281e81 f7130fc5f1b34b508094540ca351522e - - default default] 10.0.0.37 "DELETE /v2.0/security-groups/8ca4560a-21e8-4976-bc6a-837a8db348a7 HTTP/1.1" status: 204 len: 168 time: 0.2323391
2026-05-25 01:52:37.129 9 INFO neutron.notifiers.nova [-] Nova event matching ['req-bac87b16-47de-44c1-b0b3-6af21c1f8b1c'] response: {'name': 'network-changed', 'server_uuid': 'b4e5e441-8a16-4597-98cd-5a55ef5c4d48', 'tag': 'aaada888-affc-4135-82f0-a0aa248dd189', 'status': 'completed', 'code': 200}
2026-05-25 01:52:37.188 10 INFO neutron.wsgi [req-878136f5-2afc-4ba1-b3fb-82b8a33df9f2 req-d4cd40b9-caf3-4389-94f6-9964271935d2 123405b07cf64ce797cee66d17ac6677 36007f1606ed4b0da75cff425588c15b - - b3b727d714aa4b2f9d091a30fb27d997 b3b727d714aa4b2f9d091a30fb27d997] 199.204.45.246 "GET /v2.0/ports?tenant_id=b58d54e71a964df1a3adde5631c19bbb&device_id=b4e5e441-8a16-4597-98cd-5a55ef5c4d48 HTTP/1.1" status: 200 len: 1409 time: 0.0384116
2026-05-25 01:52:37.294 10 INFO neutron.wsgi [req-878136f5-2afc-4ba1-b3fb-82b8a33df9f2 req-c5b3f3a4-0fd5-4f1c-95c0-adff3bdfab05 123405b07cf64ce797cee66d17ac6677 36007f1606ed4b0da75cff425588c15b - - b3b727d714aa4b2f9d091a30fb27d997 b3b727d714aa4b2f9d091a30fb27d997] 199.204.45.246 "GET /v2.0/networks?id=c1acc2d0-ee55-49dc-9c12-9d9dab41263f HTTP/1.1" status: 200 len: 958 time: 0.1014223
2026-05-25 01:52:37.373 10 INFO neutron.wsgi [req-878136f5-2afc-4ba1-b3fb-82b8a33df9f2 req-0bdd0622-fdbe-401c-b526-23c205cf0dcb 123405b07cf64ce797cee66d17ac6677 36007f1606ed4b0da75cff425588c15b - - b3b727d714aa4b2f9d091a30fb27d997 b3b727d714aa4b2f9d091a30fb27d997] 199.204.45.246 "GET /v2.0/floatingips?fixed_ip_address=10.100.0.6&port_id=aaada888-affc-4135-82f0-a0aa248dd189 HTTP/1.1" status: 200 len: 1059 time: 0.0720348
2026-05-25 01:52:37.416 10 INFO neutron.wsgi [req-878136f5-2afc-4ba1-b3fb-82b8a33df9f2 req-29972fb0-6b2b-4aa5-aa57-a1eebe903222 123405b07cf64ce797cee66d17ac6677 36007f1606ed4b0da75cff425588c15b - - b3b727d714aa4b2f9d091a30fb27d997 b3b727d714aa4b2f9d091a30fb27d997] 199.204.45.246 "GET /v2.0/subnets?id=df0306e4-2e50-4b11-8ab7-785d2e5f597b HTTP/1.1" status: 200 len: 853 time: 0.0363629
2026-05-25 01:52:37.441 10 INFO neutron.wsgi [req-878136f5-2afc-4ba1-b3fb-82b8a33df9f2 req-80c44d19-ec27-4959-8eeb-e36778bedc83 123405b07cf64ce797cee66d17ac6677 36007f1606ed4b0da75cff425588c15b - - b3b727d714aa4b2f9d091a30fb27d997 b3b727d714aa4b2f9d091a30fb27d997] 199.204.45.246 "GET /v2.0/ports?network_id=c1acc2d0-ee55-49dc-9c12-9d9dab41263f&device_owner=network%3Adhcp HTTP/1.1" status: 200 len: 210 time: 0.0186105
2026-05-25 01:52:37.516 10 INFO neutron.wsgi [req-878136f5-2afc-4ba1-b3fb-82b8a33df9f2 req-bdfcc4a1-25e0-4d11-8d68-833d1a0a584c 123405b07cf64ce797cee66d17ac6677 36007f1606ed4b0da75cff425588c15b - - b3b727d714aa4b2f9d091a30fb27d997 b3b727d714aa4b2f9d091a30fb27d997] 199.204.45.246 "GET /v2.0/networks/c1acc2d0-ee55-49dc-9c12-9d9dab41263f?fields=segments HTTP/1.1" status: 200 len: 212 time: 0.0710108
2026-05-25 01:52:37.635 10 INFO neutron.wsgi [req-878136f5-2afc-4ba1-b3fb-82b8a33df9f2 req-eb8cfd26-2708-44c8-8017-81df09d36784 123405b07cf64ce797cee66d17ac6677 36007f1606ed4b0da75cff425588c15b - - b3b727d714aa4b2f9d091a30fb27d997 b3b727d714aa4b2f9d091a30fb27d997] 199.204.45.246 "GET /v2.0/networks/c1acc2d0-ee55-49dc-9c12-9d9dab41263f?fields=provider%3Aphysical_network&fields=provider%3Anetwork_type HTTP/1.1" status: 200 len: 277 time: 0.1108270
2026-05-25 01:52:38.068 9 WARNING neutron_lib.context [None req-fedcea51-e9eb-4b5d-b8f3-16ad2b9a7aee f1b89169b4874687a267f3a0b69066dc f7e41d2c8a9f46a083fd2e45803e25da - - default default] Method 'is_advsvc' is deprecated since 2023.2 release (neutron-lib 3.8.0) and will be removed once support for the old RBAC API policies will be removed from Neutron. Please use method 'is_service_role' instead.
2026-05-25 01:52:38.228 9 INFO neutron.db.ovn_revision_numbers_db [None req-fedcea51-e9eb-4b5d-b8f3-16ad2b9a7aee f1b89169b4874687a267f3a0b69066dc f7e41d2c8a9f46a083fd2e45803e25da - - default default] Successfully bumped revision number for resource db6dc3d7-e233-4278-a2fa-b053c8f54ba9 (type: security_groups) to 1
2026-05-25 01:52:38.251 9 INFO neutron.db.ovn_revision_numbers_db [None req-fedcea51-e9eb-4b5d-b8f3-16ad2b9a7aee f1b89169b4874687a267f3a0b69066dc f7e41d2c8a9f46a083fd2e45803e25da - - default default] Successfully bumped revision number for resource 255b5304-d703-4ed9-9dbb-06cbed1d8049 (type: security_group_rules) to 0
2026-05-25 01:52:38.268 9 INFO neutron.db.ovn_revision_numbers_db [None req-fedcea51-e9eb-4b5d-b8f3-16ad2b9a7aee f1b89169b4874687a267f3a0b69066dc f7e41d2c8a9f46a083fd2e45803e25da - - default default] Successfully bumped revision number for resource 3c9e898e-4ba5-4f36-9118-16511ac5caf0 (type: security_group_rules) to 0
2026-05-25 01:52:38.288 9 INFO neutron.db.ovn_revision_numbers_db [None req-fedcea51-e9eb-4b5d-b8f3-16ad2b9a7aee f1b89169b4874687a267f3a0b69066dc f7e41d2c8a9f46a083fd2e45803e25da - - default default] Successfully bumped revision number for resource c27debf6-880b-4fb3-a1a7-c011c1583fd9 (type: security_group_rules) to 0
2026-05-25 01:52:38.308 9 INFO neutron.db.ovn_revision_numbers_db [None req-fedcea51-e9eb-4b5d-b8f3-16ad2b9a7aee f1b89169b4874687a267f3a0b69066dc f7e41d2c8a9f46a083fd2e45803e25da - - default default] Successfully bumped revision number for resource fe2ef933-1188-4ba0-973d-c19be5a08e1d (type: security_group_rules) to 0
2026-05-25 01:52:38.373 9 INFO neutron.db.segments_db [None req-fedcea51-e9eb-4b5d-b8f3-16ad2b9a7aee f1b89169b4874687a267f3a0b69066dc f7e41d2c8a9f46a083fd2e45803e25da - - default default] Added segment 208f2f1c-4133-4264-b41a-a7766e7add7c of type geneve for network 4ea78427-6fb9-4c23-b8ce-d3c360375c44
2026-05-25 01:52:38.383 10 WARNING neutron_lib.context [None req-a72e8ae7-aaaf-43f4-9310-86730039202b b747084037fa43fe858ee2b6a254de66 9e63f3123c404e27a9dbd3d797e49392 - - default default] Method 'is_advsvc' is deprecated since 2023.2 release (neutron-lib 3.8.0) and will be removed once support for the old RBAC API policies will be removed from Neutron. Please use method 'is_service_role' instead.
2026-05-25 01:52:38.520 9 INFO neutron.db.ovn_revision_numbers_db [None req-fedcea51-e9eb-4b5d-b8f3-16ad2b9a7aee f1b89169b4874687a267f3a0b69066dc f7e41d2c8a9f46a083fd2e45803e25da - - default default] Successfully bumped revision number for resource 4ea78427-6fb9-4c23-b8ce-d3c360375c44 (type: networks) to 1
2026-05-25 01:52:38.637 9 WARNING neutron_lib.context [None req-71a1fb49-f5e9-4c2d-bd4a-42802f8af15a 03869bb55743499c96e68073cc9f6aad 993df0e97ff34e81bc473a95934160a2 - - default default] Method 'is_advsvc' is deprecated since 2023.2 release (neutron-lib 3.8.0) and will be removed once support for the old RBAC API policies will be removed from Neutron. Please use method 'is_service_role' instead.
2026-05-25 01:52:38.637 9 WARNING neutron_lib.context [None req-71a1fb49-f5e9-4c2d-bd4a-42802f8af15a 03869bb55743499c96e68073cc9f6aad 993df0e97ff34e81bc473a95934160a2 - - default default] Method 'is_advsvc' is deprecated since 2023.2 release (neutron-lib 3.8.0) and will be removed once support for the old RBAC API policies will be removed from Neutron. Please use method 'is_service_role' instead.
2026-05-25 01:52:38.694 10 WARNING neutron.scheduler.dhcp_agent_scheduler [None req-a72e8ae7-aaaf-43f4-9310-86730039202b b747084037fa43fe858ee2b6a254de66 9e63f3123c404e27a9dbd3d797e49392 - - default default] No more DHCP agents
2026-05-25 01:52:38.697 10 WARNING neutron.api.rpc.agentnotifiers.dhcp_rpc_agent_api [None req-a72e8ae7-aaaf-43f4-9310-86730039202b b747084037fa43fe858ee2b6a254de66 9e63f3123c404e27a9dbd3d797e49392 - - default default] Unable to schedule network cde983e0-b7ea-4655-9953-6605f5ece5ea: no agents available; will retry on subsequent port and subnet creation events.
2026-05-25 01:52:38.722 9 WARNING neutron.scheduler.dhcp_agent_scheduler [None req-fedcea51-e9eb-4b5d-b8f3-16ad2b9a7aee f1b89169b4874687a267f3a0b69066dc f7e41d2c8a9f46a083fd2e45803e25da - - default default] No more DHCP agents
2026-05-25 01:52:38.727 9 WARNING neutron.api.rpc.agentnotifiers.dhcp_rpc_agent_api [None req-fedcea51-e9eb-4b5d-b8f3-16ad2b9a7aee f1b89169b4874687a267f3a0b69066dc f7e41d2c8a9f46a083fd2e45803e25da - - default default] Unable to schedule network 4ea78427-6fb9-4c23-b8ce-d3c360375c44: no agents available; will retry on subsequent port and subnet creation events.
2026-05-25 01:52:38.823 9 INFO neutron.db.ovn_revision_numbers_db [None req-71a1fb49-f5e9-4c2d-bd4a-42802f8af15a 03869bb55743499c96e68073cc9f6aad 993df0e97ff34e81bc473a95934160a2 - - default default] Successfully bumped revision number for resource 5fc09585-069a-4557-947b-492dee058af7 (type: security_groups) to 1
2026-05-25 01:52:38.832 9 INFO neutron.db.ovn_revision_numbers_db [None req-fedcea51-e9eb-4b5d-b8f3-16ad2b9a7aee f1b89169b4874687a267f3a0b69066dc f7e41d2c8a9f46a083fd2e45803e25da - - default default] Successfully bumped revision number for resource 40cbd8ed-a8ea-4fa0-93b1-58e0df936669 (type: ports) to 1
2026-05-25 01:52:38.836 9 INFO neutron.db.ovn_revision_numbers_db [None req-71a1fb49-f5e9-4c2d-bd4a-42802f8af15a 03869bb55743499c96e68073cc9f6aad 993df0e97ff34e81bc473a95934160a2 - - default default] Successfully bumped revision number for resource 0b450aa6-f1e9-4dd1-a2e7-f9c457178f52 (type: security_group_rules) to 0
2026-05-25 01:52:38.853 9 INFO neutron.wsgi [None req-fedcea51-e9eb-4b5d-b8f3-16ad2b9a7aee f1b89169b4874687a267f3a0b69066dc f7e41d2c8a9f46a083fd2e45803e25da - - default default] 10.0.0.37 "POST /v2.0/networks HTTP/1.1" status: 201 len: 830 time: 0.8986535
2026-05-25 01:52:38.855 9 INFO neutron.db.ovn_revision_numbers_db [None req-71a1fb49-f5e9-4c2d-bd4a-42802f8af15a 03869bb55743499c96e68073cc9f6aad 993df0e97ff34e81bc473a95934160a2 - - default default] Successfully bumped revision number for resource 0ec7d4bc-ad28-4e66-8a34-0502e6511d12 (type: security_group_rules) to 0
2026-05-25 01:52:38.866 9 WARNING neutron_lib.context [None req-e9a39374-e398-45b8-a2f7-65f438a67a69 f1b89169b4874687a267f3a0b69066dc f7e41d2c8a9f46a083fd2e45803e25da - - default default] Method 'is_advsvc' is deprecated since 2023.2 release (neutron-lib 3.8.0) and will be removed once support for the old RBAC API policies will be removed from Neutron. Please use method 'is_service_role' instead.
2026-05-25 01:52:38.887 9 INFO neutron.db.ovn_revision_numbers_db [None req-71a1fb49-f5e9-4c2d-bd4a-42802f8af15a 03869bb55743499c96e68073cc9f6aad 993df0e97ff34e81bc473a95934160a2 - - default default] Successfully bumped revision number for resource 9ab47f30-6525-410a-b6a6-7e3f746eea60 (type: security_group_rules) to 0
2026-05-25 01:52:38.911 9 INFO neutron.db.ovn_revision_numbers_db [None req-71a1fb49-f5e9-4c2d-bd4a-42802f8af15a 03869bb55743499c96e68073cc9f6aad 993df0e97ff34e81bc473a95934160a2 - - default default] Successfully bumped revision number for resource b4e1edd9-bfc9-4411-8286-6331a7d710bd (type: security_group_rules) to 0
2026-05-25 01:52:38.988 9 INFO neutron.db.segments_db [None req-71a1fb49-f5e9-4c2d-bd4a-42802f8af15a 03869bb55743499c96e68073cc9f6aad 993df0e97ff34e81bc473a95934160a2 - - default default] Added segment 241bc207-b771-47db-902d-9f0a0348bd87 of type geneve for network 38e239f5-587d-4270-823a-08bd5804daf5
2026-05-25 01:52:39.023 10 INFO neutron.db.ovn_revision_numbers_db [None req-a72e8ae7-aaaf-43f4-9310-86730039202b b747084037fa43fe858ee2b6a254de66 9e63f3123c404e27a9dbd3d797e49392 - - default default] Successfully bumped revision number for resource a2b4a3a0-f4bd-4a37-b814-4d79f5e21d59 (type: floatingips) to 0
2026-05-25 01:52:39.036 10 INFO neutron.wsgi [None req-a72e8ae7-aaaf-43f4-9310-86730039202b b747084037fa43fe858ee2b6a254de66 9e63f3123c404e27a9dbd3d797e49392 - - default default] 10.0.0.37 "POST /v2.0/floatingips HTTP/1.1" status: 201 len: 751 time: 0.8476181
2026-05-25 01:52:39.047 10 WARNING neutron_lib.context [None req-016aa901-9e1c-4f1f-876e-a2eb948a7780 b747084037fa43fe858ee2b6a254de66 9e63f3123c404e27a9dbd3d797e49392 - - default default] Method 'is_advsvc' is deprecated since 2023.2 release (neutron-lib 3.8.0) and will be removed once support for the old RBAC API policies will be removed from Neutron. Please use method 'is_service_role' instead.
2026-05-25 01:52:39.139 9 INFO neutron.db.segments_db [None req-71a1fb49-f5e9-4c2d-bd4a-42802f8af15a 03869bb55743499c96e68073cc9f6aad 993df0e97ff34e81bc473a95934160a2 - - default default] Added segment a3f0ff61-7445-46e1-92a6-2d904450bf80 of type geneve for network d274bb96-accf-403d-ab37-281ac4b557a9
2026-05-25 01:52:39.175 9 WARNING neutron.scheduler.dhcp_agent_scheduler [None req-e9a39374-e398-45b8-a2f7-65f438a67a69 f1b89169b4874687a267f3a0b69066dc f7e41d2c8a9f46a083fd2e45803e25da - - default default] No more DHCP agents
2026-05-25 01:52:39.179 9 WARNING neutron.api.rpc.agentnotifiers.dhcp_rpc_agent_api [None req-e9a39374-e398-45b8-a2f7-65f438a67a69 f1b89169b4874687a267f3a0b69066dc f7e41d2c8a9f46a083fd2e45803e25da - - default default] Unable to schedule network 4ea78427-6fb9-4c23-b8ce-d3c360375c44: no agents available; will retry on subsequent port and subnet creation events.
2026-05-25 01:52:39.325 9 INFO neutron.db.ovn_revision_numbers_db [None req-e9a39374-e398-45b8-a2f7-65f438a67a69 f1b89169b4874687a267f3a0b69066dc f7e41d2c8a9f46a083fd2e45803e25da - - default default] Successfully bumped revision number for resource 461e55d8-8a78-42c0-8b19-9f90983e4775 (type: ports) to 1
2026-05-25 01:52:39.336 9 INFO neutron.db.ovn_revision_numbers_db [None req-71a1fb49-f5e9-4c2d-bd4a-42802f8af15a 03869bb55743499c96e68073cc9f6aad 993df0e97ff34e81bc473a95934160a2 - - default default] Successfully bumped revision number for resource 38e239f5-587d-4270-823a-08bd5804daf5 (type: networks) to 1
2026-05-25 01:52:39.357 10 WARNING neutron.scheduler.dhcp_agent_scheduler [None req-016aa901-9e1c-4f1f-876e-a2eb948a7780 b747084037fa43fe858ee2b6a254de66 9e63f3123c404e27a9dbd3d797e49392 - - default default] No more DHCP agents
2026-05-25 01:52:39.360 10 WARNING neutron.api.rpc.agentnotifiers.dhcp_rpc_agent_api [None req-016aa901-9e1c-4f1f-876e-a2eb948a7780 b747084037fa43fe858ee2b6a254de66 9e63f3123c404e27a9dbd3d797e49392 - - default default] Unable to schedule network cde983e0-b7ea-4655-9953-6605f5ece5ea: no agents available; will retry on subsequent port and subnet creation events.
2026-05-25 01:52:39.367 9 INFO neutron.wsgi [None req-e9a39374-e398-45b8-a2f7-65f438a67a69 f1b89169b4874687a267f3a0b69066dc f7e41d2c8a9f46a083fd2e45803e25da - - default default] 10.0.0.37 "POST /v2.0/ports HTTP/1.1" status: 201 len: 942 time: 0.5080948
2026-05-25 01:52:39.432 10 INFO neutron.wsgi [None req-f99364da-c85c-4509-a821-619bfec64dd4 f1b89169b4874687a267f3a0b69066dc f7e41d2c8a9f46a083fd2e45803e25da - - default default] 10.0.0.37 "PUT /v2.0/ports/461e55d8-8a78-42c0-8b19-9f90983e4775/tags HTTP/1.1" status: 200 len: 218 time: 0.0558524
2026-05-25 01:52:39.474 10 INFO neutron.wsgi [None req-ee32b46c-d0ac-4132-81d5-b8e26504d647 f1b89169b4874687a267f3a0b69066dc f7e41d2c8a9f46a083fd2e45803e25da - - default default] 10.0.0.37 "GET /v2.0/ports/461e55d8-8a78-42c0-8b19-9f90983e4775/tags HTTP/1.1" status: 200 len: 218 time: 0.0378320
2026-05-25 01:52:39.548 10 INFO neutron.wsgi [None req-17cd6186-ea9a-4b13-94db-e1d14540d3f3 f1b89169b4874687a267f3a0b69066dc f7e41d2c8a9f46a083fd2e45803e25da - - default default] 10.0.0.37 "PUT /v2.0/ports/461e55d8-8a78-42c0-8b19-9f90983e4775/tags/green HTTP/1.1" status: 201 len: 201 time: 0.0658343
2026-05-25 01:52:39.559 9 WARNING neutron.scheduler.dhcp_agent_scheduler [None req-71a1fb49-f5e9-4c2d-bd4a-42802f8af15a 03869bb55743499c96e68073cc9f6aad 993df0e97ff34e81bc473a95934160a2 - - default default] No more DHCP agents
2026-05-25 01:52:39.561 9 WARNING neutron.api.rpc.agentnotifiers.dhcp_rpc_agent_api [None req-71a1fb49-f5e9-4c2d-bd4a-42802f8af15a 03869bb55743499c96e68073cc9f6aad 993df0e97ff34e81bc473a95934160a2 - - default default] Unable to schedule network 38e239f5-587d-4270-823a-08bd5804daf5: no agents available; will retry on subsequent port and subnet creation events.
2026-05-25 01:52:39.595 10 INFO neutron.wsgi [None req-30f6e0f7-151f-4dd0-9656-f4c3dd89cb6f f1b89169b4874687a267f3a0b69066dc f7e41d2c8a9f46a083fd2e45803e25da - - default default] 10.0.0.37 "GET /v2.0/ports/461e55d8-8a78-42c0-8b19-9f90983e4775/tags HTTP/1.1" status: 200 len: 227 time: 0.0414150 /var/lib/openstack/lib/python3.10/site-packages/pycadf/identifier.py:71: UserWarning: Invalid uuid: neutron. To ensure interoperability, identifiers should be a valid uuid. warnings.warn(('Invalid uuid: %s. To ensure interoperability, '
2026-05-25 01:52:39.673 9 INFO neutron.wsgi [None req-78306181-d777-4b1d-bb41-4484a643d8ab f1b89169b4874687a267f3a0b69066dc f7e41d2c8a9f46a083fd2e45803e25da - - default default] 10.0.0.37 "PUT /v2.0/ports/461e55d8-8a78-42c0-8b19-9f90983e4775/tags/red HTTP/1.1" status: 201 len: 201 time: 0.0724456
2026-05-25 01:52:39.692 9 INFO neutron.db.ovn_revision_numbers_db [None req-71a1fb49-f5e9-4c2d-bd4a-42802f8af15a 03869bb55743499c96e68073cc9f6aad 993df0e97ff34e81bc473a95934160a2 - - default default] Successfully bumped revision number for resource 8ec7085c-a3f6-4d9f-9a72-f0c8f9a386a9 (type: ports) to 1
2026-05-25 01:52:39.720 10 INFO neutron.wsgi [None req-9654199d-9c94-485c-a764-3c8e14eaf047 f1b89169b4874687a267f3a0b69066dc f7e41d2c8a9f46a083fd2e45803e25da - - default default] 10.0.0.37 "GET /v2.0/ports/461e55d8-8a78-42c0-8b19-9f90983e4775/tags HTTP/1.1" status: 200 len: 227 time: 0.0403819
2026-05-25 01:52:39.767 10 INFO neutron.db.ovn_revision_numbers_db [None req-016aa901-9e1c-4f1f-876e-a2eb948a7780 b747084037fa43fe858ee2b6a254de66 9e63f3123c404e27a9dbd3d797e49392 - - default default] Successfully bumped revision number for resource 7a85f91d-9d53-4a47-bbb1-4ee02ea84029 (type: floatingips) to 0
2026-05-25 01:52:39.775 9 INFO neutron.db.ovn_revision_numbers_db [None req-71a1fb49-f5e9-4c2d-bd4a-42802f8af15a 03869bb55743499c96e68073cc9f6aad 993df0e97ff34e81bc473a95934160a2 - - default default] Successfully bumped revision number for resource d274bb96-accf-403d-ab37-281ac4b557a9 (type: networks) to 1
2026-05-25 01:52:39.781 10 INFO neutron.wsgi [None req-016aa901-9e1c-4f1f-876e-a2eb948a7780 b747084037fa43fe858ee2b6a254de66 9e63f3123c404e27a9dbd3d797e49392 - - default default] 10.0.0.37 "POST /v2.0/floatingips HTTP/1.1" status: 201 len: 751 time: 0.7391162
2026-05-25 01:52:39.787 10 INFO neutron.wsgi [None req-c7f9ee6c-0c22-49e0-ad87-c8cec44f665d f1b89169b4874687a267f3a0b69066dc f7e41d2c8a9f46a083fd2e45803e25da - - default default] 10.0.0.37 "PUT /v2.0/ports/461e55d8-8a78-42c0-8b19-9f90983e4775/tags/black.or.white HTTP/1.1" status: 201 len: 201 time: 0.0595644
2026-05-25 01:52:39.792 10 WARNING neutron_lib.context [None req-28a2aef0-5c5d-4899-abad-33e60159c1ce b747084037fa43fe858ee2b6a254de66 9e63f3123c404e27a9dbd3d797e49392 - - default default] Method 'is_advsvc' is deprecated since 2023.2 release (neutron-lib 3.8.0) and will be removed once support for the old RBAC API policies will be removed from Neutron. Please use method 'is_service_role' instead.
2026-05-25 01:52:39.843 9 INFO neutron.wsgi [None req-193fefcf-4618-4842-bbae-c31987829681 f1b89169b4874687a267f3a0b69066dc f7e41d2c8a9f46a083fd2e45803e25da - - default default] 10.0.0.37 "GET /v2.0/ports/461e55d8-8a78-42c0-8b19-9f90983e4775/tags HTTP/1.1" status: 200 len: 245 time: 0.0517113
2026-05-25 01:52:39.935 10 INFO neutron.wsgi [None req-8a9b484e-414a-4a8e-9fbe-373faaa14b6b f1b89169b4874687a267f3a0b69066dc f7e41d2c8a9f46a083fd2e45803e25da - - default default] 10.0.0.37 "PUT /v2.0/ports/461e55d8-8a78-42c0-8b19-9f90983e4775/tags HTTP/1.1" status: 200 len: 230 time: 0.0869370
2026-05-25 01:52:39.980 10 INFO neutron.wsgi [None req-4161ab00-33ff-4dbb-8d84-159929b29a6b f1b89169b4874687a267f3a0b69066dc f7e41d2c8a9f46a083fd2e45803e25da - - default default] 10.0.0.37 "GET /v2.0/ports/461e55d8-8a78-42c0-8b19-9f90983e4775/tags HTTP/1.1" status: 200 len: 230 time: 0.0392776
2026-05-25 01:52:39.997 9 WARNING neutron.scheduler.dhcp_agent_scheduler [None req-71a1fb49-f5e9-4c2d-bd4a-42802f8af15a 03869bb55743499c96e68073cc9f6aad 993df0e97ff34e81bc473a95934160a2 - - default default] No more DHCP agents
2026-05-25 01:52:40.003 9 WARNING neutron.api.rpc.agentnotifiers.dhcp_rpc_agent_api [None req-71a1fb49-f5e9-4c2d-bd4a-42802f8af15a 03869bb55743499c96e68073cc9f6aad 993df0e97ff34e81bc473a95934160a2 - - default default] Unable to schedule network d274bb96-accf-403d-ab37-281ac4b557a9: no agents available; will retry on subsequent port and subnet creation events.
2026-05-25 01:52:40.044 9 INFO neutron.wsgi [None req-38244609-276a-4cc8-9b8f-e8c435bf4290 f1b89169b4874687a267f3a0b69066dc f7e41d2c8a9f46a083fd2e45803e25da - - default default] 10.0.0.37 "GET /v2.0/ports/461e55d8-8a78-42c0-8b19-9f90983e4775/tags/red HTTP/1.1" status: 204 len: 168 time: 0.0575807
2026-05-25 01:52:40.093 10 WARNING neutron.scheduler.dhcp_agent_scheduler [None req-28a2aef0-5c5d-4899-abad-33e60159c1ce b747084037fa43fe858ee2b6a254de66 9e63f3123c404e27a9dbd3d797e49392 - - default default] No more DHCP agents
2026-05-25 01:52:40.094 10 WARNING neutron.api.rpc.agentnotifiers.dhcp_rpc_agent_api [None req-28a2aef0-5c5d-4899-abad-33e60159c1ce b747084037fa43fe858ee2b6a254de66 9e63f3123c404e27a9dbd3d797e49392 - - default default] Unable to schedule network cde983e0-b7ea-4655-9953-6605f5ece5ea: no agents available; will retry on subsequent port and subnet creation events.
2026-05-25 01:52:40.103 9 INFO neutron.api.v2.resource [None req-178ad925-55d9-4cd9-b143-d2fd97c2335f f1b89169b4874687a267f3a0b69066dc f7e41d2c8a9f46a083fd2e45803e25da - - default default] show failed (client error): The resource could not be found.
2026-05-25 01:52:40.104 9 INFO neutron.wsgi [None req-178ad925-55d9-4cd9-b143-d2fd97c2335f f1b89169b4874687a267f3a0b69066dc f7e41d2c8a9f46a083fd2e45803e25da - - default default] 10.0.0.37 "GET /v2.0/ports/461e55d8-8a78-42c0-8b19-9f90983e4775/tags/green HTTP/1.1" status: 404 len: 299 time: 0.0557563
2026-05-25 01:52:40.124 9 INFO neutron.db.ovn_revision_numbers_db [None req-71a1fb49-f5e9-4c2d-bd4a-42802f8af15a 03869bb55743499c96e68073cc9f6aad 993df0e97ff34e81bc473a95934160a2 - - default default] Successfully bumped revision number for resource 6aa43576-3fa8-49e1-8dd2-7c24b9bc389b (type: ports) to 1
2026-05-25 01:52:40.154 9 INFO neutron.wsgi [None req-71a1fb49-f5e9-4c2d-bd4a-42802f8af15a 03869bb55743499c96e68073cc9f6aad 993df0e97ff34e81bc473a95934160a2 - - default default] 10.0.0.37 "POST /v2.0/networks HTTP/1.1" status: 201 len: 1445 time: 1.5918281
2026-05-25 01:52:40.180 9 INFO neutron.wsgi [None req-f19048b7-2bee-4f4c-a2b9-63325a54d78f f1b89169b4874687a267f3a0b69066dc f7e41d2c8a9f46a083fd2e45803e25da - - default default] 10.0.0.37 "DELETE /v2.0/ports/461e55d8-8a78-42c0-8b19-9f90983e4775/tags/red HTTP/1.1" status: 204 len: 168 time: 0.0694470
2026-05-25 01:52:40.232 10 INFO neutron.wsgi [None req-832aa703-78da-432b-bd6d-ecff80ab6e7c f1b89169b4874687a267f3a0b69066dc f7e41d2c8a9f46a083fd2e45803e25da - - default default] 10.0.0.37 "GET /v2.0/ports/461e55d8-8a78-42c0-8b19-9f90983e4775/tags HTTP/1.1" status: 200 len: 223 time: 0.0450184
2026-05-25 01:52:40.289 9 INFO neutron.wsgi [None req-8822fdd1-1145-42f9-b6dd-b547416d1996 03869bb55743499c96e68073cc9f6aad 993df0e97ff34e81bc473a95934160a2 - - default default] 10.0.0.37 "GET /v2.0/networks HTTP/1.1" status: 200 len: 2051 time: 0.1313565
2026-05-25 01:52:40.304 9 INFO neutron.api.v2.resource [None req-0abaa841-8b1b-460e-a868-a927ea498951 f1b89169b4874687a267f3a0b69066dc f7e41d2c8a9f46a083fd2e45803e25da - - default default] delete failed (client error): The resource could not be found.
2026-05-25 01:52:40.306 9 INFO neutron.wsgi [None req-0abaa841-8b1b-460e-a868-a927ea498951 f1b89169b4874687a267f3a0b69066dc f7e41d2c8a9f46a083fd2e45803e25da - - default default] 10.0.0.37 "DELETE /v2.0/ports/461e55d8-8a78-42c0-8b19-9f90983e4775/tags/green HTTP/1.1" status: 404 len: 299 time: 0.0687547
2026-05-25 01:52:40.359 9 INFO neutron.wsgi [None req-b1cc7945-2d48-46a8-8de9-0cc13153468f f1b89169b4874687a267f3a0b69066dc f7e41d2c8a9f46a083fd2e45803e25da - - default default] 10.0.0.37 "DELETE /v2.0/ports/461e55d8-8a78-42c0-8b19-9f90983e4775/tags HTTP/1.1" status: 204 len: 168 time: 0.0494049
2026-05-25 01:52:40.411 10 INFO neutron.wsgi [None req-eb9ca16a-860b-4acc-a647-fb8251791d47 f1b89169b4874687a267f3a0b69066dc f7e41d2c8a9f46a083fd2e45803e25da - - default default] 10.0.0.37 "GET /v2.0/ports/461e55d8-8a78-42c0-8b19-9f90983e4775/tags HTTP/1.1" status: 200 len: 205 time: 0.0429313
2026-05-25 01:52:40.440 10 INFO neutron.db.ovn_revision_numbers_db [None req-28a2aef0-5c5d-4899-abad-33e60159c1ce b747084037fa43fe858ee2b6a254de66 9e63f3123c404e27a9dbd3d797e49392 - - default default] Successfully bumped revision number for resource c743b806-4008-4d51-8c65-fd163f6f8e58 (type: floatingips) to 0
2026-05-25 01:52:40.463 10 INFO neutron.wsgi [None req-28a2aef0-5c5d-4899-abad-33e60159c1ce b747084037fa43fe858ee2b6a254de66 9e63f3123c404e27a9dbd3d797e49392 - - default default] 10.0.0.37 "POST /v2.0/floatingips HTTP/1.1" status: 201 len: 751 time: 0.6755145
2026-05-25 01:52:40.475 10 WARNING neutron_lib.context [None req-c0801754-c54e-496f-9ca6-a1c0f2f40c0b b747084037fa43fe858ee2b6a254de66 9e63f3123c404e27a9dbd3d797e49392 - - default default] Method 'is_advsvc' is deprecated since 2023.2 release (neutron-lib 3.8.0) and will be removed once support for the old RBAC API policies will be removed from Neutron. Please use method 'is_service_role' instead.
2026-05-25 01:52:40.666 9 INFO neutron.wsgi [None req-ee1f9ccd-1a0e-467c-afe3-e06b20431ad6 f1b89169b4874687a267f3a0b69066dc f7e41d2c8a9f46a083fd2e45803e25da - - default default] 10.0.0.37 "DELETE /v2.0/ports/461e55d8-8a78-42c0-8b19-9f90983e4775 HTTP/1.1" status: 204 len: 168 time: 0.2479913
2026-05-25 01:52:40.960 10 INFO neutron.services.segments.plugin [-] Segment 241bc207-b771-47db-902d-9f0a0348bd87 resource provider aggregate not found
2026-05-25 01:52:40.969 10 INFO neutron.services.segments.plugin [-] Segment 241bc207-b771-47db-902d-9f0a0348bd87 resource provider aggregate not found
2026-05-25 01:52:40.989 10 INFO neutron.services.segments.plugin [-] Segment 241bc207-b771-47db-902d-9f0a0348bd87 resource provider not found; error: Placement Client Error (4xx): {"errors": [{"status": 404, "title": "Not Found", "detail": "The resource could not be found.\n\n No resource provider with uuid 241bc207-b771-47db-902d-9f0a0348bd87 found for delete ", "request_id": "req-be663cc6-5da4-425e-a707-66be743180be"}]}
2026-05-25 01:52:40.998 10 INFO neutron.services.segments.plugin [-] Segment 241bc207-b771-47db-902d-9f0a0348bd87 resource provider not found; error: Placement Client Error (4xx): {"errors": [{"status": 404, "title": "Not Found", "detail": "The resource could not be found.\n\n No resource provider with uuid 241bc207-b771-47db-902d-9f0a0348bd87 found for delete ", "request_id": "req-3977d081-1627-43d6-9abb-019ba2238ae6"}]}
2026-05-25 01:52:41.025 9 INFO neutron.services.segments.plugin [-] Segment 208f2f1c-4133-4264-b41a-a7766e7add7c resource provider aggregate not found
2026-05-25 01:52:41.025 10 INFO neutron.wsgi [None req-e192bd28-acb6-4f19-a150-af730381b85c 03869bb55743499c96e68073cc9f6aad 993df0e97ff34e81bc473a95934160a2 - - default default] 10.0.0.37 "DELETE /v2.0/networks/38e239f5-587d-4270-823a-08bd5804daf5 HTTP/1.1" status: 204 len: 168 time: 0.7302535
2026-05-25 01:52:41.044 9 INFO neutron.services.segments.plugin [-] Segment 208f2f1c-4133-4264-b41a-a7766e7add7c resource provider aggregate not found
2026-05-25 01:52:41.061 9 INFO neutron.services.segments.plugin [-] Segment 208f2f1c-4133-4264-b41a-a7766e7add7c resource provider not found; error: Placement Client Error (4xx): {"errors": [{"status": 404, "title": "Not Found", "detail": "The resource could not be found.\n\n No resource provider with uuid 208f2f1c-4133-4264-b41a-a7766e7add7c found for delete ", "request_id": "req-a795240c-b34c-4ba9-9763-1de3938a8462"}]}
2026-05-25 01:52:41.061 10 WARNING neutron.scheduler.dhcp_agent_scheduler [None req-c0801754-c54e-496f-9ca6-a1c0f2f40c0b b747084037fa43fe858ee2b6a254de66 9e63f3123c404e27a9dbd3d797e49392 - - default default] No more DHCP agents
2026-05-25 01:52:41.066 10 WARNING neutron.api.rpc.agentnotifiers.dhcp_rpc_agent_api [None req-c0801754-c54e-496f-9ca6-a1c0f2f40c0b b747084037fa43fe858ee2b6a254de66 9e63f3123c404e27a9dbd3d797e49392 - - default default] Unable to schedule network cde983e0-b7ea-4655-9953-6605f5ece5ea: no agents available; will retry on subsequent port and subnet creation events.
2026-05-25 01:52:41.077 9 INFO neutron.services.segments.plugin [-] Segment 208f2f1c-4133-4264-b41a-a7766e7add7c resource provider not found; error: Placement Client Error (4xx): {"errors": [{"status": 404, "title": "Not Found", "detail": "The resource could not be found.\n\n No resource provider with uuid 208f2f1c-4133-4264-b41a-a7766e7add7c found for delete ", "request_id": "req-2d29892e-4d68-4514-adbb-3da338d126e3"}]}
