2026-05-25 01:51:15.359 9 INFO neutron.db.ovn_revision_numbers_db [None req-56bde338-89e4-420c-bdb7-37675347bc12 468642d5d03e40e999c44c9ecc69fbbc 1db9c0990d804b089f52ee3e8478ab9c - - default default] Successfully bumped revision number for resource ba9f37e4-0248-4a41-a931-eec71ff4c3f3 (type: ports) to 1
2026-05-25 01:51:15.385 9 INFO neutron.wsgi [None req-56bde338-89e4-420c-bdb7-37675347bc12 468642d5d03e40e999c44c9ecc69fbbc 1db9c0990d804b089f52ee3e8478ab9c - - default default] 10.0.0.37 "POST /v2.0/ports HTTP/1.1" status: 201 len: 973 time: 0.4042313 /var/lib/openstack/lib/python3.10/site-packages/pycadf/identifier.py:71: UserWarning: Invalid uuid: neutron. To ensure interoperability, identifiers should be a valid uuid. warnings.warn(('Invalid uuid: %s. To ensure interoperability, '
2026-05-25 01:51:15.396 9 WARNING neutron_lib.context [None req-a9adc58e-ea69-4ce6-bd28-45354447b182 468642d5d03e40e999c44c9ecc69fbbc 1db9c0990d804b089f52ee3e8478ab9c - - default default] Method 'is_advsvc' is deprecated since 2023.2 release (neutron-lib 3.8.0) and will be removed once support for the old RBAC API policies will be removed from Neutron. Please use method 'is_service_role' instead.
2026-05-25 01:51:15.402 10 INFO neutron.db.l3_db [req-0c35f37a-0def-4911-923e-c0ab32507bb6 req-546d006d-eb0f-4755-ae99-87bc962393cc ea5bb7d9f9a14274a70572fb95d16a48 f7dcb6cbdf5e4266ad6894faed9cd35d - - default default] Floating IP 2da44e54-3d8e-4c56-b8bc-0c7465b61102 disassociated. External IP: 10.96.250.207, port: 59b525c2-6e66-4999-ae87-7024ebe83ba8.
2026-05-25 01:51:15.501 10 INFO neutron.db.ovn_revision_numbers_db [None req-62f773d8-3c98-47f0-95f0-32fc7e6aefeb 46fc885e631340be9d695343ae9d6897 a01ea5760fb4435f8f18b258274259a8 - - default default] Successfully bumped revision number for resource 0f183916-7c71-44f2-8293-d0cf15d66766 (type: ports) to 1
2026-05-25 01:51:15.507 9 INFO neutron.db.segments_db [None req-a9adc58e-ea69-4ce6-bd28-45354447b182 468642d5d03e40e999c44c9ecc69fbbc 1db9c0990d804b089f52ee3e8478ab9c - - default default] Added segment 33a32f7b-2984-42fc-afa8-6000e39035c9 of type geneve for network ff229a9f-471e-4d13-9d3d-260142e167b1
2026-05-25 01:51:15.644 9 INFO neutron.db.ovn_revision_numbers_db [None req-a9adc58e-ea69-4ce6-bd28-45354447b182 468642d5d03e40e999c44c9ecc69fbbc 1db9c0990d804b089f52ee3e8478ab9c - - default default] Successfully bumped revision number for resource ff229a9f-471e-4d13-9d3d-260142e167b1 (type: networks) to 1
2026-05-25 01:51:15.723 10 INFO neutron.wsgi [None req-62f773d8-3c98-47f0-95f0-32fc7e6aefeb 46fc885e631340be9d695343ae9d6897 a01ea5760fb4435f8f18b258274259a8 - - default default] 10.0.0.37 "POST /v2.0/networks HTTP/1.1" status: 201 len: 852 time: 0.8993642
2026-05-25 01:51:15.780 10 INFO neutron.wsgi [req-0c35f37a-0def-4911-923e-c0ab32507bb6 req-546d006d-eb0f-4755-ae99-87bc962393cc ea5bb7d9f9a14274a70572fb95d16a48 f7dcb6cbdf5e4266ad6894faed9cd35d - - default default] 199.204.45.246 "DELETE /v2.0/ports/59b525c2-6e66-4999-ae87-7024ebe83ba8 HTTP/1.1" status: 204 len: 173 time: 0.7975538 /var/lib/openstack/lib/python3.10/site-packages/pycadf/identifier.py:71: UserWarning: Invalid uuid: neutron. To ensure interoperability, identifiers should be a valid uuid. warnings.warn(('Invalid uuid: %s. To ensure interoperability, '
2026-05-25 01:51:15.813 10 INFO neutron.notifiers.nova [-] Nova event matching ['req-0392227d-8302-4779-91fb-553329a5787f'] response: {'server_uuid': '58a0721c-e803-44b4-a4b4-c748797959c6', 'name': 'network-vif-deleted', 'tag': '59b525c2-6e66-4999-ae87-7024ebe83ba8', 'status': 'completed', 'code': 200}
2026-05-25 01:51:15.817 9 INFO neutron.wsgi [req-54594f16-c18b-4b4b-a798-c8d63717b8c2 req-abe67ce2-29a4-49ab-86d5-f067487e80c8 ea5bb7d9f9a14274a70572fb95d16a48 f7dcb6cbdf5e4266ad6894faed9cd35d - - default default] 10.0.0.179 "GET /v2.0/ports?device_id=58a0721c-e803-44b4-a4b4-c748797959c6 HTTP/1.1" status: 200 len: 210 time: 0.0295286
2026-05-25 01:51:15.823 9 WARNING neutron.scheduler.dhcp_agent_scheduler [None req-a9adc58e-ea69-4ce6-bd28-45354447b182 468642d5d03e40e999c44c9ecc69fbbc 1db9c0990d804b089f52ee3e8478ab9c - - default default] No more DHCP agents
2026-05-25 01:51:15.824 9 WARNING neutron.api.rpc.agentnotifiers.dhcp_rpc_agent_api [None req-a9adc58e-ea69-4ce6-bd28-45354447b182 468642d5d03e40e999c44c9ecc69fbbc 1db9c0990d804b089f52ee3e8478ab9c - - default default] Unable to schedule network ff229a9f-471e-4d13-9d3d-260142e167b1: no agents available; will retry on subsequent port and subnet creation events.
2026-05-25 01:51:15.904 9 INFO neutron.db.ovn_revision_numbers_db [None req-a9adc58e-ea69-4ce6-bd28-45354447b182 468642d5d03e40e999c44c9ecc69fbbc 1db9c0990d804b089f52ee3e8478ab9c - - default default] Successfully bumped revision number for resource 32ddaeb5-94f3-4d19-ad62-a2f23ad524a7 (type: ports) to 1
2026-05-25 01:51:15.923 9 INFO neutron.wsgi [None req-a9adc58e-ea69-4ce6-bd28-45354447b182 468642d5d03e40e999c44c9ecc69fbbc 1db9c0990d804b089f52ee3e8478ab9c - - default default] 10.0.0.37 "POST /v2.0/networks HTTP/1.1" status: 201 len: 830 time: 0.5316608
2026-05-25 01:51:15.934 9 WARNING neutron_lib.context [None req-361b0417-ecf2-4bf1-a039-cb49ce3fb66f 468642d5d03e40e999c44c9ecc69fbbc 1db9c0990d804b089f52ee3e8478ab9c - - default default] Method 'is_advsvc' is deprecated since 2023.2 release (neutron-lib 3.8.0) and will be removed once support for the old RBAC API policies will be removed from Neutron. Please use method 'is_service_role' instead.
2026-05-25 01:51:16.177 10 WARNING neutron_lib.context [None req-27cbcbfc-2fed-4ac6-b0a1-78adcf5c4592 46fc885e631340be9d695343ae9d6897 a01ea5760fb4435f8f18b258274259a8 - - default default] Method 'is_advsvc' is deprecated since 2023.2 release (neutron-lib 3.8.0) and will be removed once support for the old RBAC API policies will be removed from Neutron. Please use method 'is_service_role' instead.
2026-05-25 01:51:16.184 9 WARNING neutron.scheduler.dhcp_agent_scheduler [None req-361b0417-ecf2-4bf1-a039-cb49ce3fb66f 468642d5d03e40e999c44c9ecc69fbbc 1db9c0990d804b089f52ee3e8478ab9c - - default default] No more DHCP agents
2026-05-25 01:51:16.186 9 WARNING neutron.api.rpc.agentnotifiers.dhcp_rpc_agent_api [None req-361b0417-ecf2-4bf1-a039-cb49ce3fb66f 468642d5d03e40e999c44c9ecc69fbbc 1db9c0990d804b089f52ee3e8478ab9c - - default default] Unable to schedule network ff229a9f-471e-4d13-9d3d-260142e167b1: no agents available; will retry on subsequent port and subnet creation events.
2026-05-25 01:51:16.214 10 WARNING neutron_lib.context [None req-27cbcbfc-2fed-4ac6-b0a1-78adcf5c4592 46fc885e631340be9d695343ae9d6897 a01ea5760fb4435f8f18b258274259a8 - - default default] Method 'is_advsvc' is deprecated since 2023.2 release (neutron-lib 3.8.0) and will be removed once support for the old RBAC API policies will be removed from Neutron. Please use method 'is_service_role' instead.
2026-05-25 01:51:16.609 10 WARNING neutron.scheduler.dhcp_agent_scheduler [None req-27cbcbfc-2fed-4ac6-b0a1-78adcf5c4592 46fc885e631340be9d695343ae9d6897 a01ea5760fb4435f8f18b258274259a8 - - default default] No more DHCP agents
2026-05-25 01:51:16.611 10 WARNING neutron.api.rpc.agentnotifiers.dhcp_rpc_agent_api [None req-27cbcbfc-2fed-4ac6-b0a1-78adcf5c4592 46fc885e631340be9d695343ae9d6897 a01ea5760fb4435f8f18b258274259a8 - - default default] Unable to schedule network 186f5832-158a-4c9f-8f0f-4e57bbfd6595: no agents available; will retry on subsequent port and subnet creation events.
2026-05-25 01:51:16.646 9 INFO neutron.db.ovn_revision_numbers_db [None req-361b0417-ecf2-4bf1-a039-cb49ce3fb66f 468642d5d03e40e999c44c9ecc69fbbc 1db9c0990d804b089f52ee3e8478ab9c - - default default] Successfully bumped revision number for resource 32ddaeb5-94f3-4d19-ad62-a2f23ad524a7 (type: ports) to 2
2026-05-25 01:51:16.650 10 INFO neutron.db.ovn_revision_numbers_db [None req-27cbcbfc-2fed-4ac6-b0a1-78adcf5c4592 46fc885e631340be9d695343ae9d6897 a01ea5760fb4435f8f18b258274259a8 - - default default] Successfully bumped revision number for resource 878e100c-3133-4469-9f62-fcb5f42e22c0 (type: subnets) to 0
2026-05-25 01:51:16.675 9 INFO neutron.db.ovn_revision_numbers_db [None req-361b0417-ecf2-4bf1-a039-cb49ce3fb66f 468642d5d03e40e999c44c9ecc69fbbc 1db9c0990d804b089f52ee3e8478ab9c - - default default] Successfully bumped revision number for resource 428b4c47-b7a5-48fc-b76f-cf602b9a4b89 (type: subnets) to 0
2026-05-25 01:51:16.676 10 WARNING neutron.scheduler.dhcp_agent_scheduler [None req-27cbcbfc-2fed-4ac6-b0a1-78adcf5c4592 46fc885e631340be9d695343ae9d6897 a01ea5760fb4435f8f18b258274259a8 - - default default] No more DHCP agents
2026-05-25 01:51:16.677 10 WARNING neutron.api.rpc.agentnotifiers.dhcp_rpc_agent_api [None req-27cbcbfc-2fed-4ac6-b0a1-78adcf5c4592 46fc885e631340be9d695343ae9d6897 a01ea5760fb4435f8f18b258274259a8 - - default default] Unable to schedule network ae224092-9386-4daa-8657-d0c32b954f5d: no agents available; will retry on subsequent port and subnet creation events.
2026-05-25 01:51:16.694 9 INFO neutron.wsgi [None req-361b0417-ecf2-4bf1-a039-cb49ce3fb66f 468642d5d03e40e999c44c9ecc69fbbc 1db9c0990d804b089f52ee3e8478ab9c - - default default] 10.0.0.37 "POST /v2.0/subnets HTTP/1.1" status: 201 len: 801 time: 0.7653961
2026-05-25 01:51:16.706 10 WARNING neutron_lib.context [None req-e8014832-bfa0-42c1-bc0a-9868c6013391 468642d5d03e40e999c44c9ecc69fbbc 1db9c0990d804b089f52ee3e8478ab9c - - default default] Method 'is_advsvc' is deprecated since 2023.2 release (neutron-lib 3.8.0) and will be removed once support for the old RBAC API policies will be removed from Neutron. Please use method 'is_service_role' instead.
2026-05-25 01:51:16.718 10 INFO neutron.db.ovn_revision_numbers_db [None req-27cbcbfc-2fed-4ac6-b0a1-78adcf5c4592 46fc885e631340be9d695343ae9d6897 a01ea5760fb4435f8f18b258274259a8 - - default default] Successfully bumped revision number for resource 4e38009f-ee71-46ae-9ab4-b27bab832d8e (type: subnets) to 0
2026-05-25 01:51:16.746 10 INFO neutron.wsgi [None req-27cbcbfc-2fed-4ac6-b0a1-78adcf5c4592 46fc885e631340be9d695343ae9d6897 a01ea5760fb4435f8f18b258274259a8 - - default default] 10.0.0.37 "POST /v2.0/subnets HTTP/1.1" status: 201 len: 1475 time: 0.5762210
2026-05-25 01:51:16.812 9 INFO neutron.wsgi [None req-88e51048-7ec2-4903-8c2d-c7bc791801ef 46fc885e631340be9d695343ae9d6897 a01ea5760fb4435f8f18b258274259a8 - - default default] 10.0.0.37 "GET /v2.0/subnets HTTP/1.1" status: 200 len: 2083 time: 0.0609097
2026-05-25 01:51:16.923 9 INFO neutron.notifiers.nova [-] Nova event matching ['req-fcf269ea-7a47-4fe4-a58d-7f6df7c02c89'] response: {'server_uuid': '58a0721c-e803-44b4-a4b4-c748797959c6', 'name': 'network-vif-plugged', 'status': 'completed', 'tag': '59b525c2-6e66-4999-ae87-7024ebe83ba8', 'code': 200}
2026-05-25 01:51:17.022 10 WARNING neutron.scheduler.dhcp_agent_scheduler [None req-e8014832-bfa0-42c1-bc0a-9868c6013391 468642d5d03e40e999c44c9ecc69fbbc 1db9c0990d804b089f52ee3e8478ab9c - - default default] No more DHCP agents
2026-05-25 01:51:17.023 10 WARNING neutron.api.rpc.agentnotifiers.dhcp_rpc_agent_api [None req-e8014832-bfa0-42c1-bc0a-9868c6013391 468642d5d03e40e999c44c9ecc69fbbc 1db9c0990d804b089f52ee3e8478ab9c - - default default] Unable to schedule network ff229a9f-471e-4d13-9d3d-260142e167b1: no agents available; will retry on subsequent port and subnet creation events.
2026-05-25 01:51:17.057 9 INFO neutron.wsgi [None req-0c9e9130-6807-40a8-b448-e9d7b0132263 46fc885e631340be9d695343ae9d6897 a01ea5760fb4435f8f18b258274259a8 - - default default] 10.0.0.37 "DELETE /v2.0/subnets/878e100c-3133-4469-9f62-fcb5f42e22c0 HTTP/1.1" status: 204 len: 168 time: 0.2337692 /var/lib/openstack/lib/python3.10/site-packages/pycadf/identifier.py:71: UserWarning: Invalid uuid: neutron. To ensure interoperability, identifiers should be a valid uuid. warnings.warn(('Invalid uuid: %s. To ensure interoperability, '
2026-05-25 01:51:17.078 9 INFO neutron.wsgi [None req-70952fd0-cf21-4558-ba46-29b62a20b6b3 ea5bb7d9f9a14274a70572fb95d16a48 f7dcb6cbdf5e4266ad6894faed9cd35d - - default default] 10.0.0.37 "DELETE /v2.0/security-groups/3f431584-bfc6-4f81-9ae1-f4f38401e715 HTTP/1.1" status: 204 len: 168 time: 0.1648126
2026-05-25 01:51:17.093 9 INFO neutron.api.v2.resource [None req-89f5ac96-2c7b-4f45-852d-5fa68b7a61c5 ea5bb7d9f9a14274a70572fb95d16a48 f7dcb6cbdf5e4266ad6894faed9cd35d - - default default] show failed (client error): The resource could not be found.
2026-05-25 01:51:17.094 9 INFO neutron.wsgi [None req-89f5ac96-2c7b-4f45-852d-5fa68b7a61c5 ea5bb7d9f9a14274a70572fb95d16a48 f7dcb6cbdf5e4266ad6894faed9cd35d - - default default] 10.0.0.37 "GET /v2.0/security-groups/3f431584-bfc6-4f81-9ae1-f4f38401e715 HTTP/1.1" status: 404 len: 347 time: 0.0081446
2026-05-25 01:51:17.258 10 INFO neutron.db.ovn_revision_numbers_db [None req-e8014832-bfa0-42c1-bc0a-9868c6013391 468642d5d03e40e999c44c9ecc69fbbc 1db9c0990d804b089f52ee3e8478ab9c - - default default] Successfully bumped revision number for resource 1ba70323-00bf-490f-ad46-7017436aaab5 (type: ports) to 1
2026-05-25 01:51:17.280 10 INFO neutron.wsgi [None req-e8014832-bfa0-42c1-bc0a-9868c6013391 468642d5d03e40e999c44c9ecc69fbbc 1db9c0990d804b089f52ee3e8478ab9c - - default default] 10.0.0.37 "POST /v2.0/ports HTTP/1.1" status: 201 len: 1152 time: 0.5802088
2026-05-25 01:51:17.291 10 INFO neutron.wsgi [None req-192f506a-9fda-4cce-b24b-21abe59d121d 46fc885e631340be9d695343ae9d6897 a01ea5760fb4435f8f18b258274259a8 - - default default] 10.0.0.37 "DELETE /v2.0/subnets/4e38009f-ee71-46ae-9ab4-b27bab832d8e HTTP/1.1" status: 204 len: 168 time: 0.2255883
2026-05-25 01:51:17.342 10 INFO neutron.wsgi [None req-edc6932f-1ceb-466f-9912-dcdc20951644 46fc885e631340be9d695343ae9d6897 a01ea5760fb4435f8f18b258274259a8 - - default default] 10.0.0.37 "GET /v2.0/subnets HTTP/1.1" status: 200 len: 820 time: 0.0463533
2026-05-25 01:51:17.458 9 INFO neutron.wsgi [None req-808377f4-5560-4b74-9f1f-5d6a80c6172b ea5bb7d9f9a14274a70572fb95d16a48 f7dcb6cbdf5e4266ad6894faed9cd35d - - default default] 10.0.0.37 "DELETE /v2.0/floatingips/2da44e54-3d8e-4c56-b8bc-0c7465b61102 HTTP/1.1" status: 204 len: 168 time: 0.3605042
2026-05-25 01:51:17.627 9 INFO neutron.wsgi [None req-af12eb7a-2d4e-42e8-be58-f8391fa467f4 468642d5d03e40e999c44c9ecc69fbbc 1db9c0990d804b089f52ee3e8478ab9c - - default default] 10.0.0.37 "DELETE /v2.0/ports/1ba70323-00bf-490f-ad46-7017436aaab5 HTTP/1.1" status: 204 len: 168 time: 0.3361039
2026-05-25 01:51:17.649 9 INFO neutron.pecan_wsgi.hooks.translation [None req-796f3eb5-69bb-413d-8f15-d08f33d4d07e 468642d5d03e40e999c44c9ecc69fbbc 1db9c0990d804b089f52ee3e8478ab9c - - default default] DELETE failed (client error): The resource could not be found.
2026-05-25 01:51:17.651 9 INFO neutron.wsgi [None req-796f3eb5-69bb-413d-8f15-d08f33d4d07e 468642d5d03e40e999c44c9ecc69fbbc 1db9c0990d804b089f52ee3e8478ab9c - - default default] 10.0.0.37 "DELETE /v2.0/ports/1ba70323-00bf-490f-ad46-7017436aaab5 HTTP/1.1" status: 404 len: 333 time: 0.0191741
2026-05-25 01:51:17.672 9 INFO neutron.pecan_wsgi.hooks.translation [None req-260dd045-ebca-4f6b-a704-86f037fc075e 468642d5d03e40e999c44c9ecc69fbbc 1db9c0990d804b089f52ee3e8478ab9c - - default default] GET failed (client error): The resource could not be found.
2026-05-25 01:51:17.674 9 INFO neutron.wsgi [None req-260dd045-ebca-4f6b-a704-86f037fc075e 468642d5d03e40e999c44c9ecc69fbbc 1db9c0990d804b089f52ee3e8478ab9c - - default default] 10.0.0.37 "GET /v2.0/ports/1ba70323-00bf-490f-ad46-7017436aaab5 HTTP/1.1" status: 404 len: 333 time: 0.0182893
2026-05-25 01:51:17.762 10 INFO neutron.services.segments.plugin [-] Segment 6ae46d01-f360-4e62-ae9b-65595ec3f7d3 resource provider aggregate not found
2026-05-25 01:51:17.766 10 INFO neutron.services.segments.plugin [-] Segment 6ae46d01-f360-4e62-ae9b-65595ec3f7d3 resource provider aggregate not found
2026-05-25 01:51:17.782 10 INFO neutron.services.segments.plugin [-] Segment 6ae46d01-f360-4e62-ae9b-65595ec3f7d3 resource provider not found; error: Placement Client Error (4xx): {"errors": [{"status": 404, "title": "Not Found", "detail": "The resource could not be found.\n\n No resource provider with uuid 6ae46d01-f360-4e62-ae9b-65595ec3f7d3 found for delete ", "request_id": "req-9f6bef92-df57-44ba-aede-e320d2f66791"}]}
2026-05-25 01:51:17.784 10 INFO neutron.services.segments.plugin [-] Segment 6ae46d01-f360-4e62-ae9b-65595ec3f7d3 resource provider not found; error: Placement Client Error (4xx): {"errors": [{"status": 404, "title": "Not Found", "detail": "The resource could not be found.\n\n No resource provider with uuid 6ae46d01-f360-4e62-ae9b-65595ec3f7d3 found for delete ", "request_id": "req-649db8d2-5e1b-44c6-907b-33d5d67a2dd8"}]}
2026-05-25 01:51:17.824 10 INFO neutron.wsgi [None req-f461676c-0aa2-4b77-82b3-cb8a70bdaa9a 46fc885e631340be9d695343ae9d6897 a01ea5760fb4435f8f18b258274259a8 - - default default] 10.0.0.37 "DELETE /v2.0/networks/ae224092-9386-4daa-8657-d0c32b954f5d HTTP/1.1" status: 204 len: 168 time: 0.4726565
2026-05-25 01:51:17.942 9 INFO neutron.wsgi [None req-52ad3e4c-0b8d-4377-86e4-bb6baf89d609 468642d5d03e40e999c44c9ecc69fbbc 1db9c0990d804b089f52ee3e8478ab9c - - default default] 10.0.0.37 "DELETE /v2.0/subnets/428b4c47-b7a5-48fc-b76f-cf602b9a4b89 HTTP/1.1" status: 204 len: 168 time: 0.2631323
2026-05-25 01:51:18.229 9 INFO neutron.services.segments.plugin [-] Segment 8bde5ac9-09e4-4fd3-a268-257fcb90b7f7 resource provider aggregate not found
2026-05-25 01:51:18.234 9 INFO neutron.services.segments.plugin [-] Segment 8bde5ac9-09e4-4fd3-a268-257fcb90b7f7 resource provider aggregate not found
2026-05-25 01:51:18.251 9 INFO neutron.services.segments.plugin [-] Segment 8bde5ac9-09e4-4fd3-a268-257fcb90b7f7 resource provider not found; error: Placement Client Error (4xx): {"errors": [{"status": 404, "title": "Not Found", "detail": "The resource could not be found.\n\n No resource provider with uuid 8bde5ac9-09e4-4fd3-a268-257fcb90b7f7 found for delete ", "request_id": "req-802275e9-5fc2-4fc4-8b9c-3f7f61e4511e"}]}
2026-05-25 01:51:18.252 9 INFO neutron.services.segments.plugin [-] Segment 8bde5ac9-09e4-4fd3-a268-257fcb90b7f7 resource provider not found; error: Placement Client Error (4xx): {"errors": [{"status": 404, "title": "Not Found", "detail": "The resource could not be found.\n\n No resource provider with uuid 8bde5ac9-09e4-4fd3-a268-257fcb90b7f7 found for delete ", "request_id": "req-f9fac5d2-1878-41de-b0ca-fed63c2d10d0"}]}
2026-05-25 01:51:18.273 9 INFO neutron.wsgi [None req-e051c826-0377-4b9b-befb-ce6ad8001719 46fc885e631340be9d695343ae9d6897 a01ea5760fb4435f8f18b258274259a8 - - default default] 10.0.0.37 "DELETE /v2.0/networks/186f5832-158a-4c9f-8f0f-4e57bbfd6595 HTTP/1.1" status: 204 len: 168 time: 0.4448903
2026-05-25 01:51:18.542 10 INFO neutron.wsgi [None req-8ebdc2cd-f3cb-4790-9ea7-56b31f775c8b 468642d5d03e40e999c44c9ecc69fbbc 1db9c0990d804b089f52ee3e8478ab9c - - default default] 10.0.0.37 "DELETE /v2.0/networks/ff229a9f-471e-4d13-9d3d-260142e167b1 HTTP/1.1" status: 204 len: 168 time: 0.5943019
2026-05-25 01:51:18.555 9 WARNING neutron_lib.context [None req-3c41f92f-278d-49bd-b8d1-70b7b9111247 468642d5d03e40e999c44c9ecc69fbbc 1db9c0990d804b089f52ee3e8478ab9c - - default default] Method 'is_advsvc' is deprecated since 2023.2 release (neutron-lib 3.8.0) and will be removed once support for the old RBAC API policies will be removed from Neutron. Please use method 'is_service_role' instead.
2026-05-25 01:51:18.631 9 INFO neutron.db.segments_db [None req-3c41f92f-278d-49bd-b8d1-70b7b9111247 468642d5d03e40e999c44c9ecc69fbbc 1db9c0990d804b089f52ee3e8478ab9c - - default default] Added segment 2b94b788-44c6-401c-8106-3a4b7be2ba2d of type geneve for network 3b8e9f6e-8c0c-4692-9bf4-4d8d07f9aa3c
2026-05-25 01:51:18.781 9 INFO neutron.db.ovn_revision_numbers_db [None req-3c41f92f-278d-49bd-b8d1-70b7b9111247 468642d5d03e40e999c44c9ecc69fbbc 1db9c0990d804b089f52ee3e8478ab9c - - default default] Successfully bumped revision number for resource 3b8e9f6e-8c0c-4692-9bf4-4d8d07f9aa3c (type: networks) to 1
2026-05-25 01:51:18.902 10 INFO neutron.wsgi [None req-f7470f86-d2e5-466e-973e-7a467c0110ec 46fc885e631340be9d695343ae9d6897 a01ea5760fb4435f8f18b258274259a8 - - default default] 10.0.0.37 "DELETE /v2.0/networks/44facd44-4884-4530-ad99-9e3f56ce9c35 HTTP/1.1" status: 204 len: 168 time: 0.6216698
2026-05-25 01:51:18.986 9 WARNING neutron.scheduler.dhcp_agent_scheduler [None req-3c41f92f-278d-49bd-b8d1-70b7b9111247 468642d5d03e40e999c44c9ecc69fbbc 1db9c0990d804b089f52ee3e8478ab9c - - default default] No more DHCP agents
2026-05-25 01:51:18.987 9 WARNING neutron.api.rpc.agentnotifiers.dhcp_rpc_agent_api [None req-3c41f92f-278d-49bd-b8d1-70b7b9111247 468642d5d03e40e999c44c9ecc69fbbc 1db9c0990d804b089f52ee3e8478ab9c - - default default] Unable to schedule network 3b8e9f6e-8c0c-4692-9bf4-4d8d07f9aa3c: no agents available; will retry on subsequent port and subnet creation events.
2026-05-25 01:51:19.025 10 INFO neutron.wsgi [None req-bc8e7305-f16e-4d86-9cd4-9901bae83e39 baef6177ba6b47a4bc0d590c5b281e81 f7130fc5f1b34b508094540ca351522e - - default default] 10.0.0.37 "PUT /v2.0/routers/31091225-6f1d-49af-b432-4a67e976e1e4/remove_router_interface HTTP/1.1" status: 200 len: 503 time: 1.4772441 /var/lib/openstack/lib/python3.10/site-packages/pycadf/identifier.py:71: UserWarning: Invalid uuid: neutron. To ensure interoperability, identifiers should be a valid uuid. warnings.warn(('Invalid uuid: %s. To ensure interoperability, '
2026-05-25 01:51:19.073 9 INFO neutron.db.ovn_revision_numbers_db [None req-3c41f92f-278d-49bd-b8d1-70b7b9111247 468642d5d03e40e999c44c9ecc69fbbc 1db9c0990d804b089f52ee3e8478ab9c - - default default] Successfully bumped revision number for resource 2c950c54-b886-48e0-a4d9-d14593bcd5de (type: ports) to 1
2026-05-25 01:51:19.094 9 INFO neutron.wsgi [None req-3c41f92f-278d-49bd-b8d1-70b7b9111247 468642d5d03e40e999c44c9ecc69fbbc 1db9c0990d804b089f52ee3e8478ab9c - - default default] 10.0.0.37 "POST /v2.0/networks HTTP/1.1" status: 201 len: 831 time: 0.5461192
2026-05-25 01:51:19.105 9 WARNING neutron_lib.context [None req-c7af7d9e-e941-4bab-a707-83e2619bbf70 468642d5d03e40e999c44c9ecc69fbbc 1db9c0990d804b089f52ee3e8478ab9c - - default default] Method 'is_advsvc' is deprecated since 2023.2 release (neutron-lib 3.8.0) and will be removed once support for the old RBAC API policies will be removed from Neutron. Please use method 'is_service_role' instead.
2026-05-25 01:51:19.334 9 WARNING neutron.scheduler.dhcp_agent_scheduler [None req-c7af7d9e-e941-4bab-a707-83e2619bbf70 468642d5d03e40e999c44c9ecc69fbbc 1db9c0990d804b089f52ee3e8478ab9c - - default default] No more DHCP agents
2026-05-25 01:51:19.335 9 WARNING neutron.api.rpc.agentnotifiers.dhcp_rpc_agent_api [None req-c7af7d9e-e941-4bab-a707-83e2619bbf70 468642d5d03e40e999c44c9ecc69fbbc 1db9c0990d804b089f52ee3e8478ab9c - - default default] Unable to schedule network 3b8e9f6e-8c0c-4692-9bf4-4d8d07f9aa3c: no agents available; will retry on subsequent port and subnet creation events.
2026-05-25 01:51:19.808 10 INFO neutron.services.segments.plugin [-] Segment 33a32f7b-2984-42fc-afa8-6000e39035c9 resource provider aggregate not found
2026-05-25 01:51:19.819 10 INFO neutron.services.segments.plugin [-] Segment 33a32f7b-2984-42fc-afa8-6000e39035c9 resource provider aggregate not found
2026-05-25 01:51:19.831 10 INFO neutron.wsgi [None req-2c0f0d87-f018-4405-bb7b-58fc0088ad5e 46fc885e631340be9d695343ae9d6897 a01ea5760fb4435f8f18b258274259a8 - - default default] 10.0.0.37 "DELETE /v2.0/networks/788a0ad0-ac92-490b-bb07-90d130ef6afc HTTP/1.1" status: 204 len: 168 time: 0.9217825
2026-05-25 01:51:19.832 10 INFO neutron.services.segments.plugin [-] Segment 33a32f7b-2984-42fc-afa8-6000e39035c9 resource provider not found; error: Placement Client Error (4xx): {"errors": [{"status": 404, "title": "Not Found", "detail": "The resource could not be found.\n\n No resource provider with uuid 33a32f7b-2984-42fc-afa8-6000e39035c9 found for delete ", "request_id": "req-c9d689b7-5f73-4bd7-b6da-677afccc1732"}]}
2026-05-25 01:51:19.850 10 INFO neutron.services.segments.plugin [-] Segment 33a32f7b-2984-42fc-afa8-6000e39035c9 resource provider not found; error: Placement Client Error (4xx): {"errors": [{"status": 404, "title": "Not Found", "detail": "The resource could not be found.\n\n No resource provider with uuid 33a32f7b-2984-42fc-afa8-6000e39035c9 found for delete ", "request_id": "req-433a6517-15b0-4fd3-a1bc-957d60260b38"}]}
2026-05-25 01:51:19.855 10 INFO neutron.services.segments.plugin [-] Segment 143fab7b-3c29-46a0-8f50-e83e81a8ccd6 resource provider aggregate not found
2026-05-25 01:51:19.875 10 INFO neutron.services.segments.plugin [-] Segment 143fab7b-3c29-46a0-8f50-e83e81a8ccd6 resource provider aggregate not found
2026-05-25 01:51:19.882 10 INFO neutron.services.segments.plugin [-] Segment 143fab7b-3c29-46a0-8f50-e83e81a8ccd6 resource provider not found; error: Placement Client Error (4xx): {"errors": [{"status": 404, "title": "Not Found", "detail": "The resource could not be found.\n\n No resource provider with uuid 143fab7b-3c29-46a0-8f50-e83e81a8ccd6 found for delete ", "request_id": "req-25512809-2ab2-4885-a20f-1e63517071ca"}]}
2026-05-25 01:51:19.890 10 INFO neutron.services.segments.plugin [-] Segment 143fab7b-3c29-46a0-8f50-e83e81a8ccd6 resource provider not found; error: Placement Client Error (4xx): {"errors": [{"status": 404, "title": "Not Found", "detail": "The resource could not be found.\n\n No resource provider with uuid 143fab7b-3c29-46a0-8f50-e83e81a8ccd6 found for delete ", "request_id": "req-155e1028-d5d3-47ba-aaa8-94aad24b8aaf"}]}
2026-05-25 01:51:19.900 10 INFO neutron.services.segments.plugin [-] Segment 881b0665-1c98-4717-bd3d-57b2ed86c96d resource provider aggregate not found
2026-05-25 01:51:19.908 10 INFO neutron.services.segments.plugin [-] Segment 881b0665-1c98-4717-bd3d-57b2ed86c96d resource provider aggregate not found
2026-05-25 01:51:19.915 10 INFO neutron.services.segments.plugin [-] Segment 881b0665-1c98-4717-bd3d-57b2ed86c96d resource provider not found; error: Placement Client Error (4xx): {"errors": [{"status": 404, "title": "Not Found", "detail": "The resource could not be found.\n\n No resource provider with uuid 881b0665-1c98-4717-bd3d-57b2ed86c96d found for delete ", "request_id": "req-734b7a04-ee03-4020-b817-96572acf3f98"}]}
2026-05-25 01:51:19.930 10 INFO neutron.services.segments.plugin [-] Segment 881b0665-1c98-4717-bd3d-57b2ed86c96d resource provider not found; error: Placement Client Error (4xx): {"errors": [{"status": 404, "title": "Not Found", "detail": "The resource could not be found.\n\n No resource provider with uuid 881b0665-1c98-4717-bd3d-57b2ed86c96d found for delete ", "request_id": "req-b4b61a91-601e-4213-9a9a-a7687c6cf429"}]}
2026-05-25 01:51:19.952 9 INFO neutron.db.ovn_revision_numbers_db [None req-c7af7d9e-e941-4bab-a707-83e2619bbf70 468642d5d03e40e999c44c9ecc69fbbc 1db9c0990d804b089f52ee3e8478ab9c - - default default] Successfully bumped revision number for resource 2c950c54-b886-48e0-a4d9-d14593bcd5de (type: ports) to 2
2026-05-25 01:51:19.992 9 INFO neutron.db.ovn_revision_numbers_db [None req-c7af7d9e-e941-4bab-a707-83e2619bbf70 468642d5d03e40e999c44c9ecc69fbbc 1db9c0990d804b089f52ee3e8478ab9c - - default default] Successfully bumped revision number for resource de43fb67-5301-4cf4-81af-f06f82de74d3 (type: subnets) to 0
2026-05-25 01:51:20.006 9 INFO neutron.wsgi [None req-c7af7d9e-e941-4bab-a707-83e2619bbf70 468642d5d03e40e999c44c9ecc69fbbc 1db9c0990d804b089f52ee3e8478ab9c - - default default] 10.0.0.37 "POST /v2.0/subnets HTTP/1.1" status: 201 len: 801 time: 0.9069755
2026-05-25 01:51:20.018 10 WARNING neutron_lib.context [None req-8267e1e7-7c1c-460f-a063-579645ca9d61 468642d5d03e40e999c44c9ecc69fbbc 1db9c0990d804b089f52ee3e8478ab9c - - default default] Method 'is_advsvc' is deprecated since 2023.2 release (neutron-lib 3.8.0) and will be removed once support for the old RBAC API policies will be removed from Neutron. Please use method 'is_service_role' instead.
2026-05-25 01:51:20.439 10 INFO neutron.wsgi [None req-7796dd41-853f-480b-8177-ef3fdd4e083a baef6177ba6b47a4bc0d590c5b281e81 f7130fc5f1b34b508094540ca351522e - - default default] 10.0.0.37 "DELETE /v2.0/routers/31091225-6f1d-49af-b432-4a67e976e1e4 HTTP/1.1" status: 204 len: 168 time: 1.4086025
2026-05-25 01:51:20.484 10 WARNING neutron.scheduler.dhcp_agent_scheduler [None req-8267e1e7-7c1c-460f-a063-579645ca9d61 468642d5d03e40e999c44c9ecc69fbbc 1db9c0990d804b089f52ee3e8478ab9c - - default default] No more DHCP agents
2026-05-25 01:51:20.490 10 WARNING neutron.api.rpc.agentnotifiers.dhcp_rpc_agent_api [None req-8267e1e7-7c1c-460f-a063-579645ca9d61 468642d5d03e40e999c44c9ecc69fbbc 1db9c0990d804b089f52ee3e8478ab9c - - default default] Unable to schedule network 3b8e9f6e-8c0c-4692-9bf4-4d8d07f9aa3c: no agents available; will retry on subsequent port and subnet creation events.
2026-05-25 01:51:20.509 9 INFO neutron.wsgi [None req-3007c1ca-f93b-4069-a112-db4a26570dc6 baef6177ba6b47a4bc0d590c5b281e81 f7130fc5f1b34b508094540ca351522e - - default default] 10.0.0.37 "GET /v2.0/security-groups?tenant_id=a01ea5760fb4435f8f18b258274259a8&name=default HTTP/1.1" status: 200 len: 2996 time: 0.1314785
2026-05-25 01:51:20.695 10 INFO neutron.db.ovn_revision_numbers_db [None req-8267e1e7-7c1c-460f-a063-579645ca9d61 468642d5d03e40e999c44c9ecc69fbbc 1db9c0990d804b089f52ee3e8478ab9c - - default default] Successfully bumped revision number for resource a75d9bab-5e35-4827-925a-7f50e6d17a31 (type: ports) to 1
2026-05-25 01:51:20.698 10 INFO neutron.wsgi [None req-2e844789-4534-43c1-8efe-38ef7c44b7de baef6177ba6b47a4bc0d590c5b281e81 f7130fc5f1b34b508094540ca351522e - - default default] 10.0.0.37 "DELETE /v2.0/subnets/83b83ea1-1f6f-498b-93d3-015a9b1925cc HTTP/1.1" status: 204 len: 168 time: 0.2539439
2026-05-25 01:51:20.718 10 INFO neutron.wsgi [None req-8267e1e7-7c1c-460f-a063-579645ca9d61 468642d5d03e40e999c44c9ecc69fbbc 1db9c0990d804b089f52ee3e8478ab9c - - default default] 10.0.0.37 "POST /v2.0/ports HTTP/1.1" status: 201 len: 1110 time: 0.7065697
2026-05-25 01:51:20.761 9 INFO neutron.wsgi [None req-1208c8b2-a392-4726-9d5e-3f61bbc667e4 baef6177ba6b47a4bc0d590c5b281e81 f7130fc5f1b34b508094540ca351522e - - default default] 10.0.0.37 "DELETE /v2.0/security-groups/f63eaa9f-29e0-4862-b9cd-b9d9316eddfd HTTP/1.1" status: 204 len: 168 time: 0.2472510
2026-05-25 01:51:21.022 10 INFO neutron.wsgi [None req-784c1a77-3a8f-49db-90cf-94fa23cc0b04 468642d5d03e40e999c44c9ecc69fbbc 1db9c0990d804b089f52ee3e8478ab9c - - default default] 10.0.0.37 "DELETE /v2.0/ports/a75d9bab-5e35-4827-925a-7f50e6d17a31 HTTP/1.1" status: 204 len: 168 time: 0.2989156
2026-05-25 01:51:21.059 10 INFO neutron.pecan_wsgi.hooks.translation [None req-ce48b7fa-8219-4056-b0fe-a4fa823039e5 468642d5d03e40e999c44c9ecc69fbbc 1db9c0990d804b089f52ee3e8478ab9c - - default default] GET failed (client error): The resource could not be found.
2026-05-25 01:51:21.060 10 INFO neutron.wsgi [None req-ce48b7fa-8219-4056-b0fe-a4fa823039e5 468642d5d03e40e999c44c9ecc69fbbc 1db9c0990d804b089f52ee3e8478ab9c - - default default] 10.0.0.37 "GET /v2.0/ports/a75d9bab-5e35-4827-925a-7f50e6d17a31 HTTP/1.1" status: 404 len: 333 time: 0.0345206
2026-05-25 01:51:21.067 9 INFO neutron.services.segments.plugin [-] Segment 7531ca0b-12a6-4bb9-b243-db94ea663188 resource provider aggregate not found
2026-05-25 01:51:21.088 9 INFO neutron.services.segments.plugin [-] Segment 7531ca0b-12a6-4bb9-b243-db94ea663188 resource provider aggregate not found
2026-05-25 01:51:21.111 9 INFO neutron.services.segments.plugin [-] Segment 7531ca0b-12a6-4bb9-b243-db94ea663188 resource provider not found; error: Placement Client Error (4xx): {"errors": [{"status": 404, "title": "Not Found", "detail": "The resource could not be found.\n\n No resource provider with uuid 7531ca0b-12a6-4bb9-b243-db94ea663188 found for delete ", "request_id": "req-293e7382-b58e-4d26-9328-fa47de2016bf"}]}
2026-05-25 01:51:21.117 9 INFO neutron.services.segments.plugin [-] Segment 7531ca0b-12a6-4bb9-b243-db94ea663188 resource provider not found; error: Placement Client Error (4xx): {"errors": [{"status": 404, "title": "Not Found", "detail": "The resource could not be found.\n\n No resource provider with uuid 7531ca0b-12a6-4bb9-b243-db94ea663188 found for delete ", "request_id": "req-a885a1ca-a02a-4574-ad08-c66a22a217a2"}]}
2026-05-25 01:51:21.144 9 INFO neutron.wsgi [None req-ead88555-03b9-4e7e-9524-8d2af68f20c5 baef6177ba6b47a4bc0d590c5b281e81 f7130fc5f1b34b508094540ca351522e - - default default] 10.0.0.37 "DELETE /v2.0/networks/6e68b02c-f570-4fd9-b740-58cc3992fa9f HTTP/1.1" status: 204 len: 168 time: 0.4374406
2026-05-25 01:51:21.195 10 INFO neutron.wsgi [req-a65f38e0-f125-4ecc-8779-10330744bc16 req-cf1cd3ad-e498-4658-b257-bbdaaad9c3fd 123405b07cf64ce797cee66d17ac6677 36007f1606ed4b0da75cff425588c15b - - b3b727d714aa4b2f9d091a30fb27d997 b3b727d714aa4b2f9d091a30fb27d997] 199.204.45.246 "GET /v2.0/ports?device_id=acb6bfe9-c0f8-49e7-9135-497e6fd8204a&fields=binding%3Ahost_id&fields=binding%3Avif_type HTTP/1.1" status: 200 len: 265 time: 0.0571067
2026-05-25 01:51:21.297 10 INFO neutron.wsgi [req-a65f38e0-f125-4ecc-8779-10330744bc16 req-2a63ad3d-51b3-4e2b-b806-ba1c817ebee3 123405b07cf64ce797cee66d17ac6677 36007f1606ed4b0da75cff425588c15b - - b3b727d714aa4b2f9d091a30fb27d997 b3b727d714aa4b2f9d091a30fb27d997] 199.204.45.246 "GET /v2.0/ports?tenant_id=4525822a3d3e4d668fddd479162d0fe5&device_id=acb6bfe9-c0f8-49e7-9135-497e6fd8204a HTTP/1.1" status: 200 len: 1409 time: 0.0523193
2026-05-25 01:51:21.372 10 INFO neutron.wsgi [None req-70efac89-388d-471b-ae6b-6bcc30c7b796 baef6177ba6b47a4bc0d590c5b281e81 f7130fc5f1b34b508094540ca351522e - - default default] 10.0.0.37 "GET /v2.0/security-groups?tenant_id=f7dcb6cbdf5e4266ad6894faed9cd35d&name=default HTTP/1.1" status: 200 len: 2996 time: 0.0718114
2026-05-25 01:51:21.398 10 INFO neutron.wsgi [None req-eb6f08eb-680f-48fa-80b8-63f1c602ce6b 468642d5d03e40e999c44c9ecc69fbbc 1db9c0990d804b089f52ee3e8478ab9c - - default default] 10.0.0.37 "DELETE /v2.0/subnets/de43fb67-5301-4cf4-81af-f06f82de74d3 HTTP/1.1" status: 204 len: 168 time: 0.3304579
2026-05-25 01:51:21.422 10 INFO neutron.wsgi [req-a65f38e0-f125-4ecc-8779-10330744bc16 req-0d91e009-991c-4ab6-84ea-b4eeaa7c2238 123405b07cf64ce797cee66d17ac6677 36007f1606ed4b0da75cff425588c15b - - b3b727d714aa4b2f9d091a30fb27d997 b3b727d714aa4b2f9d091a30fb27d997] 199.204.45.246 "GET /v2.0/networks?id=e5f178cf-2835-4456-ae5c-84899972c0a9 HTTP/1.1" status: 200 len: 973 time: 0.0975494
2026-05-25 01:51:21.467 10 INFO neutron.wsgi [req-a65f38e0-f125-4ecc-8779-10330744bc16 req-07dfe86b-5571-4bab-be39-bcb0cd107c68 123405b07cf64ce797cee66d17ac6677 36007f1606ed4b0da75cff425588c15b - - b3b727d714aa4b2f9d091a30fb27d997 b3b727d714aa4b2f9d091a30fb27d997] 199.204.45.246 "GET /v2.0/floatingips?fixed_ip_address=10.100.0.7&port_id=c1eb42c4-0459-4342-92a5-0662fec13562 HTTP/1.1" status: 200 len: 1059 time: 0.0381422
2026-05-25 01:51:21.506 10 INFO neutron.wsgi [req-a65f38e0-f125-4ecc-8779-10330744bc16 req-3154d617-37af-4fb9-8f60-7b62f2c28451 123405b07cf64ce797cee66d17ac6677 36007f1606ed4b0da75cff425588c15b - - b3b727d714aa4b2f9d091a30fb27d997 b3b727d714aa4b2f9d091a30fb27d997] 199.204.45.246 "GET /v2.0/subnets?id=720e92ad-7064-4d6b-b48c-b66bb70772b0 HTTP/1.1" status: 200 len: 869 time: 0.0312777
2026-05-25 01:51:21.540 10 INFO neutron.wsgi [req-a65f38e0-f125-4ecc-8779-10330744bc16 req-a0910827-6172-4cf8-8c94-68f55cffed02 123405b07cf64ce797cee66d17ac6677 36007f1606ed4b0da75cff425588c15b - - b3b727d714aa4b2f9d091a30fb27d997 b3b727d714aa4b2f9d091a30fb27d997] 199.204.45.246 "GET /v2.0/ports?network_id=e5f178cf-2835-4456-ae5c-84899972c0a9&device_owner=network%3Adhcp HTTP/1.1" status: 200 len: 210 time: 0.0260665
2026-05-25 01:51:21.614 10 INFO neutron.wsgi [req-a65f38e0-f125-4ecc-8779-10330744bc16 req-64e3944c-7cc7-4e0a-82e4-3fc8ac1a3815 123405b07cf64ce797cee66d17ac6677 36007f1606ed4b0da75cff425588c15b - - b3b727d714aa4b2f9d091a30fb27d997 b3b727d714aa4b2f9d091a30fb27d997] 199.204.45.246 "GET /v2.0/networks/e5f178cf-2835-4456-ae5c-84899972c0a9?fields=segments HTTP/1.1" status: 200 len: 212 time: 0.0654161
2026-05-25 01:51:21.668 10 INFO neutron.wsgi [req-a65f38e0-f125-4ecc-8779-10330744bc16 req-55e1c768-c63d-4b95-bd00-5f2d5b22faff 123405b07cf64ce797cee66d17ac6677 36007f1606ed4b0da75cff425588c15b - - b3b727d714aa4b2f9d091a30fb27d997 b3b727d714aa4b2f9d091a30fb27d997] 199.204.45.246 "GET /v2.0/networks/e5f178cf-2835-4456-ae5c-84899972c0a9?fields=provider%3Aphysical_network&fields=provider%3Anetwork_type HTTP/1.1" status: 200 len: 277 time: 0.0488482
2026-05-25 01:51:21.869 9 INFO neutron.wsgi [req-7c271e43-0956-430e-931f-23cf95fe0db7 req-fcb7e7c4-8eff-4b97-b5e5-92c713cad6cc 2e0efd8bb93144ffbe9e4ae4ea679569 4525822a3d3e4d668fddd479162d0fe5 - - default default] 10.0.0.179 "GET /v2.0/ports?device_id=acb6bfe9-c0f8-49e7-9135-497e6fd8204a HTTP/1.1" status: 200 len: 1170 time: 0.1499074
2026-05-25 01:51:21.930 9 INFO neutron.wsgi [req-7c271e43-0956-430e-931f-23cf95fe0db7 req-38406ea5-e0be-46ee-8089-747a4a5cc69b 2e0efd8bb93144ffbe9e4ae4ea679569 4525822a3d3e4d668fddd479162d0fe5 - - default default] 10.0.0.179 "GET /v2.0/security-groups?id=89fa0d13-f1e2-47f9-bfe0-bfc81e01295f&fields=id&fields=name HTTP/1.1" status: 200 len: 313 time: 0.0521972
2026-05-25 01:51:22.006 9 INFO neutron.wsgi [None req-d30c1099-e436-41a1-9c1a-b8aa415dda88 baef6177ba6b47a4bc0d590c5b281e81 f7130fc5f1b34b508094540ca351522e - - default default] 10.0.0.37 "DELETE /v2.0/security-groups/f11a71ba-1904-4c1c-b631-1ab30175714b HTTP/1.1" status: 204 len: 168 time: 0.6205051
2026-05-25 01:51:22.116 9 INFO neutron.wsgi [None req-cb9d0b72-5dd4-4f93-8b65-5d6c0168a3c9 468642d5d03e40e999c44c9ecc69fbbc 1db9c0990d804b089f52ee3e8478ab9c - - default default] 10.0.0.37 "DELETE /v2.0/networks/3b8e9f6e-8c0c-4692-9bf4-4d8d07f9aa3c HTTP/1.1" status: 204 len: 168 time: 0.7136822
2026-05-25 01:51:22.120 10 INFO neutron.wsgi [req-1fa6c103-5257-4ec1-a4f6-f79d280b1d58 req-f549d9a8-3bb0-432b-b5a4-0efc682058d1 2e0efd8bb93144ffbe9e4ae4ea679569 4525822a3d3e4d668fddd479162d0fe5 - - default default] 10.0.0.179 "GET /v2.0/ports?device_id=acb6bfe9-c0f8-49e7-9135-497e6fd8204a HTTP/1.1" status: 200 len: 1170 time: 0.1153862
2026-05-25 01:51:22.131 10 WARNING neutron_lib.context [None req-750f2f04-5844-4e70-9864-5fd710cd2378 468642d5d03e40e999c44c9ecc69fbbc 1db9c0990d804b089f52ee3e8478ab9c - - default default] Method 'is_advsvc' is deprecated since 2023.2 release (neutron-lib 3.8.0) and will be removed once support for the old RBAC API policies will be removed from Neutron. Please use method 'is_service_role' instead.
2026-05-25 01:51:22.184 10 INFO neutron.wsgi [req-1fa6c103-5257-4ec1-a4f6-f79d280b1d58 req-5d5d6613-0afc-4fe5-9f55-12befec7560f 2e0efd8bb93144ffbe9e4ae4ea679569 4525822a3d3e4d668fddd479162d0fe5 - - default default] 10.0.0.179 "GET /v2.0/security-groups?id=89fa0d13-f1e2-47f9-bfe0-bfc81e01295f&fields=id&fields=name HTTP/1.1" status: 200 len: 313 time: 0.0589812
2026-05-25 01:51:22.389 10 WARNING neutron.scheduler.dhcp_agent_scheduler [None req-750f2f04-5844-4e70-9864-5fd710cd2378 468642d5d03e40e999c44c9ecc69fbbc 1db9c0990d804b089f52ee3e8478ab9c - - default default] No more DHCP agents
2026-05-25 01:51:22.393 10 WARNING neutron.api.rpc.agentnotifiers.dhcp_rpc_agent_api [None req-750f2f04-5844-4e70-9864-5fd710cd2378 468642d5d03e40e999c44c9ecc69fbbc 1db9c0990d804b089f52ee3e8478ab9c - - default default] Unable to schedule network 2c606c34-d8a5-4a25-aa55-b7abb4549112: no agents available; will retry on subsequent port and subnet creation events.
2026-05-25 01:51:22.489 10 INFO neutron.db.ovn_revision_numbers_db [None req-750f2f04-5844-4e70-9864-5fd710cd2378 468642d5d03e40e999c44c9ecc69fbbc 1db9c0990d804b089f52ee3e8478ab9c - - default default] Successfully bumped revision number for resource d9351375-dcca-44f3-89b3-f0421c11d2be (type: ports) to 1
2026-05-25 01:51:22.522 10 INFO neutron.wsgi [None req-750f2f04-5844-4e70-9864-5fd710cd2378 468642d5d03e40e999c44c9ecc69fbbc 1db9c0990d804b089f52ee3e8478ab9c - - default default] 10.0.0.37 "POST /v2.0/ports HTTP/1.1" status: 201 len: 973 time: 0.3980939 /var/lib/openstack/lib/python3.10/site-packages/pycadf/identifier.py:71: UserWarning: Invalid uuid: neutron. To ensure interoperability, identifiers should be a valid uuid. warnings.warn(('Invalid uuid: %s. To ensure interoperability, '
2026-05-25 01:51:22.581 10 INFO neutron.wsgi [req-7ee24c3a-533c-49f7-9459-9b6e4f5a9bdf req-7fdbf1ee-c14b-4bb6-8c29-d90c62b2d3a5 2e0efd8bb93144ffbe9e4ae4ea679569 4525822a3d3e4d668fddd479162d0fe5 - - default default] 10.0.0.179 "GET /v2.0/ports?device_id=acb6bfe9-c0f8-49e7-9135-497e6fd8204a HTTP/1.1" status: 200 len: 1170 time: 0.0361636
2026-05-25 01:51:22.666 10 INFO neutron.wsgi [req-7ee24c3a-533c-49f7-9459-9b6e4f5a9bdf req-155df6b9-f78c-435d-8337-ed74784d7c3c 2e0efd8bb93144ffbe9e4ae4ea679569 4525822a3d3e4d668fddd479162d0fe5 - - default default] 10.0.0.179 "GET /v2.0/security-groups?id=89fa0d13-f1e2-47f9-bfe0-bfc81e01295f&fields=id&fields=name HTTP/1.1" status: 200 len: 313 time: 0.0777214
2026-05-25 01:51:22.674 10 INFO neutron.wsgi [req-b3188f85-d424-45bb-b5a5-475b66b0d041 req-ade922cd-f2b5-4d47-be1d-0d9df1b70c1a 123405b07cf64ce797cee66d17ac6677 36007f1606ed4b0da75cff425588c15b - - b3b727d714aa4b2f9d091a30fb27d997 b3b727d714aa4b2f9d091a30fb27d997] 199.204.45.246 "GET /v2.0/ports?tenant_id=4525822a3d3e4d668fddd479162d0fe5&device_id=acb6bfe9-c0f8-49e7-9135-497e6fd8204a HTTP/1.1" status: 200 len: 1409 time: 0.0491292
2026-05-25 01:51:22.738 10 WARNING neutron_lib.context [None req-e1e11adf-7536-4088-963a-0cb971c5404e 53f18046d52c400482b11640ef2110b5 8df1f8b2ac38411fbb2c2ab42ee9b7a4 - - default default] Method 'is_advsvc' is deprecated since 2023.2 release (neutron-lib 3.8.0) and will be removed once support for the old RBAC API policies will be removed from Neutron. Please use method 'is_service_role' instead.
2026-05-25 01:51:22.788 10 INFO neutron.wsgi [req-b3188f85-d424-45bb-b5a5-475b66b0d041 req-18dbdd68-9be0-432c-9329-436632e5469f 123405b07cf64ce797cee66d17ac6677 36007f1606ed4b0da75cff425588c15b - - b3b727d714aa4b2f9d091a30fb27d997 b3b727d714aa4b2f9d091a30fb27d997] 199.204.45.246 "GET /v2.0/networks?id=e5f178cf-2835-4456-ae5c-84899972c0a9 HTTP/1.1" status: 200 len: 973 time: 0.1022143
2026-05-25 01:51:22.875 10 INFO neutron.wsgi [req-b3188f85-d424-45bb-b5a5-475b66b0d041 req-a1c975d2-77ca-496d-93c6-7767dda767d1 123405b07cf64ce797cee66d17ac6677 36007f1606ed4b0da75cff425588c15b - - b3b727d714aa4b2f9d091a30fb27d997 b3b727d714aa4b2f9d091a30fb27d997] 199.204.45.246 "GET /v2.0/floatingips?fixed_ip_address=10.100.0.7&port_id=c1eb42c4-0459-4342-92a5-0662fec13562 HTTP/1.1" status: 200 len: 1059 time: 0.0811131 /var/lib/openstack/lib/python3.10/site-packages/pycadf/identifier.py:71: UserWarning: Invalid uuid: neutron. To ensure interoperability, identifiers should be a valid uuid. warnings.warn(('Invalid uuid: %s. To ensure interoperability, '
2026-05-25 01:51:22.937 10 INFO neutron.plugins.ml2.drivers.ovn.mech_driver.mech_driver [None req-e00c0a37-db8e-498e-82d3-58664569f0f0 - - - - - -] OVN reports status down for port: d9351375-dcca-44f3-89b3-f0421c11d2be
2026-05-25 01:51:22.965 10 INFO neutron.wsgi [req-b3188f85-d424-45bb-b5a5-475b66b0d041 req-3b83ba11-956c-43e9-bc66-7f5b6c7557c3 123405b07cf64ce797cee66d17ac6677 36007f1606ed4b0da75cff425588c15b - - b3b727d714aa4b2f9d091a30fb27d997 b3b727d714aa4b2f9d091a30fb27d997] 199.204.45.246 "GET /v2.0/subnets?id=720e92ad-7064-4d6b-b48c-b66bb70772b0 HTTP/1.1" status: 200 len: 869 time: 0.0811839
2026-05-25 01:51:23.008 10 INFO neutron.wsgi [req-b3188f85-d424-45bb-b5a5-475b66b0d041 req-d48cf40c-1d55-4a82-bdc4-839fc7946228 123405b07cf64ce797cee66d17ac6677 36007f1606ed4b0da75cff425588c15b - - b3b727d714aa4b2f9d091a30fb27d997 b3b727d714aa4b2f9d091a30fb27d997] 199.204.45.246 "GET /v2.0/ports?network_id=e5f178cf-2835-4456-ae5c-84899972c0a9&device_owner=network%3Adhcp HTTP/1.1" status: 200 len: 210 time: 0.0285068
2026-05-25 01:51:23.017 10 INFO neutron.db.ovn_revision_numbers_db [None req-a787e37d-7774-4318-9be5-b8dffcc4ea57 468642d5d03e40e999c44c9ecc69fbbc 1db9c0990d804b089f52ee3e8478ab9c - - default default] Successfully bumped revision number for resource d9351375-dcca-44f3-89b3-f0421c11d2be (type: ports) to 2
2026-05-25 01:51:23.064 10 INFO neutron.db.ovn_revision_numbers_db [None req-e1e11adf-7536-4088-963a-0cb971c5404e 53f18046d52c400482b11640ef2110b5 8df1f8b2ac38411fbb2c2ab42ee9b7a4 - - default default] Successfully bumped revision number for resource 648b952d-79e2-4cf4-b018-9c352d8ecf35 (type: security_groups) to 1
2026-05-25 01:51:23.081 10 INFO neutron.wsgi [None req-a787e37d-7774-4318-9be5-b8dffcc4ea57 468642d5d03e40e999c44c9ecc69fbbc 1db9c0990d804b089f52ee3e8478ab9c - - default default] 10.0.0.37 "PUT /v2.0/ports/d9351375-dcca-44f3-89b3-f0421c11d2be HTTP/1.1" status: 200 len: 946 time: 0.5526414
2026-05-25 01:51:23.118 10 INFO neutron.wsgi [req-b3188f85-d424-45bb-b5a5-475b66b0d041 req-e83cabc3-3ed1-463a-883c-4a295d509262 123405b07cf64ce797cee66d17ac6677 36007f1606ed4b0da75cff425588c15b - - b3b727d714aa4b2f9d091a30fb27d997 b3b727d714aa4b2f9d091a30fb27d997] 199.204.45.246 "GET /v2.0/networks/e5f178cf-2835-4456-ae5c-84899972c0a9?fields=segments HTTP/1.1" status: 200 len: 212 time: 0.0991151
2026-05-25 01:51:23.120 10 INFO neutron.db.ovn_revision_numbers_db [None req-e1e11adf-7536-4088-963a-0cb971c5404e 53f18046d52c400482b11640ef2110b5 8df1f8b2ac38411fbb2c2ab42ee9b7a4 - - default default] Successfully bumped revision number for resource 5cf46427-a790-4bef-b735-be10582dae96 (type: security_group_rules) to 0
2026-05-25 01:51:23.134 9 INFO neutron.services.segments.plugin [-] Segment 2b94b788-44c6-401c-8106-3a4b7be2ba2d resource provider aggregate not found
2026-05-25 01:51:23.139 9 INFO neutron.services.segments.plugin [-] Segment 2b94b788-44c6-401c-8106-3a4b7be2ba2d resource provider aggregate not found
2026-05-25 01:51:23.150 9 INFO neutron.services.segments.plugin [-] Segment 2b94b788-44c6-401c-8106-3a4b7be2ba2d resource provider not found; error: Placement Client Error (4xx): {"errors": [{"status": 404, "title": "Not Found", "detail": "The resource could not be found.\n\n No resource provider with uuid 2b94b788-44c6-401c-8106-3a4b7be2ba2d found for delete ", "request_id": "req-52279bc9-9f3e-4ef4-8583-225e3f343187"}]}
2026-05-25 01:51:23.154 10 INFO neutron.db.ovn_revision_numbers_db [None req-e1e11adf-7536-4088-963a-0cb971c5404e 53f18046d52c400482b11640ef2110b5 8df1f8b2ac38411fbb2c2ab42ee9b7a4 - - default default] Successfully bumped revision number for resource 61e90387-2de4-459b-8da3-8db0b362be62 (type: security_group_rules) to 0
2026-05-25 01:51:23.161 9 INFO neutron.services.segments.plugin [-] Segment 2b94b788-44c6-401c-8106-3a4b7be2ba2d resource provider not found; error: Placement Client Error (4xx): {"errors": [{"status": 404, "title": "Not Found", "detail": "The resource could not be found.\n\n No resource provider with uuid 2b94b788-44c6-401c-8106-3a4b7be2ba2d found for delete ", "request_id": "req-d9c18b89-e1ec-40de-9b73-144ca4fd630a"}]}
2026-05-25 01:51:23.182 10 INFO neutron.db.ovn_revision_numbers_db [None req-e1e11adf-7536-4088-963a-0cb971c5404e 53f18046d52c400482b11640ef2110b5 8df1f8b2ac38411fbb2c2ab42ee9b7a4 - - default default] Successfully bumped revision number for resource a4df5d3b-8a8c-4628-ab93-e930e30944c0 (type: security_group_rules) to 0
2026-05-25 01:51:23.200 10 INFO neutron.db.ovn_revision_numbers_db [None req-e1e11adf-7536-4088-963a-0cb971c5404e 53f18046d52c400482b11640ef2110b5 8df1f8b2ac38411fbb2c2ab42ee9b7a4 - - default default] Successfully bumped revision number for resource f6360e6c-1d33-43c3-bef7-5b8685125484 (type: security_group_rules) to 0
2026-05-25 01:51:23.225 10 INFO neutron.wsgi [req-b3188f85-d424-45bb-b5a5-475b66b0d041 req-e845f86b-ab2b-4c73-b087-1563cd4bd6ca 123405b07cf64ce797cee66d17ac6677 36007f1606ed4b0da75cff425588c15b - - b3b727d714aa4b2f9d091a30fb27d997 b3b727d714aa4b2f9d091a30fb27d997] 199.204.45.246 "GET /v2.0/networks/e5f178cf-2835-4456-ae5c-84899972c0a9?fields=provider%3Aphysical_network&fields=provider%3Anetwork_type HTTP/1.1" status: 200 len: 277 time: 0.0966079
2026-05-25 01:51:23.255 10 INFO neutron.db.segments_db [None req-e1e11adf-7536-4088-963a-0cb971c5404e 53f18046d52c400482b11640ef2110b5 8df1f8b2ac38411fbb2c2ab42ee9b7a4 - - default default] Added segment 0d6d28be-72cc-43df-b1a1-4619a67ace66 of type geneve for network 3de27089-bc4f-4e78-9454-0404c07df469
2026-05-25 01:51:23.362 9 INFO neutron.wsgi [None req-76399a6f-99e7-4d19-8eca-fe18de4e79f3 468642d5d03e40e999c44c9ecc69fbbc 1db9c0990d804b089f52ee3e8478ab9c - - default default] 10.0.0.37 "DELETE /v2.0/ports/d9351375-dcca-44f3-89b3-f0421c11d2be HTTP/1.1" status: 204 len: 168 time: 0.2720103
2026-05-25 01:51:23.446 10 INFO neutron.db.ovn_revision_numbers_db [None req-e1e11adf-7536-4088-963a-0cb971c5404e 53f18046d52c400482b11640ef2110b5 8df1f8b2ac38411fbb2c2ab42ee9b7a4 - - default default] Successfully bumped revision number for resource 3de27089-bc4f-4e78-9454-0404c07df469 (type: networks) to 1
2026-05-25 01:51:23.476 9 INFO neutron.wsgi [None req-feaea630-502e-4b81-8957-1631c2780408 468642d5d03e40e999c44c9ecc69fbbc 1db9c0990d804b089f52ee3e8478ab9c - - default default] 10.0.0.37 "GET /v2.0/ports HTTP/1.1" status: 200 len: 1728 time: 0.1099880
2026-05-25 01:51:23.479 10 INFO neutron.plugins.ml2.drivers.ovn.mech_driver.mech_driver [None req-e00c0a37-db8e-498e-82d3-58664569f0f0 - - - - - -] OVN reports status down for port: c1eb42c4-0459-4342-92a5-0662fec13562
2026-05-25 01:51:23.500 9 INFO neutron.pecan_wsgi.hooks.translation [None req-be568d01-7f1b-4836-9ccb-e232d5630701 468642d5d03e40e999c44c9ecc69fbbc 1db9c0990d804b089f52ee3e8478ab9c - - default default] GET failed (client error): The resource could not be found.
