2026-05-25 01:50:45.236 9 INFO neutron.wsgi [None req-59e33049-fb83-44e5-8d9f-57a7424b7a9a 330469772fb34262a242ef382bf0dcbb c017c1ed70ee419292721dc58a52a90c - - default default] 10.0.0.37 "GET /v2.0/extensions/address-scope HTTP/1.1" status: 200 len: 357 time: 0.0048738
2026-05-25 01:50:45.249 9 INFO neutron.wsgi [None req-f7494dc2-8e33-4410-9380-fba718d6f08b 330469772fb34262a242ef382bf0dcbb c017c1ed70ee419292721dc58a52a90c - - default default] 10.0.0.37 "GET /v2.0/extensions/agent HTTP/1.1" status: 200 len: 347 time: 0.0063965
2026-05-25 01:50:45.253 10 INFO neutron.wsgi [req-54c00cc0-6d6e-405c-b53b-67e7a1d66d64 req-aeaa8041-9697-4d27-a1bc-9630f32ccc3a 123405b07cf64ce797cee66d17ac6677 36007f1606ed4b0da75cff425588c15b - - b3b727d714aa4b2f9d091a30fb27d997 b3b727d714aa4b2f9d091a30fb27d997] 10.0.0.179 "GET /v2.0/networks/49cec276-6bc8-4e7b-9397-be6348276532?fields=segments HTTP/1.1" status: 200 len: 212 time: 0.0926058
2026-05-25 01:50:45.259 9 INFO neutron.wsgi [None req-74b4e7e2-9b5a-4e5b-974b-3223e1cf7a09 330469772fb34262a242ef382bf0dcbb c017c1ed70ee419292721dc58a52a90c - - default default] 10.0.0.37 "GET /v2.0/extensions/allowed-address-pairs HTTP/1.1" status: 200 len: 378 time: 0.0044467
2026-05-25 01:50:45.269 9 INFO neutron.wsgi [None req-85d856be-0396-4ca7-9bd6-3684dd535f98 330469772fb34262a242ef382bf0dcbb c017c1ed70ee419292721dc58a52a90c - - default default] 10.0.0.37 "GET /v2.0/extensions/auto-allocated-topology HTTP/1.1" status: 200 len: 394 time: 0.0062203
2026-05-25 01:50:45.278 9 INFO neutron.wsgi [None req-31e12d38-5239-4a95-953c-61a68578b840 330469772fb34262a242ef382bf0dcbb c017c1ed70ee419292721dc58a52a90c - - default default] 10.0.0.37 "GET /v2.0/extensions/availability_zone HTTP/1.1" status: 200 len: 372 time: 0.0052540
2026-05-25 01:50:45.292 10 INFO neutron.wsgi [None req-9dd79bd0-56f8-4694-ab61-a4d303817003 330469772fb34262a242ef382bf0dcbb c017c1ed70ee419292721dc58a52a90c - - default default] 10.0.0.37 "GET /v2.0/extensions/default-subnetpools HTTP/1.1" status: 200 len: 405 time: 0.0049133
2026-05-25 01:50:45.303 9 INFO neutron.wsgi [None req-a04606b8-74f6-404f-b337-fe7d36277cdb 330469772fb34262a242ef382bf0dcbb c017c1ed70ee419292721dc58a52a90c - - default default] 10.0.0.37 "GET /v2.0/extensions/dhcp_agent_scheduler HTTP/1.1" status: 200 len: 381 time: 0.0071044
2026-05-25 01:50:45.314 9 INFO neutron.wsgi [None req-09c8369d-6240-4e01-a123-d11ca7c80333 330469772fb34262a242ef382bf0dcbb c017c1ed70ee419292721dc58a52a90c - - default default] 10.0.0.37 "GET /v2.0/extensions/dns-integration HTTP/1.1" status: 200 len: 366 time: 0.0069997
2026-05-25 01:50:45.325 9 INFO neutron.wsgi [None req-f42f4c50-2ac4-4975-9ebf-4e05953a525e 330469772fb34262a242ef382bf0dcbb c017c1ed70ee419292721dc58a52a90c - - default default] 10.0.0.37 "GET /v2.0/extensions/dns-domain-ports HTTP/1.1" status: 200 len: 399 time: 0.0048265
2026-05-25 01:50:45.336 10 INFO neutron.wsgi [None req-c63f1113-9500-42bd-9c39-d66998d18dd5 330469772fb34262a242ef382bf0dcbb c017c1ed70ee419292721dc58a52a90c - - default default] 10.0.0.37 "GET /v2.0/extensions/dns-integration-domain-keywords HTTP/1.1" status: 200 len: 477 time: 0.0048125
2026-05-25 01:50:45.353 9 INFO neutron.wsgi [None req-6bd23c0e-2c18-4807-b7b5-538b4b80af02 330469772fb34262a242ef382bf0dcbb c017c1ed70ee419292721dc58a52a90c - - default default] 10.0.0.37 "GET /v2.0/extensions/empty-string-filtering HTTP/1.1" status: 200 len: 413 time: 0.0131891
2026-05-25 01:50:45.364 9 INFO neutron.wsgi [None req-ead1df47-8089-4a35-82e8-e059fbfaa1a5 330469772fb34262a242ef382bf0dcbb c017c1ed70ee419292721dc58a52a90c - - default default] 10.0.0.37 "GET /v2.0/extensions/external-net HTTP/1.1" status: 200 len: 394 time: 0.0048320
2026-05-25 01:50:45.366 10 INFO neutron.wsgi [req-54c00cc0-6d6e-405c-b53b-67e7a1d66d64 req-f5cc5702-de20-4b84-9a58-4dd5bb341ee4 123405b07cf64ce797cee66d17ac6677 36007f1606ed4b0da75cff425588c15b - - b3b727d714aa4b2f9d091a30fb27d997 b3b727d714aa4b2f9d091a30fb27d997] 10.0.0.179 "GET /v2.0/networks/49cec276-6bc8-4e7b-9397-be6348276532?fields=provider%3Aphysical_network&fields=provider%3Anetwork_type HTTP/1.1" status: 200 len: 277 time: 0.1049545
2026-05-25 01:50:45.374 10 INFO neutron.wsgi [None req-441924ed-3469-4005-9ca3-d75922c29b65 330469772fb34262a242ef382bf0dcbb c017c1ed70ee419292721dc58a52a90c - - default default] 10.0.0.37 "GET /v2.0/extensions/extra_dhcp_opt HTTP/1.1" status: 200 len: 498 time: 0.0046573
2026-05-25 01:50:45.398 9 INFO neutron.wsgi [None req-abd205e1-6bc0-42d5-ba33-c39b4a2cf2a4 330469772fb34262a242ef382bf0dcbb c017c1ed70ee419292721dc58a52a90c - - default default] 10.0.0.37 "GET /v2.0/extensions/extraroute HTTP/1.1" status: 200 len: 375 time: 0.0160532
2026-05-25 01:50:45.411 9 INFO neutron.wsgi [None req-cce75667-4bf5-44a0-a909-e0fcebce1115 330469772fb34262a242ef382bf0dcbb c017c1ed70ee419292721dc58a52a90c - - default default] 10.0.0.37 "GET /v2.0/extensions/filter-validation HTTP/1.1" status: 200 len: 392 time: 0.0051877
2026-05-25 01:50:45.417 9 WARNING neutron.scheduler.dhcp_agent_scheduler [None req-7f29e7f7-9893-4eba-812b-461429ef2061 ea5bb7d9f9a14274a70572fb95d16a48 f7dcb6cbdf5e4266ad6894faed9cd35d - - default default] No more DHCP agents
2026-05-25 01:50:45.420 9 WARNING neutron.api.rpc.agentnotifiers.dhcp_rpc_agent_api [None req-7f29e7f7-9893-4eba-812b-461429ef2061 ea5bb7d9f9a14274a70572fb95d16a48 f7dcb6cbdf5e4266ad6894faed9cd35d - - default default] Unable to schedule network cde983e0-b7ea-4655-9953-6605f5ece5ea: no agents available; will retry on subsequent port and subnet creation events.
2026-05-25 01:50:45.421 10 INFO neutron.wsgi [None req-e7b93233-28cd-4a81-9311-c7935815d88b 330469772fb34262a242ef382bf0dcbb c017c1ed70ee419292721dc58a52a90c - - default default] 10.0.0.37 "GET /v2.0/extensions/floating-ip-port-forwarding-detail HTTP/1.1" status: 200 len: 465 time: 0.0058370
2026-05-25 01:50:45.433 10 INFO neutron.wsgi [None req-313eb733-6283-4ba4-a60a-f87aac11a926 330469772fb34262a242ef382bf0dcbb c017c1ed70ee419292721dc58a52a90c - - default default] 10.0.0.37 "GET /v2.0/extensions/fip-port-details HTTP/1.1" status: 200 len: 406 time: 0.0064929
2026-05-25 01:50:45.445 9 INFO neutron.wsgi [None req-b82a521a-ce73-477b-826e-4fda9ae7b3fd 330469772fb34262a242ef382bf0dcbb c017c1ed70ee419292721dc58a52a90c - - default default] 10.0.0.37 "GET /v2.0/extensions/flavors HTTP/1.1" status: 200 len: 387 time: 0.0068045
2026-05-25 01:50:45.456 10 INFO neutron.wsgi [None req-199e2d28-8607-4096-a166-33d3a4406050 330469772fb34262a242ef382bf0dcbb c017c1ed70ee419292721dc58a52a90c - - default default] 10.0.0.37 "GET /v2.0/extensions/floatingip-pools HTTP/1.1" status: 200 len: 382 time: 0.0057490
2026-05-25 01:50:45.468 10 INFO neutron.wsgi [None req-56a28ca1-c4f9-4a64-b32a-81e2037dba76 330469772fb34262a242ef382bf0dcbb c017c1ed70ee419292721dc58a52a90c - - default default] 10.0.0.37 "GET /v2.0/extensions/ip_allocation HTTP/1.1" status: 200 len: 356 time: 0.0064933
2026-05-25 01:50:45.481 9 INFO neutron.wsgi [None req-ca1acd3b-9cc6-4792-a50f-2caa62d79fd5 330469772fb34262a242ef382bf0dcbb c017c1ed70ee419292721dc58a52a90c - - default default] 10.0.0.37 "GET /v2.0/extensions/l2_adjacency HTTP/1.1" status: 200 len: 372 time: 0.0073469
2026-05-25 01:50:45.492 10 INFO neutron.wsgi [None req-72485a36-bb18-4c49-9d17-eb8e94f046ff 330469772fb34262a242ef382bf0dcbb c017c1ed70ee419292721dc58a52a90c - - default default] 10.0.0.37 "GET /v2.0/extensions/router HTTP/1.1" status: 200 len: 450 time: 0.0063784
2026-05-25 01:50:45.504 9 INFO neutron.wsgi [None req-6b026ee7-6066-4217-8669-4978b5b0a929 330469772fb34262a242ef382bf0dcbb c017c1ed70ee419292721dc58a52a90c - - default default] 10.0.0.37 "GET /v2.0/extensions/ext-gw-mode HTTP/1.1" status: 200 len: 462 time: 0.0075085
2026-05-25 01:50:45.517 9 INFO neutron.wsgi [req-892ed25e-b8c5-47a0-8952-c999f5e1d572 req-acb71156-f05b-447b-932c-8abc73e5d8c8 d40a0f36b4da48e2a971c91d95c63d21 6f59dd0ab018451db59f29492ecb3d63 - - default default] 10.0.0.179 "GET /v2.0/ports?device_id=c2aef1a0-3a11-44dc-ae2a-98f53646f13f HTTP/1.1" status: 200 len: 210 time: 0.0306306
2026-05-25 01:50:45.521 9 INFO neutron.wsgi [None req-d2b94e23-38ca-41cd-8bee-82f0c4b08fa9 330469772fb34262a242ef382bf0dcbb c017c1ed70ee419292721dc58a52a90c - - default default] 10.0.0.37 "GET /v2.0/extensions/logging HTTP/1.1" status: 200 len: 407 time: 0.0080268
2026-05-25 01:50:45.534 9 INFO neutron.wsgi [None req-8dddeb5c-5c2a-4b7a-ab7e-dc8bbc8579e1 330469772fb34262a242ef382bf0dcbb c017c1ed70ee419292721dc58a52a90c - - default default] 10.0.0.37 "GET /v2.0/extensions/multi-provider HTTP/1.1" status: 200 len: 406 time: 0.0048981
2026-05-25 01:50:45.551 10 INFO neutron.wsgi [None req-811661fc-eec4-4730-9114-94c3638ac8de 330469772fb34262a242ef382bf0dcbb c017c1ed70ee419292721dc58a52a90c - - default default] 10.0.0.37 "GET /v2.0/extensions/net-mtu HTTP/1.1" status: 200 len: 370 time: 0.0098748
2026-05-25 01:50:45.566 9 INFO neutron.wsgi [None req-8599fc6c-0fbe-42c0-849f-4f70575f2e22 330469772fb34262a242ef382bf0dcbb c017c1ed70ee419292721dc58a52a90c - - default default] 10.0.0.37 "GET /v2.0/extensions/net-mtu-writable HTTP/1.1" status: 200 len: 401 time: 0.0086279
2026-05-25 01:50:45.576 10 INFO neutron.wsgi [None req-aefdd205-b53d-46b2-8600-81194caeaa34 330469772fb34262a242ef382bf0dcbb c017c1ed70ee419292721dc58a52a90c - - default default] 10.0.0.37 "GET /v2.0/extensions/network_availability_zone HTTP/1.1" status: 200 len: 394 time: 0.0055954
2026-05-25 01:50:45.589 9 INFO neutron.wsgi [None req-3db32f7c-965f-4a7f-bf6c-210f7cd0c449 330469772fb34262a242ef382bf0dcbb c017c1ed70ee419292721dc58a52a90c - - default default] 10.0.0.37 "GET /v2.0/extensions/network-ip-availability HTTP/1.1" status: 200 len: 410 time: 0.0069771
2026-05-25 01:50:45.598 9 INFO neutron.wsgi [None req-6f2a2508-9fd7-4763-9dc6-89043c5cb347 330469772fb34262a242ef382bf0dcbb c017c1ed70ee419292721dc58a52a90c - - default default] 10.0.0.37 "GET /v2.0/extensions/pagination HTTP/1.1" status: 200 len: 386 time: 0.0044658
2026-05-25 01:50:45.617 9 INFO neutron.wsgi [None req-a087e36d-2097-4681-8dfb-b3ee8c46719d 330469772fb34262a242ef382bf0dcbb c017c1ed70ee419292721dc58a52a90c - - default default] 10.0.0.37 "GET /v2.0/extensions/port-device-profile HTTP/1.1" status: 200 len: 383 time: 0.0141850
2026-05-25 01:50:45.630 10 INFO neutron.wsgi [None req-09dc49eb-8bda-4dc5-84a1-5cb0b39534e5 330469772fb34262a242ef382bf0dcbb c017c1ed70ee419292721dc58a52a90c - - default default] 10.0.0.37 "GET /v2.0/extensions/port-mac-address-regenerate HTTP/1.1" status: 200 len: 403 time: 0.0064015
2026-05-25 01:50:45.646 10 INFO neutron.wsgi [None req-ba6ce168-fb65-428a-b99a-5719acb552e3 330469772fb34262a242ef382bf0dcbb c017c1ed70ee419292721dc58a52a90c - - default default] 10.0.0.37 "GET /v2.0/extensions/port-numa-affinity-policy HTTP/1.1" status: 200 len: 392 time: 0.0051932
2026-05-25 01:50:45.660 10 INFO neutron.wsgi [None req-f7c61b32-01af-4efc-aecf-f306fdeef641 330469772fb34262a242ef382bf0dcbb c017c1ed70ee419292721dc58a52a90c - - default default] 10.0.0.37 "GET /v2.0/extensions/port-resource-request HTTP/1.1" status: 200 len: 379 time: 0.0076461
2026-05-25 01:50:45.671 9 INFO neutron.wsgi [None req-fcb76bde-51bf-4f80-a770-06c28943fc25 330469772fb34262a242ef382bf0dcbb c017c1ed70ee419292721dc58a52a90c - - default default] 10.0.0.37 "GET /v2.0/extensions/port-resource-request-groups HTTP/1.1" status: 200 len: 465 time: 0.0059206
2026-05-25 01:50:45.697 9 INFO neutron.wsgi [None req-0b096ab2-0d55-47ad-a794-eda35d371f34 330469772fb34262a242ef382bf0dcbb c017c1ed70ee419292721dc58a52a90c - - default default] 10.0.0.37 "GET /v2.0/extensions/binding HTTP/1.1" status: 200 len: 387 time: 0.0134704
2026-05-25 01:50:45.708 10 INFO neutron.wsgi [None req-a9ee5adf-55dd-4cc5-b0be-4250e21d50f7 330469772fb34262a242ef382bf0dcbb c017c1ed70ee419292721dc58a52a90c - - default default] 10.0.0.37 "GET /v2.0/extensions/binding-extended HTTP/1.1" status: 200 len: 406 time: 0.0048447
2026-05-25 01:50:45.718 10 INFO neutron.wsgi [None req-c5a138f2-1988-4f7d-a221-c59593bd4fe7 330469772fb34262a242ef382bf0dcbb c017c1ed70ee419292721dc58a52a90c - - default default] 10.0.0.37 "GET /v2.0/extensions/port-security HTTP/1.1" status: 200 len: 354 time: 0.0041301
2026-05-25 01:50:45.728 10 INFO neutron.wsgi [None req-588a4744-26eb-45de-903e-89ed728a9b66 330469772fb34262a242ef382bf0dcbb c017c1ed70ee419292721dc58a52a90c - - default default] 10.0.0.37 "GET /v2.0/extensions/project-id HTTP/1.1" status: 200 len: 398 time: 0.0051022
2026-05-25 01:50:45.739 10 INFO neutron.wsgi [None req-2ebb98ba-6f8c-476f-8e14-8c1371af7c01 330469772fb34262a242ef382bf0dcbb c017c1ed70ee419292721dc58a52a90c - - default default] 10.0.0.37 "GET /v2.0/extensions/provider HTTP/1.1" status: 200 len: 385 time: 0.0055313
2026-05-25 01:50:45.747 10 INFO neutron.wsgi [None req-7d5c90af-9e84-41b3-a9ed-213000a2cad6 330469772fb34262a242ef382bf0dcbb c017c1ed70ee419292721dc58a52a90c - - default default] 10.0.0.37 "GET /v2.0/extensions/qos HTTP/1.1" status: 200 len: 360 time: 0.0038030
2026-05-25 01:50:45.756 10 INFO neutron.wsgi [None req-0def0061-0dc8-4144-88b5-e08c7a155862 330469772fb34262a242ef382bf0dcbb c017c1ed70ee419292721dc58a52a90c - - default default] 10.0.0.37 "GET /v2.0/extensions/qos-bw-limit-direction HTTP/1.1" status: 200 len: 452 time: 0.0053802
2026-05-25 01:50:45.772 10 INFO neutron.wsgi [None req-5f145d01-1802-478c-acbf-aa8c4eb25dcd 330469772fb34262a242ef382bf0dcbb c017c1ed70ee419292721dc58a52a90c - - default default] 10.0.0.37 "GET /v2.0/extensions/qos-bw-minimum-ingress HTTP/1.1" status: 200 len: 445 time: 0.0117466
2026-05-25 01:50:45.795 10 INFO neutron.wsgi [None req-81a56e22-8690-4388-9192-51a962c505dd 330469772fb34262a242ef382bf0dcbb c017c1ed70ee419292721dc58a52a90c - - default default] 10.0.0.37 "GET /v2.0/extensions/qos-default HTTP/1.1" status: 200 len: 377 time: 0.0160289
2026-05-25 01:50:45.806 9 INFO neutron.wsgi [None req-ed635421-a785-49a3-8265-368add403b96 330469772fb34262a242ef382bf0dcbb c017c1ed70ee419292721dc58a52a90c - - default default] 10.0.0.37 "GET /v2.0/extensions/qos-fip HTTP/1.1" status: 200 len: 372 time: 0.0047340
2026-05-25 01:50:45.819 9 INFO neutron.wsgi [None req-0ff03080-3ee7-47dd-9ffa-0c582652dd0f 330469772fb34262a242ef382bf0dcbb c017c1ed70ee419292721dc58a52a90c - - default default] 10.0.0.37 "GET /v2.0/extensions/qos-gateway-ip HTTP/1.1" status: 200 len: 391 time: 0.0078616
2026-05-25 01:50:45.828 10 INFO neutron.wsgi [None req-75db0f11-be10-4010-887d-475222f84ac9 330469772fb34262a242ef382bf0dcbb c017c1ed70ee419292721dc58a52a90c - - default default] 10.0.0.37 "GET /v2.0/extensions/qos-port-network-policy HTTP/1.1" status: 200 len: 403 time: 0.0046573
2026-05-25 01:50:45.836 10 INFO neutron.wsgi [None req-a65aadd0-3548-4cca-98ea-d9d2aa040ce6 330469772fb34262a242ef382bf0dcbb c017c1ed70ee419292721dc58a52a90c - - default default] 10.0.0.37 "GET /v2.0/extensions/qos-pps-minimum HTTP/1.1" status: 200 len: 397 time: 0.0043993
2026-05-25 01:50:45.847 10 INFO neutron.wsgi [None req-4879d8df-f6ce-4e39-9b62-7108ad534c2f 330469772fb34262a242ef382bf0dcbb c017c1ed70ee419292721dc58a52a90c - - default default] 10.0.0.37 "GET /v2.0/extensions/qos-pps-minimum-rule-alias HTTP/1.1" status: 200 len: 471 time: 0.0054383
2026-05-25 01:50:45.858 9 INFO neutron.wsgi [None req-f2c45b8f-b10d-42e1-8193-c0aff03820d0 330469772fb34262a242ef382bf0dcbb c017c1ed70ee419292721dc58a52a90c - - default default] 10.0.0.37 "GET /v2.0/extensions/qos-pps HTTP/1.1" status: 200 len: 389 time: 0.0074117
2026-05-25 01:50:45.871 10 INFO neutron.wsgi [None req-dbca4a13-8b99-4307-89cc-bba7685be4d3 330469772fb34262a242ef382bf0dcbb c017c1ed70ee419292721dc58a52a90c - - default default] 10.0.0.37 "GET /v2.0/extensions/qos-rule-type-details HTTP/1.1" status: 200 len: 423 time: 0.0073309
2026-05-25 01:50:45.882 9 INFO neutron.wsgi [None req-2f3249d4-a0d9-44e2-b5b5-eba20d8e6370 330469772fb34262a242ef382bf0dcbb c017c1ed70ee419292721dc58a52a90c - - default default] 10.0.0.37 "GET /v2.0/extensions/qos-rule-type-filter HTTP/1.1" status: 200 len: 567 time: 0.0040774
2026-05-25 01:50:45.894 10 INFO neutron.wsgi [None req-2f2e7dc3-1797-42ab-9eb3-605f33d8d769 330469772fb34262a242ef382bf0dcbb c017c1ed70ee419292721dc58a52a90c - - default default] 10.0.0.37 "GET /v2.0/extensions/qos-rules-alias HTTP/1.1" status: 200 len: 448 time: 0.0063953
2026-05-25 01:50:45.903 9 INFO neutron.wsgi [None req-6312e9e3-2c07-4025-9ea5-bb4f8daf5369 330469772fb34262a242ef382bf0dcbb c017c1ed70ee419292721dc58a52a90c - - default default] 10.0.0.37 "GET /v2.0/extensions/quota-check-limit HTTP/1.1" status: 200 len: 420 time: 0.0049613
2026-05-25 01:50:45.910 9 INFO neutron.wsgi [None req-803a6bab-387c-4072-9257-99f5fb748d7a 330469772fb34262a242ef382bf0dcbb c017c1ed70ee419292721dc58a52a90c - - default default] 10.0.0.37 "GET /v2.0/extensions/quotas HTTP/1.1" status: 200 len: 386 time: 0.0038068
2026-05-25 01:50:45.911 9 INFO neutron.db.ovn_revision_numbers_db [None req-7f29e7f7-9893-4eba-812b-461429ef2061 ea5bb7d9f9a14274a70572fb95d16a48 f7dcb6cbdf5e4266ad6894faed9cd35d - - default default] Successfully bumped revision number for resource 2da44e54-3d8e-4c56-b8bc-0c7465b61102 (type: floatingips) to 0
2026-05-25 01:50:45.919 9 INFO neutron.wsgi [None req-158ed41e-728c-43a0-b3c1-1ebd2110c284 330469772fb34262a242ef382bf0dcbb c017c1ed70ee419292721dc58a52a90c - - default default] 10.0.0.37 "GET /v2.0/extensions/quota_details HTTP/1.1" status: 200 len: 407 time: 0.0049067
2026-05-25 01:50:45.926 9 INFO neutron.wsgi [None req-2f56a774-a838-4554-9582-3674a4fea1cd 330469772fb34262a242ef382bf0dcbb c017c1ed70ee419292721dc58a52a90c - - default default] 10.0.0.37 "GET /v2.0/extensions/rbac-policies HTTP/1.1" status: 200 len: 417 time: 0.0040412
2026-05-25 01:50:45.929 9 INFO neutron.wsgi [None req-7f29e7f7-9893-4eba-812b-461429ef2061 ea5bb7d9f9a14274a70572fb95d16a48 f7dcb6cbdf5e4266ad6894faed9cd35d - - default default] 10.0.0.37 "POST /v2.0/floatingips HTTP/1.1" status: 201 len: 751 time: 1.0248590
2026-05-25 01:50:45.937 10 INFO neutron.wsgi [None req-bcb55c61-fa77-4211-b244-ecef8a12faf9 330469772fb34262a242ef382bf0dcbb c017c1ed70ee419292721dc58a52a90c - - default default] 10.0.0.37 "GET /v2.0/extensions/rbac-address-scope HTTP/1.1" status: 200 len: 384 time: 0.0070868
2026-05-25 01:50:45.949 9 INFO neutron.wsgi [None req-6145c432-27ef-408b-90c0-3c3c1b429294 330469772fb34262a242ef382bf0dcbb c017c1ed70ee419292721dc58a52a90c - - default default] 10.0.0.37 "GET /v2.0/extensions/rbac-security-groups HTTP/1.1" status: 200 len: 404 time: 0.0070548
2026-05-25 01:50:45.958 9 INFO neutron.wsgi [None req-9674e0c9-2f41-49f5-8991-b2b922734a54 330469772fb34262a242ef382bf0dcbb c017c1ed70ee419292721dc58a52a90c - - default default] 10.0.0.37 "GET /v2.0/extensions/revision-if-match HTTP/1.1" status: 200 len: 441 time: 0.0046151
2026-05-25 01:50:45.970 10 INFO neutron.wsgi [None req-444cf06a-f232-4c67-a971-bb35e70d641a 330469772fb34262a242ef382bf0dcbb c017c1ed70ee419292721dc58a52a90c - - default default] 10.0.0.37 "GET /v2.0/extensions/standard-attr-revisions HTTP/1.1" status: 200 len: 423 time: 0.0056229
2026-05-25 01:50:45.986 9 INFO neutron.wsgi [None req-c789cf58-d13c-49c6-929c-f1e10ce8729d 330469772fb34262a242ef382bf0dcbb c017c1ed70ee419292721dc58a52a90c - - default default] 10.0.0.37 "GET /v2.0/extensions/router_availability_zone HTTP/1.1" status: 200 len: 391 time: 0.0107300
2026-05-25 01:50:45.995 9 INFO neutron.wsgi [None req-900aefb5-2a2e-4002-be87-b1b7eb473854 330469772fb34262a242ef382bf0dcbb c017c1ed70ee419292721dc58a52a90c - - default default] 10.0.0.37 "GET /v2.0/extensions/security-groups-default-rules HTTP/1.1" status: 200 len: 456 time: 0.0048299
2026-05-25 01:50:46.005 9 INFO neutron.wsgi [None req-e3fec67d-6722-44b2-a656-af263643a298 330469772fb34262a242ef382bf0dcbb c017c1ed70ee419292721dc58a52a90c - - default default] 10.0.0.37 "GET /v2.0/extensions/security-groups-normalized-cidr HTTP/1.1" status: 200 len: 445 time: 0.0053432
2026-05-25 01:50:46.015 10 INFO neutron.wsgi [None req-36923439-fec6-4c6f-a1b7-59fe3bb180ea 330469772fb34262a242ef382bf0dcbb c017c1ed70ee419292721dc58a52a90c - - default default] 10.0.0.37 "GET /v2.0/extensions/security-groups-remote-address-group HTTP/1.1" status: 200 len: 448 time: 0.0052063
2026-05-25 01:50:46.024 10 INFO neutron.wsgi [None req-31f4a035-27b6-4ba8-9609-9ab7b5ddfb30 330469772fb34262a242ef382bf0dcbb c017c1ed70ee419292721dc58a52a90c - - default default] 10.0.0.37 "GET /v2.0/extensions/security-groups-shared-filtering HTTP/1.1" status: 200 len: 435 time: 0.0057435
2026-05-25 01:50:46.033 10 INFO neutron.wsgi [None req-dcd6f990-bd32-4f1f-8efc-f74b010666f9 330469772fb34262a242ef382bf0dcbb c017c1ed70ee419292721dc58a52a90c - - default default] 10.0.0.37 "GET /v2.0/extensions/security-group HTTP/1.1" status: 200 len: 364 time: 0.0044780
2026-05-25 01:50:46.039 10 INFO neutron.wsgi [None req-2d0e8243-8088-45ca-950a-1e4694566b89 330469772fb34262a242ef382bf0dcbb c017c1ed70ee419292721dc58a52a90c - - default default] 10.0.0.37 "GET /v2.0/extensions/segment HTTP/1.1" status: 200 len: 339 time: 0.0036542
2026-05-25 01:50:46.051 9 INFO neutron.wsgi [None req-cc94a069-7d91-46a1-a286-dbb675a62f1b 330469772fb34262a242ef382bf0dcbb c017c1ed70ee419292721dc58a52a90c - - default default] 10.0.0.37 "GET /v2.0/extensions/segments-peer-subnet-host-routes HTTP/1.1" status: 200 len: 427 time: 0.0087993
2026-05-25 01:50:46.059 9 INFO neutron.wsgi [None req-23a42fb1-502f-4523-9b1f-b8e7c2423ec8 330469772fb34262a242ef382bf0dcbb c017c1ed70ee419292721dc58a52a90c - - default default] 10.0.0.37 "GET /v2.0/extensions/service-type HTTP/1.1" status: 200 len: 415 time: 0.0040512
2026-05-25 01:50:46.069 10 INFO neutron.wsgi [None req-8964a515-f578-4e94-ac3e-ff247a37cb8d 330469772fb34262a242ef382bf0dcbb c017c1ed70ee419292721dc58a52a90c - - default default] 10.0.0.37 "GET /v2.0/extensions/sorting HTTP/1.1" status: 200 len: 377 time: 0.0066493
2026-05-25 01:50:46.076 10 INFO neutron.wsgi [None req-c00b8b43-232a-437c-8884-fa92bf79eebb 330469772fb34262a242ef382bf0dcbb c017c1ed70ee419292721dc58a52a90c - - default default] 10.0.0.37 "GET /v2.0/extensions/standard-attr-segment HTTP/1.1" status: 200 len: 406 time: 0.0036755
2026-05-25 01:50:46.086 9 INFO neutron.wsgi [None req-2d8ab0f0-3309-44b0-982b-b41aee98e67a 330469772fb34262a242ef382bf0dcbb c017c1ed70ee419292721dc58a52a90c - - default default] 10.0.0.37 "GET /v2.0/extensions/standard-attr-description HTTP/1.1" status: 200 len: 408 time: 0.0061929
2026-05-25 01:50:46.097 9 INFO neutron.wsgi [None req-c0838083-7756-421c-9ee3-244c1055fd34 330469772fb34262a242ef382bf0dcbb c017c1ed70ee419292721dc58a52a90c - - default default] 10.0.0.37 "GET /v2.0/extensions/stateful-security-group HTTP/1.1" status: 200 len: 402 time: 0.0055993
2026-05-25 01:50:46.120 10 INFO neutron.wsgi [None req-c3ebfe02-1a23-4f5b-838e-4665331fcdb4 330469772fb34262a242ef382bf0dcbb c017c1ed70ee419292721dc58a52a90c - - default default] 10.0.0.37 "GET /v2.0/extensions/subnet-dns-publish-fixed-ip HTTP/1.1" status: 200 len: 421 time: 0.0197730
2026-05-25 01:50:46.132 10 INFO neutron.wsgi [None req-274ff53f-f4b1-448c-91ff-005a919100fc 330469772fb34262a242ef382bf0dcbb c017c1ed70ee419292721dc58a52a90c - - default default] 10.0.0.37 "GET /v2.0/extensions/subnet-segmentid-writable HTTP/1.1" status: 200 len: 421 time: 0.0060213
2026-05-25 01:50:46.152 10 INFO neutron.wsgi [None req-a47ef8a8-22ab-4351-b8f9-fee0150e9cf8 330469772fb34262a242ef382bf0dcbb c017c1ed70ee419292721dc58a52a90c - - default default] 10.0.0.37 "GET /v2.0/extensions/subnet-service-types HTTP/1.1" status: 200 len: 400 time: 0.0047097
2026-05-25 01:50:46.161 9 INFO neutron.wsgi [None req-e467d826-719e-43ab-b641-3cb0bd90099d 330469772fb34262a242ef382bf0dcbb c017c1ed70ee419292721dc58a52a90c - - default default] 10.0.0.37 "GET /v2.0/extensions/subnet_allocation HTTP/1.1" status: 200 len: 388 time: 0.0046024
2026-05-25 01:50:46.172 9 INFO neutron.wsgi [None req-51d96f11-efca-4960-a5c8-3c23644b7c5e 330469772fb34262a242ef382bf0dcbb c017c1ed70ee419292721dc58a52a90c - - default default] 10.0.0.37 "GET /v2.0/extensions/subnetpool-prefix-ops HTTP/1.1" status: 200 len: 418 time: 0.0054617
2026-05-25 01:50:46.186 9 INFO neutron.wsgi [None req-bd26f10c-3685-45f3-aa08-8bf1fc5dfa69 330469772fb34262a242ef382bf0dcbb c017c1ed70ee419292721dc58a52a90c - - default default] 10.0.0.37 "GET /v2.0/extensions/standard-attr-tag HTTP/1.1" status: 200 len: 537 time: 0.0062931
2026-05-25 01:50:46.206 9 INFO neutron.wsgi [None req-592ea96b-4d4d-430e-b784-2fade1a928fe 330469772fb34262a242ef382bf0dcbb c017c1ed70ee419292721dc58a52a90c - - default default] 10.0.0.37 "GET /v2.0/extensions/standard-attr-timestamp HTTP/1.1" status: 200 len: 449 time: 0.0083363
2026-05-25 01:50:46.216 9 INFO neutron.wsgi [None req-84e44992-aa5a-4072-924b-4556089701c9 330469772fb34262a242ef382bf0dcbb c017c1ed70ee419292721dc58a52a90c - - default default] 10.0.0.37 "GET /v2.0/extensions/trunk HTTP/1.1" status: 200 len: 358 time: 0.0064061
2026-05-25 01:50:46.225 9 INFO neutron.wsgi [None req-15b2c699-814e-4217-ae3f-f0efcd39fdda 330469772fb34262a242ef382bf0dcbb c017c1ed70ee419292721dc58a52a90c - - default default] 10.0.0.37 "GET /v2.0/extensions/trunk-details HTTP/1.1" status: 200 len: 362 time: 0.0053737
2026-05-25 01:50:46.303 10 INFO neutron.wsgi [None req-1b0cccd4-ca04-44a6-9989-5388608dc23c baef6177ba6b47a4bc0d590c5b281e81 f7130fc5f1b34b508094540ca351522e - - default default] 10.0.0.37 "DELETE /v2.0/routers/aec2ad87-0e09-42f3-b3e7-ea010b072aab HTTP/1.1" status: 204 len: 168 time: 1.1415610
2026-05-25 01:50:46.457 10 INFO neutron.wsgi [req-54c00cc0-6d6e-405c-b53b-67e7a1d66d64 req-917b20df-40c6-46be-b37f-b70bd1764b83 d40a0f36b4da48e2a971c91d95c63d21 6f59dd0ab018451db59f29492ecb3d63 - - default default] 199.204.45.246 "GET /v2.0/networks?id=49cec276-6bc8-4e7b-9397-be6348276532 HTTP/1.1" status: 200 len: 876 time: 0.1139188
2026-05-25 01:50:46.472 10 WARNING neutron_lib.context [req-54c00cc0-6d6e-405c-b53b-67e7a1d66d64 req-f3b46d0c-bc63-4e06-8dc7-342aeac9752f d40a0f36b4da48e2a971c91d95c63d21 6f59dd0ab018451db59f29492ecb3d63 - - default default] Method 'is_advsvc' is deprecated since 2023.2 release (neutron-lib 3.8.0) and will be removed once support for the old RBAC API policies will be removed from Neutron. Please use method 'is_service_role' instead.
2026-05-25 01:50:46.496 10 INFO neutron.wsgi [req-6894ff78-f6b1-44ff-9128-8ed783e40323 req-f4997280-773d-4761-9ab8-2a7d9df80116 ea5bb7d9f9a14274a70572fb95d16a48 f7dcb6cbdf5e4266ad6894faed9cd35d - - default default] 10.0.0.179 "GET /v2.0/security-groups?name=tempest-securitygroup--1208620089&fields=id&tenant_id=f7dcb6cbdf5e4266ad6894faed9cd35d HTTP/1.1" status: 200 len: 267 time: 0.1152477
2026-05-25 01:50:46.613 9 INFO neutron.wsgi [req-cea164e8-dc82-49cf-a16f-6ca45bb672c4 req-aa9b7fe5-8f31-474f-9247-bae21df19e9c d40a0f36b4da48e2a971c91d95c63d21 6f59dd0ab018451db59f29492ecb3d63 - - default default] 10.0.0.179 "GET /v2.0/ports?device_id=c2aef1a0-3a11-44dc-ae2a-98f53646f13f HTTP/1.1" status: 200 len: 210 time: 0.0291765
2026-05-25 01:50:46.836 10 INFO neutron.wsgi [req-6894ff78-f6b1-44ff-9128-8ed783e40323 req-01c6a0a0-8b16-4951-8149-20aaa67df8f8 ea5bb7d9f9a14274a70572fb95d16a48 f7dcb6cbdf5e4266ad6894faed9cd35d - - default default] 10.0.0.179 "GET /v2.0/networks?id=6e68b02c-f570-4fd9-b740-58cc3992fa9f HTTP/1.1" status: 200 len: 882 time: 0.3287306
2026-05-25 01:50:46.861 10 INFO neutron.wsgi [req-6894ff78-f6b1-44ff-9128-8ed783e40323 req-dec25ea3-e19c-4b20-9c8a-9e0331b046c8 ea5bb7d9f9a14274a70572fb95d16a48 f7dcb6cbdf5e4266ad6894faed9cd35d - - default default] 10.0.0.179 "GET /v2.0/quotas/f7dcb6cbdf5e4266ad6894faed9cd35d HTTP/1.1" status: 200 len: 386 time: 0.0165422
2026-05-25 01:50:46.926 10 INFO neutron.wsgi [None req-5a1a2e2b-9a0f-4433-b26a-caca4f22eef1 baef6177ba6b47a4bc0d590c5b281e81 f7130fc5f1b34b508094540ca351522e - - default default] 10.0.0.37 "DELETE /v2.0/subnets/60280621-380c-40e8-9efe-519ea9b6325b HTTP/1.1" status: 204 len: 168 time: 0.6164691
2026-05-25 01:50:46.992 9 INFO neutron.db.ovn_revision_numbers_db [None req-272102cb-8dd7-4d2a-a4a5-921e66966b8d baef6177ba6b47a4bc0d590c5b281e81 f7130fc5f1b34b508094540ca351522e - - default default] Successfully bumped revision number for resource 2c50998c-83a9-413a-882f-0775226c3e1a (type: security_groups) to 1
2026-05-25 01:50:47.001 10 INFO neutron.wsgi [req-6894ff78-f6b1-44ff-9128-8ed783e40323 req-538af574-f41e-4ef6-a4eb-aefd6542a4c6 ea5bb7d9f9a14274a70572fb95d16a48 f7dcb6cbdf5e4266ad6894faed9cd35d - - default default] 10.0.0.179 "GET /v2.0/ports?tenant_id=f7dcb6cbdf5e4266ad6894faed9cd35d&fields=id HTTP/1.1" status: 200 len: 302 time: 0.1317511
2026-05-25 01:50:47.012 9 INFO neutron.db.ovn_revision_numbers_db [None req-272102cb-8dd7-4d2a-a4a5-921e66966b8d baef6177ba6b47a4bc0d590c5b281e81 f7130fc5f1b34b508094540ca351522e - - default default] Successfully bumped revision number for resource 14757a46-d949-4f66-8ea2-e627c6785133 (type: security_group_rules) to 0
2026-05-25 01:50:47.032 9 INFO neutron.db.ovn_revision_numbers_db [None req-272102cb-8dd7-4d2a-a4a5-921e66966b8d baef6177ba6b47a4bc0d590c5b281e81 f7130fc5f1b34b508094540ca351522e - - default default] Successfully bumped revision number for resource 6e8ee1d5-6a79-4041-8034-60d465eeecda (type: security_group_rules) to 0
2026-05-25 01:50:47.055 9 INFO neutron.db.ovn_revision_numbers_db [None req-272102cb-8dd7-4d2a-a4a5-921e66966b8d baef6177ba6b47a4bc0d590c5b281e81 f7130fc5f1b34b508094540ca351522e - - default default] Successfully bumped revision number for resource 8ab52b91-0cb2-43a9-8446-5c4b166707bb (type: security_group_rules) to 0
2026-05-25 01:50:47.087 9 INFO neutron.db.ovn_revision_numbers_db [None req-272102cb-8dd7-4d2a-a4a5-921e66966b8d baef6177ba6b47a4bc0d590c5b281e81 f7130fc5f1b34b508094540ca351522e - - default default] Successfully bumped revision number for resource e26a36ac-2aeb-4536-8d6a-57f237e797e3 (type: security_group_rules) to 0
2026-05-25 01:50:47.102 10 INFO neutron.wsgi [req-6894ff78-f6b1-44ff-9128-8ed783e40323 req-00c3a6cf-292e-4040-ad55-f498478c1404 123405b07cf64ce797cee66d17ac6677 36007f1606ed4b0da75cff425588c15b - - b3b727d714aa4b2f9d091a30fb27d997 b3b727d714aa4b2f9d091a30fb27d997] 10.0.0.179 "GET /v2.0/networks/6e68b02c-f570-4fd9-b740-58cc3992fa9f?fields=segments HTTP/1.1" status: 200 len: 212 time: 0.0877018
2026-05-25 01:50:47.112 9 INFO neutron.wsgi [None req-272102cb-8dd7-4d2a-a4a5-921e66966b8d baef6177ba6b47a4bc0d590c5b281e81 f7130fc5f1b34b508094540ca351522e - - default default] 10.0.0.37 "GET /v2.0/security-groups?tenant_id=c017c1ed70ee419292721dc58a52a90c&name=default HTTP/1.1" status: 200 len: 2996 time: 0.3764970
2026-05-25 01:50:47.213 10 INFO neutron.wsgi [req-6894ff78-f6b1-44ff-9128-8ed783e40323 req-fa150239-7836-4bc4-a1a8-7e08b9e3a086 123405b07cf64ce797cee66d17ac6677 36007f1606ed4b0da75cff425588c15b - - b3b727d714aa4b2f9d091a30fb27d997 b3b727d714aa4b2f9d091a30fb27d997] 10.0.0.179 "GET /v2.0/networks/6e68b02c-f570-4fd9-b740-58cc3992fa9f?fields=provider%3Aphysical_network&fields=provider%3Anetwork_type HTTP/1.1" status: 200 len: 277 time: 0.0989501
2026-05-25 01:50:47.217 10 WARNING neutron.scheduler.dhcp_agent_scheduler [req-54c00cc0-6d6e-405c-b53b-67e7a1d66d64 req-f3b46d0c-bc63-4e06-8dc7-342aeac9752f d40a0f36b4da48e2a971c91d95c63d21 6f59dd0ab018451db59f29492ecb3d63 - - default default] No more DHCP agents
2026-05-25 01:50:47.220 10 WARNING neutron.api.rpc.agentnotifiers.dhcp_rpc_agent_api [req-54c00cc0-6d6e-405c-b53b-67e7a1d66d64 req-f3b46d0c-bc63-4e06-8dc7-342aeac9752f d40a0f36b4da48e2a971c91d95c63d21 6f59dd0ab018451db59f29492ecb3d63 - - default default] Unable to schedule network 49cec276-6bc8-4e7b-9397-be6348276532: no agents available; will retry on subsequent port and subnet creation events.
2026-05-25 01:50:47.361 9 INFO neutron.services.segments.plugin [-] Segment b64d2dbd-c45a-45e8-a65f-abc707c09de4 resource provider aggregate not found
2026-05-25 01:50:47.369 9 INFO neutron.services.segments.plugin [-] Segment b64d2dbd-c45a-45e8-a65f-abc707c09de4 resource provider aggregate not found
2026-05-25 01:50:47.391 9 INFO neutron.services.segments.plugin [-] Segment b64d2dbd-c45a-45e8-a65f-abc707c09de4 resource provider not found; error: Placement Client Error (4xx): {"errors": [{"status": 404, "title": "Not Found", "detail": "The resource could not be found.\n\n No resource provider with uuid b64d2dbd-c45a-45e8-a65f-abc707c09de4 found for delete ", "request_id": "req-2544b1e9-c5d2-4edc-9705-e565ad0a363c"}]}
2026-05-25 01:50:47.398 9 INFO neutron.wsgi [req-24617bdd-f9df-41d7-bf37-9a767d8c7f6a req-46dcbca8-2ec3-4bf4-b13a-a1be7e4661a3 ea5bb7d9f9a14274a70572fb95d16a48 f7dcb6cbdf5e4266ad6894faed9cd35d - - default default] 10.0.0.179 "GET /v2.0/ports?device_id=58a0721c-e803-44b4-a4b4-c748797959c6 HTTP/1.1" status: 200 len: 210 time: 0.0654840
2026-05-25 01:50:47.399 9 INFO neutron.services.segments.plugin [-] Segment b64d2dbd-c45a-45e8-a65f-abc707c09de4 resource provider not found; error: Placement Client Error (4xx): {"errors": [{"status": 404, "title": "Not Found", "detail": "The resource could not be found.\n\n No resource provider with uuid b64d2dbd-c45a-45e8-a65f-abc707c09de4 found for delete ", "request_id": "req-1433bfed-b0fa-4214-bcd8-a6458891e03d"}]}
2026-05-25 01:50:47.426 9 INFO neutron.wsgi [None req-5b73ae46-e3d4-4b80-be32-cd849bf54299 baef6177ba6b47a4bc0d590c5b281e81 f7130fc5f1b34b508094540ca351522e - - default default] 10.0.0.37 "DELETE /v2.0/networks/bd0da7a5-f6fa-4e61-ac8a-ff472a7c1dc5 HTTP/1.1" status: 204 len: 168 time: 0.4954290
2026-05-25 01:50:47.429 10 INFO neutron.db.ovn_revision_numbers_db [req-54c00cc0-6d6e-405c-b53b-67e7a1d66d64 req-f3b46d0c-bc63-4e06-8dc7-342aeac9752f d40a0f36b4da48e2a971c91d95c63d21 6f59dd0ab018451db59f29492ecb3d63 - - default default] Successfully bumped revision number for resource 7bccf59d-7c7d-47cf-94d0-972832671342 (type: ports) to 1
2026-05-25 01:50:47.457 10 INFO neutron.wsgi [req-54c00cc0-6d6e-405c-b53b-67e7a1d66d64 req-f3b46d0c-bc63-4e06-8dc7-342aeac9752f d40a0f36b4da48e2a971c91d95c63d21 6f59dd0ab018451db59f29492ecb3d63 - - default default] 199.204.45.246 "POST /v2.0/ports HTTP/1.1" status: 201 len: 1158 time: 0.9911253
2026-05-25 01:50:47.467 9 INFO neutron.wsgi [None req-332b9773-c386-4c12-943a-57ad8c02ca0f baef6177ba6b47a4bc0d590c5b281e81 f7130fc5f1b34b508094540ca351522e - - default default] 10.0.0.37 "DELETE /v2.0/security-groups/2c50998c-83a9-413a-882f-0775226c3e1a HTTP/1.1" status: 204 len: 168 time: 0.3486521 /var/lib/openstack/lib/python3.10/site-packages/pycadf/identifier.py:71: UserWarning: Invalid uuid: neutron. To ensure interoperability, identifiers should be a valid uuid. warnings.warn(('Invalid uuid: %s. To ensure interoperability, '
2026-05-25 01:50:47.570 9 INFO neutron.wsgi [None req-235fbba4-982b-4254-9007-58c8dfa6566a baef6177ba6b47a4bc0d590c5b281e81 f7130fc5f1b34b508094540ca351522e - - default default] 10.0.0.37 "GET /v2.0/security-groups?tenant_id=9971dacbf8454b20a4e2114e636d49f2&name=default HTTP/1.1" status: 200 len: 2992 time: 0.0388045
2026-05-25 01:50:47.732 10 INFO neutron.wsgi [req-3c592232-5653-4a64-bdf3-0a9ddab29fbd req-bec8d12f-c2ea-4204-a4f4-df0bf68b13a8 d40a0f36b4da48e2a971c91d95c63d21 6f59dd0ab018451db59f29492ecb3d63 - - default default] 10.0.0.179 "GET /v2.0/ports?device_id=c2aef1a0-3a11-44dc-ae2a-98f53646f13f HTTP/1.1" status: 200 len: 1156 time: 0.0492916
2026-05-25 01:50:47.774 9 WARNING neutron.plugins.ml2.drivers.ovn.mech_driver.ovsdb.ovn_client [None req-2c1de30c-89f1-496d-a407-636249d36f82 - - - - - -] No hosting information found for port 6b95d3ea-0942-4b0c-8449-d4699025f1e1: RuntimeError: No hosting information found for port 6b95d3ea-0942-4b0c-8449-d4699025f1e1
2026-05-25 01:50:47.799 10 INFO neutron.wsgi [req-3c592232-5653-4a64-bdf3-0a9ddab29fbd req-c5f04d67-ce00-44e0-8412-4af9873c9d30 d40a0f36b4da48e2a971c91d95c63d21 6f59dd0ab018451db59f29492ecb3d63 - - default default] 10.0.0.179 "GET /v2.0/security-groups?id=37458460-3e6b-40ac-acb4-339772cdf3a3&fields=id&fields=name HTTP/1.1" status: 200 len: 286 time: 0.0559716
2026-05-25 01:50:47.827 9 INFO neutron.wsgi [None req-ca51c9d0-a4ae-4b55-af8e-190ea7d278c4 baef6177ba6b47a4bc0d590c5b281e81 f7130fc5f1b34b508094540ca351522e - - default default] 10.0.0.37 "DELETE /v2.0/security-groups/42be08bc-5bdc-4fcc-88ff-55b1db972f01 HTTP/1.1" status: 204 len: 168 time: 0.2520545
2026-05-25 01:50:47.936 10 INFO neutron.db.ovn_revision_numbers_db [req-54c00cc0-6d6e-405c-b53b-67e7a1d66d64 req-313a6eb2-3221-4314-bcd8-78b30f89449e 123405b07cf64ce797cee66d17ac6677 36007f1606ed4b0da75cff425588c15b - - b3b727d714aa4b2f9d091a30fb27d997 b3b727d714aa4b2f9d091a30fb27d997] Successfully bumped revision number for resource 7bccf59d-7c7d-47cf-94d0-972832671342 (type: ports) to 2 /var/lib/openstack/lib/python3.10/site-packages/pycadf/identifier.py:71: UserWarning: Invalid uuid: neutron. To ensure interoperability, identifiers should be a valid uuid. warnings.warn(('Invalid uuid: %s. To ensure interoperability, '
2026-05-25 01:50:48.111 10 INFO neutron.wsgi [req-6894ff78-f6b1-44ff-9128-8ed783e40323 req-bd2ef357-9448-4ad9-9ae3-db4b2d9dea7c ea5bb7d9f9a14274a70572fb95d16a48 f7dcb6cbdf5e4266ad6894faed9cd35d - - default default] 199.204.45.246 "GET /v2.0/networks?id=6e68b02c-f570-4fd9-b740-58cc3992fa9f HTTP/1.1" status: 200 len: 882 time: 0.1050701 /var/lib/openstack/lib/python3.10/site-packages/pycadf/identifier.py:71: UserWarning: Invalid uuid: neutron. To ensure interoperability, identifiers should be a valid uuid. warnings.warn(('Invalid uuid: %s. To ensure interoperability, '
2026-05-25 01:50:48.175 10 INFO neutron.wsgi [req-6894ff78-f6b1-44ff-9128-8ed783e40323 req-44e4802f-530e-4a74-a921-8d1a765e0845 ea5bb7d9f9a14274a70572fb95d16a48 f7dcb6cbdf5e4266ad6894faed9cd35d - - default default] 199.204.45.246 "GET /v2.0/security-groups?fields=id&fields=name&tenant_id=f7dcb6cbdf5e4266ad6894faed9cd35d HTTP/1.1" status: 200 len: 380 time: 0.0556581
2026-05-25 01:50:48.176 10 INFO neutron.db.ovn_revision_numbers_db [req-54c00cc0-6d6e-405c-b53b-67e7a1d66d64 req-313a6eb2-3221-4314-bcd8-78b30f89449e 123405b07cf64ce797cee66d17ac6677 36007f1606ed4b0da75cff425588c15b - - b3b727d714aa4b2f9d091a30fb27d997 b3b727d714aa4b2f9d091a30fb27d997] Successfully bumped revision number for resource 7bccf59d-7c7d-47cf-94d0-972832671342 (type: ports) to 2
2026-05-25 01:50:48.189 10 WARNING neutron_lib.context [req-6894ff78-f6b1-44ff-9128-8ed783e40323 req-ddd1aeb1-a11b-4711-8720-62d1615155f1 ea5bb7d9f9a14274a70572fb95d16a48 f7dcb6cbdf5e4266ad6894faed9cd35d - - default default] Method 'is_advsvc' is deprecated since 2023.2 release (neutron-lib 3.8.0) and will be removed once support for the old RBAC API policies will be removed from Neutron. Please use method 'is_service_role' instead.
2026-05-25 01:50:48.201 10 INFO neutron.wsgi [req-54c00cc0-6d6e-405c-b53b-67e7a1d66d64 req-313a6eb2-3221-4314-bcd8-78b30f89449e 123405b07cf64ce797cee66d17ac6677 36007f1606ed4b0da75cff425588c15b - - b3b727d714aa4b2f9d091a30fb27d997 b3b727d714aa4b2f9d091a30fb27d997] 199.204.45.246 "PUT /v2.0/ports/7bccf59d-7c7d-47cf-94d0-972832671342 HTTP/1.1" status: 200 len: 1376 time: 0.7368691
2026-05-25 01:50:48.232 10 INFO neutron.notifiers.nova [-] Nova event matching ['req-029a4353-8929-4fb5-b638-8369c9664991'] response: {'name': 'network-changed', 'server_uuid': 'c2aef1a0-3a11-44dc-ae2a-98f53646f13f', 'tag': '7bccf59d-7c7d-47cf-94d0-972832671342', 'status': 'completed', 'code': 200}
2026-05-25 01:50:48.299 10 INFO neutron.wsgi [req-a0a5a58d-150d-41e3-b656-2b0764fcc542 req-a73666d0-c589-4d70-917d-a82f14c91a47 123405b07cf64ce797cee66d17ac6677 36007f1606ed4b0da75cff425588c15b - - b3b727d714aa4b2f9d091a30fb27d997 b3b727d714aa4b2f9d091a30fb27d997] 199.204.45.246 "GET /v2.0/ports?tenant_id=6f59dd0ab018451db59f29492ecb3d63&device_id=c2aef1a0-3a11-44dc-ae2a-98f53646f13f HTTP/1.1" status: 200 len: 1407 time: 0.0388992
2026-05-25 01:50:48.419 10 INFO neutron.wsgi [req-a0a5a58d-150d-41e3-b656-2b0764fcc542 req-4c76ad83-9be7-4867-91b1-e9165475f41a 123405b07cf64ce797cee66d17ac6677 36007f1606ed4b0da75cff425588c15b - - b3b727d714aa4b2f9d091a30fb27d997 b3b727d714aa4b2f9d091a30fb27d997] 199.204.45.246 "GET /v2.0/networks?tenant_id=6f59dd0ab018451db59f29492ecb3d63&shared=False HTTP/1.1" status: 200 len: 975 time: 0.1008177
2026-05-25 01:50:48.501 10 INFO neutron.wsgi [req-fab48945-6ffa-4825-9efb-16ac4ccf8a44 req-875e95d4-cc25-4a5c-bd04-1bd9f3509d94 ea5bb7d9f9a14274a70572fb95d16a48 f7dcb6cbdf5e4266ad6894faed9cd35d - - default default] 10.0.0.179 "GET /v2.0/ports?device_id=58a0721c-e803-44b4-a4b4-c748797959c6 HTTP/1.1" status: 200 len: 210 time: 0.0341594
2026-05-25 01:50:48.538 10 INFO neutron.wsgi [req-a0a5a58d-150d-41e3-b656-2b0764fcc542 req-03dfcbd5-eda7-4291-95c6-d35c941d441b 123405b07cf64ce797cee66d17ac6677 36007f1606ed4b0da75cff425588c15b - - b3b727d714aa4b2f9d091a30fb27d997 b3b727d714aa4b2f9d091a30fb27d997] 199.204.45.246 "GET /v2.0/networks?shared=True HTTP/1.1" status: 200 len: 952 time: 0.1124041
2026-05-25 01:50:48.613 10 WARNING neutron.plugins.ml2.drivers.ovn.mech_driver.ovsdb.ovn_client [None req-e00c0a37-db8e-498e-82d3-58664569f0f0 - - - - - -] No hosting information found for port 59f8ab8b-9ed6-4735-bfca-71c43389f6e8: RuntimeError: No hosting information found for port 59f8ab8b-9ed6-4735-bfca-71c43389f6e8
2026-05-25 01:50:48.627 10 INFO neutron.wsgi [req-54c00cc0-6d6e-405c-b53b-67e7a1d66d64 req-8d94f294-30a4-4dfc-a9ae-b2d3f0f41cc6 123405b07cf64ce797cee66d17ac6677 36007f1606ed4b0da75cff425588c15b - - b3b727d714aa4b2f9d091a30fb27d997 b3b727d714aa4b2f9d091a30fb27d997] 199.204.45.246 "GET /v2.0/ports?tenant_id=6f59dd0ab018451db59f29492ecb3d63&device_id=c2aef1a0-3a11-44dc-ae2a-98f53646f13f HTTP/1.1" status: 200 len: 1407 time: 0.0491529 /var/lib/openstack/lib/python3.10/site-packages/pycadf/identifier.py:71: UserWarning: Invalid uuid: neutron. To ensure interoperability, identifiers should be a valid uuid. warnings.warn(('Invalid uuid: %s. To ensure interoperability, '
2026-05-25 01:50:48.664 10 INFO neutron.wsgi [req-54c00cc0-6d6e-405c-b53b-67e7a1d66d64 req-6099f69c-1b11-4e7e-9826-b712f6eec2c4 123405b07cf64ce797cee66d17ac6677 36007f1606ed4b0da75cff425588c15b - - b3b727d714aa4b2f9d091a30fb27d997 b3b727d714aa4b2f9d091a30fb27d997] 199.204.45.246 "GET /v2.0/floatingips?fixed_ip_address=10.100.0.7&port_id=7bccf59d-7c7d-47cf-94d0-972832671342 HTTP/1.1" status: 200 len: 217 time: 0.0291874
2026-05-25 01:50:48.702 10 WARNING neutron.scheduler.dhcp_agent_scheduler [req-6894ff78-f6b1-44ff-9128-8ed783e40323 req-ddd1aeb1-a11b-4711-8720-62d1615155f1 ea5bb7d9f9a14274a70572fb95d16a48 f7dcb6cbdf5e4266ad6894faed9cd35d - - default default] No more DHCP agents
2026-05-25 01:50:48.706 10 WARNING neutron.api.rpc.agentnotifiers.dhcp_rpc_agent_api [req-6894ff78-f6b1-44ff-9128-8ed783e40323 req-ddd1aeb1-a11b-4711-8720-62d1615155f1 ea5bb7d9f9a14274a70572fb95d16a48 f7dcb6cbdf5e4266ad6894faed9cd35d - - default default] Unable to schedule network 6e68b02c-f570-4fd9-b740-58cc3992fa9f: no agents available; will retry on subsequent port and subnet creation events.
2026-05-25 01:50:48.718 10 INFO neutron.wsgi [req-54c00cc0-6d6e-405c-b53b-67e7a1d66d64 req-379e0e3b-1e5b-49a0-ac04-2e2f0276502a 123405b07cf64ce797cee66d17ac6677 36007f1606ed4b0da75cff425588c15b - - b3b727d714aa4b2f9d091a30fb27d997 b3b727d714aa4b2f9d091a30fb27d997] 199.204.45.246 "GET /v2.0/subnets?id=a49be27f-a0f5-420d-b6cd-933c4a3b64c1 HTTP/1.1" status: 200 len: 870 time: 0.0433033 /var/lib/openstack/lib/python3.10/site-packages/pycadf/identifier.py:71: UserWarning: Invalid uuid: neutron. To ensure interoperability, identifiers should be a valid uuid. warnings.warn(('Invalid uuid: %s. To ensure interoperability, '
2026-05-25 01:50:48.749 10 INFO neutron.wsgi [req-54c00cc0-6d6e-405c-b53b-67e7a1d66d64 req-54ce4ff1-ae6a-4ff5-bebc-3cb2ef7d5d42 123405b07cf64ce797cee66d17ac6677 36007f1606ed4b0da75cff425588c15b - - b3b727d714aa4b2f9d091a30fb27d997 b3b727d714aa4b2f9d091a30fb27d997] 199.204.45.246 "GET /v2.0/ports?network_id=49cec276-6bc8-4e7b-9397-be6348276532&device_owner=network%3Adhcp HTTP/1.1" status: 200 len: 210 time: 0.0233176
2026-05-25 01:50:48.841 10 INFO neutron.wsgi [req-54c00cc0-6d6e-405c-b53b-67e7a1d66d64 req-df32c180-ba3b-426d-8f10-8adf815ad124 123405b07cf64ce797cee66d17ac6677 36007f1606ed4b0da75cff425588c15b - - b3b727d714aa4b2f9d091a30fb27d997 b3b727d714aa4b2f9d091a30fb27d997] 199.204.45.246 "GET /v2.0/networks/49cec276-6bc8-4e7b-9397-be6348276532?fields=segments HTTP/1.1" status: 200 len: 212 time: 0.0835593
2026-05-25 01:50:48.934 10 INFO neutron.wsgi [req-54c00cc0-6d6e-405c-b53b-67e7a1d66d64 req-aa9a8a57-d042-4dba-973c-e2d253d6dffa 123405b07cf64ce797cee66d17ac6677 36007f1606ed4b0da75cff425588c15b - - b3b727d714aa4b2f9d091a30fb27d997 b3b727d714aa4b2f9d091a30fb27d997] 199.204.45.246 "GET /v2.0/networks/49cec276-6bc8-4e7b-9397-be6348276532?fields=provider%3Aphysical_network&fields=provider%3Anetwork_type HTTP/1.1" status: 200 len: 277 time: 0.0878472
2026-05-25 01:50:48.938 10 INFO neutron.db.ovn_revision_numbers_db [req-6894ff78-f6b1-44ff-9128-8ed783e40323 req-ddd1aeb1-a11b-4711-8720-62d1615155f1 ea5bb7d9f9a14274a70572fb95d16a48 f7dcb6cbdf5e4266ad6894faed9cd35d - - default default] Successfully bumped revision number for resource 59b525c2-6e66-4999-ae87-7024ebe83ba8 (type: ports) to 1
2026-05-25 01:50:48.974 10 INFO neutron.wsgi [req-6894ff78-f6b1-44ff-9128-8ed783e40323 req-ddd1aeb1-a11b-4711-8720-62d1615155f1 ea5bb7d9f9a14274a70572fb95d16a48 f7dcb6cbdf5e4266ad6894faed9cd35d - - default default] 199.204.45.246 "POST /v2.0/ports HTTP/1.1" status: 201 len: 1158 time: 0.7907808
2026-05-25 01:50:48.977 9 INFO neutron.wsgi [req-6b9da35a-69d8-43eb-8a79-585352c7d8e1 req-d4d400bf-d26d-4a5d-9623-99ec260cf179 d40a0f36b4da48e2a971c91d95c63d21 6f59dd0ab018451db59f29492ecb3d63 - - default default] 10.0.0.179 "GET /v2.0/ports?device_id=c2aef1a0-3a11-44dc-ae2a-98f53646f13f HTTP/1.1" status: 200 len: 1168 time: 0.1113546
2026-05-25 01:50:49.053 9 INFO neutron.wsgi [req-6b9da35a-69d8-43eb-8a79-585352c7d8e1 req-c2016c31-5418-47d0-9a13-171846c3b67d d40a0f36b4da48e2a971c91d95c63d21 6f59dd0ab018451db59f29492ecb3d63 - - default default] 10.0.0.179 "GET /v2.0/security-groups?id=37458460-3e6b-40ac-acb4-339772cdf3a3&fields=id&fields=name HTTP/1.1" status: 200 len: 286 time: 0.0683761
2026-05-25 01:50:49.368 10 INFO neutron.plugins.ml2.drivers.ovn.mech_driver.mech_driver [None req-e00c0a37-db8e-498e-82d3-58664569f0f0 - - - - - -] OVN reports status up for port: 7bccf59d-7c7d-47cf-94d0-972832671342
2026-05-25 01:50:49.386 10 INFO neutron.plugins.ml2.plugin [None req-e00c0a37-db8e-498e-82d3-58664569f0f0 - - - - - -] Attempt 1 to provision port 7bccf59d-7c7d-47cf-94d0-972832671342
2026-05-25 01:50:49.445 9 WARNING neutron_lib.context [None req-a347143e-65f3-467b-a745-f54506d3de8e da9fbd4145ce4615b959343abeee0aef e3a083d4430e4d0ab7e7cc75d185373e - - default default] Method 'is_advsvc' is deprecated since 2023.2 release (neutron-lib 3.8.0) and will be removed once support for the old RBAC API policies will be removed from Neutron. Please use method 'is_service_role' instead. /var/lib/openstack/lib/python3.10/site-packages/pycadf/identifier.py:71: UserWarning: Invalid uuid: neutron. To ensure interoperability, identifiers should be a valid uuid. warnings.warn(('Invalid uuid: %s. To ensure interoperability, '
2026-05-25 01:50:49.622 9 INFO neutron.db.ovn_revision_numbers_db [None req-a347143e-65f3-467b-a745-f54506d3de8e da9fbd4145ce4615b959343abeee0aef e3a083d4430e4d0ab7e7cc75d185373e - - default default] Successfully bumped revision number for resource e17a689d-66a1-4159-94d4-737fae5267e0 (type: security_groups) to 1
2026-05-25 01:50:49.631 10 INFO neutron.wsgi [req-766f535d-1262-4be0-864a-bfc00fd89453 req-1db432e6-1d3b-4e15-9bbe-7dce2764188a ea5bb7d9f9a14274a70572fb95d16a48 f7dcb6cbdf5e4266ad6894faed9cd35d - - default default] 10.0.0.179 "GET /v2.0/ports?device_id=58a0721c-e803-44b4-a4b4-c748797959c6 HTTP/1.1" status: 200 len: 1168 time: 0.0672512
2026-05-25 01:50:49.643 9 INFO neutron.db.ovn_revision_numbers_db [None req-a347143e-65f3-467b-a745-f54506d3de8e da9fbd4145ce4615b959343abeee0aef e3a083d4430e4d0ab7e7cc75d185373e - - default default] Successfully bumped revision number for resource 9ec21bfc-2cce-4096-a09a-df8bd2083f7c (type: security_group_rules) to 0
2026-05-25 01:50:49.658 9 INFO neutron.db.ovn_revision_numbers_db [None req-a347143e-65f3-467b-a745-f54506d3de8e da9fbd4145ce4615b959343abeee0aef e3a083d4430e4d0ab7e7cc75d185373e - - default default] Successfully bumped revision number for resource a2b5de95-93cd-4f07-88d7-e93dbbf2d850 (type: security_group_rules) to 0
2026-05-25 01:50:49.677 9 INFO neutron.db.ovn_revision_numbers_db [None req-a347143e-65f3-467b-a745-f54506d3de8e da9fbd4145ce4615b959343abeee0aef e3a083d4430e4d0ab7e7cc75d185373e - - default default] Successfully bumped revision number for resource dd74353b-6e27-4c3f-bd8c-8b7bc66066aa (type: security_group_rules) to 0
2026-05-25 01:50:49.691 9 INFO neutron.db.ovn_revision_numbers_db [None req-a347143e-65f3-467b-a745-f54506d3de8e da9fbd4145ce4615b959343abeee0aef e3a083d4430e4d0ab7e7cc75d185373e - - default default] Successfully bumped revision number for resource e020894e-2835-465f-b0ad-c288fe9dcfca (type: security_group_rules) to 0
2026-05-25 01:50:49.725 10 INFO neutron.wsgi [req-766f535d-1262-4be0-864a-bfc00fd89453 req-7b817a52-c578-4d11-88eb-9c49f820afc4 ea5bb7d9f9a14274a70572fb95d16a48 f7dcb6cbdf5e4266ad6894faed9cd35d - - default default] 10.0.0.179 "GET /v2.0/security-groups?id=3f431584-bfc6-4f81-9ae1-f4f38401e715&fields=id&fields=name HTTP/1.1" status: 200 len: 313 time: 0.0896137
2026-05-25 01:50:49.743 9 INFO neutron.db.segments_db [None req-a347143e-65f3-467b-a745-f54506d3de8e da9fbd4145ce4615b959343abeee0aef e3a083d4430e4d0ab7e7cc75d185373e - - default default] Added segment 314e91db-19f4-4a0a-b021-38176fe967c5 of type geneve for network 199ed069-15be-4d19-994c-6014bb575d32
