2026-05-25 01:50:35.013 9 INFO neutron.services.segments.plugin [-] Segment 7ff89339-7e06-41cd-b175-cb5d660bfb9e resource provider not found; error: Placement Client Error (4xx): {"errors": [{"status": 404, "title": "Not Found", "detail": "The resource could not be found.\n\n No resource provider with uuid 7ff89339-7e06-41cd-b175-cb5d660bfb9e found for delete ", "request_id": "req-44b0e153-3395-431b-942a-e0ff2ebf58dc"}]}
2026-05-25 01:50:35.018 9 INFO neutron.services.segments.plugin [-] Segment 7ff89339-7e06-41cd-b175-cb5d660bfb9e resource provider not found; error: Placement Client Error (4xx): {"errors": [{"status": 404, "title": "Not Found", "detail": "The resource could not be found.\n\n No resource provider with uuid 7ff89339-7e06-41cd-b175-cb5d660bfb9e found for delete ", "request_id": "req-c14b7ab4-6b29-4b83-8202-955dd76703fd"}]}
2026-05-25 01:50:35.166 10 WARNING neutron.plugins.ml2.drivers.ovn.mech_driver.ovsdb.ovn_client [None req-e00c0a37-db8e-498e-82d3-58664569f0f0 - - - - - -] No port found with ID 0e486f44-25aa-4239-9b80-17c1bd8b1289: RuntimeError: No port found with ID 0e486f44-25aa-4239-9b80-17c1bd8b1289
2026-05-25 01:50:35.167 10 INFO neutron.plugins.ml2.drivers.ovn.mech_driver.mech_driver [None req-e00c0a37-db8e-498e-82d3-58664569f0f0 - - - - - -] OVN reports status up for port: 5eaaa922-0f8d-4914-b6c8-43b546164a05
2026-05-25 01:50:35.195 10 INFO neutron.plugins.ml2.drivers.ovn.mech_driver.mech_driver [None req-e00c0a37-db8e-498e-82d3-58664569f0f0 - - - - - -] OVN reports status up for port: f9f7a55f-b82a-4516-8321-1779a75da2fa
2026-05-25 01:50:35.563 9 INFO neutron.wsgi [req-f2c39817-e0f2-44f3-831c-dd0a0981d161 req-0c50e4f2-2c0f-44e6-b55f-989deea857d6 55d99e0589af4595b06eb5b8e5591b67 9971dacbf8454b20a4e2114e636d49f2 - - default default] 10.0.0.179 "GET /v2.0/ports?device_id=0e16e0aa-594e-44b9-8f43-ece970244919 HTTP/1.1" status: 200 len: 1168 time: 0.0830131
2026-05-25 01:50:35.605 9 INFO neutron.wsgi [req-f2c39817-e0f2-44f3-831c-dd0a0981d161 req-9073116b-d4b0-4cb5-acfc-831f6971bec1 55d99e0589af4595b06eb5b8e5591b67 9971dacbf8454b20a4e2114e636d49f2 - - default default] 10.0.0.179 "GET /v2.0/security-groups?id=b946e11a-46cb-4c14-a7e7-52173f8b4eac&fields=id&fields=name HTTP/1.1" status: 200 len: 313 time: 0.0350482
2026-05-25 01:50:36.277 10 INFO neutron.db.ovn_revision_numbers_db [None req-58a9f840-2a3b-424c-a29b-b0588fd5d368 baef6177ba6b47a4bc0d590c5b281e81 f7130fc5f1b34b508094540ca351522e - - default default] Successfully bumped revision number for resource 37458460-3e6b-40ac-acb4-339772cdf3a3 (type: security_groups) to 1
2026-05-25 01:50:36.291 10 INFO neutron.db.ovn_revision_numbers_db [None req-58a9f840-2a3b-424c-a29b-b0588fd5d368 baef6177ba6b47a4bc0d590c5b281e81 f7130fc5f1b34b508094540ca351522e - - default default] Successfully bumped revision number for resource 3bbe69a9-e15f-4737-868d-be1c5f73ca95 (type: security_group_rules) to 0
2026-05-25 01:50:36.329 10 INFO neutron.db.ovn_revision_numbers_db [None req-58a9f840-2a3b-424c-a29b-b0588fd5d368 baef6177ba6b47a4bc0d590c5b281e81 f7130fc5f1b34b508094540ca351522e - - default default] Successfully bumped revision number for resource 7d222a4f-a679-4422-9767-327e4d75fdc4 (type: security_group_rules) to 0
2026-05-25 01:50:36.350 10 INFO neutron.db.ovn_revision_numbers_db [None req-58a9f840-2a3b-424c-a29b-b0588fd5d368 baef6177ba6b47a4bc0d590c5b281e81 f7130fc5f1b34b508094540ca351522e - - default default] Successfully bumped revision number for resource c39da974-cfc1-45a2-a1e8-8563c496f54b (type: security_group_rules) to 0
2026-05-25 01:50:36.363 10 INFO neutron.db.ovn_revision_numbers_db [None req-58a9f840-2a3b-424c-a29b-b0588fd5d368 baef6177ba6b47a4bc0d590c5b281e81 f7130fc5f1b34b508094540ca351522e - - default default] Successfully bumped revision number for resource f6036868-7e13-487f-b162-6d48e3e1141b (type: security_group_rules) to 0
2026-05-25 01:50:36.429 10 INFO neutron.db.segments_db [None req-58a9f840-2a3b-424c-a29b-b0588fd5d368 baef6177ba6b47a4bc0d590c5b281e81 f7130fc5f1b34b508094540ca351522e - - default default] Added segment 65ba78f8-c2cb-4f95-84b2-0e403bb9bd22 of type geneve for network 49cec276-6bc8-4e7b-9397-be6348276532
2026-05-25 01:50:36.535 9 INFO neutron.plugins.ml2.drivers.ovn.mech_driver.mech_driver [None req-2c1de30c-89f1-496d-a407-636249d36f82 - - - - - -] OVN reports status up for port: 1b45e6d7-1a20-49ae-9d8c-c3fdf1054e78
2026-05-25 01:50:36.578 9 INFO neutron.plugins.ml2.plugin [None req-2c1de30c-89f1-496d-a407-636249d36f82 - - - - - -] Attempt 1 to provision port 1b45e6d7-1a20-49ae-9d8c-c3fdf1054e78
2026-05-25 01:50:36.603 10 INFO neutron.db.ovn_revision_numbers_db [None req-58a9f840-2a3b-424c-a29b-b0588fd5d368 baef6177ba6b47a4bc0d590c5b281e81 f7130fc5f1b34b508094540ca351522e - - default default] Successfully bumped revision number for resource 49cec276-6bc8-4e7b-9397-be6348276532 (type: networks) to 1
2026-05-25 01:50:36.751 10 INFO neutron.wsgi [req-10badf02-f141-4de5-8bcf-334768344713 req-f61e45d0-ccd2-40fc-86a9-dd917a5fb92d 55d99e0589af4595b06eb5b8e5591b67 9971dacbf8454b20a4e2114e636d49f2 - - default default] 10.0.0.179 "GET /v2.0/ports?device_id=0e16e0aa-594e-44b9-8f43-ece970244919 HTTP/1.1" status: 200 len: 1168 time: 0.0745666
2026-05-25 01:50:36.821 10 INFO neutron.wsgi [req-10badf02-f141-4de5-8bcf-334768344713 req-f9e98eee-85b4-43f9-a7c0-acf4367f25eb 55d99e0589af4595b06eb5b8e5591b67 9971dacbf8454b20a4e2114e636d49f2 - - default default] 10.0.0.179 "GET /v2.0/security-groups?id=b946e11a-46cb-4c14-a7e7-52173f8b4eac&fields=id&fields=name HTTP/1.1" status: 200 len: 313 time: 0.0636182
2026-05-25 01:50:36.870 10 WARNING neutron.scheduler.dhcp_agent_scheduler [None req-58a9f840-2a3b-424c-a29b-b0588fd5d368 baef6177ba6b47a4bc0d590c5b281e81 f7130fc5f1b34b508094540ca351522e - - default default] No more DHCP agents
2026-05-25 01:50:36.875 10 WARNING neutron.api.rpc.agentnotifiers.dhcp_rpc_agent_api [None req-58a9f840-2a3b-424c-a29b-b0588fd5d368 baef6177ba6b47a4bc0d590c5b281e81 f7130fc5f1b34b508094540ca351522e - - default default] Unable to schedule network 49cec276-6bc8-4e7b-9397-be6348276532: no agents available; will retry on subsequent port and subnet creation events.
2026-05-25 01:50:36.958 9 INFO neutron.db.ovn_revision_numbers_db [None req-2c1de30c-89f1-496d-a407-636249d36f82 - - - - - -] Successfully bumped revision number for resource 1b45e6d7-1a20-49ae-9d8c-c3fdf1054e78 (type: ports) to 4
2026-05-25 01:50:36.963 10 INFO neutron.db.ovn_revision_numbers_db [None req-58a9f840-2a3b-424c-a29b-b0588fd5d368 baef6177ba6b47a4bc0d590c5b281e81 f7130fc5f1b34b508094540ca351522e - - default default] Successfully bumped revision number for resource f1fcdecd-807d-4421-b143-66ba514997df (type: ports) to 1
2026-05-25 01:50:36.983 10 INFO neutron.wsgi [None req-58a9f840-2a3b-424c-a29b-b0588fd5d368 baef6177ba6b47a4bc0d590c5b281e81 f7130fc5f1b34b508094540ca351522e - - default default] 10.0.0.37 "POST /v2.0/networks HTTP/1.1" status: 201 len: 947 time: 0.9171922
2026-05-25 01:50:36.986 9 INFO neutron.db.ovn_revision_numbers_db [None req-f2a55f92-58d9-4ae0-a02a-f7ef023d9c3e baef6177ba6b47a4bc0d590c5b281e81 f7130fc5f1b34b508094540ca351522e - - default default] Successfully bumped revision number for resource f11a71ba-1904-4c1c-b631-1ab30175714b (type: security_groups) to 1
2026-05-25 01:50:37.009 9 INFO neutron.db.ovn_revision_numbers_db [None req-f2a55f92-58d9-4ae0-a02a-f7ef023d9c3e baef6177ba6b47a4bc0d590c5b281e81 f7130fc5f1b34b508094540ca351522e - - default default] Successfully bumped revision number for resource 20301a61-22ba-435a-90f3-d79f93797c20 (type: security_group_rules) to 0
2026-05-25 01:50:37.025 9 INFO neutron.db.ovn_revision_numbers_db [None req-f2a55f92-58d9-4ae0-a02a-f7ef023d9c3e baef6177ba6b47a4bc0d590c5b281e81 f7130fc5f1b34b508094540ca351522e - - default default] Successfully bumped revision number for resource 4469fc63-ab40-4eb9-8fb8-f2155c055e9a (type: security_group_rules) to 0
2026-05-25 01:50:37.042 9 INFO neutron.db.ovn_revision_numbers_db [None req-f2a55f92-58d9-4ae0-a02a-f7ef023d9c3e baef6177ba6b47a4bc0d590c5b281e81 f7130fc5f1b34b508094540ca351522e - - default default] Successfully bumped revision number for resource b0cea955-6b9c-44b3-90b4-7e1cd7098f57 (type: security_group_rules) to 0
2026-05-25 01:50:37.076 9 INFO neutron.db.ovn_revision_numbers_db [None req-f2a55f92-58d9-4ae0-a02a-f7ef023d9c3e baef6177ba6b47a4bc0d590c5b281e81 f7130fc5f1b34b508094540ca351522e - - default default] Successfully bumped revision number for resource b0f17628-85c5-4f78-8cd5-a91750bdbac4 (type: security_group_rules) to 0
2026-05-25 01:50:37.125 9 INFO neutron.db.segments_db [None req-f2a55f92-58d9-4ae0-a02a-f7ef023d9c3e baef6177ba6b47a4bc0d590c5b281e81 f7130fc5f1b34b508094540ca351522e - - default default] Added segment 7531ca0b-12a6-4bb9-b243-db94ea663188 of type geneve for network 6e68b02c-f570-4fd9-b740-58cc3992fa9f
2026-05-25 01:50:37.205 10 WARNING neutron.scheduler.dhcp_agent_scheduler [None req-bb0f2039-286c-4f23-9212-e2433135a967 baef6177ba6b47a4bc0d590c5b281e81 f7130fc5f1b34b508094540ca351522e - - default default] No more DHCP agents
2026-05-25 01:50:37.207 10 WARNING neutron.api.rpc.agentnotifiers.dhcp_rpc_agent_api [None req-bb0f2039-286c-4f23-9212-e2433135a967 baef6177ba6b47a4bc0d590c5b281e81 f7130fc5f1b34b508094540ca351522e - - default default] Unable to schedule network 49cec276-6bc8-4e7b-9397-be6348276532: no agents available; will retry on subsequent port and subnet creation events.
2026-05-25 01:50:37.296 9 INFO neutron.notifiers.nova [-] Nova event matching ['req-bcbcffca-6d88-4e1b-bd2c-feb84eb68cfe'] response: {'server_uuid': '0e16e0aa-594e-44b9-8f43-ece970244919', 'name': 'network-vif-plugged', 'status': 'completed', 'tag': '1b45e6d7-1a20-49ae-9d8c-c3fdf1054e78', 'code': 200}
2026-05-25 01:50:37.298 9 INFO neutron.db.ovn_revision_numbers_db [None req-f2a55f92-58d9-4ae0-a02a-f7ef023d9c3e baef6177ba6b47a4bc0d590c5b281e81 f7130fc5f1b34b508094540ca351522e - - default default] Successfully bumped revision number for resource 6e68b02c-f570-4fd9-b740-58cc3992fa9f (type: networks) to 1
2026-05-25 01:50:37.499 9 WARNING neutron.scheduler.dhcp_agent_scheduler [None req-f2a55f92-58d9-4ae0-a02a-f7ef023d9c3e baef6177ba6b47a4bc0d590c5b281e81 f7130fc5f1b34b508094540ca351522e - - default default] No more DHCP agents
2026-05-25 01:50:37.501 9 WARNING neutron.api.rpc.agentnotifiers.dhcp_rpc_agent_api [None req-f2a55f92-58d9-4ae0-a02a-f7ef023d9c3e baef6177ba6b47a4bc0d590c5b281e81 f7130fc5f1b34b508094540ca351522e - - default default] Unable to schedule network 6e68b02c-f570-4fd9-b740-58cc3992fa9f: no agents available; will retry on subsequent port and subnet creation events.
2026-05-25 01:50:37.609 9 INFO neutron.db.ovn_revision_numbers_db [None req-f2a55f92-58d9-4ae0-a02a-f7ef023d9c3e baef6177ba6b47a4bc0d590c5b281e81 f7130fc5f1b34b508094540ca351522e - - default default] Successfully bumped revision number for resource ab832925-64f4-457b-99b4-3f9dad1afa5a (type: ports) to 1
2026-05-25 01:50:37.634 9 INFO neutron.wsgi [None req-f2a55f92-58d9-4ae0-a02a-f7ef023d9c3e baef6177ba6b47a4bc0d590c5b281e81 f7130fc5f1b34b508094540ca351522e - - default default] 10.0.0.37 "POST /v2.0/networks HTTP/1.1" status: 201 len: 953 time: 1.0594263 /var/lib/openstack/lib/python3.10/site-packages/pycadf/identifier.py:71: UserWarning: Invalid uuid: neutron. To ensure interoperability, identifiers should be a valid uuid. warnings.warn(('Invalid uuid: %s. To ensure interoperability, '
2026-05-25 01:50:37.733 10 INFO neutron.db.ovn_revision_numbers_db [None req-bb0f2039-286c-4f23-9212-e2433135a967 baef6177ba6b47a4bc0d590c5b281e81 f7130fc5f1b34b508094540ca351522e - - default default] Successfully bumped revision number for resource f1fcdecd-807d-4421-b143-66ba514997df (type: ports) to 2
2026-05-25 01:50:37.774 10 INFO neutron.db.ovn_revision_numbers_db [None req-bb0f2039-286c-4f23-9212-e2433135a967 baef6177ba6b47a4bc0d590c5b281e81 f7130fc5f1b34b508094540ca351522e - - default default] Successfully bumped revision number for resource a49be27f-a0f5-420d-b6cd-933c4a3b64c1 (type: subnets) to 0
2026-05-25 01:50:37.803 10 INFO neutron.wsgi [None req-bb0f2039-286c-4f23-9212-e2433135a967 baef6177ba6b47a4bc0d590c5b281e81 f7130fc5f1b34b508094540ca351522e - - default default] 10.0.0.37 "POST /v2.0/subnets HTTP/1.1" status: 201 len: 867 time: 0.8128700
2026-05-25 01:50:37.806 9 WARNING neutron.scheduler.dhcp_agent_scheduler [None req-589b1238-a450-4533-8fe6-4366ed978ef8 baef6177ba6b47a4bc0d590c5b281e81 f7130fc5f1b34b508094540ca351522e - - default default] No more DHCP agents
2026-05-25 01:50:37.814 9 WARNING neutron.api.rpc.agentnotifiers.dhcp_rpc_agent_api [None req-589b1238-a450-4533-8fe6-4366ed978ef8 baef6177ba6b47a4bc0d590c5b281e81 f7130fc5f1b34b508094540ca351522e - - default default] Unable to schedule network 6e68b02c-f570-4fd9-b740-58cc3992fa9f: no agents available; will retry on subsequent port and subnet creation events.
2026-05-25 01:50:38.028 10 INFO neutron.wsgi [req-ec0a1885-b312-4134-8aec-fdd7792a1347 req-d59985f9-1b4b-48f8-893e-6cc8a7457ec6 55d99e0589af4595b06eb5b8e5591b67 9971dacbf8454b20a4e2114e636d49f2 - - default default] 10.0.0.179 "GET /v2.0/ports?device_id=0e16e0aa-594e-44b9-8f43-ece970244919 HTTP/1.1" status: 200 len: 1170 time: 0.1343319
2026-05-25 01:50:38.112 10 INFO neutron.wsgi [req-ec0a1885-b312-4134-8aec-fdd7792a1347 req-04779a46-83b8-41cc-ace4-e64962f5cae6 55d99e0589af4595b06eb5b8e5591b67 9971dacbf8454b20a4e2114e636d49f2 - - default default] 10.0.0.179 "GET /v2.0/security-groups?id=b946e11a-46cb-4c14-a7e7-52173f8b4eac&fields=id&fields=name HTTP/1.1" status: 200 len: 313 time: 0.0765176
2026-05-25 01:50:38.260 9 INFO neutron.wsgi [req-746076a1-faef-4d6f-a771-adbd7453eccb req-b200f234-3cee-4fb1-8dfe-516198ab5531 55d99e0589af4595b06eb5b8e5591b67 9971dacbf8454b20a4e2114e636d49f2 - - default default] 10.0.0.179 "GET /v2.0/ports?device_id=0e16e0aa-594e-44b9-8f43-ece970244919 HTTP/1.1" status: 200 len: 1170 time: 0.0562465
2026-05-25 01:50:38.509 9 INFO neutron.db.ovn_revision_numbers_db [None req-589b1238-a450-4533-8fe6-4366ed978ef8 baef6177ba6b47a4bc0d590c5b281e81 f7130fc5f1b34b508094540ca351522e - - default default] Successfully bumped revision number for resource ab832925-64f4-457b-99b4-3f9dad1afa5a (type: ports) to 2
2026-05-25 01:50:38.532 10 WARNING neutron.scheduler.dhcp_agent_scheduler [None req-7282ea4c-3e62-4761-a2d0-da4b57400ace baef6177ba6b47a4bc0d590c5b281e81 f7130fc5f1b34b508094540ca351522e - - default default] No more DHCP agents
2026-05-25 01:50:38.539 10 WARNING neutron.api.rpc.agentnotifiers.dhcp_rpc_agent_api [None req-7282ea4c-3e62-4761-a2d0-da4b57400ace baef6177ba6b47a4bc0d590c5b281e81 f7130fc5f1b34b508094540ca351522e - - default default] Unable to schedule network cde983e0-b7ea-4655-9953-6605f5ece5ea: no agents available; will retry on subsequent port and subnet creation events.
2026-05-25 01:50:38.551 9 INFO neutron.db.ovn_revision_numbers_db [None req-589b1238-a450-4533-8fe6-4366ed978ef8 baef6177ba6b47a4bc0d590c5b281e81 f7130fc5f1b34b508094540ca351522e - - default default] Successfully bumped revision number for resource 83b83ea1-1f6f-498b-93d3-015a9b1925cc (type: subnets) to 0
2026-05-25 01:50:38.568 9 INFO neutron.wsgi [None req-589b1238-a450-4533-8fe6-4366ed978ef8 baef6177ba6b47a4bc0d590c5b281e81 f7130fc5f1b34b508094540ca351522e - - default default] 10.0.0.37 "POST /v2.0/subnets HTTP/1.1" status: 201 len: 873 time: 0.9257843
2026-05-25 01:50:38.764 10 INFO neutron.db.l3_db [None req-35459f13-afbd-41e7-b07e-605842f4337f 55d99e0589af4595b06eb5b8e5591b67 9971dacbf8454b20a4e2114e636d49f2 - - default default] Floating IP 94bfe895-7823-45a7-995d-089ae3846ebb associated. External IP: 10.96.250.215, port: 1b45e6d7-1a20-49ae-9d8c-c3fdf1054e78.
2026-05-25 01:50:38.840 10 INFO neutron.db.ovn_revision_numbers_db [None req-7282ea4c-3e62-4761-a2d0-da4b57400ace baef6177ba6b47a4bc0d590c5b281e81 f7130fc5f1b34b508094540ca351522e - - default default] Successfully bumped revision number for resource fd983cfe-4385-4c8d-bd10-539ed8ddf6bb (type: ports) to 1
2026-05-25 01:50:39.041 9 WARNING neutron.scheduler.dhcp_agent_scheduler [None req-4d16ef04-885a-4248-a12e-3b730e9b6643 baef6177ba6b47a4bc0d590c5b281e81 f7130fc5f1b34b508094540ca351522e - - default default] No more DHCP agents
2026-05-25 01:50:39.043 9 WARNING neutron.api.rpc.agentnotifiers.dhcp_rpc_agent_api [None req-4d16ef04-885a-4248-a12e-3b730e9b6643 baef6177ba6b47a4bc0d590c5b281e81 f7130fc5f1b34b508094540ca351522e - - default default] Unable to schedule network cde983e0-b7ea-4655-9953-6605f5ece5ea: no agents available; will retry on subsequent port and subnet creation events.
2026-05-25 01:50:39.049 10 INFO neutron.db.ovn_revision_numbers_db [None req-35459f13-afbd-41e7-b07e-605842f4337f 55d99e0589af4595b06eb5b8e5591b67 9971dacbf8454b20a4e2114e636d49f2 - - default default] Successfully bumped revision number for resource 94bfe895-7823-45a7-995d-089ae3846ebb (type: floatingips) to 1
2026-05-25 01:50:39.212 9 INFO neutron.db.ovn_revision_numbers_db [None req-4d16ef04-885a-4248-a12e-3b730e9b6643 baef6177ba6b47a4bc0d590c5b281e81 f7130fc5f1b34b508094540ca351522e - - default default] Successfully bumped revision number for resource 63542496-9293-4491-ac89-78f6f60d9bbd (type: ports) to 1
2026-05-25 01:50:39.334 10 INFO neutron.db.ovn_revision_numbers_db [None req-35459f13-afbd-41e7-b07e-605842f4337f 55d99e0589af4595b06eb5b8e5591b67 9971dacbf8454b20a4e2114e636d49f2 - - default default] Successfully bumped revision number for resource 94bfe895-7823-45a7-995d-089ae3846ebb (type: floatingips) to 2
2026-05-25 01:50:39.367 10 INFO neutron.wsgi [None req-35459f13-afbd-41e7-b07e-605842f4337f 55d99e0589af4595b06eb5b8e5591b67 9971dacbf8454b20a4e2114e636d49f2 - - default default] 10.0.0.37 "PUT /v2.0/floatingips/94bfe895-7823-45a7-995d-089ae3846ebb HTTP/1.1" status: 200 len: 1049 time: 1.0958333
2026-05-25 01:50:39.406 9 INFO neutron.notifiers.nova [-] Nova event matching ['req-17d4bdd9-db10-4867-b67e-0b3d6e5091dc'] response: {'server_uuid': '0e16e0aa-594e-44b9-8f43-ece970244919', 'name': 'network-vif-plugged', 'status': 'completed', 'tag': '1b45e6d7-1a20-49ae-9d8c-c3fdf1054e78', 'code': 200}
2026-05-25 01:50:39.414 10 INFO neutron.notifiers.nova [-] Nova event matching ['req-b2a414d5-8c5a-4bf5-8fe8-1cfddab20873'] response: {'name': 'network-changed', 'server_uuid': '0e16e0aa-594e-44b9-8f43-ece970244919', 'tag': '1b45e6d7-1a20-49ae-9d8c-c3fdf1054e78', 'status': 'completed', 'code': 200}
2026-05-25 01:50:39.489 10 INFO neutron.wsgi [req-06c6e001-cc2d-4642-8004-d4d21c796f3d req-7a35ef24-1ab9-4306-845e-d19c19d8cb59 123405b07cf64ce797cee66d17ac6677 36007f1606ed4b0da75cff425588c15b - - b3b727d714aa4b2f9d091a30fb27d997 b3b727d714aa4b2f9d091a30fb27d997] 199.204.45.246 "GET /v2.0/ports?tenant_id=9971dacbf8454b20a4e2114e636d49f2&device_id=0e16e0aa-594e-44b9-8f43-ece970244919 HTTP/1.1" status: 200 len: 1409 time: 0.0603328
2026-05-25 01:50:39.494 10 INFO neutron.wsgi [req-d30f7f72-8ab3-4473-9e4e-e73b7ef90919 req-99b9ea93-e52f-4379-a589-83603b91c935 55d99e0589af4595b06eb5b8e5591b67 9971dacbf8454b20a4e2114e636d49f2 - - default default] 10.0.0.179 "GET /v2.0/ports?device_id=0e16e0aa-594e-44b9-8f43-ece970244919 HTTP/1.1" status: 200 len: 1170 time: 0.0552449
2026-05-25 01:50:39.572 10 INFO neutron.wsgi [req-d30f7f72-8ab3-4473-9e4e-e73b7ef90919 req-80676475-483c-4359-a354-6011e2c5e98b 55d99e0589af4595b06eb5b8e5591b67 9971dacbf8454b20a4e2114e636d49f2 - - default default] 10.0.0.179 "GET /v2.0/security-groups?id=b946e11a-46cb-4c14-a7e7-52173f8b4eac&fields=id&fields=name HTTP/1.1" status: 200 len: 313 time: 0.0708272
2026-05-25 01:50:39.594 10 INFO neutron.wsgi [req-06c6e001-cc2d-4642-8004-d4d21c796f3d req-f9b8b6fd-06c5-4d26-bc20-e625217d38c5 123405b07cf64ce797cee66d17ac6677 36007f1606ed4b0da75cff425588c15b - - b3b727d714aa4b2f9d091a30fb27d997 b3b727d714aa4b2f9d091a30fb27d997] 199.204.45.246 "GET /v2.0/networks?id=bd0da7a5-f6fa-4e61-ac8a-ff472a7c1dc5 HTTP/1.1" status: 200 len: 973 time: 0.0989299
2026-05-25 01:50:39.686 10 INFO neutron.wsgi [req-06c6e001-cc2d-4642-8004-d4d21c796f3d req-431aebe2-336b-498e-9ed4-5991e3e03e0f 123405b07cf64ce797cee66d17ac6677 36007f1606ed4b0da75cff425588c15b - - b3b727d714aa4b2f9d091a30fb27d997 b3b727d714aa4b2f9d091a30fb27d997] 199.204.45.246 "GET /v2.0/floatingips?fixed_ip_address=10.100.0.5&port_id=1b45e6d7-1a20-49ae-9d8c-c3fdf1054e78 HTTP/1.1" status: 200 len: 1059 time: 0.0876610
2026-05-25 01:50:39.735 10 INFO neutron.wsgi [req-06c6e001-cc2d-4642-8004-d4d21c796f3d req-47a44034-fedf-408b-b7cb-270b49bb7d88 123405b07cf64ce797cee66d17ac6677 36007f1606ed4b0da75cff425588c15b - - b3b727d714aa4b2f9d091a30fb27d997 b3b727d714aa4b2f9d091a30fb27d997] 199.204.45.246 "GET /v2.0/subnets?id=60280621-380c-40e8-9efe-519ea9b6325b HTTP/1.1" status: 200 len: 868 time: 0.0408208
2026-05-25 01:50:39.766 10 INFO neutron.wsgi [req-06c6e001-cc2d-4642-8004-d4d21c796f3d req-5ede47fc-dcd8-40f3-b105-8c6e03cb2a06 123405b07cf64ce797cee66d17ac6677 36007f1606ed4b0da75cff425588c15b - - b3b727d714aa4b2f9d091a30fb27d997 b3b727d714aa4b2f9d091a30fb27d997] 199.204.45.246 "GET /v2.0/ports?network_id=bd0da7a5-f6fa-4e61-ac8a-ff472a7c1dc5&device_owner=network%3Adhcp HTTP/1.1" status: 200 len: 210 time: 0.0245075
2026-05-25 01:50:39.844 10 INFO neutron.plugins.ml2.drivers.ovn.mech_driver.mech_driver [None req-e00c0a37-db8e-498e-82d3-58664569f0f0 - - - - - -] OVN reports status up for port: 63542496-9293-4491-ac89-78f6f60d9bbd
2026-05-25 01:50:39.856 10 INFO neutron.plugins.ml2.drivers.ovn.mech_driver.ovsdb.ovsdb_monitor [None req-bfe4a026-aecc-4064-a1a5-b5f4c9107894 - - - - - -] Router 31091225-6f1d-49af-b432-4a67e976e1e4 is bound to host instance
2026-05-25 01:50:39.878 10 INFO neutron.plugins.ml2.plugin [None req-e00c0a37-db8e-498e-82d3-58664569f0f0 - - - - - -] Attempt 1 to provision port 63542496-9293-4491-ac89-78f6f60d9bbd
2026-05-25 01:50:39.883 9 INFO neutron.db.ovn_revision_numbers_db [None req-4d16ef04-885a-4248-a12e-3b730e9b6643 baef6177ba6b47a4bc0d590c5b281e81 f7130fc5f1b34b508094540ca351522e - - default default] Successfully bumped revision number for resource 63542496-9293-4491-ac89-78f6f60d9bbd (type: router_ports) to 1
2026-05-25 01:50:39.893 9 INFO neutron.plugins.ml2.drivers.ovn.mech_driver.mech_driver [None req-2c1de30c-89f1-496d-a407-636249d36f82 - - - - - -] OVN reports status up for port: fd983cfe-4385-4c8d-bd10-539ed8ddf6bb
2026-05-25 01:50:39.917 9 INFO neutron.plugins.ml2.drivers.ovn.mech_driver.ovsdb.ovsdb_monitor [-] Router 0af6c235-2630-4720-a334-47df02a2f3ca is bound to host instance
2026-05-25 01:50:39.928 9 INFO neutron.plugins.ml2.plugin [None req-2c1de30c-89f1-496d-a407-636249d36f82 - - - - - -] Attempt 1 to provision port fd983cfe-4385-4c8d-bd10-539ed8ddf6bb
2026-05-25 01:50:39.930 10 INFO neutron.wsgi [req-06c6e001-cc2d-4642-8004-d4d21c796f3d req-57e1b521-8eb9-4e6d-9106-27fbea971d41 123405b07cf64ce797cee66d17ac6677 36007f1606ed4b0da75cff425588c15b - - b3b727d714aa4b2f9d091a30fb27d997 b3b727d714aa4b2f9d091a30fb27d997] 199.204.45.246 "GET /v2.0/networks/bd0da7a5-f6fa-4e61-ac8a-ff472a7c1dc5?fields=segments HTTP/1.1" status: 200 len: 212 time: 0.1544924
2026-05-25 01:50:39.969 10 INFO neutron.db.ovn_revision_numbers_db [None req-7282ea4c-3e62-4761-a2d0-da4b57400ace baef6177ba6b47a4bc0d590c5b281e81 f7130fc5f1b34b508094540ca351522e - - default default] Successfully bumped revision number for resource fd983cfe-4385-4c8d-bd10-539ed8ddf6bb (type: router_ports) to 1 /var/lib/openstack/lib/python3.10/site-packages/pycadf/identifier.py:71: UserWarning: Invalid uuid: neutron. To ensure interoperability, identifiers should be a valid uuid. warnings.warn(('Invalid uuid: %s. To ensure interoperability, '
2026-05-25 01:50:40.064 9 INFO neutron.wsgi [req-2e02ed5d-de76-420b-8d0a-8ccfa76fadaa req-5d4b51aa-0112-4959-8b95-814413a4eb01 55d99e0589af4595b06eb5b8e5591b67 9971dacbf8454b20a4e2114e636d49f2 - - default default] 10.0.0.179 "GET /v2.0/ports?device_id=0e16e0aa-594e-44b9-8f43-ece970244919 HTTP/1.1" status: 200 len: 1170 time: 0.0772238
2026-05-25 01:50:40.074 9 INFO neutron.db.ovn_revision_numbers_db [None req-4d16ef04-885a-4248-a12e-3b730e9b6643 baef6177ba6b47a4bc0d590c5b281e81 f7130fc5f1b34b508094540ca351522e - - default default] Successfully bumped revision number for resource 31091225-6f1d-49af-b432-4a67e976e1e4 (type: routers) to 2
2026-05-25 01:50:40.084 10 INFO neutron.wsgi [req-06c6e001-cc2d-4642-8004-d4d21c796f3d req-7a5d358b-0e5d-47c4-bcd0-c3261598d504 123405b07cf64ce797cee66d17ac6677 36007f1606ed4b0da75cff425588c15b - - b3b727d714aa4b2f9d091a30fb27d997 b3b727d714aa4b2f9d091a30fb27d997] 199.204.45.246 "GET /v2.0/networks/bd0da7a5-f6fa-4e61-ac8a-ff472a7c1dc5?fields=provider%3Aphysical_network&fields=provider%3Anetwork_type HTTP/1.1" status: 200 len: 277 time: 0.1357417
2026-05-25 01:50:40.115 10 INFO neutron.db.ovn_revision_numbers_db [None req-7282ea4c-3e62-4761-a2d0-da4b57400ace baef6177ba6b47a4bc0d590c5b281e81 f7130fc5f1b34b508094540ca351522e - - default default] Successfully bumped revision number for resource 0af6c235-2630-4720-a334-47df02a2f3ca (type: routers) to 2
2026-05-25 01:50:40.131 9 INFO neutron.wsgi [None req-4d16ef04-885a-4248-a12e-3b730e9b6643 baef6177ba6b47a4bc0d590c5b281e81 f7130fc5f1b34b508094540ca351522e - - default default] 10.0.0.37 "POST /v2.0/routers HTTP/1.1" status: 201 len: 884 time: 1.5565860
2026-05-25 01:50:40.134 10 INFO neutron.wsgi [None req-7282ea4c-3e62-4761-a2d0-da4b57400ace baef6177ba6b47a4bc0d590c5b281e81 f7130fc5f1b34b508094540ca351522e - - default default] 10.0.0.37 "POST /v2.0/routers HTTP/1.1" status: 201 len: 878 time: 2.3253129
2026-05-25 01:50:40.215 9 INFO neutron.wsgi [req-2e02ed5d-de76-420b-8d0a-8ccfa76fadaa req-09408eeb-5edb-4258-9430-88d439c06dc4 55d99e0589af4595b06eb5b8e5591b67 9971dacbf8454b20a4e2114e636d49f2 - - default default] 10.0.0.179 "GET /v2.0/security-groups?id=b946e11a-46cb-4c14-a7e7-52173f8b4eac&fields=id&fields=name HTTP/1.1" status: 200 len: 313 time: 0.1420398
2026-05-25 01:50:40.441 10 INFO neutron.wsgi [req-0a9e2c13-d77f-4352-82ee-c6610fbd7bbb req-1247dd08-5437-4613-b9f6-6c08ab537521 55d99e0589af4595b06eb5b8e5591b67 9971dacbf8454b20a4e2114e636d49f2 - - default default] 199.204.45.246 "GET /v2.0/ports?device_id=0e16e0aa-594e-44b9-8f43-ece970244919 HTTP/1.1" status: 200 len: 1170 time: 0.0775306
2026-05-25 01:50:40.864 9 INFO neutron.db.ovn_revision_numbers_db [None req-92d79873-812d-442b-ad11-8634e7e0c7af - - - - - -] Successfully bumped revision number for resource fd983cfe-4385-4c8d-bd10-539ed8ddf6bb (type: ports) to 1
2026-05-25 01:50:40.891 9 WARNING neutron.scheduler.dhcp_agent_scheduler [None req-c09be477-96b1-479c-8bd9-8aea383b7325 baef6177ba6b47a4bc0d590c5b281e81 f7130fc5f1b34b508094540ca351522e - - default default] No more DHCP agents
2026-05-25 01:50:40.895 9 WARNING neutron.api.rpc.agentnotifiers.dhcp_rpc_agent_api [None req-c09be477-96b1-479c-8bd9-8aea383b7325 baef6177ba6b47a4bc0d590c5b281e81 f7130fc5f1b34b508094540ca351522e - - default default] Unable to schedule network 49cec276-6bc8-4e7b-9397-be6348276532: no agents available; will retry on subsequent port and subnet creation events.
2026-05-25 01:50:41.097 10 INFO neutron.db.ovn_revision_numbers_db [None req-bfe4a026-aecc-4064-a1a5-b5f4c9107894 - - - - - -] Successfully bumped revision number for resource 63542496-9293-4491-ac89-78f6f60d9bbd (type: ports) to 1
2026-05-25 01:50:41.152 9 INFO neutron.db.ovn_revision_numbers_db [None req-c09be477-96b1-479c-8bd9-8aea383b7325 baef6177ba6b47a4bc0d590c5b281e81 f7130fc5f1b34b508094540ca351522e - - default default] Successfully bumped revision number for resource 6b95d3ea-0942-4b0c-8449-d4699025f1e1 (type: ports) to 1
2026-05-25 01:50:41.186 10 WARNING neutron.scheduler.dhcp_agent_scheduler [None req-3ba757fb-c4fa-4a82-9d83-06f7b0150499 baef6177ba6b47a4bc0d590c5b281e81 f7130fc5f1b34b508094540ca351522e - - default default] No more DHCP agents
2026-05-25 01:50:41.189 10 WARNING neutron.api.rpc.agentnotifiers.dhcp_rpc_agent_api [None req-3ba757fb-c4fa-4a82-9d83-06f7b0150499 baef6177ba6b47a4bc0d590c5b281e81 f7130fc5f1b34b508094540ca351522e - - default default] Unable to schedule network 6e68b02c-f570-4fd9-b740-58cc3992fa9f: no agents available; will retry on subsequent port and subnet creation events.
2026-05-25 01:50:41.219 9 INFO neutron.db.ovn_revision_numbers_db [None req-92d79873-812d-442b-ad11-8634e7e0c7af - - - - - -] Successfully bumped revision number for resource fd983cfe-4385-4c8d-bd10-539ed8ddf6bb (type: router_ports) to 3
2026-05-25 01:50:41.269 10 INFO neutron.db.l3_db [req-0a9e2c13-d77f-4352-82ee-c6610fbd7bbb req-d760249e-c312-4e9c-8c4e-589552667d93 55d99e0589af4595b06eb5b8e5591b67 9971dacbf8454b20a4e2114e636d49f2 - - default default] Floating IP 94bfe895-7823-45a7-995d-089ae3846ebb disassociated. External IP: 10.96.250.215, port: 1b45e6d7-1a20-49ae-9d8c-c3fdf1054e78.
2026-05-25 01:50:41.380 9 INFO neutron.db.ovn_revision_numbers_db [None req-52ff04d1-d6a3-4f42-a848-328f93ec86dd baef6177ba6b47a4bc0d590c5b281e81 f7130fc5f1b34b508094540ca351522e - - default default] Successfully bumped revision number for resource 816e97ec-c17d-44cc-90a1-de8ac89fea6e (type: security_groups) to 1
2026-05-25 01:50:41.395 10 INFO neutron.wsgi [req-68d03395-5083-4bd5-9b67-1ca1427b6f75 req-6bacfaa2-414b-4090-8a71-f2f9285a7a0d 55d99e0589af4595b06eb5b8e5591b67 9971dacbf8454b20a4e2114e636d49f2 - - default default] 10.0.0.179 "GET /v2.0/ports?device_id=0e16e0aa-594e-44b9-8f43-ece970244919 HTTP/1.1" status: 200 len: 1170 time: 0.0986576
2026-05-25 01:50:41.409 9 INFO neutron.db.ovn_revision_numbers_db [None req-52ff04d1-d6a3-4f42-a848-328f93ec86dd baef6177ba6b47a4bc0d590c5b281e81 f7130fc5f1b34b508094540ca351522e - - default default] Successfully bumped revision number for resource 3cf9f766-5132-4b32-af17-13deef404874 (type: security_group_rules) to 0
2026-05-25 01:50:41.433 9 INFO neutron.db.ovn_revision_numbers_db [None req-52ff04d1-d6a3-4f42-a848-328f93ec86dd baef6177ba6b47a4bc0d590c5b281e81 f7130fc5f1b34b508094540ca351522e - - default default] Successfully bumped revision number for resource 52f1d4bc-faf8-427c-964d-7f67cd654d95 (type: security_group_rules) to 0
2026-05-25 01:50:41.462 9 INFO neutron.db.ovn_revision_numbers_db [None req-52ff04d1-d6a3-4f42-a848-328f93ec86dd baef6177ba6b47a4bc0d590c5b281e81 f7130fc5f1b34b508094540ca351522e - - default default] Successfully bumped revision number for resource 6374794a-900b-404c-9b3b-d2bb82fb9ed5 (type: security_group_rules) to 0
2026-05-25 01:50:41.488 9 INFO neutron.db.ovn_revision_numbers_db [None req-52ff04d1-d6a3-4f42-a848-328f93ec86dd baef6177ba6b47a4bc0d590c5b281e81 f7130fc5f1b34b508094540ca351522e - - default default] Successfully bumped revision number for resource be6de605-2db4-4d25-b98c-c93656475135 (type: security_group_rules) to 0
2026-05-25 01:50:41.492 9 INFO neutron.db.ovn_revision_numbers_db [None req-92d79873-812d-442b-ad11-8634e7e0c7af - - - - - -] Successfully bumped revision number for resource fd983cfe-4385-4c8d-bd10-539ed8ddf6bb (type: ports) to 2
2026-05-25 01:50:41.520 9 INFO neutron.wsgi [None req-52ff04d1-d6a3-4f42-a848-328f93ec86dd baef6177ba6b47a4bc0d590c5b281e81 f7130fc5f1b34b508094540ca351522e - - default default] 10.0.0.37 "GET /v2.0/security-groups?tenant_id=551a48e2b0ec41fcbf0cd7f9d1b67413&name=default HTTP/1.1" status: 200 len: 2996 time: 0.5533178
2026-05-25 01:50:41.529 10 INFO neutron.wsgi [req-68d03395-5083-4bd5-9b67-1ca1427b6f75 req-4d5dd700-6a91-4df5-b138-467c1d8ebb9d 55d99e0589af4595b06eb5b8e5591b67 9971dacbf8454b20a4e2114e636d49f2 - - default default] 10.0.0.179 "GET /v2.0/security-groups?id=b946e11a-46cb-4c14-a7e7-52173f8b4eac&fields=id&fields=name HTTP/1.1" status: 200 len: 313 time: 0.1174352
2026-05-25 01:50:41.602 10 INFO neutron.db.ovn_revision_numbers_db [None req-3ba757fb-c4fa-4a82-9d83-06f7b0150499 baef6177ba6b47a4bc0d590c5b281e81 f7130fc5f1b34b508094540ca351522e - - default default] Successfully bumped revision number for resource 59f8ab8b-9ed6-4735-bfca-71c43389f6e8 (type: ports) to 1
2026-05-25 01:50:41.646 10 INFO neutron.db.ovn_revision_numbers_db [None req-bfe4a026-aecc-4064-a1a5-b5f4c9107894 - - - - - -] Successfully bumped revision number for resource 63542496-9293-4491-ac89-78f6f60d9bbd (type: router_ports) to 3
2026-05-25 01:50:41.672 10 INFO neutron.wsgi [req-0a9e2c13-d77f-4352-82ee-c6610fbd7bbb req-d760249e-c312-4e9c-8c4e-589552667d93 55d99e0589af4595b06eb5b8e5591b67 9971dacbf8454b20a4e2114e636d49f2 - - default default] 199.204.45.246 "DELETE /v2.0/ports/1b45e6d7-1a20-49ae-9d8c-c3fdf1054e78 HTTP/1.1" status: 204 len: 173 time: 1.2258794
2026-05-25 01:50:41.716 10 INFO neutron.notifiers.nova [-] Nova event matching ['req-a61c50ac-4dc5-4e11-9dab-dfc2da2511be'] response: {'server_uuid': '0e16e0aa-594e-44b9-8f43-ece970244919', 'name': 'network-vif-deleted', 'tag': '1b45e6d7-1a20-49ae-9d8c-c3fdf1054e78', 'status': 'completed', 'code': 200}
2026-05-25 01:50:41.801 9 INFO neutron.db.ovn_revision_numbers_db [None req-c09be477-96b1-479c-8bd9-8aea383b7325 baef6177ba6b47a4bc0d590c5b281e81 f7130fc5f1b34b508094540ca351522e - - default default] Successfully bumped revision number for resource 6b95d3ea-0942-4b0c-8449-d4699025f1e1 (type: router_ports) to 1
2026-05-25 01:50:41.898 9 INFO neutron.wsgi [None req-6c2a7509-5c56-498c-9a17-56661bb60248 baef6177ba6b47a4bc0d590c5b281e81 f7130fc5f1b34b508094540ca351522e - - default default] 10.0.0.37 "DELETE /v2.0/security-groups/816e97ec-c17d-44cc-90a1-de8ac89fea6e HTTP/1.1" status: 204 len: 168 time: 0.3729551
2026-05-25 01:50:41.916 9 INFO neutron.db.ovn_revision_numbers_db [None req-92d79873-812d-442b-ad11-8634e7e0c7af - - - - - -] Successfully bumped revision number for resource fd983cfe-4385-4c8d-bd10-539ed8ddf6bb (type: ports) to 4
2026-05-25 01:50:42.019 9 INFO neutron.db.ovn_revision_numbers_db [None req-c09be477-96b1-479c-8bd9-8aea383b7325 baef6177ba6b47a4bc0d590c5b281e81 f7130fc5f1b34b508094540ca351522e - - default default] Successfully bumped revision number for resource 6b95d3ea-0942-4b0c-8449-d4699025f1e1 (type: ports) to 1
2026-05-25 01:50:42.051 10 INFO neutron.db.ovn_revision_numbers_db [None req-bfe4a026-aecc-4064-a1a5-b5f4c9107894 - - - - - -] Successfully bumped revision number for resource 63542496-9293-4491-ac89-78f6f60d9bbd (type: ports) to 2
2026-05-25 01:50:42.132 9 WARNING neutron.scheduler.dhcp_agent_scheduler [None req-c09be477-96b1-479c-8bd9-8aea383b7325 baef6177ba6b47a4bc0d590c5b281e81 f7130fc5f1b34b508094540ca351522e - - default default] No more DHCP agents
2026-05-25 01:50:42.139 9 WARNING neutron.api.rpc.agentnotifiers.dhcp_rpc_agent_api [None req-c09be477-96b1-479c-8bd9-8aea383b7325 baef6177ba6b47a4bc0d590c5b281e81 f7130fc5f1b34b508094540ca351522e - - default default] Unable to schedule network 49cec276-6bc8-4e7b-9397-be6348276532: no agents available; will retry on subsequent port and subnet creation events.
2026-05-25 01:50:42.166 9 INFO neutron.db.ovn_revision_numbers_db [None req-92d79873-812d-442b-ad11-8634e7e0c7af - - - - - -] Successfully bumped revision number for resource fd983cfe-4385-4c8d-bd10-539ed8ddf6bb (type: router_ports) to 4
2026-05-25 01:50:42.340 10 INFO neutron.plugins.ml2.drivers.ovn.mech_driver.mech_driver [None req-e00c0a37-db8e-498e-82d3-58664569f0f0 - - - - - -] OVN reports status up for port: 59f8ab8b-9ed6-4735-bfca-71c43389f6e8
2026-05-25 01:50:42.360 10 INFO neutron.plugins.ml2.plugin [None req-e00c0a37-db8e-498e-82d3-58664569f0f0 - - - - - -] Attempt 1 to provision port 59f8ab8b-9ed6-4735-bfca-71c43389f6e8
2026-05-25 01:50:42.394 10 INFO neutron.db.ovn_revision_numbers_db [None req-3ba757fb-c4fa-4a82-9d83-06f7b0150499 baef6177ba6b47a4bc0d590c5b281e81 f7130fc5f1b34b508094540ca351522e - - default default] Successfully bumped revision number for resource 59f8ab8b-9ed6-4735-bfca-71c43389f6e8 (type: router_ports) to 1
2026-05-25 01:50:42.399 9 INFO neutron.plugins.ml2.drivers.ovn.mech_driver.mech_driver [None req-2c1de30c-89f1-496d-a407-636249d36f82 - - - - - -] OVN reports status down for port: 1b45e6d7-1a20-49ae-9d8c-c3fdf1054e78
2026-05-25 01:50:42.418 10 INFO neutron.db.ovn_revision_numbers_db [None req-bfe4a026-aecc-4064-a1a5-b5f4c9107894 - - - - - -] Successfully bumped revision number for resource 63542496-9293-4491-ac89-78f6f60d9bbd (type: ports) to 4
2026-05-25 01:50:42.448 9 INFO neutron.plugins.ml2.drivers.ovn.mech_driver.mech_driver [None req-2c1de30c-89f1-496d-a407-636249d36f82 - - - - - -] OVN reports status up for port: 6b95d3ea-0942-4b0c-8449-d4699025f1e1
2026-05-25 01:50:42.468 9 INFO neutron.plugins.ml2.plugin [None req-2c1de30c-89f1-496d-a407-636249d36f82 - - - - - -] Attempt 1 to provision port 6b95d3ea-0942-4b0c-8449-d4699025f1e1
2026-05-25 01:50:42.470 9 INFO neutron.db.ovn_revision_numbers_db [None req-0c8c9970-c573-43c9-a1c9-17bed8de374f baef6177ba6b47a4bc0d590c5b281e81 f7130fc5f1b34b508094540ca351522e - - default default] Successfully bumped revision number for resource 670ad9fb-95d3-4f3a-a623-b481ce62c641 (type: security_groups) to 1
2026-05-25 01:50:42.501 9 INFO neutron.db.ovn_revision_numbers_db [None req-0c8c9970-c573-43c9-a1c9-17bed8de374f baef6177ba6b47a4bc0d590c5b281e81 f7130fc5f1b34b508094540ca351522e - - default default] Successfully bumped revision number for resource 473cedbe-7534-46c7-9800-0997e65a1692 (type: security_group_rules) to 0
2026-05-25 01:50:42.525 9 INFO neutron.db.ovn_revision_numbers_db [None req-0c8c9970-c573-43c9-a1c9-17bed8de374f baef6177ba6b47a4bc0d590c5b281e81 f7130fc5f1b34b508094540ca351522e - - default default] Successfully bumped revision number for resource 7f9ad269-11be-4c0f-86fe-1761c431467c (type: security_group_rules) to 0
2026-05-25 01:50:42.544 9 INFO neutron.db.ovn_revision_numbers_db [None req-0c8c9970-c573-43c9-a1c9-17bed8de374f baef6177ba6b47a4bc0d590c5b281e81 f7130fc5f1b34b508094540ca351522e - - default default] Successfully bumped revision number for resource a9f640ad-5098-4447-887f-58299b562933 (type: security_group_rules) to 0
2026-05-25 01:50:42.575 9 INFO neutron.db.ovn_revision_numbers_db [None req-0c8c9970-c573-43c9-a1c9-17bed8de374f baef6177ba6b47a4bc0d590c5b281e81 f7130fc5f1b34b508094540ca351522e - - default default] Successfully bumped revision number for resource b06e1318-af02-4c04-970c-247ab5d363c3 (type: security_group_rules) to 0
2026-05-25 01:50:42.627 9 INFO neutron.wsgi [None req-0c8c9970-c573-43c9-a1c9-17bed8de374f baef6177ba6b47a4bc0d590c5b281e81 f7130fc5f1b34b508094540ca351522e - - default default] 10.0.0.37 "GET /v2.0/security-groups?tenant_id=0418e76fec4a4bf8a7bf1c38dd93a122&name=default HTTP/1.1" status: 200 len: 2996 time: 0.5971978 /var/lib/openstack/lib/python3.10/site-packages/pycadf/identifier.py:71: UserWarning: Invalid uuid: neutron. To ensure interoperability, identifiers should be a valid uuid. warnings.warn(('Invalid uuid: %s. To ensure interoperability, '
2026-05-25 01:50:42.685 10 INFO neutron.db.ovn_revision_numbers_db [None req-3ba757fb-c4fa-4a82-9d83-06f7b0150499 baef6177ba6b47a4bc0d590c5b281e81 f7130fc5f1b34b508094540ca351522e - - default default] Successfully bumped revision number for resource 59f8ab8b-9ed6-4735-bfca-71c43389f6e8 (type: ports) to 1
2026-05-25 01:50:42.788 10 INFO neutron.db.ovn_revision_numbers_db [None req-bfe4a026-aecc-4064-a1a5-b5f4c9107894 - - - - - -] Successfully bumped revision number for resource 63542496-9293-4491-ac89-78f6f60d9bbd (type: router_ports) to 4
2026-05-25 01:50:42.823 10 WARNING neutron.scheduler.dhcp_agent_scheduler [None req-3ba757fb-c4fa-4a82-9d83-06f7b0150499 baef6177ba6b47a4bc0d590c5b281e81 f7130fc5f1b34b508094540ca351522e - - default default] No more DHCP agents
2026-05-25 01:50:42.833 10 WARNING neutron.api.rpc.agentnotifiers.dhcp_rpc_agent_api [None req-3ba757fb-c4fa-4a82-9d83-06f7b0150499 baef6177ba6b47a4bc0d590c5b281e81 f7130fc5f1b34b508094540ca351522e - - default default] Unable to schedule network 6e68b02c-f570-4fd9-b740-58cc3992fa9f: no agents available; will retry on subsequent port and subnet creation events.
2026-05-25 01:50:42.847 9 INFO neutron.wsgi [-] 10.0.0.250 "GET / HTTP/1.1" status: 200 len: 246 time: 0.0014114
2026-05-25 01:50:42.848 9 INFO neutron.wsgi [-] 10.0.0.250 "GET / HTTP/1.1" status: 200 len: 246 time: 0.0008690
2026-05-25 01:50:42.880 10 INFO neutron.db.ovn_revision_numbers_db [None req-e00c0a37-db8e-498e-82d3-58664569f0f0 - - - - - -] Successfully bumped revision number for resource 59f8ab8b-9ed6-4735-bfca-71c43389f6e8 (type: ports) to 2
2026-05-25 01:50:42.992 10 INFO neutron.db.ovn_revision_numbers_db [None req-e00c0a37-db8e-498e-82d3-58664569f0f0 - - - - - -] Successfully bumped revision number for resource 59f8ab8b-9ed6-4735-bfca-71c43389f6e8 (type: router_ports) to 2
2026-05-25 01:50:42.995 9 INFO neutron.wsgi [None req-90d61835-5316-4275-9ee0-d3b83664db66 55d99e0589af4595b06eb5b8e5591b67 9971dacbf8454b20a4e2114e636d49f2 - - default default] 10.0.0.37 "DELETE /v2.0/security-groups/b946e11a-46cb-4c14-a7e7-52173f8b4eac HTTP/1.1" status: 204 len: 168 time: 0.3623362
2026-05-25 01:50:43.019 10 INFO neutron.api.v2.resource [None req-8dc62dcf-55c1-4da1-be26-cfcaef898d01 55d99e0589af4595b06eb5b8e5591b67 9971dacbf8454b20a4e2114e636d49f2 - - default default] show failed (client error): The resource could not be found.
2026-05-25 01:50:43.020 10 INFO neutron.wsgi [None req-8dc62dcf-55c1-4da1-be26-cfcaef898d01 55d99e0589af4595b06eb5b8e5591b67 9971dacbf8454b20a4e2114e636d49f2 - - default default] 10.0.0.37 "GET /v2.0/security-groups/b946e11a-46cb-4c14-a7e7-52173f8b4eac HTTP/1.1" status: 404 len: 347 time: 0.0159996
2026-05-25 01:50:43.053 9 INFO neutron.db.ovn_revision_numbers_db [None req-2c1de30c-89f1-496d-a407-636249d36f82 - - - - - -] Successfully bumped revision number for resource 6b95d3ea-0942-4b0c-8449-d4699025f1e1 (type: ports) to 2
2026-05-25 01:50:43.140 9 INFO neutron.wsgi [None req-177e7fe6-453e-4ad5-8667-e340d28c07d5 baef6177ba6b47a4bc0d590c5b281e81 f7130fc5f1b34b508094540ca351522e - - default default] 10.0.0.37 "DELETE /v2.0/security-groups/670ad9fb-95d3-4f3a-a623-b481ce62c641 HTTP/1.1" status: 204 len: 168 time: 0.5079176
2026-05-25 01:50:43.165 9 INFO neutron.db.ovn_revision_numbers_db [None req-2c1de30c-89f1-496d-a407-636249d36f82 - - - - - -] Successfully bumped revision number for resource 6b95d3ea-0942-4b0c-8449-d4699025f1e1 (type: router_ports) to 2
2026-05-25 01:50:43.286 9 INFO neutron.wsgi [None req-c09be477-96b1-479c-8bd9-8aea383b7325 baef6177ba6b47a4bc0d590c5b281e81 f7130fc5f1b34b508094540ca351522e - - default default] 10.0.0.37 "PUT /v2.0/routers/0af6c235-2630-4720-a334-47df02a2f3ca/add_router_interface HTTP/1.1" status: 200 len: 503 time: 3.1319356
2026-05-25 01:50:43.673 10 INFO neutron.wsgi [None req-fe3f8b13-eaf8-47ec-a15e-2b4f759ec218 55d99e0589af4595b06eb5b8e5591b67 9971dacbf8454b20a4e2114e636d49f2 - - default default] 10.0.0.37 "DELETE /v2.0/floatingips/94bfe895-7823-45a7-995d-089ae3846ebb HTTP/1.1" status: 204 len: 168 time: 0.6468000
2026-05-25 01:50:43.870 10 INFO neutron.db.ovn_revision_numbers_db [None req-3ba757fb-c4fa-4a82-9d83-06f7b0150499 baef6177ba6b47a4bc0d590c5b281e81 f7130fc5f1b34b508094540ca351522e - - default default] Successfully bumped revision number for resource 59f8ab8b-9ed6-4735-bfca-71c43389f6e8 (type: router_ports) to 2
2026-05-25 01:50:43.872 10 INFO neutron.wsgi [None req-3ba757fb-c4fa-4a82-9d83-06f7b0150499 baef6177ba6b47a4bc0d590c5b281e81 f7130fc5f1b34b508094540ca351522e - - default default] 10.0.0.37 "PUT /v2.0/routers/31091225-6f1d-49af-b432-4a67e976e1e4/add_router_interface HTTP/1.1" status: 200 len: 503 time: 3.7358909
2026-05-25 01:50:44.417 9 WARNING neutron_lib.context [None req-b9ad7fdf-bb7d-4609-808f-e3e36c092f0c ea5bb7d9f9a14274a70572fb95d16a48 f7dcb6cbdf5e4266ad6894faed9cd35d - - default default] Method 'is_advsvc' is deprecated since 2023.2 release (neutron-lib 3.8.0) and will be removed once support for the old RBAC API policies will be removed from Neutron. Please use method 'is_service_role' instead.
2026-05-25 01:50:44.453 10 INFO neutron.wsgi [req-54c00cc0-6d6e-405c-b53b-67e7a1d66d64 req-59741342-e8ca-4eeb-a035-1f59b9c5781d d40a0f36b4da48e2a971c91d95c63d21 6f59dd0ab018451db59f29492ecb3d63 - - default default] 10.0.0.179 "GET /v2.0/networks?id=49cec276-6bc8-4e7b-9397-be6348276532 HTTP/1.1" status: 200 len: 876 time: 0.0752976
2026-05-25 01:50:44.477 10 INFO neutron.wsgi [req-54c00cc0-6d6e-405c-b53b-67e7a1d66d64 req-419547f3-dc93-48af-acc9-b8cc1ec7e1be d40a0f36b4da48e2a971c91d95c63d21 6f59dd0ab018451db59f29492ecb3d63 - - default default] 10.0.0.179 "GET /v2.0/quotas/6f59dd0ab018451db59f29492ecb3d63 HTTP/1.1" status: 200 len: 386 time: 0.0141351
2026-05-25 01:50:44.544 9 INFO neutron.db.ovn_revision_numbers_db [None req-b9ad7fdf-bb7d-4609-808f-e3e36c092f0c ea5bb7d9f9a14274a70572fb95d16a48 f7dcb6cbdf5e4266ad6894faed9cd35d - - default default] Successfully bumped revision number for resource 3f431584-bfc6-4f81-9ae1-f4f38401e715 (type: security_groups) to 1
2026-05-25 01:50:44.560 9 INFO neutron.db.ovn_revision_numbers_db [None req-b9ad7fdf-bb7d-4609-808f-e3e36c092f0c ea5bb7d9f9a14274a70572fb95d16a48 f7dcb6cbdf5e4266ad6894faed9cd35d - - default default] Successfully bumped revision number for resource 25c45d85-9a4e-479b-98e5-b3ebad886cca (type: security_group_rules) to 0
2026-05-25 01:50:44.581 9 INFO neutron.db.ovn_revision_numbers_db [None req-b9ad7fdf-bb7d-4609-808f-e3e36c092f0c ea5bb7d9f9a14274a70572fb95d16a48 f7dcb6cbdf5e4266ad6894faed9cd35d - - default default] Successfully bumped revision number for resource 279e9d75-d369-4510-8020-39956ee0d973 (type: security_group_rules) to 0
2026-05-25 01:50:44.606 9 INFO neutron.wsgi [None req-b9ad7fdf-bb7d-4609-808f-e3e36c092f0c ea5bb7d9f9a14274a70572fb95d16a48 f7dcb6cbdf5e4266ad6894faed9cd35d - - default default] 10.0.0.37 "POST /v2.0/security-groups HTTP/1.1" status: 201 len: 1797 time: 0.1965897
2026-05-25 01:50:44.613 9 WARNING neutron_lib.context [None req-eba5fc6d-1483-44d6-9f31-99e1d0d9964b ea5bb7d9f9a14274a70572fb95d16a48 f7dcb6cbdf5e4266ad6894faed9cd35d - - default default] Method 'is_advsvc' is deprecated since 2023.2 release (neutron-lib 3.8.0) and will be removed once support for the old RBAC API policies will be removed from Neutron. Please use method 'is_service_role' instead.
2026-05-25 01:50:44.717 9 INFO neutron.db.ovn_revision_numbers_db [None req-eba5fc6d-1483-44d6-9f31-99e1d0d9964b ea5bb7d9f9a14274a70572fb95d16a48 f7dcb6cbdf5e4266ad6894faed9cd35d - - default default] Successfully bumped revision number for resource 0143a6f9-838a-4c05-92e7-dd22690c81f6 (type: security_group_rules) to 0
2026-05-25 01:50:44.744 9 INFO neutron.wsgi [None req-eba5fc6d-1483-44d6-9f31-99e1d0d9964b ea5bb7d9f9a14274a70572fb95d16a48 f7dcb6cbdf5e4266ad6894faed9cd35d - - default default] 10.0.0.37 "POST /v2.0/security-group-rules HTTP/1.1" status: 201 len: 764 time: 0.1343992
2026-05-25 01:50:44.753 9 WARNING neutron_lib.context [None req-e5658ea8-54b9-44ed-ab70-460fcc44033d ea5bb7d9f9a14274a70572fb95d16a48 f7dcb6cbdf5e4266ad6894faed9cd35d - - default default] Method 'is_advsvc' is deprecated since 2023.2 release (neutron-lib 3.8.0) and will be removed once support for the old RBAC API policies will be removed from Neutron. Please use method 'is_service_role' instead.
2026-05-25 01:50:44.787 10 INFO neutron.wsgi [req-54c00cc0-6d6e-405c-b53b-67e7a1d66d64 req-01799ad2-846a-4700-b97b-77153bc4d0d2 d40a0f36b4da48e2a971c91d95c63d21 6f59dd0ab018451db59f29492ecb3d63 - - default default] 10.0.0.179 "GET /v2.0/ports?tenant_id=6f59dd0ab018451db59f29492ecb3d63&fields=id HTTP/1.1" status: 200 len: 302 time: 0.3026495
2026-05-25 01:50:44.869 9 INFO neutron.db.ovn_revision_numbers_db [None req-e5658ea8-54b9-44ed-ab70-460fcc44033d ea5bb7d9f9a14274a70572fb95d16a48 f7dcb6cbdf5e4266ad6894faed9cd35d - - default default] Successfully bumped revision number for resource a883c7bb-e122-4736-8f32-da3fc2c89bd7 (type: security_group_rules) to 0
2026-05-25 01:50:44.898 9 INFO neutron.wsgi [None req-e5658ea8-54b9-44ed-ab70-460fcc44033d ea5bb7d9f9a14274a70572fb95d16a48 f7dcb6cbdf5e4266ad6894faed9cd35d - - default default] 10.0.0.37 "POST /v2.0/security-group-rules HTTP/1.1" status: 201 len: 769 time: 0.1506972
2026-05-25 01:50:44.910 9 WARNING neutron_lib.context [None req-7f29e7f7-9893-4eba-812b-461429ef2061 ea5bb7d9f9a14274a70572fb95d16a48 f7dcb6cbdf5e4266ad6894faed9cd35d - - default default] Method 'is_advsvc' is deprecated since 2023.2 release (neutron-lib 3.8.0) and will be removed once support for the old RBAC API policies will be removed from Neutron. Please use method 'is_service_role' instead. /var/lib/openstack/lib/python3.10/site-packages/pycadf/identifier.py:71: UserWarning: Invalid uuid: neutron. To ensure interoperability, identifiers should be a valid uuid. warnings.warn(('Invalid uuid: %s. To ensure interoperability, '
2026-05-25 01:50:45.153 10 INFO neutron.wsgi [req-54c00cc0-6d6e-405c-b53b-67e7a1d66d64 req-aaf54ce0-22e1-477e-bea7-d5ad3ecd073c 123405b07cf64ce797cee66d17ac6677 36007f1606ed4b0da75cff425588c15b - - b3b727d714aa4b2f9d091a30fb27d997 b3b727d714aa4b2f9d091a30fb27d997] 10.0.0.179 "GET /v2.0/extensions HTTP/1.1" status: 200 len: 16980 time: 0.0561218
2026-05-25 01:50:45.157 10 INFO neutron.wsgi [None req-0bf9c0ae-31f6-4b20-8a06-e27a794b8b57 baef6177ba6b47a4bc0d590c5b281e81 f7130fc5f1b34b508094540ca351522e - - default default] 10.0.0.37 "PUT /v2.0/routers/aec2ad87-0e09-42f3-b3e7-ea010b072aab/remove_router_interface HTTP/1.1" status: 200 len: 503 time: 1.4735651
2026-05-25 01:50:45.216 9 INFO neutron.wsgi [None req-9e615f01-0150-4f95-9421-f3508f3e604b 330469772fb34262a242ef382bf0dcbb c017c1ed70ee419292721dc58a52a90c - - default default] 10.0.0.37 "GET /v2.0/extensions HTTP/1.1" status: 200 len: 16975 time: 0.3259885
2026-05-25 01:50:45.226 9 INFO neutron.wsgi [None req-839c2177-e325-4076-9091-62a83f8df9ec 330469772fb34262a242ef382bf0dcbb c017c1ed70ee419292721dc58a52a90c - - default default] 10.0.0.37 "GET /v2.0/extensions/address-group HTTP/1.1" status: 200 len: 353 time: 0.0044553
