2026-05-25 01:51:23.502 9 INFO neutron.wsgi [None req-be568d01-7f1b-4836-9ccb-e232d5630701 468642d5d03e40e999c44c9ecc69fbbc 1db9c0990d804b089f52ee3e8478ab9c - - default default] 10.0.0.37 "GET /v2.0/ports/d9351375-dcca-44f3-89b3-f0421c11d2be HTTP/1.1" status: 404 len: 333 time: 0.0204620
2026-05-25 01:51:23.549 9 INFO neutron.wsgi [None req-62b887e4-f671-4b8f-82dc-0663f70c4802 468642d5d03e40e999c44c9ecc69fbbc 1db9c0990d804b089f52ee3e8478ab9c - - default default] 10.0.0.37 "GET /v2.0/ports HTTP/1.1" status: 200 len: 1728 time: 0.0420218
2026-05-25 01:51:23.588 9 INFO neutron.wsgi [None req-68bb0d32-ed81-42e4-9492-10eeced93b0f 468642d5d03e40e999c44c9ecc69fbbc 1db9c0990d804b089f52ee3e8478ab9c - - default default] 10.0.0.37 "GET /v2.0/ports/ba9f37e4-0248-4a41-a931-eec71ff4c3f3 HTTP/1.1" status: 200 len: 968 time: 0.0350921
2026-05-25 01:51:23.619 9 INFO neutron.pecan_wsgi.hooks.translation [None req-db7f7782-ddd6-43d8-aa4d-322a0f1992a9 468642d5d03e40e999c44c9ecc69fbbc 1db9c0990d804b089f52ee3e8478ab9c - - default default] DELETE failed (client error): The resource could not be found.
2026-05-25 01:51:23.621 9 INFO neutron.wsgi [None req-db7f7782-ddd6-43d8-aa4d-322a0f1992a9 468642d5d03e40e999c44c9ecc69fbbc 1db9c0990d804b089f52ee3e8478ab9c - - default default] 10.0.0.37 "DELETE /v2.0/ports/a75d9bab-5e35-4827-925a-7f50e6d17a31 HTTP/1.1" status: 404 len: 333 time: 0.0268784
2026-05-25 01:51:23.645 9 INFO neutron.pecan_wsgi.hooks.translation [None req-b05833de-4ebb-495a-975f-fd0dbf2f3987 468642d5d03e40e999c44c9ecc69fbbc 1db9c0990d804b089f52ee3e8478ab9c - - default default] DELETE failed (client error): The resource could not be found.
2026-05-25 01:51:23.647 9 INFO neutron.wsgi [None req-b05833de-4ebb-495a-975f-fd0dbf2f3987 468642d5d03e40e999c44c9ecc69fbbc 1db9c0990d804b089f52ee3e8478ab9c - - default default] 10.0.0.37 "DELETE /v2.0/subnets/de43fb67-5301-4cf4-81af-f06f82de74d3 HTTP/1.1" status: 404 len: 337 time: 0.0160549
2026-05-25 01:51:23.670 9 INFO neutron.pecan_wsgi.hooks.translation [None req-982749cb-cfd8-48bc-abb6-4268cd54438f 468642d5d03e40e999c44c9ecc69fbbc 1db9c0990d804b089f52ee3e8478ab9c - - default default] DELETE failed (client error): The resource could not be found.
2026-05-25 01:51:23.672 9 INFO neutron.wsgi [None req-982749cb-cfd8-48bc-abb6-4268cd54438f 468642d5d03e40e999c44c9ecc69fbbc 1db9c0990d804b089f52ee3e8478ab9c - - default default] 10.0.0.37 "DELETE /v2.0/subnets/428b4c47-b7a5-48fc-b76f-cf602b9a4b89 HTTP/1.1" status: 404 len: 337 time: 0.0206957
2026-05-25 01:51:23.902 10 INFO neutron.notifiers.nova [-] Nova event matching ['req-d47c9d9d-cc84-4cd7-8e70-a2cbb940bfa6'] response: {'server_uuid': 'acb6bfe9-c0f8-49e7-9135-497e6fd8204a', 'name': 'network-vif-unplugged', 'status': 'completed', 'tag': 'c1eb42c4-0459-4342-92a5-0662fec13562', 'code': 200}
2026-05-25 01:51:23.948 9 INFO neutron.wsgi [None req-e1b44fac-cff7-4318-bebd-c11a1e10085b 468642d5d03e40e999c44c9ecc69fbbc 1db9c0990d804b089f52ee3e8478ab9c - - default default] 10.0.0.37 "DELETE /v2.0/ports/ba9f37e4-0248-4a41-a931-eec71ff4c3f3 HTTP/1.1" status: 204 len: 168 time: 0.2719896
2026-05-25 01:51:23.962 10 WARNING neutron.scheduler.dhcp_agent_scheduler [None req-e1e11adf-7536-4088-963a-0cb971c5404e 53f18046d52c400482b11640ef2110b5 8df1f8b2ac38411fbb2c2ab42ee9b7a4 - - default default] No more DHCP agents
2026-05-25 01:51:23.969 10 WARNING neutron.api.rpc.agentnotifiers.dhcp_rpc_agent_api [None req-e1e11adf-7536-4088-963a-0cb971c5404e 53f18046d52c400482b11640ef2110b5 8df1f8b2ac38411fbb2c2ab42ee9b7a4 - - default default] Unable to schedule network 3de27089-bc4f-4e78-9454-0404c07df469: no agents available; will retry on subsequent port and subnet creation events.
2026-05-25 01:51:23.984 10 INFO neutron.wsgi [req-c8c66d08-936d-413f-bbed-a598228851b2 req-6c54d04a-4bb1-446c-9313-f4044d9ccb5a 2e0efd8bb93144ffbe9e4ae4ea679569 4525822a3d3e4d668fddd479162d0fe5 - - default default] 10.0.0.179 "GET /v2.0/ports?device_id=acb6bfe9-c0f8-49e7-9135-497e6fd8204a HTTP/1.1" status: 200 len: 1168 time: 0.0842607
2026-05-25 01:51:24.067 10 INFO neutron.wsgi [req-c8c66d08-936d-413f-bbed-a598228851b2 req-f26199f0-28d8-4951-9c88-cfba2803c6ba 2e0efd8bb93144ffbe9e4ae4ea679569 4525822a3d3e4d668fddd479162d0fe5 - - default default] 10.0.0.179 "GET /v2.0/security-groups?id=89fa0d13-f1e2-47f9-bfe0-bfc81e01295f&fields=id&fields=name HTTP/1.1" status: 200 len: 313 time: 0.0740311
2026-05-25 01:51:24.106 10 INFO neutron.db.ovn_revision_numbers_db [None req-e1e11adf-7536-4088-963a-0cb971c5404e 53f18046d52c400482b11640ef2110b5 8df1f8b2ac38411fbb2c2ab42ee9b7a4 - - default default] Successfully bumped revision number for resource 8bcdd963-eda6-47a8-8237-ad9ff585ca15 (type: ports) to 1
2026-05-25 01:51:24.151 10 INFO neutron.wsgi [None req-e1e11adf-7536-4088-963a-0cb971c5404e 53f18046d52c400482b11640ef2110b5 8df1f8b2ac38411fbb2c2ab42ee9b7a4 - - default default] 10.0.0.37 "POST /v2.0/networks HTTP/1.1" status: 201 len: 842 time: 1.5380287
2026-05-25 01:51:24.187 10 INFO neutron.db.ovn_revision_numbers_db [None req-e00c0a37-db8e-498e-82d3-58664569f0f0 - - - - - -] Successfully bumped revision number for resource c1eb42c4-0459-4342-92a5-0662fec13562 (type: ports) to 5
2026-05-25 01:51:24.195 9 WARNING neutron_lib.context [None req-cbcfc756-8fb9-4d05-a216-06234acdca4d 53f18046d52c400482b11640ef2110b5 8df1f8b2ac38411fbb2c2ab42ee9b7a4 - - default default] Method 'is_advsvc' is deprecated since 2023.2 release (neutron-lib 3.8.0) and will be removed once support for the old RBAC API policies will be removed from Neutron. Please use method 'is_service_role' instead.
2026-05-25 01:51:24.200 10 WARNING neutron.plugins.ml2.drivers.ovn.mech_driver.ovsdb.ovn_client [None req-e00c0a37-db8e-498e-82d3-58664569f0f0 - - - - - -] Logical_Switch_Port %s host information not removed, the port state is up
2026-05-25 01:51:24.200 10 INFO neutron.plugins.ml2.drivers.ovn.mech_driver.mech_driver [None req-e00c0a37-db8e-498e-82d3-58664569f0f0 - - - - - -] OVN reports status up for port: c1eb42c4-0459-4342-92a5-0662fec13562
2026-05-25 01:51:24.226 10 INFO neutron.plugins.ml2.plugin [None req-e00c0a37-db8e-498e-82d3-58664569f0f0 - - - - - -] Attempt 1 to provision port c1eb42c4-0459-4342-92a5-0662fec13562
2026-05-25 01:51:24.288 9 INFO neutron.db.ovn_revision_numbers_db [None req-b394d145-908c-4fc2-b60a-bbbcd1507b1e baef6177ba6b47a4bc0d590c5b281e81 f7130fc5f1b34b508094540ca351522e - - default default] Successfully bumped revision number for resource 5c461216-190c-4b63-ad21-4c5b24d27fa9 (type: security_groups) to 1
2026-05-25 01:51:24.320 9 INFO neutron.db.ovn_revision_numbers_db [None req-b394d145-908c-4fc2-b60a-bbbcd1507b1e baef6177ba6b47a4bc0d590c5b281e81 f7130fc5f1b34b508094540ca351522e - - default default] Successfully bumped revision number for resource 47542cc6-1d95-453f-846b-814c66bb6b6d (type: security_group_rules) to 0
2026-05-25 01:51:24.353 9 INFO neutron.db.ovn_revision_numbers_db [None req-b394d145-908c-4fc2-b60a-bbbcd1507b1e baef6177ba6b47a4bc0d590c5b281e81 f7130fc5f1b34b508094540ca351522e - - default default] Successfully bumped revision number for resource 5234dae0-86fb-4202-937c-acc41c2cb744 (type: security_group_rules) to 0
2026-05-25 01:51:24.390 9 INFO neutron.db.ovn_revision_numbers_db [None req-b394d145-908c-4fc2-b60a-bbbcd1507b1e baef6177ba6b47a4bc0d590c5b281e81 f7130fc5f1b34b508094540ca351522e - - default default] Successfully bumped revision number for resource 5d10bdd3-26e2-4eca-922d-7915297a84f0 (type: security_group_rules) to 0
2026-05-25 01:51:24.419 9 INFO neutron.db.ovn_revision_numbers_db [None req-b394d145-908c-4fc2-b60a-bbbcd1507b1e baef6177ba6b47a4bc0d590c5b281e81 f7130fc5f1b34b508094540ca351522e - - default default] Successfully bumped revision number for resource 5e3cb7e1-2d7a-4927-9b41-a24a77930e4b (type: security_group_rules) to 0
2026-05-25 01:51:24.484 9 INFO neutron.db.segments_db [None req-b394d145-908c-4fc2-b60a-bbbcd1507b1e baef6177ba6b47a4bc0d590c5b281e81 f7130fc5f1b34b508094540ca351522e - - default default] Added segment 5b3681f8-ce43-465d-bb6c-b3da6e1c4d62 of type geneve for network df536c8d-94c8-4d92-abd5-f897ec0283ca
2026-05-25 01:51:24.509 10 INFO neutron.db.ovn_revision_numbers_db [None req-e00c0a37-db8e-498e-82d3-58664569f0f0 - - - - - -] Successfully bumped revision number for resource c1eb42c4-0459-4342-92a5-0662fec13562 (type: ports) to 6
2026-05-25 01:51:24.520 9 INFO neutron.wsgi [None req-71a87846-2301-4514-8bb8-7d052724a18e 468642d5d03e40e999c44c9ecc69fbbc 1db9c0990d804b089f52ee3e8478ab9c - - default default] 10.0.0.37 "DELETE /v2.0/networks/2c606c34-d8a5-4a25-aa55-b7abb4549112 HTTP/1.1" status: 204 len: 168 time: 0.5677841
2026-05-25 01:51:24.539 9 WARNING neutron.scheduler.dhcp_agent_scheduler [None req-cbcfc756-8fb9-4d05-a216-06234acdca4d 53f18046d52c400482b11640ef2110b5 8df1f8b2ac38411fbb2c2ab42ee9b7a4 - - default default] No more DHCP agents
2026-05-25 01:51:24.544 9 WARNING neutron.api.rpc.agentnotifiers.dhcp_rpc_agent_api [None req-cbcfc756-8fb9-4d05-a216-06234acdca4d 53f18046d52c400482b11640ef2110b5 8df1f8b2ac38411fbb2c2ab42ee9b7a4 - - default default] Unable to schedule network 3de27089-bc4f-4e78-9454-0404c07df469: no agents available; will retry on subsequent port and subnet creation events.
2026-05-25 01:51:24.663 9 INFO neutron.db.ovn_revision_numbers_db [None req-b394d145-908c-4fc2-b60a-bbbcd1507b1e baef6177ba6b47a4bc0d590c5b281e81 f7130fc5f1b34b508094540ca351522e - - default default] Successfully bumped revision number for resource df536c8d-94c8-4d92-abd5-f897ec0283ca (type: networks) to 1
2026-05-25 01:51:24.856 9 WARNING neutron.scheduler.dhcp_agent_scheduler [None req-b394d145-908c-4fc2-b60a-bbbcd1507b1e baef6177ba6b47a4bc0d590c5b281e81 f7130fc5f1b34b508094540ca351522e - - default default] No more DHCP agents
2026-05-25 01:51:24.859 9 WARNING neutron.api.rpc.agentnotifiers.dhcp_rpc_agent_api [None req-b394d145-908c-4fc2-b60a-bbbcd1507b1e baef6177ba6b47a4bc0d590c5b281e81 f7130fc5f1b34b508094540ca351522e - - default default] Unable to schedule network df536c8d-94c8-4d92-abd5-f897ec0283ca: no agents available; will retry on subsequent port and subnet creation events.
2026-05-25 01:51:24.970 9 INFO neutron.db.ovn_revision_numbers_db [None req-b394d145-908c-4fc2-b60a-bbbcd1507b1e baef6177ba6b47a4bc0d590c5b281e81 f7130fc5f1b34b508094540ca351522e - - default default] Successfully bumped revision number for resource ae39f483-4599-4e56-adcc-19e0591d956a (type: ports) to 1
2026-05-25 01:51:25.010 9 INFO neutron.wsgi [None req-b394d145-908c-4fc2-b60a-bbbcd1507b1e baef6177ba6b47a4bc0d590c5b281e81 f7130fc5f1b34b508094540ca351522e - - default default] 10.0.0.37 "POST /v2.0/networks HTTP/1.1" status: 201 len: 948 time: 1.1676903
2026-05-25 01:51:25.172 9 INFO neutron.services.segments.plugin [-] Segment e866fc96-8c9d-45a2-a0dc-f98a2fbc67b5 resource provider aggregate not found
2026-05-25 01:51:25.193 9 INFO neutron.services.segments.plugin [-] Segment e866fc96-8c9d-45a2-a0dc-f98a2fbc67b5 resource provider aggregate not found
2026-05-25 01:51:25.201 9 INFO neutron.services.segments.plugin [-] Segment e866fc96-8c9d-45a2-a0dc-f98a2fbc67b5 resource provider not found; error: Placement Client Error (4xx): {"errors": [{"status": 404, "title": "Not Found", "detail": "The resource could not be found.\n\n No resource provider with uuid e866fc96-8c9d-45a2-a0dc-f98a2fbc67b5 found for delete ", "request_id": "req-c49f9fb6-6e58-46d3-a3a2-7078feaa1d22"}]}
2026-05-25 01:51:25.223 9 INFO neutron.services.segments.plugin [-] Segment e866fc96-8c9d-45a2-a0dc-f98a2fbc67b5 resource provider not found; error: Placement Client Error (4xx): {"errors": [{"status": 404, "title": "Not Found", "detail": "The resource could not be found.\n\n No resource provider with uuid e866fc96-8c9d-45a2-a0dc-f98a2fbc67b5 found for delete ", "request_id": "req-a292e594-7d53-4636-9596-83bae110f518"}]}
2026-05-25 01:51:25.261 9 INFO neutron.wsgi [req-aebd5943-fbad-4e0d-a130-62e1a972fcc1 req-23f2452d-678c-47fe-8143-210a68f6470b 2e0efd8bb93144ffbe9e4ae4ea679569 4525822a3d3e4d668fddd479162d0fe5 - - default default] 10.0.0.179 "GET /v2.0/ports?device_id=acb6bfe9-c0f8-49e7-9135-497e6fd8204a HTTP/1.1" status: 200 len: 1170 time: 0.1070626
2026-05-25 01:51:25.310 9 INFO neutron.db.ovn_revision_numbers_db [None req-cbcfc756-8fb9-4d05-a216-06234acdca4d 53f18046d52c400482b11640ef2110b5 8df1f8b2ac38411fbb2c2ab42ee9b7a4 - - default default] Successfully bumped revision number for resource 8bcdd963-eda6-47a8-8237-ad9ff585ca15 (type: ports) to 2
2026-05-25 01:51:25.319 9 INFO neutron.wsgi [None req-8b8351c6-b9bf-484a-859a-6e6ef61ba1bb baef6177ba6b47a4bc0d590c5b281e81 f7130fc5f1b34b508094540ca351522e - - default default] 10.0.0.37 "GET /v2.0/security-groups?tenant_id=1db9c0990d804b089f52ee3e8478ab9c&name=default HTTP/1.1" status: 200 len: 2996 time: 0.2578702 /var/lib/openstack/lib/python3.10/site-packages/pycadf/identifier.py:71: UserWarning: Invalid uuid: neutron. To ensure interoperability, identifiers should be a valid uuid. warnings.warn(('Invalid uuid: %s. To ensure interoperability, '
2026-05-25 01:51:25.362 9 INFO neutron.wsgi [req-aebd5943-fbad-4e0d-a130-62e1a972fcc1 req-25824ddf-3b2e-4342-97b1-96fc0b278f7c 2e0efd8bb93144ffbe9e4ae4ea679569 4525822a3d3e4d668fddd479162d0fe5 - - default default] 10.0.0.179 "GET /v2.0/security-groups?id=89fa0d13-f1e2-47f9-bfe0-bfc81e01295f&fields=id&fields=name HTTP/1.1" status: 200 len: 313 time: 0.0938749
2026-05-25 01:51:25.370 9 WARNING neutron.scheduler.dhcp_agent_scheduler [None req-5fae082a-41c0-4d9d-ac9a-b17924560331 baef6177ba6b47a4bc0d590c5b281e81 f7130fc5f1b34b508094540ca351522e - - default default] No more DHCP agents
2026-05-25 01:51:25.378 9 INFO neutron.db.ovn_revision_numbers_db [None req-cbcfc756-8fb9-4d05-a216-06234acdca4d 53f18046d52c400482b11640ef2110b5 8df1f8b2ac38411fbb2c2ab42ee9b7a4 - - default default] Successfully bumped revision number for resource 348577d0-a355-42dd-a233-6b419cb0330a (type: subnets) to 0
2026-05-25 01:51:25.382 9 WARNING neutron.api.rpc.agentnotifiers.dhcp_rpc_agent_api [None req-5fae082a-41c0-4d9d-ac9a-b17924560331 baef6177ba6b47a4bc0d590c5b281e81 f7130fc5f1b34b508094540ca351522e - - default default] Unable to schedule network df536c8d-94c8-4d92-abd5-f897ec0283ca: no agents available; will retry on subsequent port and subnet creation events.
2026-05-25 01:51:25.400 9 INFO neutron.wsgi [None req-cbcfc756-8fb9-4d05-a216-06234acdca4d 53f18046d52c400482b11640ef2110b5 8df1f8b2ac38411fbb2c2ab42ee9b7a4 - - default default] 10.0.0.37 "POST /v2.0/subnets HTTP/1.1" status: 201 len: 816 time: 1.2125285
2026-05-25 01:51:25.410 9 WARNING neutron_lib.context [None req-23422ea9-44dd-42b7-b363-c25e25e58a0d 53f18046d52c400482b11640ef2110b5 8df1f8b2ac38411fbb2c2ab42ee9b7a4 - - default default] Method 'is_advsvc' is deprecated since 2023.2 release (neutron-lib 3.8.0) and will be removed once support for the old RBAC API policies will be removed from Neutron. Please use method 'is_service_role' instead.
2026-05-25 01:51:25.515 9 INFO neutron.db.segments_db [None req-23422ea9-44dd-42b7-b363-c25e25e58a0d 53f18046d52c400482b11640ef2110b5 8df1f8b2ac38411fbb2c2ab42ee9b7a4 - - default default] Added segment 9f6e411a-02c5-4679-b983-c316eab17cab of type geneve for network 92ee65ee-0702-420a-bfc9-34232f66ee53
2026-05-25 01:51:25.517 10 INFO neutron.wsgi [None req-b9e144a0-0af7-44b7-9224-8e778bf75bd8 baef6177ba6b47a4bc0d590c5b281e81 f7130fc5f1b34b508094540ca351522e - - default default] 10.0.0.37 "DELETE /v2.0/security-groups/c79c53b6-7275-4f3c-bff4-9d3455a53492 HTTP/1.1" status: 204 len: 168 time: 0.1916320
2026-05-25 01:51:25.733 9 INFO neutron.db.ovn_revision_numbers_db [None req-23422ea9-44dd-42b7-b363-c25e25e58a0d 53f18046d52c400482b11640ef2110b5 8df1f8b2ac38411fbb2c2ab42ee9b7a4 - - default default] Successfully bumped revision number for resource 92ee65ee-0702-420a-bfc9-34232f66ee53 (type: networks) to 1
2026-05-25 01:51:25.942 10 INFO neutron.notifiers.nova [-] Nova event matching ['req-a5db5f7b-68ed-4262-a1da-de01696ea426'] response: {'server_uuid': 'acb6bfe9-c0f8-49e7-9135-497e6fd8204a', 'name': 'network-vif-plugged', 'status': 'completed', 'tag': 'c1eb42c4-0459-4342-92a5-0662fec13562', 'code': 200}
2026-05-25 01:51:25.943 10 INFO neutron.notifiers.nova [-] Nova event matching ['req-a5db5f7b-68ed-4262-a1da-de01696ea426'] response: {'server_uuid': 'acb6bfe9-c0f8-49e7-9135-497e6fd8204a', 'name': 'network-vif-plugged', 'status': 'completed', 'tag': 'c1eb42c4-0459-4342-92a5-0662fec13562', 'code': 200}
2026-05-25 01:51:25.943 10 INFO neutron.notifiers.nova [-] Nova event matching ['req-a5db5f7b-68ed-4262-a1da-de01696ea426'] response: {'server_uuid': 'acb6bfe9-c0f8-49e7-9135-497e6fd8204a', 'name': 'network-vif-plugged', 'status': 'completed', 'tag': 'c1eb42c4-0459-4342-92a5-0662fec13562', 'code': 200}
2026-05-25 01:51:25.979 9 WARNING neutron.scheduler.dhcp_agent_scheduler [None req-23422ea9-44dd-42b7-b363-c25e25e58a0d 53f18046d52c400482b11640ef2110b5 8df1f8b2ac38411fbb2c2ab42ee9b7a4 - - default default] No more DHCP agents
2026-05-25 01:51:25.982 9 WARNING neutron.api.rpc.agentnotifiers.dhcp_rpc_agent_api [None req-23422ea9-44dd-42b7-b363-c25e25e58a0d 53f18046d52c400482b11640ef2110b5 8df1f8b2ac38411fbb2c2ab42ee9b7a4 - - default default] Unable to schedule network 92ee65ee-0702-420a-bfc9-34232f66ee53: no agents available; will retry on subsequent port and subnet creation events.
2026-05-25 01:51:26.086 9 INFO neutron.db.ovn_revision_numbers_db [None req-5fae082a-41c0-4d9d-ac9a-b17924560331 baef6177ba6b47a4bc0d590c5b281e81 f7130fc5f1b34b508094540ca351522e - - default default] Successfully bumped revision number for resource ae39f483-4599-4e56-adcc-19e0591d956a (type: ports) to 2
2026-05-25 01:51:26.121 9 INFO neutron.db.ovn_revision_numbers_db [None req-23422ea9-44dd-42b7-b363-c25e25e58a0d 53f18046d52c400482b11640ef2110b5 8df1f8b2ac38411fbb2c2ab42ee9b7a4 - - default default] Successfully bumped revision number for resource ff6ce842-e939-4c44-9a4b-94ddab27f02c (type: ports) to 1
2026-05-25 01:51:26.141 9 INFO neutron.db.ovn_revision_numbers_db [None req-5fae082a-41c0-4d9d-ac9a-b17924560331 baef6177ba6b47a4bc0d590c5b281e81 f7130fc5f1b34b508094540ca351522e - - default default] Successfully bumped revision number for resource f69c6b5f-e38b-4396-9487-c5081c8ff612 (type: subnets) to 0
2026-05-25 01:51:26.156 9 INFO neutron.wsgi [None req-5fae082a-41c0-4d9d-ac9a-b17924560331 baef6177ba6b47a4bc0d590c5b281e81 f7130fc5f1b34b508094540ca351522e - - default default] 10.0.0.37 "POST /v2.0/subnets HTTP/1.1" status: 201 len: 869 time: 1.1396804
2026-05-25 01:51:26.161 9 INFO neutron.wsgi [None req-23422ea9-44dd-42b7-b363-c25e25e58a0d 53f18046d52c400482b11640ef2110b5 8df1f8b2ac38411fbb2c2ab42ee9b7a4 - - default default] 10.0.0.37 "POST /v2.0/networks HTTP/1.1" status: 201 len: 843 time: 0.7553904
2026-05-25 01:51:26.382 10 INFO neutron.db.ovn_revision_numbers_db [None req-d08a98f0-3124-49e7-affd-cfb24bbdb490 53f18046d52c400482b11640ef2110b5 8df1f8b2ac38411fbb2c2ab42ee9b7a4 - - default default] Successfully bumped revision number for resource 92ee65ee-0702-420a-bfc9-34232f66ee53 (type: networks) to 2
2026-05-25 01:51:26.388 10 INFO neutron.wsgi [None req-d08a98f0-3124-49e7-affd-cfb24bbdb490 53f18046d52c400482b11640ef2110b5 8df1f8b2ac38411fbb2c2ab42ee9b7a4 - - default default] 10.0.0.37 "PUT /v2.0/networks/92ee65ee-0702-420a-bfc9-34232f66ee53 HTTP/1.1" status: 200 len: 792 time: 0.2212255
2026-05-25 01:51:26.397 10 WARNING neutron_lib.context [None req-e40be0d9-fe97-47d2-adc8-ae3e9543947d 53f18046d52c400482b11640ef2110b5 8df1f8b2ac38411fbb2c2ab42ee9b7a4 - - default default] Method 'is_advsvc' is deprecated since 2023.2 release (neutron-lib 3.8.0) and will be removed once support for the old RBAC API policies will be removed from Neutron. Please use method 'is_service_role' instead.
2026-05-25 01:51:26.645 10 WARNING neutron.scheduler.dhcp_agent_scheduler [None req-e40be0d9-fe97-47d2-adc8-ae3e9543947d 53f18046d52c400482b11640ef2110b5 8df1f8b2ac38411fbb2c2ab42ee9b7a4 - - default default] No more DHCP agents
2026-05-25 01:51:26.646 10 WARNING neutron.api.rpc.agentnotifiers.dhcp_rpc_agent_api [None req-e40be0d9-fe97-47d2-adc8-ae3e9543947d 53f18046d52c400482b11640ef2110b5 8df1f8b2ac38411fbb2c2ab42ee9b7a4 - - default default] Unable to schedule network 92ee65ee-0702-420a-bfc9-34232f66ee53: no agents available; will retry on subsequent port and subnet creation events.
2026-05-25 01:51:26.869 9 WARNING neutron.scheduler.dhcp_agent_scheduler [None req-64ab225e-dae5-4ab4-a184-0de4876515f9 baef6177ba6b47a4bc0d590c5b281e81 f7130fc5f1b34b508094540ca351522e - - default default] No more DHCP agents
2026-05-25 01:51:26.871 9 WARNING neutron.api.rpc.agentnotifiers.dhcp_rpc_agent_api [None req-64ab225e-dae5-4ab4-a184-0de4876515f9 baef6177ba6b47a4bc0d590c5b281e81 f7130fc5f1b34b508094540ca351522e - - default default] Unable to schedule network cde983e0-b7ea-4655-9953-6605f5ece5ea: no agents available; will retry on subsequent port and subnet creation events.
2026-05-25 01:51:27.043 9 INFO neutron.db.ovn_revision_numbers_db [None req-64ab225e-dae5-4ab4-a184-0de4876515f9 baef6177ba6b47a4bc0d590c5b281e81 f7130fc5f1b34b508094540ca351522e - - default default] Successfully bumped revision number for resource 9f8ff194-e185-4be8-aa10-8010e7ff6f8e (type: ports) to 1
2026-05-25 01:51:27.194 10 INFO neutron.db.ovn_revision_numbers_db [None req-e40be0d9-fe97-47d2-adc8-ae3e9543947d 53f18046d52c400482b11640ef2110b5 8df1f8b2ac38411fbb2c2ab42ee9b7a4 - - default default] Successfully bumped revision number for resource ff6ce842-e939-4c44-9a4b-94ddab27f02c (type: ports) to 2
2026-05-25 01:51:27.230 10 INFO neutron.db.ovn_revision_numbers_db [None req-e40be0d9-fe97-47d2-adc8-ae3e9543947d 53f18046d52c400482b11640ef2110b5 8df1f8b2ac38411fbb2c2ab42ee9b7a4 - - default default] Successfully bumped revision number for resource ccb5fc96-04bf-4e73-835d-7d6d144d5351 (type: subnets) to 0
2026-05-25 01:51:27.244 10 INFO neutron.wsgi [None req-e40be0d9-fe97-47d2-adc8-ae3e9543947d 53f18046d52c400482b11640ef2110b5 8df1f8b2ac38411fbb2c2ab42ee9b7a4 - - default default] 10.0.0.37 "POST /v2.0/subnets HTTP/1.1" status: 201 len: 801 time: 0.8522418
2026-05-25 01:51:27.468 10 WARNING neutron_lib.context [None req-16b876a1-73e5-47de-bf27-dcc02350e077 ff994470fd904093b708304cf8a60897 456e03986434431586b15bd72476bec4 - - default default] Method 'is_advsvc' is deprecated since 2023.2 release (neutron-lib 3.8.0) and will be removed once support for the old RBAC API policies will be removed from Neutron. Please use method 'is_service_role' instead.
2026-05-25 01:51:27.597 10 INFO neutron.db.ovn_revision_numbers_db [None req-16b876a1-73e5-47de-bf27-dcc02350e077 ff994470fd904093b708304cf8a60897 456e03986434431586b15bd72476bec4 - - default default] Successfully bumped revision number for resource 03537d7b-9b43-44c8-994a-56c82cdbebe3 (type: security_groups) to 1
2026-05-25 01:51:27.617 10 INFO neutron.db.ovn_revision_numbers_db [None req-16b876a1-73e5-47de-bf27-dcc02350e077 ff994470fd904093b708304cf8a60897 456e03986434431586b15bd72476bec4 - - default default] Successfully bumped revision number for resource 06815850-a3b9-4402-ace8-8d16a27a1448 (type: security_group_rules) to 0
2026-05-25 01:51:27.634 10 INFO neutron.db.ovn_revision_numbers_db [None req-16b876a1-73e5-47de-bf27-dcc02350e077 ff994470fd904093b708304cf8a60897 456e03986434431586b15bd72476bec4 - - default default] Successfully bumped revision number for resource 3bbf8aea-1127-48d3-8e13-0088c9e2f4be (type: security_group_rules) to 0
2026-05-25 01:51:27.651 10 INFO neutron.db.ovn_revision_numbers_db [None req-16b876a1-73e5-47de-bf27-dcc02350e077 ff994470fd904093b708304cf8a60897 456e03986434431586b15bd72476bec4 - - default default] Successfully bumped revision number for resource 54e163ef-90c5-4515-a256-0e2a5aceef36 (type: security_group_rules) to 0
2026-05-25 01:51:27.663 10 INFO neutron.db.ovn_revision_numbers_db [None req-16b876a1-73e5-47de-bf27-dcc02350e077 ff994470fd904093b708304cf8a60897 456e03986434431586b15bd72476bec4 - - default default] Successfully bumped revision number for resource 88126a80-2fc5-49b3-8328-441a7ab8fe46 (type: security_group_rules) to 0
2026-05-25 01:51:27.675 9 INFO neutron.db.ovn_revision_numbers_db [None req-b19ab9d3-145b-4b60-a546-97f2493a330a 53f18046d52c400482b11640ef2110b5 8df1f8b2ac38411fbb2c2ab42ee9b7a4 - - default default] Successfully bumped revision number for resource ccb5fc96-04bf-4e73-835d-7d6d144d5351 (type: subnets) to 1
2026-05-25 01:51:27.678 9 INFO neutron.wsgi [None req-b19ab9d3-145b-4b60-a546-97f2493a330a 53f18046d52c400482b11640ef2110b5 8df1f8b2ac38411fbb2c2ab42ee9b7a4 - - default default] 10.0.0.37 "PUT /v2.0/subnets/ccb5fc96-04bf-4e73-835d-7d6d144d5351 HTTP/1.1" status: 200 len: 806 time: 0.4284070
2026-05-25 01:51:27.718 9 INFO neutron.plugins.ml2.drivers.ovn.mech_driver.mech_driver [None req-2c1de30c-89f1-496d-a407-636249d36f82 - - - - - -] OVN reports status up for port: 9f8ff194-e185-4be8-aa10-8010e7ff6f8e
2026-05-25 01:51:27.726 9 INFO neutron.plugins.ml2.plugin [None req-2c1de30c-89f1-496d-a407-636249d36f82 - - - - - -] Attempt 1 to provision port 9f8ff194-e185-4be8-aa10-8010e7ff6f8e
2026-05-25 01:51:27.749 10 INFO neutron.db.segments_db [None req-16b876a1-73e5-47de-bf27-dcc02350e077 ff994470fd904093b708304cf8a60897 456e03986434431586b15bd72476bec4 - - default default] Added segment 0785179c-6b7a-4e78-8715-69ba1fda8652 of type geneve for network 806e1519-fecd-4c63-9d45-f680e1fbf21a
2026-05-25 01:51:27.750 9 INFO neutron.plugins.ml2.drivers.ovn.mech_driver.ovsdb.ovsdb_monitor [None req-92d79873-812d-442b-ad11-8634e7e0c7af - - - - - -] Router a6d41385-530a-43ad-9023-1741ebdab920 is bound to host instance
2026-05-25 01:51:27.780 9 INFO neutron.db.ovn_revision_numbers_db [None req-64ab225e-dae5-4ab4-a184-0de4876515f9 baef6177ba6b47a4bc0d590c5b281e81 f7130fc5f1b34b508094540ca351522e - - default default] Successfully bumped revision number for resource 9f8ff194-e185-4be8-aa10-8010e7ff6f8e (type: router_ports) to 1
2026-05-25 01:51:27.847 10 INFO neutron.wsgi [-] 10.0.0.250 "GET / HTTP/1.1" status: 200 len: 246 time: 0.0013940
2026-05-25 01:51:27.849 10 INFO neutron.wsgi [-] 10.0.0.250 "GET / HTTP/1.1" status: 200 len: 246 time: 0.0010412
2026-05-25 01:51:27.919 9 INFO neutron.db.ovn_revision_numbers_db [None req-64ab225e-dae5-4ab4-a184-0de4876515f9 baef6177ba6b47a4bc0d590c5b281e81 f7130fc5f1b34b508094540ca351522e - - default default] Successfully bumped revision number for resource a6d41385-530a-43ad-9023-1741ebdab920 (type: routers) to 2
2026-05-25 01:51:27.942 9 INFO neutron.wsgi [None req-64ab225e-dae5-4ab4-a184-0de4876515f9 baef6177ba6b47a4bc0d590c5b281e81 f7130fc5f1b34b508094540ca351522e - - default default] 10.0.0.37 "POST /v2.0/routers HTTP/1.1" status: 201 len: 880 time: 1.7795606
2026-05-25 01:51:27.971 10 INFO neutron.db.ovn_revision_numbers_db [None req-16b876a1-73e5-47de-bf27-dcc02350e077 ff994470fd904093b708304cf8a60897 456e03986434431586b15bd72476bec4 - - default default] Successfully bumped revision number for resource 806e1519-fecd-4c63-9d45-f680e1fbf21a (type: networks) to 1
2026-05-25 01:51:28.169 10 WARNING neutron.scheduler.dhcp_agent_scheduler [None req-16b876a1-73e5-47de-bf27-dcc02350e077 ff994470fd904093b708304cf8a60897 456e03986434431586b15bd72476bec4 - - default default] No more DHCP agents
2026-05-25 01:51:28.172 10 WARNING neutron.api.rpc.agentnotifiers.dhcp_rpc_agent_api [None req-16b876a1-73e5-47de-bf27-dcc02350e077 ff994470fd904093b708304cf8a60897 456e03986434431586b15bd72476bec4 - - default default] Unable to schedule network 806e1519-fecd-4c63-9d45-f680e1fbf21a: no agents available; will retry on subsequent port and subnet creation events.
2026-05-25 01:51:28.288 10 INFO neutron.db.ovn_revision_numbers_db [None req-16b876a1-73e5-47de-bf27-dcc02350e077 ff994470fd904093b708304cf8a60897 456e03986434431586b15bd72476bec4 - - default default] Successfully bumped revision number for resource ae787ecc-7920-4a50-bf53-17655f358709 (type: ports) to 1
2026-05-25 01:51:28.319 10 INFO neutron.wsgi [None req-16b876a1-73e5-47de-bf27-dcc02350e077 ff994470fd904093b708304cf8a60897 456e03986434431586b15bd72476bec4 - - default default] 10.0.0.37 "POST /v2.0/networks HTTP/1.1" status: 201 len: 832 time: 1.0490251
2026-05-25 01:51:28.328 10 WARNING neutron_lib.context [None req-e82e8db4-d20a-42e2-aa8c-d03a1e11ffe3 ff994470fd904093b708304cf8a60897 456e03986434431586b15bd72476bec4 - - default default] Method 'is_advsvc' is deprecated since 2023.2 release (neutron-lib 3.8.0) and will be removed once support for the old RBAC API policies will be removed from Neutron. Please use method 'is_service_role' instead.
2026-05-25 01:51:28.443 9 INFO neutron.db.ovn_revision_numbers_db [None req-92d79873-812d-442b-ad11-8634e7e0c7af - - - - - -] Successfully bumped revision number for resource 9f8ff194-e185-4be8-aa10-8010e7ff6f8e (type: ports) to 1
2026-05-25 01:51:28.456 10 INFO neutron.services.segments.plugin [-] Segment 9f6e411a-02c5-4679-b983-c316eab17cab resource provider aggregate not found
2026-05-25 01:51:28.461 10 INFO neutron.services.segments.plugin [-] Segment 9f6e411a-02c5-4679-b983-c316eab17cab resource provider aggregate not found
2026-05-25 01:51:28.476 10 INFO neutron.services.segments.plugin [-] Segment 9f6e411a-02c5-4679-b983-c316eab17cab resource provider not found; error: Placement Client Error (4xx): {"errors": [{"status": 404, "title": "Not Found", "detail": "The resource could not be found.\n\n No resource provider with uuid 9f6e411a-02c5-4679-b983-c316eab17cab found for delete ", "request_id": "req-962b4776-ee1e-4e04-8064-d2fae5c68e41"}]}
2026-05-25 01:51:28.477 10 INFO neutron.db.segments_db [None req-e82e8db4-d20a-42e2-aa8c-d03a1e11ffe3 ff994470fd904093b708304cf8a60897 456e03986434431586b15bd72476bec4 - - default default] Added segment e8b8f5f1-1881-453f-b219-e20e80bedebe of type geneve for network ec05ab3c-d571-4c3f-a786-3d0b54f2955c
2026-05-25 01:51:28.481 10 INFO neutron.services.segments.plugin [-] Segment 9f6e411a-02c5-4679-b983-c316eab17cab resource provider not found; error: Placement Client Error (4xx): {"errors": [{"status": 404, "title": "Not Found", "detail": "The resource could not be found.\n\n No resource provider with uuid 9f6e411a-02c5-4679-b983-c316eab17cab found for delete ", "request_id": "req-9e6d70b2-4a63-4692-af81-a1a2b71d1081"}]}
2026-05-25 01:51:28.522 10 INFO neutron.wsgi [None req-135a469c-61c6-4352-ab0a-3fd182d0a0fd 53f18046d52c400482b11640ef2110b5 8df1f8b2ac38411fbb2c2ab42ee9b7a4 - - default default] 10.0.0.37 "DELETE /v2.0/networks/92ee65ee-0702-420a-bfc9-34232f66ee53 HTTP/1.1" status: 204 len: 168 time: 0.8382471
2026-05-25 01:51:28.523 9 WARNING neutron.scheduler.dhcp_agent_scheduler [None req-be8d3de0-ad46-458c-ab3a-3276ec32c1f3 baef6177ba6b47a4bc0d590c5b281e81 f7130fc5f1b34b508094540ca351522e - - default default] No more DHCP agents
2026-05-25 01:51:28.528 9 WARNING neutron.api.rpc.agentnotifiers.dhcp_rpc_agent_api [None req-be8d3de0-ad46-458c-ab3a-3276ec32c1f3 baef6177ba6b47a4bc0d590c5b281e81 f7130fc5f1b34b508094540ca351522e - - default default] Unable to schedule network df536c8d-94c8-4d92-abd5-f897ec0283ca: no agents available; will retry on subsequent port and subnet creation events.
2026-05-25 01:51:28.555 9 INFO neutron.pecan_wsgi.hooks.translation [None req-667d2280-3f2e-45de-acd4-bc565456365f 53f18046d52c400482b11640ef2110b5 8df1f8b2ac38411fbb2c2ab42ee9b7a4 - - default default] DELETE failed (client error): The resource could not be found.
2026-05-25 01:51:28.557 9 INFO neutron.wsgi [None req-667d2280-3f2e-45de-acd4-bc565456365f 53f18046d52c400482b11640ef2110b5 8df1f8b2ac38411fbb2c2ab42ee9b7a4 - - default default] 10.0.0.37 "DELETE /v2.0/networks/92ee65ee-0702-420a-bfc9-34232f66ee53 HTTP/1.1" status: 404 len: 339 time: 0.0301394
2026-05-25 01:51:28.712 10 INFO neutron.wsgi [None req-52a6278a-bba6-4f3b-9b21-019d437a7258 53f18046d52c400482b11640ef2110b5 8df1f8b2ac38411fbb2c2ab42ee9b7a4 - - default default] 10.0.0.37 "GET /v2.0/networks?router%3Aexternal=True HTTP/1.1" status: 200 len: 845 time: 0.1470580
2026-05-25 01:51:28.722 10 INFO neutron.db.ovn_revision_numbers_db [None req-e82e8db4-d20a-42e2-aa8c-d03a1e11ffe3 ff994470fd904093b708304cf8a60897 456e03986434431586b15bd72476bec4 - - default default] Successfully bumped revision number for resource ec05ab3c-d571-4c3f-a786-3d0b54f2955c (type: networks) to 1
2026-05-25 01:51:28.762 10 INFO neutron.wsgi [None req-af54fddd-95f6-4fe4-a2f1-3820f4c021b1 53f18046d52c400482b11640ef2110b5 8df1f8b2ac38411fbb2c2ab42ee9b7a4 - - default default] 10.0.0.37 "GET /v2.0/subnets?network_id=cde983e0-b7ea-4655-9953-6605f5ece5ea HTTP/1.1" status: 200 len: 820 time: 0.0448568
2026-05-25 01:51:28.774 10 INFO neutron.wsgi [None req-d176b214-beb4-4660-8fa6-9aeebe3a7bee 53f18046d52c400482b11640ef2110b5 8df1f8b2ac38411fbb2c2ab42ee9b7a4 - - default default] 10.0.0.37 "GET /v2.0/extensions HTTP/1.1" status: 200 len: 16975 time: 0.0056913
2026-05-25 01:51:28.903 10 INFO neutron.wsgi [None req-9cad360f-92bd-4b98-97fd-4c4c991f8903 53f18046d52c400482b11640ef2110b5 8df1f8b2ac38411fbb2c2ab42ee9b7a4 - - default default] 10.0.0.37 "GET /v2.0/networks HTTP/1.1" status: 200 len: 1503 time: 0.1198182
2026-05-25 01:51:28.940 9 INFO neutron.db.ovn_revision_numbers_db [None req-92d79873-812d-442b-ad11-8634e7e0c7af - - - - - -] Successfully bumped revision number for resource 9f8ff194-e185-4be8-aa10-8010e7ff6f8e (type: router_ports) to 3
2026-05-25 01:51:28.961 10 WARNING neutron.scheduler.dhcp_agent_scheduler [None req-e82e8db4-d20a-42e2-aa8c-d03a1e11ffe3 ff994470fd904093b708304cf8a60897 456e03986434431586b15bd72476bec4 - - default default] No more DHCP agents
2026-05-25 01:51:28.963 10 WARNING neutron.api.rpc.agentnotifiers.dhcp_rpc_agent_api [None req-e82e8db4-d20a-42e2-aa8c-d03a1e11ffe3 ff994470fd904093b708304cf8a60897 456e03986434431586b15bd72476bec4 - - default default] Unable to schedule network ec05ab3c-d571-4c3f-a786-3d0b54f2955c: no agents available; will retry on subsequent port and subnet creation events.
2026-05-25 01:51:28.970 9 INFO neutron.wsgi [None req-cb5ba633-fc3f-4710-972e-3dbe247b65a2 53f18046d52c400482b11640ef2110b5 8df1f8b2ac38411fbb2c2ab42ee9b7a4 - - default default] 10.0.0.37 "GET /v2.0/subnets HTTP/1.1" status: 200 len: 1428 time: 0.0555589
2026-05-25 01:51:28.976 9 INFO neutron.db.ovn_revision_numbers_db [None req-be8d3de0-ad46-458c-ab3a-3276ec32c1f3 baef6177ba6b47a4bc0d590c5b281e81 f7130fc5f1b34b508094540ca351522e - - default default] Successfully bumped revision number for resource 01eee877-2384-46bd-80bd-cc6c17c0b5eb (type: ports) to 1
2026-05-25 01:51:29.068 10 INFO neutron.wsgi [None req-6eb219b9-437d-4201-9e3f-629d448e7c91 53f18046d52c400482b11640ef2110b5 8df1f8b2ac38411fbb2c2ab42ee9b7a4 - - default default] 10.0.0.37 "GET /v2.0/networks/3de27089-bc4f-4e78-9454-0404c07df469 HTTP/1.1" status: 200 len: 862 time: 0.0867691
2026-05-25 01:51:29.088 10 INFO neutron.db.ovn_revision_numbers_db [None req-e82e8db4-d20a-42e2-aa8c-d03a1e11ffe3 ff994470fd904093b708304cf8a60897 456e03986434431586b15bd72476bec4 - - default default] Successfully bumped revision number for resource 5c97767c-8022-4b02-925b-f4cb68a80fc7 (type: ports) to 1
2026-05-25 01:51:29.127 10 INFO neutron.wsgi [None req-d22821f0-50be-4915-b024-67f10b15884a 53f18046d52c400482b11640ef2110b5 8df1f8b2ac38411fbb2c2ab42ee9b7a4 - - default default] 10.0.0.37 "GET /v2.0/subnets/348577d0-a355-42dd-a233-6b419cb0330a HTTP/1.1" status: 200 len: 811 time: 0.0519140
2026-05-25 01:51:29.135 10 INFO neutron.wsgi [None req-e82e8db4-d20a-42e2-aa8c-d03a1e11ffe3 ff994470fd904093b708304cf8a60897 456e03986434431586b15bd72476bec4 - - default default] 10.0.0.37 "POST /v2.0/networks HTTP/1.1" status: 201 len: 832 time: 0.8111084
2026-05-25 01:51:29.146 10 WARNING neutron_lib.context [None req-e76b899a-4745-4b07-927e-306fea8bee2b ff994470fd904093b708304cf8a60897 456e03986434431586b15bd72476bec4 - - default default] Method 'is_advsvc' is deprecated since 2023.2 release (neutron-lib 3.8.0) and will be removed once support for the old RBAC API policies will be removed from Neutron. Please use method 'is_service_role' instead.
2026-05-25 01:51:29.156 9 INFO neutron.pecan_wsgi.hooks.translation [None req-ecfb0eb8-0e12-4ed3-9b5d-7bcc8e7a9068 53f18046d52c400482b11640ef2110b5 8df1f8b2ac38411fbb2c2ab42ee9b7a4 - - default default] DELETE failed (client error): The resource could not be found.
2026-05-25 01:51:29.158 9 INFO neutron.wsgi [None req-ecfb0eb8-0e12-4ed3-9b5d-7bcc8e7a9068 53f18046d52c400482b11640ef2110b5 8df1f8b2ac38411fbb2c2ab42ee9b7a4 - - default default] 10.0.0.37 "DELETE /v2.0/subnets/ccb5fc96-04bf-4e73-835d-7d6d144d5351 HTTP/1.1" status: 404 len: 337 time: 0.0215323
2026-05-25 01:51:29.171 9 INFO neutron.db.ovn_revision_numbers_db [None req-92d79873-812d-442b-ad11-8634e7e0c7af - - - - - -] Successfully bumped revision number for resource 9f8ff194-e185-4be8-aa10-8010e7ff6f8e (type: ports) to 2
2026-05-25 01:51:29.179 9 INFO neutron.pecan_wsgi.hooks.translation [None req-a2ec07c9-2273-4a83-971a-40be435f39c5 53f18046d52c400482b11640ef2110b5 8df1f8b2ac38411fbb2c2ab42ee9b7a4 - - default default] DELETE failed (client error): The resource could not be found.
2026-05-25 01:51:29.181 9 INFO neutron.wsgi [None req-a2ec07c9-2273-4a83-971a-40be435f39c5 53f18046d52c400482b11640ef2110b5 8df1f8b2ac38411fbb2c2ab42ee9b7a4 - - default default] 10.0.0.37 "DELETE /v2.0/networks/92ee65ee-0702-420a-bfc9-34232f66ee53 HTTP/1.1" status: 404 len: 339 time: 0.0184629
2026-05-25 01:51:29.399 10 WARNING neutron.scheduler.dhcp_agent_scheduler [None req-e76b899a-4745-4b07-927e-306fea8bee2b ff994470fd904093b708304cf8a60897 456e03986434431586b15bd72476bec4 - - default default] No more DHCP agents
2026-05-25 01:51:29.401 10 WARNING neutron.api.rpc.agentnotifiers.dhcp_rpc_agent_api [None req-e76b899a-4745-4b07-927e-306fea8bee2b ff994470fd904093b708304cf8a60897 456e03986434431586b15bd72476bec4 - - default default] Unable to schedule network 806e1519-fecd-4c63-9d45-f680e1fbf21a: no agents available; will retry on subsequent port and subnet creation events.
2026-05-25 01:51:29.432 10 INFO neutron.db.ovn_revision_numbers_db [None req-e76b899a-4745-4b07-927e-306fea8bee2b ff994470fd904093b708304cf8a60897 456e03986434431586b15bd72476bec4 - - default default] Successfully bumped revision number for resource d4ab3918-0cbf-4b44-922e-d669ae02b469 (type: subnets) to 0
2026-05-25 01:51:29.446 10 INFO neutron.wsgi [None req-e76b899a-4745-4b07-927e-306fea8bee2b ff994470fd904093b708304cf8a60897 456e03986434431586b15bd72476bec4 - - default default] 10.0.0.37 "POST /v2.0/subnets HTTP/1.1" status: 201 len: 821 time: 0.3052433
2026-05-25 01:51:29.458 9 WARNING neutron_lib.context [None req-3ee05070-02b6-4daf-a2d1-1f395966d0d4 ff994470fd904093b708304cf8a60897 456e03986434431586b15bd72476bec4 - - default default] Method 'is_advsvc' is deprecated since 2023.2 release (neutron-lib 3.8.0) and will be removed once support for the old RBAC API policies will be removed from Neutron. Please use method 'is_service_role' instead.
2026-05-25 01:51:29.566 9 INFO neutron.wsgi [None req-a40d7d07-385c-438c-8dc9-b0342ef126f2 53f18046d52c400482b11640ef2110b5 8df1f8b2ac38411fbb2c2ab42ee9b7a4 - - default default] 10.0.0.37 "DELETE /v2.0/subnets/348577d0-a355-42dd-a233-6b419cb0330a HTTP/1.1" status: 204 len: 168 time: 0.3753271
2026-05-25 01:51:29.648 9 INFO neutron.db.ovn_revision_numbers_db [None req-be8d3de0-ad46-458c-ab3a-3276ec32c1f3 baef6177ba6b47a4bc0d590c5b281e81 f7130fc5f1b34b508094540ca351522e - - default default] Successfully bumped revision number for resource 01eee877-2384-46bd-80bd-cc6c17c0b5eb (type: router_ports) to 1
2026-05-25 01:51:29.708 9 INFO neutron.db.ovn_revision_numbers_db [None req-92d79873-812d-442b-ad11-8634e7e0c7af - - - - - -] Successfully bumped revision number for resource 9f8ff194-e185-4be8-aa10-8010e7ff6f8e (type: ports) to 4
2026-05-25 01:51:29.951 9 INFO neutron.db.ovn_revision_numbers_db [None req-be8d3de0-ad46-458c-ab3a-3276ec32c1f3 baef6177ba6b47a4bc0d590c5b281e81 f7130fc5f1b34b508094540ca351522e - - default default] Successfully bumped revision number for resource 01eee877-2384-46bd-80bd-cc6c17c0b5eb (type: ports) to 1
2026-05-25 01:51:29.966 9 WARNING neutron.scheduler.dhcp_agent_scheduler [None req-3ee05070-02b6-4daf-a2d1-1f395966d0d4 ff994470fd904093b708304cf8a60897 456e03986434431586b15bd72476bec4 - - default default] No more DHCP agents
2026-05-25 01:51:29.969 9 WARNING neutron.api.rpc.agentnotifiers.dhcp_rpc_agent_api [None req-3ee05070-02b6-4daf-a2d1-1f395966d0d4 ff994470fd904093b708304cf8a60897 456e03986434431586b15bd72476bec4 - - default default] Unable to schedule network ec05ab3c-d571-4c3f-a786-3d0b54f2955c: no agents available; will retry on subsequent port and subnet creation events.
2026-05-25 01:51:30.045 9 INFO neutron.db.ovn_revision_numbers_db [None req-3ee05070-02b6-4daf-a2d1-1f395966d0d4 ff994470fd904093b708304cf8a60897 456e03986434431586b15bd72476bec4 - - default default] Successfully bumped revision number for resource ed68e48e-38dd-4464-b56d-570276f68632 (type: subnets) to 0
2026-05-25 01:51:30.067 9 INFO neutron.wsgi [None req-3ee05070-02b6-4daf-a2d1-1f395966d0d4 ff994470fd904093b708304cf8a60897 456e03986434431586b15bd72476bec4 - - default default] 10.0.0.37 "POST /v2.0/subnets HTTP/1.1" status: 201 len: 830 time: 0.6152341
2026-05-25 01:51:30.068 9 INFO neutron.db.ovn_revision_numbers_db [None req-92d79873-812d-442b-ad11-8634e7e0c7af - - - - - -] Successfully bumped revision number for resource 9f8ff194-e185-4be8-aa10-8010e7ff6f8e (type: router_ports) to 4
2026-05-25 01:51:30.069 9 WARNING neutron.scheduler.dhcp_agent_scheduler [None req-be8d3de0-ad46-458c-ab3a-3276ec32c1f3 baef6177ba6b47a4bc0d590c5b281e81 f7130fc5f1b34b508094540ca351522e - - default default] No more DHCP agents
2026-05-25 01:51:30.070 9 WARNING neutron.api.rpc.agentnotifiers.dhcp_rpc_agent_api [None req-be8d3de0-ad46-458c-ab3a-3276ec32c1f3 baef6177ba6b47a4bc0d590c5b281e81 f7130fc5f1b34b508094540ca351522e - - default default] Unable to schedule network df536c8d-94c8-4d92-abd5-f897ec0283ca: no agents available; will retry on subsequent port and subnet creation events.
2026-05-25 01:51:30.097 9 WARNING neutron_lib.context [None req-269930dc-b4c5-443f-a4d5-b7183b2e7be1 ff994470fd904093b708304cf8a60897 456e03986434431586b15bd72476bec4 - - default default] Method 'is_advsvc' is deprecated since 2023.2 release (neutron-lib 3.8.0) and will be removed once support for the old RBAC API policies will be removed from Neutron. Please use method 'is_service_role' instead.
2026-05-25 01:51:30.203 9 INFO neutron.plugins.ml2.drivers.ovn.mech_driver.mech_driver [None req-2c1de30c-89f1-496d-a407-636249d36f82 - - - - - -] OVN reports status up for port: 01eee877-2384-46bd-80bd-cc6c17c0b5eb
2026-05-25 01:51:30.222 10 INFO neutron.wsgi [None req-d80fe8f3-2e3a-4a55-9bf5-4b6d3a7a097a 53f18046d52c400482b11640ef2110b5 8df1f8b2ac38411fbb2c2ab42ee9b7a4 - - default default] 10.0.0.37 "DELETE /v2.0/networks/3de27089-bc4f-4e78-9454-0404c07df469 HTTP/1.1" status: 204 len: 168 time: 0.6472204
2026-05-25 01:51:30.228 9 INFO neutron.plugins.ml2.plugin [None req-2c1de30c-89f1-496d-a407-636249d36f82 - - - - - -] Attempt 1 to provision port 01eee877-2384-46bd-80bd-cc6c17c0b5eb
2026-05-25 01:51:30.331 9 INFO neutron.db.ovn_revision_numbers_db [None req-269930dc-b4c5-443f-a4d5-b7183b2e7be1 ff994470fd904093b708304cf8a60897 456e03986434431586b15bd72476bec4 - - default default] Successfully bumped revision number for resource 0a8df429-4c1b-4b67-9574-3a101e42bea6 (type: routers) to 1
2026-05-25 01:51:30.361 9 INFO neutron.wsgi [None req-269930dc-b4c5-443f-a4d5-b7183b2e7be1 ff994470fd904093b708304cf8a60897 456e03986434431586b15bd72476bec4 - - default default] 10.0.0.37 "POST /v2.0/routers HTTP/1.1" status: 201 len: 690 time: 0.2804847
2026-05-25 01:51:30.507 10 INFO neutron.services.segments.plugin [-] Segment 0d6d28be-72cc-43df-b1a1-4619a67ace66 resource provider aggregate not found
2026-05-25 01:51:30.520 10 INFO neutron.services.segments.plugin [-] Segment 0d6d28be-72cc-43df-b1a1-4619a67ace66 resource provider aggregate not found
2026-05-25 01:51:30.526 10 INFO neutron.services.segments.plugin [-] Segment 0d6d28be-72cc-43df-b1a1-4619a67ace66 resource provider not found; error: Placement Client Error (4xx): {"errors": [{"status": 404, "title": "Not Found", "detail": "The resource could not be found.\n\n No resource provider with uuid 0d6d28be-72cc-43df-b1a1-4619a67ace66 found for delete ", "request_id": "req-c129e5ce-63d9-43e1-80eb-452ef40d7a34"}]}
2026-05-25 01:51:30.534 10 INFO neutron.services.segments.plugin [-] Segment 0d6d28be-72cc-43df-b1a1-4619a67ace66 resource provider not found; error: Placement Client Error (4xx): {"errors": [{"status": 404, "title": "Not Found", "detail": "The resource could not be found.\n\n No resource provider with uuid 0d6d28be-72cc-43df-b1a1-4619a67ace66 found for delete ", "request_id": "req-4a2b9aca-9ddd-41b8-bf48-2741bb9c000e"}]}
2026-05-25 01:51:30.969 9 INFO neutron.wsgi [None req-6465fbbc-06d9-4287-8725-46d5c9ef5cfd baef6177ba6b47a4bc0d590c5b281e81 f7130fc5f1b34b508094540ca351522e - - default default] 10.0.0.37 "GET /v2.0/security-groups?tenant_id=8df1f8b2ac38411fbb2c2ab42ee9b7a4&name=default HTTP/1.1" status: 200 len: 2996 time: 0.2123182
2026-05-25 01:51:31.168 9 INFO neutron.db.ovn_revision_numbers_db [None req-2c1de30c-89f1-496d-a407-636249d36f82 - - - - - -] Successfully bumped revision number for resource 01eee877-2384-46bd-80bd-cc6c17c0b5eb (type: ports) to 2
2026-05-25 01:51:31.185 10 INFO neutron.wsgi [None req-e58f010c-e525-485f-9c53-c8d0ef407913 baef6177ba6b47a4bc0d590c5b281e81 f7130fc5f1b34b508094540ca351522e - - default default] 10.0.0.37 "DELETE /v2.0/security-groups/648b952d-79e2-4cf4-b018-9c352d8ecf35 HTTP/1.1" status: 204 len: 168 time: 0.2114246
2026-05-25 01:51:31.342 9 WARNING neutron.scheduler.dhcp_agent_scheduler [None req-7d29865a-9431-4444-9046-7696f56cd5d4 ff994470fd904093b708304cf8a60897 456e03986434431586b15bd72476bec4 - - default default] No more DHCP agents
2026-05-25 01:51:31.346 9 WARNING neutron.api.rpc.agentnotifiers.dhcp_rpc_agent_api [None req-7d29865a-9431-4444-9046-7696f56cd5d4 ff994470fd904093b708304cf8a60897 456e03986434431586b15bd72476bec4 - - default default] Unable to schedule network 806e1519-fecd-4c63-9d45-f680e1fbf21a: no agents available; will retry on subsequent port and subnet creation events.
2026-05-25 01:51:31.351 9 INFO neutron.db.ovn_revision_numbers_db [None req-2c1de30c-89f1-496d-a407-636249d36f82 - - - - - -] Successfully bumped revision number for resource 01eee877-2384-46bd-80bd-cc6c17c0b5eb (type: router_ports) to 2
2026-05-25 01:51:31.434 9 INFO neutron.wsgi [None req-be8d3de0-ad46-458c-ab3a-3276ec32c1f3 baef6177ba6b47a4bc0d590c5b281e81 f7130fc5f1b34b508094540ca351522e - - default default] 10.0.0.37 "PUT /v2.0/routers/a6d41385-530a-43ad-9023-1741ebdab920/add_router_interface HTTP/1.1" status: 200 len: 503 time: 3.4859459
2026-05-25 01:51:31.549 9 INFO neutron.db.ovn_revision_numbers_db [None req-7d29865a-9431-4444-9046-7696f56cd5d4 ff994470fd904093b708304cf8a60897 456e03986434431586b15bd72476bec4 - - default default] Successfully bumped revision number for resource 8d0da2f0-4028-423f-ad51-dcd09090aa35 (type: ports) to 1
2026-05-25 01:51:31.913 10 INFO neutron.plugins.ml2.drivers.ovn.mech_driver.mech_driver [None req-e00c0a37-db8e-498e-82d3-58664569f0f0 - - - - - -] OVN reports status up for port: 8d0da2f0-4028-423f-ad51-dcd09090aa35
2026-05-25 01:51:31.923 10 INFO neutron.plugins.ml2.plugin [None req-e00c0a37-db8e-498e-82d3-58664569f0f0 - - - - - -] Attempt 1 to provision port 8d0da2f0-4028-423f-ad51-dcd09090aa35
2026-05-25 01:51:31.926 9 INFO neutron.db.ovn_revision_numbers_db [None req-7d29865a-9431-4444-9046-7696f56cd5d4 ff994470fd904093b708304cf8a60897 456e03986434431586b15bd72476bec4 - - default default] Successfully bumped revision number for resource 8d0da2f0-4028-423f-ad51-dcd09090aa35 (type: router_ports) to 1
2026-05-25 01:51:32.019 10 WARNING neutron_lib.context [None req-b39a025f-c41a-4181-a886-1621e1d8cc3c 20ed54c6a0834a5d953ba36f7b5cfbe6 ddd9427970be4cc4b37550538c8d7f6b - - default default] Method 'is_advsvc' is deprecated since 2023.2 release (neutron-lib 3.8.0) and will be removed once support for the old RBAC API policies will be removed from Neutron. Please use method 'is_service_role' instead.
2026-05-25 01:51:32.061 9 INFO neutron.db.ovn_revision_numbers_db [None req-7d29865a-9431-4444-9046-7696f56cd5d4 ff994470fd904093b708304cf8a60897 456e03986434431586b15bd72476bec4 - - default default] Successfully bumped revision number for resource 8d0da2f0-4028-423f-ad51-dcd09090aa35 (type: ports) to 1
2026-05-25 01:51:32.130 9 WARNING neutron.scheduler.dhcp_agent_scheduler [None req-7d29865a-9431-4444-9046-7696f56cd5d4 ff994470fd904093b708304cf8a60897 456e03986434431586b15bd72476bec4 - - default default] No more DHCP agents
2026-05-25 01:51:32.134 9 WARNING neutron.api.rpc.agentnotifiers.dhcp_rpc_agent_api [None req-7d29865a-9431-4444-9046-7696f56cd5d4 ff994470fd904093b708304cf8a60897 456e03986434431586b15bd72476bec4 - - default default] Unable to schedule network 806e1519-fecd-4c63-9d45-f680e1fbf21a: no agents available; will retry on subsequent port and subnet creation events.
2026-05-25 01:51:32.213 10 INFO neutron.db.ovn_revision_numbers_db [None req-b39a025f-c41a-4181-a886-1621e1d8cc3c 20ed54c6a0834a5d953ba36f7b5cfbe6 ddd9427970be4cc4b37550538c8d7f6b - - default default] Successfully bumped revision number for resource d07ad60b-bd4e-4faa-8ccd-0544e8b10cfb (type: security_groups) to 1
2026-05-25 01:51:32.234 10 INFO neutron.db.ovn_revision_numbers_db [None req-b39a025f-c41a-4181-a886-1621e1d8cc3c 20ed54c6a0834a5d953ba36f7b5cfbe6 ddd9427970be4cc4b37550538c8d7f6b - - default default] Successfully bumped revision number for resource 225d13d2-2370-43d1-9d94-04fc6c377331 (type: security_group_rules) to 0
