2026-09-03 17:42:18.802 10 INFO neutron.db.ovn_revision_numbers_db [None req-b564d090-1ae3-4181-a0d5-3e356df623fd d8b9b0875b844fafba2bfaf8a7e1dedf 57ca4d8e24c74339a816b42923f6f8b3 - - default default] Successfully bumped revision number for resource fddc7015-fc67-4d80-b99d-0e9b8d4c3ad4 (type: networks) to 1
2026-09-03 17:42:18.893 10 INFO neutron.wsgi [req-f3e0c4ba-6e97-4b9d-b533-0c4e7ee5dc71 req-fcc70dae-5b95-451a-a84d-37da2d037440 f5819a2f2a8749c38fb95b76bbcd2160 887e038d6e834fcea209985ffd812d91 - - default default] 10.0.0.45 "GET /v2.0/ports?device_id=3afd098e-6aa3-4c47-bb2f-aad916886090 HTTP/1.1" status: 200 len: 1170 time: 0.0578113
2026-09-03 17:42:18.962 10 INFO neutron.wsgi [req-f3e0c4ba-6e97-4b9d-b533-0c4e7ee5dc71 req-1a2c48c9-a1f8-4c42-b41f-fcd7bd3a9440 f5819a2f2a8749c38fb95b76bbcd2160 887e038d6e834fcea209985ffd812d91 - - default default] 10.0.0.45 "GET /v2.0/security-groups?id=d4d9034d-6688-4369-a180-2a52c15c91f8&fields=id&fields=name HTTP/1.1" status: 200 len: 286 time: 0.0635164
2026-09-03 17:42:19.098 10 WARNING neutron.scheduler.dhcp_agent_scheduler [None req-b564d090-1ae3-4181-a0d5-3e356df623fd d8b9b0875b844fafba2bfaf8a7e1dedf 57ca4d8e24c74339a816b42923f6f8b3 - - default default] No more DHCP agents
2026-09-03 17:42:19.103 10 WARNING neutron.api.rpc.agentnotifiers.dhcp_rpc_agent_api [None req-b564d090-1ae3-4181-a0d5-3e356df623fd d8b9b0875b844fafba2bfaf8a7e1dedf 57ca4d8e24c74339a816b42923f6f8b3 - - default default] Unable to schedule network fddc7015-fc67-4d80-b99d-0e9b8d4c3ad4: no agents available; will retry on subsequent port and subnet creation events.
2026-09-03 17:42:19.216 10 INFO neutron.db.ovn_revision_numbers_db [None req-b564d090-1ae3-4181-a0d5-3e356df623fd d8b9b0875b844fafba2bfaf8a7e1dedf 57ca4d8e24c74339a816b42923f6f8b3 - - default default] Successfully bumped revision number for resource 3e573be9-e9be-46ca-8aac-393bab1e2c2e (type: ports) to 1
2026-09-03 17:42:19.237 10 INFO neutron.wsgi [None req-b564d090-1ae3-4181-a0d5-3e356df623fd d8b9b0875b844fafba2bfaf8a7e1dedf 57ca4d8e24c74339a816b42923f6f8b3 - - default default] 10.0.0.221 "POST /v2.0/networks HTTP/1.1" status: 201 len: 844 time: 1.3867369 /var/lib/openstack/lib/python3.10/site-packages/pycadf/identifier.py:71: UserWarning: Invalid uuid: neutron. To ensure interoperability, identifiers should be a valid uuid. warnings.warn(('Invalid uuid: %s. To ensure interoperability, '
2026-09-03 17:42:19.425 9 INFO neutron.db.ovn_revision_numbers_db [None req-783cad57-07d6-4a57-a68c-47efa3ee551e 8683bf07304f4692a042f736afa186f7 33988093ee3443979a0495eacaa13164 - - default default] Successfully bumped revision number for resource 0906e091-4ac0-471a-8bd1-4ecdbd00b9e7 (type: security_groups) to 1
2026-09-03 17:42:19.443 9 INFO neutron.db.ovn_revision_numbers_db [None req-783cad57-07d6-4a57-a68c-47efa3ee551e 8683bf07304f4692a042f736afa186f7 33988093ee3443979a0495eacaa13164 - - default default] Successfully bumped revision number for resource a85613a8-dfa4-40c3-a9d1-3598d38c4573 (type: security_group_rules) to 0
2026-09-03 17:42:19.459 9 INFO neutron.db.ovn_revision_numbers_db [None req-783cad57-07d6-4a57-a68c-47efa3ee551e 8683bf07304f4692a042f736afa186f7 33988093ee3443979a0495eacaa13164 - - default default] Successfully bumped revision number for resource b91da4a2-0856-4d15-b7ab-bcbfaeae188b (type: security_group_rules) to 0
2026-09-03 17:42:19.481 9 INFO neutron.db.ovn_revision_numbers_db [None req-783cad57-07d6-4a57-a68c-47efa3ee551e 8683bf07304f4692a042f736afa186f7 33988093ee3443979a0495eacaa13164 - - default default] Successfully bumped revision number for resource e740fdcd-374f-4837-8a9b-4eeb74510753 (type: security_group_rules) to 0
2026-09-03 17:42:19.498 9 INFO neutron.db.ovn_revision_numbers_db [None req-783cad57-07d6-4a57-a68c-47efa3ee551e 8683bf07304f4692a042f736afa186f7 33988093ee3443979a0495eacaa13164 - - default default] Successfully bumped revision number for resource eb828914-7fed-40b5-a53d-4f44a4a0feff (type: security_group_rules) to 0
2026-09-03 17:42:19.524 9 INFO neutron.wsgi [None req-783cad57-07d6-4a57-a68c-47efa3ee551e 8683bf07304f4692a042f736afa186f7 33988093ee3443979a0495eacaa13164 - - default default] 10.0.0.221 "GET /v2.0/security-groups?tenant_id=7d81f6936e914ccc8ac1fe841100ce04&name=default HTTP/1.1" status: 200 len: 2996 time: 0.4186885 /var/lib/openstack/lib/python3.10/site-packages/pycadf/identifier.py:71: UserWarning: Invalid uuid: neutron. To ensure interoperability, identifiers should be a valid uuid. warnings.warn(('Invalid uuid: %s. To ensure interoperability, '
2026-09-03 17:42:19.619 9 INFO neutron.plugins.ml2.drivers.ovn.mech_driver.mech_driver [None req-fe415599-5e44-400f-bc45-131f6f4fdd6c - - - - - -] OVN reports status down for port: b5cecadd-c710-4e6e-9298-94c7df45ca69
2026-09-03 17:42:19.620 10 WARNING neutron.scheduler.dhcp_agent_scheduler [None req-f3b69552-e6b9-45e7-9b4b-8ab509de8448 d8b9b0875b844fafba2bfaf8a7e1dedf 57ca4d8e24c74339a816b42923f6f8b3 - - default default] No more DHCP agents
2026-09-03 17:42:19.623 10 WARNING neutron.api.rpc.agentnotifiers.dhcp_rpc_agent_api [None req-f3b69552-e6b9-45e7-9b4b-8ab509de8448 d8b9b0875b844fafba2bfaf8a7e1dedf 57ca4d8e24c74339a816b42923f6f8b3 - - default default] Unable to schedule network fddc7015-fc67-4d80-b99d-0e9b8d4c3ad4: no agents available; will retry on subsequent port and subnet creation events.
2026-09-03 17:42:19.702 10 INFO neutron.wsgi [req-0a366dca-86e8-4cbb-80ef-0c8a3bb307ab req-9f5d7bc7-dadd-4073-a817-a85930b45885 f5819a2f2a8749c38fb95b76bbcd2160 887e038d6e834fcea209985ffd812d91 - - default default] 10.0.0.45 "GET /v2.0/ports?device_id=3afd098e-6aa3-4c47-bb2f-aad916886090 HTTP/1.1" status: 200 len: 1170 time: 0.1062839
2026-09-03 17:42:19.715 10 INFO neutron.db.ovn_revision_numbers_db [None req-f3b69552-e6b9-45e7-9b4b-8ab509de8448 d8b9b0875b844fafba2bfaf8a7e1dedf 57ca4d8e24c74339a816b42923f6f8b3 - - default default] Successfully bumped revision number for resource 4ac46121-6548-4c3c-9f09-0cbfee043ba1 (type: ports) to 1 /var/lib/openstack/lib/python3.10/site-packages/pycadf/identifier.py:71: UserWarning: Invalid uuid: neutron. To ensure interoperability, identifiers should be a valid uuid. warnings.warn(('Invalid uuid: %s. To ensure interoperability, '
2026-09-03 17:42:19.749 10 INFO neutron.wsgi [None req-f3b69552-e6b9-45e7-9b4b-8ab509de8448 d8b9b0875b844fafba2bfaf8a7e1dedf 57ca4d8e24c74339a816b42923f6f8b3 - - default default] 10.0.0.221 "POST /v2.0/ports HTTP/1.1" status: 201 len: 974 time: 0.5000644
2026-09-03 17:42:19.765 10 INFO neutron.wsgi [req-0a366dca-86e8-4cbb-80ef-0c8a3bb307ab req-fc8c11d2-50dc-4d67-b675-2036480654b3 f5819a2f2a8749c38fb95b76bbcd2160 887e038d6e834fcea209985ffd812d91 - - default default] 10.0.0.45 "GET /v2.0/security-groups?id=d4d9034d-6688-4369-a180-2a52c15c91f8&fields=id&fields=name HTTP/1.1" status: 200 len: 286 time: 0.0516186
2026-09-03 17:42:19.843 9 INFO neutron.wsgi [None req-1dfbb738-5e62-4466-b244-bebb0f7a466f 8683bf07304f4692a042f736afa186f7 33988093ee3443979a0495eacaa13164 - - default default] 10.0.0.221 "DELETE /v2.0/security-groups/0906e091-4ac0-471a-8bd1-4ecdbd00b9e7 HTTP/1.1" status: 204 len: 168 time: 0.3133667
2026-09-03 17:42:19.870 10 INFO neutron.db.segments_db [None req-1fafb6a0-4c3c-4ae9-9e71-6fa435c17bdc d8b9b0875b844fafba2bfaf8a7e1dedf 57ca4d8e24c74339a816b42923f6f8b3 - - default default] Added segment 8e5738c5-cb62-47fe-b478-118a14deb1f2 of type geneve for network 723180e3-b09c-48c6-bf40-057aa6c979c9
2026-09-03 17:42:19.981 9 INFO neutron.db.ovn_revision_numbers_db [None req-fe415599-5e44-400f-bc45-131f6f4fdd6c - - - - - -] Successfully bumped revision number for resource b5cecadd-c710-4e6e-9298-94c7df45ca69 (type: ports) to 5
2026-09-03 17:42:19.996 9 INFO neutron.wsgi [req-61f0c139-57aa-402f-ad12-66ca18cb85ac req-c3d2008d-6c85-4323-80df-2f3c0aa45fe6 f5819a2f2a8749c38fb95b76bbcd2160 887e038d6e834fcea209985ffd812d91 - - default default] 162.253.55.242 "GET /v2.0/ports?device_id=3afd098e-6aa3-4c47-bb2f-aad916886090 HTTP/1.1" status: 200 len: 1168 time: 0.0912237
2026-09-03 17:42:20.016 10 INFO neutron.db.ovn_revision_numbers_db [None req-1fafb6a0-4c3c-4ae9-9e71-6fa435c17bdc d8b9b0875b844fafba2bfaf8a7e1dedf 57ca4d8e24c74339a816b42923f6f8b3 - - default default] Successfully bumped revision number for resource 723180e3-b09c-48c6-bf40-057aa6c979c9 (type: networks) to 1
2026-09-03 17:42:20.178 10 WARNING neutron.scheduler.dhcp_agent_scheduler [None req-1fafb6a0-4c3c-4ae9-9e71-6fa435c17bdc d8b9b0875b844fafba2bfaf8a7e1dedf 57ca4d8e24c74339a816b42923f6f8b3 - - default default] No more DHCP agents
2026-09-03 17:42:20.180 10 WARNING neutron.api.rpc.agentnotifiers.dhcp_rpc_agent_api [None req-1fafb6a0-4c3c-4ae9-9e71-6fa435c17bdc d8b9b0875b844fafba2bfaf8a7e1dedf 57ca4d8e24c74339a816b42923f6f8b3 - - default default] Unable to schedule network 723180e3-b09c-48c6-bf40-057aa6c979c9: no agents available; will retry on subsequent port and subnet creation events.
2026-09-03 17:42:20.243 9 INFO neutron.wsgi [req-61f0c139-57aa-402f-ad12-66ca18cb85ac req-97f3b7a8-799f-4609-ab5c-0a3b319731bc f5819a2f2a8749c38fb95b76bbcd2160 887e038d6e834fcea209985ffd812d91 - - default default] 162.253.55.242 "DELETE /v2.0/ports/b5cecadd-c710-4e6e-9298-94c7df45ca69 HTTP/1.1" status: 204 len: 173 time: 0.2413476
2026-09-03 17:42:20.257 10 INFO neutron.db.ovn_revision_numbers_db [None req-1fafb6a0-4c3c-4ae9-9e71-6fa435c17bdc d8b9b0875b844fafba2bfaf8a7e1dedf 57ca4d8e24c74339a816b42923f6f8b3 - - default default] Successfully bumped revision number for resource 7ddaa293-36aa-448a-a3da-b9bfbc54d999 (type: ports) to 1
2026-09-03 17:42:20.276 10 INFO neutron.wsgi [None req-1fafb6a0-4c3c-4ae9-9e71-6fa435c17bdc d8b9b0875b844fafba2bfaf8a7e1dedf 57ca4d8e24c74339a816b42923f6f8b3 - - default default] 10.0.0.221 "POST /v2.0/networks HTTP/1.1" status: 201 len: 831 time: 0.5151532
2026-09-03 17:42:20.579 9 INFO neutron.notifiers.nova [-] Nova event matching ['req-a0b000fa-c79c-49f4-8bd6-79d6952ededf'] response: {'server_uuid': '3afd098e-6aa3-4c47-bb2f-aad916886090', 'name': 'network-vif-unplugged', 'status': 'completed', 'tag': 'b5cecadd-c710-4e6e-9298-94c7df45ca69', 'code': 200}
2026-09-03 17:42:20.579 9 INFO neutron.notifiers.nova [-] Nova event matching ['req-a0b000fa-c79c-49f4-8bd6-79d6952ededf'] response: {'server_uuid': '3afd098e-6aa3-4c47-bb2f-aad916886090', 'name': 'network-vif-plugged', 'status': 'completed', 'tag': 'b5cecadd-c710-4e6e-9298-94c7df45ca69', 'code': 200}
2026-09-03 17:42:20.580 9 INFO neutron.notifiers.nova [-] Nova event matching ['req-a0b000fa-c79c-49f4-8bd6-79d6952ededf'] response: {'server_uuid': '3afd098e-6aa3-4c47-bb2f-aad916886090', 'name': 'network-vif-deleted', 'tag': 'b5cecadd-c710-4e6e-9298-94c7df45ca69', 'status': 'completed', 'code': 200}
2026-09-03 17:42:20.603 10 WARNING neutron.scheduler.dhcp_agent_scheduler [None req-22134638-b136-49d9-9927-d078a88e7d10 d8b9b0875b844fafba2bfaf8a7e1dedf 57ca4d8e24c74339a816b42923f6f8b3 - - default default] No more DHCP agents
2026-09-03 17:42:20.604 10 WARNING neutron.api.rpc.agentnotifiers.dhcp_rpc_agent_api [None req-22134638-b136-49d9-9927-d078a88e7d10 d8b9b0875b844fafba2bfaf8a7e1dedf 57ca4d8e24c74339a816b42923f6f8b3 - - default default] Unable to schedule network 723180e3-b09c-48c6-bf40-057aa6c979c9: no agents available; will retry on subsequent port and subnet creation events.
2026-09-03 17:42:21.000 10 INFO neutron.db.ovn_revision_numbers_db [None req-22134638-b136-49d9-9927-d078a88e7d10 d8b9b0875b844fafba2bfaf8a7e1dedf 57ca4d8e24c74339a816b42923f6f8b3 - - default default] Successfully bumped revision number for resource 7ddaa293-36aa-448a-a3da-b9bfbc54d999 (type: ports) to 2
2026-09-03 17:42:21.035 10 INFO neutron.db.ovn_revision_numbers_db [None req-22134638-b136-49d9-9927-d078a88e7d10 d8b9b0875b844fafba2bfaf8a7e1dedf 57ca4d8e24c74339a816b42923f6f8b3 - - default default] Successfully bumped revision number for resource 472aa718-661d-4448-98e4-ef59b808f3e5 (type: subnets) to 0
2026-09-03 17:42:21.048 10 INFO neutron.wsgi [None req-22134638-b136-49d9-9927-d078a88e7d10 d8b9b0875b844fafba2bfaf8a7e1dedf 57ca4d8e24c74339a816b42923f6f8b3 - - default default] 10.0.0.221 "POST /v2.0/subnets HTTP/1.1" status: 201 len: 801 time: 0.7672281
2026-09-03 17:42:21.355 10 WARNING neutron.scheduler.dhcp_agent_scheduler [None req-dbcaedbb-26e2-49cb-9e89-a379eb82ff16 d8b9b0875b844fafba2bfaf8a7e1dedf 57ca4d8e24c74339a816b42923f6f8b3 - - default default] No more DHCP agents
2026-09-03 17:42:21.358 10 WARNING neutron.api.rpc.agentnotifiers.dhcp_rpc_agent_api [None req-dbcaedbb-26e2-49cb-9e89-a379eb82ff16 d8b9b0875b844fafba2bfaf8a7e1dedf 57ca4d8e24c74339a816b42923f6f8b3 - - default default] Unable to schedule network 723180e3-b09c-48c6-bf40-057aa6c979c9: no agents available; will retry on subsequent port and subnet creation events.
2026-09-03 17:42:21.526 10 INFO neutron.db.ovn_revision_numbers_db [None req-dbcaedbb-26e2-49cb-9e89-a379eb82ff16 d8b9b0875b844fafba2bfaf8a7e1dedf 57ca4d8e24c74339a816b42923f6f8b3 - - default default] Successfully bumped revision number for resource 7349caba-8297-49f2-9ddd-76ddc2132675 (type: ports) to 1
2026-09-03 17:42:21.543 10 INFO neutron.wsgi [None req-dbcaedbb-26e2-49cb-9e89-a379eb82ff16 d8b9b0875b844fafba2bfaf8a7e1dedf 57ca4d8e24c74339a816b42923f6f8b3 - - default default] 10.0.0.221 "POST /v2.0/ports HTTP/1.1" status: 201 len: 1152 time: 0.4893293 /var/lib/openstack/lib/python3.10/site-packages/pycadf/identifier.py:71: UserWarning: Invalid uuid: neutron. To ensure interoperability, identifiers should be a valid uuid. warnings.warn(('Invalid uuid: %s. To ensure interoperability, '
2026-09-03 17:42:21.917 9 INFO neutron.wsgi [None req-8b1c7030-4b71-45de-9328-577e028669f6 d8b9b0875b844fafba2bfaf8a7e1dedf 57ca4d8e24c74339a816b42923f6f8b3 - - default default] 10.0.0.221 "DELETE /v2.0/ports/7349caba-8297-49f2-9ddd-76ddc2132675 HTTP/1.1" status: 204 len: 168 time: 0.3673677 /var/lib/openstack/lib/python3.10/site-packages/pycadf/identifier.py:71: UserWarning: Invalid uuid: neutron. To ensure interoperability, identifiers should be a valid uuid. warnings.warn(('Invalid uuid: %s. To ensure interoperability, '
2026-09-03 17:42:21.943 10 INFO neutron.pecan_wsgi.hooks.translation [None req-72636bae-6e81-49e1-a3c5-3f597975cb01 d8b9b0875b844fafba2bfaf8a7e1dedf 57ca4d8e24c74339a816b42923f6f8b3 - - default default] DELETE failed (client error): The resource could not be found.
2026-09-03 17:42:21.946 10 INFO neutron.wsgi [None req-72636bae-6e81-49e1-a3c5-3f597975cb01 d8b9b0875b844fafba2bfaf8a7e1dedf 57ca4d8e24c74339a816b42923f6f8b3 - - default default] 10.0.0.221 "DELETE /v2.0/ports/7349caba-8297-49f2-9ddd-76ddc2132675 HTTP/1.1" status: 404 len: 333 time: 0.0201972
2026-09-03 17:42:21.970 9 INFO neutron.pecan_wsgi.hooks.translation [None req-d3339244-6e9d-4bf5-a1a0-0a1ee607c1eb d8b9b0875b844fafba2bfaf8a7e1dedf 57ca4d8e24c74339a816b42923f6f8b3 - - default default] GET failed (client error): The resource could not be found.
2026-09-03 17:42:21.972 9 INFO neutron.wsgi [None req-d3339244-6e9d-4bf5-a1a0-0a1ee607c1eb d8b9b0875b844fafba2bfaf8a7e1dedf 57ca4d8e24c74339a816b42923f6f8b3 - - default default] 10.0.0.221 "GET /v2.0/ports/7349caba-8297-49f2-9ddd-76ddc2132675 HTTP/1.1" status: 404 len: 333 time: 0.0195556
2026-09-03 17:42:22.156 9 INFO neutron.wsgi [None req-2082453c-8508-4edc-aebd-72da320c68de d8b9b0875b844fafba2bfaf8a7e1dedf 57ca4d8e24c74339a816b42923f6f8b3 - - default default] 10.0.0.221 "DELETE /v2.0/subnets/472aa718-661d-4448-98e4-ef59b808f3e5 HTTP/1.1" status: 204 len: 168 time: 0.1792953
2026-09-03 17:42:22.495 9 INFO neutron.services.segments.plugin [-] Segment 8e5738c5-cb62-47fe-b478-118a14deb1f2 resource provider aggregate not found
2026-09-03 17:42:22.510 9 INFO neutron.services.segments.plugin [-] Segment 8e5738c5-cb62-47fe-b478-118a14deb1f2 resource provider aggregate not found
2026-09-03 17:42:22.523 9 INFO neutron.services.segments.plugin [-] Segment 8e5738c5-cb62-47fe-b478-118a14deb1f2 resource provider not found; error: Placement Client Error (4xx): {"errors": [{"status": 404, "title": "Not Found", "detail": "The resource could not be found.\n\n No resource provider with uuid 8e5738c5-cb62-47fe-b478-118a14deb1f2 found for delete ", "request_id": "req-7e83cec6-f0ed-445f-bd74-05301cd71b4b"}]}
2026-09-03 17:42:22.534 9 INFO neutron.services.segments.plugin [-] Segment 8e5738c5-cb62-47fe-b478-118a14deb1f2 resource provider not found; error: Placement Client Error (4xx): {"errors": [{"status": 404, "title": "Not Found", "detail": "The resource could not be found.\n\n No resource provider with uuid 8e5738c5-cb62-47fe-b478-118a14deb1f2 found for delete ", "request_id": "req-2d5f0bfe-ea83-4387-adc6-1fb060208e5c"}]}
2026-09-03 17:42:22.554 9 INFO neutron.wsgi [None req-6ca4ded4-8e48-4ed3-a0e0-ffd233cba429 d8b9b0875b844fafba2bfaf8a7e1dedf 57ca4d8e24c74339a816b42923f6f8b3 - - default default] 10.0.0.221 "DELETE /v2.0/networks/723180e3-b09c-48c6-bf40-057aa6c979c9 HTTP/1.1" status: 204 len: 168 time: 0.3922205
2026-09-03 17:42:22.653 9 INFO neutron.db.segments_db [None req-a339798a-4ccc-4339-9ef2-3bd95800a0e7 d8b9b0875b844fafba2bfaf8a7e1dedf 57ca4d8e24c74339a816b42923f6f8b3 - - default default] Added segment f0038d68-4492-4b2b-a61c-f99f250216aa of type geneve for network f5da83c0-fe9d-471f-be0f-c25de47ab719
2026-09-03 17:42:22.785 9 INFO neutron.db.ovn_revision_numbers_db [None req-a339798a-4ccc-4339-9ef2-3bd95800a0e7 d8b9b0875b844fafba2bfaf8a7e1dedf 57ca4d8e24c74339a816b42923f6f8b3 - - default default] Successfully bumped revision number for resource f5da83c0-fe9d-471f-be0f-c25de47ab719 (type: networks) to 1
2026-09-03 17:42:22.892 10 INFO neutron.wsgi [None req-3c19bdf4-5ec1-4674-8cab-c46b2c9a44ef 8683bf07304f4692a042f736afa186f7 33988093ee3443979a0495eacaa13164 - - default default] 10.0.0.221 "PUT /v2.0/routers/2891319a-c175-401a-a583-d3e72dd5aaa1/remove_router_interface HTTP/1.1" status: 200 len: 503 time: 0.8419030 /var/lib/openstack/lib/python3.10/site-packages/pycadf/identifier.py:71: UserWarning: Invalid uuid: neutron. To ensure interoperability, identifiers should be a valid uuid. warnings.warn(('Invalid uuid: %s. To ensure interoperability, '
2026-09-03 17:42:22.936 9 WARNING neutron.scheduler.dhcp_agent_scheduler [None req-a339798a-4ccc-4339-9ef2-3bd95800a0e7 d8b9b0875b844fafba2bfaf8a7e1dedf 57ca4d8e24c74339a816b42923f6f8b3 - - default default] No more DHCP agents
2026-09-03 17:42:22.938 9 WARNING neutron.api.rpc.agentnotifiers.dhcp_rpc_agent_api [None req-a339798a-4ccc-4339-9ef2-3bd95800a0e7 d8b9b0875b844fafba2bfaf8a7e1dedf 57ca4d8e24c74339a816b42923f6f8b3 - - default default] Unable to schedule network f5da83c0-fe9d-471f-be0f-c25de47ab719: no agents available; will retry on subsequent port and subnet creation events.
2026-09-03 17:42:23.031 9 INFO neutron.db.ovn_revision_numbers_db [None req-a339798a-4ccc-4339-9ef2-3bd95800a0e7 d8b9b0875b844fafba2bfaf8a7e1dedf 57ca4d8e24c74339a816b42923f6f8b3 - - default default] Successfully bumped revision number for resource 3317f38f-b87c-47e5-9164-bf16cf49ead9 (type: ports) to 1
2026-09-03 17:42:23.049 9 INFO neutron.wsgi [None req-a339798a-4ccc-4339-9ef2-3bd95800a0e7 d8b9b0875b844fafba2bfaf8a7e1dedf 57ca4d8e24c74339a816b42923f6f8b3 - - default default] 10.0.0.221 "POST /v2.0/networks HTTP/1.1" status: 201 len: 830 time: 0.4876320
2026-09-03 17:42:23.354 10 WARNING neutron.scheduler.dhcp_agent_scheduler [None req-70cbc55e-f1bd-4331-87d0-5375ac9b4f30 d8b9b0875b844fafba2bfaf8a7e1dedf 57ca4d8e24c74339a816b42923f6f8b3 - - default default] No more DHCP agents
2026-09-03 17:42:23.356 10 WARNING neutron.api.rpc.agentnotifiers.dhcp_rpc_agent_api [None req-70cbc55e-f1bd-4331-87d0-5375ac9b4f30 d8b9b0875b844fafba2bfaf8a7e1dedf 57ca4d8e24c74339a816b42923f6f8b3 - - default default] Unable to schedule network f5da83c0-fe9d-471f-be0f-c25de47ab719: no agents available; will retry on subsequent port and subnet creation events.
2026-09-03 17:42:24.232 10 INFO neutron.wsgi [None req-69a48a43-5418-43bd-b80b-9684cc5ab23e 8683bf07304f4692a042f736afa186f7 33988093ee3443979a0495eacaa13164 - - default default] 10.0.0.221 "DELETE /v2.0/routers/2891319a-c175-401a-a583-d3e72dd5aaa1 HTTP/1.1" status: 204 len: 168 time: 1.3333187
2026-09-03 17:42:24.502 10 INFO neutron.db.ovn_revision_numbers_db [None req-70cbc55e-f1bd-4331-87d0-5375ac9b4f30 d8b9b0875b844fafba2bfaf8a7e1dedf 57ca4d8e24c74339a816b42923f6f8b3 - - default default] Successfully bumped revision number for resource 3317f38f-b87c-47e5-9164-bf16cf49ead9 (type: ports) to 2
2026-09-03 17:42:24.518 9 INFO neutron.wsgi [None req-9473849b-e0ca-48a6-bdb9-2c7f095b229f 8683bf07304f4692a042f736afa186f7 33988093ee3443979a0495eacaa13164 - - default default] 10.0.0.221 "DELETE /v2.0/subnets/b4b0a67a-6e11-4ad4-a04f-1e28a1d72233 HTTP/1.1" status: 204 len: 168 time: 0.2812436
2026-09-03 17:42:24.546 10 INFO neutron.db.ovn_revision_numbers_db [None req-70cbc55e-f1bd-4331-87d0-5375ac9b4f30 d8b9b0875b844fafba2bfaf8a7e1dedf 57ca4d8e24c74339a816b42923f6f8b3 - - default default] Successfully bumped revision number for resource 3f61b364-d510-48c0-94db-268ca4aa5841 (type: subnets) to 0
2026-09-03 17:42:24.577 10 INFO neutron.wsgi [None req-70cbc55e-f1bd-4331-87d0-5375ac9b4f30 d8b9b0875b844fafba2bfaf8a7e1dedf 57ca4d8e24c74339a816b42923f6f8b3 - - default default] 10.0.0.221 "POST /v2.0/subnets HTTP/1.1" status: 201 len: 801 time: 1.5220397
2026-09-03 17:42:25.042 10 INFO neutron.db.ovn_revision_numbers_db [None req-a8d6d525-03ee-47bd-b4fa-db394e009311 517324676e864380a7fdf5c9b595bf62 790b45e4a6e842158a6a10562c9a516e - - default default] Successfully bumped revision number for resource 2197fad4-8163-4ee1-b360-e63e993e9ae5 (type: security_groups) to 1
2026-09-03 17:42:25.067 10 INFO neutron.db.ovn_revision_numbers_db [None req-a8d6d525-03ee-47bd-b4fa-db394e009311 517324676e864380a7fdf5c9b595bf62 790b45e4a6e842158a6a10562c9a516e - - default default] Successfully bumped revision number for resource 102f7706-544c-4592-be19-af7a2876d937 (type: security_group_rules) to 0
2026-09-03 17:42:25.100 10 INFO neutron.db.ovn_revision_numbers_db [None req-a8d6d525-03ee-47bd-b4fa-db394e009311 517324676e864380a7fdf5c9b595bf62 790b45e4a6e842158a6a10562c9a516e - - default default] Successfully bumped revision number for resource a8400b79-ab9a-492e-985d-cbeb33cd6c16 (type: security_group_rules) to 0
2026-09-03 17:42:25.121 10 INFO neutron.db.ovn_revision_numbers_db [None req-a8d6d525-03ee-47bd-b4fa-db394e009311 517324676e864380a7fdf5c9b595bf62 790b45e4a6e842158a6a10562c9a516e - - default default] Successfully bumped revision number for resource e7b58f0c-b91f-44be-a433-6d7c25bd8059 (type: security_group_rules) to 0
2026-09-03 17:42:25.155 10 INFO neutron.db.ovn_revision_numbers_db [None req-a8d6d525-03ee-47bd-b4fa-db394e009311 517324676e864380a7fdf5c9b595bf62 790b45e4a6e842158a6a10562c9a516e - - default default] Successfully bumped revision number for resource f83e3c59-94d2-4f24-b7dd-149dd88f036a (type: security_group_rules) to 0
2026-09-03 17:42:25.212 10 INFO neutron.services.segments.plugin [-] Segment 0fa1d46e-2147-49e2-9967-be94c9922258 resource provider aggregate not found
2026-09-03 17:42:25.217 10 INFO neutron.services.segments.plugin [-] Segment 0fa1d46e-2147-49e2-9967-be94c9922258 resource provider aggregate not found
2026-09-03 17:42:25.232 10 INFO neutron.db.segments_db [None req-a8d6d525-03ee-47bd-b4fa-db394e009311 517324676e864380a7fdf5c9b595bf62 790b45e4a6e842158a6a10562c9a516e - - default default] Added segment 9254bdaf-f8a0-46ab-a7ff-19b87a7ee058 of type geneve for network adeae5c1-a475-4850-a81c-6c7c539821d7
2026-09-03 17:42:25.236 10 INFO neutron.services.segments.plugin [-] Segment 0fa1d46e-2147-49e2-9967-be94c9922258 resource provider not found; error: Placement Client Error (4xx): {"errors": [{"status": 404, "title": "Not Found", "detail": "The resource could not be found.\n\n No resource provider with uuid 0fa1d46e-2147-49e2-9967-be94c9922258 found for delete ", "request_id": "req-20e81fca-d925-49e0-877f-db059ab60529"}]}
2026-09-03 17:42:25.241 10 INFO neutron.services.segments.plugin [-] Segment 0fa1d46e-2147-49e2-9967-be94c9922258 resource provider not found; error: Placement Client Error (4xx): {"errors": [{"status": 404, "title": "Not Found", "detail": "The resource could not be found.\n\n No resource provider with uuid 0fa1d46e-2147-49e2-9967-be94c9922258 found for delete ", "request_id": "req-aa05f6c4-d8da-43d3-8c4c-97eef1e761e3"}]}
2026-09-03 17:42:25.243 10 WARNING neutron.scheduler.dhcp_agent_scheduler [None req-d6785c04-f79b-42c2-ad2d-3d8acbeca24f d8b9b0875b844fafba2bfaf8a7e1dedf 57ca4d8e24c74339a816b42923f6f8b3 - - default default] No more DHCP agents
2026-09-03 17:42:25.254 10 WARNING neutron.api.rpc.agentnotifiers.dhcp_rpc_agent_api [None req-d6785c04-f79b-42c2-ad2d-3d8acbeca24f d8b9b0875b844fafba2bfaf8a7e1dedf 57ca4d8e24c74339a816b42923f6f8b3 - - default default] Unable to schedule network f5da83c0-fe9d-471f-be0f-c25de47ab719: no agents available; will retry on subsequent port and subnet creation events.
2026-09-03 17:42:25.287 10 INFO neutron.wsgi [None req-d65f5382-9d27-4023-a685-965d29db6276 8683bf07304f4692a042f736afa186f7 33988093ee3443979a0495eacaa13164 - - default default] 10.0.0.221 "DELETE /v2.0/networks/924a383e-1d33-4444-8c76-d154df0bd334 HTTP/1.1" status: 204 len: 168 time: 0.7597687
2026-09-03 17:42:25.388 10 INFO neutron.db.ovn_revision_numbers_db [None req-a8d6d525-03ee-47bd-b4fa-db394e009311 517324676e864380a7fdf5c9b595bf62 790b45e4a6e842158a6a10562c9a516e - - default default] Successfully bumped revision number for resource adeae5c1-a475-4850-a81c-6c7c539821d7 (type: networks) to 1
2026-09-03 17:42:25.551 10 INFO neutron.db.ovn_revision_numbers_db [None req-d6785c04-f79b-42c2-ad2d-3d8acbeca24f d8b9b0875b844fafba2bfaf8a7e1dedf 57ca4d8e24c74339a816b42923f6f8b3 - - default default] Successfully bumped revision number for resource da7be69c-3ef0-4944-88f0-20863b8501fe (type: ports) to 1
2026-09-03 17:42:25.557 9 INFO neutron.wsgi [None req-15fc511f-48f7-47b1-b55f-c512920e19b0 8683bf07304f4692a042f736afa186f7 33988093ee3443979a0495eacaa13164 - - default default] 10.0.0.221 "GET /v2.0/security-groups?tenant_id=887e038d6e834fcea209985ffd812d91&name=default HTTP/1.1" status: 200 len: 2996 time: 0.0387051
2026-09-03 17:42:25.604 10 INFO neutron.wsgi [None req-d6785c04-f79b-42c2-ad2d-3d8acbeca24f d8b9b0875b844fafba2bfaf8a7e1dedf 57ca4d8e24c74339a816b42923f6f8b3 - - default default] 10.0.0.221 "POST /v2.0/ports HTTP/1.1" status: 201 len: 1111 time: 1.0212724
2026-09-03 17:42:25.637 10 WARNING neutron.scheduler.dhcp_agent_scheduler [None req-a8d6d525-03ee-47bd-b4fa-db394e009311 517324676e864380a7fdf5c9b595bf62 790b45e4a6e842158a6a10562c9a516e - - default default] No more DHCP agents
2026-09-03 17:42:25.642 10 WARNING neutron.api.rpc.agentnotifiers.dhcp_rpc_agent_api [None req-a8d6d525-03ee-47bd-b4fa-db394e009311 517324676e864380a7fdf5c9b595bf62 790b45e4a6e842158a6a10562c9a516e - - default default] Unable to schedule network adeae5c1-a475-4850-a81c-6c7c539821d7: no agents available; will retry on subsequent port and subnet creation events.
2026-09-03 17:42:25.754 10 INFO neutron.db.ovn_revision_numbers_db [None req-a8d6d525-03ee-47bd-b4fa-db394e009311 517324676e864380a7fdf5c9b595bf62 790b45e4a6e842158a6a10562c9a516e - - default default] Successfully bumped revision number for resource efcab404-46ca-49cc-850d-cb0d48f52421 (type: ports) to 1
2026-09-03 17:42:25.790 10 INFO neutron.wsgi [None req-a8d6d525-03ee-47bd-b4fa-db394e009311 517324676e864380a7fdf5c9b595bf62 790b45e4a6e842158a6a10562c9a516e - - default default] 10.0.0.221 "POST /v2.0/networks HTTP/1.1" status: 201 len: 928 time: 1.4230442
2026-09-03 17:42:25.873 9 INFO neutron.wsgi [None req-3551c735-224e-4286-8260-6e3c78af6e72 8683bf07304f4692a042f736afa186f7 33988093ee3443979a0495eacaa13164 - - default default] 10.0.0.221 "DELETE /v2.0/security-groups/d4d9034d-6688-4369-a180-2a52c15c91f8 HTTP/1.1" status: 204 len: 168 time: 0.3111141
2026-09-03 17:42:25.931 10 INFO neutron.wsgi [None req-a7d21388-8c26-4fdd-ab66-dcbaa3eb8054 d8b9b0875b844fafba2bfaf8a7e1dedf 57ca4d8e24c74339a816b42923f6f8b3 - - default default] 10.0.0.221 "DELETE /v2.0/ports/da7be69c-3ef0-4944-88f0-20863b8501fe HTTP/1.1" status: 204 len: 168 time: 0.3205967
2026-09-03 17:42:25.956 9 INFO neutron.pecan_wsgi.hooks.translation [None req-67704bc9-405f-474f-8524-a46dc9a87a4c d8b9b0875b844fafba2bfaf8a7e1dedf 57ca4d8e24c74339a816b42923f6f8b3 - - default default] GET failed (client error): The resource could not be found.
2026-09-03 17:42:25.957 9 INFO neutron.wsgi [None req-67704bc9-405f-474f-8524-a46dc9a87a4c d8b9b0875b844fafba2bfaf8a7e1dedf 57ca4d8e24c74339a816b42923f6f8b3 - - default default] 10.0.0.221 "GET /v2.0/ports/da7be69c-3ef0-4944-88f0-20863b8501fe HTTP/1.1" status: 404 len: 333 time: 0.0199330
2026-09-03 17:42:25.980 9 WARNING neutron.scheduler.dhcp_agent_scheduler [None req-b0f40991-bc26-4985-b0bf-824d1002cf81 517324676e864380a7fdf5c9b595bf62 790b45e4a6e842158a6a10562c9a516e - - default default] No more DHCP agents
2026-09-03 17:42:25.982 9 WARNING neutron.api.rpc.agentnotifiers.dhcp_rpc_agent_api [None req-b0f40991-bc26-4985-b0bf-824d1002cf81 517324676e864380a7fdf5c9b595bf62 790b45e4a6e842158a6a10562c9a516e - - default default] Unable to schedule network adeae5c1-a475-4850-a81c-6c7c539821d7: no agents available; will retry on subsequent port and subnet creation events.
2026-09-03 17:42:26.201 10 INFO neutron.wsgi [None req-bb355520-845a-4021-8975-5a1425c07274 d8b9b0875b844fafba2bfaf8a7e1dedf 57ca4d8e24c74339a816b42923f6f8b3 - - default default] 10.0.0.221 "DELETE /v2.0/subnets/3f61b364-d510-48c0-94db-268ca4aa5841 HTTP/1.1" status: 204 len: 168 time: 0.2379177
2026-09-03 17:42:26.558 10 INFO neutron.wsgi [None req-d1f9bdf9-ae0f-43da-8457-dfb37dcfef26 d8b9b0875b844fafba2bfaf8a7e1dedf 57ca4d8e24c74339a816b42923f6f8b3 - - default default] 10.0.0.221 "DELETE /v2.0/networks/f5da83c0-fe9d-471f-be0f-c25de47ab719 HTTP/1.1" status: 204 len: 168 time: 0.3519714
2026-09-03 17:42:26.702 9 INFO neutron.db.ovn_revision_numbers_db [None req-b0f40991-bc26-4985-b0bf-824d1002cf81 517324676e864380a7fdf5c9b595bf62 790b45e4a6e842158a6a10562c9a516e - - default default] Successfully bumped revision number for resource efcab404-46ca-49cc-850d-cb0d48f52421 (type: ports) to 2
2026-09-03 17:42:26.730 9 INFO neutron.db.ovn_revision_numbers_db [None req-b0f40991-bc26-4985-b0bf-824d1002cf81 517324676e864380a7fdf5c9b595bf62 790b45e4a6e842158a6a10562c9a516e - - default default] Successfully bumped revision number for resource a3db9bc3-ee23-425e-bcd6-19a5c9fc6b08 (type: subnets) to 0
2026-09-03 17:42:26.743 9 INFO neutron.wsgi [None req-b0f40991-bc26-4985-b0bf-824d1002cf81 517324676e864380a7fdf5c9b595bf62 790b45e4a6e842158a6a10562c9a516e - - default default] 10.0.0.221 "POST /v2.0/subnets HTTP/1.1" status: 201 len: 819 time: 0.9467289 /var/lib/openstack/lib/python3.10/site-packages/pycadf/identifier.py:71: UserWarning: Invalid uuid: neutron. To ensure interoperability, identifiers should be a valid uuid. warnings.warn(('Invalid uuid: %s. To ensure interoperability, '
2026-09-03 17:42:26.753 10 WARNING neutron.api.v2.base [None req-6e95112e-4ff1-49ec-9cf1-136d26596ec1 517324676e864380a7fdf5c9b595bf62 790b45e4a6e842158a6a10562c9a516e - - default default] An exception happened while processing the request body. The exception message is [Invalid input for target_tenant. Reason: 'None' is not a valid string.].: webob.exc.HTTPBadRequest: Invalid input for target_tenant. Reason: 'None' is not a valid string.
2026-09-03 17:42:26.754 10 INFO neutron.api.v2.resource [None req-6e95112e-4ff1-49ec-9cf1-136d26596ec1 517324676e864380a7fdf5c9b595bf62 790b45e4a6e842158a6a10562c9a516e - - default default] create failed (client error): Invalid input for target_tenant. Reason: 'None' is not a valid string.
2026-09-03 17:42:26.755 10 INFO neutron.wsgi [None req-6e95112e-4ff1-49ec-9cf1-136d26596ec1 517324676e864380a7fdf5c9b595bf62 790b45e4a6e842158a6a10562c9a516e - - default default] 10.0.0.221 "POST /v2.0/rbac-policies HTTP/1.1" status: 400 len: 346 time: 0.0083058
2026-09-03 17:42:26.758 10 WARNING neutron.scheduler.dhcp_agent_scheduler [None req-26f91fa0-f405-4d47-a3c2-7d83bde5b657 d8b9b0875b844fafba2bfaf8a7e1dedf 57ca4d8e24c74339a816b42923f6f8b3 - - default default] No more DHCP agents
2026-09-03 17:42:26.760 10 WARNING neutron.api.rpc.agentnotifiers.dhcp_rpc_agent_api [None req-26f91fa0-f405-4d47-a3c2-7d83bde5b657 d8b9b0875b844fafba2bfaf8a7e1dedf 57ca4d8e24c74339a816b42923f6f8b3 - - default default] Unable to schedule network fddc7015-fc67-4d80-b99d-0e9b8d4c3ad4: no agents available; will retry on subsequent port and subnet creation events.
2026-09-03 17:42:26.839 10 INFO neutron.db.ovn_revision_numbers_db [None req-26f91fa0-f405-4d47-a3c2-7d83bde5b657 d8b9b0875b844fafba2bfaf8a7e1dedf 57ca4d8e24c74339a816b42923f6f8b3 - - default default] Successfully bumped revision number for resource e7e47146-354c-40fa-a03a-9ff919fab1ff (type: ports) to 1
2026-09-03 17:42:26.856 10 INFO neutron.wsgi [None req-26f91fa0-f405-4d47-a3c2-7d83bde5b657 d8b9b0875b844fafba2bfaf8a7e1dedf 57ca4d8e24c74339a816b42923f6f8b3 - - default default] 10.0.0.221 "POST /v2.0/ports HTTP/1.1" status: 201 len: 974 time: 0.2893913 /var/lib/openstack/lib/python3.10/site-packages/pycadf/identifier.py:71: UserWarning: Invalid uuid: neutron. To ensure interoperability, identifiers should be a valid uuid. warnings.warn(('Invalid uuid: %s. To ensure interoperability, '
2026-09-03 17:42:27.071 9 INFO neutron.plugins.ml2.drivers.ovn.mech_driver.mech_driver [None req-fe415599-5e44-400f-bc45-131f6f4fdd6c - - - - - -] OVN reports status down for port: e7e47146-354c-40fa-a03a-9ff919fab1ff
2026-09-03 17:42:27.097 10 INFO neutron.db.ovn_revision_numbers_db [None req-68154b12-1aba-46b0-a65d-ea28df6f6ed0 d8b9b0875b844fafba2bfaf8a7e1dedf 57ca4d8e24c74339a816b42923f6f8b3 - - default default] Successfully bumped revision number for resource e7e47146-354c-40fa-a03a-9ff919fab1ff (type: ports) to 2
2026-09-03 17:42:27.106 10 INFO neutron.wsgi [None req-68154b12-1aba-46b0-a65d-ea28df6f6ed0 d8b9b0875b844fafba2bfaf8a7e1dedf 57ca4d8e24c74339a816b42923f6f8b3 - - default default] 10.0.0.221 "PUT /v2.0/ports/e7e47146-354c-40fa-a03a-9ff919fab1ff HTTP/1.1" status: 200 len: 946 time: 0.2377281 /var/lib/openstack/lib/python3.10/site-packages/pycadf/identifier.py:71: UserWarning: Invalid uuid: neutron. To ensure interoperability, identifiers should be a valid uuid. warnings.warn(('Invalid uuid: %s. To ensure interoperability, '
2026-09-03 17:42:27.260 9 INFO neutron.services.segments.plugin [-] Segment 9254bdaf-f8a0-46ab-a7ff-19b87a7ee058 resource provider aggregate not found
2026-09-03 17:42:27.267 9 INFO neutron.services.segments.plugin [-] Segment 9254bdaf-f8a0-46ab-a7ff-19b87a7ee058 resource provider aggregate not found
2026-09-03 17:42:27.269 10 INFO neutron.services.segments.plugin [-] Segment f0038d68-4492-4b2b-a61c-f99f250216aa resource provider aggregate not found
2026-09-03 17:42:27.274 10 INFO neutron.services.segments.plugin [-] Segment f0038d68-4492-4b2b-a61c-f99f250216aa resource provider aggregate not found
2026-09-03 17:42:27.284 9 INFO neutron.services.segments.plugin [-] Segment 9254bdaf-f8a0-46ab-a7ff-19b87a7ee058 resource provider not found; error: Placement Client Error (4xx): {"errors": [{"status": 404, "title": "Not Found", "detail": "The resource could not be found.\n\n No resource provider with uuid 9254bdaf-f8a0-46ab-a7ff-19b87a7ee058 found for delete ", "request_id": "req-850c5dc3-1b71-4658-afe8-68b0d458c1c7"}]}
2026-09-03 17:42:27.294 9 INFO neutron.services.segments.plugin [-] Segment 9254bdaf-f8a0-46ab-a7ff-19b87a7ee058 resource provider not found; error: Placement Client Error (4xx): {"errors": [{"status": 404, "title": "Not Found", "detail": "The resource could not be found.\n\n No resource provider with uuid 9254bdaf-f8a0-46ab-a7ff-19b87a7ee058 found for delete ", "request_id": "req-9cb6f1e4-cdbb-4945-97dd-ac8d75bfe645"}]}
2026-09-03 17:42:27.302 10 INFO neutron.services.segments.plugin [-] Segment f0038d68-4492-4b2b-a61c-f99f250216aa resource provider not found; error: Placement Client Error (4xx): {"errors": [{"status": 404, "title": "Not Found", "detail": "The resource could not be found.\n\n No resource provider with uuid f0038d68-4492-4b2b-a61c-f99f250216aa found for delete ", "request_id": "req-2965f163-f5e7-4f4a-940b-47b6eceabeaf"}]}
2026-09-03 17:42:27.306 9 INFO neutron.wsgi [None req-6f1b2e4e-7d15-4600-b77e-24e51ef34390 517324676e864380a7fdf5c9b595bf62 790b45e4a6e842158a6a10562c9a516e - - default default] 10.0.0.221 "DELETE /v2.0/networks/adeae5c1-a475-4850-a81c-6c7c539821d7 HTTP/1.1" status: 204 len: 168 time: 0.5458255
2026-09-03 17:42:27.307 10 INFO neutron.services.segments.plugin [-] Segment f0038d68-4492-4b2b-a61c-f99f250216aa resource provider not found; error: Placement Client Error (4xx): {"errors": [{"status": 404, "title": "Not Found", "detail": "The resource could not be found.\n\n No resource provider with uuid f0038d68-4492-4b2b-a61c-f99f250216aa found for delete ", "request_id": "req-f2487ed3-6d6a-4858-8ba5-b8ecd2bebb6b"}]}
2026-09-03 17:42:27.377 10 INFO neutron.wsgi [None req-d6747a09-9b5c-4e77-9838-60c5d56e1be9 d8b9b0875b844fafba2bfaf8a7e1dedf 57ca4d8e24c74339a816b42923f6f8b3 - - default default] 10.0.0.221 "DELETE /v2.0/ports/e7e47146-354c-40fa-a03a-9ff919fab1ff HTTP/1.1" status: 204 len: 168 time: 0.2651973
2026-09-03 17:42:27.424 9 INFO neutron.db.segments_db [None req-0569ed99-9e21-44df-8208-09135ce91044 517324676e864380a7fdf5c9b595bf62 790b45e4a6e842158a6a10562c9a516e - - default default] Added segment 96c04e51-dd84-45e0-8a39-47f43563450f of type geneve for network e4799823-0b36-4b01-a7d3-502de0bfd4d5
2026-09-03 17:42:27.487 9 INFO neutron.wsgi [None req-aeb741b7-ebe0-4771-9942-772bd9fd9117 d8b9b0875b844fafba2bfaf8a7e1dedf 57ca4d8e24c74339a816b42923f6f8b3 - - default default] 10.0.0.221 "GET /v2.0/ports HTTP/1.1" status: 200 len: 1729 time: 0.1024117
2026-09-03 17:42:27.504 10 INFO neutron.wsgi [-] 10.0.0.90 "GET / HTTP/1.1" status: 200 len: 247 time: 0.0022948
2026-09-03 17:42:27.506 10 INFO neutron.wsgi [-] 10.0.0.90 "GET / HTTP/1.1" status: 200 len: 247 time: 0.0011065
2026-09-03 17:42:27.521 9 INFO neutron.pecan_wsgi.hooks.translation [None req-dd45361f-f7fe-4c16-8e8f-13110b6e1020 d8b9b0875b844fafba2bfaf8a7e1dedf 57ca4d8e24c74339a816b42923f6f8b3 - - default default] GET failed (client error): The resource could not be found.
2026-09-03 17:42:27.523 9 INFO neutron.wsgi [None req-dd45361f-f7fe-4c16-8e8f-13110b6e1020 d8b9b0875b844fafba2bfaf8a7e1dedf 57ca4d8e24c74339a816b42923f6f8b3 - - default default] 10.0.0.221 "GET /v2.0/ports/e7e47146-354c-40fa-a03a-9ff919fab1ff HTTP/1.1" status: 404 len: 333 time: 0.0290866
2026-09-03 17:42:27.624 9 INFO neutron.db.ovn_revision_numbers_db [None req-0569ed99-9e21-44df-8208-09135ce91044 517324676e864380a7fdf5c9b595bf62 790b45e4a6e842158a6a10562c9a516e - - default default] Successfully bumped revision number for resource e4799823-0b36-4b01-a7d3-502de0bfd4d5 (type: networks) to 1
2026-09-03 17:42:27.624 10 INFO neutron.wsgi [None req-ad929bc0-402f-448d-909d-3d1142f629f2 d8b9b0875b844fafba2bfaf8a7e1dedf 57ca4d8e24c74339a816b42923f6f8b3 - - default default] 10.0.0.221 "GET /v2.0/ports HTTP/1.1" status: 200 len: 1729 time: 0.0900886
2026-09-03 17:42:27.664 10 INFO neutron.wsgi [None req-1be3ed5f-c5d2-4cc0-809e-9297e31d3a59 d8b9b0875b844fafba2bfaf8a7e1dedf 57ca4d8e24c74339a816b42923f6f8b3 - - default default] 10.0.0.221 "GET /v2.0/ports/4ac46121-6548-4c3c-9f09-0cbfee043ba1 HTTP/1.1" status: 200 len: 969 time: 0.0334415
2026-09-03 17:42:27.683 10 INFO neutron.pecan_wsgi.hooks.translation [None req-efcf8f2a-4242-463a-87e8-75a4319e5f59 d8b9b0875b844fafba2bfaf8a7e1dedf 57ca4d8e24c74339a816b42923f6f8b3 - - default default] DELETE failed (client error): The resource could not be found.
2026-09-03 17:42:27.685 10 INFO neutron.wsgi [None req-efcf8f2a-4242-463a-87e8-75a4319e5f59 d8b9b0875b844fafba2bfaf8a7e1dedf 57ca4d8e24c74339a816b42923f6f8b3 - - default default] 10.0.0.221 "DELETE /v2.0/ports/da7be69c-3ef0-4944-88f0-20863b8501fe HTTP/1.1" status: 404 len: 333 time: 0.0157578
2026-09-03 17:42:27.709 10 INFO neutron.pecan_wsgi.hooks.translation [None req-252fcfcd-91d7-4094-a8b7-fa5c5b5a196a d8b9b0875b844fafba2bfaf8a7e1dedf 57ca4d8e24c74339a816b42923f6f8b3 - - default default] DELETE failed (client error): The resource could not be found.
2026-09-03 17:42:27.711 10 INFO neutron.wsgi [None req-252fcfcd-91d7-4094-a8b7-fa5c5b5a196a d8b9b0875b844fafba2bfaf8a7e1dedf 57ca4d8e24c74339a816b42923f6f8b3 - - default default] 10.0.0.221 "DELETE /v2.0/subnets/3f61b364-d510-48c0-94db-268ca4aa5841 HTTP/1.1" status: 404 len: 337 time: 0.0206008
2026-09-03 17:42:27.728 10 INFO neutron.pecan_wsgi.hooks.translation [None req-29b69240-8b1a-4c14-99f5-d674efeb35dd d8b9b0875b844fafba2bfaf8a7e1dedf 57ca4d8e24c74339a816b42923f6f8b3 - - default default] DELETE failed (client error): The resource could not be found.
2026-09-03 17:42:27.729 10 INFO neutron.wsgi [None req-29b69240-8b1a-4c14-99f5-d674efeb35dd d8b9b0875b844fafba2bfaf8a7e1dedf 57ca4d8e24c74339a816b42923f6f8b3 - - default default] 10.0.0.221 "DELETE /v2.0/subnets/472aa718-661d-4448-98e4-ef59b808f3e5 HTTP/1.1" status: 404 len: 337 time: 0.0138450
2026-09-03 17:42:27.780 9 WARNING neutron.scheduler.dhcp_agent_scheduler [None req-0569ed99-9e21-44df-8208-09135ce91044 517324676e864380a7fdf5c9b595bf62 790b45e4a6e842158a6a10562c9a516e - - default default] No more DHCP agents
2026-09-03 17:42:27.786 9 WARNING neutron.api.rpc.agentnotifiers.dhcp_rpc_agent_api [None req-0569ed99-9e21-44df-8208-09135ce91044 517324676e864380a7fdf5c9b595bf62 790b45e4a6e842158a6a10562c9a516e - - default default] Unable to schedule network e4799823-0b36-4b01-a7d3-502de0bfd4d5: no agents available; will retry on subsequent port and subnet creation events.
2026-09-03 17:42:27.893 9 INFO neutron.db.ovn_revision_numbers_db [None req-0569ed99-9e21-44df-8208-09135ce91044 517324676e864380a7fdf5c9b595bf62 790b45e4a6e842158a6a10562c9a516e - - default default] Successfully bumped revision number for resource 741831cd-7def-44ee-ae31-d29b1e2f5ef9 (type: ports) to 1
2026-09-03 17:42:27.921 9 INFO neutron.wsgi [None req-0569ed99-9e21-44df-8208-09135ce91044 517324676e864380a7fdf5c9b595bf62 790b45e4a6e842158a6a10562c9a516e - - default default] 10.0.0.221 "POST /v2.0/networks HTTP/1.1" status: 201 len: 929 time: 0.6079855
2026-09-03 17:42:28.075 10 INFO neutron.wsgi [None req-b428ff29-13e6-4671-99b9-dcd58cb6a538 d8b9b0875b844fafba2bfaf8a7e1dedf 57ca4d8e24c74339a816b42923f6f8b3 - - default default] 10.0.0.221 "DELETE /v2.0/ports/4ac46121-6548-4c3c-9f09-0cbfee043ba1 HTTP/1.1" status: 204 len: 168 time: 0.3412776
2026-09-03 17:42:28.171 10 WARNING neutron.scheduler.dhcp_agent_scheduler [None req-7f455aa8-fdc6-442f-8635-72d10f5b6208 517324676e864380a7fdf5c9b595bf62 790b45e4a6e842158a6a10562c9a516e - - default default] No more DHCP agents
2026-09-03 17:42:28.175 10 WARNING neutron.api.rpc.agentnotifiers.dhcp_rpc_agent_api [None req-7f455aa8-fdc6-442f-8635-72d10f5b6208 517324676e864380a7fdf5c9b595bf62 790b45e4a6e842158a6a10562c9a516e - - default default] Unable to schedule network e4799823-0b36-4b01-a7d3-502de0bfd4d5: no agents available; will retry on subsequent port and subnet creation events.
2026-09-03 17:42:28.414 9 INFO neutron.wsgi [None req-71e71f06-fe8b-4e62-900e-56d3045a89c0 d8b9b0875b844fafba2bfaf8a7e1dedf 57ca4d8e24c74339a816b42923f6f8b3 - - default default] 10.0.0.221 "DELETE /v2.0/networks/fddc7015-fc67-4d80-b99d-0e9b8d4c3ad4 HTTP/1.1" status: 204 len: 168 time: 0.3335416
2026-09-03 17:42:28.682 10 INFO neutron.db.ovn_revision_numbers_db [None req-7f455aa8-fdc6-442f-8635-72d10f5b6208 517324676e864380a7fdf5c9b595bf62 790b45e4a6e842158a6a10562c9a516e - - default default] Successfully bumped revision number for resource 741831cd-7def-44ee-ae31-d29b1e2f5ef9 (type: ports) to 2
2026-09-03 17:42:28.732 10 INFO neutron.db.ovn_revision_numbers_db [None req-7f455aa8-fdc6-442f-8635-72d10f5b6208 517324676e864380a7fdf5c9b595bf62 790b45e4a6e842158a6a10562c9a516e - - default default] Successfully bumped revision number for resource 4794afaf-7546-4664-ac70-71a481737490 (type: subnets) to 0
2026-09-03 17:42:28.745 10 INFO neutron.wsgi [None req-7f455aa8-fdc6-442f-8635-72d10f5b6208 517324676e864380a7fdf5c9b595bf62 790b45e4a6e842158a6a10562c9a516e - - default default] 10.0.0.221 "POST /v2.0/subnets HTTP/1.1" status: 201 len: 822 time: 0.8193173
2026-09-03 17:42:28.758 10 WARNING neutron.api.v2.base [None req-dba1fd29-d32f-4193-9352-12cc76fbc57f 517324676e864380a7fdf5c9b595bf62 790b45e4a6e842158a6a10562c9a516e - - default default] An exception happened while processing the request body. The exception message is [Invalid input for target_tenant. Reason: '1234123412341234123412341234123412341234123412341234123412341234123412341234123412341234123412341234123412341234123412341234123412341234123412341234123412341234123412341234123412341234123412341234123412341234123412341234123412341234123412341234123412341234123412341234123412341234123412341234123412341234123412341234123412341234123412341234123412341234123412341234123412341234123412341234123412341234' exceeds maximum length of 255.].: webob.exc.HTTPBadRequest: Invalid input for target_tenant. Reason: '1234123412341234123412341234123412341234123412341234123412341234123412341234123412341234123412341234123412341234123412341234123412341234123412341234123412341234123412341234123412341234123412341234123412341234123412341234123412341234123412341234123412341234123412341234123412341234123412341234123412341234123412341234123412341234123412341234123412341234123412341234123412341234123412341234123412341234' exceeds maximum length of 255.
2026-09-03 17:42:28.758 10 INFO neutron.api.v2.resource [None req-dba1fd29-d32f-4193-9352-12cc76fbc57f 517324676e864380a7fdf5c9b595bf62 790b45e4a6e842158a6a10562c9a516e - - default default] create failed (client error): Invalid input for target_tenant. Reason: '1234123412341234123412341234123412341234123412341234123412341234123412341234123412341234123412341234123412341234123412341234123412341234123412341234123412341234123412341234123412341234123412341234123412341234123412341234123412341234123412341234123412341234123412341234123412341234123412341234123412341234123412341234123412341234123412341234123412341234123412341234123412341234123412341234123412341234' exceeds maximum length of 255.
2026-09-03 17:42:28.760 10 INFO neutron.wsgi [None req-dba1fd29-d32f-4193-9352-12cc76fbc57f 517324676e864380a7fdf5c9b595bf62 790b45e4a6e842158a6a10562c9a516e - - default default] 10.0.0.221 "POST /v2.0/rbac-policies HTTP/1.1" status: 400 len: 750 time: 0.0066996
2026-09-03 17:42:29.258 9 INFO neutron.wsgi [None req-1ba923d8-d9b4-47e5-be39-046bfcbe8d9c 517324676e864380a7fdf5c9b595bf62 790b45e4a6e842158a6a10562c9a516e - - default default] 10.0.0.221 "DELETE /v2.0/networks/e4799823-0b36-4b01-a7d3-502de0bfd4d5 HTTP/1.1" status: 204 len: 168 time: 0.4942963
2026-09-03 17:42:29.284 10 INFO neutron.wsgi [None req-78debe9d-4402-4089-9776-0e5fa3336e49 8683bf07304f4692a042f736afa186f7 33988093ee3443979a0495eacaa13164 - - default default] 10.0.0.221 "GET /v2.0/security-groups?tenant_id=57ca4d8e24c74339a816b42923f6f8b3&name=default HTTP/1.1" status: 200 len: 2996 time: 0.2071459
2026-09-03 17:42:29.306 9 INFO neutron.services.segments.plugin [-] Segment 5491642f-1906-42b5-983f-7b0452cf3a29 resource provider aggregate not found
2026-09-03 17:42:29.316 9 INFO neutron.services.segments.plugin [-] Segment 5491642f-1906-42b5-983f-7b0452cf3a29 resource provider aggregate not found
2026-09-03 17:42:29.327 9 INFO neutron.services.segments.plugin [-] Segment 5491642f-1906-42b5-983f-7b0452cf3a29 resource provider not found; error: Placement Client Error (4xx): {"errors": [{"status": 404, "title": "Not Found", "detail": "The resource could not be found.\n\n No resource provider with uuid 5491642f-1906-42b5-983f-7b0452cf3a29 found for delete ", "request_id": "req-662979a9-2edf-476c-a321-1be1b7ee309c"}]}
2026-09-03 17:42:29.336 9 INFO neutron.services.segments.plugin [-] Segment 5491642f-1906-42b5-983f-7b0452cf3a29 resource provider not found; error: Placement Client Error (4xx): {"errors": [{"status": 404, "title": "Not Found", "detail": "The resource could not be found.\n\n No resource provider with uuid 5491642f-1906-42b5-983f-7b0452cf3a29 found for delete ", "request_id": "req-cacb2f4f-826b-48c0-9601-91cfcde57fdc"}]}
2026-09-03 17:42:29.346 9 INFO neutron.services.segments.plugin [-] Segment 96c04e51-dd84-45e0-8a39-47f43563450f resource provider aggregate not found
2026-09-03 17:42:29.355 9 INFO neutron.services.segments.plugin [-] Segment 96c04e51-dd84-45e0-8a39-47f43563450f resource provider aggregate not found
2026-09-03 17:42:29.369 9 INFO neutron.services.segments.plugin [-] Segment 96c04e51-dd84-45e0-8a39-47f43563450f resource provider not found; error: Placement Client Error (4xx): {"errors": [{"status": 404, "title": "Not Found", "detail": "The resource could not be found.\n\n No resource provider with uuid 96c04e51-dd84-45e0-8a39-47f43563450f found for delete ", "request_id": "req-b3bd73c7-bef6-4170-a179-efdbf269428d"}]}
2026-09-03 17:42:29.375 9 INFO neutron.services.segments.plugin [-] Segment 96c04e51-dd84-45e0-8a39-47f43563450f resource provider not found; error: Placement Client Error (4xx): {"errors": [{"status": 404, "title": "Not Found", "detail": "The resource could not be found.\n\n No resource provider with uuid 96c04e51-dd84-45e0-8a39-47f43563450f found for delete ", "request_id": "req-a4985099-ec17-4803-a036-a15157a9a0c2"}]}
2026-09-03 17:42:29.385 9 INFO neutron.db.segments_db [None req-b93de1b1-b9d8-4c27-b7e3-2531cddb23ce 517324676e864380a7fdf5c9b595bf62 790b45e4a6e842158a6a10562c9a516e - - default default] Added segment 32da0536-c082-43dc-bc34-c6acf8e1e10b of type geneve for network 12713d85-886f-43ad-90be-48541296792d
