2026-09-03 17:33:59.763 9 INFO neutron.wsgi [None req-7b35b48e-9a3e-4791-99c9-882f54f1a4b8 8683bf07304f4692a042f736afa186f7 33988093ee3443979a0495eacaa13164 - - default default] 10.0.0.47 "GET /v2.0/network-ip-availabilities HTTP/1.1" status: 200 len: 1280 time: 0.0128510
2026-09-03 17:33:59.859 9 INFO neutron.wsgi [None req-d49fdff0-533f-49c9-b07b-bff334fe3532 8683bf07304f4692a042f736afa186f7 33988093ee3443979a0495eacaa13164 - - default default] 10.0.0.47 "GET /v2.0/networks HTTP/1.1" status: 200 len: 2350 time: 0.0920134
2026-09-03 17:33:59.893 9 INFO neutron.wsgi [None req-22f7451b-889d-4718-8057-ddc605aa61b1 8683bf07304f4692a042f736afa186f7 33988093ee3443979a0495eacaa13164 - - default default] 10.0.0.47 "GET /v2.0/ports HTTP/1.1" status: 200 len: 5349 time: 0.0323622
2026-09-03 17:33:59.919 9 INFO neutron.wsgi [None req-672fce2d-16a5-4e3a-b840-88a570e3cefb 8683bf07304f4692a042f736afa186f7 33988093ee3443979a0495eacaa13164 - - default default] 10.0.0.47 "GET /v2.0/routers HTTP/1.1" status: 200 len: 189 time: 0.0173697
2026-09-03 17:33:59.933 9 INFO neutron.wsgi [None req-20939a57-0bf6-4e76-a8dc-9589bfd49da2 8683bf07304f4692a042f736afa186f7 33988093ee3443979a0495eacaa13164 - - default default] 10.0.0.47 "GET /v2.0/agents?binary=ovn-controller HTTP/1.1" status: 200 len: 591 time: 0.0123332
2026-09-03 17:33:59.948 9 INFO neutron.wsgi [None req-10473809-36c4-441b-a8e3-ba99b1e49f6e 8683bf07304f4692a042f736afa186f7 33988093ee3443979a0495eacaa13164 - - default default] 10.0.0.47 "GET /v2.0/floatingips HTTP/1.1" status: 200 len: 193 time: 0.0136690
2026-09-03 17:33:59.977 9 INFO neutron.wsgi [None req-71f3d198-64fc-47a1-a194-188463ce3ef9 8683bf07304f4692a042f736afa186f7 33988093ee3443979a0495eacaa13164 - - default default] 10.0.0.47 "GET /v2.0/subnets HTTP/1.1" status: 200 len: 1437 time: 0.0286603
2026-09-03 17:33:59.988 9 INFO neutron.wsgi [None req-8a3cb577-507a-4c2c-95b7-5a538389e8d8 8683bf07304f4692a042f736afa186f7 33988093ee3443979a0495eacaa13164 - - default default] 10.0.0.47 "GET /v2.0/subnetpools HTTP/1.1" status: 200 len: 193 time: 0.0088284
2026-09-03 17:34:12.504 9 INFO neutron.wsgi [-] 10.0.0.90 "GET / HTTP/1.1" status: 200 len: 247 time: 0.0026634
2026-09-03 17:34:12.510 10 INFO neutron.wsgi [-] 10.0.0.90 "GET / HTTP/1.1" status: 200 len: 247 time: 0.0086045
2026-09-03 17:34:27.506 9 INFO neutron.wsgi [-] 10.0.0.90 "GET / HTTP/1.1" status: 200 len: 247 time: 0.0045979
2026-09-03 17:34:27.509 10 INFO neutron.wsgi [-] 10.0.0.90 "GET / HTTP/1.1" status: 200 len: 247 time: 0.0072925
2026-09-03 17:34:42.503 10 INFO neutron.wsgi [-] 10.0.0.90 "GET / HTTP/1.1" status: 200 len: 247 time: 0.0021641
2026-09-03 17:34:42.503 9 INFO neutron.wsgi [-] 10.0.0.90 "GET / HTTP/1.1" status: 200 len: 247 time: 0.0023060
2026-09-03 17:34:57.503 9 INFO neutron.wsgi [-] 10.0.0.90 "GET / HTTP/1.1" status: 200 len: 247 time: 0.0027843
2026-09-03 17:34:57.503 10 INFO neutron.wsgi [-] 10.0.0.90 "GET / HTTP/1.1" status: 200 len: 247 time: 0.0025635
2026-09-03 17:34:59.631 9 INFO neutron.wsgi [None req-3525a2d8-cfec-4c4e-b49a-14e79611da8f 8683bf07304f4692a042f736afa186f7 33988093ee3443979a0495eacaa13164 - - default default] 10.0.0.47 "GET /v2.0/networks HTTP/1.1" status: 200 len: 2350 time: 0.1753738
2026-09-03 17:34:59.678 9 INFO neutron.wsgi [None req-1bcf2ce5-2936-44db-b101-e244acb829ec 8683bf07304f4692a042f736afa186f7 33988093ee3443979a0495eacaa13164 - - default default] 10.0.0.47 "GET /v2.0/subnets HTTP/1.1" status: 200 len: 1437 time: 0.0449972
2026-09-03 17:34:59.706 9 INFO neutron.wsgi [None req-c4e86988-453c-40de-8f25-66fab0d37336 8683bf07304f4692a042f736afa186f7 33988093ee3443979a0495eacaa13164 - - default default] 10.0.0.47 "GET /v2.0/ports HTTP/1.1" status: 200 len: 5349 time: 0.0268152
2026-09-03 17:34:59.726 9 INFO neutron.wsgi [None req-1bda5935-d666-4885-ac3e-2bd5d11f3b1d 8683bf07304f4692a042f736afa186f7 33988093ee3443979a0495eacaa13164 - - default default] 10.0.0.47 "GET /v2.0/routers HTTP/1.1" status: 200 len: 189 time: 0.0156431
2026-09-03 17:34:59.745 9 INFO neutron.wsgi [None req-bf952986-8d21-41e3-b245-57d401c9bc62 8683bf07304f4692a042f736afa186f7 33988093ee3443979a0495eacaa13164 - - default default] 10.0.0.47 "GET /v2.0/agents?binary=ovn-controller HTTP/1.1" status: 200 len: 591 time: 0.0191433
2026-09-03 17:34:59.756 9 INFO neutron.wsgi [None req-870eb74b-71d7-4f2a-8ac2-a71a90ca9b83 8683bf07304f4692a042f736afa186f7 33988093ee3443979a0495eacaa13164 - - default default] 10.0.0.47 "GET /v2.0/agents HTTP/1.1" status: 200 len: 997 time: 0.0092506
2026-09-03 17:34:59.775 9 INFO neutron.wsgi [None req-e88d0eb6-af0b-4033-8a6b-66174f3e204c 8683bf07304f4692a042f736afa186f7 33988093ee3443979a0495eacaa13164 - - default default] 10.0.0.47 "GET /v2.0/floatingips HTTP/1.1" status: 200 len: 193 time: 0.0135543
2026-09-03 17:34:59.814 9 INFO neutron.wsgi [None req-23c61d49-924b-4885-b949-80f590035f55 8683bf07304f4692a042f736afa186f7 33988093ee3443979a0495eacaa13164 - - default default] 10.0.0.47 "GET /v2.0/security-groups HTTP/1.1" status: 200 len: 16803 time: 0.0368211
2026-09-03 17:34:59.833 9 INFO neutron.wsgi [None req-2849b999-eb09-4099-952a-a39773162791 8683bf07304f4692a042f736afa186f7 33988093ee3443979a0495eacaa13164 - - default default] 10.0.0.47 "GET /v2.0/network-ip-availabilities HTTP/1.1" status: 200 len: 1280 time: 0.0133502
2026-09-03 17:34:59.881 9 INFO neutron.wsgi [None req-9bdb7022-d599-4e0f-9253-db9bd453f952 8683bf07304f4692a042f736afa186f7 33988093ee3443979a0495eacaa13164 - - default default] 10.0.0.47 "GET /v2.0/subnets HTTP/1.1" status: 200 len: 1437 time: 0.0466349
2026-09-03 17:34:59.898 9 INFO neutron.wsgi [None req-d43a77f7-8e3a-445b-b124-aefdddb8ee67 8683bf07304f4692a042f736afa186f7 33988093ee3443979a0495eacaa13164 - - default default] 10.0.0.47 "GET /v2.0/subnetpools HTTP/1.1" status: 200 len: 193 time: 0.0154924
2026-09-03 17:35:12.503 9 INFO neutron.wsgi [-] 10.0.0.90 "GET / HTTP/1.1" status: 200 len: 247 time: 0.0022402
2026-09-03 17:35:12.507 9 INFO neutron.wsgi [-] 10.0.0.90 "GET / HTTP/1.1" status: 200 len: 247 time: 0.0030880
2026-09-03 17:35:22.934 9 INFO neutron.wsgi [None req-bfa0c31f-8833-4f42-99c6-d20057710931 8683bf07304f4692a042f736afa186f7 33988093ee3443979a0495eacaa13164 - - default default] 162.253.55.242,10.0.0.90 "GET /v2.0/networks HTTP/1.1" status: 200 len: 2350 time: 0.1375806
2026-09-03 17:35:24.167 9 INFO neutron.wsgi [None req-7c53a50c-f947-4ce3-b32c-2189a8f4efb0 8683bf07304f4692a042f736afa186f7 33988093ee3443979a0495eacaa13164 - - default default] 162.253.55.242,10.0.0.90 "GET /v2.0/subnets HTTP/1.1" status: 200 len: 1437 time: 0.1003273
2026-09-03 17:35:24.241 9 INFO neutron.wsgi [None req-1994a71d-7f2f-48c9-b58c-2b151c9a1502 8683bf07304f4692a042f736afa186f7 33988093ee3443979a0495eacaa13164 - - default default] 162.253.55.242,10.0.0.90 "GET /v2.0/networks HTTP/1.1" status: 200 len: 2350 time: 0.0669920
2026-09-03 17:35:27.504 9 INFO neutron.wsgi [-] 10.0.0.90 "GET / HTTP/1.1" status: 200 len: 247 time: 0.0024862
2026-09-03 17:35:27.505 10 INFO neutron.wsgi [-] 10.0.0.90 "GET / HTTP/1.1" status: 200 len: 247 time: 0.0023372
2026-09-03 17:35:42.503 10 INFO neutron.wsgi [-] 10.0.0.90 "GET / HTTP/1.1" status: 200 len: 247 time: 0.0022287
2026-09-03 17:35:42.507 10 INFO neutron.wsgi [-] 10.0.0.90 "GET / HTTP/1.1" status: 200 len: 247 time: 0.0029547
2026-09-03 17:35:57.503 9 INFO neutron.wsgi [-] 10.0.0.90 "GET / HTTP/1.1" status: 200 len: 247 time: 0.0023365
2026-09-03 17:35:57.503 10 INFO neutron.wsgi [-] 10.0.0.90 "GET / HTTP/1.1" status: 200 len: 247 time: 0.0027561
2026-09-03 17:35:59.568 9 INFO neutron.wsgi [None req-e4adf27c-c254-4f49-b10b-c0a1947dd75e 8683bf07304f4692a042f736afa186f7 33988093ee3443979a0495eacaa13164 - - default default] 10.0.0.47 "GET /v2.0/routers HTTP/1.1" status: 200 len: 189 time: 0.0949066
2026-09-03 17:35:59.615 9 INFO neutron.wsgi [None req-39271431-e11f-4a44-883a-8bc8c775edf0 8683bf07304f4692a042f736afa186f7 33988093ee3443979a0495eacaa13164 - - default default] 10.0.0.47 "GET /v2.0/agents?binary=ovn-controller HTTP/1.1" status: 200 len: 591 time: 0.0460975
2026-09-03 17:35:59.656 9 INFO neutron.wsgi [None req-d818a3a4-3cc5-4e62-a5ea-c7665f86714c 8683bf07304f4692a042f736afa186f7 33988093ee3443979a0495eacaa13164 - - default default] 10.0.0.47 "GET /v2.0/subnets HTTP/1.1" status: 200 len: 1437 time: 0.0403626
2026-09-03 17:35:59.668 9 INFO neutron.wsgi [None req-807a63d8-a4c6-4522-9850-610da7bb18fd 8683bf07304f4692a042f736afa186f7 33988093ee3443979a0495eacaa13164 - - default default] 10.0.0.47 "GET /v2.0/subnetpools HTTP/1.1" status: 200 len: 193 time: 0.0101233
2026-09-03 17:35:59.702 9 INFO neutron.wsgi [None req-94982bf8-29f3-4bbc-b832-2fe5ffe40e15 8683bf07304f4692a042f736afa186f7 33988093ee3443979a0495eacaa13164 - - default default] 10.0.0.47 "GET /v2.0/ports HTTP/1.1" status: 200 len: 5349 time: 0.0330460
2026-09-03 17:35:59.715 9 INFO neutron.wsgi [None req-ccc6a2d4-f0d8-4d1d-8f53-3c9821d58bdd 8683bf07304f4692a042f736afa186f7 33988093ee3443979a0495eacaa13164 - - default default] 10.0.0.47 "GET /v2.0/agents HTTP/1.1" status: 200 len: 997 time: 0.0090232
2026-09-03 17:35:59.762 9 INFO neutron.wsgi [None req-fa2d71ba-957f-4587-af5f-baf3aefa9e3e 8683bf07304f4692a042f736afa186f7 33988093ee3443979a0495eacaa13164 - - default default] 10.0.0.47 "GET /v2.0/networks HTTP/1.1" status: 200 len: 2350 time: 0.0458109
2026-09-03 17:35:59.800 9 INFO neutron.wsgi [None req-5d058d48-f59f-49b1-a159-abf8008acd92 8683bf07304f4692a042f736afa186f7 33988093ee3443979a0495eacaa13164 - - default default] 10.0.0.47 "GET /v2.0/security-groups HTTP/1.1" status: 200 len: 16803 time: 0.0353312
2026-09-03 17:35:59.828 9 INFO neutron.wsgi [None req-498383d9-afc7-4f12-b0ae-b6abdc7b15c2 8683bf07304f4692a042f736afa186f7 33988093ee3443979a0495eacaa13164 - - default default] 10.0.0.47 "GET /v2.0/subnets HTTP/1.1" status: 200 len: 1437 time: 0.0221238
2026-09-03 17:35:59.837 9 INFO neutron.wsgi [None req-864c79ee-34ca-4d20-8702-26877b426e78 8683bf07304f4692a042f736afa186f7 33988093ee3443979a0495eacaa13164 - - default default] 10.0.0.47 "GET /v2.0/network-ip-availabilities HTTP/1.1" status: 200 len: 1280 time: 0.0081649
2026-09-03 17:35:59.852 9 INFO neutron.wsgi [None req-b1c946cb-0f29-4f5f-86bd-552454ad8eeb 8683bf07304f4692a042f736afa186f7 33988093ee3443979a0495eacaa13164 - - default default] 10.0.0.47 "GET /v2.0/floatingips HTTP/1.1" status: 200 len: 193 time: 0.0139582
2026-09-03 17:36:03.056 9 INFO neutron.wsgi [None req-8c93770f-6067-4587-b4aa-aa4ba2edc058 8683bf07304f4692a042f736afa186f7 33988093ee3443979a0495eacaa13164 - - default default] 162.253.55.242,10.0.0.90 "GET /v2.0/networks HTTP/1.1" status: 200 len: 2350 time: 0.1245420
2026-09-03 17:36:04.064 9 INFO neutron.wsgi [None req-2561bcbd-dd7a-4b58-8e90-3d1afd85eaee 8683bf07304f4692a042f736afa186f7 33988093ee3443979a0495eacaa13164 - - default default] 162.253.55.242,10.0.0.90 "GET /v2.0/subnets HTTP/1.1" status: 200 len: 1437 time: 0.1001694
2026-09-03 17:36:04.144 9 INFO neutron.wsgi [None req-59a73b71-3463-49bb-817d-b962be5daec0 8683bf07304f4692a042f736afa186f7 33988093ee3443979a0495eacaa13164 - - default default] 162.253.55.242,10.0.0.90 "GET /v2.0/networks HTTP/1.1" status: 200 len: 2350 time: 0.0723505
2026-09-03 17:36:05.419 9 INFO neutron.wsgi [None req-59157111-92d0-4591-8d4f-098e296963f4 8683bf07304f4692a042f736afa186f7 33988093ee3443979a0495eacaa13164 - - default default] 162.253.55.242,10.0.0.90 "GET /v2.0/security-groups?tenant_id=33988093ee3443979a0495eacaa13164 HTTP/1.1" status: 200 len: 10161 time: 0.1280487
2026-09-03 17:36:06.703 9 INFO neutron.wsgi [None req-d92b2ddd-db59-4de3-9628-b315d9fe2681 8683bf07304f4692a042f736afa186f7 33988093ee3443979a0495eacaa13164 - - default default] 162.253.55.242,10.0.0.90 "GET /v2.0/security-groups?tenant_id=33988093ee3443979a0495eacaa13164 HTTP/1.1" status: 200 len: 10161 time: 0.1052566
2026-09-03 17:36:07.583 9 INFO neutron.wsgi [None req-8c4aea9d-f922-4484-8f35-57616bb99597 8683bf07304f4692a042f736afa186f7 33988093ee3443979a0495eacaa13164 - - default default] 162.253.55.242,10.0.0.90 "GET /v2.0/security-groups?tenant_id=33988093ee3443979a0495eacaa13164 HTTP/1.1" status: 200 len: 10161 time: 0.1314826
2026-09-03 17:36:08.569 9 INFO neutron.wsgi [None req-72260114-1a2d-43ee-bd31-32ba769f82b8 8683bf07304f4692a042f736afa186f7 33988093ee3443979a0495eacaa13164 - - default default] 162.253.55.242,10.0.0.90 "GET /v2.0/security-groups?tenant_id=33988093ee3443979a0495eacaa13164 HTTP/1.1" status: 200 len: 10161 time: 0.2168553
2026-09-03 17:36:09.578 9 INFO neutron.wsgi [None req-78ffc61d-e6b7-4531-a878-0bdf0d2810e7 8683bf07304f4692a042f736afa186f7 33988093ee3443979a0495eacaa13164 - - default default] 162.253.55.242,10.0.0.90 "GET /v2.0/security-groups?tenant_id=33988093ee3443979a0495eacaa13164 HTTP/1.1" status: 200 len: 10161 time: 0.1127677
2026-09-03 17:36:10.478 9 INFO neutron.wsgi [None req-86b6dadc-e17b-4c6c-8f9c-121829c63053 8683bf07304f4692a042f736afa186f7 33988093ee3443979a0495eacaa13164 - - default default] 162.253.55.242,10.0.0.90 "GET /v2.0/security-groups?tenant_id=33988093ee3443979a0495eacaa13164 HTTP/1.1" status: 200 len: 10161 time: 0.1331565
2026-09-03 17:36:11.789 9 INFO neutron.wsgi [None req-99161ed0-6870-4d1c-a75f-b04f4534e0cd 8683bf07304f4692a042f736afa186f7 33988093ee3443979a0495eacaa13164 - - default default] 162.253.55.242,10.0.0.90 "GET /v2.0/security-groups HTTP/1.1" status: 200 len: 16803 time: 0.1139417
2026-09-03 17:36:11.854 9 INFO neutron.wsgi [None req-096ba7c2-c650-4a38-8c57-0f4213e68fd2 8683bf07304f4692a042f736afa186f7 33988093ee3443979a0495eacaa13164 - - default default] 162.253.55.242,10.0.0.90 "GET /v2.0/ports HTTP/1.1" status: 200 len: 5349 time: 0.0537713
2026-09-03 17:36:12.503 9 INFO neutron.wsgi [-] 10.0.0.90 "GET / HTTP/1.1" status: 200 len: 247 time: 0.0025184
2026-09-03 17:36:12.504 10 INFO neutron.wsgi [-] 10.0.0.90 "GET / HTTP/1.1" status: 200 len: 247 time: 0.0030792
2026-09-03 17:36:18.722 9 INFO neutron.pecan_wsgi.hooks.translation [None req-0d7a519e-71c2-4487-b9f2-ecc5f7928b76 8683bf07304f4692a042f736afa186f7 33988093ee3443979a0495eacaa13164 - - default default] GET failed (client error): The resource could not be found.
2026-09-03 17:36:18.725 9 INFO neutron.wsgi [None req-0d7a519e-71c2-4487-b9f2-ecc5f7928b76 8683bf07304f4692a042f736afa186f7 33988093ee3443979a0495eacaa13164 - - default default] 162.253.55.242,10.0.0.90 "GET /v2.0/ports/octavia-health-manager-port-instance HTTP/1.1" status: 404 len: 314 time: 0.0839593
2026-09-03 17:36:18.771 9 INFO neutron.wsgi [None req-aef3ded3-545e-4d1d-b652-2fe579a66081 8683bf07304f4692a042f736afa186f7 33988093ee3443979a0495eacaa13164 - - default default] 162.253.55.242,10.0.0.90 "GET /v2.0/ports?name=octavia-health-manager-port-instance HTTP/1.1" status: 200 len: 1397 time: 0.0415795
2026-09-03 17:36:20.248 9 INFO neutron.wsgi [None req-4926a155-46af-4aba-9ee1-acf55911d9cd 8683bf07304f4692a042f736afa186f7 33988093ee3443979a0495eacaa13164 - - default default] 162.253.55.242,10.0.0.90 "GET /v2.0/ports HTTP/1.1" status: 200 len: 5349 time: 0.1177201
2026-09-03 17:36:21.386 9 INFO neutron.wsgi [None req-08a2b048-033a-4a9f-a62f-8b124add49ca 8683bf07304f4692a042f736afa186f7 33988093ee3443979a0495eacaa13164 - - default default] 162.253.55.242,10.0.0.90 "GET /v2.0/security-groups?tenant_id=33988093ee3443979a0495eacaa13164 HTTP/1.1" status: 200 len: 10161 time: 0.1128063
2026-09-03 17:36:22.471 9 INFO neutron.wsgi [None req-c8929b7e-c6ae-4df7-b1eb-008d4bdf5255 8683bf07304f4692a042f736afa186f7 33988093ee3443979a0495eacaa13164 - - default default] 162.253.55.242,10.0.0.90 "GET /v2.0/security-groups?tenant_id=33988093ee3443979a0495eacaa13164 HTTP/1.1" status: 200 len: 10161 time: 0.1373937
2026-09-03 17:36:23.448 9 INFO neutron.wsgi [None req-d7a74b84-9ef3-40a6-b82c-01fc31d44628 8683bf07304f4692a042f736afa186f7 33988093ee3443979a0495eacaa13164 - - default default] 162.253.55.242,10.0.0.90 "GET /v2.0/security-groups?tenant_id=33988093ee3443979a0495eacaa13164 HTTP/1.1" status: 200 len: 10161 time: 0.1241994
2026-09-03 17:36:27.503 10 INFO neutron.wsgi [-] 10.0.0.90 "GET / HTTP/1.1" status: 200 len: 247 time: 0.0025492
2026-09-03 17:36:27.503 9 INFO neutron.wsgi [-] 10.0.0.90 "GET / HTTP/1.1" status: 200 len: 247 time: 0.0023291
2026-09-03 17:36:35.100 9 INFO neutron.wsgi [None req-3f64737b-e1f0-422b-ae77-dfc640427944 8683bf07304f4692a042f736afa186f7 33988093ee3443979a0495eacaa13164 - - default default] 162.253.55.242,10.0.0.90 "GET /v2.0/quotas/33988093ee3443979a0495eacaa13164 HTTP/1.1" status: 200 len: 361 time: 0.0141187
2026-09-03 17:36:42.505 10 INFO neutron.wsgi [-] 10.0.0.90 "GET / HTTP/1.1" status: 200 len: 247 time: 0.0031207
2026-09-03 17:36:42.505 9 INFO neutron.wsgi [-] 10.0.0.90 "GET / HTTP/1.1" status: 200 len: 247 time: 0.0033782
2026-09-03 17:36:57.504 10 INFO neutron.wsgi [-] 10.0.0.90 "GET / HTTP/1.1" status: 200 len: 247 time: 0.0023191
2026-09-03 17:36:57.504 9 INFO neutron.wsgi [-] 10.0.0.90 "GET / HTTP/1.1" status: 200 len: 247 time: 0.0024803
2026-09-03 17:36:59.591 9 INFO neutron.wsgi [None req-83558149-a1d1-478b-90bb-5a59252f14dd 8683bf07304f4692a042f736afa186f7 33988093ee3443979a0495eacaa13164 - - default default] 10.0.0.47 "GET /v2.0/floatingips HTTP/1.1" status: 200 len: 193 time: 0.0773141
2026-09-03 17:36:59.634 9 INFO neutron.wsgi [None req-ac38af19-033a-4a0e-b54b-2e7129cf3757 8683bf07304f4692a042f736afa186f7 33988093ee3443979a0495eacaa13164 - - default default] 10.0.0.47 "GET /v2.0/agents HTTP/1.1" status: 200 len: 997 time: 0.0413563
2026-09-03 17:36:59.649 9 INFO neutron.wsgi [None req-b1933742-d4e6-4925-a704-c9f60219738b 8683bf07304f4692a042f736afa186f7 33988093ee3443979a0495eacaa13164 - - default default] 10.0.0.47 "GET /v2.0/network-ip-availabilities HTTP/1.1" status: 200 len: 1280 time: 0.0132310
2026-09-03 17:36:59.693 9 INFO neutron.wsgi [None req-41596aa4-26dd-47d6-8da3-9b014ff603c5 8683bf07304f4692a042f736afa186f7 33988093ee3443979a0495eacaa13164 - - default default] 10.0.0.47 "GET /v2.0/subnets HTTP/1.1" status: 200 len: 1437 time: 0.0424099
2026-09-03 17:36:59.708 9 INFO neutron.wsgi [None req-286be05f-3fd5-44b8-9a1d-6ef0614efd11 8683bf07304f4692a042f736afa186f7 33988093ee3443979a0495eacaa13164 - - default default] 10.0.0.47 "GET /v2.0/subnetpools HTTP/1.1" status: 200 len: 193 time: 0.0137630
2026-09-03 17:36:59.776 9 INFO neutron.wsgi [None req-07371295-9602-47cf-a0bd-a9b38cd234c4 8683bf07304f4692a042f736afa186f7 33988093ee3443979a0495eacaa13164 - - default default] 10.0.0.47 "GET /v2.0/networks HTTP/1.1" status: 200 len: 2350 time: 0.0671883
2026-09-03 17:36:59.811 9 INFO neutron.wsgi [None req-31f6bec0-0ec9-4a00-82a3-c2731c177db2 8683bf07304f4692a042f736afa186f7 33988093ee3443979a0495eacaa13164 - - default default] 10.0.0.47 "GET /v2.0/subnets HTTP/1.1" status: 200 len: 1437 time: 0.0310156
2026-09-03 17:36:59.832 9 INFO neutron.wsgi [None req-491125e1-c802-4152-82e5-614e5d14c6cc 8683bf07304f4692a042f736afa186f7 33988093ee3443979a0495eacaa13164 - - default default] 10.0.0.47 "GET /v2.0/routers HTTP/1.1" status: 200 len: 189 time: 0.0201457
2026-09-03 17:36:59.842 9 INFO neutron.wsgi [None req-d8c8cbb7-40b0-4082-9ec9-cf530ea9ef0b 8683bf07304f4692a042f736afa186f7 33988093ee3443979a0495eacaa13164 - - default default] 10.0.0.47 "GET /v2.0/agents?binary=ovn-controller HTTP/1.1" status: 200 len: 591 time: 0.0085058
2026-09-03 17:36:59.877 9 INFO neutron.wsgi [None req-bc55ecb6-432c-4aaf-98d7-fe81a6cb3a87 8683bf07304f4692a042f736afa186f7 33988093ee3443979a0495eacaa13164 - - default default] 10.0.0.47 "GET /v2.0/security-groups HTTP/1.1" status: 200 len: 16803 time: 0.0351663
2026-09-03 17:36:59.908 9 INFO neutron.wsgi [None req-e3ea3bee-afbe-4013-8d07-49f0f19b5726 8683bf07304f4692a042f736afa186f7 33988093ee3443979a0495eacaa13164 - - default default] 10.0.0.47 "GET /v2.0/ports HTTP/1.1" status: 200 len: 5349 time: 0.0249326
2026-09-03 17:37:12.504 10 INFO neutron.wsgi [-] 10.0.0.90 "GET / HTTP/1.1" status: 200 len: 247 time: 0.0033467
2026-09-03 17:37:12.508 9 INFO neutron.wsgi [-] 10.0.0.90 "GET / HTTP/1.1" status: 200 len: 247 time: 0.0039124
2026-09-03 17:37:26.957 9 INFO neutron.wsgi [None req-1fb81f2e-1114-40ee-8503-5aeb067fc87b 8683bf07304f4692a042f736afa186f7 33988093ee3443979a0495eacaa13164 - - default default] 162.253.55.242,10.0.0.90 "GET /v2.0/security-groups?tenant_id=55eae20e49e74ac9b0552c1cfbde90d7 HTTP/1.1" status: 200 len: 6838 time: 0.1105525
2026-09-03 17:37:27.503 9 INFO neutron.wsgi [-] 10.0.0.90 "GET / HTTP/1.1" status: 200 len: 247 time: 0.0023224
2026-09-03 17:37:27.505 10 INFO neutron.wsgi [-] 10.0.0.90 "GET / HTTP/1.1" status: 200 len: 247 time: 0.0041263
2026-09-03 17:37:27.996 9 INFO neutron.wsgi [None req-ed714f66-2431-4e44-b72a-1fbf5fb02be8 8683bf07304f4692a042f736afa186f7 33988093ee3443979a0495eacaa13164 - - default default] 162.253.55.242,10.0.0.90 "GET /v2.0/security-groups?tenant_id=55eae20e49e74ac9b0552c1cfbde90d7 HTTP/1.1" status: 200 len: 6838 time: 0.1080658
2026-09-03 17:37:28.966 9 INFO neutron.wsgi [None req-b6b83b70-75f8-4a26-ba35-a2e4d849f120 8683bf07304f4692a042f736afa186f7 33988093ee3443979a0495eacaa13164 - - default default] 162.253.55.242,10.0.0.90 "GET /v2.0/security-groups?tenant_id=55eae20e49e74ac9b0552c1cfbde90d7 HTTP/1.1" status: 200 len: 6838 time: 0.0843921
2026-09-03 17:37:29.881 9 INFO neutron.wsgi [None req-60ab830d-8f4e-4f9b-b6f6-1e601cb1d418 8683bf07304f4692a042f736afa186f7 33988093ee3443979a0495eacaa13164 - - default default] 162.253.55.242,10.0.0.90 "GET /v2.0/security-groups?tenant_id=55eae20e49e74ac9b0552c1cfbde90d7 HTTP/1.1" status: 200 len: 6838 time: 0.1013777
2026-09-03 17:37:30.922 9 INFO neutron.wsgi [None req-5b10de4c-498d-4296-9b86-82a5a22602ec 8683bf07304f4692a042f736afa186f7 33988093ee3443979a0495eacaa13164 - - default default] 162.253.55.242,10.0.0.90 "GET /v2.0/security-groups?tenant_id=55eae20e49e74ac9b0552c1cfbde90d7 HTTP/1.1" status: 200 len: 6838 time: 0.1218741
2026-09-03 17:37:38.836 9 INFO neutron.wsgi [None req-2f84fa34-5a84-4c7e-a95f-ab17b21bbd8c 8683bf07304f4692a042f736afa186f7 33988093ee3443979a0495eacaa13164 - - default default] 162.253.55.242,10.0.0.90 "GET /v2.0/quotas/55eae20e49e74ac9b0552c1cfbde90d7 HTTP/1.1" status: 200 len: 361 time: 0.0141141
2026-09-03 17:37:42.503 10 INFO neutron.wsgi [-] 10.0.0.90 "GET / HTTP/1.1" status: 200 len: 247 time: 0.0023086
2026-09-03 17:37:42.506 10 INFO neutron.wsgi [-] 10.0.0.90 "GET / HTTP/1.1" status: 200 len: 247 time: 0.0019677
2026-09-03 17:37:57.504 9 INFO neutron.wsgi [-] 10.0.0.90 "GET / HTTP/1.1" status: 200 len: 247 time: 0.0022507
2026-09-03 17:37:57.505 10 INFO neutron.wsgi [-] 10.0.0.90 "GET / HTTP/1.1" status: 200 len: 247 time: 0.0029840
2026-09-03 17:37:59.561 9 INFO neutron.wsgi [None req-cf3ff478-ce45-432c-8f76-44895f7bbef4 8683bf07304f4692a042f736afa186f7 33988093ee3443979a0495eacaa13164 - - default default] 10.0.0.47 "GET /v2.0/networks HTTP/1.1" status: 200 len: 2350 time: 0.1267118
2026-09-03 17:37:59.602 9 INFO neutron.wsgi [None req-d7faa258-e320-4310-8d66-8e592599489b 8683bf07304f4692a042f736afa186f7 33988093ee3443979a0495eacaa13164 - - default default] 10.0.0.47 "GET /v2.0/agents HTTP/1.1" status: 200 len: 997 time: 0.0393417
2026-09-03 17:37:59.642 9 INFO neutron.wsgi [None req-eaa23d84-8bd7-4b6b-933b-ee1cb50835cd 8683bf07304f4692a042f736afa186f7 33988093ee3443979a0495eacaa13164 - - default default] 10.0.0.47 "GET /v2.0/subnets HTTP/1.1" status: 200 len: 1437 time: 0.0379288
2026-09-03 17:37:59.657 9 INFO neutron.wsgi [None req-e8e5146d-1e18-439a-b3a0-fd782fea1153 8683bf07304f4692a042f736afa186f7 33988093ee3443979a0495eacaa13164 - - default default] 10.0.0.47 "GET /v2.0/subnetpools HTTP/1.1" status: 200 len: 193 time: 0.0133374
2026-09-03 17:37:59.672 9 INFO neutron.wsgi [None req-36e1a267-f338-4671-8559-3b04c3ac791a 8683bf07304f4692a042f736afa186f7 33988093ee3443979a0495eacaa13164 - - default default] 10.0.0.47 "GET /v2.0/network-ip-availabilities HTTP/1.1" status: 200 len: 1280 time: 0.0138927
2026-09-03 17:37:59.702 9 INFO neutron.wsgi [None req-3a387d12-1739-48fb-b457-d69cd8b835c9 8683bf07304f4692a042f736afa186f7 33988093ee3443979a0495eacaa13164 - - default default] 10.0.0.47 "GET /v2.0/ports HTTP/1.1" status: 200 len: 5349 time: 0.0296474
2026-09-03 17:37:59.726 9 INFO neutron.wsgi [None req-76912249-a43b-4b54-b5dc-f6ae846bc469 8683bf07304f4692a042f736afa186f7 33988093ee3443979a0495eacaa13164 - - default default] 10.0.0.47 "GET /v2.0/routers HTTP/1.1" status: 200 len: 189 time: 0.0217319
2026-09-03 17:37:59.735 9 INFO neutron.wsgi [None req-e905ceff-50f4-4780-90ba-10f80b16e911 8683bf07304f4692a042f736afa186f7 33988093ee3443979a0495eacaa13164 - - default default] 10.0.0.47 "GET /v2.0/agents?binary=ovn-controller HTTP/1.1" status: 200 len: 591 time: 0.0080180
2026-09-03 17:37:59.749 9 INFO neutron.wsgi [None req-cf640c74-e928-427e-a52b-b6196354d044 8683bf07304f4692a042f736afa186f7 33988093ee3443979a0495eacaa13164 - - default default] 10.0.0.47 "GET /v2.0/floatingips HTTP/1.1" status: 200 len: 193 time: 0.0133753
2026-09-03 17:37:59.794 9 INFO neutron.wsgi [None req-15a8bdee-555d-407a-9ffc-09abe85a727f 8683bf07304f4692a042f736afa186f7 33988093ee3443979a0495eacaa13164 - - default default] 10.0.0.47 "GET /v2.0/security-groups HTTP/1.1" status: 200 len: 16803 time: 0.0435405
2026-09-03 17:37:59.826 9 INFO neutron.wsgi [None req-6ee10d40-2b45-48ae-8cc9-91a82fcdfc76 8683bf07304f4692a042f736afa186f7 33988093ee3443979a0495eacaa13164 - - default default] 10.0.0.47 "GET /v2.0/subnets HTTP/1.1" status: 200 len: 1437 time: 0.0248103
2026-09-03 17:38:12.504 9 INFO neutron.wsgi [-] 10.0.0.90 "GET / HTTP/1.1" status: 200 len: 247 time: 0.0024993
2026-09-03 17:38:12.505 10 INFO neutron.wsgi [-] 10.0.0.90 "GET / HTTP/1.1" status: 200 len: 247 time: 0.0034075
2026-09-03 17:38:27.503 9 INFO neutron.wsgi [-] 10.0.0.90 "GET / HTTP/1.1" status: 200 len: 247 time: 0.0021641
2026-09-03 17:38:27.504 10 INFO neutron.wsgi [-] 10.0.0.90 "GET / HTTP/1.1" status: 200 len: 247 time: 0.0025668
2026-09-03 17:38:34.363 9 INFO neutron.wsgi [None req-afc6b307-127b-47e9-986b-73a4dc2672fd 8683bf07304f4692a042f736afa186f7 33988093ee3443979a0495eacaa13164 - - default default] 162.253.55.242,10.0.0.90 "GET /v2.0/networks HTTP/1.1" status: 200 len: 2350 time: 0.1473582
2026-09-03 17:38:42.503 10 INFO neutron.wsgi [-] 10.0.0.90 "GET / HTTP/1.1" status: 200 len: 247 time: 0.0021515
2026-09-03 17:38:42.504 9 INFO neutron.wsgi [-] 10.0.0.90 "GET / HTTP/1.1" status: 200 len: 247 time: 0.0025518
2026-09-03 17:38:57.503 9 INFO neutron.wsgi [-] 10.0.0.90 "GET / HTTP/1.1" status: 200 len: 247 time: 0.0023310
2026-09-03 17:38:57.504 10 INFO neutron.wsgi [-] 10.0.0.90 "GET / HTTP/1.1" status: 200 len: 247 time: 0.0032189
2026-09-03 17:38:59.773 9 INFO neutron.wsgi [None req-3be1f7a4-0f00-4dc7-88f3-5afc4e6cd3ea 8683bf07304f4692a042f736afa186f7 33988093ee3443979a0495eacaa13164 - - default default] 10.0.0.47 "GET /v2.0/agents HTTP/1.1" status: 200 len: 997 time: 0.1954925
2026-09-03 17:38:59.793 9 INFO neutron.wsgi [None req-650e988e-cdc5-4258-bf03-79193110c810 8683bf07304f4692a042f736afa186f7 33988093ee3443979a0495eacaa13164 - - default default] 10.0.0.47 "GET /v2.0/floatingips HTTP/1.1" status: 200 len: 193 time: 0.0187089
2026-09-03 17:38:59.840 9 INFO neutron.wsgi [None req-a07e9851-4240-4fbd-b2c0-5c91de8e25ee 8683bf07304f4692a042f736afa186f7 33988093ee3443979a0495eacaa13164 - - default default] 10.0.0.47 "GET /v2.0/networks HTTP/1.1" status: 200 len: 2350 time: 0.0466254
2026-09-03 17:38:59.865 9 INFO neutron.wsgi [None req-81acfbf5-17da-4ffa-b6b4-8eaee4a1132b 8683bf07304f4692a042f736afa186f7 33988093ee3443979a0495eacaa13164 - - default default] 10.0.0.47 "GET /v2.0/ports HTTP/1.1" status: 200 len: 5349 time: 0.0224934
2026-09-03 17:38:59.879 9 INFO neutron.wsgi [None req-3bf7c8df-762e-4afb-bcad-fe2f8d327417 8683bf07304f4692a042f736afa186f7 33988093ee3443979a0495eacaa13164 - - default default] 10.0.0.47 "GET /v2.0/network-ip-availabilities HTTP/1.1" status: 200 len: 1280 time: 0.0080421
2026-09-03 17:38:59.902 9 INFO neutron.wsgi [None req-4839556b-f5d5-4aa4-a410-a0c12a1209c4 8683bf07304f4692a042f736afa186f7 33988093ee3443979a0495eacaa13164 - - default default] 10.0.0.47 "GET /v2.0/subnets HTTP/1.1" status: 200 len: 1437 time: 0.0215368
2026-09-03 17:38:59.909 9 INFO neutron.wsgi [None req-d0af6677-c35b-488d-bdb9-9afa24b9990a 8683bf07304f4692a042f736afa186f7 33988093ee3443979a0495eacaa13164 - - default default] 10.0.0.47 "GET /v2.0/subnetpools HTTP/1.1" status: 200 len: 193 time: 0.0063007
2026-09-03 17:38:59.925 9 INFO neutron.wsgi [None req-0ed66057-773b-45a5-95b9-8f92f3eeff3c 8683bf07304f4692a042f736afa186f7 33988093ee3443979a0495eacaa13164 - - default default] 10.0.0.47 "GET /v2.0/routers HTTP/1.1" status: 200 len: 189 time: 0.0152111
2026-09-03 17:38:59.933 9 INFO neutron.wsgi [None req-c6607561-0440-4f9e-ad79-48c1b604d4a0 8683bf07304f4692a042f736afa186f7 33988093ee3443979a0495eacaa13164 - - default default] 10.0.0.47 "GET /v2.0/agents?binary=ovn-controller HTTP/1.1" status: 200 len: 591 time: 0.0068531
2026-09-03 17:38:59.974 9 INFO neutron.wsgi [None req-b7a517b9-a067-4536-a70b-6e378f30be46 8683bf07304f4692a042f736afa186f7 33988093ee3443979a0495eacaa13164 - - default default] 10.0.0.47 "GET /v2.0/security-groups HTTP/1.1" status: 200 len: 16803 time: 0.0403082
2026-09-03 17:39:00.001 9 INFO neutron.wsgi [None req-975847ac-fc34-43d0-ac95-2c5e36470633 8683bf07304f4692a042f736afa186f7 33988093ee3443979a0495eacaa13164 - - default default] 10.0.0.47 "GET /v2.0/subnets HTTP/1.1" status: 200 len: 1437 time: 0.0244298
2026-09-03 17:39:12.504 9 INFO neutron.wsgi [-] 10.0.0.90 "GET / HTTP/1.1" status: 200 len: 247 time: 0.0026493
2026-09-03 17:39:12.504 10 INFO neutron.wsgi [-] 10.0.0.90 "GET / HTTP/1.1" status: 200 len: 247 time: 0.0026760
2026-09-03 17:39:14.804 9 INFO neutron.wsgi [None req-a5cf6de5-eefa-421c-a54b-2ed3dd07fa7e 8683bf07304f4692a042f736afa186f7 33988093ee3443979a0495eacaa13164 - - default default] 10.0.0.221 "GET /v2.0/networks HTTP/1.1" status: 200 len: 2369 time: 0.1373301
2026-09-03 17:39:16.183 9 INFO neutron.wsgi [None req-5f1115f9-5db7-4038-9ab5-8efebcbb3b5b 8683bf07304f4692a042f736afa186f7 33988093ee3443979a0495eacaa13164 - - default default] 10.0.0.221 "GET /v2.0/floatingips HTTP/1.1" status: 200 len: 212 time: 0.0321698
2026-09-03 17:39:16.221 9 INFO neutron.wsgi [None req-342c49f0-7a1c-46c1-8082-1a7563c6768b 8683bf07304f4692a042f736afa186f7 33988093ee3443979a0495eacaa13164 - - default default] 10.0.0.221 "GET /v2.0/routers HTTP/1.1" status: 200 len: 208 time: 0.0315254
2026-09-03 17:39:16.263 9 INFO neutron.wsgi [None req-2729fd3e-c88c-44a4-a6e9-1b57d516b534 8683bf07304f4692a042f736afa186f7 33988093ee3443979a0495eacaa13164 - - default default] 10.0.0.221 "GET /v2.0/ports HTTP/1.1" status: 200 len: 5368 time: 0.0372789
2026-09-03 17:39:16.303 9 INFO neutron.wsgi [None req-3dfb666b-b379-405d-b4fd-212ea11cfaa6 8683bf07304f4692a042f736afa186f7 33988093ee3443979a0495eacaa13164 - - default default] 10.0.0.221 "GET /v2.0/subnets HTTP/1.1" status: 200 len: 1456 time: 0.0341768
2026-09-03 17:39:16.359 9 INFO neutron.wsgi [None req-d1e9e6e4-9ad0-4a7e-97bd-e0d2d7668034 8683bf07304f4692a042f736afa186f7 33988093ee3443979a0495eacaa13164 - - default default] 10.0.0.221 "GET /v2.0/networks HTTP/1.1" status: 200 len: 2369 time: 0.0501599
2026-09-03 17:39:16.405 9 INFO neutron.wsgi [None req-5d6898cd-17be-4d4a-8567-324f169141d2 8683bf07304f4692a042f736afa186f7 33988093ee3443979a0495eacaa13164 - - default default] 10.0.0.221 "GET /v2.0/security-groups HTTP/1.1" status: 200 len: 16822 time: 0.0405703
2026-09-03 17:39:16.422 9 INFO neutron.wsgi [None req-bbff90ea-4b1a-4538-9d79-d62e2bd69e0b 8683bf07304f4692a042f736afa186f7 33988093ee3443979a0495eacaa13164 - - default default] 10.0.0.221 "GET /v2.0/subnetpools HTTP/1.1" status: 200 len: 212 time: 0.0114059
2026-09-03 17:39:27.427 10 INFO neutron.db.ovn_revision_numbers_db [None req-909081b5-d539-4819-947c-ede0a2a42804 8683bf07304f4692a042f736afa186f7 33988093ee3443979a0495eacaa13164 - - default default] Successfully bumped revision number for resource b0dd7552-7730-46db-8fee-fcaaf08ea556 (type: security_groups) to 1
2026-09-03 17:39:27.429 10 INFO neutron.db.ovn_revision_numbers_db [None req-73ab1737-0c8e-4952-b884-6f9c3373aa67 8683bf07304f4692a042f736afa186f7 33988093ee3443979a0495eacaa13164 - - default default] Successfully bumped revision number for resource 509d8434-b910-4538-a10d-df8245580d8d (type: security_groups) to 1
2026-09-03 17:39:27.436 9 INFO neutron.db.ovn_revision_numbers_db [None req-e0f07440-fd4d-4bc3-afcd-55f3be130de0 8683bf07304f4692a042f736afa186f7 33988093ee3443979a0495eacaa13164 - - default default] Successfully bumped revision number for resource 1b5e3e4e-8885-4540-af05-46ce80f2e151 (type: security_groups) to 1
2026-09-03 17:39:27.453 10 INFO neutron.db.ovn_revision_numbers_db [None req-909081b5-d539-4819-947c-ede0a2a42804 8683bf07304f4692a042f736afa186f7 33988093ee3443979a0495eacaa13164 - - default default] Successfully bumped revision number for resource 1580619a-f8d9-4e1f-aa6a-c607132b4550 (type: security_group_rules) to 0
2026-09-03 17:39:27.455 10 INFO neutron.db.ovn_revision_numbers_db [None req-73ab1737-0c8e-4952-b884-6f9c3373aa67 8683bf07304f4692a042f736afa186f7 33988093ee3443979a0495eacaa13164 - - default default] Successfully bumped revision number for resource 1d323ef5-10bf-48db-b6f7-8935cc1f5c07 (type: security_group_rules) to 0
2026-09-03 17:39:27.462 9 INFO neutron.db.ovn_revision_numbers_db [None req-e0f07440-fd4d-4bc3-afcd-55f3be130de0 8683bf07304f4692a042f736afa186f7 33988093ee3443979a0495eacaa13164 - - default default] Successfully bumped revision number for resource 0d770568-c485-45ff-b688-7fa4db6679fd (type: security_group_rules) to 0
2026-09-03 17:39:27.471 10 INFO neutron.db.ovn_revision_numbers_db [None req-909081b5-d539-4819-947c-ede0a2a42804 8683bf07304f4692a042f736afa186f7 33988093ee3443979a0495eacaa13164 - - default default] Successfully bumped revision number for resource 35e59791-0571-4198-aebe-08167f9ccb9d (type: security_group_rules) to 0
2026-09-03 17:39:27.473 10 INFO neutron.db.ovn_revision_numbers_db [None req-73ab1737-0c8e-4952-b884-6f9c3373aa67 8683bf07304f4692a042f736afa186f7 33988093ee3443979a0495eacaa13164 - - default default] Successfully bumped revision number for resource 69d1b83a-5cb9-4b33-a447-2c763e1f4eca (type: security_group_rules) to 0
2026-09-03 17:39:27.490 9 INFO neutron.db.ovn_revision_numbers_db [None req-e0f07440-fd4d-4bc3-afcd-55f3be130de0 8683bf07304f4692a042f736afa186f7 33988093ee3443979a0495eacaa13164 - - default default] Successfully bumped revision number for resource 49513192-ad42-40a7-942c-004751635919 (type: security_group_rules) to 0
2026-09-03 17:39:27.493 10 INFO neutron.db.ovn_revision_numbers_db [None req-73ab1737-0c8e-4952-b884-6f9c3373aa67 8683bf07304f4692a042f736afa186f7 33988093ee3443979a0495eacaa13164 - - default default] Successfully bumped revision number for resource d9785035-1423-4b16-9b49-e65818982162 (type: security_group_rules) to 0
2026-09-03 17:39:27.495 10 INFO neutron.db.ovn_revision_numbers_db [None req-909081b5-d539-4819-947c-ede0a2a42804 8683bf07304f4692a042f736afa186f7 33988093ee3443979a0495eacaa13164 - - default default] Successfully bumped revision number for resource 56e9c7c8-1f6e-41f2-a0c1-056d64529371 (type: security_group_rules) to 0
2026-09-03 17:39:27.502 10 INFO neutron.wsgi [-] 10.0.0.90 "GET / HTTP/1.1" status: 200 len: 247 time: 0.0010939
2026-09-03 17:39:27.504 10 INFO neutron.wsgi [-] 10.0.0.90 "GET / HTTP/1.1" status: 200 len: 247 time: 0.0009787
2026-09-03 17:39:27.512 10 INFO neutron.db.ovn_revision_numbers_db [None req-73ab1737-0c8e-4952-b884-6f9c3373aa67 8683bf07304f4692a042f736afa186f7 33988093ee3443979a0495eacaa13164 - - default default] Successfully bumped revision number for resource e398315a-a598-451c-84fc-86dfcb2f4b08 (type: security_group_rules) to 0
2026-09-03 17:39:27.515 9 INFO neutron.db.ovn_revision_numbers_db [None req-e0f07440-fd4d-4bc3-afcd-55f3be130de0 8683bf07304f4692a042f736afa186f7 33988093ee3443979a0495eacaa13164 - - default default] Successfully bumped revision number for resource 5dbf79f2-d8cb-437e-b0a0-be6bc90c5cea (type: security_group_rules) to 0
2026-09-03 17:39:27.528 10 INFO neutron.db.ovn_revision_numbers_db [None req-909081b5-d539-4819-947c-ede0a2a42804 8683bf07304f4692a042f736afa186f7 33988093ee3443979a0495eacaa13164 - - default default] Successfully bumped revision number for resource e08d4700-96e4-41d6-8ac9-ef65f40da0b6 (type: security_group_rules) to 0
2026-09-03 17:39:27.541 9 INFO neutron.db.ovn_revision_numbers_db [None req-e0f07440-fd4d-4bc3-afcd-55f3be130de0 8683bf07304f4692a042f736afa186f7 33988093ee3443979a0495eacaa13164 - - default default] Successfully bumped revision number for resource b1da26b3-a501-4239-b992-1857579fb8ca (type: security_group_rules) to 0
2026-09-03 17:39:27.581 10 INFO neutron.db.segments_db [None req-73ab1737-0c8e-4952-b884-6f9c3373aa67 8683bf07304f4692a042f736afa186f7 33988093ee3443979a0495eacaa13164 - - default default] Added segment 7a4fc400-712b-4f8e-9f55-c119c6a51879 of type geneve for network f1ec4c6d-3786-4c22-8776-feaf3ceba2f7
2026-09-03 17:39:27.604 9 INFO neutron.db.segments_db [None req-e0f07440-fd4d-4bc3-afcd-55f3be130de0 8683bf07304f4692a042f736afa186f7 33988093ee3443979a0495eacaa13164 - - default default] Added segment 8476707b-b891-406f-a581-70e85b7a2d7c of type geneve for network 50eda384-3e75-42c7-98e1-e8819d440506
2026-09-03 17:39:27.608 10 INFO neutron.db.segments_db [None req-909081b5-d539-4819-947c-ede0a2a42804 8683bf07304f4692a042f736afa186f7 33988093ee3443979a0495eacaa13164 - - default default] Added segment 2e21aadd-6814-40df-a80d-cf15a56f8dfe of type geneve for network 6b2af94e-bee7-4fc5-8732-8c54f6eaee1c
2026-09-03 17:39:27.735 9 INFO neutron.db.ovn_revision_numbers_db [None req-e0f07440-fd4d-4bc3-afcd-55f3be130de0 8683bf07304f4692a042f736afa186f7 33988093ee3443979a0495eacaa13164 - - default default] Successfully bumped revision number for resource 50eda384-3e75-42c7-98e1-e8819d440506 (type: networks) to 1
2026-09-03 17:39:27.802 10 INFO neutron.db.ovn_revision_numbers_db [None req-73ab1737-0c8e-4952-b884-6f9c3373aa67 8683bf07304f4692a042f736afa186f7 33988093ee3443979a0495eacaa13164 - - default default] Successfully bumped revision number for resource f1ec4c6d-3786-4c22-8776-feaf3ceba2f7 (type: networks) to 1
2026-09-03 17:39:27.805 10 INFO neutron.db.ovn_revision_numbers_db [None req-909081b5-d539-4819-947c-ede0a2a42804 8683bf07304f4692a042f736afa186f7 33988093ee3443979a0495eacaa13164 - - default default] Successfully bumped revision number for resource 6b2af94e-bee7-4fc5-8732-8c54f6eaee1c (type: networks) to 1
2026-09-03 17:39:27.873 9 WARNING neutron.scheduler.dhcp_agent_scheduler [None req-e0f07440-fd4d-4bc3-afcd-55f3be130de0 8683bf07304f4692a042f736afa186f7 33988093ee3443979a0495eacaa13164 - - default default] No more DHCP agents
2026-09-03 17:39:27.875 9 WARNING neutron.api.rpc.agentnotifiers.dhcp_rpc_agent_api [None req-e0f07440-fd4d-4bc3-afcd-55f3be130de0 8683bf07304f4692a042f736afa186f7 33988093ee3443979a0495eacaa13164 - - default default] Unable to schedule network 50eda384-3e75-42c7-98e1-e8819d440506: no agents available; will retry on subsequent port and subnet creation events.
2026-09-03 17:39:27.977 10 WARNING neutron.scheduler.dhcp_agent_scheduler [None req-73ab1737-0c8e-4952-b884-6f9c3373aa67 8683bf07304f4692a042f736afa186f7 33988093ee3443979a0495eacaa13164 - - default default] No more DHCP agents
2026-09-03 17:39:27.979 10 WARNING neutron.scheduler.dhcp_agent_scheduler [None req-909081b5-d539-4819-947c-ede0a2a42804 8683bf07304f4692a042f736afa186f7 33988093ee3443979a0495eacaa13164 - - default default] No more DHCP agents
2026-09-03 17:39:27.981 10 WARNING neutron.api.rpc.agentnotifiers.dhcp_rpc_agent_api [None req-73ab1737-0c8e-4952-b884-6f9c3373aa67 8683bf07304f4692a042f736afa186f7 33988093ee3443979a0495eacaa13164 - - default default] Unable to schedule network f1ec4c6d-3786-4c22-8776-feaf3ceba2f7: no agents available; will retry on subsequent port and subnet creation events.
2026-09-03 17:39:27.983 10 WARNING neutron.api.rpc.agentnotifiers.dhcp_rpc_agent_api [None req-909081b5-d539-4819-947c-ede0a2a42804 8683bf07304f4692a042f736afa186f7 33988093ee3443979a0495eacaa13164 - - default default] Unable to schedule network 6b2af94e-bee7-4fc5-8732-8c54f6eaee1c: no agents available; will retry on subsequent port and subnet creation events.
2026-09-03 17:39:28.035 9 INFO neutron.db.ovn_revision_numbers_db [None req-e0f07440-fd4d-4bc3-afcd-55f3be130de0 8683bf07304f4692a042f736afa186f7 33988093ee3443979a0495eacaa13164 - - default default] Successfully bumped revision number for resource aef7df86-c2a9-45c9-a20b-539d564671c9 (type: ports) to 1
2026-09-03 17:39:28.074 9 INFO neutron.wsgi [None req-e0f07440-fd4d-4bc3-afcd-55f3be130de0 8683bf07304f4692a042f736afa186f7 33988093ee3443979a0495eacaa13164 - - default default] 10.0.0.221 "POST /v2.0/networks HTTP/1.1" status: 201 len: 948 time: 0.8808000
2026-09-03 17:39:28.085 10 INFO neutron.db.ovn_revision_numbers_db [None req-909081b5-d539-4819-947c-ede0a2a42804 8683bf07304f4692a042f736afa186f7 33988093ee3443979a0495eacaa13164 - - default default] Successfully bumped revision number for resource 8c6beabe-2a81-4836-8553-300b76e9ba3b (type: ports) to 1
2026-09-03 17:39:28.089 10 INFO neutron.db.ovn_revision_numbers_db [None req-73ab1737-0c8e-4952-b884-6f9c3373aa67 8683bf07304f4692a042f736afa186f7 33988093ee3443979a0495eacaa13164 - - default default] Successfully bumped revision number for resource 60da19d8-6472-474b-a2bd-deb7c2d9f98f (type: ports) to 1
2026-09-03 17:39:28.106 10 INFO neutron.wsgi [None req-909081b5-d539-4819-947c-ede0a2a42804 8683bf07304f4692a042f736afa186f7 33988093ee3443979a0495eacaa13164 - - default default] 10.0.0.221 "POST /v2.0/networks HTTP/1.1" status: 201 len: 954 time: 1.1445441
2026-09-03 17:39:28.108 10 INFO neutron.wsgi [None req-73ab1737-0c8e-4952-b884-6f9c3373aa67 8683bf07304f4692a042f736afa186f7 33988093ee3443979a0495eacaa13164 - - default default] 10.0.0.221 "POST /v2.0/networks HTTP/1.1" status: 201 len: 950 time: 0.9657416
2026-09-03 17:39:28.263 9 WARNING neutron.scheduler.dhcp_agent_scheduler [None req-4e2fdfd7-0099-4d76-ac05-d6661989b05b 8683bf07304f4692a042f736afa186f7 33988093ee3443979a0495eacaa13164 - - default default] No more DHCP agents
2026-09-03 17:39:28.266 9 WARNING neutron.api.rpc.agentnotifiers.dhcp_rpc_agent_api [None req-4e2fdfd7-0099-4d76-ac05-d6661989b05b 8683bf07304f4692a042f736afa186f7 33988093ee3443979a0495eacaa13164 - - default default] Unable to schedule network 50eda384-3e75-42c7-98e1-e8819d440506: no agents available; will retry on subsequent port and subnet creation events.
2026-09-03 17:39:28.319 9 WARNING neutron.scheduler.dhcp_agent_scheduler [None req-51e452de-2862-439c-bc23-b7a769f4f005 8683bf07304f4692a042f736afa186f7 33988093ee3443979a0495eacaa13164 - - default default] No more DHCP agents
2026-09-03 17:39:28.323 9 WARNING neutron.api.rpc.agentnotifiers.dhcp_rpc_agent_api [None req-51e452de-2862-439c-bc23-b7a769f4f005 8683bf07304f4692a042f736afa186f7 33988093ee3443979a0495eacaa13164 - - default default] Unable to schedule network f1ec4c6d-3786-4c22-8776-feaf3ceba2f7: no agents available; will retry on subsequent port and subnet creation events.
2026-09-03 17:39:28.421 10 WARNING neutron.scheduler.dhcp_agent_scheduler [None req-0ac56948-f7d1-4ded-97ae-4bbd36d1a087 8683bf07304f4692a042f736afa186f7 33988093ee3443979a0495eacaa13164 - - default default] No more DHCP agents
2026-09-03 17:39:28.428 10 WARNING neutron.api.rpc.agentnotifiers.dhcp_rpc_agent_api [None req-0ac56948-f7d1-4ded-97ae-4bbd36d1a087 8683bf07304f4692a042f736afa186f7 33988093ee3443979a0495eacaa13164 - - default default] Unable to schedule network 6b2af94e-bee7-4fc5-8732-8c54f6eaee1c: no agents available; will retry on subsequent port and subnet creation events.
2026-09-03 17:39:28.521 10 INFO neutron.db.ovn_revision_numbers_db [None req-e1b19e43-43a2-4244-8992-87e7a5c9b705 8683bf07304f4692a042f736afa186f7 33988093ee3443979a0495eacaa13164 - - default default] Successfully bumped revision number for resource 95c47d51-990b-4fea-9ada-e59054d901f5 (type: security_groups) to 1
2026-09-03 17:39:28.542 10 INFO neutron.db.ovn_revision_numbers_db [None req-e1b19e43-43a2-4244-8992-87e7a5c9b705 8683bf07304f4692a042f736afa186f7 33988093ee3443979a0495eacaa13164 - - default default] Successfully bumped revision number for resource 26d10fdc-60a2-4688-8aa1-63f76a6cd048 (type: security_group_rules) to 0
2026-09-03 17:39:28.560 10 INFO neutron.db.ovn_revision_numbers_db [None req-e1b19e43-43a2-4244-8992-87e7a5c9b705 8683bf07304f4692a042f736afa186f7 33988093ee3443979a0495eacaa13164 - - default default] Successfully bumped revision number for resource 56279c2a-f14e-44b5-bf0b-289958b11139 (type: security_group_rules) to 0
2026-09-03 17:39:28.579 10 INFO neutron.db.ovn_revision_numbers_db [None req-e1b19e43-43a2-4244-8992-87e7a5c9b705 8683bf07304f4692a042f736afa186f7 33988093ee3443979a0495eacaa13164 - - default default] Successfully bumped revision number for resource 8ec916c2-eb0a-43a3-bf13-cc0efc6ea800 (type: security_group_rules) to 0
2026-09-03 17:39:28.594 10 INFO neutron.db.ovn_revision_numbers_db [None req-e1b19e43-43a2-4244-8992-87e7a5c9b705 8683bf07304f4692a042f736afa186f7 33988093ee3443979a0495eacaa13164 - - default default] Successfully bumped revision number for resource b3baa1e5-81ab-4ab6-ad4b-7f647427fe8b (type: security_group_rules) to 0
2026-09-03 17:39:28.620 10 INFO neutron.wsgi [None req-e1b19e43-43a2-4244-8992-87e7a5c9b705 8683bf07304f4692a042f736afa186f7 33988093ee3443979a0495eacaa13164 - - default default] 10.0.0.221 "GET /v2.0/security-groups?tenant_id=7db9133b293845849aa7ece18ff63637&name=default HTTP/1.1" status: 200 len: 2992 time: 0.4800262
2026-09-03 17:39:28.896 9 INFO neutron.db.ovn_revision_numbers_db [None req-4e2fdfd7-0099-4d76-ac05-d6661989b05b 8683bf07304f4692a042f736afa186f7 33988093ee3443979a0495eacaa13164 - - default default] Successfully bumped revision number for resource aef7df86-c2a9-45c9-a20b-539d564671c9 (type: ports) to 2
2026-09-03 17:39:28.922 10 INFO neutron.wsgi [None req-99e1c133-2eed-4e6b-8849-c13b69b39c79 8683bf07304f4692a042f736afa186f7 33988093ee3443979a0495eacaa13164 - - default default] 10.0.0.221 "DELETE /v2.0/security-groups/95c47d51-990b-4fea-9ada-e59054d901f5 HTTP/1.1" status: 204 len: 168 time: 0.2962685
2026-09-03 17:39:28.929 10 INFO neutron.db.ovn_revision_numbers_db [None req-0ac56948-f7d1-4ded-97ae-4bbd36d1a087 8683bf07304f4692a042f736afa186f7 33988093ee3443979a0495eacaa13164 - - default default] Successfully bumped revision number for resource 8c6beabe-2a81-4836-8553-300b76e9ba3b (type: ports) to 2
2026-09-03 17:39:28.969 10 INFO neutron.db.ovn_revision_numbers_db [None req-0ac56948-f7d1-4ded-97ae-4bbd36d1a087 8683bf07304f4692a042f736afa186f7 33988093ee3443979a0495eacaa13164 - - default default] Successfully bumped revision number for resource 86661b7e-507f-4bc5-baca-89fdf172fe92 (type: subnets) to 0
2026-09-03 17:39:28.983 10 INFO neutron.wsgi [None req-0ac56948-f7d1-4ded-97ae-4bbd36d1a087 8683bf07304f4692a042f736afa186f7 33988093ee3443979a0495eacaa13164 - - default default] 10.0.0.221 "POST /v2.0/subnets HTTP/1.1" status: 201 len: 874 time: 0.8728995
2026-09-03 17:39:29.011 9 INFO neutron.db.ovn_revision_numbers_db [None req-4e2fdfd7-0099-4d76-ac05-d6661989b05b 8683bf07304f4692a042f736afa186f7 33988093ee3443979a0495eacaa13164 - - default default] Successfully bumped revision number for resource b9319915-1d83-4495-b58f-e760ab91a6cb (type: subnets) to 0
2026-09-03 17:39:29.022 9 INFO neutron.db.ovn_revision_numbers_db [None req-51e452de-2862-439c-bc23-b7a769f4f005 8683bf07304f4692a042f736afa186f7 33988093ee3443979a0495eacaa13164 - - default default] Successfully bumped revision number for resource 60da19d8-6472-474b-a2bd-deb7c2d9f98f (type: ports) to 2
2026-09-03 17:39:29.026 9 INFO neutron.wsgi [None req-4e2fdfd7-0099-4d76-ac05-d6661989b05b 8683bf07304f4692a042f736afa186f7 33988093ee3443979a0495eacaa13164 - - default default] 10.0.0.221 "POST /v2.0/subnets HTTP/1.1" status: 201 len: 869 time: 0.9453440
2026-09-03 17:39:29.059 9 INFO neutron.db.ovn_revision_numbers_db [None req-51e452de-2862-439c-bc23-b7a769f4f005 8683bf07304f4692a042f736afa186f7 33988093ee3443979a0495eacaa13164 - - default default] Successfully bumped revision number for resource 12af3139-1bc1-4de3-9240-b1ab39dbcb3b (type: subnets) to 0
2026-09-03 17:39:29.076 9 INFO neutron.wsgi [None req-51e452de-2862-439c-bc23-b7a769f4f005 8683bf07304f4692a042f736afa186f7 33988093ee3443979a0495eacaa13164 - - default default] 10.0.0.221 "POST /v2.0/subnets HTTP/1.1" status: 201 len: 870 time: 0.9598529
2026-09-03 17:39:29.439 9 WARNING neutron.scheduler.dhcp_agent_scheduler [None req-eb34170f-4177-45de-bd61-6c2fa13aeffc 8683bf07304f4692a042f736afa186f7 33988093ee3443979a0495eacaa13164 - - default default] No more DHCP agents
2026-09-03 17:39:29.441 9 WARNING neutron.api.rpc.agentnotifiers.dhcp_rpc_agent_api [None req-eb34170f-4177-45de-bd61-6c2fa13aeffc 8683bf07304f4692a042f736afa186f7 33988093ee3443979a0495eacaa13164 - - default default] Unable to schedule network ae883489-5e93-4bf8-bd12-e5df994aa84c: no agents available; will retry on subsequent port and subnet creation events.
2026-09-03 17:39:29.574 9 INFO neutron.db.ovn_revision_numbers_db [None req-eb34170f-4177-45de-bd61-6c2fa13aeffc 8683bf07304f4692a042f736afa186f7 33988093ee3443979a0495eacaa13164 - - default default] Successfully bumped revision number for resource c61a9823-f3bc-471a-83f5-7d9b11942fd8 (type: ports) to 1
2026-09-03 17:39:29.650 10 WARNING neutron.scheduler.dhcp_agent_scheduler [None req-16a7e0f8-0ce9-456c-a07e-94607808e633 8683bf07304f4692a042f736afa186f7 33988093ee3443979a0495eacaa13164 - - default default] No more DHCP agents
