2026-09-03 17:40:06.501 10 INFO neutron.db.ovn_revision_numbers_db [None req-06fb8941-d7e9-4809-b892-7ee3bdcd3e48 8683bf07304f4692a042f736afa186f7 33988093ee3443979a0495eacaa13164 - - default default] Successfully bumped revision number for resource 79fb548d-85d8-4cd7-ac2b-98647425b054 (type: security_group_rules) to 0
2026-09-03 17:40:06.517 10 INFO neutron.db.ovn_revision_numbers_db [None req-06fb8941-d7e9-4809-b892-7ee3bdcd3e48 8683bf07304f4692a042f736afa186f7 33988093ee3443979a0495eacaa13164 - - default default] Successfully bumped revision number for resource 993f61d7-3aa2-43a0-97fa-ff45b1097e17 (type: security_group_rules) to 0
2026-09-03 17:40:06.532 10 INFO neutron.db.ovn_revision_numbers_db [None req-06fb8941-d7e9-4809-b892-7ee3bdcd3e48 8683bf07304f4692a042f736afa186f7 33988093ee3443979a0495eacaa13164 - - default default] Successfully bumped revision number for resource fd558a51-0259-4a2d-9d4a-0aba4e911d18 (type: security_group_rules) to 0
2026-09-03 17:40:06.547 9 INFO neutron.wsgi [req-652d2bb3-2131-44fe-a25b-1abc63227fa4 req-8bc990b4-dd0b-4c6f-8a9c-043e1beaa7da b6e27e4c17144f079a8a324c171c6ae2 f0085bf77d62460c96d3517193fdf02f - - default default] 162.253.55.242 "GET /v2.0/ports?device_id=93a0adc0-c042-4a01-ad20-8f5fa860dcd5&device_owner=compute%3Anova&network_id=6b2af94e-bee7-4fc5-8732-8c54f6eaee1c HTTP/1.1" status: 200 len: 1170 time: 0.1172795
2026-09-03 17:40:06.586 10 INFO neutron.db.segments_db [None req-06fb8941-d7e9-4809-b892-7ee3bdcd3e48 8683bf07304f4692a042f736afa186f7 33988093ee3443979a0495eacaa13164 - - default default] Added segment 7b097fe1-c25f-4f57-bd11-cadd0cf484e8 of type geneve for network 80c8e04a-4556-4195-af2b-4875e276dcc4
2026-09-03 17:40:06.626 10 INFO neutron.db.ovn_revision_numbers_db [None req-dda83932-f227-4086-8baa-16d8e2daecf9 cea7a60f7d2c4880976c5b70dd806882 3c9536b2633640e3b7cb70cfae28e23f - - default default] Successfully bumped revision number for resource 5da71062-d058-419c-83f3-71debe7afed1 (type: security_groups) to 1
2026-09-03 17:40:06.654 10 INFO neutron.db.ovn_revision_numbers_db [None req-dda83932-f227-4086-8baa-16d8e2daecf9 cea7a60f7d2c4880976c5b70dd806882 3c9536b2633640e3b7cb70cfae28e23f - - default default] Successfully bumped revision number for resource cecd2f47-c940-4b98-ac2e-5bbe9abb4ce9 (type: security_group_rules) to 0
2026-09-03 17:40:06.679 10 INFO neutron.db.ovn_revision_numbers_db [None req-dda83932-f227-4086-8baa-16d8e2daecf9 cea7a60f7d2c4880976c5b70dd806882 3c9536b2633640e3b7cb70cfae28e23f - - default default] Successfully bumped revision number for resource d9430493-bcb0-4f55-a836-b84478840cf5 (type: security_group_rules) to 0
2026-09-03 17:40:06.726 10 INFO neutron.wsgi [None req-dda83932-f227-4086-8baa-16d8e2daecf9 cea7a60f7d2c4880976c5b70dd806882 3c9536b2633640e3b7cb70cfae28e23f - - default default] 10.0.0.221 "POST /v2.0/security-groups HTTP/1.1" status: 201 len: 1797 time: 0.2601676
2026-09-03 17:40:06.757 10 INFO neutron.db.ovn_revision_numbers_db [None req-06fb8941-d7e9-4809-b892-7ee3bdcd3e48 8683bf07304f4692a042f736afa186f7 33988093ee3443979a0495eacaa13164 - - default default] Successfully bumped revision number for resource 80c8e04a-4556-4195-af2b-4875e276dcc4 (type: networks) to 1
2026-09-03 17:40:06.904 10 INFO neutron.db.ovn_revision_numbers_db [None req-c45e5737-cf17-4473-b225-d4c0376d6a44 cea7a60f7d2c4880976c5b70dd806882 3c9536b2633640e3b7cb70cfae28e23f - - default default] Successfully bumped revision number for resource 21a2f721-24bc-4971-a808-35b67c66b6cb (type: security_group_rules) to 0
2026-09-03 17:40:06.934 10 INFO neutron.wsgi [None req-c45e5737-cf17-4473-b225-d4c0376d6a44 cea7a60f7d2c4880976c5b70dd806882 3c9536b2633640e3b7cb70cfae28e23f - - default default] 10.0.0.221 "POST /v2.0/security-group-rules HTTP/1.1" status: 201 len: 764 time: 0.2037919
2026-09-03 17:40:06.936 10 WARNING neutron.scheduler.dhcp_agent_scheduler [None req-06fb8941-d7e9-4809-b892-7ee3bdcd3e48 8683bf07304f4692a042f736afa186f7 33988093ee3443979a0495eacaa13164 - - default default] No more DHCP agents
2026-09-03 17:40:06.937 10 WARNING neutron.api.rpc.agentnotifiers.dhcp_rpc_agent_api [None req-06fb8941-d7e9-4809-b892-7ee3bdcd3e48 8683bf07304f4692a042f736afa186f7 33988093ee3443979a0495eacaa13164 - - default default] Unable to schedule network 80c8e04a-4556-4195-af2b-4875e276dcc4: no agents available; will retry on subsequent port and subnet creation events.
2026-09-03 17:40:07.038 10 INFO neutron.db.ovn_revision_numbers_db [None req-06fb8941-d7e9-4809-b892-7ee3bdcd3e48 8683bf07304f4692a042f736afa186f7 33988093ee3443979a0495eacaa13164 - - default default] Successfully bumped revision number for resource 4ed8a80f-db66-4b52-b701-541e29569544 (type: ports) to 1
2026-09-03 17:40:07.058 10 INFO neutron.wsgi [None req-06fb8941-d7e9-4809-b892-7ee3bdcd3e48 8683bf07304f4692a042f736afa186f7 33988093ee3443979a0495eacaa13164 - - default default] 10.0.0.221 "POST /v2.0/networks HTTP/1.1" status: 201 len: 948 time: 0.9505603
2026-09-03 17:40:07.104 10 INFO neutron.db.ovn_revision_numbers_db [None req-6c85571f-7a19-462b-97a6-3df11a25aaec cea7a60f7d2c4880976c5b70dd806882 3c9536b2633640e3b7cb70cfae28e23f - - default default] Successfully bumped revision number for resource 380debc2-83b1-4593-a195-bd5705ad2616 (type: security_group_rules) to 0
2026-09-03 17:40:07.141 9 INFO neutron.db.ovn_revision_numbers_db [req-652d2bb3-2131-44fe-a25b-1abc63227fa4 req-fc62993b-8437-421a-8d64-b5d7fdda8ff6 b6e27e4c17144f079a8a324c171c6ae2 f0085bf77d62460c96d3517193fdf02f - - default default] Successfully bumped revision number for resource 80c72cd1-a587-487c-8ff1-18dee22128b1 (type: ports) to 5
2026-09-03 17:40:07.145 10 INFO neutron.wsgi [None req-6c85571f-7a19-462b-97a6-3df11a25aaec cea7a60f7d2c4880976c5b70dd806882 3c9536b2633640e3b7cb70cfae28e23f - - default default] 10.0.0.221 "POST /v2.0/security-group-rules HTTP/1.1" status: 201 len: 769 time: 0.2033818
2026-09-03 17:40:07.155 9 INFO neutron.wsgi [req-652d2bb3-2131-44fe-a25b-1abc63227fa4 req-fc62993b-8437-421a-8d64-b5d7fdda8ff6 b6e27e4c17144f079a8a324c171c6ae2 f0085bf77d62460c96d3517193fdf02f - - default default] 162.253.55.242 "PUT /v2.0/ports/80c72cd1-a587-487c-8ff1-18dee22128b1 HTTP/1.1" status: 200 len: 1349 time: 0.6041162
2026-09-03 17:40:07.186 9 INFO neutron.notifiers.nova [-] Nova event matching ['req-680e4cc3-f47c-475c-aecb-bf05c2684e14'] response: {'name': 'network-changed', 'server_uuid': '93a0adc0-c042-4a01-ad20-8f5fa860dcd5', 'tag': '80c72cd1-a587-487c-8ff1-18dee22128b1', 'status': 'completed', 'code': 200} /var/lib/openstack/lib/python3.10/site-packages/pycadf/identifier.py:71: UserWarning: Invalid uuid: neutron. To ensure interoperability, identifiers should be a valid uuid. warnings.warn(('Invalid uuid: %s. To ensure interoperability, '
2026-09-03 17:40:07.229 9 INFO neutron.wsgi [req-652d2bb3-2131-44fe-a25b-1abc63227fa4 req-5568de8f-cd62-4097-bdb4-c1ff233807b3 ae14d269361247dba8194315d3848ffa 55eae20e49e74ac9b0552c1cfbde90d7 - - 51da7a234397460f8be2b7ea273ee490 51da7a234397460f8be2b7ea273ee490] 162.253.55.242 "GET /v2.0/ports?tenant_id=f0085bf77d62460c96d3517193fdf02f&device_id=93a0adc0-c042-4a01-ad20-8f5fa860dcd5 HTTP/1.1" status: 200 len: 1590 time: 0.0363710
2026-09-03 17:40:07.302 10 WARNING neutron.scheduler.dhcp_agent_scheduler [None req-16cc013c-7747-4d5b-86ee-dc79dfc07a52 8683bf07304f4692a042f736afa186f7 33988093ee3443979a0495eacaa13164 - - default default] No more DHCP agents
2026-09-03 17:40:07.307 10 WARNING neutron.api.rpc.agentnotifiers.dhcp_rpc_agent_api [None req-16cc013c-7747-4d5b-86ee-dc79dfc07a52 8683bf07304f4692a042f736afa186f7 33988093ee3443979a0495eacaa13164 - - default default] Unable to schedule network 80c8e04a-4556-4195-af2b-4875e276dcc4: no agents available; will retry on subsequent port and subnet creation events.
2026-09-03 17:40:07.308 9 INFO neutron.wsgi [req-652d2bb3-2131-44fe-a25b-1abc63227fa4 req-2fa21159-7984-4f61-990c-0738f12ee8de ae14d269361247dba8194315d3848ffa 55eae20e49e74ac9b0552c1cfbde90d7 - - 51da7a234397460f8be2b7ea273ee490 51da7a234397460f8be2b7ea273ee490] 162.253.55.242 "GET /v2.0/networks?id=6b2af94e-bee7-4fc5-8732-8c54f6eaee1c HTTP/1.1" status: 200 len: 982 time: 0.0720520
2026-09-03 17:40:07.333 9 INFO neutron.wsgi [req-652d2bb3-2131-44fe-a25b-1abc63227fa4 req-e12a1f23-3f77-4f96-a4c9-5a12c8131ac5 ae14d269361247dba8194315d3848ffa 55eae20e49e74ac9b0552c1cfbde90d7 - - 51da7a234397460f8be2b7ea273ee490 51da7a234397460f8be2b7ea273ee490] 162.253.55.242 "GET /v2.0/floatingips?fixed_ip_address=10.100.0.11&port_id=80c72cd1-a587-487c-8ff1-18dee22128b1 HTTP/1.1" status: 200 len: 217 time: 0.0193141
2026-09-03 17:40:07.393 9 INFO neutron.wsgi [req-652d2bb3-2131-44fe-a25b-1abc63227fa4 req-e7fe97f0-b1c2-4ac5-aaed-848f77567ac5 ae14d269361247dba8194315d3848ffa 55eae20e49e74ac9b0552c1cfbde90d7 - - 51da7a234397460f8be2b7ea273ee490 51da7a234397460f8be2b7ea273ee490] 162.253.55.242 "GET /v2.0/floatingips?fixed_ip_address=10.100.0.3&port_id=80c72cd1-a587-487c-8ff1-18dee22128b1 HTTP/1.1" status: 200 len: 1059 time: 0.0443375
2026-09-03 17:40:07.440 9 INFO neutron.wsgi [req-652d2bb3-2131-44fe-a25b-1abc63227fa4 req-9a73c172-69fe-466f-a6a2-c6de3c9804d9 ae14d269361247dba8194315d3848ffa 55eae20e49e74ac9b0552c1cfbde90d7 - - 51da7a234397460f8be2b7ea273ee490 51da7a234397460f8be2b7ea273ee490] 162.253.55.242 "GET /v2.0/subnets?id=86661b7e-507f-4bc5-baca-89fdf172fe92 HTTP/1.1" status: 200 len: 877 time: 0.0345492
2026-09-03 17:40:07.468 9 INFO neutron.wsgi [req-652d2bb3-2131-44fe-a25b-1abc63227fa4 req-85061573-39bb-4a36-8868-65a2936ab0a6 ae14d269361247dba8194315d3848ffa 55eae20e49e74ac9b0552c1cfbde90d7 - - 51da7a234397460f8be2b7ea273ee490 51da7a234397460f8be2b7ea273ee490] 162.253.55.242 "GET /v2.0/ports?network_id=6b2af94e-bee7-4fc5-8732-8c54f6eaee1c&device_owner=network%3Adhcp HTTP/1.1" status: 200 len: 210 time: 0.0181704
2026-09-03 17:40:07.548 10 WARNING neutron.scheduler.dhcp_agent_scheduler [None req-7ac9a95a-f960-496d-921e-29496ca7f902 cea7a60f7d2c4880976c5b70dd806882 3c9536b2633640e3b7cb70cfae28e23f - - default default] No more DHCP agents
2026-09-03 17:40:07.550 10 WARNING neutron.api.rpc.agentnotifiers.dhcp_rpc_agent_api [None req-7ac9a95a-f960-496d-921e-29496ca7f902 cea7a60f7d2c4880976c5b70dd806882 3c9536b2633640e3b7cb70cfae28e23f - - default default] Unable to schedule network ae883489-5e93-4bf8-bd12-e5df994aa84c: no agents available; will retry on subsequent port and subnet creation events.
2026-09-03 17:40:07.709 9 INFO neutron.wsgi [req-652d2bb3-2131-44fe-a25b-1abc63227fa4 req-131dfa99-f50c-4e3b-b8ec-ed27a0766c2d ae14d269361247dba8194315d3848ffa 55eae20e49e74ac9b0552c1cfbde90d7 - - 51da7a234397460f8be2b7ea273ee490 51da7a234397460f8be2b7ea273ee490] 162.253.55.242 "GET /v2.0/networks/6b2af94e-bee7-4fc5-8732-8c54f6eaee1c?fields=segments HTTP/1.1" status: 200 len: 212 time: 0.2346437
2026-09-03 17:40:07.770 9 INFO neutron.wsgi [req-652d2bb3-2131-44fe-a25b-1abc63227fa4 req-2c287321-bdd2-4477-bc35-3ac7b9d0db0a ae14d269361247dba8194315d3848ffa 55eae20e49e74ac9b0552c1cfbde90d7 - - 51da7a234397460f8be2b7ea273ee490 51da7a234397460f8be2b7ea273ee490] 162.253.55.242 "GET /v2.0/networks/6b2af94e-bee7-4fc5-8732-8c54f6eaee1c?fields=provider%3Aphysical_network&fields=provider%3Anetwork_type HTTP/1.1" status: 200 len: 277 time: 0.0505905
2026-09-03 17:40:07.848 9 INFO neutron.wsgi [req-96411cbc-f367-47ba-9479-b4de0b2cda6f req-6147a993-681a-408f-b1d5-55f154104509 ae14d269361247dba8194315d3848ffa 55eae20e49e74ac9b0552c1cfbde90d7 - - 51da7a234397460f8be2b7ea273ee490 51da7a234397460f8be2b7ea273ee490] 162.253.55.242 "GET /v2.0/ports?tenant_id=f0085bf77d62460c96d3517193fdf02f&device_id=93a0adc0-c042-4a01-ad20-8f5fa860dcd5 HTTP/1.1" status: 200 len: 1590 time: 0.0408709
2026-09-03 17:40:07.914 9 INFO neutron.wsgi [req-96411cbc-f367-47ba-9479-b4de0b2cda6f req-e7091958-a27a-40f9-9e32-5ef01e36c383 ae14d269361247dba8194315d3848ffa 55eae20e49e74ac9b0552c1cfbde90d7 - - 51da7a234397460f8be2b7ea273ee490 51da7a234397460f8be2b7ea273ee490] 162.253.55.242 "GET /v2.0/networks?id=6b2af94e-bee7-4fc5-8732-8c54f6eaee1c HTTP/1.1" status: 200 len: 982 time: 0.0610287
2026-09-03 17:40:07.944 9 INFO neutron.wsgi [req-96411cbc-f367-47ba-9479-b4de0b2cda6f req-64a2691f-f4e4-4d9a-930e-0e18606b9074 ae14d269361247dba8194315d3848ffa 55eae20e49e74ac9b0552c1cfbde90d7 - - 51da7a234397460f8be2b7ea273ee490 51da7a234397460f8be2b7ea273ee490] 162.253.55.242 "GET /v2.0/floatingips?fixed_ip_address=10.100.0.11&port_id=80c72cd1-a587-487c-8ff1-18dee22128b1 HTTP/1.1" status: 200 len: 217 time: 0.0245588
2026-09-03 17:40:07.994 9 INFO neutron.wsgi [req-96411cbc-f367-47ba-9479-b4de0b2cda6f req-4b38b069-b4e7-4ff7-b531-7b599ec94626 ae14d269361247dba8194315d3848ffa 55eae20e49e74ac9b0552c1cfbde90d7 - - 51da7a234397460f8be2b7ea273ee490 51da7a234397460f8be2b7ea273ee490] 162.253.55.242 "GET /v2.0/floatingips?fixed_ip_address=10.100.0.3&port_id=80c72cd1-a587-487c-8ff1-18dee22128b1 HTTP/1.1" status: 200 len: 1059 time: 0.0448222
2026-09-03 17:40:08.014 10 INFO neutron.db.ovn_revision_numbers_db [None req-16cc013c-7747-4d5b-86ee-dc79dfc07a52 8683bf07304f4692a042f736afa186f7 33988093ee3443979a0495eacaa13164 - - default default] Successfully bumped revision number for resource 4ed8a80f-db66-4b52-b701-541e29569544 (type: ports) to 2
2026-09-03 17:40:08.030 9 INFO neutron.wsgi [req-96411cbc-f367-47ba-9479-b4de0b2cda6f req-b3bfaf6c-289b-45ea-b992-6c31737db4a4 ae14d269361247dba8194315d3848ffa 55eae20e49e74ac9b0552c1cfbde90d7 - - 51da7a234397460f8be2b7ea273ee490 51da7a234397460f8be2b7ea273ee490] 162.253.55.242 "GET /v2.0/subnets?id=86661b7e-507f-4bc5-baca-89fdf172fe92 HTTP/1.1" status: 200 len: 877 time: 0.0308774
2026-09-03 17:40:08.050 9 INFO neutron.wsgi [req-96411cbc-f367-47ba-9479-b4de0b2cda6f req-fc461dd7-e158-455f-946d-e316c8c2c2b1 ae14d269361247dba8194315d3848ffa 55eae20e49e74ac9b0552c1cfbde90d7 - - 51da7a234397460f8be2b7ea273ee490 51da7a234397460f8be2b7ea273ee490] 162.253.55.242 "GET /v2.0/ports?network_id=6b2af94e-bee7-4fc5-8732-8c54f6eaee1c&device_owner=network%3Adhcp HTTP/1.1" status: 200 len: 210 time: 0.0158081
2026-09-03 17:40:08.077 10 INFO neutron.db.ovn_revision_numbers_db [None req-16cc013c-7747-4d5b-86ee-dc79dfc07a52 8683bf07304f4692a042f736afa186f7 33988093ee3443979a0495eacaa13164 - - default default] Successfully bumped revision number for resource 38fe1d90-8d14-485f-b6c6-f4de450f2bbf (type: subnets) to 0
2026-09-03 17:40:08.092 10 INFO neutron.wsgi [None req-16cc013c-7747-4d5b-86ee-dc79dfc07a52 8683bf07304f4692a042f736afa186f7 33988093ee3443979a0495eacaa13164 - - default default] 10.0.0.221 "POST /v2.0/subnets HTTP/1.1" status: 201 len: 868 time: 1.0270753
2026-09-03 17:40:08.093 10 INFO neutron.db.ovn_revision_numbers_db [None req-7ac9a95a-f960-496d-921e-29496ca7f902 cea7a60f7d2c4880976c5b70dd806882 3c9536b2633640e3b7cb70cfae28e23f - - default default] Successfully bumped revision number for resource 9e971b67-d219-4e23-9968-1e0df1692d14 (type: floatingips) to 0
2026-09-03 17:40:08.110 10 INFO neutron.wsgi [None req-7ac9a95a-f960-496d-921e-29496ca7f902 cea7a60f7d2c4880976c5b70dd806882 3c9536b2633640e3b7cb70cfae28e23f - - default default] 10.0.0.221 "POST /v2.0/floatingips HTTP/1.1" status: 201 len: 751 time: 0.9609749
2026-09-03 17:40:08.115 9 INFO neutron.wsgi [req-96411cbc-f367-47ba-9479-b4de0b2cda6f req-33961501-a7a9-4efe-96b3-3c10de1434c4 ae14d269361247dba8194315d3848ffa 55eae20e49e74ac9b0552c1cfbde90d7 - - 51da7a234397460f8be2b7ea273ee490 51da7a234397460f8be2b7ea273ee490] 162.253.55.242 "GET /v2.0/networks/6b2af94e-bee7-4fc5-8732-8c54f6eaee1c?fields=segments HTTP/1.1" status: 200 len: 212 time: 0.0606530
2026-09-03 17:40:08.166 9 INFO neutron.wsgi [req-96411cbc-f367-47ba-9479-b4de0b2cda6f req-6c0583ed-8083-4b67-8e6e-c938b72976b7 ae14d269361247dba8194315d3848ffa 55eae20e49e74ac9b0552c1cfbde90d7 - - 51da7a234397460f8be2b7ea273ee490 51da7a234397460f8be2b7ea273ee490] 162.253.55.242 "GET /v2.0/networks/6b2af94e-bee7-4fc5-8732-8c54f6eaee1c?fields=provider%3Aphysical_network&fields=provider%3Anetwork_type HTTP/1.1" status: 200 len: 277 time: 0.0462401
2026-09-03 17:40:08.524 10 INFO neutron.wsgi [req-c072893c-bec2-468d-adfe-b771717fd2dc req-52a7bc31-482f-4106-b34a-f9583f921f07 b6e27e4c17144f079a8a324c171c6ae2 f0085bf77d62460c96d3517193fdf02f - - default default] 10.0.0.45 "GET /v2.0/ports?device_id=93a0adc0-c042-4a01-ad20-8f5fa860dcd5 HTTP/1.1" status: 200 len: 1352 time: 0.0653856
2026-09-03 17:40:08.581 10 INFO neutron.wsgi [req-c072893c-bec2-468d-adfe-b771717fd2dc req-19713fd9-ed6e-4d83-9493-a9cc918a5644 b6e27e4c17144f079a8a324c171c6ae2 f0085bf77d62460c96d3517193fdf02f - - default default] 10.0.0.45 "GET /v2.0/security-groups?id=01bcbde9-b1c8-4811-9c1c-cd935926f542&fields=id&fields=name HTTP/1.1" status: 200 len: 313 time: 0.0464222
2026-09-03 17:40:08.669 10 WARNING neutron.scheduler.dhcp_agent_scheduler [None req-61c70c1d-e348-43ea-a733-73eb7654b8b2 8683bf07304f4692a042f736afa186f7 33988093ee3443979a0495eacaa13164 - - default default] No more DHCP agents
2026-09-03 17:40:08.677 10 WARNING neutron.api.rpc.agentnotifiers.dhcp_rpc_agent_api [None req-61c70c1d-e348-43ea-a733-73eb7654b8b2 8683bf07304f4692a042f736afa186f7 33988093ee3443979a0495eacaa13164 - - default default] Unable to schedule network ae883489-5e93-4bf8-bd12-e5df994aa84c: no agents available; will retry on subsequent port and subnet creation events.
2026-09-03 17:40:08.715 10 INFO neutron.wsgi [req-6d2f9f4f-5d09-4db8-8a1d-dd36ffc598a6 req-159ea6a3-97eb-45a9-8b48-116fbec66fa1 cea7a60f7d2c4880976c5b70dd806882 3c9536b2633640e3b7cb70cfae28e23f - - default default] 10.0.0.45 "GET /v2.0/security-groups?name=tempest-securitygroup--1014538357&fields=id&tenant_id=3c9536b2633640e3b7cb70cfae28e23f HTTP/1.1" status: 200 len: 267 time: 0.0481107
2026-09-03 17:40:08.779 9 INFO neutron.wsgi [req-d493abc2-01c3-4fa8-aec9-06b36fc26694 req-941633cd-de5c-4c8f-888f-76d9e17e6a99 b6e27e4c17144f079a8a324c171c6ae2 f0085bf77d62460c96d3517193fdf02f - - default default] 162.253.55.242 "GET /v2.0/ports?device_id=93a0adc0-c042-4a01-ad20-8f5fa860dcd5&device_owner=compute%3Anova&fixed_ips=ip_address%3D10.100.0.11 HTTP/1.1" status: 200 len: 1352 time: 0.0821722
2026-09-03 17:40:08.822 10 INFO neutron.wsgi [req-6d2f9f4f-5d09-4db8-8a1d-dd36ffc598a6 req-dd50dae9-761d-40eb-be53-83be1f07ad1b cea7a60f7d2c4880976c5b70dd806882 3c9536b2633640e3b7cb70cfae28e23f - - default default] 10.0.0.45 "GET /v2.0/networks?id=0402f8ca-f6ed-49c4-8f8f-cf3525e10f1f HTTP/1.1" status: 200 len: 868 time: 0.0983601
2026-09-03 17:40:08.846 10 INFO neutron.wsgi [req-6d2f9f4f-5d09-4db8-8a1d-dd36ffc598a6 req-2dedb53b-0715-4fe9-91f0-03223aaa0c47 cea7a60f7d2c4880976c5b70dd806882 3c9536b2633640e3b7cb70cfae28e23f - - default default] 10.0.0.45 "GET /v2.0/quotas/3c9536b2633640e3b7cb70cfae28e23f HTTP/1.1" status: 200 len: 386 time: 0.0128379
2026-09-03 17:40:08.902 10 INFO neutron.db.ovn_revision_numbers_db [None req-61c70c1d-e348-43ea-a733-73eb7654b8b2 8683bf07304f4692a042f736afa186f7 33988093ee3443979a0495eacaa13164 - - default default] Successfully bumped revision number for resource 25c19c05-ca86-42e1-be2a-6abe1d043275 (type: ports) to 1
2026-09-03 17:40:08.993 10 INFO neutron.wsgi [req-6d2f9f4f-5d09-4db8-8a1d-dd36ffc598a6 req-696fcf79-826b-4a57-b1c5-87e040a61e35 cea7a60f7d2c4880976c5b70dd806882 3c9536b2633640e3b7cb70cfae28e23f - - default default] 10.0.0.45 "GET /v2.0/ports?tenant_id=3c9536b2633640e3b7cb70cfae28e23f&fields=id HTTP/1.1" status: 200 len: 302 time: 0.1361299
2026-09-03 17:40:09.294 9 INFO neutron.db.ovn_revision_numbers_db [req-d493abc2-01c3-4fa8-aec9-06b36fc26694 req-89063129-1a42-4143-a56f-57ba9250d0de b6e27e4c17144f079a8a324c171c6ae2 f0085bf77d62460c96d3517193fdf02f - - default default] Successfully bumped revision number for resource 80c72cd1-a587-487c-8ff1-18dee22128b1 (type: ports) to 6
2026-09-03 17:40:09.311 9 INFO neutron.wsgi [req-d493abc2-01c3-4fa8-aec9-06b36fc26694 req-89063129-1a42-4143-a56f-57ba9250d0de b6e27e4c17144f079a8a324c171c6ae2 f0085bf77d62460c96d3517193fdf02f - - default default] 162.253.55.242 "PUT /v2.0/ports/80c72cd1-a587-487c-8ff1-18dee22128b1 HTTP/1.1" status: 200 len: 1167 time: 0.5284059 /var/lib/openstack/lib/python3.10/site-packages/pycadf/identifier.py:71: UserWarning: Invalid uuid: neutron. To ensure interoperability, identifiers should be a valid uuid. warnings.warn(('Invalid uuid: %s. To ensure interoperability, '
2026-09-03 17:40:09.364 9 INFO neutron.notifiers.nova [-] Nova event matching ['req-232f660a-54ed-4035-b763-251296571041'] response: {'name': 'network-changed', 'server_uuid': '93a0adc0-c042-4a01-ad20-8f5fa860dcd5', 'tag': '80c72cd1-a587-487c-8ff1-18dee22128b1', 'status': 'completed', 'code': 200}
2026-09-03 17:40:09.375 9 INFO neutron.wsgi [req-d493abc2-01c3-4fa8-aec9-06b36fc26694 req-d8c83e65-4ce5-4613-b921-76fae7c0d397 ae14d269361247dba8194315d3848ffa 55eae20e49e74ac9b0552c1cfbde90d7 - - 51da7a234397460f8be2b7ea273ee490 51da7a234397460f8be2b7ea273ee490] 162.253.55.242 "GET /v2.0/ports?tenant_id=f0085bf77d62460c96d3517193fdf02f&device_id=93a0adc0-c042-4a01-ad20-8f5fa860dcd5 HTTP/1.1" status: 200 len: 1409 time: 0.0371072
2026-09-03 17:40:09.403 10 INFO neutron.plugins.ml2.drivers.ovn.mech_driver.ovsdb.ovsdb_monitor [None req-4e7143de-f105-49f6-8a1c-a9a30fda97ec - - - - - -] Router 9dda84b8-fb2f-4365-bed2-58b7c48ae1ad is bound to host instance
2026-09-03 17:40:09.440 10 INFO neutron.db.ovn_revision_numbers_db [None req-61c70c1d-e348-43ea-a733-73eb7654b8b2 8683bf07304f4692a042f736afa186f7 33988093ee3443979a0495eacaa13164 - - default default] Successfully bumped revision number for resource 25c19c05-ca86-42e1-be2a-6abe1d043275 (type: router_ports) to 1
2026-09-03 17:40:09.465 9 INFO neutron.wsgi [req-d493abc2-01c3-4fa8-aec9-06b36fc26694 req-198b1fd7-0472-47b2-9c12-004433e8d646 ae14d269361247dba8194315d3848ffa 55eae20e49e74ac9b0552c1cfbde90d7 - - 51da7a234397460f8be2b7ea273ee490 51da7a234397460f8be2b7ea273ee490] 162.253.55.242 "GET /v2.0/networks?id=6b2af94e-bee7-4fc5-8732-8c54f6eaee1c HTTP/1.1" status: 200 len: 982 time: 0.0825448
2026-09-03 17:40:09.506 9 INFO neutron.wsgi [req-d493abc2-01c3-4fa8-aec9-06b36fc26694 req-baa8e5d7-70df-4fca-a1df-dbfb5774f142 ae14d269361247dba8194315d3848ffa 55eae20e49e74ac9b0552c1cfbde90d7 - - 51da7a234397460f8be2b7ea273ee490 51da7a234397460f8be2b7ea273ee490] 162.253.55.242 "GET /v2.0/floatingips?fixed_ip_address=10.100.0.3&port_id=80c72cd1-a587-487c-8ff1-18dee22128b1 HTTP/1.1" status: 200 len: 1059 time: 0.0375206
2026-09-03 17:40:09.543 9 INFO neutron.wsgi [req-d493abc2-01c3-4fa8-aec9-06b36fc26694 req-7f49d2a8-e9ba-460e-9a51-4bf088a13010 ae14d269361247dba8194315d3848ffa 55eae20e49e74ac9b0552c1cfbde90d7 - - 51da7a234397460f8be2b7ea273ee490 51da7a234397460f8be2b7ea273ee490] 162.253.55.242 "GET /v2.0/subnets?id=86661b7e-507f-4bc5-baca-89fdf172fe92 HTTP/1.1" status: 200 len: 877 time: 0.0325832
2026-09-03 17:40:09.544 10 INFO neutron.db.ovn_revision_numbers_db [None req-61c70c1d-e348-43ea-a733-73eb7654b8b2 8683bf07304f4692a042f736afa186f7 33988093ee3443979a0495eacaa13164 - - default default] Successfully bumped revision number for resource 9dda84b8-fb2f-4365-bed2-58b7c48ae1ad (type: routers) to 2
2026-09-03 17:40:09.562 9 INFO neutron.wsgi [req-d493abc2-01c3-4fa8-aec9-06b36fc26694 req-dc7d21ed-4247-4710-86d6-8aa8cd93aa86 ae14d269361247dba8194315d3848ffa 55eae20e49e74ac9b0552c1cfbde90d7 - - 51da7a234397460f8be2b7ea273ee490 51da7a234397460f8be2b7ea273ee490] 162.253.55.242 "GET /v2.0/ports?network_id=6b2af94e-bee7-4fc5-8732-8c54f6eaee1c&device_owner=network%3Adhcp HTTP/1.1" status: 200 len: 210 time: 0.0158479
2026-09-03 17:40:09.567 10 INFO neutron.wsgi [None req-61c70c1d-e348-43ea-a733-73eb7654b8b2 8683bf07304f4692a042f736afa186f7 33988093ee3443979a0495eacaa13164 - - default default] 10.0.0.221 "POST /v2.0/routers HTTP/1.1" status: 201 len: 879 time: 1.4698634
2026-09-03 17:40:09.616 9 INFO neutron.wsgi [req-d493abc2-01c3-4fa8-aec9-06b36fc26694 req-34751d1c-63a0-421c-909d-c11dfdb6d9c5 ae14d269361247dba8194315d3848ffa 55eae20e49e74ac9b0552c1cfbde90d7 - - 51da7a234397460f8be2b7ea273ee490 51da7a234397460f8be2b7ea273ee490] 162.253.55.242 "GET /v2.0/networks/6b2af94e-bee7-4fc5-8732-8c54f6eaee1c?fields=segments HTTP/1.1" status: 200 len: 212 time: 0.0477777
2026-09-03 17:40:09.672 9 INFO neutron.wsgi [req-d493abc2-01c3-4fa8-aec9-06b36fc26694 req-6b2dee28-248a-477e-b62a-a50b4a87663a ae14d269361247dba8194315d3848ffa 55eae20e49e74ac9b0552c1cfbde90d7 - - 51da7a234397460f8be2b7ea273ee490 51da7a234397460f8be2b7ea273ee490] 162.253.55.242 "GET /v2.0/networks/6b2af94e-bee7-4fc5-8732-8c54f6eaee1c?fields=provider%3Aphysical_network&fields=provider%3Anetwork_type HTTP/1.1" status: 200 len: 277 time: 0.0509622
2026-09-03 17:40:09.745 9 INFO neutron.wsgi [req-ded67df0-424f-4964-bcd4-c9c175af671b req-c5668c37-3346-4654-b6c4-2aeabd555987 ae14d269361247dba8194315d3848ffa 55eae20e49e74ac9b0552c1cfbde90d7 - - 51da7a234397460f8be2b7ea273ee490 51da7a234397460f8be2b7ea273ee490] 162.253.55.242 "GET /v2.0/ports?tenant_id=f0085bf77d62460c96d3517193fdf02f&device_id=93a0adc0-c042-4a01-ad20-8f5fa860dcd5 HTTP/1.1" status: 200 len: 1409 time: 0.0286565
2026-09-03 17:40:09.802 9 INFO neutron.wsgi [req-ded67df0-424f-4964-bcd4-c9c175af671b req-db6088ca-a113-43f8-abc4-d45db322995a ae14d269361247dba8194315d3848ffa 55eae20e49e74ac9b0552c1cfbde90d7 - - 51da7a234397460f8be2b7ea273ee490 51da7a234397460f8be2b7ea273ee490] 162.253.55.242 "GET /v2.0/networks?id=6b2af94e-bee7-4fc5-8732-8c54f6eaee1c HTTP/1.1" status: 200 len: 982 time: 0.0514274
2026-09-03 17:40:09.814 10 INFO neutron.wsgi [req-6d2f9f4f-5d09-4db8-8a1d-dd36ffc598a6 req-95fd44bd-199b-444c-bce4-9f8951465f67 ae14d269361247dba8194315d3848ffa 55eae20e49e74ac9b0552c1cfbde90d7 - - 51da7a234397460f8be2b7ea273ee490 51da7a234397460f8be2b7ea273ee490] 10.0.0.45 "GET /v2.0/extensions HTTP/1.1" status: 200 len: 16525 time: 0.3862753
2026-09-03 17:40:09.844 9 INFO neutron.wsgi [req-ded67df0-424f-4964-bcd4-c9c175af671b req-29415fbe-6685-459f-a70b-ca95e5ffd4f8 ae14d269361247dba8194315d3848ffa 55eae20e49e74ac9b0552c1cfbde90d7 - - 51da7a234397460f8be2b7ea273ee490 51da7a234397460f8be2b7ea273ee490] 162.253.55.242 "GET /v2.0/floatingips?fixed_ip_address=10.100.0.3&port_id=80c72cd1-a587-487c-8ff1-18dee22128b1 HTTP/1.1" status: 200 len: 1059 time: 0.0365522
2026-09-03 17:40:09.878 9 INFO neutron.wsgi [req-ded67df0-424f-4964-bcd4-c9c175af671b req-ba451f6e-a3e6-4cc7-9ed2-5648a04e765a ae14d269361247dba8194315d3848ffa 55eae20e49e74ac9b0552c1cfbde90d7 - - 51da7a234397460f8be2b7ea273ee490 51da7a234397460f8be2b7ea273ee490] 162.253.55.242 "GET /v2.0/subnets?id=86661b7e-507f-4bc5-baca-89fdf172fe92 HTTP/1.1" status: 200 len: 877 time: 0.0265710
2026-09-03 17:40:09.907 9 INFO neutron.wsgi [req-ded67df0-424f-4964-bcd4-c9c175af671b req-c184a829-579f-4cbe-bded-496392f93dec ae14d269361247dba8194315d3848ffa 55eae20e49e74ac9b0552c1cfbde90d7 - - 51da7a234397460f8be2b7ea273ee490 51da7a234397460f8be2b7ea273ee490] 162.253.55.242 "GET /v2.0/ports?network_id=6b2af94e-bee7-4fc5-8732-8c54f6eaee1c&device_owner=network%3Adhcp HTTP/1.1" status: 200 len: 210 time: 0.0193098
2026-09-03 17:40:09.942 10 INFO neutron.wsgi [req-6d2f9f4f-5d09-4db8-8a1d-dd36ffc598a6 req-c55040d9-24a2-433b-b303-ec542ff35649 ae14d269361247dba8194315d3848ffa 55eae20e49e74ac9b0552c1cfbde90d7 - - 51da7a234397460f8be2b7ea273ee490 51da7a234397460f8be2b7ea273ee490] 10.0.0.45 "GET /v2.0/networks/0402f8ca-f6ed-49c4-8f8f-cf3525e10f1f?fields=segments HTTP/1.1" status: 200 len: 212 time: 0.1186695
2026-09-03 17:40:09.985 9 INFO neutron.wsgi [req-ded67df0-424f-4964-bcd4-c9c175af671b req-da3621d1-387d-41c1-b1d8-dbc17a35a8d0 ae14d269361247dba8194315d3848ffa 55eae20e49e74ac9b0552c1cfbde90d7 - - 51da7a234397460f8be2b7ea273ee490 51da7a234397460f8be2b7ea273ee490] 162.253.55.242 "GET /v2.0/networks/6b2af94e-bee7-4fc5-8732-8c54f6eaee1c?fields=segments HTTP/1.1" status: 200 len: 212 time: 0.0722833
2026-09-03 17:40:10.030 10 INFO neutron.wsgi [req-b40e8311-dc43-4893-a084-ca9e797ff6ef req-c4bfa181-d906-4d5f-a064-4f1c641a9466 b6e27e4c17144f079a8a324c171c6ae2 f0085bf77d62460c96d3517193fdf02f - - default default] 10.0.0.45 "GET /v2.0/ports?device_id=93a0adc0-c042-4a01-ad20-8f5fa860dcd5 HTTP/1.1" status: 200 len: 1170 time: 0.0755656
2026-09-03 17:40:10.068 9 INFO neutron.wsgi [req-ded67df0-424f-4964-bcd4-c9c175af671b req-70ca6878-5bcd-4795-ac85-749b483a378e ae14d269361247dba8194315d3848ffa 55eae20e49e74ac9b0552c1cfbde90d7 - - 51da7a234397460f8be2b7ea273ee490 51da7a234397460f8be2b7ea273ee490] 162.253.55.242 "GET /v2.0/networks/6b2af94e-bee7-4fc5-8732-8c54f6eaee1c?fields=provider%3Aphysical_network&fields=provider%3Anetwork_type HTTP/1.1" status: 200 len: 277 time: 0.0755656
2026-09-03 17:40:10.131 10 INFO neutron.wsgi [req-6d2f9f4f-5d09-4db8-8a1d-dd36ffc598a6 req-624d7443-2681-411a-b0bc-80211736dacd ae14d269361247dba8194315d3848ffa 55eae20e49e74ac9b0552c1cfbde90d7 - - 51da7a234397460f8be2b7ea273ee490 51da7a234397460f8be2b7ea273ee490] 10.0.0.45 "GET /v2.0/networks/0402f8ca-f6ed-49c4-8f8f-cf3525e10f1f?fields=provider%3Aphysical_network&fields=provider%3Anetwork_type HTTP/1.1" status: 200 len: 277 time: 0.1640532
2026-09-03 17:40:10.136 10 INFO neutron.wsgi [req-b40e8311-dc43-4893-a084-ca9e797ff6ef req-f3c6b838-f448-49f4-b72b-f984fd7e43b6 b6e27e4c17144f079a8a324c171c6ae2 f0085bf77d62460c96d3517193fdf02f - - default default] 10.0.0.45 "GET /v2.0/security-groups?id=01bcbde9-b1c8-4811-9c1c-cd935926f542&fields=id&fields=name HTTP/1.1" status: 200 len: 313 time: 0.0966241
2026-09-03 17:40:10.297 9 INFO neutron.wsgi [req-bf064bac-9e87-465c-ac0d-830a9227569d req-c7eefa88-b3d1-434e-ad22-63eb35135786 b6e27e4c17144f079a8a324c171c6ae2 f0085bf77d62460c96d3517193fdf02f - - default default] 162.253.55.242 "GET /v2.0/ports?device_id=93a0adc0-c042-4a01-ad20-8f5fa860dcd5 HTTP/1.1" status: 200 len: 1170 time: 0.0391836
2026-09-03 17:40:10.348 10 INFO neutron.wsgi [req-d7788090-42ce-4181-9ae8-a5efa4bd4f34 req-61239579-98d1-45ae-bee5-d70c626065ed cea7a60f7d2c4880976c5b70dd806882 3c9536b2633640e3b7cb70cfae28e23f - - default default] 10.0.0.45 "GET /v2.0/ports?device_id=7c729870-4127-46a5-8d7f-21ce2e7d1463 HTTP/1.1" status: 200 len: 210 time: 0.0350580
2026-09-03 17:40:10.540 10 WARNING neutron.scheduler.dhcp_agent_scheduler [None req-5b84d495-9dea-440d-b413-eb3b04997e69 8683bf07304f4692a042f736afa186f7 33988093ee3443979a0495eacaa13164 - - default default] No more DHCP agents
2026-09-03 17:40:10.544 10 WARNING neutron.api.rpc.agentnotifiers.dhcp_rpc_agent_api [None req-5b84d495-9dea-440d-b413-eb3b04997e69 8683bf07304f4692a042f736afa186f7 33988093ee3443979a0495eacaa13164 - - default default] Unable to schedule network 80c8e04a-4556-4195-af2b-4875e276dcc4: no agents available; will retry on subsequent port and subnet creation events.
2026-09-03 17:40:10.545 10 INFO neutron.db.ovn_revision_numbers_db [None req-4e7143de-f105-49f6-8a1c-a9a30fda97ec - - - - - -] Successfully bumped revision number for resource 25c19c05-ca86-42e1-be2a-6abe1d043275 (type: ports) to 1
2026-09-03 17:40:10.600 9 INFO neutron.db.l3_db [req-bf064bac-9e87-465c-ac0d-830a9227569d req-401228ea-5a51-4d96-87fa-c3e7864af3f0 b6e27e4c17144f079a8a324c171c6ae2 f0085bf77d62460c96d3517193fdf02f - - default default] Floating IP c895c2ac-85cd-47f0-95bc-1584fbb2f1bc disassociated. External IP: 10.96.250.202, port: 80c72cd1-a587-487c-8ff1-18dee22128b1.
2026-09-03 17:40:10.769 10 INFO neutron.db.ovn_revision_numbers_db [None req-5b84d495-9dea-440d-b413-eb3b04997e69 8683bf07304f4692a042f736afa186f7 33988093ee3443979a0495eacaa13164 - - default default] Successfully bumped revision number for resource c8626c00-75d8-45d3-8af2-6a1b02e93c2c (type: ports) to 1
2026-09-03 17:40:10.779 9 INFO neutron.wsgi [req-bf064bac-9e87-465c-ac0d-830a9227569d req-401228ea-5a51-4d96-87fa-c3e7864af3f0 b6e27e4c17144f079a8a324c171c6ae2 f0085bf77d62460c96d3517193fdf02f - - default default] 162.253.55.242 "DELETE /v2.0/ports/80c72cd1-a587-487c-8ff1-18dee22128b1 HTTP/1.1" status: 204 len: 173 time: 0.4779179
2026-09-03 17:40:10.882 10 INFO neutron.db.ovn_revision_numbers_db [None req-4e7143de-f105-49f6-8a1c-a9a30fda97ec - - - - - -] Successfully bumped revision number for resource 25c19c05-ca86-42e1-be2a-6abe1d043275 (type: router_ports) to 3
2026-09-03 17:40:11.048 10 INFO neutron.db.ovn_revision_numbers_db [None req-4e7143de-f105-49f6-8a1c-a9a30fda97ec - - - - - -] Successfully bumped revision number for resource 25c19c05-ca86-42e1-be2a-6abe1d043275 (type: ports) to 2 /var/lib/openstack/lib/python3.10/site-packages/pycadf/identifier.py:71: UserWarning: Invalid uuid: neutron. To ensure interoperability, identifiers should be a valid uuid. warnings.warn(('Invalid uuid: %s. To ensure interoperability, '
2026-09-03 17:40:11.219 9 INFO neutron.wsgi [req-6d2f9f4f-5d09-4db8-8a1d-dd36ffc598a6 req-bae313a1-1e15-4dee-ae09-c255b3774a71 cea7a60f7d2c4880976c5b70dd806882 3c9536b2633640e3b7cb70cfae28e23f - - default default] 162.253.55.242 "GET /v2.0/networks?id=0402f8ca-f6ed-49c4-8f8f-cf3525e10f1f HTTP/1.1" status: 200 len: 868 time: 0.0933406
2026-09-03 17:40:11.264 9 INFO neutron.wsgi [req-6d2f9f4f-5d09-4db8-8a1d-dd36ffc598a6 req-548c4bbf-9f9d-406d-965e-00d0b3cc3a79 cea7a60f7d2c4880976c5b70dd806882 3c9536b2633640e3b7cb70cfae28e23f - - default default] 162.253.55.242 "GET /v2.0/security-groups?fields=id&fields=name&tenant_id=3c9536b2633640e3b7cb70cfae28e23f HTTP/1.1" status: 200 len: 380 time: 0.0360854
2026-09-03 17:40:11.310 9 INFO neutron.db.ovn_revision_numbers_db [None req-ca3aa80c-39c7-4b2e-ac65-cc8907d77afa 8683bf07304f4692a042f736afa186f7 33988093ee3443979a0495eacaa13164 - - default default] Successfully bumped revision number for resource 0d73d17f-565e-4a66-8720-9cb46f1fe360 (type: security_groups) to 1
2026-09-03 17:40:11.328 9 INFO neutron.db.ovn_revision_numbers_db [None req-ca3aa80c-39c7-4b2e-ac65-cc8907d77afa 8683bf07304f4692a042f736afa186f7 33988093ee3443979a0495eacaa13164 - - default default] Successfully bumped revision number for resource 55ce805c-4d3c-4797-b665-90f81319888e (type: security_group_rules) to 0
2026-09-03 17:40:11.356 9 INFO neutron.db.ovn_revision_numbers_db [None req-ca3aa80c-39c7-4b2e-ac65-cc8907d77afa 8683bf07304f4692a042f736afa186f7 33988093ee3443979a0495eacaa13164 - - default default] Successfully bumped revision number for resource 677eacbd-4b5b-4330-9579-a5e4dff361c6 (type: security_group_rules) to 0
2026-09-03 17:40:11.370 10 INFO neutron.wsgi [req-027ff760-37b9-4ec8-8572-555cb6272cf5 req-423b2fa3-eb29-4e33-b2de-025886ddaccd b6e27e4c17144f079a8a324c171c6ae2 f0085bf77d62460c96d3517193fdf02f - - default default] 10.0.0.45 "GET /v2.0/ports?device_id=93a0adc0-c042-4a01-ad20-8f5fa860dcd5 HTTP/1.1" status: 200 len: 210 time: 0.0430298
2026-09-03 17:40:11.387 9 INFO neutron.db.ovn_revision_numbers_db [None req-ca3aa80c-39c7-4b2e-ac65-cc8907d77afa 8683bf07304f4692a042f736afa186f7 33988093ee3443979a0495eacaa13164 - - default default] Successfully bumped revision number for resource 87908804-3090-4635-8251-c3582728d861 (type: security_group_rules) to 0
2026-09-03 17:40:11.393 10 WARNING neutron.plugins.ml2.drivers.ovn.mech_driver.ovsdb.ovn_client [None req-7f4d04f4-56b4-477f-be44-d33eed2c4706 - - - - - -] No hosting information found for port c4c91c24-9143-406a-a9ac-b0c8aaf286df: RuntimeError: No hosting information found for port c4c91c24-9143-406a-a9ac-b0c8aaf286df
2026-09-03 17:40:11.393 10 INFO neutron.plugins.ml2.drivers.ovn.mech_driver.mech_driver [None req-7f4d04f4-56b4-477f-be44-d33eed2c4706 - - - - - -] OVN reports status up for port: 25c19c05-ca86-42e1-be2a-6abe1d043275
2026-09-03 17:40:11.410 9 INFO neutron.notifiers.nova [-] Nova event matching ['req-66a238a7-8f14-4475-bce1-49497490754d'] response: {'server_uuid': '93a0adc0-c042-4a01-ad20-8f5fa860dcd5', 'name': 'network-vif-deleted', 'tag': '80c72cd1-a587-487c-8ff1-18dee22128b1', 'status': 'completed', 'code': 200}
2026-09-03 17:40:11.421 9 INFO neutron.db.ovn_revision_numbers_db [None req-ca3aa80c-39c7-4b2e-ac65-cc8907d77afa 8683bf07304f4692a042f736afa186f7 33988093ee3443979a0495eacaa13164 - - default default] Successfully bumped revision number for resource a0785387-520d-4be4-938f-e39560b9b2e6 (type: security_group_rules) to 0
2026-09-03 17:40:11.431 10 INFO neutron.plugins.ml2.plugin [None req-7f4d04f4-56b4-477f-be44-d33eed2c4706 - - - - - -] Attempt 1 to provision port 25c19c05-ca86-42e1-be2a-6abe1d043275
2026-09-03 17:40:11.453 9 INFO neutron.wsgi [None req-ca3aa80c-39c7-4b2e-ac65-cc8907d77afa 8683bf07304f4692a042f736afa186f7 33988093ee3443979a0495eacaa13164 - - default default] 10.0.0.221 "GET /v2.0/security-groups?tenant_id=94948cc24115447d9af2b89c1a010589&name=default HTTP/1.1" status: 200 len: 2996 time: 0.5834520
2026-09-03 17:40:11.471 10 INFO neutron.db.ovn_revision_numbers_db [None req-5b84d495-9dea-440d-b413-eb3b04997e69 8683bf07304f4692a042f736afa186f7 33988093ee3443979a0495eacaa13164 - - default default] Successfully bumped revision number for resource c8626c00-75d8-45d3-8af2-6a1b02e93c2c (type: router_ports) to 1
2026-09-03 17:40:11.540 10 INFO neutron.wsgi [req-4640f373-837d-4c81-95c6-3cdd9404bdf2 req-08327a45-eb79-4902-aeab-cd9cb233daef cea7a60f7d2c4880976c5b70dd806882 3c9536b2633640e3b7cb70cfae28e23f - - default default] 10.0.0.45 "GET /v2.0/ports?device_id=7c729870-4127-46a5-8d7f-21ce2e7d1463 HTTP/1.1" status: 200 len: 210 time: 0.0723546
2026-09-03 17:40:11.614 9 WARNING neutron.scheduler.dhcp_agent_scheduler [req-6d2f9f4f-5d09-4db8-8a1d-dd36ffc598a6 req-16aae1de-52e4-4d17-8637-f272f70fd7f2 cea7a60f7d2c4880976c5b70dd806882 3c9536b2633640e3b7cb70cfae28e23f - - default default] No more DHCP agents
2026-09-03 17:40:11.618 9 WARNING neutron.api.rpc.agentnotifiers.dhcp_rpc_agent_api [req-6d2f9f4f-5d09-4db8-8a1d-dd36ffc598a6 req-16aae1de-52e4-4d17-8637-f272f70fd7f2 cea7a60f7d2c4880976c5b70dd806882 3c9536b2633640e3b7cb70cfae28e23f - - default default] Unable to schedule network 0402f8ca-f6ed-49c4-8f8f-cf3525e10f1f: no agents available; will retry on subsequent port and subnet creation events.
2026-09-03 17:40:11.677 10 INFO neutron.plugins.ml2.drivers.ovn.mech_driver.mech_driver [None req-7f4d04f4-56b4-477f-be44-d33eed2c4706 - - - - - -] OVN reports status down for port: 80c72cd1-a587-487c-8ff1-18dee22128b1
2026-09-03 17:40:11.710 10 INFO neutron.plugins.ml2.drivers.ovn.mech_driver.mech_driver [None req-7f4d04f4-56b4-477f-be44-d33eed2c4706 - - - - - -] OVN reports status up for port: c8626c00-75d8-45d3-8af2-6a1b02e93c2c
2026-09-03 17:40:11.727 10 INFO neutron.db.ovn_revision_numbers_db [None req-4e7143de-f105-49f6-8a1c-a9a30fda97ec - - - - - -] Successfully bumped revision number for resource 25c19c05-ca86-42e1-be2a-6abe1d043275 (type: ports) to 4
2026-09-03 17:40:11.730 10 INFO neutron.plugins.ml2.plugin [None req-7f4d04f4-56b4-477f-be44-d33eed2c4706 - - - - - -] Attempt 1 to provision port c8626c00-75d8-45d3-8af2-6a1b02e93c2c
2026-09-03 17:40:11.825 9 INFO neutron.db.ovn_revision_numbers_db [req-6d2f9f4f-5d09-4db8-8a1d-dd36ffc598a6 req-16aae1de-52e4-4d17-8637-f272f70fd7f2 cea7a60f7d2c4880976c5b70dd806882 3c9536b2633640e3b7cb70cfae28e23f - - default default] Successfully bumped revision number for resource 104502d1-267c-4952-85d0-c9b3bcd42006 (type: ports) to 1
2026-09-03 17:40:11.851 10 INFO neutron.db.ovn_revision_numbers_db [None req-5b84d495-9dea-440d-b413-eb3b04997e69 8683bf07304f4692a042f736afa186f7 33988093ee3443979a0495eacaa13164 - - default default] Successfully bumped revision number for resource c8626c00-75d8-45d3-8af2-6a1b02e93c2c (type: ports) to 1
2026-09-03 17:40:11.884 9 INFO neutron.wsgi [req-6d2f9f4f-5d09-4db8-8a1d-dd36ffc598a6 req-16aae1de-52e4-4d17-8637-f272f70fd7f2 cea7a60f7d2c4880976c5b70dd806882 3c9536b2633640e3b7cb70cfae28e23f - - default default] 162.253.55.242 "POST /v2.0/ports HTTP/1.1" status: 201 len: 1158 time: 0.6161711 /var/lib/openstack/lib/python3.10/site-packages/pycadf/identifier.py:71: UserWarning: Invalid uuid: neutron. To ensure interoperability, identifiers should be a valid uuid. warnings.warn(('Invalid uuid: %s. To ensure interoperability, '
2026-09-03 17:40:12.009 10 WARNING neutron.scheduler.dhcp_agent_scheduler [None req-5b84d495-9dea-440d-b413-eb3b04997e69 8683bf07304f4692a042f736afa186f7 33988093ee3443979a0495eacaa13164 - - default default] No more DHCP agents
2026-09-03 17:40:12.012 10 WARNING neutron.api.rpc.agentnotifiers.dhcp_rpc_agent_api [None req-5b84d495-9dea-440d-b413-eb3b04997e69 8683bf07304f4692a042f736afa186f7 33988093ee3443979a0495eacaa13164 - - default default] Unable to schedule network 80c8e04a-4556-4195-af2b-4875e276dcc4: no agents available; will retry on subsequent port and subnet creation events.
2026-09-03 17:40:12.087 10 INFO neutron.wsgi [None req-8ff27d0a-a96a-496d-8c6e-8f7b7e211830 8683bf07304f4692a042f736afa186f7 33988093ee3443979a0495eacaa13164 - - default default] 10.0.0.221 "DELETE /v2.0/security-groups/0d73d17f-565e-4a66-8720-9cb46f1fe360 HTTP/1.1" status: 204 len: 168 time: 0.6275599
2026-09-03 17:40:12.183 10 INFO neutron.db.ovn_revision_numbers_db [None req-4e7143de-f105-49f6-8a1c-a9a30fda97ec - - - - - -] Successfully bumped revision number for resource 25c19c05-ca86-42e1-be2a-6abe1d043275 (type: router_ports) to 4
2026-09-03 17:40:12.280 10 INFO neutron.db.ovn_revision_numbers_db [None req-7f4d04f4-56b4-477f-be44-d33eed2c4706 - - - - - -] Successfully bumped revision number for resource c8626c00-75d8-45d3-8af2-6a1b02e93c2c (type: ports) to 2
2026-09-03 17:40:12.405 9 INFO neutron.db.ovn_revision_numbers_db [None req-9e7613c7-b4b7-4930-8844-2be93422eb81 8683bf07304f4692a042f736afa186f7 33988093ee3443979a0495eacaa13164 - - default default] Successfully bumped revision number for resource d97c5f60-c01c-43cd-ba1a-72bec45ef1db (type: security_groups) to 1
2026-09-03 17:40:12.425 9 INFO neutron.db.ovn_revision_numbers_db [None req-9e7613c7-b4b7-4930-8844-2be93422eb81 8683bf07304f4692a042f736afa186f7 33988093ee3443979a0495eacaa13164 - - default default] Successfully bumped revision number for resource 42495834-3cc1-4d07-a858-c795200e7ecd (type: security_group_rules) to 0
2026-09-03 17:40:12.447 9 INFO neutron.db.ovn_revision_numbers_db [req-6d2f9f4f-5d09-4db8-8a1d-dd36ffc598a6 req-032bf364-c2bd-4963-b012-4bd275a28d9f ae14d269361247dba8194315d3848ffa 55eae20e49e74ac9b0552c1cfbde90d7 - - 51da7a234397460f8be2b7ea273ee490 51da7a234397460f8be2b7ea273ee490] Successfully bumped revision number for resource 104502d1-267c-4952-85d0-c9b3bcd42006 (type: ports) to 2
2026-09-03 17:40:12.457 9 INFO neutron.db.ovn_revision_numbers_db [None req-9e7613c7-b4b7-4930-8844-2be93422eb81 8683bf07304f4692a042f736afa186f7 33988093ee3443979a0495eacaa13164 - - default default] Successfully bumped revision number for resource 93935ff2-ec00-496d-a8f5-63a4f19d7831 (type: security_group_rules) to 0
2026-09-03 17:40:12.488 9 INFO neutron.db.ovn_revision_numbers_db [None req-9e7613c7-b4b7-4930-8844-2be93422eb81 8683bf07304f4692a042f736afa186f7 33988093ee3443979a0495eacaa13164 - - default default] Successfully bumped revision number for resource bd15f3be-ea8c-4f44-af30-a569cde962be (type: security_group_rules) to 0
2026-09-03 17:40:12.490 10 INFO neutron.db.ovn_revision_numbers_db [None req-7f4d04f4-56b4-477f-be44-d33eed2c4706 - - - - - -] Successfully bumped revision number for resource c8626c00-75d8-45d3-8af2-6a1b02e93c2c (type: router_ports) to 2
2026-09-03 17:40:12.504 9 INFO neutron.wsgi [-] 10.0.0.90 "GET / HTTP/1.1" status: 200 len: 247 time: 0.0012143
2026-09-03 17:40:12.505 9 INFO neutron.wsgi [-] 10.0.0.90 "GET / HTTP/1.1" status: 200 len: 247 time: 0.0008116
2026-09-03 17:40:12.517 9 INFO neutron.db.ovn_revision_numbers_db [None req-9e7613c7-b4b7-4930-8844-2be93422eb81 8683bf07304f4692a042f736afa186f7 33988093ee3443979a0495eacaa13164 - - default default] Successfully bumped revision number for resource e4033bea-1021-4fd0-aa43-e89c9d6c639c (type: security_group_rules) to 0 /var/lib/openstack/lib/python3.10/site-packages/pycadf/identifier.py:71: UserWarning: Invalid uuid: neutron. To ensure interoperability, identifiers should be a valid uuid. warnings.warn(('Invalid uuid: %s. To ensure interoperability, '
2026-09-03 17:40:12.555 9 INFO neutron.wsgi [None req-9e7613c7-b4b7-4930-8844-2be93422eb81 8683bf07304f4692a042f736afa186f7 33988093ee3443979a0495eacaa13164 - - default default] 10.0.0.221 "GET /v2.0/security-groups?tenant_id=e8dbc7bb4c89475097228a4b789bb1a4&name=default HTTP/1.1" status: 200 len: 2996 time: 0.3105769
2026-09-03 17:40:12.696 10 INFO neutron.wsgi [req-d79a3321-aac3-437a-a744-21e7d8a02303 req-88d67338-e69b-42d5-9813-5748a0414e14 cea7a60f7d2c4880976c5b70dd806882 3c9536b2633640e3b7cb70cfae28e23f - - default default] 10.0.0.45 "GET /v2.0/ports?device_id=7c729870-4127-46a5-8d7f-21ce2e7d1463 HTTP/1.1" status: 200 len: 1168 time: 0.0370378
2026-09-03 17:40:12.731 9 INFO neutron.wsgi [None req-ef01bcdb-d3f6-477d-b4d9-40eba591f67e b6e27e4c17144f079a8a324c171c6ae2 f0085bf77d62460c96d3517193fdf02f - - default default] 10.0.0.221 "DELETE /v2.0/security-groups/01bcbde9-b1c8-4811-9c1c-cd935926f542 HTTP/1.1" status: 204 len: 168 time: 0.2001104 /var/lib/openstack/lib/python3.10/site-packages/pycadf/identifier.py:71: UserWarning: Invalid uuid: neutron. To ensure interoperability, identifiers should be a valid uuid. warnings.warn(('Invalid uuid: %s. To ensure interoperability, '
2026-09-03 17:40:12.746 9 INFO neutron.db.ovn_revision_numbers_db [req-6d2f9f4f-5d09-4db8-8a1d-dd36ffc598a6 req-032bf364-c2bd-4963-b012-4bd275a28d9f ae14d269361247dba8194315d3848ffa 55eae20e49e74ac9b0552c1cfbde90d7 - - 51da7a234397460f8be2b7ea273ee490 51da7a234397460f8be2b7ea273ee490] Successfully bumped revision number for resource 104502d1-267c-4952-85d0-c9b3bcd42006 (type: ports) to 2
2026-09-03 17:40:12.751 9 INFO neutron.api.v2.resource [None req-d9a998ae-efb4-4835-a517-d7a73a22e84e b6e27e4c17144f079a8a324c171c6ae2 f0085bf77d62460c96d3517193fdf02f - - default default] show failed (client error): The resource could not be found.
2026-09-03 17:40:12.752 9 INFO neutron.wsgi [None req-d9a998ae-efb4-4835-a517-d7a73a22e84e b6e27e4c17144f079a8a324c171c6ae2 f0085bf77d62460c96d3517193fdf02f - - default default] 10.0.0.221 "GET /v2.0/security-groups/01bcbde9-b1c8-4811-9c1c-cd935926f542 HTTP/1.1" status: 404 len: 347 time: 0.0150437
2026-09-03 17:40:12.773 10 INFO neutron.wsgi [req-d79a3321-aac3-437a-a744-21e7d8a02303 req-26c2aa15-9601-4322-a6fc-e1ce1b53b351 cea7a60f7d2c4880976c5b70dd806882 3c9536b2633640e3b7cb70cfae28e23f - - default default] 10.0.0.45 "GET /v2.0/security-groups?id=5da71062-d058-419c-83f3-71debe7afed1&fields=id&fields=name HTTP/1.1" status: 200 len: 313 time: 0.0661931
2026-09-03 17:40:12.777 9 INFO neutron.wsgi [req-6d2f9f4f-5d09-4db8-8a1d-dd36ffc598a6 req-032bf364-c2bd-4963-b012-4bd275a28d9f ae14d269361247dba8194315d3848ffa 55eae20e49e74ac9b0552c1cfbde90d7 - - 51da7a234397460f8be2b7ea273ee490 51da7a234397460f8be2b7ea273ee490] 162.253.55.242 "PUT /v2.0/ports/104502d1-267c-4952-85d0-c9b3bcd42006 HTTP/1.1" status: 200 len: 1376 time: 0.8854997
2026-09-03 17:40:12.868 9 INFO neutron.wsgi [req-6d2f9f4f-5d09-4db8-8a1d-dd36ffc598a6 req-6b0b7db6-5512-4036-ab6e-765fa47a2600 ae14d269361247dba8194315d3848ffa 55eae20e49e74ac9b0552c1cfbde90d7 - - 51da7a234397460f8be2b7ea273ee490 51da7a234397460f8be2b7ea273ee490] 162.253.55.242 "GET /v2.0/ports?tenant_id=3c9536b2633640e3b7cb70cfae28e23f&device_id=7c729870-4127-46a5-8d7f-21ce2e7d1463 HTTP/1.1" status: 200 len: 1407 time: 0.0330179
2026-09-03 17:40:12.900 9 INFO neutron.wsgi [req-6d2f9f4f-5d09-4db8-8a1d-dd36ffc598a6 req-9bcd2658-a810-431e-956b-de011f21cf65 ae14d269361247dba8194315d3848ffa 55eae20e49e74ac9b0552c1cfbde90d7 - - 51da7a234397460f8be2b7ea273ee490 51da7a234397460f8be2b7ea273ee490] 162.253.55.242 "GET /v2.0/floatingips?fixed_ip_address=10.100.0.8&port_id=104502d1-267c-4952-85d0-c9b3bcd42006 HTTP/1.1" status: 200 len: 217 time: 0.0220606
2026-09-03 17:40:12.906 9 INFO neutron.wsgi [None req-ead0f4bb-7077-4a7b-8345-1f599bdf83f1 8683bf07304f4692a042f736afa186f7 33988093ee3443979a0495eacaa13164 - - default default] 10.0.0.221 "DELETE /v2.0/security-groups/d97c5f60-c01c-43cd-ba1a-72bec45ef1db HTTP/1.1" status: 204 len: 168 time: 0.3454840
2026-09-03 17:40:12.968 9 INFO neutron.wsgi [req-6d2f9f4f-5d09-4db8-8a1d-dd36ffc598a6 req-c8e47ac9-7cef-4e62-82c3-1ad1026dcd34 ae14d269361247dba8194315d3848ffa 55eae20e49e74ac9b0552c1cfbde90d7 - - 51da7a234397460f8be2b7ea273ee490 51da7a234397460f8be2b7ea273ee490] 162.253.55.242 "GET /v2.0/subnets?id=29df44e6-9a72-476c-9da8-2131b8c8b796 HTTP/1.1" status: 200 len: 862 time: 0.0609150
2026-09-03 17:40:13.009 9 INFO neutron.wsgi [req-6d2f9f4f-5d09-4db8-8a1d-dd36ffc598a6 req-ee2931dc-5ce2-425c-ac36-c930e17d6cbf ae14d269361247dba8194315d3848ffa 55eae20e49e74ac9b0552c1cfbde90d7 - - 51da7a234397460f8be2b7ea273ee490 51da7a234397460f8be2b7ea273ee490] 162.253.55.242 "GET /v2.0/ports?network_id=0402f8ca-f6ed-49c4-8f8f-cf3525e10f1f&device_owner=network%3Adhcp HTTP/1.1" status: 200 len: 210 time: 0.0277772
2026-09-03 17:40:13.039 10 INFO neutron.db.ovn_revision_numbers_db [None req-5b84d495-9dea-440d-b413-eb3b04997e69 8683bf07304f4692a042f736afa186f7 33988093ee3443979a0495eacaa13164 - - default default] Successfully bumped revision number for resource c8626c00-75d8-45d3-8af2-6a1b02e93c2c (type: router_ports) to 2
2026-09-03 17:40:13.041 10 INFO neutron.wsgi [None req-5b84d495-9dea-440d-b413-eb3b04997e69 8683bf07304f4692a042f736afa186f7 33988093ee3443979a0495eacaa13164 - - default default] 10.0.0.221 "PUT /v2.0/routers/9dda84b8-fb2f-4365-bed2-58b7c48ae1ad/add_router_interface HTTP/1.1" status: 200 len: 503 time: 3.4665086
2026-09-03 17:40:13.105 9 INFO neutron.wsgi [req-6d2f9f4f-5d09-4db8-8a1d-dd36ffc598a6 req-0c1aaad3-5460-4147-8802-d4fbad9c363f ae14d269361247dba8194315d3848ffa 55eae20e49e74ac9b0552c1cfbde90d7 - - 51da7a234397460f8be2b7ea273ee490 51da7a234397460f8be2b7ea273ee490] 162.253.55.242 "GET /v2.0/networks/0402f8ca-f6ed-49c4-8f8f-cf3525e10f1f?fields=segments HTTP/1.1" status: 200 len: 212 time: 0.0843325
