2026-09-03 17:41:25.210 10 INFO neutron.db.ovn_revision_numbers_db [None req-40791c64-7319-40f1-951d-26ffa36471b4 91f802b072d84816b0ce88cda97c39df a032e6b77f4749ccae5708d26280f522 - - default default] Successfully bumped revision number for resource 42e8c2c8-2cdf-401b-81ca-e0cff1bc5795 (type: router_ports) to 1
2026-09-03 17:41:25.211 10 INFO neutron.wsgi [None req-40791c64-7319-40f1-951d-26ffa36471b4 91f802b072d84816b0ce88cda97c39df a032e6b77f4749ccae5708d26280f522 - - default default] 10.0.0.221 "PUT /v2.0/routers/1151b621-16a5-4229-acf6-3420b1d4bfb0/add_router_interface HTTP/1.1" status: 200 len: 503 time: 2.5018864
2026-09-03 17:41:25.279 10 INFO neutron.wsgi [None req-89b9c433-5dd2-4e12-8b46-830be160dc76 91f802b072d84816b0ce88cda97c39df a032e6b77f4749ccae5708d26280f522 - - default default] 10.0.0.221 "GET /v2.0/ports/42e8c2c8-2cdf-401b-81ca-e0cff1bc5795 HTTP/1.1" status: 200 len: 1141 time: 0.0629928
2026-09-03 17:41:25.321 10 INFO neutron.wsgi [None req-66d0e871-9a37-4fcc-a307-5c6ec219cf8b 91f802b072d84816b0ce88cda97c39df a032e6b77f4749ccae5708d26280f522 - - default default] 10.0.0.221 "GET /v2.0/ports/42e8c2c8-2cdf-401b-81ca-e0cff1bc5795 HTTP/1.1" status: 200 len: 1141 time: 0.0369225
2026-09-03 17:41:25.388 9 INFO neutron.wsgi [None req-a87ef9e6-0a69-47f7-b237-741e44dd742f 9967aad49b6e4a8898ac9473cbd59eb5 8e09c08015434f24b4c669b5217d6ff2 - - default default] 10.0.0.221 "PUT /v2.0/routers/3df0db73-b78b-4433-a5a6-534980562814/remove_router_interface HTTP/1.1" status: 200 len: 503 time: 0.7707403 /var/lib/openstack/lib/python3.10/site-packages/pycadf/identifier.py:71: UserWarning: Invalid uuid: neutron. To ensure interoperability, identifiers should be a valid uuid. warnings.warn(('Invalid uuid: %s. To ensure interoperability, '
2026-09-03 17:41:25.431 9 INFO neutron.wsgi [None req-070db4b6-84d7-4bf6-b84b-27d003b7a4bf 9967aad49b6e4a8898ac9473cbd59eb5 8e09c08015434f24b4c669b5217d6ff2 - - default default] 10.0.0.221 "GET /v2.0/ports?device_id=3df0db73-b78b-4433-a5a6-534980562814 HTTP/1.1" status: 200 len: 205 time: 0.0340891
2026-09-03 17:41:25.499 9 INFO neutron.db.ovn_revision_numbers_db [None req-fe415599-5e44-400f-bc45-131f6f4fdd6c - - - - - -] Successfully bumped revision number for resource 42e8c2c8-2cdf-401b-81ca-e0cff1bc5795 (type: ports) to 2
2026-09-03 17:41:25.613 9 INFO neutron.services.segments.plugin [-] Segment 0906fb79-33f2-4857-9b8a-04f32bae6368 resource provider aggregate not found
2026-09-03 17:41:25.617 9 INFO neutron.services.segments.plugin [-] Segment 0906fb79-33f2-4857-9b8a-04f32bae6368 resource provider aggregate not found
2026-09-03 17:41:25.618 10 INFO neutron.wsgi [req-4ca99b7b-fe64-4288-8eb4-f7faaf9c5726 req-d238b03e-e638-4184-b662-ae61c6d5f787 93b5d02fd9014badb741bad64d15a4cb 600bf9215d7541dfabb11464b8dbc3c0 - - default default] 10.0.0.45 "GET /v2.0/ports?device_id=02c8a35c-3e06-4e5c-a17b-cb7c02828dc1 HTTP/1.1" status: 200 len: 1210 time: 0.0659401
2026-09-03 17:41:25.642 9 INFO neutron.services.segments.plugin [-] Segment 0906fb79-33f2-4857-9b8a-04f32bae6368 resource provider not found; error: Placement Client Error (4xx): {"errors": [{"status": 404, "title": "Not Found", "detail": "The resource could not be found.\n\n No resource provider with uuid 0906fb79-33f2-4857-9b8a-04f32bae6368 found for delete ", "request_id": "req-672d65b2-f55e-454c-ad30-cd7b93dcc836"}]}
2026-09-03 17:41:25.661 9 INFO neutron.services.segments.plugin [-] Segment 0906fb79-33f2-4857-9b8a-04f32bae6368 resource provider not found; error: Placement Client Error (4xx): {"errors": [{"status": 404, "title": "Not Found", "detail": "The resource could not be found.\n\n No resource provider with uuid 0906fb79-33f2-4857-9b8a-04f32bae6368 found for delete ", "request_id": "req-431944f9-90f3-41fc-b546-984b4af654c5"}]}
2026-09-03 17:41:25.700 9 INFO neutron.wsgi [None req-1a862625-2283-40c7-aeae-1050ede830c2 8683bf07304f4692a042f736afa186f7 33988093ee3443979a0495eacaa13164 - - default default] 10.0.0.221 "DELETE /v2.0/networks/f7b13784-c96d-41bf-acf7-ed2b3aaa0d17 HTTP/1.1" status: 204 len: 168 time: 0.7809317
2026-09-03 17:41:25.703 10 INFO neutron.wsgi [req-4ca99b7b-fe64-4288-8eb4-f7faaf9c5726 req-b2ffadc6-789e-4575-ad1b-d631db82a087 93b5d02fd9014badb741bad64d15a4cb 600bf9215d7541dfabb11464b8dbc3c0 - - default default] 10.0.0.45 "GET /v2.0/security-groups?id=cec482f1-8873-4334-afd6-ac1b4c023f97&id=1ea83bd8-039a-4ee2-8d01-99982852e926&fields=id&fields=name HTTP/1.1" status: 200 len: 405 time: 0.0765545
2026-09-03 17:41:25.749 9 INFO neutron.db.ovn_revision_numbers_db [None req-fe415599-5e44-400f-bc45-131f6f4fdd6c - - - - - -] Successfully bumped revision number for resource 42e8c2c8-2cdf-401b-81ca-e0cff1bc5795 (type: router_ports) to 2
2026-09-03 17:41:25.784 9 INFO neutron.wsgi [None req-fc3cc3af-2e21-4df3-b515-f6e37c736245 9967aad49b6e4a8898ac9473cbd59eb5 8e09c08015434f24b4c669b5217d6ff2 - - default default] 10.0.0.221 "DELETE /v2.0/routers/3df0db73-b78b-4433-a5a6-534980562814 HTTP/1.1" status: 204 len: 168 time: 0.3451686
2026-09-03 17:41:25.841 10 INFO neutron.wsgi [req-4bceeac5-3d19-4a86-944e-437eccf3e674 req-1687641a-466f-4180-99f8-8cc4196bb441 93b5d02fd9014badb741bad64d15a4cb 600bf9215d7541dfabb11464b8dbc3c0 - - default default] 10.0.0.45 "GET /v2.0/ports?device_id=02c8a35c-3e06-4e5c-a17b-cb7c02828dc1 HTTP/1.1" status: 200 len: 1210 time: 0.0482130
2026-09-03 17:41:25.964 9 INFO neutron.wsgi [None req-aa883ca3-773d-4aa3-94fd-0eaf2a9ab888 8683bf07304f4692a042f736afa186f7 33988093ee3443979a0495eacaa13164 - - default default] 10.0.0.221 "GET /v2.0/security-groups?tenant_id=d08a2e51a528427ebad2f2e172837f44&name=default HTTP/1.1" status: 200 len: 2996 time: 0.0468702
2026-09-03 17:41:26.024 9 INFO neutron.wsgi [None req-6208709e-2a8d-43ee-b9a6-48f21040a1ef 9967aad49b6e4a8898ac9473cbd59eb5 8e09c08015434f24b4c669b5217d6ff2 - - default default] 10.0.0.221 "DELETE /v2.0/subnets/df91286f-b0ac-4e3e-9cb2-27b9f0ac0397 HTTP/1.1" status: 204 len: 168 time: 0.2083089
2026-09-03 17:41:26.103 10 INFO neutron.wsgi [None req-ccfaa539-d1d9-48fd-9452-5a0848d8fcc0 91f802b072d84816b0ce88cda97c39df a032e6b77f4749ccae5708d26280f522 - - default default] 10.0.0.221 "PUT /v2.0/routers/1151b621-16a5-4229-acf6-3420b1d4bfb0/remove_router_interface HTTP/1.1" status: 200 len: 503 time: 0.7776051
2026-09-03 17:41:26.125 9 INFO neutron.wsgi [None req-9711d561-5f6b-40e8-b06b-978cd84ddd63 91f802b072d84816b0ce88cda97c39df a032e6b77f4749ccae5708d26280f522 - - default default] 10.0.0.221 "GET /v2.0/ports?device_id=1151b621-16a5-4229-acf6-3420b1d4bfb0 HTTP/1.1" status: 200 len: 205 time: 0.0152373
2026-09-03 17:41:26.166 10 INFO neutron.db.l3_db [None req-2948731d-7b10-4dc6-b740-94e155f5ade5 93b5d02fd9014badb741bad64d15a4cb 600bf9215d7541dfabb11464b8dbc3c0 - - default default] Floating IP 6c5f647f-ef5a-42ac-8f72-30906ca7623a associated. External IP: 10.96.250.208, port: 75b0609b-7710-46c9-8d35-16b0b042b1dd.
2026-09-03 17:41:26.279 9 INFO neutron.wsgi [None req-c71aa469-e411-48e3-9e20-046ea4c2a0e6 8683bf07304f4692a042f736afa186f7 33988093ee3443979a0495eacaa13164 - - default default] 10.0.0.221 "DELETE /v2.0/security-groups/e25581a6-ff05-4802-966f-8442f08e120c HTTP/1.1" status: 204 len: 168 time: 0.3068354
2026-09-03 17:41:26.303 9 INFO neutron.wsgi [None req-1238ce8c-f9cc-40e7-ac18-2d9c315dbd18 91f802b072d84816b0ce88cda97c39df a032e6b77f4749ccae5708d26280f522 - - default default] 10.0.0.221 "DELETE /v2.0/routers/1151b621-16a5-4229-acf6-3420b1d4bfb0 HTTP/1.1" status: 204 len: 168 time: 0.1739538
2026-09-03 17:41:26.397 10 INFO neutron.wsgi [None req-e7c2dab1-326f-46d8-b0b6-4f7e2333ed6e 9967aad49b6e4a8898ac9473cbd59eb5 8e09c08015434f24b4c669b5217d6ff2 - - default default] 10.0.0.221 "DELETE /v2.0/subnets/cddfff86-7602-4de1-abd2-acaf02ba1ee8 HTTP/1.1" status: 204 len: 168 time: 0.3569131
2026-09-03 17:41:26.450 10 INFO neutron.db.ovn_revision_numbers_db [None req-2948731d-7b10-4dc6-b740-94e155f5ade5 93b5d02fd9014badb741bad64d15a4cb 600bf9215d7541dfabb11464b8dbc3c0 - - default default] Successfully bumped revision number for resource 6c5f647f-ef5a-42ac-8f72-30906ca7623a (type: floatingips) to 1
2026-09-03 17:41:26.564 9 INFO neutron.wsgi [None req-78b54d31-e0d6-4d09-b90b-97c1678982ce 91f802b072d84816b0ce88cda97c39df a032e6b77f4749ccae5708d26280f522 - - default default] 10.0.0.221 "DELETE /v2.0/subnets/30ab97cb-a510-41fe-84b1-c7b5b3dd4e8f HTTP/1.1" status: 204 len: 168 time: 0.2561715
2026-09-03 17:41:26.625 10 INFO neutron.db.ovn_revision_numbers_db [None req-2948731d-7b10-4dc6-b740-94e155f5ade5 93b5d02fd9014badb741bad64d15a4cb 600bf9215d7541dfabb11464b8dbc3c0 - - default default] Successfully bumped revision number for resource 6c5f647f-ef5a-42ac-8f72-30906ca7623a (type: floatingips) to 2
2026-09-03 17:41:26.653 10 INFO neutron.wsgi [None req-2948731d-7b10-4dc6-b740-94e155f5ade5 93b5d02fd9014badb741bad64d15a4cb 600bf9215d7541dfabb11464b8dbc3c0 - - default default] 10.0.0.221 "PUT /v2.0/floatingips/6c5f647f-ef5a-42ac-8f72-30906ca7623a HTTP/1.1" status: 200 len: 1049 time: 0.7989042
2026-09-03 17:41:26.706 10 INFO neutron.notifiers.nova [-] Nova event matching ['req-e64cd640-0cb9-4c48-85d1-202f20dc5cba'] response: {'name': 'network-changed', 'server_uuid': '02c8a35c-3e06-4e5c-a17b-cb7c02828dc1', 'tag': '75b0609b-7710-46c9-8d35-16b0b042b1dd', 'status': 'completed', 'code': 200}
2026-09-03 17:41:27.080 9 INFO neutron.wsgi [req-a0bfed54-cb85-482b-91a8-e8dcc3bea9ae req-fb61545a-15d1-4fe4-a32b-48fad03f9667 ae14d269361247dba8194315d3848ffa 55eae20e49e74ac9b0552c1cfbde90d7 - - 51da7a234397460f8be2b7ea273ee490 51da7a234397460f8be2b7ea273ee490] 162.253.55.242 "GET /v2.0/ports?tenant_id=600bf9215d7541dfabb11464b8dbc3c0&device_id=02c8a35c-3e06-4e5c-a17b-cb7c02828dc1 HTTP/1.1" status: 200 len: 1448 time: 0.0631964
2026-09-03 17:41:27.178 9 INFO neutron.wsgi [req-a0bfed54-cb85-482b-91a8-e8dcc3bea9ae req-a08d6812-c08d-4d84-8834-f36c0533337d ae14d269361247dba8194315d3848ffa 55eae20e49e74ac9b0552c1cfbde90d7 - - 51da7a234397460f8be2b7ea273ee490 51da7a234397460f8be2b7ea273ee490] 162.253.55.242 "GET /v2.0/networks?id=6b6db384-5082-4ee4-a32f-d5aee0cbb045 HTTP/1.1" status: 200 len: 970 time: 0.0945690
2026-09-03 17:41:27.265 9 INFO neutron.wsgi [req-a0bfed54-cb85-482b-91a8-e8dcc3bea9ae req-336b3150-8dc0-49cd-b286-fb17d8285cca ae14d269361247dba8194315d3848ffa 55eae20e49e74ac9b0552c1cfbde90d7 - - 51da7a234397460f8be2b7ea273ee490 51da7a234397460f8be2b7ea273ee490] 162.253.55.242 "GET /v2.0/floatingips?fixed_ip_address=10.100.0.4&port_id=75b0609b-7710-46c9-8d35-16b0b042b1dd HTTP/1.1" status: 200 len: 1059 time: 0.0755191
2026-09-03 17:41:27.327 9 INFO neutron.wsgi [req-a0bfed54-cb85-482b-91a8-e8dcc3bea9ae req-5f5e6aa8-45bb-457d-8e03-dfecf739f976 ae14d269361247dba8194315d3848ffa 55eae20e49e74ac9b0552c1cfbde90d7 - - 51da7a234397460f8be2b7ea273ee490 51da7a234397460f8be2b7ea273ee490] 162.253.55.242 "GET /v2.0/subnets?id=2f741058-371a-4c72-87c5-b805e83090e1 HTTP/1.1" status: 200 len: 865 time: 0.0531650
2026-09-03 17:41:27.369 9 INFO neutron.wsgi [req-a0bfed54-cb85-482b-91a8-e8dcc3bea9ae req-a7a0afab-86a4-49db-8eee-887216c5b9e6 ae14d269361247dba8194315d3848ffa 55eae20e49e74ac9b0552c1cfbde90d7 - - 51da7a234397460f8be2b7ea273ee490 51da7a234397460f8be2b7ea273ee490] 162.253.55.242 "GET /v2.0/ports?network_id=6b6db384-5082-4ee4-a32f-d5aee0cbb045&device_owner=network%3Adhcp HTTP/1.1" status: 200 len: 210 time: 0.0331252
2026-09-03 17:41:27.504 9 INFO neutron.wsgi [req-a0bfed54-cb85-482b-91a8-e8dcc3bea9ae req-72a8c906-c32f-4b56-9826-0c7bee9019d8 ae14d269361247dba8194315d3848ffa 55eae20e49e74ac9b0552c1cfbde90d7 - - 51da7a234397460f8be2b7ea273ee490 51da7a234397460f8be2b7ea273ee490] 162.253.55.242 "GET /v2.0/networks/6b6db384-5082-4ee4-a32f-d5aee0cbb045?fields=segments HTTP/1.1" status: 200 len: 212 time: 0.1242673
2026-09-03 17:41:27.504 10 INFO neutron.wsgi [-] 10.0.0.90 "GET / HTTP/1.1" status: 200 len: 247 time: 0.0026889
2026-09-03 17:41:27.507 10 INFO neutron.wsgi [-] 10.0.0.90 "GET / HTTP/1.1" status: 200 len: 247 time: 0.0022283
2026-09-03 17:41:27.604 9 INFO neutron.wsgi [None req-a0d5dd05-bc22-482c-9345-5ec6928f5bb9 9967aad49b6e4a8898ac9473cbd59eb5 8e09c08015434f24b4c669b5217d6ff2 - - default default] 10.0.0.221 "DELETE /v2.0/networks/9a159200-0be6-482f-9856-801e7a59d6f9 HTTP/1.1" status: 204 len: 168 time: 1.2000651 /var/lib/openstack/lib/python3.10/site-packages/pycadf/identifier.py:71: UserWarning: Invalid uuid: neutron. To ensure interoperability, identifiers should be a valid uuid. warnings.warn(('Invalid uuid: %s. To ensure interoperability, '
2026-09-03 17:41:27.638 9 INFO neutron.wsgi [req-a0bfed54-cb85-482b-91a8-e8dcc3bea9ae req-0a50a3c2-39d8-471b-99ce-879ea1e9a6e1 ae14d269361247dba8194315d3848ffa 55eae20e49e74ac9b0552c1cfbde90d7 - - 51da7a234397460f8be2b7ea273ee490 51da7a234397460f8be2b7ea273ee490] 162.253.55.242 "GET /v2.0/networks/6b6db384-5082-4ee4-a32f-d5aee0cbb045?fields=provider%3Aphysical_network&fields=provider%3Anetwork_type HTTP/1.1" status: 200 len: 277 time: 0.1220579
2026-09-03 17:41:27.670 9 INFO neutron.services.segments.plugin [-] Segment d776ccf8-484a-4764-a1b8-c086898c252e resource provider aggregate not found
2026-09-03 17:41:27.685 9 INFO neutron.services.segments.plugin [-] Segment d776ccf8-484a-4764-a1b8-c086898c252e resource provider aggregate not found
2026-09-03 17:41:27.695 9 INFO neutron.services.segments.plugin [-] Segment d776ccf8-484a-4764-a1b8-c086898c252e resource provider not found; error: Placement Client Error (4xx): {"errors": [{"status": 404, "title": "Not Found", "detail": "The resource could not be found.\n\n No resource provider with uuid d776ccf8-484a-4764-a1b8-c086898c252e found for delete ", "request_id": "req-0fb79e46-e436-472f-b7b0-f3c7d2fad0e9"}]}
2026-09-03 17:41:27.717 9 INFO neutron.services.segments.plugin [-] Segment d776ccf8-484a-4764-a1b8-c086898c252e resource provider not found; error: Placement Client Error (4xx): {"errors": [{"status": 404, "title": "Not Found", "detail": "The resource could not be found.\n\n No resource provider with uuid d776ccf8-484a-4764-a1b8-c086898c252e found for delete ", "request_id": "req-596b2714-75ce-42eb-9fb9-f52ea6bba56d"}]}
2026-09-03 17:41:27.727 9 INFO neutron.services.segments.plugin [-] Segment b70f3221-2acc-4695-9ec6-006c60beb2fb resource provider aggregate not found
2026-09-03 17:41:27.738 9 INFO neutron.services.segments.plugin [-] Segment b70f3221-2acc-4695-9ec6-006c60beb2fb resource provider aggregate not found
2026-09-03 17:41:27.760 9 INFO neutron.services.segments.plugin [-] Segment b70f3221-2acc-4695-9ec6-006c60beb2fb resource provider not found; error: Placement Client Error (4xx): {"errors": [{"status": 404, "title": "Not Found", "detail": "The resource could not be found.\n\n No resource provider with uuid b70f3221-2acc-4695-9ec6-006c60beb2fb found for delete ", "request_id": "req-a9a8d9c9-d502-4cca-8646-7fe3af36971d"}]}
2026-09-03 17:41:27.779 9 INFO neutron.services.segments.plugin [-] Segment b70f3221-2acc-4695-9ec6-006c60beb2fb resource provider not found; error: Placement Client Error (4xx): {"errors": [{"status": 404, "title": "Not Found", "detail": "The resource could not be found.\n\n No resource provider with uuid b70f3221-2acc-4695-9ec6-006c60beb2fb found for delete ", "request_id": "req-b74775ee-b32c-4e71-a801-c4e6358b41a1"}]}
2026-09-03 17:41:27.814 9 INFO neutron.wsgi [None req-366501e5-e31a-403b-b673-d46e320a45c8 91f802b072d84816b0ce88cda97c39df a032e6b77f4749ccae5708d26280f522 - - default default] 10.0.0.221 "DELETE /v2.0/networks/8d8059de-c132-4dc3-bff3-5f2c75aafef4 HTTP/1.1" status: 204 len: 168 time: 1.2448261
2026-09-03 17:41:28.112 10 INFO neutron.services.segments.plugin [-] Segment c27912bb-2887-4592-95b5-ca122f416b5f resource provider aggregate not found
2026-09-03 17:41:28.117 10 INFO neutron.services.segments.plugin [-] Segment c27912bb-2887-4592-95b5-ca122f416b5f resource provider aggregate not found
2026-09-03 17:41:28.134 10 INFO neutron.services.segments.plugin [-] Segment c27912bb-2887-4592-95b5-ca122f416b5f resource provider not found; error: Placement Client Error (4xx): {"errors": [{"status": 404, "title": "Not Found", "detail": "The resource could not be found.\n\n No resource provider with uuid c27912bb-2887-4592-95b5-ca122f416b5f found for delete ", "request_id": "req-a1895b91-d55b-4b80-8b4c-74895f2852b1"}]}
2026-09-03 17:41:28.141 10 INFO neutron.services.segments.plugin [-] Segment c27912bb-2887-4592-95b5-ca122f416b5f resource provider not found; error: Placement Client Error (4xx): {"errors": [{"status": 404, "title": "Not Found", "detail": "The resource could not be found.\n\n No resource provider with uuid c27912bb-2887-4592-95b5-ca122f416b5f found for delete ", "request_id": "req-933407c0-301c-469c-8ebe-405201a0001d"}]}
2026-09-03 17:41:28.158 10 INFO neutron.wsgi [None req-5fda4d95-f74b-4548-9a66-6f6c0a1f2462 9967aad49b6e4a8898ac9473cbd59eb5 8e09c08015434f24b4c669b5217d6ff2 - - default default] 10.0.0.221 "DELETE /v2.0/networks/510bcb83-8541-4a52-a432-6256d9730ddc HTTP/1.1" status: 204 len: 168 time: 0.5362375
2026-09-03 17:41:28.270 10 INFO neutron.db.segments_db [None req-52330bc3-c651-4c38-89e0-32e06646ca93 9967aad49b6e4a8898ac9473cbd59eb5 8e09c08015434f24b4c669b5217d6ff2 - - default default] Added segment c1ba0868-fede-40b9-944f-327fe45b00e9 of type geneve for network 5c613d46-73e5-4710-bc73-fadedb947c9f
2026-09-03 17:41:28.329 9 WARNING neutron.scheduler.dhcp_agent_scheduler [None req-f4c89ee6-cc03-4669-9d2e-333ec107f206 91f802b072d84816b0ce88cda97c39df a032e6b77f4749ccae5708d26280f522 - - default default] No more DHCP agents
2026-09-03 17:41:28.332 9 WARNING neutron.api.rpc.agentnotifiers.dhcp_rpc_agent_api [None req-f4c89ee6-cc03-4669-9d2e-333ec107f206 91f802b072d84816b0ce88cda97c39df a032e6b77f4749ccae5708d26280f522 - - default default] Unable to schedule network ae883489-5e93-4bf8-bd12-e5df994aa84c: no agents available; will retry on subsequent port and subnet creation events.
2026-09-03 17:41:28.434 10 INFO neutron.db.ovn_revision_numbers_db [None req-52330bc3-c651-4c38-89e0-32e06646ca93 9967aad49b6e4a8898ac9473cbd59eb5 8e09c08015434f24b4c669b5217d6ff2 - - default default] Successfully bumped revision number for resource 5c613d46-73e5-4710-bc73-fadedb947c9f (type: networks) to 1
2026-09-03 17:41:28.551 9 INFO neutron.db.ovn_revision_numbers_db [None req-f4c89ee6-cc03-4669-9d2e-333ec107f206 91f802b072d84816b0ce88cda97c39df a032e6b77f4749ccae5708d26280f522 - - default default] Successfully bumped revision number for resource 0199da7c-527d-4814-a08d-cbaf6132e7f4 (type: ports) to 1
2026-09-03 17:41:28.744 10 WARNING neutron.scheduler.dhcp_agent_scheduler [None req-52330bc3-c651-4c38-89e0-32e06646ca93 9967aad49b6e4a8898ac9473cbd59eb5 8e09c08015434f24b4c669b5217d6ff2 - - default default] No more DHCP agents
2026-09-03 17:41:28.747 10 WARNING neutron.api.rpc.agentnotifiers.dhcp_rpc_agent_api [None req-52330bc3-c651-4c38-89e0-32e06646ca93 9967aad49b6e4a8898ac9473cbd59eb5 8e09c08015434f24b4c669b5217d6ff2 - - default default] Unable to schedule network 5c613d46-73e5-4710-bc73-fadedb947c9f: no agents available; will retry on subsequent port and subnet creation events.
2026-09-03 17:41:28.914 10 WARNING neutron.plugins.ml2.drivers.ovn.mech_driver.ovsdb.ovn_client [None req-7f4d04f4-56b4-477f-be44-d33eed2c4706 - - - - - -] No port found with ID ff638ad9-0141-4fd8-b5fe-0da32d0d6969: RuntimeError: No port found with ID ff638ad9-0141-4fd8-b5fe-0da32d0d6969
2026-09-03 17:41:28.989 10 INFO neutron.db.ovn_revision_numbers_db [None req-52330bc3-c651-4c38-89e0-32e06646ca93 9967aad49b6e4a8898ac9473cbd59eb5 8e09c08015434f24b4c669b5217d6ff2 - - default default] Successfully bumped revision number for resource b00d3749-32ff-4e3e-ab58-2f0532191963 (type: ports) to 1
2026-09-03 17:41:29.013 10 INFO neutron.wsgi [None req-52330bc3-c651-4c38-89e0-32e06646ca93 9967aad49b6e4a8898ac9473cbd59eb5 8e09c08015434f24b4c669b5217d6ff2 - - default default] 10.0.0.221 "POST /v2.0/networks HTTP/1.1" status: 201 len: 828 time: 0.8440888 /var/lib/openstack/lib/python3.10/site-packages/pycadf/identifier.py:71: UserWarning: Invalid uuid: neutron. To ensure interoperability, identifiers should be a valid uuid. warnings.warn(('Invalid uuid: %s. To ensure interoperability, '
2026-09-03 17:41:29.231 9 INFO neutron.db.ovn_revision_numbers_db [None req-f4c89ee6-cc03-4669-9d2e-333ec107f206 91f802b072d84816b0ce88cda97c39df a032e6b77f4749ccae5708d26280f522 - - default default] Successfully bumped revision number for resource 0199da7c-527d-4814-a08d-cbaf6132e7f4 (type: router_ports) to 1
2026-09-03 17:41:29.305 9 INFO neutron.db.ovn_revision_numbers_db [None req-f4c89ee6-cc03-4669-9d2e-333ec107f206 91f802b072d84816b0ce88cda97c39df a032e6b77f4749ccae5708d26280f522 - - default default] Successfully bumped revision number for resource 8bc7470e-3be4-4b13-b69b-ceb4facb5a16 (type: routers) to 2
2026-09-03 17:41:29.324 9 INFO neutron.wsgi [None req-f4c89ee6-cc03-4669-9d2e-333ec107f206 91f802b072d84816b0ce88cda97c39df a032e6b77f4749ccae5708d26280f522 - - default default] 10.0.0.221 "POST /v2.0/routers HTTP/1.1" status: 201 len: 870 time: 1.5020564
2026-09-03 17:41:29.349 10 INFO neutron.plugins.ml2.drivers.ovn.mech_driver.mech_driver [None req-7f4d04f4-56b4-477f-be44-d33eed2c4706 - - - - - -] OVN reports status up for port: 0199da7c-527d-4814-a08d-cbaf6132e7f4
2026-09-03 17:41:29.361 10 INFO neutron.plugins.ml2.plugin [None req-7f4d04f4-56b4-477f-be44-d33eed2c4706 - - - - - -] Attempt 1 to provision port 0199da7c-527d-4814-a08d-cbaf6132e7f4
2026-09-03 17:41:29.406 9 INFO neutron.wsgi [None req-5c7413d8-0d97-4e75-b1ca-dc2a46f17c46 91f802b072d84816b0ce88cda97c39df a032e6b77f4749ccae5708d26280f522 - - default default] 10.0.0.221 "GET /v2.0/routers/8bc7470e-3be4-4b13-b69b-ceb4facb5a16 HTTP/1.1" status: 200 len: 871 time: 0.0741329
2026-09-03 17:41:29.532 9 INFO neutron.wsgi [None req-7487d880-ae58-4e36-a16e-623806973532 91f802b072d84816b0ce88cda97c39df a032e6b77f4749ccae5708d26280f522 - - default default] 10.0.0.221 "GET /v2.0/routers HTTP/1.1" status: 200 len: 874 time: 0.1190701
2026-09-03 17:41:29.571 10 WARNING neutron.scheduler.dhcp_agent_scheduler [None req-02685dd8-92ed-4d3e-a396-b41faa3c50c5 9967aad49b6e4a8898ac9473cbd59eb5 8e09c08015434f24b4c669b5217d6ff2 - - default default] No more DHCP agents
2026-09-03 17:41:29.573 10 WARNING neutron.api.rpc.agentnotifiers.dhcp_rpc_agent_api [None req-02685dd8-92ed-4d3e-a396-b41faa3c50c5 9967aad49b6e4a8898ac9473cbd59eb5 8e09c08015434f24b4c669b5217d6ff2 - - default default] Unable to schedule network 5c613d46-73e5-4710-bc73-fadedb947c9f: no agents available; will retry on subsequent port and subnet creation events.
2026-09-03 17:41:30.015 10 INFO neutron.db.ovn_revision_numbers_db [None req-02685dd8-92ed-4d3e-a396-b41faa3c50c5 9967aad49b6e4a8898ac9473cbd59eb5 8e09c08015434f24b4c669b5217d6ff2 - - default default] Successfully bumped revision number for resource b00d3749-32ff-4e3e-ab58-2f0532191963 (type: ports) to 2
2026-09-03 17:41:30.061 10 INFO neutron.db.ovn_revision_numbers_db [None req-02685dd8-92ed-4d3e-a396-b41faa3c50c5 9967aad49b6e4a8898ac9473cbd59eb5 8e09c08015434f24b4c669b5217d6ff2 - - default default] Successfully bumped revision number for resource a86b9bc2-bbf3-4e7f-b0b2-92e2ebba75aa (type: subnets) to 0
2026-09-03 17:41:30.075 10 INFO neutron.wsgi [None req-02685dd8-92ed-4d3e-a396-b41faa3c50c5 9967aad49b6e4a8898ac9473cbd59eb5 8e09c08015434f24b4c669b5217d6ff2 - - default default] 10.0.0.221 "POST /v2.0/subnets HTTP/1.1" status: 201 len: 801 time: 1.0552592
2026-09-03 17:41:30.141 10 INFO neutron.db.ovn_revision_numbers_db [None req-d92541df-8811-4ff1-a06c-fcb258b17644 8683bf07304f4692a042f736afa186f7 33988093ee3443979a0495eacaa13164 - - default default] Successfully bumped revision number for resource 37e8b5f5-5d0d-4c0f-834c-ea53e1339d62 (type: security_groups) to 1
2026-09-03 17:41:30.175 10 INFO neutron.db.ovn_revision_numbers_db [None req-d92541df-8811-4ff1-a06c-fcb258b17644 8683bf07304f4692a042f736afa186f7 33988093ee3443979a0495eacaa13164 - - default default] Successfully bumped revision number for resource 60c55460-f318-45de-942c-53add21e26ba (type: security_group_rules) to 0
2026-09-03 17:41:30.197 10 INFO neutron.db.ovn_revision_numbers_db [None req-d92541df-8811-4ff1-a06c-fcb258b17644 8683bf07304f4692a042f736afa186f7 33988093ee3443979a0495eacaa13164 - - default default] Successfully bumped revision number for resource 71ce8532-8988-4f49-9d15-1016e89d9b1e (type: security_group_rules) to 0
2026-09-03 17:41:30.238 10 INFO neutron.db.ovn_revision_numbers_db [None req-d92541df-8811-4ff1-a06c-fcb258b17644 8683bf07304f4692a042f736afa186f7 33988093ee3443979a0495eacaa13164 - - default default] Successfully bumped revision number for resource 7a3a3e1a-ca5f-4dbe-82af-d3699f45f564 (type: security_group_rules) to 0
2026-09-03 17:41:30.296 10 INFO neutron.db.ovn_revision_numbers_db [None req-d92541df-8811-4ff1-a06c-fcb258b17644 8683bf07304f4692a042f736afa186f7 33988093ee3443979a0495eacaa13164 - - default default] Successfully bumped revision number for resource c6b5030a-3317-4b3b-a956-e889c6ac58b9 (type: security_group_rules) to 0
2026-09-03 17:41:30.307 10 INFO neutron.db.ovn_revision_numbers_db [None req-10a6b67e-0d37-4a25-ba91-226d8f036388 9967aad49b6e4a8898ac9473cbd59eb5 8e09c08015434f24b4c669b5217d6ff2 - - default default] Successfully bumped revision number for resource ec515194-88f9-4981-9e2d-861fb514d9ff (type: routers) to 1
2026-09-03 17:41:30.329 10 INFO neutron.wsgi [None req-d92541df-8811-4ff1-a06c-fcb258b17644 8683bf07304f4692a042f736afa186f7 33988093ee3443979a0495eacaa13164 - - default default] 10.0.0.221 "GET /v2.0/security-groups?tenant_id=bb993f9411b4462d8963cd23907d8755&name=default HTTP/1.1" status: 200 len: 2996 time: 0.5917840
2026-09-03 17:41:30.332 10 INFO neutron.wsgi [None req-10a6b67e-0d37-4a25-ba91-226d8f036388 9967aad49b6e4a8898ac9473cbd59eb5 8e09c08015434f24b4c669b5217d6ff2 - - default default] 10.0.0.221 "POST /v2.0/routers HTTP/1.1" status: 201 len: 686 time: 0.2332294
2026-09-03 17:41:30.520 9 INFO neutron.db.ovn_revision_numbers_db [None req-060e3cd5-0095-4966-9c99-103eedb54b00 91f802b072d84816b0ce88cda97c39df a032e6b77f4749ccae5708d26280f522 - - default default] Successfully bumped revision number for resource 8bc7470e-3be4-4b13-b69b-ceb4facb5a16 (type: routers) to 3
2026-09-03 17:41:30.524 9 INFO neutron.wsgi [None req-060e3cd5-0095-4966-9c99-103eedb54b00 91f802b072d84816b0ce88cda97c39df a032e6b77f4749ccae5708d26280f522 - - default default] 10.0.0.221 "PUT /v2.0/routers/8bc7470e-3be4-4b13-b69b-ceb4facb5a16 HTTP/1.1" status: 200 len: 878 time: 0.9872608
2026-09-03 17:41:30.608 9 INFO neutron.wsgi [None req-0e8dcf48-63af-4ef2-ab3d-80a317ec84e7 91f802b072d84816b0ce88cda97c39df a032e6b77f4749ccae5708d26280f522 - - default default] 10.0.0.221 "GET /v2.0/routers/8bc7470e-3be4-4b13-b69b-ceb4facb5a16 HTTP/1.1" status: 200 len: 878 time: 0.0771511
2026-09-03 17:41:30.629 9 INFO neutron.wsgi [None req-729bbcd2-19f2-4a6f-b061-c8bcb91c269d 91f802b072d84816b0ce88cda97c39df a032e6b77f4749ccae5708d26280f522 - - default default] 10.0.0.221 "GET /v2.0/ports?device_id=8bc7470e-3be4-4b13-b69b-ceb4facb5a16 HTTP/1.1" status: 200 len: 205 time: 0.0159731
2026-09-03 17:41:30.686 9 INFO neutron.wsgi [None req-08158a14-bcdd-4b43-a56e-3e823ec3aef0 8683bf07304f4692a042f736afa186f7 33988093ee3443979a0495eacaa13164 - - default default] 10.0.0.221 "DELETE /v2.0/security-groups/37e8b5f5-5d0d-4c0f-834c-ea53e1339d62 HTTP/1.1" status: 204 len: 168 time: 0.3433189
2026-09-03 17:41:30.835 10 WARNING neutron.scheduler.dhcp_agent_scheduler [None req-20724a35-f1a9-491a-befb-c2f67b350acd 9967aad49b6e4a8898ac9473cbd59eb5 8e09c08015434f24b4c669b5217d6ff2 - - default default] No more DHCP agents
2026-09-03 17:41:30.841 10 WARNING neutron.api.rpc.agentnotifiers.dhcp_rpc_agent_api [None req-20724a35-f1a9-491a-befb-c2f67b350acd 9967aad49b6e4a8898ac9473cbd59eb5 8e09c08015434f24b4c669b5217d6ff2 - - default default] Unable to schedule network 5c613d46-73e5-4710-bc73-fadedb947c9f: no agents available; will retry on subsequent port and subnet creation events.
2026-09-03 17:41:30.986 10 INFO neutron.db.ovn_revision_numbers_db [None req-20724a35-f1a9-491a-befb-c2f67b350acd 9967aad49b6e4a8898ac9473cbd59eb5 8e09c08015434f24b4c669b5217d6ff2 - - default default] Successfully bumped revision number for resource 139df79d-aa72-4087-8e5c-f7f83c3b6d39 (type: ports) to 1
2026-09-03 17:41:31.005 10 INFO neutron.wsgi [None req-20724a35-f1a9-491a-befb-c2f67b350acd 9967aad49b6e4a8898ac9473cbd59eb5 8e09c08015434f24b4c669b5217d6ff2 - - default default] 10.0.0.221 "POST /v2.0/ports HTTP/1.1" status: 201 len: 1147 time: 0.6668749 /var/lib/openstack/lib/python3.10/site-packages/pycadf/identifier.py:71: UserWarning: Invalid uuid: neutron. To ensure interoperability, identifiers should be a valid uuid. warnings.warn(('Invalid uuid: %s. To ensure interoperability, '
2026-09-03 17:41:31.172 9 INFO neutron.wsgi [None req-ec72108b-32a7-418d-850c-dd2e9a73eff3 91f802b072d84816b0ce88cda97c39df a032e6b77f4749ccae5708d26280f522 - - default default] 10.0.0.221 "DELETE /v2.0/routers/8bc7470e-3be4-4b13-b69b-ceb4facb5a16 HTTP/1.1" status: 204 len: 168 time: 0.5378957
2026-09-03 17:41:31.173 9 WARNING neutron.plugins.ml2.drivers.ovn.mech_driver.ovsdb.ovn_client [None req-fe415599-5e44-400f-bc45-131f6f4fdd6c - - - - - -] No port found with ID 42e8c2c8-2cdf-401b-81ca-e0cff1bc5795: RuntimeError: No port found with ID 42e8c2c8-2cdf-401b-81ca-e0cff1bc5795
2026-09-03 17:41:31.202 9 INFO neutron.wsgi [None req-bbe8df72-910d-480e-a3dd-a3d26096d824 91f802b072d84816b0ce88cda97c39df a032e6b77f4749ccae5708d26280f522 - - default default] 10.0.0.221 "GET /v2.0/ports?device_id=8bc7470e-3be4-4b13-b69b-ceb4facb5a16 HTTP/1.1" status: 200 len: 205 time: 0.0220983
2026-09-03 17:41:31.231 10 INFO neutron.api.v2.resource [None req-51922317-b003-41fc-97b2-a712a5fcdf77 91f802b072d84816b0ce88cda97c39df a032e6b77f4749ccae5708d26280f522 - - default default] delete failed (client error): The resource could not be found.
2026-09-03 17:41:31.232 10 INFO neutron.wsgi [None req-51922317-b003-41fc-97b2-a712a5fcdf77 91f802b072d84816b0ce88cda97c39df a032e6b77f4749ccae5708d26280f522 - - default default] 10.0.0.221 "DELETE /v2.0/routers/8bc7470e-3be4-4b13-b69b-ceb4facb5a16 HTTP/1.1" status: 404 len: 336 time: 0.0229819
2026-09-03 17:41:31.254 9 INFO neutron.wsgi [None req-1418a0e3-9a0f-471b-bbd2-77e04c3e6730 91f802b072d84816b0ce88cda97c39df a032e6b77f4749ccae5708d26280f522 - - default default] 10.0.0.221 "GET /v2.0/ports?device_id=1151b621-16a5-4229-acf6-3420b1d4bfb0 HTTP/1.1" status: 200 len: 205 time: 0.0162280
2026-09-03 17:41:31.274 9 INFO neutron.api.v2.resource [None req-323b09a6-0967-451f-8f8e-a032457333b8 91f802b072d84816b0ce88cda97c39df a032e6b77f4749ccae5708d26280f522 - - default default] delete failed (client error): The resource could not be found.
2026-09-03 17:41:31.275 9 INFO neutron.wsgi [None req-323b09a6-0967-451f-8f8e-a032457333b8 91f802b072d84816b0ce88cda97c39df a032e6b77f4749ccae5708d26280f522 - - default default] 10.0.0.221 "DELETE /v2.0/routers/1151b621-16a5-4229-acf6-3420b1d4bfb0 HTTP/1.1" status: 404 len: 336 time: 0.0174277
2026-09-03 17:41:31.293 9 INFO neutron.pecan_wsgi.hooks.translation [None req-56f8ff38-5ba5-4388-9f27-45127f99e0ed 91f802b072d84816b0ce88cda97c39df a032e6b77f4749ccae5708d26280f522 - - default default] DELETE failed (client error): The resource could not be found.
2026-09-03 17:41:31.295 9 INFO neutron.wsgi [None req-56f8ff38-5ba5-4388-9f27-45127f99e0ed 91f802b072d84816b0ce88cda97c39df a032e6b77f4749ccae5708d26280f522 - - default default] 10.0.0.221 "DELETE /v2.0/subnets/30ab97cb-a510-41fe-84b1-c7b5b3dd4e8f HTTP/1.1" status: 404 len: 337 time: 0.0151923
2026-09-03 17:41:31.320 9 INFO neutron.wsgi [None req-649a08d8-d960-49d5-b021-0d36546c8033 91f802b072d84816b0ce88cda97c39df a032e6b77f4749ccae5708d26280f522 - - default default] 10.0.0.221 "GET /v2.0/ports?device_id=932bd89a-33b0-4b01-8416-f3109c4c8cd0 HTTP/1.1" status: 200 len: 205 time: 0.0195260
2026-09-03 17:41:31.346 9 INFO neutron.api.v2.resource [None req-7d4e9810-e028-4561-bdb7-9b646449a9e9 91f802b072d84816b0ce88cda97c39df a032e6b77f4749ccae5708d26280f522 - - default default] delete failed (client error): The resource could not be found.
2026-09-03 17:41:31.347 9 INFO neutron.wsgi [None req-7d4e9810-e028-4561-bdb7-9b646449a9e9 91f802b072d84816b0ce88cda97c39df a032e6b77f4749ccae5708d26280f522 - - default default] 10.0.0.221 "DELETE /v2.0/routers/932bd89a-33b0-4b01-8416-f3109c4c8cd0 HTTP/1.1" status: 404 len: 336 time: 0.0220823
2026-09-03 17:41:31.369 9 INFO neutron.pecan_wsgi.hooks.translation [None req-066e43b4-18b9-485a-8069-c14e7eb71a15 91f802b072d84816b0ce88cda97c39df a032e6b77f4749ccae5708d26280f522 - - default default] DELETE failed (client error): The resource could not be found.
2026-09-03 17:41:31.371 9 INFO neutron.wsgi [None req-066e43b4-18b9-485a-8069-c14e7eb71a15 91f802b072d84816b0ce88cda97c39df a032e6b77f4749ccae5708d26280f522 - - default default] 10.0.0.221 "DELETE /v2.0/subnets/f0d2684d-22ea-4372-9fb5-09235352acc4 HTTP/1.1" status: 404 len: 337 time: 0.0185308
2026-09-03 17:41:31.399 9 INFO neutron.wsgi [None req-75de4656-1ee3-4ce5-af67-a6caf4d668ef 91f802b072d84816b0ce88cda97c39df a032e6b77f4749ccae5708d26280f522 - - default default] 10.0.0.221 "GET /v2.0/ports?device_id=e3cfe5a6-3db7-4a39-b3bf-cc1f372a9a38 HTTP/1.1" status: 200 len: 205 time: 0.0214164
2026-09-03 17:41:31.419 10 INFO neutron.db.ovn_revision_numbers_db [None req-69c680f7-b8ce-43fa-ac07-ff296ff41caa 9967aad49b6e4a8898ac9473cbd59eb5 8e09c08015434f24b4c669b5217d6ff2 - - default default] Successfully bumped revision number for resource 139df79d-aa72-4087-8e5c-f7f83c3b6d39 (type: router_ports) to 2
2026-09-03 17:41:31.434 9 INFO neutron.api.v2.resource [None req-99d3ecc3-4d11-4345-99ba-e04d90f0459f 91f802b072d84816b0ce88cda97c39df a032e6b77f4749ccae5708d26280f522 - - default default] delete failed (client error): The resource could not be found.
2026-09-03 17:41:31.436 9 INFO neutron.wsgi [None req-99d3ecc3-4d11-4345-99ba-e04d90f0459f 91f802b072d84816b0ce88cda97c39df a032e6b77f4749ccae5708d26280f522 - - default default] 10.0.0.221 "DELETE /v2.0/routers/e3cfe5a6-3db7-4a39-b3bf-cc1f372a9a38 HTTP/1.1" status: 404 len: 336 time: 0.0299635
2026-09-03 17:41:31.465 9 INFO neutron.pecan_wsgi.hooks.translation [None req-f84469fa-80b6-4046-9e0c-4b3732bba885 91f802b072d84816b0ce88cda97c39df a032e6b77f4749ccae5708d26280f522 - - default default] DELETE failed (client error): The resource could not be found.
2026-09-03 17:41:31.467 9 INFO neutron.wsgi [None req-f84469fa-80b6-4046-9e0c-4b3732bba885 91f802b072d84816b0ce88cda97c39df a032e6b77f4749ccae5708d26280f522 - - default default] 10.0.0.221 "DELETE /v2.0/subnets/962f7431-d752-44d2-af64-c8bd54b1b402 HTTP/1.1" status: 404 len: 337 time: 0.0246782
2026-09-03 17:41:31.493 9 INFO neutron.pecan_wsgi.hooks.translation [None req-edf27566-9dfb-4bfd-bcad-7027e3998d82 91f802b072d84816b0ce88cda97c39df a032e6b77f4749ccae5708d26280f522 - - default default] DELETE failed (client error): The resource could not be found.
2026-09-03 17:41:31.495 9 INFO neutron.wsgi [None req-edf27566-9dfb-4bfd-bcad-7027e3998d82 91f802b072d84816b0ce88cda97c39df a032e6b77f4749ccae5708d26280f522 - - default default] 10.0.0.221 "DELETE /v2.0/subnets/a0acbad7-e69d-4af0-9413-85d8069d34c7 HTTP/1.1" status: 404 len: 337 time: 0.0217278
2026-09-03 17:41:31.620 10 INFO neutron.db.ovn_revision_numbers_db [None req-69c680f7-b8ce-43fa-ac07-ff296ff41caa 9967aad49b6e4a8898ac9473cbd59eb5 8e09c08015434f24b4c669b5217d6ff2 - - default default] Successfully bumped revision number for resource 139df79d-aa72-4087-8e5c-f7f83c3b6d39 (type: ports) to 2
2026-09-03 17:41:32.106 10 INFO neutron.db.ovn_revision_numbers_db [None req-69c680f7-b8ce-43fa-ac07-ff296ff41caa 9967aad49b6e4a8898ac9473cbd59eb5 8e09c08015434f24b4c669b5217d6ff2 - - default default] Successfully bumped revision number for resource 139df79d-aa72-4087-8e5c-f7f83c3b6d39 (type: router_ports) to 2
2026-09-03 17:41:32.245 10 INFO neutron.db.ovn_revision_numbers_db [None req-69c680f7-b8ce-43fa-ac07-ff296ff41caa 9967aad49b6e4a8898ac9473cbd59eb5 8e09c08015434f24b4c669b5217d6ff2 - - default default] Successfully bumped revision number for resource 139df79d-aa72-4087-8e5c-f7f83c3b6d39 (type: ports) to 2
2026-09-03 17:41:32.294 10 WARNING neutron.scheduler.dhcp_agent_scheduler [None req-69c680f7-b8ce-43fa-ac07-ff296ff41caa 9967aad49b6e4a8898ac9473cbd59eb5 8e09c08015434f24b4c669b5217d6ff2 - - default default] No more DHCP agents
2026-09-03 17:41:32.296 10 WARNING neutron.api.rpc.agentnotifiers.dhcp_rpc_agent_api [None req-69c680f7-b8ce-43fa-ac07-ff296ff41caa 9967aad49b6e4a8898ac9473cbd59eb5 8e09c08015434f24b4c669b5217d6ff2 - - default default] Unable to schedule network 5c613d46-73e5-4710-bc73-fadedb947c9f: no agents available; will retry on subsequent port and subnet creation events.
2026-09-03 17:41:32.424 9 INFO neutron.wsgi [None req-4a03a529-8b30-459d-9262-459ec166615d 8683bf07304f4692a042f736afa186f7 33988093ee3443979a0495eacaa13164 - - default default] 10.0.0.221 "GET /v2.0/security-groups?tenant_id=a032e6b77f4749ccae5708d26280f522&name=default HTTP/1.1" status: 200 len: 2996 time: 0.3882308
2026-09-03 17:41:32.476 10 INFO neutron.db.ovn_revision_numbers_db [None req-69c680f7-b8ce-43fa-ac07-ff296ff41caa 9967aad49b6e4a8898ac9473cbd59eb5 8e09c08015434f24b4c669b5217d6ff2 - - default default] Successfully bumped revision number for resource 139df79d-aa72-4087-8e5c-f7f83c3b6d39 (type: router_ports) to 2
2026-09-03 17:41:32.478 10 INFO neutron.wsgi [None req-69c680f7-b8ce-43fa-ac07-ff296ff41caa 9967aad49b6e4a8898ac9473cbd59eb5 8e09c08015434f24b4c669b5217d6ff2 - - default default] 10.0.0.221 "PUT /v2.0/routers/ec515194-88f9-4981-9e2d-861fb514d9ff/add_router_interface HTTP/1.1" status: 200 len: 503 time: 1.4670479 /var/lib/openstack/lib/python3.10/site-packages/pycadf/identifier.py:71: UserWarning: Invalid uuid: neutron. To ensure interoperability, identifiers should be a valid uuid. warnings.warn(('Invalid uuid: %s. To ensure interoperability, '
2026-09-03 17:41:32.525 10 INFO neutron.wsgi [None req-304cdb9e-34c2-432c-b5e2-e4e73de8f7c5 9967aad49b6e4a8898ac9473cbd59eb5 8e09c08015434f24b4c669b5217d6ff2 - - default default] 10.0.0.221 "GET /v2.0/ports/139df79d-aa72-4087-8e5c-f7f83c3b6d39 HTTP/1.1" status: 200 len: 1203 time: 0.0405779
2026-09-03 17:41:32.624 9 INFO neutron.wsgi [None req-c69dd741-4393-4a7a-9757-c3de07eadfb9 8683bf07304f4692a042f736afa186f7 33988093ee3443979a0495eacaa13164 - - default default] 10.0.0.221 "DELETE /v2.0/security-groups/8d10bdf9-bfaf-4e42-81a2-0c319a5baf0d HTTP/1.1" status: 204 len: 168 time: 0.1935606
2026-09-03 17:41:33.149 10 INFO neutron.wsgi [None req-7ffd34dd-5835-40b1-944b-562d81d0b433 9967aad49b6e4a8898ac9473cbd59eb5 8e09c08015434f24b4c669b5217d6ff2 - - default default] 10.0.0.221 "PUT /v2.0/routers/ec515194-88f9-4981-9e2d-861fb514d9ff/remove_router_interface HTTP/1.1" status: 200 len: 503 time: 0.6181154 /var/lib/openstack/lib/python3.10/site-packages/pycadf/identifier.py:71: UserWarning: Invalid uuid: neutron. To ensure interoperability, identifiers should be a valid uuid. warnings.warn(('Invalid uuid: %s. To ensure interoperability, '
2026-09-03 17:41:33.218 10 INFO neutron.api.v2.resource [None req-8d223015-abe2-4f8c-b8f9-f09dedad308a 9967aad49b6e4a8898ac9473cbd59eb5 8e09c08015434f24b4c669b5217d6ff2 - - default default] remove_router_interface failed (client error): The resource could not be found.
2026-09-03 17:41:33.219 10 INFO neutron.wsgi [None req-8d223015-abe2-4f8c-b8f9-f09dedad308a 9967aad49b6e4a8898ac9473cbd59eb5 8e09c08015434f24b4c669b5217d6ff2 - - default default] 10.0.0.221 "PUT /v2.0/routers/ec515194-88f9-4981-9e2d-861fb514d9ff/remove_router_interface HTTP/1.1" status: 404 len: 398 time: 0.0639174
2026-09-03 17:41:33.245 10 INFO neutron.wsgi [None req-a9332c4d-5028-4096-a3ae-839b060a5167 9967aad49b6e4a8898ac9473cbd59eb5 8e09c08015434f24b4c669b5217d6ff2 - - default default] 10.0.0.221 "GET /v2.0/ports?device_id=ec515194-88f9-4981-9e2d-861fb514d9ff HTTP/1.1" status: 200 len: 205 time: 0.0193851
2026-09-03 17:41:33.699 10 INFO neutron.wsgi [None req-b212596e-069a-493b-be7b-32fc723fd6e8 9967aad49b6e4a8898ac9473cbd59eb5 8e09c08015434f24b4c669b5217d6ff2 - - default default] 10.0.0.221 "DELETE /v2.0/routers/ec515194-88f9-4981-9e2d-861fb514d9ff HTTP/1.1" status: 204 len: 168 time: 0.4496040
2026-09-03 17:41:33.941 10 INFO neutron.wsgi [None req-3224f0a2-9617-4e97-b3b1-e199a597384d 9967aad49b6e4a8898ac9473cbd59eb5 8e09c08015434f24b4c669b5217d6ff2 - - default default] 10.0.0.221 "DELETE /v2.0/subnets/a86b9bc2-bbf3-4e7f-b0b2-92e2ebba75aa HTTP/1.1" status: 204 len: 168 time: 0.2355437
2026-09-03 17:41:34.253 10 INFO neutron.services.segments.plugin [-] Segment c1ba0868-fede-40b9-944f-327fe45b00e9 resource provider aggregate not found
2026-09-03 17:41:34.259 10 INFO neutron.services.segments.plugin [-] Segment c1ba0868-fede-40b9-944f-327fe45b00e9 resource provider aggregate not found
2026-09-03 17:41:34.270 10 INFO neutron.services.segments.plugin [-] Segment c1ba0868-fede-40b9-944f-327fe45b00e9 resource provider not found; error: Placement Client Error (4xx): {"errors": [{"status": 404, "title": "Not Found", "detail": "The resource could not be found.\n\n No resource provider with uuid c1ba0868-fede-40b9-944f-327fe45b00e9 found for delete ", "request_id": "req-002451fb-f827-46eb-9977-2dfcad0272fb"}]}
2026-09-03 17:41:34.283 10 INFO neutron.services.segments.plugin [-] Segment c1ba0868-fede-40b9-944f-327fe45b00e9 resource provider not found; error: Placement Client Error (4xx): {"errors": [{"status": 404, "title": "Not Found", "detail": "The resource could not be found.\n\n No resource provider with uuid c1ba0868-fede-40b9-944f-327fe45b00e9 found for delete ", "request_id": "req-d1fee5fc-9b87-48b6-8d24-8ec81ea5d465"}]}
2026-09-03 17:41:34.301 10 INFO neutron.wsgi [None req-4face7c9-776a-4af5-9300-112a41934297 9967aad49b6e4a8898ac9473cbd59eb5 8e09c08015434f24b4c669b5217d6ff2 - - default default] 10.0.0.221 "DELETE /v2.0/networks/5c613d46-73e5-4710-bc73-fadedb947c9f HTTP/1.1" status: 204 len: 168 time: 0.3544579
2026-09-03 17:41:34.448 10 INFO neutron.db.segments_db [None req-fc6b7fc7-6d76-4676-a04f-c0e5b6b2c507 9967aad49b6e4a8898ac9473cbd59eb5 8e09c08015434f24b4c669b5217d6ff2 - - default default] Added segment d8d02163-a5f4-444d-b789-104103a11f8f of type geneve for network ea7ea099-e5e6-41f7-a81d-4d0b366a95b6
2026-09-03 17:41:34.502 10 WARNING neutron.plugins.ml2.drivers.ovn.mech_driver.ovsdb.ovn_client [None req-7f4d04f4-56b4-477f-be44-d33eed2c4706 - - - - - -] No port found with ID 0199da7c-527d-4814-a08d-cbaf6132e7f4: RuntimeError: No port found with ID 0199da7c-527d-4814-a08d-cbaf6132e7f4
2026-09-03 17:41:34.502 10 INFO neutron.plugins.ml2.drivers.ovn.mech_driver.mech_driver [None req-7f4d04f4-56b4-477f-be44-d33eed2c4706 - - - - - -] OVN reports status up for port: 139df79d-aa72-4087-8e5c-f7f83c3b6d39
2026-09-03 17:41:34.617 10 INFO neutron.db.ovn_revision_numbers_db [None req-fc6b7fc7-6d76-4676-a04f-c0e5b6b2c507 9967aad49b6e4a8898ac9473cbd59eb5 8e09c08015434f24b4c669b5217d6ff2 - - default default] Successfully bumped revision number for resource ea7ea099-e5e6-41f7-a81d-4d0b366a95b6 (type: networks) to 1
2026-09-03 17:41:34.809 10 WARNING neutron.scheduler.dhcp_agent_scheduler [None req-fc6b7fc7-6d76-4676-a04f-c0e5b6b2c507 9967aad49b6e4a8898ac9473cbd59eb5 8e09c08015434f24b4c669b5217d6ff2 - - default default] No more DHCP agents
2026-09-03 17:41:34.811 10 WARNING neutron.api.rpc.agentnotifiers.dhcp_rpc_agent_api [None req-fc6b7fc7-6d76-4676-a04f-c0e5b6b2c507 9967aad49b6e4a8898ac9473cbd59eb5 8e09c08015434f24b4c669b5217d6ff2 - - default default] Unable to schedule network ea7ea099-e5e6-41f7-a81d-4d0b366a95b6: no agents available; will retry on subsequent port and subnet creation events.
2026-09-03 17:41:34.887 10 WARNING keystonemiddleware.audit [None req-d793d8b9-3bdd-48c5-b1ff-e6afbc742c51 - - - - - -] Skipping service tempest-service-121912831 as it have no endpoints.
2026-09-03 17:41:34.916 10 INFO neutron.db.ovn_revision_numbers_db [None req-fc6b7fc7-6d76-4676-a04f-c0e5b6b2c507 9967aad49b6e4a8898ac9473cbd59eb5 8e09c08015434f24b4c669b5217d6ff2 - - default default] Successfully bumped revision number for resource 8fd61a55-5363-41f8-bcfd-1122f7a4ddd8 (type: ports) to 1
2026-09-03 17:41:34.952 10 INFO neutron.wsgi [None req-fc6b7fc7-6d76-4676-a04f-c0e5b6b2c507 9967aad49b6e4a8898ac9473cbd59eb5 8e09c08015434f24b4c669b5217d6ff2 - - default default] 10.0.0.221 "POST /v2.0/networks HTTP/1.1" status: 201 len: 829 time: 0.6429367
2026-09-03 17:41:35.056 10 INFO neutron.db.ovn_revision_numbers_db [None req-e19fae1f-d999-499c-8f7c-474fd7072081 7c4683ed70414c5bbde150b51b073b5d 92eda76c93da4a83b0338de40aae6933 - - default default] Successfully bumped revision number for resource 8fdc720d-f729-4958-b7ed-275d84b7ca08 (type: security_groups) to 1
2026-09-03 17:41:35.074 10 INFO neutron.db.ovn_revision_numbers_db [None req-e19fae1f-d999-499c-8f7c-474fd7072081 7c4683ed70414c5bbde150b51b073b5d 92eda76c93da4a83b0338de40aae6933 - - default default] Successfully bumped revision number for resource 068ced3d-38d7-491c-8a7f-3a58d503fa13 (type: security_group_rules) to 0
2026-09-03 17:41:35.091 10 INFO neutron.db.ovn_revision_numbers_db [None req-e19fae1f-d999-499c-8f7c-474fd7072081 7c4683ed70414c5bbde150b51b073b5d 92eda76c93da4a83b0338de40aae6933 - - default default] Successfully bumped revision number for resource 2358b37e-6e2d-4c29-b1c7-230074541c0e (type: security_group_rules) to 0
2026-09-03 17:41:35.112 10 INFO neutron.db.ovn_revision_numbers_db [None req-e19fae1f-d999-499c-8f7c-474fd7072081 7c4683ed70414c5bbde150b51b073b5d 92eda76c93da4a83b0338de40aae6933 - - default default] Successfully bumped revision number for resource 61c70b20-1540-45da-a5ce-72df57f07094 (type: security_group_rules) to 0
2026-09-03 17:41:35.136 10 INFO neutron.db.ovn_revision_numbers_db [None req-e19fae1f-d999-499c-8f7c-474fd7072081 7c4683ed70414c5bbde150b51b073b5d 92eda76c93da4a83b0338de40aae6933 - - default default] Successfully bumped revision number for resource a8806b96-cb58-4a39-9daf-92e2d3cdd60e (type: security_group_rules) to 0
2026-09-03 17:41:35.253 9 WARNING neutron.scheduler.dhcp_agent_scheduler [None req-fabac759-0a18-411c-9a4c-5474e1d1d2bf 9967aad49b6e4a8898ac9473cbd59eb5 8e09c08015434f24b4c669b5217d6ff2 - - default default] No more DHCP agents
2026-09-03 17:41:35.256 9 WARNING neutron.api.rpc.agentnotifiers.dhcp_rpc_agent_api [None req-fabac759-0a18-411c-9a4c-5474e1d1d2bf 9967aad49b6e4a8898ac9473cbd59eb5 8e09c08015434f24b4c669b5217d6ff2 - - default default] Unable to schedule network ea7ea099-e5e6-41f7-a81d-4d0b366a95b6: no agents available; will retry on subsequent port and subnet creation events.
2026-09-03 17:41:35.262 10 INFO neutron.db.ovn_revision_numbers_db [None req-e19fae1f-d999-499c-8f7c-474fd7072081 7c4683ed70414c5bbde150b51b073b5d 92eda76c93da4a83b0338de40aae6933 - - default default] Successfully bumped revision number for resource 6e8e9a09-6ddf-4fe8-8d54-6f4a3b4f394f (type: security_groups) to 1
2026-09-03 17:41:35.284 10 INFO neutron.db.ovn_revision_numbers_db [None req-e19fae1f-d999-499c-8f7c-474fd7072081 7c4683ed70414c5bbde150b51b073b5d 92eda76c93da4a83b0338de40aae6933 - - default default] Successfully bumped revision number for resource b8df331e-36ec-42c1-befc-50ab6a34a980 (type: security_group_rules) to 0
2026-09-03 17:41:35.311 10 INFO neutron.db.ovn_revision_numbers_db [None req-e19fae1f-d999-499c-8f7c-474fd7072081 7c4683ed70414c5bbde150b51b073b5d 92eda76c93da4a83b0338de40aae6933 - - default default] Successfully bumped revision number for resource eed1c087-3599-4629-9744-0e7a98a38be0 (type: security_group_rules) to 0
2026-09-03 17:41:35.344 10 INFO neutron.wsgi [None req-e19fae1f-d999-499c-8f7c-474fd7072081 7c4683ed70414c5bbde150b51b073b5d 92eda76c93da4a83b0338de40aae6933 - - default default] 10.0.0.221 "POST /v2.0/security-groups HTTP/1.1" status: 201 len: 1760 time: 0.6000609
2026-09-03 17:41:35.355 9 WARNING keystonemiddleware.audit [None req-5a4bdf1d-e73a-4b7f-b084-0fb065371c56 - - - - - -] Skipping service tempest-service-121912831 as it have no endpoints.
2026-09-03 17:41:35.443 9 INFO neutron.wsgi [None req-6746ade8-8be1-489d-9f0f-338565692202 7c4683ed70414c5bbde150b51b073b5d 92eda76c93da4a83b0338de40aae6933 - - default default] 10.0.0.221 "GET /v2.0/security-groups HTTP/1.1" status: 200 len: 4538 time: 0.0931242
2026-09-03 17:41:35.454 9 WARNING keystonemiddleware.audit [None req-296dce14-6ca2-42b5-8f9f-0142c867dee8 - - - - - -] Skipping service tempest-service-121912831 as it have no endpoints.
2026-09-03 17:41:35.577 9 INFO neutron.db.ovn_revision_numbers_db [None req-16abb038-5ecd-4153-ade4-2c053ba6b534 7c4683ed70414c5bbde150b51b073b5d 92eda76c93da4a83b0338de40aae6933 - - default default] Successfully bumped revision number for resource 6e8e9a09-6ddf-4fe8-8d54-6f4a3b4f394f (type: security_groups) to 2
2026-09-03 17:41:35.579 9 INFO neutron.wsgi [None req-16abb038-5ecd-4153-ade4-2c053ba6b534 7c4683ed70414c5bbde150b51b073b5d 92eda76c93da4a83b0338de40aae6933 - - default default] 10.0.0.221 "PUT /v2.0/security-groups/6e8e9a09-6ddf-4fe8-8d54-6f4a3b4f394f HTTP/1.1" status: 200 len: 1793 time: 0.1288874
2026-09-03 17:41:35.590 10 WARNING keystonemiddleware.audit [None req-43838ef8-bcd3-4b74-98c9-0d1a7f4ef20a - - - - - -] Skipping service tempest-service-121912831 as it have no endpoints.
2026-09-03 17:41:35.650 10 INFO neutron.wsgi [None req-7af9507e-2e6c-4119-a3d4-82fc5c6cbc97 7c4683ed70414c5bbde150b51b073b5d 92eda76c93da4a83b0338de40aae6933 - - default default] 10.0.0.221 "GET /v2.0/security-groups/6e8e9a09-6ddf-4fe8-8d54-6f4a3b4f394f HTTP/1.1" status: 200 len: 1793 time: 0.0637298
2026-09-03 17:41:35.660 10 WARNING keystonemiddleware.audit [None req-bc64e43d-1be6-410d-94b8-9aa4dfe720d2 - - - - - -] Skipping service tempest-service-121912831 as it have no endpoints.
