2026-09-03 17:43:08.027 10 INFO neutron.db.ovn_revision_numbers_db [None req-d95012e1-b7f3-4355-853c-5d679a5a86b7 57ec485673774561b1f266b7b8d90f46 87f6d4b3eeb84d868d81f97463215d46 - - default default] Successfully bumped revision number for resource 8b15d1c2-0eff-4f06-a9de-c70e5d4077f5 (type: security_group_rules) to 0
2026-09-03 17:43:08.053 10 INFO neutron.db.ovn_revision_numbers_db [None req-d95012e1-b7f3-4355-853c-5d679a5a86b7 57ec485673774561b1f266b7b8d90f46 87f6d4b3eeb84d868d81f97463215d46 - - default default] Successfully bumped revision number for resource 8f848025-ed20-485a-865b-427c4b03905d (type: security_group_rules) to 0
2026-09-03 17:43:08.098 10 INFO neutron.db.ovn_revision_numbers_db [None req-d95012e1-b7f3-4355-853c-5d679a5a86b7 57ec485673774561b1f266b7b8d90f46 87f6d4b3eeb84d868d81f97463215d46 - - default default] Successfully bumped revision number for resource c9acb78e-dd85-4347-9832-f86ec41ac5f5 (type: security_group_rules) to 0
2026-09-03 17:43:08.209 10 INFO neutron.db.segments_db [None req-d95012e1-b7f3-4355-853c-5d679a5a86b7 57ec485673774561b1f266b7b8d90f46 87f6d4b3eeb84d868d81f97463215d46 - - default default] Added segment 6df27e10-47d0-45a6-97c3-2155944f6075 of type geneve for network 6a3ef932-1478-446c-94de-fb1e52de63e6
2026-09-03 17:43:08.291 10 INFO neutron.db.l3_db [None req-4175a1f2-71d7-4d80-acdc-7526348328d5 6abdd76129644d35acd55fc92221fcf8 389ddc4f1dd449189a7919336b841aa9 - - default default] Floating IP 05666cfc-e85c-4f9e-ab92-74d1ab744f66 associated. External IP: 10.96.250.203, port: 764c4249-8311-4803-afd1-3af82b7e47d5.
2026-09-03 17:43:08.517 10 INFO neutron.wsgi [None req-42a98fe6-f4d9-46b3-9392-8d9b949c4007 11f5b9cce51d4d248f5ed35cc76100de f744b04d06dd46d88216eaa9d1bce905 - - default default] 10.0.0.221 "DELETE /v2.0/ports/18075274-477a-4afe-9085-efed08a4ef8c HTTP/1.1" status: 204 len: 168 time: 0.6200235
2026-09-03 17:43:08.590 10 INFO neutron.db.ovn_revision_numbers_db [None req-d95012e1-b7f3-4355-853c-5d679a5a86b7 57ec485673774561b1f266b7b8d90f46 87f6d4b3eeb84d868d81f97463215d46 - - default default] Successfully bumped revision number for resource 6a3ef932-1478-446c-94de-fb1e52de63e6 (type: networks) to 1
2026-09-03 17:43:08.740 10 INFO neutron.db.ovn_revision_numbers_db [None req-4175a1f2-71d7-4d80-acdc-7526348328d5 6abdd76129644d35acd55fc92221fcf8 389ddc4f1dd449189a7919336b841aa9 - - default default] Successfully bumped revision number for resource 05666cfc-e85c-4f9e-ab92-74d1ab744f66 (type: floatingips) to 4
2026-09-03 17:43:08.809 10 WARNING neutron.scheduler.dhcp_agent_scheduler [None req-d95012e1-b7f3-4355-853c-5d679a5a86b7 57ec485673774561b1f266b7b8d90f46 87f6d4b3eeb84d868d81f97463215d46 - - default default] No more DHCP agents
2026-09-03 17:43:08.811 10 WARNING neutron.api.rpc.agentnotifiers.dhcp_rpc_agent_api [None req-d95012e1-b7f3-4355-853c-5d679a5a86b7 57ec485673774561b1f266b7b8d90f46 87f6d4b3eeb84d868d81f97463215d46 - - default default] Unable to schedule network 6a3ef932-1478-446c-94de-fb1e52de63e6: no agents available; will retry on subsequent port and subnet creation events.
2026-09-03 17:43:08.866 10 INFO neutron.db.ovn_revision_numbers_db [None req-4175a1f2-71d7-4d80-acdc-7526348328d5 6abdd76129644d35acd55fc92221fcf8 389ddc4f1dd449189a7919336b841aa9 - - default default] Successfully bumped revision number for resource 05666cfc-e85c-4f9e-ab92-74d1ab744f66 (type: floatingips) to 5
2026-09-03 17:43:08.894 10 INFO neutron.wsgi [None req-4175a1f2-71d7-4d80-acdc-7526348328d5 6abdd76129644d35acd55fc92221fcf8 389ddc4f1dd449189a7919336b841aa9 - - default default] 10.0.0.221 "PUT /v2.0/floatingips/05666cfc-e85c-4f9e-ab92-74d1ab744f66 HTTP/1.1" status: 200 len: 1050 time: 0.9275634
2026-09-03 17:43:08.912 10 INFO neutron.db.ovn_revision_numbers_db [None req-d95012e1-b7f3-4355-853c-5d679a5a86b7 57ec485673774561b1f266b7b8d90f46 87f6d4b3eeb84d868d81f97463215d46 - - default default] Successfully bumped revision number for resource 449047f4-af24-405a-bc70-ccd2b3e42d66 (type: ports) to 1
2026-09-03 17:43:08.920 9 INFO neutron.services.segments.plugin [-] Segment cbe2937b-5914-4be0-a6e6-ffa899eca9ed resource provider aggregate not found
2026-09-03 17:43:08.926 9 INFO neutron.services.segments.plugin [-] Segment cbe2937b-5914-4be0-a6e6-ffa899eca9ed resource provider aggregate not found
2026-09-03 17:43:08.944 9 INFO neutron.services.segments.plugin [-] Segment cbe2937b-5914-4be0-a6e6-ffa899eca9ed resource provider not found; error: Placement Client Error (4xx): {"errors": [{"status": 404, "title": "Not Found", "detail": "The resource could not be found.\n\n No resource provider with uuid cbe2937b-5914-4be0-a6e6-ffa899eca9ed found for delete ", "request_id": "req-71dc98ce-d0de-4be9-a420-262b2d565d2f"}]}
2026-09-03 17:43:08.951 10 INFO neutron.wsgi [None req-d95012e1-b7f3-4355-853c-5d679a5a86b7 57ec485673774561b1f266b7b8d90f46 87f6d4b3eeb84d868d81f97463215d46 - - default default] 10.0.0.221 "POST /v2.0/networks HTTP/1.1" status: 201 len: 831 time: 1.4004512
2026-09-03 17:43:08.953 9 INFO neutron.services.segments.plugin [-] Segment cbe2937b-5914-4be0-a6e6-ffa899eca9ed resource provider not found; error: Placement Client Error (4xx): {"errors": [{"status": 404, "title": "Not Found", "detail": "The resource could not be found.\n\n No resource provider with uuid cbe2937b-5914-4be0-a6e6-ffa899eca9ed found for delete ", "request_id": "req-7b9cb671-c555-42c0-b3f7-ba78bafec989"}]}
2026-09-03 17:43:08.956 10 INFO neutron.notifiers.nova [-] Nova event matching ['req-73af27b8-5876-48d9-bdeb-ae9dd8d4aab8'] response: {'name': 'network-changed', 'server_uuid': '8c6f95d3-f983-4169-acdc-5ff9a33e0328', 'tag': '764c4249-8311-4803-afd1-3af82b7e47d5', 'status': 'completed', 'code': 200}
2026-09-03 17:43:08.979 9 INFO neutron.wsgi [None req-1eda2232-2b9d-47d8-b2b5-f012ab9ca902 6abdd76129644d35acd55fc92221fcf8 389ddc4f1dd449189a7919336b841aa9 - - default default] 10.0.0.221 "GET /v2.0/floatingips/05666cfc-e85c-4f9e-ab92-74d1ab744f66 HTTP/1.1" status: 200 len: 1052 time: 0.0748982
2026-09-03 17:43:09.007 9 INFO neutron.wsgi [None req-77c8bd42-b2c1-4fc3-a914-f87869433456 11f5b9cce51d4d248f5ed35cc76100de f744b04d06dd46d88216eaa9d1bce905 - - default default] 10.0.0.221 "DELETE /v2.0/networks/d64f4ab0-6e06-4453-a1b3-459189e269f3 HTTP/1.1" status: 204 len: 168 time: 0.4839182 /var/lib/openstack/lib/python3.10/site-packages/pycadf/identifier.py:71: UserWarning: Invalid uuid: neutron. To ensure interoperability, identifiers should be a valid uuid. warnings.warn(('Invalid uuid: %s. To ensure interoperability, '
2026-09-03 17:43:09.027 9 INFO neutron.wsgi [req-403a3976-3987-4518-a7cb-d4a7f007f573 req-21ff593a-9016-4434-b1aa-3c33a3d1870a ae14d269361247dba8194315d3848ffa 55eae20e49e74ac9b0552c1cfbde90d7 - - 51da7a234397460f8be2b7ea273ee490 51da7a234397460f8be2b7ea273ee490] 162.253.55.242 "GET /v2.0/ports?tenant_id=389ddc4f1dd449189a7919336b841aa9&device_id=8c6f95d3-f983-4169-acdc-5ff9a33e0328 HTTP/1.1" status: 200 len: 1413 time: 0.0423412
2026-09-03 17:43:09.091 9 INFO neutron.wsgi [req-403a3976-3987-4518-a7cb-d4a7f007f573 req-15005687-6a3b-412a-a674-510a637a70c4 ae14d269361247dba8194315d3848ffa 55eae20e49e74ac9b0552c1cfbde90d7 - - 51da7a234397460f8be2b7ea273ee490 51da7a234397460f8be2b7ea273ee490] 162.253.55.242 "GET /v2.0/networks?id=918ff934-ab19-42b8-a6fe-ad76607b1746 HTTP/1.1" status: 200 len: 959 time: 0.0514965
2026-09-03 17:43:09.093 9 INFO neutron.db.segments_db [None req-f2711c49-5275-4cff-ab81-45df3d905e16 57ec485673774561b1f266b7b8d90f46 87f6d4b3eeb84d868d81f97463215d46 - - default default] Added segment 5fdaeb81-e7fe-47a6-a223-e37ca9715c06 of type geneve for network 0bf4a7b9-2469-47f2-943e-4244336b23d2
2026-09-03 17:43:09.162 9 INFO neutron.wsgi [req-403a3976-3987-4518-a7cb-d4a7f007f573 req-d0da4381-35af-42ed-92a9-9e26352be955 ae14d269361247dba8194315d3848ffa 55eae20e49e74ac9b0552c1cfbde90d7 - - 51da7a234397460f8be2b7ea273ee490 51da7a234397460f8be2b7ea273ee490] 162.253.55.242 "GET /v2.0/floatingips?fixed_ip_address=10.100.0.12&port_id=764c4249-8311-4803-afd1-3af82b7e47d5 HTTP/1.1" status: 200 len: 1060 time: 0.0647764
2026-09-03 17:43:09.240 9 INFO neutron.wsgi [req-403a3976-3987-4518-a7cb-d4a7f007f573 req-1c149b97-b9fa-4b3d-8461-301b918893f3 ae14d269361247dba8194315d3848ffa 55eae20e49e74ac9b0552c1cfbde90d7 - - 51da7a234397460f8be2b7ea273ee490 51da7a234397460f8be2b7ea273ee490] 162.253.55.242 "GET /v2.0/subnets?id=4729e0dd-4279-422e-938d-63744a8656ef HTTP/1.1" status: 200 len: 852 time: 0.0712121
2026-09-03 17:43:09.288 9 INFO neutron.wsgi [req-403a3976-3987-4518-a7cb-d4a7f007f573 req-07458bce-03e6-419f-8b81-3cd6a8a9df0d ae14d269361247dba8194315d3848ffa 55eae20e49e74ac9b0552c1cfbde90d7 - - 51da7a234397460f8be2b7ea273ee490 51da7a234397460f8be2b7ea273ee490] 162.253.55.242 "GET /v2.0/ports?network_id=918ff934-ab19-42b8-a6fe-ad76607b1746&device_owner=network%3Adhcp HTTP/1.1" status: 200 len: 210 time: 0.0282316
2026-09-03 17:43:09.310 9 INFO neutron.db.ovn_revision_numbers_db [None req-f2711c49-5275-4cff-ab81-45df3d905e16 57ec485673774561b1f266b7b8d90f46 87f6d4b3eeb84d868d81f97463215d46 - - default default] Successfully bumped revision number for resource 0bf4a7b9-2469-47f2-943e-4244336b23d2 (type: networks) to 1
2026-09-03 17:43:09.344 10 INFO neutron.services.segments.plugin [-] Segment f6740441-5f9a-4f10-806d-36495007addd resource provider aggregate not found
2026-09-03 17:43:09.364 10 INFO neutron.services.segments.plugin [-] Segment f6740441-5f9a-4f10-806d-36495007addd resource provider aggregate not found
2026-09-03 17:43:09.376 10 INFO neutron.services.segments.plugin [-] Segment f6740441-5f9a-4f10-806d-36495007addd resource provider not found; error: Placement Client Error (4xx): {"errors": [{"status": 404, "title": "Not Found", "detail": "The resource could not be found.\n\n No resource provider with uuid f6740441-5f9a-4f10-806d-36495007addd found for delete ", "request_id": "req-d94bbbc7-9ec0-4e6e-88cc-5345626d9dc7"}]}
2026-09-03 17:43:09.378 9 INFO neutron.wsgi [req-403a3976-3987-4518-a7cb-d4a7f007f573 req-d3c61199-cf47-4f71-bc47-62c052f83222 ae14d269361247dba8194315d3848ffa 55eae20e49e74ac9b0552c1cfbde90d7 - - 51da7a234397460f8be2b7ea273ee490 51da7a234397460f8be2b7ea273ee490] 162.253.55.242 "GET /v2.0/networks/918ff934-ab19-42b8-a6fe-ad76607b1746?fields=segments HTTP/1.1" status: 200 len: 212 time: 0.0836046
2026-09-03 17:43:09.386 10 INFO neutron.services.segments.plugin [-] Segment f6740441-5f9a-4f10-806d-36495007addd resource provider not found; error: Placement Client Error (4xx): {"errors": [{"status": 404, "title": "Not Found", "detail": "The resource could not be found.\n\n No resource provider with uuid f6740441-5f9a-4f10-806d-36495007addd found for delete ", "request_id": "req-8191967f-c654-4192-858d-08ad4fbb9075"}]}
2026-09-03 17:43:09.398 10 INFO neutron.wsgi [None req-690c22f9-c4d0-4fff-a6b2-23830056fbdf 11f5b9cce51d4d248f5ed35cc76100de f744b04d06dd46d88216eaa9d1bce905 - - default default] 10.0.0.221 "DELETE /v2.0/networks/9d6ca40f-7f7b-498d-83d9-86766f51b6e5 HTTP/1.1" status: 204 len: 168 time: 0.3860743
2026-09-03 17:43:09.686 10 INFO neutron.wsgi [None req-b5eee639-1022-41e5-90b1-d0670d5616a8 11f5b9cce51d4d248f5ed35cc76100de f744b04d06dd46d88216eaa9d1bce905 - - default default] 10.0.0.221 "DELETE /v2.0/networks/4e81bccb-f916-490f-ab99-9595b770acd7 HTTP/1.1" status: 204 len: 168 time: 0.2804556
2026-09-03 17:43:09.975 10 INFO neutron.wsgi [None req-1b3dd5da-860d-436f-9dca-b2d0d0dfe91d 11f5b9cce51d4d248f5ed35cc76100de f744b04d06dd46d88216eaa9d1bce905 - - default default] 10.0.0.221 "DELETE /v2.0/networks/252b9bf2-6799-451a-ab09-0dbc41f6cc33 HTTP/1.1" status: 204 len: 168 time: 0.2839110
2026-09-03 17:43:10.009 9 INFO neutron.wsgi [req-403a3976-3987-4518-a7cb-d4a7f007f573 req-ee48e9ff-81a5-4fcd-8e8a-a2ab8003a4d2 ae14d269361247dba8194315d3848ffa 55eae20e49e74ac9b0552c1cfbde90d7 - - 51da7a234397460f8be2b7ea273ee490 51da7a234397460f8be2b7ea273ee490] 162.253.55.242 "GET /v2.0/networks/918ff934-ab19-42b8-a6fe-ad76607b1746?fields=provider%3Aphysical_network&fields=provider%3Anetwork_type HTTP/1.1" status: 200 len: 277 time: 0.6129901
2026-09-03 17:43:10.067 9 WARNING neutron.scheduler.dhcp_agent_scheduler [None req-f2711c49-5275-4cff-ab81-45df3d905e16 57ec485673774561b1f266b7b8d90f46 87f6d4b3eeb84d868d81f97463215d46 - - default default] No more DHCP agents
2026-09-03 17:43:10.068 9 WARNING neutron.api.rpc.agentnotifiers.dhcp_rpc_agent_api [None req-f2711c49-5275-4cff-ab81-45df3d905e16 57ec485673774561b1f266b7b8d90f46 87f6d4b3eeb84d868d81f97463215d46 - - default default] Unable to schedule network 0bf4a7b9-2469-47f2-943e-4244336b23d2: no agents available; will retry on subsequent port and subnet creation events.
2026-09-03 17:43:10.145 9 INFO neutron.db.ovn_revision_numbers_db [None req-f2711c49-5275-4cff-ab81-45df3d905e16 57ec485673774561b1f266b7b8d90f46 87f6d4b3eeb84d868d81f97463215d46 - - default default] Successfully bumped revision number for resource 63bcb9b0-db83-4f63-9385-dcb19a3fea35 (type: ports) to 1
2026-09-03 17:43:10.165 9 INFO neutron.wsgi [None req-f2711c49-5275-4cff-ab81-45df3d905e16 57ec485673774561b1f266b7b8d90f46 87f6d4b3eeb84d868d81f97463215d46 - - default default] 10.0.0.221 "POST /v2.0/networks HTTP/1.1" status: 201 len: 831 time: 1.2078595
2026-09-03 17:43:10.215 9 INFO neutron.wsgi [None req-3c1272b8-b936-414c-b11b-9fa0e59865b5 57ec485673774561b1f266b7b8d90f46 87f6d4b3eeb84d868d81f97463215d46 - - default default] 10.0.0.221 "PUT /v2.0/networks/6a3ef932-1478-446c-94de-fb1e52de63e6/tags HTTP/1.1" status: 200 len: 218 time: 0.0449541
2026-09-03 17:43:10.267 10 INFO neutron.wsgi [None req-49ec5403-1c3e-471c-a94c-e9abf20c74e4 57ec485673774561b1f266b7b8d90f46 87f6d4b3eeb84d868d81f97463215d46 - - default default] 10.0.0.221 "GET /v2.0/networks/6a3ef932-1478-446c-94de-fb1e52de63e6/tags HTTP/1.1" status: 200 len: 218 time: 0.0470772
2026-09-03 17:43:10.291 10 INFO neutron.wsgi [None req-43f3ac27-a493-4b1c-ac5c-8e8ad41ffae8 11f5b9cce51d4d248f5ed35cc76100de f744b04d06dd46d88216eaa9d1bce905 - - default default] 10.0.0.221 "DELETE /v2.0/networks/7bf746be-3e7d-4ca4-b0a0-91c9c4b90013 HTTP/1.1" status: 204 len: 168 time: 0.3103004
2026-09-03 17:43:10.320 10 INFO neutron.wsgi [None req-f84308cc-00d8-4990-ac77-c70c2394b152 57ec485673774561b1f266b7b8d90f46 87f6d4b3eeb84d868d81f97463215d46 - - default default] 10.0.0.221 "PUT /v2.0/networks/0bf4a7b9-2469-47f2-943e-4244336b23d2/tags HTTP/1.1" status: 200 len: 210 time: 0.0470161
2026-09-03 17:43:10.363 10 INFO neutron.wsgi [None req-2a053c17-5545-464f-a441-1d437cf56e61 57ec485673774561b1f266b7b8d90f46 87f6d4b3eeb84d868d81f97463215d46 - - default default] 10.0.0.221 "GET /v2.0/networks/0bf4a7b9-2469-47f2-943e-4244336b23d2/tags HTTP/1.1" status: 200 len: 210 time: 0.0394435
2026-09-03 17:43:10.416 10 INFO neutron.wsgi [None req-54871d58-6490-4d97-bedf-eec632ac8457 57ec485673774561b1f266b7b8d90f46 87f6d4b3eeb84d868d81f97463215d46 - - default default] 10.0.0.221 "PUT /v2.0/networks/0bf4a7b9-2469-47f2-943e-4244336b23d2/tags HTTP/1.1" status: 200 len: 205 time: 0.0467238
2026-09-03 17:43:10.453 10 INFO neutron.wsgi [None req-c108606a-1d34-473e-8368-ef6f7a05ec4e 57ec485673774561b1f266b7b8d90f46 87f6d4b3eeb84d868d81f97463215d46 - - default default] 10.0.0.221 "GET /v2.0/networks/0bf4a7b9-2469-47f2-943e-4244336b23d2/tags HTTP/1.1" status: 200 len: 205 time: 0.0297422
2026-09-03 17:43:10.488 10 INFO neutron.wsgi [None req-1720d9ef-d1e1-494a-90f9-948b4f8cd29a 57ec485673774561b1f266b7b8d90f46 87f6d4b3eeb84d868d81f97463215d46 - - default default] 10.0.0.221 "GET /v2.0/networks/6a3ef932-1478-446c-94de-fb1e52de63e6/tags HTTP/1.1" status: 200 len: 218 time: 0.0295348
2026-09-03 17:43:10.818 10 INFO neutron.wsgi [None req-8612cc9e-b599-4e5d-a102-e15634cc9015 57ec485673774561b1f266b7b8d90f46 87f6d4b3eeb84d868d81f97463215d46 - - default default] 10.0.0.221 "DELETE /v2.0/networks/6a3ef932-1478-446c-94de-fb1e52de63e6 HTTP/1.1" status: 204 len: 168 time: 0.3123186
2026-09-03 17:43:11.185 9 INFO neutron.services.segments.plugin [-] Segment 5fdaeb81-e7fe-47a6-a223-e37ca9715c06 resource provider aggregate not found
2026-09-03 17:43:11.194 9 INFO neutron.services.segments.plugin [-] Segment 5fdaeb81-e7fe-47a6-a223-e37ca9715c06 resource provider aggregate not found
2026-09-03 17:43:11.222 9 INFO neutron.services.segments.plugin [-] Segment 5fdaeb81-e7fe-47a6-a223-e37ca9715c06 resource provider not found; error: Placement Client Error (4xx): {"errors": [{"status": 404, "title": "Not Found", "detail": "The resource could not be found.\n\n No resource provider with uuid 5fdaeb81-e7fe-47a6-a223-e37ca9715c06 found for delete ", "request_id": "req-c2202a27-998b-4253-926e-9575ee07ccc1"}]}
2026-09-03 17:43:11.224 9 INFO neutron.services.segments.plugin [-] Segment 5fdaeb81-e7fe-47a6-a223-e37ca9715c06 resource provider not found; error: Placement Client Error (4xx): {"errors": [{"status": 404, "title": "Not Found", "detail": "The resource could not be found.\n\n No resource provider with uuid 5fdaeb81-e7fe-47a6-a223-e37ca9715c06 found for delete ", "request_id": "req-1dd2cf1e-26ab-4bce-912f-9c3d814247be"}]}
2026-09-03 17:43:11.252 9 INFO neutron.wsgi [None req-4684cbfe-8dde-4586-8df7-d25e80b55b6f 57ec485673774561b1f266b7b8d90f46 87f6d4b3eeb84d868d81f97463215d46 - - default default] 10.0.0.221 "DELETE /v2.0/networks/0bf4a7b9-2469-47f2-943e-4244336b23d2 HTTP/1.1" status: 204 len: 168 time: 0.4283159
2026-09-03 17:43:11.414 10 INFO neutron.services.segments.plugin [-] Segment b2b68a54-0f6a-419b-8cb4-90126fdbc6e1 resource provider aggregate not found
2026-09-03 17:43:11.426 10 INFO neutron.services.segments.plugin [-] Segment b2b68a54-0f6a-419b-8cb4-90126fdbc6e1 resource provider aggregate not found
2026-09-03 17:43:11.455 10 INFO neutron.services.segments.plugin [-] Segment b2b68a54-0f6a-419b-8cb4-90126fdbc6e1 resource provider not found; error: Placement Client Error (4xx): {"errors": [{"status": 404, "title": "Not Found", "detail": "The resource could not be found.\n\n No resource provider with uuid b2b68a54-0f6a-419b-8cb4-90126fdbc6e1 found for delete ", "request_id": "req-dc4556f9-22c0-4837-a37d-2d9f215a1de5"}]}
2026-09-03 17:43:11.463 10 INFO neutron.services.segments.plugin [-] Segment b2b68a54-0f6a-419b-8cb4-90126fdbc6e1 resource provider not found; error: Placement Client Error (4xx): {"errors": [{"status": 404, "title": "Not Found", "detail": "The resource could not be found.\n\n No resource provider with uuid b2b68a54-0f6a-419b-8cb4-90126fdbc6e1 found for delete ", "request_id": "req-d40d67d8-d734-4ea6-abf1-04ee7c7b767a"}]}
2026-09-03 17:43:11.477 10 INFO neutron.services.segments.plugin [-] Segment 9fc56f25-ad2e-4eed-8dc3-9b02917d04f4 resource provider aggregate not found
2026-09-03 17:43:11.485 10 INFO neutron.services.segments.plugin [-] Segment 9fc56f25-ad2e-4eed-8dc3-9b02917d04f4 resource provider aggregate not found
2026-09-03 17:43:11.502 10 INFO neutron.services.segments.plugin [-] Segment 9fc56f25-ad2e-4eed-8dc3-9b02917d04f4 resource provider not found; error: Placement Client Error (4xx): {"errors": [{"status": 404, "title": "Not Found", "detail": "The resource could not be found.\n\n No resource provider with uuid 9fc56f25-ad2e-4eed-8dc3-9b02917d04f4 found for delete ", "request_id": "req-90cc05b0-bfa8-4a8a-8c48-b20cf6f1d6b5"}]}
2026-09-03 17:43:11.510 10 INFO neutron.services.segments.plugin [-] Segment 9fc56f25-ad2e-4eed-8dc3-9b02917d04f4 resource provider not found; error: Placement Client Error (4xx): {"errors": [{"status": 404, "title": "Not Found", "detail": "The resource could not be found.\n\n No resource provider with uuid 9fc56f25-ad2e-4eed-8dc3-9b02917d04f4 found for delete ", "request_id": "req-bab761a6-59b8-4f54-ba89-6005bad3fc18"}]}
2026-09-03 17:43:11.530 10 INFO neutron.services.segments.plugin [-] Segment c72c2d4e-d645-421e-83ab-334409f1893a resource provider aggregate not found
2026-09-03 17:43:11.538 10 INFO neutron.services.segments.plugin [-] Segment c72c2d4e-d645-421e-83ab-334409f1893a resource provider aggregate not found
2026-09-03 17:43:11.547 10 INFO neutron.services.segments.plugin [-] Segment c72c2d4e-d645-421e-83ab-334409f1893a resource provider not found; error: Placement Client Error (4xx): {"errors": [{"status": 404, "title": "Not Found", "detail": "The resource could not be found.\n\n No resource provider with uuid c72c2d4e-d645-421e-83ab-334409f1893a found for delete ", "request_id": "req-1908cfd8-42fe-4207-83e5-6c0071dc5308"}]}
2026-09-03 17:43:11.556 10 INFO neutron.services.segments.plugin [-] Segment c72c2d4e-d645-421e-83ab-334409f1893a resource provider not found; error: Placement Client Error (4xx): {"errors": [{"status": 404, "title": "Not Found", "detail": "The resource could not be found.\n\n No resource provider with uuid c72c2d4e-d645-421e-83ab-334409f1893a found for delete ", "request_id": "req-413ba7cd-0dbb-4bbf-83aa-88424b3d7f54"}]}
2026-09-03 17:43:11.564 10 INFO neutron.services.segments.plugin [-] Segment 6df27e10-47d0-45a6-97c3-2155944f6075 resource provider aggregate not found
2026-09-03 17:43:11.576 10 INFO neutron.services.segments.plugin [-] Segment 6df27e10-47d0-45a6-97c3-2155944f6075 resource provider aggregate not found
2026-09-03 17:43:11.583 10 INFO neutron.services.segments.plugin [-] Segment 6df27e10-47d0-45a6-97c3-2155944f6075 resource provider not found; error: Placement Client Error (4xx): {"errors": [{"status": 404, "title": "Not Found", "detail": "The resource could not be found.\n\n No resource provider with uuid 6df27e10-47d0-45a6-97c3-2155944f6075 found for delete ", "request_id": "req-4232effb-0a7b-4306-9733-3bf56122e5e5"}]}
2026-09-03 17:43:11.604 10 INFO neutron.services.segments.plugin [-] Segment 6df27e10-47d0-45a6-97c3-2155944f6075 resource provider not found; error: Placement Client Error (4xx): {"errors": [{"status": 404, "title": "Not Found", "detail": "The resource could not be found.\n\n No resource provider with uuid 6df27e10-47d0-45a6-97c3-2155944f6075 found for delete ", "request_id": "req-d1e8af5c-d576-4ab9-b1fc-bc776fdae7e8"}]}
2026-09-03 17:43:11.647 10 INFO neutron.wsgi [None req-70ea01c1-5ae3-4a39-bdf6-1845d4c136fa 8683bf07304f4692a042f736afa186f7 33988093ee3443979a0495eacaa13164 - - default default] 10.0.0.221 "GET /v2.0/security-groups?tenant_id=f744b04d06dd46d88216eaa9d1bce905&name=default HTTP/1.1" status: 200 len: 2996 time: 0.3988042
2026-09-03 17:43:11.956 9 INFO neutron.wsgi [None req-6f9e3958-0418-4e5e-8549-743bcfc40976 8683bf07304f4692a042f736afa186f7 33988093ee3443979a0495eacaa13164 - - default default] 10.0.0.221 "DELETE /v2.0/security-groups/b649b197-e31d-4312-a182-ca7b135f24e4 HTTP/1.1" status: 204 len: 168 time: 0.2955375
2026-09-03 17:43:12.197 10 INFO neutron.db.ovn_revision_numbers_db [None req-f762ba0f-28dc-4f75-b8f4-ac80636e0162 8683bf07304f4692a042f736afa186f7 33988093ee3443979a0495eacaa13164 - - default default] Successfully bumped revision number for resource b58b8d4e-b87a-47f7-8945-0585c83bea30 (type: security_groups) to 1
2026-09-03 17:43:12.212 10 INFO neutron.db.ovn_revision_numbers_db [None req-f762ba0f-28dc-4f75-b8f4-ac80636e0162 8683bf07304f4692a042f736afa186f7 33988093ee3443979a0495eacaa13164 - - default default] Successfully bumped revision number for resource 0a574c72-f9fb-4b68-bf46-e2e853715097 (type: security_group_rules) to 0
2026-09-03 17:43:12.229 10 INFO neutron.db.ovn_revision_numbers_db [None req-f762ba0f-28dc-4f75-b8f4-ac80636e0162 8683bf07304f4692a042f736afa186f7 33988093ee3443979a0495eacaa13164 - - default default] Successfully bumped revision number for resource 0e9924d8-a365-440c-97c9-e12a52758f98 (type: security_group_rules) to 0
2026-09-03 17:43:12.243 9 INFO neutron.wsgi [None req-8e9a4def-8f1b-4b72-8b75-643260105a2d 8683bf07304f4692a042f736afa186f7 33988093ee3443979a0495eacaa13164 - - default default] 10.0.0.221 "GET /v2.0/security-groups?tenant_id=87f6d4b3eeb84d868d81f97463215d46&name=default HTTP/1.1" status: 200 len: 2996 time: 0.2267056
2026-09-03 17:43:12.246 10 INFO neutron.db.ovn_revision_numbers_db [None req-f762ba0f-28dc-4f75-b8f4-ac80636e0162 8683bf07304f4692a042f736afa186f7 33988093ee3443979a0495eacaa13164 - - default default] Successfully bumped revision number for resource 405bbb17-f3d2-4215-b952-2cf5bd873c1c (type: security_group_rules) to 0
2026-09-03 17:43:12.264 10 INFO neutron.db.ovn_revision_numbers_db [None req-f762ba0f-28dc-4f75-b8f4-ac80636e0162 8683bf07304f4692a042f736afa186f7 33988093ee3443979a0495eacaa13164 - - default default] Successfully bumped revision number for resource d10871ff-75ef-4af0-b777-eb44aa59897e (type: security_group_rules) to 0
2026-09-03 17:43:12.289 10 INFO neutron.wsgi [None req-f762ba0f-28dc-4f75-b8f4-ac80636e0162 8683bf07304f4692a042f736afa186f7 33988093ee3443979a0495eacaa13164 - - default default] 10.0.0.221 "GET /v2.0/security-groups?tenant_id=fcedb871d7eb4fa4b1cc9e804c8ed1c8&name=default HTTP/1.1" status: 200 len: 2996 time: 0.2097414
2026-09-03 17:43:12.503 10 INFO neutron.wsgi [-] 10.0.0.90 "GET / HTTP/1.1" status: 200 len: 247 time: 0.0020564
2026-09-03 17:43:12.507 10 INFO neutron.wsgi [-] 10.0.0.90 "GET / HTTP/1.1" status: 200 len: 247 time: 0.0020022
2026-09-03 17:43:12.569 9 INFO neutron.wsgi [None req-faf169be-3af9-41fa-ba7c-1a0634d87998 8683bf07304f4692a042f736afa186f7 33988093ee3443979a0495eacaa13164 - - default default] 10.0.0.221 "DELETE /v2.0/security-groups/641780c1-e23a-404b-b69d-b14bb0136a3b HTTP/1.1" status: 204 len: 168 time: 0.3215744
2026-09-03 17:43:12.590 9 INFO neutron.wsgi [None req-01e2178b-f70a-4495-accd-223c87964121 8683bf07304f4692a042f736afa186f7 33988093ee3443979a0495eacaa13164 - - default default] 10.0.0.221 "DELETE /v2.0/security-groups/b58b8d4e-b87a-47f7-8945-0585c83bea30 HTTP/1.1" status: 204 len: 168 time: 0.2967317
2026-09-03 17:43:12.810 10 INFO neutron.db.ovn_revision_numbers_db [None req-7b8cb517-9bca-499e-8c3e-91874b2f8658 8683bf07304f4692a042f736afa186f7 33988093ee3443979a0495eacaa13164 - - default default] Successfully bumped revision number for resource 10551e2f-0131-4a0c-b266-17784cdeed92 (type: security_groups) to 1
2026-09-03 17:43:12.828 10 INFO neutron.db.ovn_revision_numbers_db [None req-7b8cb517-9bca-499e-8c3e-91874b2f8658 8683bf07304f4692a042f736afa186f7 33988093ee3443979a0495eacaa13164 - - default default] Successfully bumped revision number for resource 2d2ba503-74e3-41e7-882b-b8ef154d6eaf (type: security_group_rules) to 0
2026-09-03 17:43:12.848 10 INFO neutron.db.ovn_revision_numbers_db [None req-7b8cb517-9bca-499e-8c3e-91874b2f8658 8683bf07304f4692a042f736afa186f7 33988093ee3443979a0495eacaa13164 - - default default] Successfully bumped revision number for resource 4c98a649-7059-4d00-b16e-0e9cb701517a (type: security_group_rules) to 0
2026-09-03 17:43:12.850 9 INFO neutron.db.ovn_revision_numbers_db [None req-a4012d89-b088-47b5-985b-989f5f4861a0 8683bf07304f4692a042f736afa186f7 33988093ee3443979a0495eacaa13164 - - default default] Successfully bumped revision number for resource a2f34391-a9dd-436a-99a8-5bf97f6290ef (type: security_groups) to 1
2026-09-03 17:43:12.867 9 INFO neutron.db.ovn_revision_numbers_db [None req-a4012d89-b088-47b5-985b-989f5f4861a0 8683bf07304f4692a042f736afa186f7 33988093ee3443979a0495eacaa13164 - - default default] Successfully bumped revision number for resource 49554c8e-1283-44b8-b1f8-03dfbbe61b88 (type: security_group_rules) to 0
2026-09-03 17:43:12.873 10 INFO neutron.db.ovn_revision_numbers_db [None req-7b8cb517-9bca-499e-8c3e-91874b2f8658 8683bf07304f4692a042f736afa186f7 33988093ee3443979a0495eacaa13164 - - default default] Successfully bumped revision number for resource 62883a1d-d5ad-4b50-a4ab-2c5f5cdb394b (type: security_group_rules) to 0
2026-09-03 17:43:12.882 9 INFO neutron.db.ovn_revision_numbers_db [None req-a4012d89-b088-47b5-985b-989f5f4861a0 8683bf07304f4692a042f736afa186f7 33988093ee3443979a0495eacaa13164 - - default default] Successfully bumped revision number for resource 850de1cb-b2d0-485a-a8e7-4123ef2867e3 (type: security_group_rules) to 0
2026-09-03 17:43:12.897 10 INFO neutron.db.ovn_revision_numbers_db [None req-7b8cb517-9bca-499e-8c3e-91874b2f8658 8683bf07304f4692a042f736afa186f7 33988093ee3443979a0495eacaa13164 - - default default] Successfully bumped revision number for resource ae904828-653e-4e61-8dbb-d98192465a7f (type: security_group_rules) to 0
2026-09-03 17:43:12.900 9 INFO neutron.db.ovn_revision_numbers_db [None req-a4012d89-b088-47b5-985b-989f5f4861a0 8683bf07304f4692a042f736afa186f7 33988093ee3443979a0495eacaa13164 - - default default] Successfully bumped revision number for resource a4c91945-34f5-4509-8f85-8fb49218f52b (type: security_group_rules) to 0
2026-09-03 17:43:12.916 9 INFO neutron.db.ovn_revision_numbers_db [None req-a4012d89-b088-47b5-985b-989f5f4861a0 8683bf07304f4692a042f736afa186f7 33988093ee3443979a0495eacaa13164 - - default default] Successfully bumped revision number for resource dbe31c93-644f-4320-a21a-c7296d8eeb80 (type: security_group_rules) to 0
2026-09-03 17:43:12.938 9 INFO neutron.wsgi [None req-a4012d89-b088-47b5-985b-989f5f4861a0 8683bf07304f4692a042f736afa186f7 33988093ee3443979a0495eacaa13164 - - default default] 10.0.0.221 "GET /v2.0/security-groups?tenant_id=7982386070e54b0dbf3ba0af162e32fd&name=default HTTP/1.1" status: 200 len: 2996 time: 0.2327645
2026-09-03 17:43:12.940 10 INFO neutron.wsgi [None req-7b8cb517-9bca-499e-8c3e-91874b2f8658 8683bf07304f4692a042f736afa186f7 33988093ee3443979a0495eacaa13164 - - default default] 10.0.0.221 "GET /v2.0/security-groups?tenant_id=6d45547d147348cea41f3d761c28445a&name=default HTTP/1.1" status: 200 len: 2996 time: 0.2584479
2026-09-03 17:43:13.129 9 INFO neutron.wsgi [None req-f1f2f5df-14ac-48f0-aecc-c9dcb9462b64 8683bf07304f4692a042f736afa186f7 33988093ee3443979a0495eacaa13164 - - default default] 10.0.0.221 "DELETE /v2.0/security-groups/a2f34391-a9dd-436a-99a8-5bf97f6290ef HTTP/1.1" status: 204 len: 168 time: 0.1844196
2026-09-03 17:43:13.194 10 INFO neutron.wsgi [None req-c2b3e156-b0ee-46f1-9653-716de41db6f6 8683bf07304f4692a042f736afa186f7 33988093ee3443979a0495eacaa13164 - - default default] 10.0.0.221 "DELETE /v2.0/security-groups/10551e2f-0131-4a0c-b266-17784cdeed92 HTTP/1.1" status: 204 len: 168 time: 0.2480884
2026-09-03 17:43:17.295 9 WARNING neutron.scheduler.dhcp_agent_scheduler [None req-cdc8f6dd-dc47-48f8-8167-bff14fbdc3bb ffde708311fe46379c4ef19b7d93e980 17acedff4dd04bd08c006108f69e5b9c - - default default] No more DHCP agents
2026-09-03 17:43:17.297 9 WARNING neutron.api.rpc.agentnotifiers.dhcp_rpc_agent_api [None req-cdc8f6dd-dc47-48f8-8167-bff14fbdc3bb ffde708311fe46379c4ef19b7d93e980 17acedff4dd04bd08c006108f69e5b9c - - default default] Unable to schedule network ae883489-5e93-4bf8-bd12-e5df994aa84c: no agents available; will retry on subsequent port and subnet creation events.
2026-09-03 17:43:17.683 9 INFO neutron.db.ovn_revision_numbers_db [None req-cdc8f6dd-dc47-48f8-8167-bff14fbdc3bb ffde708311fe46379c4ef19b7d93e980 17acedff4dd04bd08c006108f69e5b9c - - default default] Successfully bumped revision number for resource 4a7595a6-1325-4563-a5e1-f003a8b8d7bf (type: floatingips) to 0
2026-09-03 17:43:17.701 9 INFO neutron.wsgi [None req-cdc8f6dd-dc47-48f8-8167-bff14fbdc3bb ffde708311fe46379c4ef19b7d93e980 17acedff4dd04bd08c006108f69e5b9c - - default default] 10.0.0.221 "POST /v2.0/floatingips HTTP/1.1" status: 201 len: 751 time: 0.9066012
2026-09-03 17:43:17.760 9 INFO neutron.wsgi [None req-51fd285a-4aa5-44b4-a71f-b8d2f92508e3 ffde708311fe46379c4ef19b7d93e980 17acedff4dd04bd08c006108f69e5b9c - - default default] 10.0.0.221 "PUT /v2.0/floatingips/4a7595a6-1325-4563-a5e1-f003a8b8d7bf/tags HTTP/1.1" status: 200 len: 218 time: 0.0525596
2026-09-03 17:43:17.790 9 INFO neutron.wsgi [None req-fdb8dd6f-28fc-4016-ad65-f04b099771a1 ffde708311fe46379c4ef19b7d93e980 17acedff4dd04bd08c006108f69e5b9c - - default default] 10.0.0.221 "GET /v2.0/floatingips/4a7595a6-1325-4563-a5e1-f003a8b8d7bf/tags HTTP/1.1" status: 200 len: 218 time: 0.0250659
2026-09-03 17:43:17.832 9 INFO neutron.wsgi [None req-9d9daa65-98e3-4b21-a2d1-46838ac2fec0 ffde708311fe46379c4ef19b7d93e980 17acedff4dd04bd08c006108f69e5b9c - - default default] 10.0.0.221 "PUT /v2.0/floatingips/4a7595a6-1325-4563-a5e1-f003a8b8d7bf/tags/green HTTP/1.1" status: 201 len: 201 time: 0.0367162
2026-09-03 17:43:17.857 9 INFO neutron.wsgi [None req-a2a6124b-3503-4458-8914-f2aea2addd4b ffde708311fe46379c4ef19b7d93e980 17acedff4dd04bd08c006108f69e5b9c - - default default] 10.0.0.221 "GET /v2.0/floatingips/4a7595a6-1325-4563-a5e1-f003a8b8d7bf/tags HTTP/1.1" status: 200 len: 227 time: 0.0200632
2026-09-03 17:43:17.884 9 INFO neutron.wsgi [None req-3b48531b-a54d-4262-b739-3009fa357a54 ffde708311fe46379c4ef19b7d93e980 17acedff4dd04bd08c006108f69e5b9c - - default default] 10.0.0.221 "PUT /v2.0/floatingips/4a7595a6-1325-4563-a5e1-f003a8b8d7bf/tags/red HTTP/1.1" status: 201 len: 201 time: 0.0218110
2026-09-03 17:43:17.911 9 INFO neutron.wsgi [None req-4533af3d-b4d0-4393-9bc0-645f8ff05844 ffde708311fe46379c4ef19b7d93e980 17acedff4dd04bd08c006108f69e5b9c - - default default] 10.0.0.221 "GET /v2.0/floatingips/4a7595a6-1325-4563-a5e1-f003a8b8d7bf/tags HTTP/1.1" status: 200 len: 227 time: 0.0206480
2026-09-03 17:43:17.944 9 INFO neutron.wsgi [None req-585838be-e798-4933-ab61-16eb54bdb58d ffde708311fe46379c4ef19b7d93e980 17acedff4dd04bd08c006108f69e5b9c - - default default] 10.0.0.221 "PUT /v2.0/floatingips/4a7595a6-1325-4563-a5e1-f003a8b8d7bf/tags/black.or.white HTTP/1.1" status: 201 len: 201 time: 0.0289063
2026-09-03 17:43:17.969 9 INFO neutron.wsgi [None req-4cc194da-a303-4be6-8cd9-d00e011cfc77 ffde708311fe46379c4ef19b7d93e980 17acedff4dd04bd08c006108f69e5b9c - - default default] 10.0.0.221 "GET /v2.0/floatingips/4a7595a6-1325-4563-a5e1-f003a8b8d7bf/tags HTTP/1.1" status: 200 len: 245 time: 0.0192986
2026-09-03 17:43:18.007 9 INFO neutron.wsgi [None req-7002ec26-f6f1-4c5e-884e-c71d90c11e5f ffde708311fe46379c4ef19b7d93e980 17acedff4dd04bd08c006108f69e5b9c - - default default] 10.0.0.221 "PUT /v2.0/floatingips/4a7595a6-1325-4563-a5e1-f003a8b8d7bf/tags HTTP/1.1" status: 200 len: 230 time: 0.0332119
2026-09-03 17:43:18.032 9 INFO neutron.wsgi [None req-0d7f8e3e-6c97-487b-94da-8941f0fc49f9 ffde708311fe46379c4ef19b7d93e980 17acedff4dd04bd08c006108f69e5b9c - - default default] 10.0.0.221 "GET /v2.0/floatingips/4a7595a6-1325-4563-a5e1-f003a8b8d7bf/tags HTTP/1.1" status: 200 len: 230 time: 0.0206587
2026-09-03 17:43:18.058 9 INFO neutron.wsgi [None req-37f66321-70a5-40ec-a4ad-a3913ff37699 ffde708311fe46379c4ef19b7d93e980 17acedff4dd04bd08c006108f69e5b9c - - default default] 10.0.0.221 "GET /v2.0/floatingips/4a7595a6-1325-4563-a5e1-f003a8b8d7bf/tags/red HTTP/1.1" status: 204 len: 168 time: 0.0211542
2026-09-03 17:43:18.085 9 INFO neutron.api.v2.resource [None req-958d6038-17fc-46e2-ab1d-6672c8d96f1a ffde708311fe46379c4ef19b7d93e980 17acedff4dd04bd08c006108f69e5b9c - - default default] show failed (client error): The resource could not be found.
2026-09-03 17:43:18.086 9 INFO neutron.wsgi [None req-958d6038-17fc-46e2-ab1d-6672c8d96f1a ffde708311fe46379c4ef19b7d93e980 17acedff4dd04bd08c006108f69e5b9c - - default default] 10.0.0.221 "GET /v2.0/floatingips/4a7595a6-1325-4563-a5e1-f003a8b8d7bf/tags/green HTTP/1.1" status: 404 len: 299 time: 0.0239038
2026-09-03 17:43:18.126 9 INFO neutron.wsgi [None req-3442a300-114f-4088-9263-89b595a69885 ffde708311fe46379c4ef19b7d93e980 17acedff4dd04bd08c006108f69e5b9c - - default default] 10.0.0.221 "DELETE /v2.0/floatingips/4a7595a6-1325-4563-a5e1-f003a8b8d7bf/tags/red HTTP/1.1" status: 204 len: 168 time: 0.0351400
2026-09-03 17:43:18.154 9 INFO neutron.wsgi [None req-fdfd6308-88fd-420e-8ea7-43ce7befa087 ffde708311fe46379c4ef19b7d93e980 17acedff4dd04bd08c006108f69e5b9c - - default default] 10.0.0.221 "GET /v2.0/floatingips/4a7595a6-1325-4563-a5e1-f003a8b8d7bf/tags HTTP/1.1" status: 200 len: 223 time: 0.0217519
2026-09-03 17:43:18.184 9 INFO neutron.api.v2.resource [None req-5f465db9-7ef2-4da6-96b3-6dfa2a4d61a7 ffde708311fe46379c4ef19b7d93e980 17acedff4dd04bd08c006108f69e5b9c - - default default] delete failed (client error): The resource could not be found.
2026-09-03 17:43:18.185 9 INFO neutron.wsgi [None req-5f465db9-7ef2-4da6-96b3-6dfa2a4d61a7 ffde708311fe46379c4ef19b7d93e980 17acedff4dd04bd08c006108f69e5b9c - - default default] 10.0.0.221 "DELETE /v2.0/floatingips/4a7595a6-1325-4563-a5e1-f003a8b8d7bf/tags/green HTTP/1.1" status: 404 len: 299 time: 0.0263565
2026-09-03 17:43:18.230 9 INFO neutron.wsgi [None req-91207137-d373-456f-a9b5-44f94cf22db9 ffde708311fe46379c4ef19b7d93e980 17acedff4dd04bd08c006108f69e5b9c - - default default] 10.0.0.221 "DELETE /v2.0/floatingips/4a7595a6-1325-4563-a5e1-f003a8b8d7bf/tags HTTP/1.1" status: 204 len: 168 time: 0.0388992
2026-09-03 17:43:18.262 9 INFO neutron.wsgi [None req-75e8ce56-b404-4c80-ba00-c74676adc223 ffde708311fe46379c4ef19b7d93e980 17acedff4dd04bd08c006108f69e5b9c - - default default] 10.0.0.221 "GET /v2.0/floatingips/4a7595a6-1325-4563-a5e1-f003a8b8d7bf/tags HTTP/1.1" status: 200 len: 205 time: 0.0242233
2026-09-03 17:43:18.699 9 INFO neutron.wsgi [None req-05125d04-c6b0-47c7-9783-c065ea5bb5b1 ffde708311fe46379c4ef19b7d93e980 17acedff4dd04bd08c006108f69e5b9c - - default default] 10.0.0.221 "DELETE /v2.0/floatingips/4a7595a6-1325-4563-a5e1-f003a8b8d7bf HTTP/1.1" status: 204 len: 168 time: 0.4292493
2026-09-03 17:43:19.779 10 INFO neutron.db.ovn_revision_numbers_db [None req-1591fd38-0479-478c-b31d-a09270d82ede 8683bf07304f4692a042f736afa186f7 33988093ee3443979a0495eacaa13164 - - default default] Successfully bumped revision number for resource 7aa6a052-ef1b-4b1d-a429-9d456b99db15 (type: security_groups) to 1
2026-09-03 17:43:19.811 10 INFO neutron.db.ovn_revision_numbers_db [None req-1591fd38-0479-478c-b31d-a09270d82ede 8683bf07304f4692a042f736afa186f7 33988093ee3443979a0495eacaa13164 - - default default] Successfully bumped revision number for resource 0df262d8-e13d-4ed9-97e5-d2beac9ee418 (type: security_group_rules) to 0
2026-09-03 17:43:19.826 10 INFO neutron.wsgi [req-ac0916e7-6367-45d6-826e-b9fcb19cd57b req-1085498c-9d07-4ce1-a335-99ef1828ca50 ae14d269361247dba8194315d3848ffa 55eae20e49e74ac9b0552c1cfbde90d7 - - 51da7a234397460f8be2b7ea273ee490 51da7a234397460f8be2b7ea273ee490] 10.0.0.238 "GET /v2.0/ports?device_id=8c6f95d3-f983-4169-acdc-5ff9a33e0328 HTTP/1.1" status: 200 len: 1413 time: 0.0371256
2026-09-03 17:43:19.830 10 INFO neutron.db.ovn_revision_numbers_db [None req-1591fd38-0479-478c-b31d-a09270d82ede 8683bf07304f4692a042f736afa186f7 33988093ee3443979a0495eacaa13164 - - default default] Successfully bumped revision number for resource 28b67eb8-3815-419b-b4d4-b5ed2622d253 (type: security_group_rules) to 0
2026-09-03 17:43:19.852 10 INFO neutron.db.ovn_revision_numbers_db [None req-1591fd38-0479-478c-b31d-a09270d82ede 8683bf07304f4692a042f736afa186f7 33988093ee3443979a0495eacaa13164 - - default default] Successfully bumped revision number for resource 58ec1789-8e27-4a90-9d64-9f6a44aee0b5 (type: security_group_rules) to 0
2026-09-03 17:43:19.869 10 INFO neutron.wsgi [req-ac0916e7-6367-45d6-826e-b9fcb19cd57b req-68928901-894f-42af-9a54-0945a4c91526 ae14d269361247dba8194315d3848ffa 55eae20e49e74ac9b0552c1cfbde90d7 - - 51da7a234397460f8be2b7ea273ee490 51da7a234397460f8be2b7ea273ee490] 10.0.0.238 "GET /v2.0/security-groups?id=bff0162c-88a2-42c4-9938-cdf3e1e4d28d&fields=id&fields=name HTTP/1.1" status: 200 len: 311 time: 0.0346265
2026-09-03 17:43:19.870 10 INFO neutron.db.ovn_revision_numbers_db [None req-1591fd38-0479-478c-b31d-a09270d82ede 8683bf07304f4692a042f736afa186f7 33988093ee3443979a0495eacaa13164 - - default default] Successfully bumped revision number for resource bdd4f3ca-5085-4090-8b7f-0e51f76b9364 (type: security_group_rules) to 0
2026-09-03 17:43:19.885 10 INFO neutron.wsgi [None req-1591fd38-0479-478c-b31d-a09270d82ede 8683bf07304f4692a042f736afa186f7 33988093ee3443979a0495eacaa13164 - - default default] 10.0.0.221 "GET /v2.0/security-groups?tenant_id=efd935e5b97d48dbbf2353bc292a6adf&name=default HTTP/1.1" status: 200 len: 2996 time: 0.3775127
2026-09-03 17:43:20.061 10 INFO neutron.wsgi [None req-90df53b1-2a99-48df-873c-b88e118de253 8683bf07304f4692a042f736afa186f7 33988093ee3443979a0495eacaa13164 - - default default] 10.0.0.221 "DELETE /v2.0/security-groups/7aa6a052-ef1b-4b1d-a429-9d456b99db15 HTTP/1.1" status: 204 len: 168 time: 0.1704679
2026-09-03 17:43:20.290 10 INFO neutron.db.ovn_revision_numbers_db [None req-555190f9-e69a-40c5-9e09-5329c9b884c8 8683bf07304f4692a042f736afa186f7 33988093ee3443979a0495eacaa13164 - - default default] Successfully bumped revision number for resource 8f67bbd9-20ce-475b-8fcd-63ee529b5c06 (type: security_groups) to 1
2026-09-03 17:43:20.305 10 INFO neutron.db.ovn_revision_numbers_db [None req-555190f9-e69a-40c5-9e09-5329c9b884c8 8683bf07304f4692a042f736afa186f7 33988093ee3443979a0495eacaa13164 - - default default] Successfully bumped revision number for resource 04c122aa-01f1-49e4-8a0b-cb64593e6475 (type: security_group_rules) to 0
2026-09-03 17:43:20.320 10 INFO neutron.db.ovn_revision_numbers_db [None req-555190f9-e69a-40c5-9e09-5329c9b884c8 8683bf07304f4692a042f736afa186f7 33988093ee3443979a0495eacaa13164 - - default default] Successfully bumped revision number for resource 061809ae-8702-4e29-a657-0d2be6965884 (type: security_group_rules) to 0
2026-09-03 17:43:20.335 10 INFO neutron.db.ovn_revision_numbers_db [None req-555190f9-e69a-40c5-9e09-5329c9b884c8 8683bf07304f4692a042f736afa186f7 33988093ee3443979a0495eacaa13164 - - default default] Successfully bumped revision number for resource 07ab97d5-09e5-4782-b145-5a2ac0692f53 (type: security_group_rules) to 0
2026-09-03 17:43:20.350 10 INFO neutron.db.ovn_revision_numbers_db [None req-555190f9-e69a-40c5-9e09-5329c9b884c8 8683bf07304f4692a042f736afa186f7 33988093ee3443979a0495eacaa13164 - - default default] Successfully bumped revision number for resource d5ed3239-7d56-4ff0-8b30-6eb570aeaec8 (type: security_group_rules) to 0
2026-09-03 17:43:20.375 10 INFO neutron.wsgi [None req-555190f9-e69a-40c5-9e09-5329c9b884c8 8683bf07304f4692a042f736afa186f7 33988093ee3443979a0495eacaa13164 - - default default] 10.0.0.221 "GET /v2.0/security-groups?tenant_id=17acedff4dd04bd08c006108f69e5b9c&name=default HTTP/1.1" status: 200 len: 2996 time: 0.1915164
2026-09-03 17:43:20.647 9 INFO neutron.wsgi [None req-2d2314e4-4da6-4839-afb8-aaf8b15d6010 8683bf07304f4692a042f736afa186f7 33988093ee3443979a0495eacaa13164 - - default default] 10.0.0.221 "DELETE /v2.0/security-groups/8f67bbd9-20ce-475b-8fcd-63ee529b5c06 HTTP/1.1" status: 204 len: 168 time: 0.2651315
2026-09-03 17:43:21.476 9 INFO neutron.plugins.ml2.drivers.ovn.mech_driver.mech_driver [None req-fe415599-5e44-400f-bc45-131f6f4fdd6c - - - - - -] OVN reports status down for port: 764c4249-8311-4803-afd1-3af82b7e47d5
2026-09-03 17:43:21.582 10 INFO neutron.wsgi [req-211c3123-931e-4a4b-8800-5e66aa5a4f0d req-81de7aaa-869b-4cfa-b70b-81fb14de4a60 6abdd76129644d35acd55fc92221fcf8 389ddc4f1dd449189a7919336b841aa9 - - default default] 10.0.0.45 "GET /v2.0/ports?device_id=8c6f95d3-f983-4169-acdc-5ff9a33e0328 HTTP/1.1" status: 200 len: 1174 time: 0.1516149
2026-09-03 17:43:21.634 10 INFO neutron.wsgi [req-211c3123-931e-4a4b-8800-5e66aa5a4f0d req-4d185fa2-0661-4556-9598-def720a4660c 6abdd76129644d35acd55fc92221fcf8 389ddc4f1dd449189a7919336b841aa9 - - default default] 10.0.0.45 "GET /v2.0/security-groups?id=bff0162c-88a2-42c4-9938-cdf3e1e4d28d&fields=id&fields=name HTTP/1.1" status: 200 len: 311 time: 0.0475187
2026-09-03 17:43:21.660 9 INFO neutron.notifiers.nova [-] Nova event matching ['req-c4cfc5c0-f448-4dbe-bb1f-e8ec32c1747c'] response: {'server_uuid': '8c6f95d3-f983-4169-acdc-5ff9a33e0328', 'name': 'network-vif-unplugged', 'status': 'completed', 'tag': '764c4249-8311-4803-afd1-3af82b7e47d5', 'code': 200}
2026-09-03 17:43:21.819 9 INFO neutron.wsgi [req-a6963f05-dbf4-43b1-b2be-2169a695dd99 req-eb560e7a-5eb8-48db-afcf-189e76a18c7d 6abdd76129644d35acd55fc92221fcf8 389ddc4f1dd449189a7919336b841aa9 - - default default] 162.253.55.242 "GET /v2.0/ports?device_id=8c6f95d3-f983-4169-acdc-5ff9a33e0328 HTTP/1.1" status: 200 len: 1172 time: 0.0970774
2026-09-03 17:43:21.895 9 INFO neutron.db.ovn_revision_numbers_db [None req-fe415599-5e44-400f-bc45-131f6f4fdd6c - - - - - -] Successfully bumped revision number for resource 764c4249-8311-4803-afd1-3af82b7e47d5 (type: ports) to 5
2026-09-03 17:43:22.096 9 INFO neutron.db.l3_db [req-a6963f05-dbf4-43b1-b2be-2169a695dd99 req-672f49eb-5119-4515-9a1e-99f25672d6de 6abdd76129644d35acd55fc92221fcf8 389ddc4f1dd449189a7919336b841aa9 - - default default] Floating IP 05666cfc-e85c-4f9e-ab92-74d1ab744f66 disassociated. External IP: 10.96.250.203, port: 764c4249-8311-4803-afd1-3af82b7e47d5.
2026-09-03 17:43:22.249 9 INFO neutron.wsgi [req-a6963f05-dbf4-43b1-b2be-2169a695dd99 req-672f49eb-5119-4515-9a1e-99f25672d6de 6abdd76129644d35acd55fc92221fcf8 389ddc4f1dd449189a7919336b841aa9 - - default default] 162.253.55.242 "DELETE /v2.0/ports/764c4249-8311-4803-afd1-3af82b7e47d5 HTTP/1.1" status: 204 len: 173 time: 0.4263451 /var/lib/openstack/lib/python3.10/site-packages/pycadf/identifier.py:71: UserWarning: Invalid uuid: neutron. To ensure interoperability, identifiers should be a valid uuid. warnings.warn(('Invalid uuid: %s. To ensure interoperability, '
2026-09-03 17:43:22.835 10 INFO neutron.wsgi [None req-de36498d-ecc1-4f4c-92dd-6efbb5b10147 6abdd76129644d35acd55fc92221fcf8 389ddc4f1dd449189a7919336b841aa9 - - default default] 10.0.0.221 "DELETE /v2.0/security-groups/bff0162c-88a2-42c4-9938-cdf3e1e4d28d HTTP/1.1" status: 204 len: 168 time: 0.1266608
2026-09-03 17:43:23.385 10 INFO neutron.wsgi [None req-be3b78c3-9926-431a-926f-71b4e5f0e4af 6abdd76129644d35acd55fc92221fcf8 389ddc4f1dd449189a7919336b841aa9 - - default default] 10.0.0.221 "DELETE /v2.0/floatingips/05666cfc-e85c-4f9e-ab92-74d1ab744f66 HTTP/1.1" status: 204 len: 168 time: 0.5167751
2026-09-03 17:43:23.624 9 INFO neutron.plugins.ml2.drivers.ovn.mech_driver.mech_driver [None req-fe415599-5e44-400f-bc45-131f6f4fdd6c - - - - - -] OVN reports status down for port: b9da0fe1-83a0-4a4a-9927-23b8749f8365
2026-09-03 17:43:23.629 10 INFO neutron.wsgi [req-6cd9abfc-b03e-407d-9e67-3bfe764ae854 req-0a191e97-67e8-46a8-b88e-0cd02713e564 6abdd76129644d35acd55fc92221fcf8 389ddc4f1dd449189a7919336b841aa9 - - default default] 10.0.0.45 "GET /v2.0/ports?device_id=1605044b-6edb-4648-b5ac-5f2efc2dea64 HTTP/1.1" status: 200 len: 1170 time: 0.0481648
2026-09-03 17:43:23.682 10 INFO neutron.wsgi [req-6cd9abfc-b03e-407d-9e67-3bfe764ae854 req-c5a22aee-9bd7-4f0c-ba54-80411e57f0c1 6abdd76129644d35acd55fc92221fcf8 389ddc4f1dd449189a7919336b841aa9 - - default default] 10.0.0.45 "GET /v2.0/security-groups?id=377998d5-5e82-4b66-bd80-9e1945549ffb&fields=id&fields=name HTTP/1.1" status: 200 len: 313 time: 0.0448976
2026-09-03 17:43:23.715 9 INFO neutron.notifiers.nova [-] Nova event matching ['req-1e2d5f8b-127d-4c54-9104-2af8b9902472'] response: {'server_uuid': '8c6f95d3-f983-4169-acdc-5ff9a33e0328', 'name': 'network-vif-plugged', 'status': 'completed', 'tag': '764c4249-8311-4803-afd1-3af82b7e47d5', 'code': 200}
2026-09-03 17:43:23.715 9 INFO neutron.notifiers.nova [-] Nova event matching ['req-1e2d5f8b-127d-4c54-9104-2af8b9902472'] response: {'server_uuid': '8c6f95d3-f983-4169-acdc-5ff9a33e0328', 'name': 'network-vif-deleted', 'tag': '764c4249-8311-4803-afd1-3af82b7e47d5', 'status': 'completed', 'code': 200} /var/lib/openstack/lib/python3.10/site-packages/pycadf/identifier.py:71: UserWarning: Invalid uuid: neutron. To ensure interoperability, identifiers should be a valid uuid. warnings.warn(('Invalid uuid: %s. To ensure interoperability, '
2026-09-03 17:43:23.948 9 INFO neutron.wsgi [req-e3644d5f-311e-4421-8e6c-e9c76149c9f1 req-6650aaf8-8544-4bbf-ab14-2683c8d8e329 6abdd76129644d35acd55fc92221fcf8 389ddc4f1dd449189a7919336b841aa9 - - default default] 162.253.55.242 "GET /v2.0/ports?device_id=1605044b-6edb-4648-b5ac-5f2efc2dea64 HTTP/1.1" status: 200 len: 1168 time: 0.0342338
2026-09-03 17:43:23.993 9 INFO neutron.db.ovn_revision_numbers_db [None req-fe415599-5e44-400f-bc45-131f6f4fdd6c - - - - - -] Successfully bumped revision number for resource b9da0fe1-83a0-4a4a-9927-23b8749f8365 (type: ports) to 5
2026-09-03 17:43:24.207 10 INFO neutron.wsgi [None req-6478c9ee-22f3-49da-b101-e0382a04397c 472f4407250040a7acb8c946f8e0c4e8 e9695eaa0ae94512be60fc3f5e758621 - - default default] 10.0.0.221 "POST /v2.0/qos/policies HTTP/1.1" status: 201 len: 558 time: 0.2319958
2026-09-03 17:43:24.247 10 INFO neutron.wsgi [None req-62042081-bf69-42df-b85f-a21d024fdc1d 472f4407250040a7acb8c946f8e0c4e8 e9695eaa0ae94512be60fc3f5e758621 - - default default] 10.0.0.221 "PUT /v2.0/policies/92b29f81-9841-4bc5-b3aa-262e4c327db3/tags HTTP/1.1" status: 200 len: 218 time: 0.0306833
2026-09-03 17:43:24.265 10 INFO neutron.wsgi [None req-8a278cb0-bfbc-4689-87f3-e579d696ab49 472f4407250040a7acb8c946f8e0c4e8 e9695eaa0ae94512be60fc3f5e758621 - - default default] 10.0.0.221 "GET /v2.0/policies/92b29f81-9841-4bc5-b3aa-262e4c327db3/tags HTTP/1.1" status: 200 len: 218 time: 0.0131009
2026-09-03 17:43:24.298 10 INFO neutron.wsgi [None req-7ad7f570-79c9-440f-88c5-bdaea65f8855 472f4407250040a7acb8c946f8e0c4e8 e9695eaa0ae94512be60fc3f5e758621 - - default default] 10.0.0.221 "PUT /v2.0/policies/92b29f81-9841-4bc5-b3aa-262e4c327db3/tags/green HTTP/1.1" status: 201 len: 201 time: 0.0288188
2026-09-03 17:43:24.317 10 INFO neutron.wsgi [None req-7e89521a-b66c-488b-bbfb-3f2f331ccfd4 472f4407250040a7acb8c946f8e0c4e8 e9695eaa0ae94512be60fc3f5e758621 - - default default] 10.0.0.221 "GET /v2.0/policies/92b29f81-9841-4bc5-b3aa-262e4c327db3/tags HTTP/1.1" status: 200 len: 227 time: 0.0135443
2026-09-03 17:43:24.334 10 INFO neutron.wsgi [None req-3a830e96-2695-4eb4-bb09-33b0ef2af0ba 472f4407250040a7acb8c946f8e0c4e8 e9695eaa0ae94512be60fc3f5e758621 - - default default] 10.0.0.221 "PUT /v2.0/policies/92b29f81-9841-4bc5-b3aa-262e4c327db3/tags/red HTTP/1.1" status: 201 len: 201 time: 0.0131979
