2026-09-03 17:39:55.203 10 INFO neutron.wsgi [req-d9b050ed-5602-4eb8-aaa0-889d17ba2ed4 req-643089d1-2a99-421c-9c0c-b84aed0727a6 6a526e8ff6ab4372adc72e2341dac1c7 7d4fc3a8ee784d94bd16720732da2448 - - default default] 10.0.0.45 "GET /v2.0/security-groups?id=132ab63e-a001-4775-8c2f-52fa6da0be8e&fields=id&fields=name HTTP/1.1" status: 200 len: 313 time: 0.0718973
2026-09-03 17:39:55.261 10 INFO neutron.wsgi [None req-2979533e-5bab-4b51-830a-c506f4ccb7ee 8683bf07304f4692a042f736afa186f7 33988093ee3443979a0495eacaa13164 - - default default] 10.0.0.221 "PUT /v2.0/routers/c213c3ff-34c3-467d-9cb1-d9caaa152b5f/remove_router_interface HTTP/1.1" status: 200 len: 503 time: 2.1715772 /var/lib/openstack/lib/python3.10/site-packages/pycadf/identifier.py:71: UserWarning: Invalid uuid: neutron. To ensure interoperability, identifiers should be a valid uuid. warnings.warn(('Invalid uuid: %s. To ensure interoperability, '
2026-09-03 17:39:55.375 9 INFO neutron.db.l3_db [None req-6c3a8b1f-2666-49ae-b3b6-f141d294784b b6e27e4c17144f079a8a324c171c6ae2 f0085bf77d62460c96d3517193fdf02f - - default default] Floating IP c895c2ac-85cd-47f0-95bc-1584fbb2f1bc associated. External IP: 10.96.250.202, port: 80c72cd1-a587-487c-8ff1-18dee22128b1.
2026-09-03 17:39:55.462 10 INFO neutron.notifiers.nova [-] Nova event matching ['req-a239fddd-7a40-4300-b68d-d8a71da8b89c'] response: {'server_uuid': '93a0adc0-c042-4a01-ad20-8f5fa860dcd5', 'name': 'network-vif-plugged', 'status': 'completed', 'tag': '80c72cd1-a587-487c-8ff1-18dee22128b1', 'code': 200}
2026-09-03 17:39:55.462 10 INFO neutron.notifiers.nova [-] Nova event matching ['req-a239fddd-7a40-4300-b68d-d8a71da8b89c'] response: {'server_uuid': 'dbe315cf-c5a9-4edb-924d-ee3ec3dbb92f', 'name': 'network-vif-plugged', 'status': 'completed', 'tag': '88a1a30f-8a21-4fd1-97b5-c1da305abcbf', 'code': 200}
2026-09-03 17:39:55.462 10 INFO neutron.notifiers.nova [-] Nova event matching ['req-a239fddd-7a40-4300-b68d-d8a71da8b89c'] response: {'server_uuid': 'dbe315cf-c5a9-4edb-924d-ee3ec3dbb92f', 'name': 'network-vif-plugged', 'status': 'completed', 'tag': '88a1a30f-8a21-4fd1-97b5-c1da305abcbf', 'code': 200}
2026-09-03 17:39:55.715 9 INFO neutron.db.ovn_revision_numbers_db [None req-6c3a8b1f-2666-49ae-b3b6-f141d294784b b6e27e4c17144f079a8a324c171c6ae2 f0085bf77d62460c96d3517193fdf02f - - default default] Successfully bumped revision number for resource c895c2ac-85cd-47f0-95bc-1584fbb2f1bc (type: floatingips) to 1
2026-09-03 17:39:55.812 10 INFO neutron.wsgi [None req-8135a9aa-60e5-4aec-ba6f-98a4101b9e86 8683bf07304f4692a042f736afa186f7 33988093ee3443979a0495eacaa13164 - - default default] 10.0.0.221 "PUT /v2.0/routers/cbfe1732-0458-426f-b02f-b1e7bc65f79c/remove_router_interface HTTP/1.1" status: 200 len: 503 time: 2.3036492 /var/lib/openstack/lib/python3.10/site-packages/pycadf/identifier.py:71: UserWarning: Invalid uuid: neutron. To ensure interoperability, identifiers should be a valid uuid. warnings.warn(('Invalid uuid: %s. To ensure interoperability, '
2026-09-03 17:39:55.872 9 INFO neutron.db.ovn_revision_numbers_db [None req-6c3a8b1f-2666-49ae-b3b6-f141d294784b b6e27e4c17144f079a8a324c171c6ae2 f0085bf77d62460c96d3517193fdf02f - - default default] Successfully bumped revision number for resource c895c2ac-85cd-47f0-95bc-1584fbb2f1bc (type: floatingips) to 2
2026-09-03 17:39:55.898 9 INFO neutron.wsgi [None req-6c3a8b1f-2666-49ae-b3b6-f141d294784b b6e27e4c17144f079a8a324c171c6ae2 f0085bf77d62460c96d3517193fdf02f - - default default] 10.0.0.221 "PUT /v2.0/floatingips/c895c2ac-85cd-47f0-95bc-1584fbb2f1bc HTTP/1.1" status: 200 len: 1049 time: 1.0264385 /var/lib/openstack/lib/python3.10/site-packages/pycadf/identifier.py:71: UserWarning: Invalid uuid: neutron. To ensure interoperability, identifiers should be a valid uuid. warnings.warn(('Invalid uuid: %s. To ensure interoperability, '
2026-09-03 17:39:55.950 9 INFO neutron.notifiers.nova [-] Nova event matching ['req-b474de66-c42a-4810-b7f7-3cdbcd5f1461'] response: {'name': 'network-changed', 'server_uuid': '93a0adc0-c042-4a01-ad20-8f5fa860dcd5', 'tag': '80c72cd1-a587-487c-8ff1-18dee22128b1', 'status': 'completed', 'code': 200}
2026-09-03 17:39:55.980 10 INFO neutron.wsgi [req-66f54a32-5bae-4b89-b47e-e2a5cd35a76e req-ed42ca6c-008a-426e-9fc0-fdc45c3d58cc b6e27e4c17144f079a8a324c171c6ae2 f0085bf77d62460c96d3517193fdf02f - - default default] 10.0.0.45 "GET /v2.0/ports?device_id=93a0adc0-c042-4a01-ad20-8f5fa860dcd5 HTTP/1.1" status: 200 len: 1170 time: 0.0393362
2026-09-03 17:39:56.012 9 INFO neutron.wsgi [req-53a597a3-4cc6-430b-b7c0-8d25a968c8d1 req-56d549c9-0dc1-418c-9832-3afa4d159b66 ae14d269361247dba8194315d3848ffa 55eae20e49e74ac9b0552c1cfbde90d7 - - 51da7a234397460f8be2b7ea273ee490 51da7a234397460f8be2b7ea273ee490] 162.253.55.242 "GET /v2.0/ports?tenant_id=f0085bf77d62460c96d3517193fdf02f&device_id=93a0adc0-c042-4a01-ad20-8f5fa860dcd5 HTTP/1.1" status: 200 len: 1409 time: 0.0364268
2026-09-03 17:39:56.034 10 INFO neutron.wsgi [req-66f54a32-5bae-4b89-b47e-e2a5cd35a76e req-599dff5a-d5c8-4f5a-a107-8cc664e5fbce b6e27e4c17144f079a8a324c171c6ae2 f0085bf77d62460c96d3517193fdf02f - - default default] 10.0.0.45 "GET /v2.0/security-groups?id=01bcbde9-b1c8-4811-9c1c-cd935926f542&fields=id&fields=name HTTP/1.1" status: 200 len: 313 time: 0.0430315
2026-09-03 17:39:56.122 9 INFO neutron.wsgi [req-53a597a3-4cc6-430b-b7c0-8d25a968c8d1 req-ee3ea32f-4774-4f50-992e-150f26791570 ae14d269361247dba8194315d3848ffa 55eae20e49e74ac9b0552c1cfbde90d7 - - 51da7a234397460f8be2b7ea273ee490 51da7a234397460f8be2b7ea273ee490] 162.253.55.242 "GET /v2.0/networks?id=6b2af94e-bee7-4fc5-8732-8c54f6eaee1c HTTP/1.1" status: 200 len: 982 time: 0.1014063
2026-09-03 17:39:56.166 10 INFO neutron.wsgi [None req-1b927510-a3bd-4819-8649-860808ba74da 8683bf07304f4692a042f736afa186f7 33988093ee3443979a0495eacaa13164 - - default default] 10.0.0.221 "DELETE /v2.0/routers/c213c3ff-34c3-467d-9cb1-d9caaa152b5f HTTP/1.1" status: 204 len: 168 time: 0.8983166
2026-09-03 17:39:56.178 9 INFO neutron.wsgi [req-53a597a3-4cc6-430b-b7c0-8d25a968c8d1 req-959bacfe-726d-470b-a5a4-8493ded5145d ae14d269361247dba8194315d3848ffa 55eae20e49e74ac9b0552c1cfbde90d7 - - 51da7a234397460f8be2b7ea273ee490 51da7a234397460f8be2b7ea273ee490] 162.253.55.242 "GET /v2.0/floatingips?fixed_ip_address=10.100.0.3&port_id=80c72cd1-a587-487c-8ff1-18dee22128b1 HTTP/1.1" status: 200 len: 1059 time: 0.0489528
2026-09-03 17:39:56.230 9 INFO neutron.wsgi [req-53a597a3-4cc6-430b-b7c0-8d25a968c8d1 req-2e64f1cd-d60e-419f-8818-9ae6afc4372f ae14d269361247dba8194315d3848ffa 55eae20e49e74ac9b0552c1cfbde90d7 - - 51da7a234397460f8be2b7ea273ee490 51da7a234397460f8be2b7ea273ee490] 162.253.55.242 "GET /v2.0/subnets?id=86661b7e-507f-4bc5-baca-89fdf172fe92 HTTP/1.1" status: 200 len: 877 time: 0.0441074
2026-09-03 17:39:56.261 9 INFO neutron.wsgi [req-53a597a3-4cc6-430b-b7c0-8d25a968c8d1 req-6cc7d68f-a7d6-4b8d-bf1e-3e4b9b03b508 ae14d269361247dba8194315d3848ffa 55eae20e49e74ac9b0552c1cfbde90d7 - - 51da7a234397460f8be2b7ea273ee490 51da7a234397460f8be2b7ea273ee490] 162.253.55.242 "GET /v2.0/ports?network_id=6b2af94e-bee7-4fc5-8732-8c54f6eaee1c&device_owner=network%3Adhcp HTTP/1.1" status: 200 len: 210 time: 0.0207691
2026-09-03 17:39:56.327 10 INFO neutron.wsgi [req-a1d7e8d2-f2db-4462-b49e-3544404dc9ca req-082708b7-bcee-4187-9b5c-44b8b88ab2b6 6a526e8ff6ab4372adc72e2341dac1c7 7d4fc3a8ee784d94bd16720732da2448 - - default default] 10.0.0.45 "GET /v2.0/ports?device_id=dbe315cf-c5a9-4edb-924d-ee3ec3dbb92f HTTP/1.1" status: 200 len: 1170 time: 0.0292456
2026-09-03 17:39:56.344 9 INFO neutron.wsgi [req-53a597a3-4cc6-430b-b7c0-8d25a968c8d1 req-31c8d6f2-4fa6-430c-bdea-babbad4ede36 ae14d269361247dba8194315d3848ffa 55eae20e49e74ac9b0552c1cfbde90d7 - - 51da7a234397460f8be2b7ea273ee490 51da7a234397460f8be2b7ea273ee490] 162.253.55.242 "GET /v2.0/networks/6b2af94e-bee7-4fc5-8732-8c54f6eaee1c?fields=segments HTTP/1.1" status: 200 len: 212 time: 0.0722864
2026-09-03 17:39:56.371 10 INFO neutron.wsgi [req-a1d7e8d2-f2db-4462-b49e-3544404dc9ca req-260de71f-adc2-455e-8dce-f340efc1a542 6a526e8ff6ab4372adc72e2341dac1c7 7d4fc3a8ee784d94bd16720732da2448 - - default default] 10.0.0.45 "GET /v2.0/security-groups?id=132ab63e-a001-4775-8c2f-52fa6da0be8e&fields=id&fields=name HTTP/1.1" status: 200 len: 313 time: 0.0353990
2026-09-03 17:39:56.402 10 INFO neutron.wsgi [None req-156edc84-0244-4844-9325-86da2b3aa25d 8683bf07304f4692a042f736afa186f7 33988093ee3443979a0495eacaa13164 - - default default] 10.0.0.221 "DELETE /v2.0/subnets/26866147-eb28-4ab5-9cb5-3c4f274dcf85 HTTP/1.1" status: 204 len: 168 time: 0.2306139
2026-09-03 17:39:56.457 9 INFO neutron.wsgi [req-53a597a3-4cc6-430b-b7c0-8d25a968c8d1 req-1df65d77-4689-4387-9d6d-8368b79d7f19 ae14d269361247dba8194315d3848ffa 55eae20e49e74ac9b0552c1cfbde90d7 - - 51da7a234397460f8be2b7ea273ee490 51da7a234397460f8be2b7ea273ee490] 162.253.55.242 "GET /v2.0/networks/6b2af94e-bee7-4fc5-8732-8c54f6eaee1c?fields=provider%3Aphysical_network&fields=provider%3Anetwork_type HTTP/1.1" status: 200 len: 277 time: 0.0999756
2026-09-03 17:39:56.487 10 INFO neutron.wsgi [req-4a7e6eec-3330-43f5-a9d7-76d2fc276a9a req-e5c1746b-df51-46d3-a956-e4432d6e8fdc 6a526e8ff6ab4372adc72e2341dac1c7 7d4fc3a8ee784d94bd16720732da2448 - - default default] 10.0.0.45 "GET /v2.0/ports?device_id=dbe315cf-c5a9-4edb-924d-ee3ec3dbb92f HTTP/1.1" status: 200 len: 1170 time: 0.0361779
2026-09-03 17:39:56.665 9 INFO neutron.wsgi [None req-7560a0c8-c907-406b-aba3-e7df4f619287 8683bf07304f4692a042f736afa186f7 33988093ee3443979a0495eacaa13164 - - default default] 10.0.0.221 "DELETE /v2.0/routers/cbfe1732-0458-426f-b02f-b1e7bc65f79c HTTP/1.1" status: 204 len: 168 time: 0.8461506
2026-09-03 17:39:56.731 9 INFO neutron.db.l3_db [None req-0acc6d77-85c1-4ef6-a193-95aa9f4e2627 6a526e8ff6ab4372adc72e2341dac1c7 7d4fc3a8ee784d94bd16720732da2448 - - default default] Floating IP 934289f8-3797-4c71-9691-7eb8004ad49c associated. External IP: 10.96.250.212, port: 88a1a30f-8a21-4fd1-97b5-c1da305abcbf.
2026-09-03 17:39:56.790 10 INFO neutron.services.segments.plugin [-] Segment ae93c4d6-436a-4077-afb2-31d1a6770067 resource provider aggregate not found
2026-09-03 17:39:56.794 10 INFO neutron.services.segments.plugin [-] Segment ae93c4d6-436a-4077-afb2-31d1a6770067 resource provider aggregate not found
2026-09-03 17:39:56.817 10 INFO neutron.services.segments.plugin [-] Segment ae93c4d6-436a-4077-afb2-31d1a6770067 resource provider not found; error: Placement Client Error (4xx): {"errors": [{"status": 404, "title": "Not Found", "detail": "The resource could not be found.\n\n No resource provider with uuid ae93c4d6-436a-4077-afb2-31d1a6770067 found for delete ", "request_id": "req-bfa72705-da18-4e11-a5e9-ee6fc07e43e9"}]}
2026-09-03 17:39:56.818 10 INFO neutron.services.segments.plugin [-] Segment ae93c4d6-436a-4077-afb2-31d1a6770067 resource provider not found; error: Placement Client Error (4xx): {"errors": [{"status": 404, "title": "Not Found", "detail": "The resource could not be found.\n\n No resource provider with uuid ae93c4d6-436a-4077-afb2-31d1a6770067 found for delete ", "request_id": "req-cc32e2ad-e4e4-429c-816e-eeffb60cd037"}]}
2026-09-03 17:39:56.855 10 INFO neutron.wsgi [None req-669e8116-f52f-4b78-8ed1-8d9e3788f0b4 8683bf07304f4692a042f736afa186f7 33988093ee3443979a0495eacaa13164 - - default default] 10.0.0.221 "DELETE /v2.0/networks/2d143741-1f50-4416-9d55-4cd2b1235125 HTTP/1.1" status: 204 len: 168 time: 0.4443331
2026-09-03 17:39:56.885 10 INFO neutron.wsgi [None req-ea93d7dd-98bc-4657-bc02-f21d915ec596 8683bf07304f4692a042f736afa186f7 33988093ee3443979a0495eacaa13164 - - default default] 10.0.0.221 "DELETE /v2.0/subnets/06e1ddd5-5cdf-4f02-9345-60e28d691c35 HTTP/1.1" status: 204 len: 168 time: 0.2155235
2026-09-03 17:39:56.914 9 INFO neutron.db.ovn_revision_numbers_db [None req-0acc6d77-85c1-4ef6-a193-95aa9f4e2627 6a526e8ff6ab4372adc72e2341dac1c7 7d4fc3a8ee784d94bd16720732da2448 - - default default] Successfully bumped revision number for resource 934289f8-3797-4c71-9691-7eb8004ad49c (type: floatingips) to 1 /var/lib/openstack/lib/python3.10/site-packages/pycadf/identifier.py:71: UserWarning: Invalid uuid: neutron. To ensure interoperability, identifiers should be a valid uuid. warnings.warn(('Invalid uuid: %s. To ensure interoperability, '
2026-09-03 17:39:57.018 9 INFO neutron.wsgi [None req-26a480d3-39e0-4e41-990b-eaf2f463fcf8 8683bf07304f4692a042f736afa186f7 33988093ee3443979a0495eacaa13164 - - default default] 10.0.0.221 "GET /v2.0/security-groups?tenant_id=f9cc36883a5e4791bd7e90ce116e62e6&name=default HTTP/1.1" status: 200 len: 2996 time: 0.0534592
2026-09-03 17:39:57.029 9 INFO neutron.db.ovn_revision_numbers_db [None req-0acc6d77-85c1-4ef6-a193-95aa9f4e2627 6a526e8ff6ab4372adc72e2341dac1c7 7d4fc3a8ee784d94bd16720732da2448 - - default default] Successfully bumped revision number for resource 934289f8-3797-4c71-9691-7eb8004ad49c (type: floatingips) to 2
2026-09-03 17:39:57.054 9 INFO neutron.wsgi [None req-0acc6d77-85c1-4ef6-a193-95aa9f4e2627 6a526e8ff6ab4372adc72e2341dac1c7 7d4fc3a8ee784d94bd16720732da2448 - - default default] 10.0.0.221 "PUT /v2.0/floatingips/934289f8-3797-4c71-9691-7eb8004ad49c HTTP/1.1" status: 200 len: 1049 time: 0.5499275
2026-09-03 17:39:57.141 10 INFO neutron.wsgi [req-6a1a74ae-ff39-4ef5-9cc6-33f335615f51 req-442e3acd-11b4-40c3-8364-f6ef3f61c89d 6a526e8ff6ab4372adc72e2341dac1c7 7d4fc3a8ee784d94bd16720732da2448 - - default default] 10.0.0.45 "GET /v2.0/ports?device_id=dbe315cf-c5a9-4edb-924d-ee3ec3dbb92f HTTP/1.1" status: 200 len: 1170 time: 0.0386789
2026-09-03 17:39:57.196 9 INFO neutron.wsgi [None req-f5f5ce5f-350c-4adb-b84c-8c466bf78c58 8683bf07304f4692a042f736afa186f7 33988093ee3443979a0495eacaa13164 - - default default] 10.0.0.221 "DELETE /v2.0/security-groups/7b7d74a6-2e65-4e52-9901-6402c4efdc19 HTTP/1.1" status: 204 len: 168 time: 0.1720939
2026-09-03 17:39:57.207 10 INFO neutron.wsgi [req-6a1a74ae-ff39-4ef5-9cc6-33f335615f51 req-127f1742-6e09-4669-8b43-b77db756e14c 6a526e8ff6ab4372adc72e2341dac1c7 7d4fc3a8ee784d94bd16720732da2448 - - default default] 10.0.0.45 "GET /v2.0/security-groups?id=132ab63e-a001-4775-8c2f-52fa6da0be8e&fields=id&fields=name HTTP/1.1" status: 200 len: 313 time: 0.0597141
2026-09-03 17:39:57.227 10 INFO neutron.wsgi [None req-ceb7e456-f4f2-472b-aa56-7291d67b68fe 8683bf07304f4692a042f736afa186f7 33988093ee3443979a0495eacaa13164 - - default default] 10.0.0.221 "DELETE /v2.0/networks/5671a3ee-4028-45e9-860e-4172165c43b3 HTTP/1.1" status: 204 len: 168 time: 0.3377254
2026-09-03 17:39:57.437 10 INFO neutron.wsgi [None req-f281a9b7-b1be-4654-aeb6-c2f002e5e461 8683bf07304f4692a042f736afa186f7 33988093ee3443979a0495eacaa13164 - - default default] 10.0.0.221 "GET /v2.0/security-groups?tenant_id=b1904bc261b34041ad5ede030dc4a28b&name=default HTTP/1.1" status: 200 len: 2992 time: 0.0433111
2026-09-03 17:39:57.501 10 INFO neutron.wsgi [-] 10.0.0.90 "GET / HTTP/1.1" status: 200 len: 247 time: 0.0012219
2026-09-03 17:39:57.504 9 INFO neutron.wsgi [-] 10.0.0.90 "GET / HTTP/1.1" status: 200 len: 247 time: 0.0029860
2026-09-03 17:39:57.628 10 INFO neutron.plugins.ml2.drivers.ovn.mech_driver.mech_driver [None req-7f4d04f4-56b4-477f-be44-d33eed2c4706 - - - - - -] OVN reports status down for port: 88a1a30f-8a21-4fd1-97b5-c1da305abcbf
2026-09-03 17:39:57.665 10 INFO neutron.wsgi [req-0cd0236f-ff50-4c01-afdb-0ef36987bd76 req-f5f5a386-db54-40c9-8e8f-acfb1cd1293c 6a526e8ff6ab4372adc72e2341dac1c7 7d4fc3a8ee784d94bd16720732da2448 - - default default] 10.0.0.45 "GET /v2.0/ports?device_id=dbe315cf-c5a9-4edb-924d-ee3ec3dbb92f HTTP/1.1" status: 200 len: 1170 time: 0.0604544
2026-09-03 17:39:57.738 10 INFO neutron.wsgi [req-0cd0236f-ff50-4c01-afdb-0ef36987bd76 req-5625747e-53d4-4fe7-aa22-60e9c30c90a6 6a526e8ff6ab4372adc72e2341dac1c7 7d4fc3a8ee784d94bd16720732da2448 - - default default] 10.0.0.45 "GET /v2.0/security-groups?id=132ab63e-a001-4775-8c2f-52fa6da0be8e&fields=id&fields=name HTTP/1.1" status: 200 len: 313 time: 0.0659101
2026-09-03 17:39:57.743 10 INFO neutron.wsgi [None req-70f990d8-e885-42c6-931e-9582f69a9c7a 8683bf07304f4692a042f736afa186f7 33988093ee3443979a0495eacaa13164 - - default default] 10.0.0.221 "DELETE /v2.0/security-groups/1f6359cc-00a6-4b36-9614-c13da0c094fc HTTP/1.1" status: 204 len: 168 time: 0.3011210
2026-09-03 17:39:57.802 10 INFO neutron.notifiers.nova [-] Nova event matching ['req-cac5138f-653f-4820-b84e-dad218db644e'] response: {'server_uuid': 'dbe315cf-c5a9-4edb-924d-ee3ec3dbb92f', 'name': 'network-vif-unplugged', 'status': 'completed', 'tag': '88a1a30f-8a21-4fd1-97b5-c1da305abcbf', 'code': 200}
2026-09-03 17:39:57.994 10 INFO neutron.db.ovn_revision_numbers_db [None req-7f4d04f4-56b4-477f-be44-d33eed2c4706 - - - - - -] Successfully bumped revision number for resource 88a1a30f-8a21-4fd1-97b5-c1da305abcbf (type: ports) to 5
2026-09-03 17:39:58.003 9 INFO neutron.wsgi [req-7e10d388-4c0a-43c5-8432-6651fbfe49dd req-2c9fb6f1-9156-4c9f-9f5f-94c064daa5f9 6a526e8ff6ab4372adc72e2341dac1c7 7d4fc3a8ee784d94bd16720732da2448 - - default default] 162.253.55.242 "GET /v2.0/ports?device_id=dbe315cf-c5a9-4edb-924d-ee3ec3dbb92f HTTP/1.1" status: 200 len: 1168 time: 0.0997045
2026-09-03 17:39:58.006 9 INFO neutron.notifiers.nova [-] Nova event matching ['req-68ca8180-e1fc-4960-a59c-c43417780b1c'] response: {'name': 'network-changed', 'server_uuid': 'dbe315cf-c5a9-4edb-924d-ee3ec3dbb92f', 'tag': '88a1a30f-8a21-4fd1-97b5-c1da305abcbf', 'status': 'completed', 'code': 200}
2026-09-03 17:39:58.208 9 INFO neutron.wsgi [req-9bf3a869-d9c1-4ea6-b12b-2ae5a21ce44a req-12208b1c-a37a-4adf-9673-1c3ec15ba249 ae14d269361247dba8194315d3848ffa 55eae20e49e74ac9b0552c1cfbde90d7 - - 51da7a234397460f8be2b7ea273ee490 51da7a234397460f8be2b7ea273ee490] 162.253.55.242 "GET /v2.0/ports?tenant_id=7d4fc3a8ee784d94bd16720732da2448&device_id=dbe315cf-c5a9-4edb-924d-ee3ec3dbb92f HTTP/1.1" status: 200 len: 1407 time: 0.1807573
2026-09-03 17:39:58.273 9 INFO neutron.wsgi [req-9bf3a869-d9c1-4ea6-b12b-2ae5a21ce44a req-77ab115f-a013-49d3-a7ce-0a8ee1fd5721 ae14d269361247dba8194315d3848ffa 55eae20e49e74ac9b0552c1cfbde90d7 - - 51da7a234397460f8be2b7ea273ee490 51da7a234397460f8be2b7ea273ee490] 162.253.55.242 "GET /v2.0/networks?id=50eda384-3e75-42c7-98e1-e8819d440506 HTTP/1.1" status: 200 len: 976 time: 0.0594959
2026-09-03 17:39:58.323 9 INFO neutron.wsgi [req-9bf3a869-d9c1-4ea6-b12b-2ae5a21ce44a req-24ac0394-1e51-420e-b44c-381972b819b3 ae14d269361247dba8194315d3848ffa 55eae20e49e74ac9b0552c1cfbde90d7 - - 51da7a234397460f8be2b7ea273ee490 51da7a234397460f8be2b7ea273ee490] 162.253.55.242 "GET /v2.0/floatingips?fixed_ip_address=10.100.0.5&port_id=88a1a30f-8a21-4fd1-97b5-c1da305abcbf HTTP/1.1" status: 200 len: 1057 time: 0.0386066
2026-09-03 17:39:58.413 9 INFO neutron.wsgi [req-9bf3a869-d9c1-4ea6-b12b-2ae5a21ce44a req-98b8cb47-a824-46a8-b290-52b75f2ce003 ae14d269361247dba8194315d3848ffa 55eae20e49e74ac9b0552c1cfbde90d7 - - 51da7a234397460f8be2b7ea273ee490 51da7a234397460f8be2b7ea273ee490] 162.253.55.242 "GET /v2.0/subnets?id=b9319915-1d83-4495-b58f-e760ab91a6cb HTTP/1.1" status: 200 len: 872 time: 0.0827589
2026-09-03 17:39:58.456 9 INFO neutron.wsgi [req-9bf3a869-d9c1-4ea6-b12b-2ae5a21ce44a req-3b162412-ee26-403c-9c46-bd108af5cc90 ae14d269361247dba8194315d3848ffa 55eae20e49e74ac9b0552c1cfbde90d7 - - 51da7a234397460f8be2b7ea273ee490 51da7a234397460f8be2b7ea273ee490] 162.253.55.242 "GET /v2.0/ports?network_id=50eda384-3e75-42c7-98e1-e8819d440506&device_owner=network%3Adhcp HTTP/1.1" status: 200 len: 210 time: 0.0339530
2026-09-03 17:39:58.591 9 INFO neutron.wsgi [req-9bf3a869-d9c1-4ea6-b12b-2ae5a21ce44a req-7cecf751-10f0-4a40-b67e-41555a9dfcc2 ae14d269361247dba8194315d3848ffa 55eae20e49e74ac9b0552c1cfbde90d7 - - 51da7a234397460f8be2b7ea273ee490 51da7a234397460f8be2b7ea273ee490] 162.253.55.242 "GET /v2.0/networks/50eda384-3e75-42c7-98e1-e8819d440506?fields=segments HTTP/1.1" status: 200 len: 212 time: 0.1090105
2026-09-03 17:39:58.620 9 INFO neutron.db.l3_db [req-7e10d388-4c0a-43c5-8432-6651fbfe49dd req-f3ccf6f8-7ba5-472c-9da9-a717c60ba46f 6a526e8ff6ab4372adc72e2341dac1c7 7d4fc3a8ee784d94bd16720732da2448 - - default default] Floating IP 934289f8-3797-4c71-9691-7eb8004ad49c disassociated. External IP: 10.96.250.212, port: 88a1a30f-8a21-4fd1-97b5-c1da305abcbf.
2026-09-03 17:39:58.708 9 INFO neutron.wsgi [req-9bf3a869-d9c1-4ea6-b12b-2ae5a21ce44a req-3e70b829-60cc-4c76-ba1e-5c5bba6bb4a2 ae14d269361247dba8194315d3848ffa 55eae20e49e74ac9b0552c1cfbde90d7 - - 51da7a234397460f8be2b7ea273ee490 51da7a234397460f8be2b7ea273ee490] 162.253.55.242 "GET /v2.0/networks/50eda384-3e75-42c7-98e1-e8819d440506?fields=provider%3Aphysical_network&fields=provider%3Anetwork_type HTTP/1.1" status: 200 len: 277 time: 0.1062412
2026-09-03 17:39:58.816 9 INFO neutron.wsgi [req-7e10d388-4c0a-43c5-8432-6651fbfe49dd req-f3ccf6f8-7ba5-472c-9da9-a717c60ba46f 6a526e8ff6ab4372adc72e2341dac1c7 7d4fc3a8ee784d94bd16720732da2448 - - default default] 162.253.55.242 "DELETE /v2.0/ports/88a1a30f-8a21-4fd1-97b5-c1da305abcbf HTTP/1.1" status: 204 len: 173 time: 0.8065729 /var/lib/openstack/lib/python3.10/site-packages/pycadf/identifier.py:71: UserWarning: Invalid uuid: neutron. To ensure interoperability, identifiers should be a valid uuid. warnings.warn(('Invalid uuid: %s. To ensure interoperability, '
2026-09-03 17:39:58.852 10 INFO neutron.services.segments.plugin [-] Segment 544ee5b0-aac3-47b3-a905-e5eb85512621 resource provider aggregate not found
2026-09-03 17:39:58.858 10 INFO neutron.services.segments.plugin [-] Segment 544ee5b0-aac3-47b3-a905-e5eb85512621 resource provider aggregate not found
2026-09-03 17:39:58.866 10 INFO neutron.wsgi [req-7d58bdf9-6b8d-4704-bf9f-20bd4f351245 req-8ce2694d-480e-40fa-b6b7-79a31a8a9e0a 6a526e8ff6ab4372adc72e2341dac1c7 7d4fc3a8ee784d94bd16720732da2448 - - default default] 10.0.0.45 "GET /v2.0/ports?device_id=dbe315cf-c5a9-4edb-924d-ee3ec3dbb92f HTTP/1.1" status: 200 len: 210 time: 0.0367882
2026-09-03 17:39:58.871 10 INFO neutron.services.segments.plugin [-] Segment 544ee5b0-aac3-47b3-a905-e5eb85512621 resource provider not found; error: Placement Client Error (4xx): {"errors": [{"status": 404, "title": "Not Found", "detail": "The resource could not be found.\n\n No resource provider with uuid 544ee5b0-aac3-47b3-a905-e5eb85512621 found for delete ", "request_id": "req-9cffb417-d38b-4ed6-a9b5-fe3a7c1af798"}]}
2026-09-03 17:39:58.876 10 INFO neutron.services.segments.plugin [-] Segment 544ee5b0-aac3-47b3-a905-e5eb85512621 resource provider not found; error: Placement Client Error (4xx): {"errors": [{"status": 404, "title": "Not Found", "detail": "The resource could not be found.\n\n No resource provider with uuid 544ee5b0-aac3-47b3-a905-e5eb85512621 found for delete ", "request_id": "req-b16c83c5-8bb7-4b93-8573-12d1b515b26c"}]} /var/lib/openstack/lib/python3.10/site-packages/pycadf/identifier.py:71: UserWarning: Invalid uuid: neutron. To ensure interoperability, identifiers should be a valid uuid. warnings.warn(('Invalid uuid: %s. To ensure interoperability, '
2026-09-03 17:39:59.478 9 INFO neutron.db.ovn_revision_numbers_db [None req-89b9cb80-c7c7-4cb4-8631-2e4ef98de170 8683bf07304f4692a042f736afa186f7 33988093ee3443979a0495eacaa13164 - - default default] Successfully bumped revision number for resource aba05e71-1f01-4e81-9063-54673431db48 (type: security_groups) to 1
2026-09-03 17:39:59.521 9 INFO neutron.db.ovn_revision_numbers_db [None req-89b9cb80-c7c7-4cb4-8631-2e4ef98de170 8683bf07304f4692a042f736afa186f7 33988093ee3443979a0495eacaa13164 - - default default] Successfully bumped revision number for resource 526424d3-ca08-4be4-9950-9c7f0c820942 (type: security_group_rules) to 0
2026-09-03 17:39:59.544 9 INFO neutron.db.ovn_revision_numbers_db [None req-89b9cb80-c7c7-4cb4-8631-2e4ef98de170 8683bf07304f4692a042f736afa186f7 33988093ee3443979a0495eacaa13164 - - default default] Successfully bumped revision number for resource a412d47b-9621-4d7c-9d30-60381ed06807 (type: security_group_rules) to 0
2026-09-03 17:39:59.566 9 INFO neutron.db.ovn_revision_numbers_db [None req-89b9cb80-c7c7-4cb4-8631-2e4ef98de170 8683bf07304f4692a042f736afa186f7 33988093ee3443979a0495eacaa13164 - - default default] Successfully bumped revision number for resource b10cf0c0-8086-481e-b786-94aed0efea8e (type: security_group_rules) to 0
2026-09-03 17:39:59.578 9 INFO neutron.wsgi [None req-8a36bf96-f03b-45c0-9614-4fcf3b1fe8bb 8683bf07304f4692a042f736afa186f7 33988093ee3443979a0495eacaa13164 - - default default] 10.0.0.47 "GET /v2.0/security-groups HTTP/1.1" status: 200 len: 30614 time: 0.1376824
2026-09-03 17:39:59.582 9 INFO neutron.db.ovn_revision_numbers_db [None req-89b9cb80-c7c7-4cb4-8631-2e4ef98de170 8683bf07304f4692a042f736afa186f7 33988093ee3443979a0495eacaa13164 - - default default] Successfully bumped revision number for resource c328a020-b6d3-410a-a890-5a4df698963c (type: security_group_rules) to 0
2026-09-03 17:39:59.636 9 INFO neutron.wsgi [None req-2aa4b289-2f33-43ea-ac79-a3c1b6cec394 8683bf07304f4692a042f736afa186f7 33988093ee3443979a0495eacaa13164 - - default default] 10.0.0.47 "GET /v2.0/subnets HTTP/1.1" status: 200 len: 2762 time: 0.0429380
2026-09-03 17:39:59.670 9 INFO neutron.db.segments_db [None req-89b9cb80-c7c7-4cb4-8631-2e4ef98de170 8683bf07304f4692a042f736afa186f7 33988093ee3443979a0495eacaa13164 - - default default] Added segment eb748273-2c36-4d8b-9c42-3aaf0ca75b3e of type geneve for network 0402f8ca-f6ed-49c4-8f8f-cf3525e10f1f
2026-09-03 17:39:59.700 9 INFO neutron.wsgi [None req-6c03745c-2e9a-49b8-8293-af688f6e81af 8683bf07304f4692a042f736afa186f7 33988093ee3443979a0495eacaa13164 - - default default] 10.0.0.47 "GET /v2.0/ports HTTP/1.1" status: 200 len: 14986 time: 0.0608542
2026-09-03 17:39:59.727 9 INFO neutron.wsgi [None req-7a24aec0-a15b-4bfb-bd54-0b79513e9a70 8683bf07304f4692a042f736afa186f7 33988093ee3443979a0495eacaa13164 - - default default] 10.0.0.47 "GET /v2.0/network-ip-availabilities HTTP/1.1" status: 200 len: 2258 time: 0.0105731
2026-09-03 17:39:59.772 9 INFO neutron.wsgi [None req-5a958792-c323-4c19-8fda-358fd58c8ba7 8683bf07304f4692a042f736afa186f7 33988093ee3443979a0495eacaa13164 - - default default] 10.0.0.47 "GET /v2.0/subnets HTTP/1.1" status: 200 len: 2762 time: 0.0439692
2026-09-03 17:39:59.789 9 INFO neutron.wsgi [None req-97256c24-50ca-4f92-b18a-ae2a67d35a7c 8683bf07304f4692a042f736afa186f7 33988093ee3443979a0495eacaa13164 - - default default] 10.0.0.47 "GET /v2.0/subnetpools HTTP/1.1" status: 200 len: 193 time: 0.0121119
2026-09-03 17:39:59.855 10 INFO neutron.notifiers.nova [-] Nova event matching ['req-2af95cfb-3589-494a-a1bf-94d925c00c37'] response: {'server_uuid': 'dbe315cf-c5a9-4edb-924d-ee3ec3dbb92f', 'name': 'network-vif-plugged', 'status': 'completed', 'tag': '88a1a30f-8a21-4fd1-97b5-c1da305abcbf', 'code': 200}
2026-09-03 17:39:59.872 9 INFO neutron.wsgi [None req-657862f6-56f8-4c79-b1c8-13652adab6b2 8683bf07304f4692a042f736afa186f7 33988093ee3443979a0495eacaa13164 - - default default] 10.0.0.47 "GET /v2.0/floatingips HTTP/1.1" status: 200 len: 1574 time: 0.0812049
2026-09-03 17:39:59.998 9 INFO neutron.db.ovn_revision_numbers_db [None req-89b9cb80-c7c7-4cb4-8631-2e4ef98de170 8683bf07304f4692a042f736afa186f7 33988093ee3443979a0495eacaa13164 - - default default] Successfully bumped revision number for resource 0402f8ca-f6ed-49c4-8f8f-cf3525e10f1f (type: networks) to 1
2026-09-03 17:40:00.049 9 INFO neutron.wsgi [None req-8e5f4752-00fd-45fa-bda4-438b1ee9f59e 8683bf07304f4692a042f736afa186f7 33988093ee3443979a0495eacaa13164 - - default default] 10.0.0.47 "GET /v2.0/routers HTTP/1.1" status: 200 len: 1548 time: 0.1708913
2026-09-03 17:40:00.060 9 INFO neutron.notifiers.nova [-] Nova event matching ['req-f08f3f38-533f-46f7-a44f-4a3d154a0a22'] response: {'server_uuid': 'dbe315cf-c5a9-4edb-924d-ee3ec3dbb92f', 'name': 'network-vif-deleted', 'tag': '88a1a30f-8a21-4fd1-97b5-c1da305abcbf', 'status': 'completed', 'code': 200}
2026-09-03 17:40:00.095 9 INFO neutron.wsgi [None req-10564846-3d16-4ed2-9daa-d94c0964b6b5 8683bf07304f4692a042f736afa186f7 33988093ee3443979a0495eacaa13164 - - default default] 10.0.0.47 "GET /v2.0/agents?binary=ovn-controller HTTP/1.1" status: 200 len: 591 time: 0.0442622
2026-09-03 17:40:00.118 9 INFO neutron.wsgi [None req-59f85d9e-a611-4143-b57c-f6a53b83147f 8683bf07304f4692a042f736afa186f7 33988093ee3443979a0495eacaa13164 - - default default] 10.0.0.47 "GET /v2.0/agents HTTP/1.1" status: 200 len: 997 time: 0.0201356
2026-09-03 17:40:00.175 10 INFO neutron.wsgi [None req-8ef028df-04cc-4e9f-9094-7e93ca63fa73 6a526e8ff6ab4372adc72e2341dac1c7 7d4fc3a8ee784d94bd16720732da2448 - - default default] 10.0.0.221 "DELETE /v2.0/security-groups/132ab63e-a001-4775-8c2f-52fa6da0be8e HTTP/1.1" status: 204 len: 168 time: 0.2001784
2026-09-03 17:40:00.188 10 INFO neutron.api.v2.resource [None req-24598788-549d-4afa-8441-b59a00f06589 6a526e8ff6ab4372adc72e2341dac1c7 7d4fc3a8ee784d94bd16720732da2448 - - default default] show failed (client error): The resource could not be found.
2026-09-03 17:40:00.189 10 INFO neutron.wsgi [None req-24598788-549d-4afa-8441-b59a00f06589 6a526e8ff6ab4372adc72e2341dac1c7 7d4fc3a8ee784d94bd16720732da2448 - - default default] 10.0.0.221 "GET /v2.0/security-groups/132ab63e-a001-4775-8c2f-52fa6da0be8e HTTP/1.1" status: 404 len: 347 time: 0.0104592
2026-09-03 17:40:00.218 9 INFO neutron.wsgi [None req-2309d2fe-c266-4167-b535-cf03dbe57e59 8683bf07304f4692a042f736afa186f7 33988093ee3443979a0495eacaa13164 - - default default] 10.0.0.47 "GET /v2.0/networks HTTP/1.1" status: 200 len: 4598 time: 0.0911658
2026-09-03 17:40:00.241 9 WARNING neutron.scheduler.dhcp_agent_scheduler [None req-89b9cb80-c7c7-4cb4-8631-2e4ef98de170 8683bf07304f4692a042f736afa186f7 33988093ee3443979a0495eacaa13164 - - default default] No more DHCP agents
2026-09-03 17:40:00.242 9 WARNING neutron.api.rpc.agentnotifiers.dhcp_rpc_agent_api [None req-89b9cb80-c7c7-4cb4-8631-2e4ef98de170 8683bf07304f4692a042f736afa186f7 33988093ee3443979a0495eacaa13164 - - default default] Unable to schedule network 0402f8ca-f6ed-49c4-8f8f-cf3525e10f1f: no agents available; will retry on subsequent port and subnet creation events.
2026-09-03 17:40:00.318 9 INFO neutron.db.ovn_revision_numbers_db [None req-89b9cb80-c7c7-4cb4-8631-2e4ef98de170 8683bf07304f4692a042f736afa186f7 33988093ee3443979a0495eacaa13164 - - default default] Successfully bumped revision number for resource 4609b1a4-3747-4ebb-8398-803902cc7c21 (type: ports) to 1
2026-09-03 17:40:00.340 9 INFO neutron.wsgi [None req-89b9cb80-c7c7-4cb4-8631-2e4ef98de170 8683bf07304f4692a042f736afa186f7 33988093ee3443979a0495eacaa13164 - - default default] 10.0.0.221 "POST /v2.0/networks HTTP/1.1" status: 201 len: 939 time: 1.1727734
2026-09-03 17:40:00.525 10 INFO neutron.wsgi [None req-bebe2c7c-2a2d-41f1-9461-3374cf2dc80c 6a526e8ff6ab4372adc72e2341dac1c7 7d4fc3a8ee784d94bd16720732da2448 - - default default] 10.0.0.221 "DELETE /v2.0/floatingips/934289f8-3797-4c71-9691-7eb8004ad49c HTTP/1.1" status: 204 len: 168 time: 0.3326583
2026-09-03 17:40:00.592 9 WARNING neutron.scheduler.dhcp_agent_scheduler [None req-7dd10e13-9c3b-4971-9d16-f81ea2fc3906 8683bf07304f4692a042f736afa186f7 33988093ee3443979a0495eacaa13164 - - default default] No more DHCP agents
2026-09-03 17:40:00.595 9 WARNING neutron.api.rpc.agentnotifiers.dhcp_rpc_agent_api [None req-7dd10e13-9c3b-4971-9d16-f81ea2fc3906 8683bf07304f4692a042f736afa186f7 33988093ee3443979a0495eacaa13164 - - default default] Unable to schedule network 0402f8ca-f6ed-49c4-8f8f-cf3525e10f1f: no agents available; will retry on subsequent port and subnet creation events.
2026-09-03 17:40:01.106 9 INFO neutron.db.ovn_revision_numbers_db [None req-7dd10e13-9c3b-4971-9d16-f81ea2fc3906 8683bf07304f4692a042f736afa186f7 33988093ee3443979a0495eacaa13164 - - default default] Successfully bumped revision number for resource 4609b1a4-3747-4ebb-8398-803902cc7c21 (type: ports) to 2
2026-09-03 17:40:01.147 9 INFO neutron.db.ovn_revision_numbers_db [None req-7dd10e13-9c3b-4971-9d16-f81ea2fc3906 8683bf07304f4692a042f736afa186f7 33988093ee3443979a0495eacaa13164 - - default default] Successfully bumped revision number for resource 29df44e6-9a72-476c-9da8-2131b8c8b796 (type: subnets) to 0
2026-09-03 17:40:01.160 9 INFO neutron.wsgi [None req-7dd10e13-9c3b-4971-9d16-f81ea2fc3906 8683bf07304f4692a042f736afa186f7 33988093ee3443979a0495eacaa13164 - - default default] 10.0.0.221 "POST /v2.0/subnets HTTP/1.1" status: 201 len: 859 time: 0.8125536
2026-09-03 17:40:01.837 10 WARNING neutron.scheduler.dhcp_agent_scheduler [None req-6d8405b6-ec92-4672-93b7-ee23c59d0635 8683bf07304f4692a042f736afa186f7 33988093ee3443979a0495eacaa13164 - - default default] No more DHCP agents
2026-09-03 17:40:01.839 10 WARNING neutron.api.rpc.agentnotifiers.dhcp_rpc_agent_api [None req-6d8405b6-ec92-4672-93b7-ee23c59d0635 8683bf07304f4692a042f736afa186f7 33988093ee3443979a0495eacaa13164 - - default default] Unable to schedule network ae883489-5e93-4bf8-bd12-e5df994aa84c: no agents available; will retry on subsequent port and subnet creation events.
2026-09-03 17:40:01.875 10 INFO neutron.wsgi [None req-1cd05266-07b6-4637-897c-a67ae1cdc9ed 8683bf07304f4692a042f736afa186f7 33988093ee3443979a0495eacaa13164 - - default default] 10.0.0.221 "PUT /v2.0/routers/adf6f7a4-b143-4cdb-bcdd-2668c944e2f9/remove_router_interface HTTP/1.1" status: 200 len: 503 time: 1.3304276
2026-09-03 17:40:01.996 10 INFO neutron.db.ovn_revision_numbers_db [None req-6d8405b6-ec92-4672-93b7-ee23c59d0635 8683bf07304f4692a042f736afa186f7 33988093ee3443979a0495eacaa13164 - - default default] Successfully bumped revision number for resource 37fbe4a8-e42a-4bfa-89ac-878c63cf46f8 (type: ports) to 1
2026-09-03 17:40:02.665 9 INFO neutron.wsgi [None req-0b19bc73-3593-461f-ad43-f196b2861b9c 8683bf07304f4692a042f736afa186f7 33988093ee3443979a0495eacaa13164 - - default default] 10.0.0.221 "DELETE /v2.0/routers/adf6f7a4-b143-4cdb-bcdd-2668c944e2f9 HTTP/1.1" status: 204 len: 168 time: 0.7850869 /var/lib/openstack/lib/python3.10/site-packages/pycadf/identifier.py:71: UserWarning: Invalid uuid: neutron. To ensure interoperability, identifiers should be a valid uuid. warnings.warn(('Invalid uuid: %s. To ensure interoperability, '
2026-09-03 17:40:02.716 10 INFO neutron.plugins.ml2.drivers.ovn.mech_driver.mech_driver [None req-7f4d04f4-56b4-477f-be44-d33eed2c4706 - - - - - -] OVN reports status up for port: 37fbe4a8-e42a-4bfa-89ac-878c63cf46f8
2026-09-03 17:40:02.732 9 INFO neutron.plugins.ml2.drivers.ovn.mech_driver.ovsdb.ovsdb_monitor [None req-01983eec-50de-4e2d-a6b3-9ca34431fe0d - - - - - -] Router 3c132fb3-ecf7-43d0-8b2f-e703526aa2ed is bound to host instance
2026-09-03 17:40:02.738 10 INFO neutron.plugins.ml2.plugin [None req-7f4d04f4-56b4-477f-be44-d33eed2c4706 - - - - - -] Attempt 1 to provision port 37fbe4a8-e42a-4bfa-89ac-878c63cf46f8
2026-09-03 17:40:02.761 10 INFO neutron.db.ovn_revision_numbers_db [None req-6d8405b6-ec92-4672-93b7-ee23c59d0635 8683bf07304f4692a042f736afa186f7 33988093ee3443979a0495eacaa13164 - - default default] Successfully bumped revision number for resource 37fbe4a8-e42a-4bfa-89ac-878c63cf46f8 (type: router_ports) to 1
2026-09-03 17:40:02.851 10 INFO neutron.db.ovn_revision_numbers_db [None req-6d8405b6-ec92-4672-93b7-ee23c59d0635 8683bf07304f4692a042f736afa186f7 33988093ee3443979a0495eacaa13164 - - default default] Successfully bumped revision number for resource 3c132fb3-ecf7-43d0-8b2f-e703526aa2ed (type: routers) to 2
2026-09-03 17:40:02.869 10 INFO neutron.wsgi [None req-6d8405b6-ec92-4672-93b7-ee23c59d0635 8683bf07304f4692a042f736afa186f7 33988093ee3443979a0495eacaa13164 - - default default] 10.0.0.221 "POST /v2.0/routers HTTP/1.1" status: 201 len: 870 time: 1.7031679
2026-09-03 17:40:02.916 10 INFO neutron.wsgi [None req-34052ef3-1456-4eb8-b413-6958d1d0f7cb 8683bf07304f4692a042f736afa186f7 33988093ee3443979a0495eacaa13164 - - default default] 10.0.0.221 "DELETE /v2.0/subnets/b9319915-1d83-4495-b58f-e760ab91a6cb HTTP/1.1" status: 204 len: 168 time: 0.2450044
2026-09-03 17:40:03.382 10 INFO neutron.db.ovn_revision_numbers_db [None req-a793b715-9340-4fd7-ae06-bb0143d43a19 8683bf07304f4692a042f736afa186f7 33988093ee3443979a0495eacaa13164 - - default default] Successfully bumped revision number for resource 7f29d6da-30d2-4113-b365-eba7a5091c92 (type: security_groups) to 1
2026-09-03 17:40:03.410 10 INFO neutron.db.ovn_revision_numbers_db [None req-a793b715-9340-4fd7-ae06-bb0143d43a19 8683bf07304f4692a042f736afa186f7 33988093ee3443979a0495eacaa13164 - - default default] Successfully bumped revision number for resource 15a7d440-32e2-478e-8225-2dc6348e601b (type: security_group_rules) to 0
2026-09-03 17:40:03.437 10 INFO neutron.db.ovn_revision_numbers_db [None req-a793b715-9340-4fd7-ae06-bb0143d43a19 8683bf07304f4692a042f736afa186f7 33988093ee3443979a0495eacaa13164 - - default default] Successfully bumped revision number for resource 603f3005-ef9b-4a08-9280-5261cc024f07 (type: security_group_rules) to 0
2026-09-03 17:40:03.461 10 INFO neutron.db.ovn_revision_numbers_db [None req-a793b715-9340-4fd7-ae06-bb0143d43a19 8683bf07304f4692a042f736afa186f7 33988093ee3443979a0495eacaa13164 - - default default] Successfully bumped revision number for resource e892010b-3131-4acb-b765-b7f25967a963 (type: security_group_rules) to 0
2026-09-03 17:40:03.479 10 INFO neutron.db.ovn_revision_numbers_db [None req-a793b715-9340-4fd7-ae06-bb0143d43a19 8683bf07304f4692a042f736afa186f7 33988093ee3443979a0495eacaa13164 - - default default] Successfully bumped revision number for resource f8b27f54-2180-4b80-9660-a06279b11e86 (type: security_group_rules) to 0
2026-09-03 17:40:03.508 10 INFO neutron.wsgi [None req-a793b715-9340-4fd7-ae06-bb0143d43a19 8683bf07304f4692a042f736afa186f7 33988093ee3443979a0495eacaa13164 - - default default] 10.0.0.221 "GET /v2.0/security-groups?tenant_id=34a28701dba241249b2cc9b9f0e3eb9f&name=default HTTP/1.1" status: 200 len: 2996 time: 0.5056982
2026-09-03 17:40:03.609 9 INFO neutron.db.ovn_revision_numbers_db [None req-01983eec-50de-4e2d-a6b3-9ca34431fe0d - - - - - -] Successfully bumped revision number for resource 37fbe4a8-e42a-4bfa-89ac-878c63cf46f8 (type: ports) to 1
2026-09-03 17:40:03.691 9 INFO neutron.wsgi [None req-5a008733-1864-49f4-bba5-03eff3782f7c 8683bf07304f4692a042f736afa186f7 33988093ee3443979a0495eacaa13164 - - default default] 10.0.0.221 "DELETE /v2.0/networks/50eda384-3e75-42c7-98e1-e8819d440506 HTTP/1.1" status: 204 len: 168 time: 0.7706177
2026-09-03 17:40:03.777 9 WARNING neutron.scheduler.dhcp_agent_scheduler [None req-0635bb98-f0bc-4903-9ed8-8f19af02e49d 8683bf07304f4692a042f736afa186f7 33988093ee3443979a0495eacaa13164 - - default default] No more DHCP agents
2026-09-03 17:40:03.780 9 WARNING neutron.api.rpc.agentnotifiers.dhcp_rpc_agent_api [None req-0635bb98-f0bc-4903-9ed8-8f19af02e49d 8683bf07304f4692a042f736afa186f7 33988093ee3443979a0495eacaa13164 - - default default] Unable to schedule network 0402f8ca-f6ed-49c4-8f8f-cf3525e10f1f: no agents available; will retry on subsequent port and subnet creation events.
2026-09-03 17:40:03.791 10 INFO neutron.wsgi [None req-84d575dc-026f-4f62-b92c-7486d0ba7998 8683bf07304f4692a042f736afa186f7 33988093ee3443979a0495eacaa13164 - - default default] 10.0.0.221 "DELETE /v2.0/security-groups/7f29d6da-30d2-4113-b365-eba7a5091c92 HTTP/1.1" status: 204 len: 168 time: 0.2771533
2026-09-03 17:40:03.912 10 INFO neutron.wsgi [None req-63cb0d40-f476-4cf8-868a-8946d767c33a 8683bf07304f4692a042f736afa186f7 33988093ee3443979a0495eacaa13164 - - default default] 10.0.0.221 "GET /v2.0/security-groups?tenant_id=7d4fc3a8ee784d94bd16720732da2448&name=default HTTP/1.1" status: 200 len: 2992 time: 0.0361183
2026-09-03 17:40:04.103 9 INFO neutron.db.ovn_revision_numbers_db [None req-0635bb98-f0bc-4903-9ed8-8f19af02e49d 8683bf07304f4692a042f736afa186f7 33988093ee3443979a0495eacaa13164 - - default default] Successfully bumped revision number for resource c4c91c24-9143-406a-a9ac-b0c8aaf286df (type: ports) to 1
2026-09-03 17:40:04.112 9 INFO neutron.db.ovn_revision_numbers_db [None req-01983eec-50de-4e2d-a6b3-9ca34431fe0d - - - - - -] Successfully bumped revision number for resource 37fbe4a8-e42a-4bfa-89ac-878c63cf46f8 (type: router_ports) to 3
2026-09-03 17:40:04.131 10 INFO neutron.wsgi [None req-e8cb3792-2fbc-442a-9302-e39631bef9a0 8683bf07304f4692a042f736afa186f7 33988093ee3443979a0495eacaa13164 - - default default] 10.0.0.221 "DELETE /v2.0/security-groups/1b5e3e4e-8885-4540-af05-46ce80f2e151 HTTP/1.1" status: 204 len: 168 time: 0.2130318
2026-09-03 17:40:04.223 10 INFO neutron.db.ovn_revision_numbers_db [None req-d1ea0ba2-2d5b-4f48-ad4c-851e01f61328 8683bf07304f4692a042f736afa186f7 33988093ee3443979a0495eacaa13164 - - default default] Successfully bumped revision number for resource d422882d-e37e-4469-b72f-973354e58444 (type: security_groups) to 1
2026-09-03 17:40:04.238 10 INFO neutron.db.ovn_revision_numbers_db [None req-d1ea0ba2-2d5b-4f48-ad4c-851e01f61328 8683bf07304f4692a042f736afa186f7 33988093ee3443979a0495eacaa13164 - - default default] Successfully bumped revision number for resource 1fd20ad7-09bb-46da-8230-81e682817c84 (type: security_group_rules) to 0
2026-09-03 17:40:04.252 10 INFO neutron.db.ovn_revision_numbers_db [None req-d1ea0ba2-2d5b-4f48-ad4c-851e01f61328 8683bf07304f4692a042f736afa186f7 33988093ee3443979a0495eacaa13164 - - default default] Successfully bumped revision number for resource 256d75c4-d513-4b62-ba95-f77214c38dda (type: security_group_rules) to 0
2026-09-03 17:40:04.270 10 INFO neutron.db.ovn_revision_numbers_db [None req-d1ea0ba2-2d5b-4f48-ad4c-851e01f61328 8683bf07304f4692a042f736afa186f7 33988093ee3443979a0495eacaa13164 - - default default] Successfully bumped revision number for resource 46f7926c-6e36-4eec-bb44-47bde93b9787 (type: security_group_rules) to 0
2026-09-03 17:40:04.281 10 INFO neutron.db.ovn_revision_numbers_db [None req-d1ea0ba2-2d5b-4f48-ad4c-851e01f61328 8683bf07304f4692a042f736afa186f7 33988093ee3443979a0495eacaa13164 - - default default] Successfully bumped revision number for resource 6001769a-da59-41c8-beba-a4a3edd690c8 (type: security_group_rules) to 0
2026-09-03 17:40:04.300 10 INFO neutron.wsgi [None req-d1ea0ba2-2d5b-4f48-ad4c-851e01f61328 8683bf07304f4692a042f736afa186f7 33988093ee3443979a0495eacaa13164 - - default default] 10.0.0.221 "GET /v2.0/security-groups?tenant_id=de99f10bc3b44e24a674d6e0ea185443&name=default HTTP/1.1" status: 200 len: 2996 time: 0.1805680
2026-09-03 17:40:04.383 9 INFO neutron.services.segments.plugin [-] Segment 8476707b-b891-406f-a581-70e85b7a2d7c resource provider aggregate not found
2026-09-03 17:40:04.391 9 INFO neutron.services.segments.plugin [-] Segment 8476707b-b891-406f-a581-70e85b7a2d7c resource provider aggregate not found
2026-09-03 17:40:04.424 9 INFO neutron.services.segments.plugin [-] Segment 8476707b-b891-406f-a581-70e85b7a2d7c resource provider not found; error: Placement Client Error (4xx): {"errors": [{"status": 404, "title": "Not Found", "detail": "The resource could not be found.\n\n No resource provider with uuid 8476707b-b891-406f-a581-70e85b7a2d7c found for delete ", "request_id": "req-540815ff-f2b9-4020-9854-5be121082700"}]}
2026-09-03 17:40:04.428 9 INFO neutron.services.segments.plugin [-] Segment 8476707b-b891-406f-a581-70e85b7a2d7c resource provider not found; error: Placement Client Error (4xx): {"errors": [{"status": 404, "title": "Not Found", "detail": "The resource could not be found.\n\n No resource provider with uuid 8476707b-b891-406f-a581-70e85b7a2d7c found for delete ", "request_id": "req-00e5fef1-693f-44b3-80cf-d4c1c4c817b8"}]}
2026-09-03 17:40:04.503 10 INFO neutron.wsgi [None req-8ca343c9-d986-4e80-a4db-fda2fbea5e22 8683bf07304f4692a042f736afa186f7 33988093ee3443979a0495eacaa13164 - - default default] 10.0.0.221 "DELETE /v2.0/security-groups/d422882d-e37e-4469-b72f-973354e58444 HTTP/1.1" status: 204 len: 168 time: 0.1964710
2026-09-03 17:40:04.626 9 INFO neutron.db.ovn_revision_numbers_db [None req-01983eec-50de-4e2d-a6b3-9ca34431fe0d - - - - - -] Successfully bumped revision number for resource 37fbe4a8-e42a-4bfa-89ac-878c63cf46f8 (type: ports) to 2
2026-09-03 17:40:04.947 9 INFO neutron.db.ovn_revision_numbers_db [None req-01983eec-50de-4e2d-a6b3-9ca34431fe0d - - - - - -] Successfully bumped revision number for resource 37fbe4a8-e42a-4bfa-89ac-878c63cf46f8 (type: ports) to 4
2026-09-03 17:40:04.950 9 INFO neutron.wsgi [req-e7a6c7f8-be03-4977-9987-b2faeb0fb73e req-20a44903-dddd-478e-a8e6-375aa1af2814 ae14d269361247dba8194315d3848ffa 55eae20e49e74ac9b0552c1cfbde90d7 - - 51da7a234397460f8be2b7ea273ee490 51da7a234397460f8be2b7ea273ee490] 10.0.0.238 "GET /v2.0/ports?device_id=93a0adc0-c042-4a01-ad20-8f5fa860dcd5 HTTP/1.1" status: 200 len: 1409 time: 0.3297231
2026-09-03 17:40:05.007 9 INFO neutron.db.ovn_revision_numbers_db [None req-0635bb98-f0bc-4903-9ed8-8f19af02e49d 8683bf07304f4692a042f736afa186f7 33988093ee3443979a0495eacaa13164 - - default default] Successfully bumped revision number for resource c4c91c24-9143-406a-a9ac-b0c8aaf286df (type: router_ports) to 1
2026-09-03 17:40:05.034 9 INFO neutron.wsgi [req-e7a6c7f8-be03-4977-9987-b2faeb0fb73e req-03ca9db9-5451-43bf-ae5e-3466531e907a ae14d269361247dba8194315d3848ffa 55eae20e49e74ac9b0552c1cfbde90d7 - - 51da7a234397460f8be2b7ea273ee490 51da7a234397460f8be2b7ea273ee490] 10.0.0.238 "GET /v2.0/security-groups?id=01bcbde9-b1c8-4811-9c1c-cd935926f542&fields=id&fields=name HTTP/1.1" status: 200 len: 313 time: 0.0693576
2026-09-03 17:40:05.125 10 INFO neutron.plugins.ml2.drivers.ovn.mech_driver.mech_driver [None req-7f4d04f4-56b4-477f-be44-d33eed2c4706 - - - - - -] OVN reports status up for port: c4c91c24-9143-406a-a9ac-b0c8aaf286df
2026-09-03 17:40:05.141 10 INFO neutron.plugins.ml2.plugin [None req-7f4d04f4-56b4-477f-be44-d33eed2c4706 - - - - - -] Attempt 1 to provision port c4c91c24-9143-406a-a9ac-b0c8aaf286df
2026-09-03 17:40:05.209 9 INFO neutron.db.ovn_revision_numbers_db [None req-0635bb98-f0bc-4903-9ed8-8f19af02e49d 8683bf07304f4692a042f736afa186f7 33988093ee3443979a0495eacaa13164 - - default default] Successfully bumped revision number for resource c4c91c24-9143-406a-a9ac-b0c8aaf286df (type: ports) to 1
2026-09-03 17:40:05.279 9 INFO neutron.db.ovn_revision_numbers_db [None req-01983eec-50de-4e2d-a6b3-9ca34431fe0d - - - - - -] Successfully bumped revision number for resource 37fbe4a8-e42a-4bfa-89ac-878c63cf46f8 (type: router_ports) to 4
2026-09-03 17:40:05.292 9 WARNING neutron.scheduler.dhcp_agent_scheduler [None req-0635bb98-f0bc-4903-9ed8-8f19af02e49d 8683bf07304f4692a042f736afa186f7 33988093ee3443979a0495eacaa13164 - - default default] No more DHCP agents
2026-09-03 17:40:05.293 9 WARNING neutron.api.rpc.agentnotifiers.dhcp_rpc_agent_api [None req-0635bb98-f0bc-4903-9ed8-8f19af02e49d 8683bf07304f4692a042f736afa186f7 33988093ee3443979a0495eacaa13164 - - default default] Unable to schedule network 0402f8ca-f6ed-49c4-8f8f-cf3525e10f1f: no agents available; will retry on subsequent port and subnet creation events.
2026-09-03 17:40:05.422 10 INFO neutron.db.ovn_revision_numbers_db [None req-7f4d04f4-56b4-477f-be44-d33eed2c4706 - - - - - -] Successfully bumped revision number for resource c4c91c24-9143-406a-a9ac-b0c8aaf286df (type: ports) to 2
2026-09-03 17:40:05.548 10 INFO neutron.db.ovn_revision_numbers_db [None req-7f4d04f4-56b4-477f-be44-d33eed2c4706 - - - - - -] Successfully bumped revision number for resource c4c91c24-9143-406a-a9ac-b0c8aaf286df (type: router_ports) to 2
2026-09-03 17:40:05.766 9 INFO neutron.db.ovn_revision_numbers_db [None req-0635bb98-f0bc-4903-9ed8-8f19af02e49d 8683bf07304f4692a042f736afa186f7 33988093ee3443979a0495eacaa13164 - - default default] Successfully bumped revision number for resource c4c91c24-9143-406a-a9ac-b0c8aaf286df (type: router_ports) to 2
2026-09-03 17:40:05.768 9 INFO neutron.wsgi [None req-0635bb98-f0bc-4903-9ed8-8f19af02e49d 8683bf07304f4692a042f736afa186f7 33988093ee3443979a0495eacaa13164 - - default default] 10.0.0.221 "PUT /v2.0/routers/3c132fb3-ecf7-43d0-8b2f-e703526aa2ed/add_router_interface HTTP/1.1" status: 200 len: 503 time: 2.8950973
2026-09-03 17:40:06.029 10 INFO neutron.wsgi [req-5902231c-e663-4590-a309-5ab4ee4953af req-f5f25f9f-869a-48af-89b4-976fd85145e5 b6e27e4c17144f079a8a324c171c6ae2 f0085bf77d62460c96d3517193fdf02f - - default default] 10.0.0.45 "GET /v2.0/ports?device_id=93a0adc0-c042-4a01-ad20-8f5fa860dcd5 HTTP/1.1" status: 200 len: 1170 time: 0.1261678
2026-09-03 17:40:06.115 10 INFO neutron.wsgi [req-d3b23e0d-6e5e-42ed-8f32-5095250a10c4 req-8fa224f9-bbb5-42f0-acc4-8d85486e0b54 b6e27e4c17144f079a8a324c171c6ae2 f0085bf77d62460c96d3517193fdf02f - - default default] 10.0.0.45 "GET /v2.0/ports/80c72cd1-a587-487c-8ff1-18dee22128b1 HTTP/1.1" status: 200 len: 1167 time: 0.0329070
2026-09-03 17:40:06.417 9 INFO neutron.wsgi [req-652d2bb3-2131-44fe-a25b-1abc63227fa4 req-24d84cac-a6c6-4301-950d-2bf18ba84875 b6e27e4c17144f079a8a324c171c6ae2 f0085bf77d62460c96d3517193fdf02f - - default default] 162.253.55.242 "GET /v2.0/subnets?network_id=6b2af94e-bee7-4fc5-8732-8c54f6eaee1c HTTP/1.1" status: 200 len: 859 time: 0.1032712
2026-09-03 17:40:06.449 10 INFO neutron.db.ovn_revision_numbers_db [None req-06fb8941-d7e9-4809-b892-7ee3bdcd3e48 8683bf07304f4692a042f736afa186f7 33988093ee3443979a0495eacaa13164 - - default default] Successfully bumped revision number for resource 554797f8-7acc-4d9c-8460-a515dd8905ec (type: security_groups) to 1
2026-09-03 17:40:06.472 10 INFO neutron.db.ovn_revision_numbers_db [None req-06fb8941-d7e9-4809-b892-7ee3bdcd3e48 8683bf07304f4692a042f736afa186f7 33988093ee3443979a0495eacaa13164 - - default default] Successfully bumped revision number for resource 4181c6a2-590e-4d9b-a845-6240ab048a67 (type: security_group_rules) to 0
