2026-09-03 17:40:39.770 10 INFO neutron.wsgi [req-1570dab8-cf6a-43d2-b32f-3a5b2aee2c2d req-7791f5bc-ae80-47a6-832a-adb0c701fb31 ea7dbb6f692c4169852908313b8c4ab1 d08a2e51a528427ebad2f2e172837f44 - - default default] 10.0.0.45 "GET /v2.0/security-groups?id=30bb43ab-bbb1-44bf-9395-da1f6951b8aa&fields=id&fields=name HTTP/1.1" status: 200 len: 312 time: 0.0433066
2026-09-03 17:40:39.806 9 INFO neutron.wsgi [req-6c0bce65-1e92-4d92-896a-df6cd5261991 req-880471d9-f031-45a5-9ec3-a2cfc287ccf5 ae14d269361247dba8194315d3848ffa 55eae20e49e74ac9b0552c1cfbde90d7 - - 51da7a234397460f8be2b7ea273ee490 51da7a234397460f8be2b7ea273ee490] 162.253.55.242 "GET /v2.0/networks?id=f7b13784-c96d-41bf-acf7-ed2b3aaa0d17 HTTP/1.1" status: 200 len: 974 time: 0.0908313
2026-09-03 17:40:39.818 10 INFO neutron.wsgi [None req-bd46ce7f-e373-4fc5-8871-1fe904d5593d 34cdb09dc94e4c778a16cf1e74b43f4a 20055ab8d38f41b28319adce8f2e1c7c - - default default] 10.0.0.221 "DELETE /v2.0/ports/2c4b252f-b088-4671-b480-64bc31dbf59f HTTP/1.1" status: 204 len: 168 time: 0.3323917
2026-09-03 17:40:39.833 9 INFO neutron.plugins.ml2.drivers.ovn.mech_driver.mech_driver [None req-fe415599-5e44-400f-bc45-131f6f4fdd6c - - - - - -] OVN reports status up for port: 2ee048f4-67b1-415f-88eb-6e752df90e28
2026-09-03 17:40:39.837 9 INFO neutron.wsgi [req-6c0bce65-1e92-4d92-896a-df6cd5261991 req-a2971bf0-2a24-4a09-967c-de244758c0b4 ae14d269361247dba8194315d3848ffa 55eae20e49e74ac9b0552c1cfbde90d7 - - 51da7a234397460f8be2b7ea273ee490 51da7a234397460f8be2b7ea273ee490] 162.253.55.242 "GET /v2.0/floatingips?fixed_ip_address=10.100.0.8&port_id=2ee048f4-67b1-415f-88eb-6e752df90e28 HTTP/1.1" status: 200 len: 217 time: 0.0237570
2026-09-03 17:40:39.861 9 INFO neutron.plugins.ml2.plugin [None req-fe415599-5e44-400f-bc45-131f6f4fdd6c - - - - - -] Attempt 1 to provision port 2ee048f4-67b1-415f-88eb-6e752df90e28
2026-09-03 17:40:39.899 9 INFO neutron.wsgi [req-6c0bce65-1e92-4d92-896a-df6cd5261991 req-d23e1158-7d03-4525-ad06-d5baf439b562 ae14d269361247dba8194315d3848ffa 55eae20e49e74ac9b0552c1cfbde90d7 - - 51da7a234397460f8be2b7ea273ee490 51da7a234397460f8be2b7ea273ee490] 162.253.55.242 "GET /v2.0/subnets?id=bb934bac-7938-43cc-8376-5a1fca9454ae HTTP/1.1" status: 200 len: 869 time: 0.0558958
2026-09-03 17:40:39.933 9 INFO neutron.wsgi [req-6c0bce65-1e92-4d92-896a-df6cd5261991 req-f007c461-42ee-4581-8ddd-641c0845d066 ae14d269361247dba8194315d3848ffa 55eae20e49e74ac9b0552c1cfbde90d7 - - 51da7a234397460f8be2b7ea273ee490 51da7a234397460f8be2b7ea273ee490] 162.253.55.242 "GET /v2.0/ports?network_id=f7b13784-c96d-41bf-acf7-ed2b3aaa0d17&device_owner=network%3Adhcp HTTP/1.1" status: 200 len: 210 time: 0.0258384
2026-09-03 17:40:40.037 9 INFO neutron.wsgi [req-6c0bce65-1e92-4d92-896a-df6cd5261991 req-2caf1822-a6f4-4cd0-825a-c24b0bb06903 ae14d269361247dba8194315d3848ffa 55eae20e49e74ac9b0552c1cfbde90d7 - - 51da7a234397460f8be2b7ea273ee490 51da7a234397460f8be2b7ea273ee490] 162.253.55.242 "GET /v2.0/networks/f7b13784-c96d-41bf-acf7-ed2b3aaa0d17?fields=segments HTTP/1.1" status: 200 len: 212 time: 0.0956600
2026-09-03 17:40:40.054 10 INFO neutron.wsgi [None req-aa87ff81-9d60-41a5-971b-96400e1a8620 34cdb09dc94e4c778a16cf1e74b43f4a 20055ab8d38f41b28319adce8f2e1c7c - - default default] 10.0.0.221 "DELETE /v2.0/ports/4a54153f-aace-40d0-a58c-f94671997425 HTTP/1.1" status: 204 len: 168 time: 0.2300363
2026-09-03 17:40:40.083 9 WARNING neutron.scheduler.dhcp_agent_scheduler [None req-a936a905-2b9a-4a69-9c0f-d3772ed8d10a c220d04d04a54922b8c4e0aeada65f1a 5f31408f94d342a39ac6ed0482d06ce6 - - default default] No more DHCP agents
2026-09-03 17:40:40.090 10 INFO neutron.wsgi [None req-4556bb0b-a50b-4096-b51d-3a363f6e9fa5 34cdb09dc94e4c778a16cf1e74b43f4a 20055ab8d38f41b28319adce8f2e1c7c - - default default] 10.0.0.221 "GET /v2.0/ports HTTP/1.1" status: 200 len: 1718 time: 0.0330575
2026-09-03 17:40:40.094 9 WARNING neutron.api.rpc.agentnotifiers.dhcp_rpc_agent_api [None req-a936a905-2b9a-4a69-9c0f-d3772ed8d10a c220d04d04a54922b8c4e0aeada65f1a 5f31408f94d342a39ac6ed0482d06ce6 - - default default] Unable to schedule network 411bb8d8-bb4b-4e6d-91c2-5030e7e629a7: no agents available; will retry on subsequent port and subnet creation events.
2026-09-03 17:40:40.164 9 INFO neutron.wsgi [req-6c0bce65-1e92-4d92-896a-df6cd5261991 req-98999363-423e-4f1b-8564-7a40b70e7e08 ae14d269361247dba8194315d3848ffa 55eae20e49e74ac9b0552c1cfbde90d7 - - 51da7a234397460f8be2b7ea273ee490 51da7a234397460f8be2b7ea273ee490] 162.253.55.242 "GET /v2.0/networks/f7b13784-c96d-41bf-acf7-ed2b3aaa0d17?fields=provider%3Aphysical_network&fields=provider%3Anetwork_type HTTP/1.1" status: 200 len: 277 time: 0.1115997
2026-09-03 17:40:40.193 10 INFO neutron.db.segments_db [None req-0a806884-70a3-4352-9841-5d99eee98508 34cdb09dc94e4c778a16cf1e74b43f4a 20055ab8d38f41b28319adce8f2e1c7c - - default default] Added segment 0459d26e-d648-40cf-8549-c8eb59b91cb2 of type geneve for network df22ba62-e515-40c2-b2c8-5dfdb9dc5260
2026-09-03 17:40:40.215 9 INFO neutron.db.ovn_revision_numbers_db [None req-a936a905-2b9a-4a69-9c0f-d3772ed8d10a c220d04d04a54922b8c4e0aeada65f1a 5f31408f94d342a39ac6ed0482d06ce6 - - default default] Successfully bumped revision number for resource 098c157c-0a1a-477f-84a8-d8f73d789cdc (type: ports) to 1
2026-09-03 17:40:40.242 9 INFO neutron.wsgi [None req-a936a905-2b9a-4a69-9c0f-d3772ed8d10a c220d04d04a54922b8c4e0aeada65f1a 5f31408f94d342a39ac6ed0482d06ce6 - - default default] 10.0.0.221 "POST /v2.0/networks HTTP/1.1" status: 201 len: 1443 time: 2.1538453
2026-09-03 17:40:40.263 9 INFO neutron.db.ovn_revision_numbers_db [None req-fe415599-5e44-400f-bc45-131f6f4fdd6c - - - - - -] Successfully bumped revision number for resource 2ee048f4-67b1-415f-88eb-6e752df90e28 (type: ports) to 4
2026-09-03 17:40:40.331 10 INFO neutron.db.ovn_revision_numbers_db [None req-0a806884-70a3-4352-9841-5d99eee98508 34cdb09dc94e4c778a16cf1e74b43f4a 20055ab8d38f41b28319adce8f2e1c7c - - default default] Successfully bumped revision number for resource df22ba62-e515-40c2-b2c8-5dfdb9dc5260 (type: networks) to 1
2026-09-03 17:40:40.401 10 INFO neutron.wsgi [None req-4819e7bb-8de8-428a-b4f0-02e9692a15bb c220d04d04a54922b8c4e0aeada65f1a 5f31408f94d342a39ac6ed0482d06ce6 - - default default] 10.0.0.221 "GET /v2.0/networks HTTP/1.1" status: 200 len: 2049 time: 0.1544156 /var/lib/openstack/lib/python3.10/site-packages/pycadf/identifier.py:71: UserWarning: Invalid uuid: neutron. To ensure interoperability, identifiers should be a valid uuid. warnings.warn(('Invalid uuid: %s. To ensure interoperability, '
2026-09-03 17:40:40.585 10 WARNING neutron.scheduler.dhcp_agent_scheduler [None req-0a806884-70a3-4352-9841-5d99eee98508 34cdb09dc94e4c778a16cf1e74b43f4a 20055ab8d38f41b28319adce8f2e1c7c - - default default] No more DHCP agents
2026-09-03 17:40:40.587 10 WARNING neutron.api.rpc.agentnotifiers.dhcp_rpc_agent_api [None req-0a806884-70a3-4352-9841-5d99eee98508 34cdb09dc94e4c778a16cf1e74b43f4a 20055ab8d38f41b28319adce8f2e1c7c - - default default] Unable to schedule network df22ba62-e515-40c2-b2c8-5dfdb9dc5260: no agents available; will retry on subsequent port and subnet creation events.
2026-09-03 17:40:40.678 10 INFO neutron.db.ovn_revision_numbers_db [None req-0a806884-70a3-4352-9841-5d99eee98508 34cdb09dc94e4c778a16cf1e74b43f4a 20055ab8d38f41b28319adce8f2e1c7c - - default default] Successfully bumped revision number for resource 476f98e6-8b11-40ab-90ae-a4dd0f570241 (type: ports) to 1
2026-09-03 17:40:40.699 10 INFO neutron.wsgi [None req-0a806884-70a3-4352-9841-5d99eee98508 34cdb09dc94e4c778a16cf1e74b43f4a 20055ab8d38f41b28319adce8f2e1c7c - - default default] 10.0.0.221 "POST /v2.0/networks HTTP/1.1" status: 201 len: 853 time: 0.6026218
2026-09-03 17:40:40.805 9 INFO neutron.services.segments.plugin [-] Segment ca31d187-34a6-422e-bede-74eb88ea96fc resource provider aggregate not found
2026-09-03 17:40:40.810 10 INFO neutron.db.segments_db [None req-8c20b109-4d75-48a2-9f13-26126a6edb6d 34cdb09dc94e4c778a16cf1e74b43f4a 20055ab8d38f41b28319adce8f2e1c7c - - default default] Added segment 5fbdfefd-72e1-404d-aefa-3e0ecfe03dc2 of type geneve for network db8d008e-55c7-4eec-a579-20cccfe2321a
2026-09-03 17:40:40.812 9 INFO neutron.services.segments.plugin [-] Segment ca31d187-34a6-422e-bede-74eb88ea96fc resource provider aggregate not found
2026-09-03 17:40:40.826 9 INFO neutron.services.segments.plugin [-] Segment ca31d187-34a6-422e-bede-74eb88ea96fc resource provider not found; error: Placement Client Error (4xx): {"errors": [{"status": 404, "title": "Not Found", "detail": "The resource could not be found.\n\n No resource provider with uuid ca31d187-34a6-422e-bede-74eb88ea96fc found for delete ", "request_id": "req-13990323-f57d-4893-805c-0557994b1c43"}]}
2026-09-03 17:40:40.830 9 INFO neutron.services.segments.plugin [-] Segment ca31d187-34a6-422e-bede-74eb88ea96fc resource provider not found; error: Placement Client Error (4xx): {"errors": [{"status": 404, "title": "Not Found", "detail": "The resource could not be found.\n\n No resource provider with uuid ca31d187-34a6-422e-bede-74eb88ea96fc found for delete ", "request_id": "req-68f18eb2-7515-4ec4-a0e8-d95362fbf456"}]}
2026-09-03 17:40:40.861 9 INFO neutron.wsgi [None req-f791dd40-d28b-4565-a0dd-150e085d22e3 c220d04d04a54922b8c4e0aeada65f1a 5f31408f94d342a39ac6ed0482d06ce6 - - default default] 10.0.0.221 "DELETE /v2.0/networks/e63074eb-4abc-472a-a81f-8ad277a29d71 HTTP/1.1" status: 204 len: 168 time: 0.4547508
2026-09-03 17:40:40.904 10 INFO neutron.wsgi [req-d57071aa-0c87-4b23-8406-7f2198b90fe8 req-6c0c8e21-c8d7-45ef-bf2b-478d19cf3538 ea7dbb6f692c4169852908313b8c4ab1 d08a2e51a528427ebad2f2e172837f44 - - default default] 10.0.0.45 "GET /v2.0/ports?device_id=935b12b8-1937-4a1d-b3b2-88877df6c9a8 HTTP/1.1" status: 200 len: 1170 time: 0.0682201
2026-09-03 17:40:40.994 10 INFO neutron.wsgi [req-d57071aa-0c87-4b23-8406-7f2198b90fe8 req-c91e146e-d009-414d-8fde-ec65f8383138 ea7dbb6f692c4169852908313b8c4ab1 d08a2e51a528427ebad2f2e172837f44 - - default default] 10.0.0.45 "GET /v2.0/security-groups?id=30bb43ab-bbb1-44bf-9395-da1f6951b8aa&fields=id&fields=name HTTP/1.1" status: 200 len: 312 time: 0.0773706
2026-09-03 17:40:41.028 10 INFO neutron.db.ovn_revision_numbers_db [None req-8c20b109-4d75-48a2-9f13-26126a6edb6d 34cdb09dc94e4c778a16cf1e74b43f4a 20055ab8d38f41b28319adce8f2e1c7c - - default default] Successfully bumped revision number for resource db8d008e-55c7-4eec-a579-20cccfe2321a (type: networks) to 1
2026-09-03 17:40:41.254 9 INFO neutron.notifiers.nova [-] Nova event matching ['req-3592b771-9c75-4244-a3c2-e9e268da5ac5'] response: {'server_uuid': '935b12b8-1937-4a1d-b3b2-88877df6c9a8', 'name': 'network-vif-plugged', 'status': 'completed', 'tag': '2ee048f4-67b1-415f-88eb-6e752df90e28', 'code': 200}
2026-09-03 17:40:41.254 9 INFO neutron.notifiers.nova [-] Nova event matching ['req-3592b771-9c75-4244-a3c2-e9e268da5ac5'] response: {'server_uuid': '935b12b8-1937-4a1d-b3b2-88877df6c9a8', 'name': 'network-vif-plugged', 'status': 'completed', 'tag': '2ee048f4-67b1-415f-88eb-6e752df90e28', 'code': 200}
2026-09-03 17:40:41.402 10 WARNING neutron.scheduler.dhcp_agent_scheduler [None req-8c20b109-4d75-48a2-9f13-26126a6edb6d 34cdb09dc94e4c778a16cf1e74b43f4a 20055ab8d38f41b28319adce8f2e1c7c - - default default] No more DHCP agents
2026-09-03 17:40:41.405 10 WARNING neutron.api.rpc.agentnotifiers.dhcp_rpc_agent_api [None req-8c20b109-4d75-48a2-9f13-26126a6edb6d 34cdb09dc94e4c778a16cf1e74b43f4a 20055ab8d38f41b28319adce8f2e1c7c - - default default] Unable to schedule network db8d008e-55c7-4eec-a579-20cccfe2321a: no agents available; will retry on subsequent port and subnet creation events.
2026-09-03 17:40:41.529 10 INFO neutron.db.ovn_revision_numbers_db [None req-8c20b109-4d75-48a2-9f13-26126a6edb6d 34cdb09dc94e4c778a16cf1e74b43f4a 20055ab8d38f41b28319adce8f2e1c7c - - default default] Successfully bumped revision number for resource 9f882fe6-a070-436e-bd2f-0985b038b666 (type: ports) to 1
2026-09-03 17:40:41.541 10 INFO neutron.services.segments.plugin [-] Segment d8cc58af-395f-4481-be31-f15d7344642d resource provider aggregate not found
2026-09-03 17:40:41.546 10 INFO neutron.services.segments.plugin [-] Segment d8cc58af-395f-4481-be31-f15d7344642d resource provider aggregate not found
2026-09-03 17:40:41.559 10 INFO neutron.services.segments.plugin [-] Segment d8cc58af-395f-4481-be31-f15d7344642d resource provider not found; error: Placement Client Error (4xx): {"errors": [{"status": 404, "title": "Not Found", "detail": "The resource could not be found.\n\n No resource provider with uuid d8cc58af-395f-4481-be31-f15d7344642d found for delete ", "request_id": "req-4dcb7466-d402-49c6-b098-46d8ddce9cfc"}]}
2026-09-03 17:40:41.566 10 INFO neutron.services.segments.plugin [-] Segment d8cc58af-395f-4481-be31-f15d7344642d resource provider not found; error: Placement Client Error (4xx): {"errors": [{"status": 404, "title": "Not Found", "detail": "The resource could not be found.\n\n No resource provider with uuid d8cc58af-395f-4481-be31-f15d7344642d found for delete ", "request_id": "req-a37cd07d-5012-4d79-9e8f-d14476b526be"}]}
2026-09-03 17:40:41.568 10 INFO neutron.wsgi [None req-8c20b109-4d75-48a2-9f13-26126a6edb6d 34cdb09dc94e4c778a16cf1e74b43f4a 20055ab8d38f41b28319adce8f2e1c7c - - default default] 10.0.0.221 "POST /v2.0/networks HTTP/1.1" status: 201 len: 853 time: 0.8661389
2026-09-03 17:40:41.584 10 INFO neutron.wsgi [None req-bba4d087-d334-4071-a48c-57c8e40f0999 c220d04d04a54922b8c4e0aeada65f1a 5f31408f94d342a39ac6ed0482d06ce6 - - default default] 10.0.0.221 "DELETE /v2.0/networks/411bb8d8-bb4b-4e6d-91c2-5030e7e629a7 HTTP/1.1" status: 204 len: 168 time: 0.7135148
2026-09-03 17:40:41.701 9 INFO neutron.wsgi [None req-e8abbf88-36d1-489e-ab74-e4563f1f36c1 c220d04d04a54922b8c4e0aeada65f1a 5f31408f94d342a39ac6ed0482d06ce6 - - default default] 10.0.0.221 "GET /v2.0/networks HTTP/1.1" status: 200 len: 845 time: 0.1070597
2026-09-03 17:40:41.813 9 INFO neutron.db.segments_db [None req-4ac368da-5ab0-447f-a7a2-cecf534accf5 c220d04d04a54922b8c4e0aeada65f1a 5f31408f94d342a39ac6ed0482d06ce6 - - default default] Added segment c8653d54-55fa-48c6-8f9c-b1e8552bc19e of type geneve for network b22b091b-7ce1-4eaf-89a2-fb73fcd6020d
2026-09-03 17:40:41.933 9 INFO neutron.db.ovn_revision_numbers_db [None req-4ac368da-5ab0-447f-a7a2-cecf534accf5 c220d04d04a54922b8c4e0aeada65f1a 5f31408f94d342a39ac6ed0482d06ce6 - - default default] Successfully bumped revision number for resource b22b091b-7ce1-4eaf-89a2-fb73fcd6020d (type: networks) to 1
2026-09-03 17:40:42.148 9 WARNING neutron.scheduler.dhcp_agent_scheduler [None req-4ac368da-5ab0-447f-a7a2-cecf534accf5 c220d04d04a54922b8c4e0aeada65f1a 5f31408f94d342a39ac6ed0482d06ce6 - - default default] No more DHCP agents
2026-09-03 17:40:42.152 9 WARNING neutron.api.rpc.agentnotifiers.dhcp_rpc_agent_api [None req-4ac368da-5ab0-447f-a7a2-cecf534accf5 c220d04d04a54922b8c4e0aeada65f1a 5f31408f94d342a39ac6ed0482d06ce6 - - default default] Unable to schedule network b22b091b-7ce1-4eaf-89a2-fb73fcd6020d: no agents available; will retry on subsequent port and subnet creation events.
2026-09-03 17:40:42.237 10 INFO neutron.wsgi [req-5b6bbf12-5805-4bee-ac60-16cd21f4930c req-e7f91305-7baf-4fff-831a-c15f8a776e6f ea7dbb6f692c4169852908313b8c4ab1 d08a2e51a528427ebad2f2e172837f44 - - default default] 10.0.0.45 "GET /v2.0/ports?device_id=935b12b8-1937-4a1d-b3b2-88877df6c9a8 HTTP/1.1" status: 200 len: 1170 time: 0.1333466
2026-09-03 17:40:42.257 9 INFO neutron.db.ovn_revision_numbers_db [None req-4ac368da-5ab0-447f-a7a2-cecf534accf5 c220d04d04a54922b8c4e0aeada65f1a 5f31408f94d342a39ac6ed0482d06ce6 - - default default] Successfully bumped revision number for resource 4c74f88d-4dcf-48ef-ac31-8e470b427ce0 (type: ports) to 1
2026-09-03 17:40:42.279 10 INFO neutron.wsgi [req-5b6bbf12-5805-4bee-ac60-16cd21f4930c req-b8b95c96-20fc-456c-b432-3bc04f826a89 ea7dbb6f692c4169852908313b8c4ab1 d08a2e51a528427ebad2f2e172837f44 - - default default] 10.0.0.45 "GET /v2.0/security-groups?id=30bb43ab-bbb1-44bf-9395-da1f6951b8aa&fields=id&fields=name HTTP/1.1" status: 200 len: 312 time: 0.0347071
2026-09-03 17:40:42.299 9 INFO neutron.wsgi [None req-4ac368da-5ab0-447f-a7a2-cecf534accf5 c220d04d04a54922b8c4e0aeada65f1a 5f31408f94d342a39ac6ed0482d06ce6 - - default default] 10.0.0.221 "POST /v2.0/networks HTTP/1.1" status: 201 len: 849 time: 0.5928636
2026-09-03 17:40:42.370 10 INFO neutron.wsgi [req-7539e89c-d2a4-43df-827a-25f5527be1d7 req-15d44fec-47ed-4341-8a4d-8c660b0d031b ea7dbb6f692c4169852908313b8c4ab1 d08a2e51a528427ebad2f2e172837f44 - - default default] 10.0.0.45 "GET /v2.0/ports?device_id=935b12b8-1937-4a1d-b3b2-88877df6c9a8 HTTP/1.1" status: 200 len: 1170 time: 0.0368254
2026-09-03 17:40:42.492 10 INFO neutron.db.segments_db [None req-ccc333d9-08d8-465c-8404-281d442a00fd c220d04d04a54922b8c4e0aeada65f1a 5f31408f94d342a39ac6ed0482d06ce6 - - default default] Added segment 29ae6b24-45bc-4e92-8f9a-2be741ebc2ea of type geneve for network b9dde2b1-b8ba-4044-b064-9a3c04508433
2026-09-03 17:40:42.506 9 INFO neutron.wsgi [-] 10.0.0.90 "GET / HTTP/1.1" status: 200 len: 247 time: 0.0046201
2026-09-03 17:40:42.509 9 INFO neutron.wsgi [-] 10.0.0.90 "GET / HTTP/1.1" status: 200 len: 247 time: 0.0022779
2026-09-03 17:40:42.638 9 WARNING neutron.scheduler.dhcp_agent_scheduler [None req-cea3cd63-a2a9-44a0-bb96-96126b3e685e 34cdb09dc94e4c778a16cf1e74b43f4a 20055ab8d38f41b28319adce8f2e1c7c - - default default] No more DHCP agents
2026-09-03 17:40:42.640 9 WARNING neutron.api.rpc.agentnotifiers.dhcp_rpc_agent_api [None req-cea3cd63-a2a9-44a0-bb96-96126b3e685e 34cdb09dc94e4c778a16cf1e74b43f4a 20055ab8d38f41b28319adce8f2e1c7c - - default default] Unable to schedule network df22ba62-e515-40c2-b2c8-5dfdb9dc5260: no agents available; will retry on subsequent port and subnet creation events.
2026-09-03 17:40:42.689 9 INFO neutron.db.ovn_revision_numbers_db [None req-cea3cd63-a2a9-44a0-bb96-96126b3e685e 34cdb09dc94e4c778a16cf1e74b43f4a 20055ab8d38f41b28319adce8f2e1c7c - - default default] Successfully bumped revision number for resource c1ccf1d6-0132-4e89-a664-c48e8d9658ba (type: subnets) to 0
2026-09-03 17:40:42.711 9 WARNING neutron.scheduler.dhcp_agent_scheduler [None req-cea3cd63-a2a9-44a0-bb96-96126b3e685e 34cdb09dc94e4c778a16cf1e74b43f4a 20055ab8d38f41b28319adce8f2e1c7c - - default default] No more DHCP agents
2026-09-03 17:40:42.714 9 WARNING neutron.api.rpc.agentnotifiers.dhcp_rpc_agent_api [None req-cea3cd63-a2a9-44a0-bb96-96126b3e685e 34cdb09dc94e4c778a16cf1e74b43f4a 20055ab8d38f41b28319adce8f2e1c7c - - default default] Unable to schedule network db8d008e-55c7-4eec-a579-20cccfe2321a: no agents available; will retry on subsequent port and subnet creation events.
2026-09-03 17:40:42.718 10 INFO neutron.db.ovn_revision_numbers_db [None req-ccc333d9-08d8-465c-8404-281d442a00fd c220d04d04a54922b8c4e0aeada65f1a 5f31408f94d342a39ac6ed0482d06ce6 - - default default] Successfully bumped revision number for resource b9dde2b1-b8ba-4044-b064-9a3c04508433 (type: networks) to 1
2026-09-03 17:40:42.720 10 INFO neutron.db.l3_db [None req-d42d1f38-0e4b-462e-8a47-b5e208401c19 ea7dbb6f692c4169852908313b8c4ab1 d08a2e51a528427ebad2f2e172837f44 - - default default] Floating IP f53ae715-4329-44e7-a132-2edaca12019a associated. External IP: 10.96.250.218, port: 2ee048f4-67b1-415f-88eb-6e752df90e28.
2026-09-03 17:40:42.742 9 INFO neutron.db.ovn_revision_numbers_db [None req-cea3cd63-a2a9-44a0-bb96-96126b3e685e 34cdb09dc94e4c778a16cf1e74b43f4a 20055ab8d38f41b28319adce8f2e1c7c - - default default] Successfully bumped revision number for resource 4fce7e68-d8bd-4fa2-acff-9de89047052e (type: subnets) to 0
2026-09-03 17:40:42.757 9 INFO neutron.wsgi [None req-cea3cd63-a2a9-44a0-bb96-96126b3e685e 34cdb09dc94e4c778a16cf1e74b43f4a 20055ab8d38f41b28319adce8f2e1c7c - - default default] 10.0.0.221 "POST /v2.0/subnets HTTP/1.1" status: 201 len: 1475 time: 0.7282276
2026-09-03 17:40:42.811 9 INFO neutron.wsgi [None req-30cfd259-9bdd-40c1-afaf-6ffc985a47c5 34cdb09dc94e4c778a16cf1e74b43f4a 20055ab8d38f41b28319adce8f2e1c7c - - default default] 10.0.0.221 "GET /v2.0/subnets HTTP/1.1" status: 200 len: 2083 time: 0.0478098
2026-09-03 17:40:42.922 10 WARNING neutron.scheduler.dhcp_agent_scheduler [None req-ccc333d9-08d8-465c-8404-281d442a00fd c220d04d04a54922b8c4e0aeada65f1a 5f31408f94d342a39ac6ed0482d06ce6 - - default default] No more DHCP agents
2026-09-03 17:40:42.924 10 WARNING neutron.api.rpc.agentnotifiers.dhcp_rpc_agent_api [None req-ccc333d9-08d8-465c-8404-281d442a00fd c220d04d04a54922b8c4e0aeada65f1a 5f31408f94d342a39ac6ed0482d06ce6 - - default default] Unable to schedule network b9dde2b1-b8ba-4044-b064-9a3c04508433: no agents available; will retry on subsequent port and subnet creation events.
2026-09-03 17:40:42.957 10 INFO neutron.db.ovn_revision_numbers_db [None req-d42d1f38-0e4b-462e-8a47-b5e208401c19 ea7dbb6f692c4169852908313b8c4ab1 d08a2e51a528427ebad2f2e172837f44 - - default default] Successfully bumped revision number for resource f53ae715-4329-44e7-a132-2edaca12019a (type: floatingips) to 1
2026-09-03 17:40:43.022 10 INFO neutron.db.ovn_revision_numbers_db [None req-ccc333d9-08d8-465c-8404-281d442a00fd c220d04d04a54922b8c4e0aeada65f1a 5f31408f94d342a39ac6ed0482d06ce6 - - default default] Successfully bumped revision number for resource bccce950-ca52-401d-beae-a4f212fb67ee (type: ports) to 1
2026-09-03 17:40:43.033 9 INFO neutron.wsgi [None req-f055aa4c-a7b4-4055-85f6-028b3e0911a5 34cdb09dc94e4c778a16cf1e74b43f4a 20055ab8d38f41b28319adce8f2e1c7c - - default default] 10.0.0.221 "DELETE /v2.0/subnets/c1ccf1d6-0132-4e89-a664-c48e8d9658ba HTTP/1.1" status: 204 len: 168 time: 0.2139342
2026-09-03 17:40:43.060 10 INFO neutron.wsgi [None req-ccc333d9-08d8-465c-8404-281d442a00fd c220d04d04a54922b8c4e0aeada65f1a 5f31408f94d342a39ac6ed0482d06ce6 - - default default] 10.0.0.221 "POST /v2.0/networks HTTP/1.1" status: 201 len: 849 time: 0.7514551 /var/lib/openstack/lib/python3.10/site-packages/pycadf/identifier.py:71: UserWarning: Invalid uuid: neutron. To ensure interoperability, identifiers should be a valid uuid. warnings.warn(('Invalid uuid: %s. To ensure interoperability, '
2026-09-03 17:40:43.100 10 INFO neutron.db.ovn_revision_numbers_db [None req-d42d1f38-0e4b-462e-8a47-b5e208401c19 ea7dbb6f692c4169852908313b8c4ab1 d08a2e51a528427ebad2f2e172837f44 - - default default] Successfully bumped revision number for resource f53ae715-4329-44e7-a132-2edaca12019a (type: floatingips) to 2
2026-09-03 17:40:43.137 10 INFO neutron.wsgi [None req-d42d1f38-0e4b-462e-8a47-b5e208401c19 ea7dbb6f692c4169852908313b8c4ab1 d08a2e51a528427ebad2f2e172837f44 - - default default] 10.0.0.221 "PUT /v2.0/floatingips/f53ae715-4329-44e7-a132-2edaca12019a HTTP/1.1" status: 200 len: 1049 time: 0.7510819
2026-09-03 17:40:43.219 10 INFO neutron.notifiers.nova [-] Nova event matching ['req-0a72e750-d3bf-4988-952b-9b3bbc0aab1a'] response: {'name': 'network-changed', 'server_uuid': '935b12b8-1937-4a1d-b3b2-88877df6c9a8', 'tag': '2ee048f4-67b1-415f-88eb-6e752df90e28', 'status': 'completed', 'code': 200}
2026-09-03 17:40:43.268 9 INFO neutron.wsgi [req-89b4e0e7-edec-4a07-8090-18ee325c4e8b req-4184acc2-351c-47c0-bee9-65dcb4275fcd ae14d269361247dba8194315d3848ffa 55eae20e49e74ac9b0552c1cfbde90d7 - - 51da7a234397460f8be2b7ea273ee490 51da7a234397460f8be2b7ea273ee490] 162.253.55.242 "GET /v2.0/ports?tenant_id=d08a2e51a528427ebad2f2e172837f44&device_id=935b12b8-1937-4a1d-b3b2-88877df6c9a8 HTTP/1.1" status: 200 len: 1409 time: 0.0399494
2026-09-03 17:40:43.384 10 INFO neutron.wsgi [None req-b675e833-e1cc-421c-9323-9a9e6fefe028 34cdb09dc94e4c778a16cf1e74b43f4a 20055ab8d38f41b28319adce8f2e1c7c - - default default] 10.0.0.221 "DELETE /v2.0/subnets/4fce7e68-d8bd-4fa2-acff-9de89047052e HTTP/1.1" status: 204 len: 168 time: 0.3424270
2026-09-03 17:40:43.470 10 INFO neutron.wsgi [None req-12f1f532-03ff-4ba1-a459-3790468a9baf 34cdb09dc94e4c778a16cf1e74b43f4a 20055ab8d38f41b28319adce8f2e1c7c - - default default] 10.0.0.221 "GET /v2.0/subnets HTTP/1.1" status: 200 len: 820 time: 0.0795255
2026-09-03 17:40:43.619 9 INFO neutron.wsgi [req-89b4e0e7-edec-4a07-8090-18ee325c4e8b req-70e48775-46c5-4f64-bf16-ec72c910fdb4 ae14d269361247dba8194315d3848ffa 55eae20e49e74ac9b0552c1cfbde90d7 - - 51da7a234397460f8be2b7ea273ee490 51da7a234397460f8be2b7ea273ee490] 162.253.55.242 "GET /v2.0/networks?id=f7b13784-c96d-41bf-acf7-ed2b3aaa0d17 HTTP/1.1" status: 200 len: 974 time: 0.3452706
2026-09-03 17:40:43.676 9 INFO neutron.wsgi [req-89b4e0e7-edec-4a07-8090-18ee325c4e8b req-e511e531-7bd3-4ac3-a6c9-a082102ad71b ae14d269361247dba8194315d3848ffa 55eae20e49e74ac9b0552c1cfbde90d7 - - 51da7a234397460f8be2b7ea273ee490 51da7a234397460f8be2b7ea273ee490] 162.253.55.242 "GET /v2.0/floatingips?fixed_ip_address=10.100.0.8&port_id=2ee048f4-67b1-415f-88eb-6e752df90e28 HTTP/1.1" status: 200 len: 1059 time: 0.0506785
2026-09-03 17:40:43.740 9 INFO neutron.wsgi [req-89b4e0e7-edec-4a07-8090-18ee325c4e8b req-92e2dc0b-7bdb-414d-bdee-67863237daed ae14d269361247dba8194315d3848ffa 55eae20e49e74ac9b0552c1cfbde90d7 - - 51da7a234397460f8be2b7ea273ee490 51da7a234397460f8be2b7ea273ee490] 162.253.55.242 "GET /v2.0/subnets?id=bb934bac-7938-43cc-8376-5a1fca9454ae HTTP/1.1" status: 200 len: 869 time: 0.0562499
2026-09-03 17:40:43.778 10 INFO neutron.services.segments.plugin [-] Segment 5fbdfefd-72e1-404d-aefa-3e0ecfe03dc2 resource provider aggregate not found
2026-09-03 17:40:43.783 10 INFO neutron.services.segments.plugin [-] Segment 5fbdfefd-72e1-404d-aefa-3e0ecfe03dc2 resource provider aggregate not found
2026-09-03 17:40:43.796 9 INFO neutron.wsgi [req-89b4e0e7-edec-4a07-8090-18ee325c4e8b req-bfa63117-694c-4d7f-9e0e-57d30dae1374 ae14d269361247dba8194315d3848ffa 55eae20e49e74ac9b0552c1cfbde90d7 - - 51da7a234397460f8be2b7ea273ee490 51da7a234397460f8be2b7ea273ee490] 162.253.55.242 "GET /v2.0/ports?network_id=f7b13784-c96d-41bf-acf7-ed2b3aaa0d17&device_owner=network%3Adhcp HTTP/1.1" status: 200 len: 210 time: 0.0446744
2026-09-03 17:40:43.798 10 INFO neutron.services.segments.plugin [-] Segment 5fbdfefd-72e1-404d-aefa-3e0ecfe03dc2 resource provider not found; error: Placement Client Error (4xx): {"errors": [{"status": 404, "title": "Not Found", "detail": "The resource could not be found.\n\n No resource provider with uuid 5fbdfefd-72e1-404d-aefa-3e0ecfe03dc2 found for delete ", "request_id": "req-6caa2b60-02ce-49d4-8f3c-498a4d9b3e21"}]}
2026-09-03 17:40:43.802 10 INFO neutron.services.segments.plugin [-] Segment 5fbdfefd-72e1-404d-aefa-3e0ecfe03dc2 resource provider not found; error: Placement Client Error (4xx): {"errors": [{"status": 404, "title": "Not Found", "detail": "The resource could not be found.\n\n No resource provider with uuid 5fbdfefd-72e1-404d-aefa-3e0ecfe03dc2 found for delete ", "request_id": "req-b0bfe728-7a68-4cec-baed-d485a82000df"}]} /var/lib/openstack/lib/python3.10/site-packages/pycadf/identifier.py:71: UserWarning: Invalid uuid: neutron. To ensure interoperability, identifiers should be a valid uuid. warnings.warn(('Invalid uuid: %s. To ensure interoperability, '
2026-09-03 17:40:43.818 10 INFO neutron.wsgi [None req-94dfd3db-31d5-4686-87f7-e94f3c1cfcf3 34cdb09dc94e4c778a16cf1e74b43f4a 20055ab8d38f41b28319adce8f2e1c7c - - default default] 10.0.0.221 "DELETE /v2.0/networks/db8d008e-55c7-4eec-a579-20cccfe2321a HTTP/1.1" status: 204 len: 168 time: 0.3432078
2026-09-03 17:40:43.923 9 INFO neutron.wsgi [req-89b4e0e7-edec-4a07-8090-18ee325c4e8b req-8debd85d-2fdc-47a7-846f-37131275ba52 ae14d269361247dba8194315d3848ffa 55eae20e49e74ac9b0552c1cfbde90d7 - - 51da7a234397460f8be2b7ea273ee490 51da7a234397460f8be2b7ea273ee490] 162.253.55.242 "GET /v2.0/networks/f7b13784-c96d-41bf-acf7-ed2b3aaa0d17?fields=segments HTTP/1.1" status: 200 len: 212 time: 0.1182992
2026-09-03 17:40:44.031 9 INFO neutron.wsgi [req-89b4e0e7-edec-4a07-8090-18ee325c4e8b req-4844d7dc-36ba-45ba-802c-01e2be44bfb5 ae14d269361247dba8194315d3848ffa 55eae20e49e74ac9b0552c1cfbde90d7 - - 51da7a234397460f8be2b7ea273ee490 51da7a234397460f8be2b7ea273ee490] 162.253.55.242 "GET /v2.0/networks/f7b13784-c96d-41bf-acf7-ed2b3aaa0d17?fields=provider%3Aphysical_network&fields=provider%3Anetwork_type HTTP/1.1" status: 200 len: 277 time: 0.0994964
2026-09-03 17:40:44.035 9 WARNING neutron.scheduler.dhcp_agent_scheduler [None req-6b6b79fb-6dce-4626-99b5-a3188f74c7aa c220d04d04a54922b8c4e0aeada65f1a 5f31408f94d342a39ac6ed0482d06ce6 - - default default] No more DHCP agents
2026-09-03 17:40:44.047 9 WARNING neutron.api.rpc.agentnotifiers.dhcp_rpc_agent_api [None req-6b6b79fb-6dce-4626-99b5-a3188f74c7aa c220d04d04a54922b8c4e0aeada65f1a 5f31408f94d342a39ac6ed0482d06ce6 - - default default] Unable to schedule network b22b091b-7ce1-4eaf-89a2-fb73fcd6020d: no agents available; will retry on subsequent port and subnet creation events.
2026-09-03 17:40:44.157 9 INFO neutron.db.ovn_revision_numbers_db [None req-6b6b79fb-6dce-4626-99b5-a3188f74c7aa c220d04d04a54922b8c4e0aeada65f1a 5f31408f94d342a39ac6ed0482d06ce6 - - default default] Successfully bumped revision number for resource 27ee2646-2376-4927-a95f-732635fa5cfb (type: ports) to 1
2026-09-03 17:40:44.188 9 WARNING neutron.scheduler.dhcp_agent_scheduler [None req-6b6b79fb-6dce-4626-99b5-a3188f74c7aa c220d04d04a54922b8c4e0aeada65f1a 5f31408f94d342a39ac6ed0482d06ce6 - - default default] No more DHCP agents
2026-09-03 17:40:44.192 9 WARNING neutron.api.rpc.agentnotifiers.dhcp_rpc_agent_api [None req-6b6b79fb-6dce-4626-99b5-a3188f74c7aa c220d04d04a54922b8c4e0aeada65f1a 5f31408f94d342a39ac6ed0482d06ce6 - - default default] Unable to schedule network b9dde2b1-b8ba-4044-b064-9a3c04508433: no agents available; will retry on subsequent port and subnet creation events.
2026-09-03 17:40:44.286 9 INFO neutron.db.ovn_revision_numbers_db [None req-6b6b79fb-6dce-4626-99b5-a3188f74c7aa c220d04d04a54922b8c4e0aeada65f1a 5f31408f94d342a39ac6ed0482d06ce6 - - default default] Successfully bumped revision number for resource af6c5b89-e10a-497a-8bd6-714a2ff9acc9 (type: ports) to 1
2026-09-03 17:40:44.319 9 INFO neutron.services.segments.plugin [-] Segment 0459d26e-d648-40cf-8549-c8eb59b91cb2 resource provider aggregate not found
2026-09-03 17:40:44.324 9 INFO neutron.services.segments.plugin [-] Segment 0459d26e-d648-40cf-8549-c8eb59b91cb2 resource provider aggregate not found
2026-09-03 17:40:44.346 9 INFO neutron.wsgi [None req-6b6b79fb-6dce-4626-99b5-a3188f74c7aa c220d04d04a54922b8c4e0aeada65f1a 5f31408f94d342a39ac6ed0482d06ce6 - - default default] 10.0.0.221 "POST /v2.0/ports HTTP/1.1" status: 201 len: 1705 time: 1.2805188
2026-09-03 17:40:44.347 9 INFO neutron.services.segments.plugin [-] Segment 0459d26e-d648-40cf-8549-c8eb59b91cb2 resource provider not found; error: Placement Client Error (4xx): {"errors": [{"status": 404, "title": "Not Found", "detail": "The resource could not be found.\n\n No resource provider with uuid 0459d26e-d648-40cf-8549-c8eb59b91cb2 found for delete ", "request_id": "req-616ada88-ae1d-4658-bc4a-a4aefe18e284"}]}
2026-09-03 17:40:44.347 9 INFO neutron.services.segments.plugin [-] Segment 0459d26e-d648-40cf-8549-c8eb59b91cb2 resource provider not found; error: Placement Client Error (4xx): {"errors": [{"status": 404, "title": "Not Found", "detail": "The resource could not be found.\n\n No resource provider with uuid 0459d26e-d648-40cf-8549-c8eb59b91cb2 found for delete ", "request_id": "req-6b33d3d7-b864-44c5-be20-556edccbf737"}]}
2026-09-03 17:40:44.358 9 INFO neutron.wsgi [None req-0831669f-9854-4c94-89af-ef46bb879740 34cdb09dc94e4c778a16cf1e74b43f4a 20055ab8d38f41b28319adce8f2e1c7c - - default default] 10.0.0.221 "DELETE /v2.0/networks/df22ba62-e515-40c2-b2c8-5dfdb9dc5260 HTTP/1.1" status: 204 len: 168 time: 0.5347388 /var/lib/openstack/lib/python3.10/site-packages/pycadf/identifier.py:71: UserWarning: Invalid uuid: neutron. To ensure interoperability, identifiers should be a valid uuid. warnings.warn(('Invalid uuid: %s. To ensure interoperability, '
2026-09-03 17:40:44.534 10 INFO neutron.wsgi [None req-0f194b9e-8bde-44ee-89e6-6cbc63ab55f7 c220d04d04a54922b8c4e0aeada65f1a 5f31408f94d342a39ac6ed0482d06ce6 - - default default] 10.0.0.221 "GET /v2.0/ports HTTP/1.1" status: 200 len: 3212 time: 0.1769037
2026-09-03 17:40:44.786 9 INFO neutron.wsgi [None req-3de3469a-a485-4e9f-ab0a-166bda3d99b8 34cdb09dc94e4c778a16cf1e74b43f4a 20055ab8d38f41b28319adce8f2e1c7c - - default default] 10.0.0.221 "DELETE /v2.0/networks/15597ba6-c263-42b9-b0d1-680dc653e8f4 HTTP/1.1" status: 204 len: 168 time: 0.4212141
2026-09-03 17:40:44.835 10 INFO neutron.wsgi [None req-1aea7052-c15f-4de2-b908-a1f42a26a584 c220d04d04a54922b8c4e0aeada65f1a 5f31408f94d342a39ac6ed0482d06ce6 - - default default] 10.0.0.221 "DELETE /v2.0/ports/27ee2646-2376-4927-a95f-732635fa5cfb HTTP/1.1" status: 204 len: 168 time: 0.2967741
2026-09-03 17:40:45.014 9 INFO neutron.wsgi [req-d75b17d2-01d4-4a33-9430-73b42121d711 req-d89d0ab9-ace9-4c6c-98d2-da98155eb43c ae14d269361247dba8194315d3848ffa 55eae20e49e74ac9b0552c1cfbde90d7 - - 51da7a234397460f8be2b7ea273ee490 51da7a234397460f8be2b7ea273ee490] 162.253.55.242 "GET /v2.0/ports?device_id=935b12b8-1937-4a1d-b3b2-88877df6c9a8&fields=binding%3Ahost_id&fields=binding%3Avif_type HTTP/1.1" status: 200 len: 265 time: 0.0649407
2026-09-03 17:40:45.109 10 INFO neutron.wsgi [None req-3b9e4096-7a45-486e-a45c-4dfe6ec7758c c220d04d04a54922b8c4e0aeada65f1a 5f31408f94d342a39ac6ed0482d06ce6 - - default default] 10.0.0.221 "DELETE /v2.0/ports/af6c5b89-e10a-497a-8bd6-714a2ff9acc9 HTTP/1.1" status: 204 len: 168 time: 0.2703435
2026-09-03 17:40:45.125 9 INFO neutron.wsgi [req-d75b17d2-01d4-4a33-9430-73b42121d711 req-5c2bd6b1-bc1d-4253-89c5-745f54099199 ae14d269361247dba8194315d3848ffa 55eae20e49e74ac9b0552c1cfbde90d7 - - 51da7a234397460f8be2b7ea273ee490 51da7a234397460f8be2b7ea273ee490] 162.253.55.242 "GET /v2.0/ports?tenant_id=d08a2e51a528427ebad2f2e172837f44&device_id=935b12b8-1937-4a1d-b3b2-88877df6c9a8 HTTP/1.1" status: 200 len: 1409 time: 0.0597079
2026-09-03 17:40:45.149 10 INFO neutron.wsgi [None req-f9d2a314-7bbc-4dc1-8e59-a9ece1f06e7e c220d04d04a54922b8c4e0aeada65f1a 5f31408f94d342a39ac6ed0482d06ce6 - - default default] 10.0.0.221 "GET /v2.0/ports HTTP/1.1" status: 200 len: 1718 time: 0.0346527
2026-09-03 17:40:45.220 9 INFO neutron.wsgi [req-d75b17d2-01d4-4a33-9430-73b42121d711 req-9bfed770-ca77-4852-a7a2-43ca4f72e246 ae14d269361247dba8194315d3848ffa 55eae20e49e74ac9b0552c1cfbde90d7 - - 51da7a234397460f8be2b7ea273ee490 51da7a234397460f8be2b7ea273ee490] 162.253.55.242 "GET /v2.0/networks?id=f7b13784-c96d-41bf-acf7-ed2b3aaa0d17 HTTP/1.1" status: 200 len: 974 time: 0.0785770
2026-09-03 17:40:45.231 9 INFO neutron.wsgi [None req-28f1f32b-8abf-4398-805e-6fbae6096255 34cdb09dc94e4c778a16cf1e74b43f4a 20055ab8d38f41b28319adce8f2e1c7c - - default default] 10.0.0.221 "DELETE /v2.0/networks/af26b970-3c33-445e-a7e4-8030e917852c HTTP/1.1" status: 204 len: 168 time: 0.4382780
2026-09-03 17:40:45.244 10 INFO neutron.db.segments_db [None req-55748f0f-e2b8-448f-8b8f-427e09a07ef9 c220d04d04a54922b8c4e0aeada65f1a 5f31408f94d342a39ac6ed0482d06ce6 - - default default] Added segment 3c82380d-4464-405f-857e-8fbf3dd1963f of type geneve for network 907cfb76-2ed2-4862-bddf-f2f861583c4c
2026-09-03 17:40:45.263 9 INFO neutron.wsgi [req-d75b17d2-01d4-4a33-9430-73b42121d711 req-9174d4ca-4cf7-4fe8-a135-d39ac8b9be43 ae14d269361247dba8194315d3848ffa 55eae20e49e74ac9b0552c1cfbde90d7 - - 51da7a234397460f8be2b7ea273ee490 51da7a234397460f8be2b7ea273ee490] 162.253.55.242 "GET /v2.0/floatingips?fixed_ip_address=10.100.0.8&port_id=2ee048f4-67b1-415f-88eb-6e752df90e28 HTTP/1.1" status: 200 len: 1059 time: 0.0352008
2026-09-03 17:40:45.308 9 INFO neutron.wsgi [req-d75b17d2-01d4-4a33-9430-73b42121d711 req-47064370-7df0-42ce-b707-62b7bd451dc7 ae14d269361247dba8194315d3848ffa 55eae20e49e74ac9b0552c1cfbde90d7 - - 51da7a234397460f8be2b7ea273ee490 51da7a234397460f8be2b7ea273ee490] 162.253.55.242 "GET /v2.0/subnets?id=bb934bac-7938-43cc-8376-5a1fca9454ae HTTP/1.1" status: 200 len: 869 time: 0.0369992
2026-09-03 17:40:45.330 9 INFO neutron.wsgi [req-d75b17d2-01d4-4a33-9430-73b42121d711 req-ba9aec88-beb2-415a-b016-387f1f965f90 ae14d269361247dba8194315d3848ffa 55eae20e49e74ac9b0552c1cfbde90d7 - - 51da7a234397460f8be2b7ea273ee490 51da7a234397460f8be2b7ea273ee490] 162.253.55.242 "GET /v2.0/ports?network_id=f7b13784-c96d-41bf-acf7-ed2b3aaa0d17&device_owner=network%3Adhcp HTTP/1.1" status: 200 len: 210 time: 0.0151374
2026-09-03 17:40:45.392 10 INFO neutron.db.ovn_revision_numbers_db [None req-55748f0f-e2b8-448f-8b8f-427e09a07ef9 c220d04d04a54922b8c4e0aeada65f1a 5f31408f94d342a39ac6ed0482d06ce6 - - default default] Successfully bumped revision number for resource 907cfb76-2ed2-4862-bddf-f2f861583c4c (type: networks) to 1
2026-09-03 17:40:45.403 9 INFO neutron.wsgi [req-d75b17d2-01d4-4a33-9430-73b42121d711 req-33466239-f1c3-48c5-a4f9-853ab477c869 ae14d269361247dba8194315d3848ffa 55eae20e49e74ac9b0552c1cfbde90d7 - - 51da7a234397460f8be2b7ea273ee490 51da7a234397460f8be2b7ea273ee490] 162.253.55.242 "GET /v2.0/networks/f7b13784-c96d-41bf-acf7-ed2b3aaa0d17?fields=segments HTTP/1.1" status: 200 len: 212 time: 0.0665534
2026-09-03 17:40:45.462 9 INFO neutron.wsgi [req-d75b17d2-01d4-4a33-9430-73b42121d711 req-8e6cfcef-ada0-49b4-80c0-1e38bf39abe4 ae14d269361247dba8194315d3848ffa 55eae20e49e74ac9b0552c1cfbde90d7 - - 51da7a234397460f8be2b7ea273ee490 51da7a234397460f8be2b7ea273ee490] 162.253.55.242 "GET /v2.0/networks/f7b13784-c96d-41bf-acf7-ed2b3aaa0d17?fields=provider%3Aphysical_network&fields=provider%3Anetwork_type HTTP/1.1" status: 200 len: 277 time: 0.0536437
2026-09-03 17:40:45.570 10 WARNING neutron.scheduler.dhcp_agent_scheduler [None req-55748f0f-e2b8-448f-8b8f-427e09a07ef9 c220d04d04a54922b8c4e0aeada65f1a 5f31408f94d342a39ac6ed0482d06ce6 - - default default] No more DHCP agents
2026-09-03 17:40:45.572 10 WARNING neutron.api.rpc.agentnotifiers.dhcp_rpc_agent_api [None req-55748f0f-e2b8-448f-8b8f-427e09a07ef9 c220d04d04a54922b8c4e0aeada65f1a 5f31408f94d342a39ac6ed0482d06ce6 - - default default] Unable to schedule network 907cfb76-2ed2-4862-bddf-f2f861583c4c: no agents available; will retry on subsequent port and subnet creation events.
2026-09-03 17:40:45.616 10 INFO neutron.db.ovn_revision_numbers_db [None req-94a08efd-c9ae-40b0-958f-d1891c3c36c8 8683bf07304f4692a042f736afa186f7 33988093ee3443979a0495eacaa13164 - - default default] Successfully bumped revision number for resource c2820613-4a53-4d31-8c22-de4b11969325 (type: security_groups) to 1
2026-09-03 17:40:45.641 10 INFO neutron.db.ovn_revision_numbers_db [None req-94a08efd-c9ae-40b0-958f-d1891c3c36c8 8683bf07304f4692a042f736afa186f7 33988093ee3443979a0495eacaa13164 - - default default] Successfully bumped revision number for resource 0108ed80-f5b6-4fc3-9185-93da5b861dcd (type: security_group_rules) to 0
2026-09-03 17:40:45.654 10 INFO neutron.db.ovn_revision_numbers_db [None req-94a08efd-c9ae-40b0-958f-d1891c3c36c8 8683bf07304f4692a042f736afa186f7 33988093ee3443979a0495eacaa13164 - - default default] Successfully bumped revision number for resource 116e1dcc-14b8-4cd5-ab53-7930bbbbadaf (type: security_group_rules) to 0
2026-09-03 17:40:45.657 10 INFO neutron.db.ovn_revision_numbers_db [None req-55748f0f-e2b8-448f-8b8f-427e09a07ef9 c220d04d04a54922b8c4e0aeada65f1a 5f31408f94d342a39ac6ed0482d06ce6 - - default default] Successfully bumped revision number for resource f50b86b6-ca04-4f1b-a78d-2ae8249eecc3 (type: ports) to 1
2026-09-03 17:40:45.665 10 INFO neutron.db.ovn_revision_numbers_db [None req-94a08efd-c9ae-40b0-958f-d1891c3c36c8 8683bf07304f4692a042f736afa186f7 33988093ee3443979a0495eacaa13164 - - default default] Successfully bumped revision number for resource 7895abef-9d0c-4ecd-8164-4c2ccb4d538c (type: security_group_rules) to 0
2026-09-03 17:40:45.677 10 INFO neutron.wsgi [None req-55748f0f-e2b8-448f-8b8f-427e09a07ef9 c220d04d04a54922b8c4e0aeada65f1a 5f31408f94d342a39ac6ed0482d06ce6 - - default default] 10.0.0.221 "POST /v2.0/networks HTTP/1.1" status: 201 len: 848 time: 0.5202277
2026-09-03 17:40:45.677 10 INFO neutron.db.ovn_revision_numbers_db [None req-94a08efd-c9ae-40b0-958f-d1891c3c36c8 8683bf07304f4692a042f736afa186f7 33988093ee3443979a0495eacaa13164 - - default default] Successfully bumped revision number for resource c585a224-457e-4b85-a5cf-4de16eaf9ee4 (type: security_group_rules) to 0
2026-09-03 17:40:45.696 10 INFO neutron.wsgi [None req-94a08efd-c9ae-40b0-958f-d1891c3c36c8 8683bf07304f4692a042f736afa186f7 33988093ee3443979a0495eacaa13164 - - default default] 10.0.0.221 "GET /v2.0/security-groups?tenant_id=4f48c742c02c47a5a51d7776ef62e64d&name=default HTTP/1.1" status: 200 len: 2996 time: 0.4071333
2026-09-03 17:40:45.795 9 INFO neutron.db.segments_db [None req-cf58753f-d048-47e9-a180-f81bf15e0b99 c220d04d04a54922b8c4e0aeada65f1a 5f31408f94d342a39ac6ed0482d06ce6 - - default default] Added segment e0fa44ec-95ac-4108-b073-734e2215fc85 of type geneve for network f9ec3b47-db9d-4672-9236-3cf5aa5a0df9
2026-09-03 17:40:45.858 10 INFO neutron.wsgi [None req-150fb09f-2863-44b8-a18d-1d9c581e3b23 8683bf07304f4692a042f736afa186f7 33988093ee3443979a0495eacaa13164 - - default default] 10.0.0.221 "DELETE /v2.0/security-groups/c2820613-4a53-4d31-8c22-de4b11969325 HTTP/1.1" status: 204 len: 168 time: 0.1570776
2026-09-03 17:40:46.017 9 INFO neutron.db.ovn_revision_numbers_db [None req-cf58753f-d048-47e9-a180-f81bf15e0b99 c220d04d04a54922b8c4e0aeada65f1a 5f31408f94d342a39ac6ed0482d06ce6 - - default default] Successfully bumped revision number for resource f9ec3b47-db9d-4672-9236-3cf5aa5a0df9 (type: networks) to 1
2026-09-03 17:40:46.056 10 INFO neutron.wsgi [None req-704335ea-e9f6-42a3-8212-4843db5fff4a 8683bf07304f4692a042f736afa186f7 33988093ee3443979a0495eacaa13164 - - default default] 10.0.0.221 "GET /v2.0/security-groups?tenant_id=20055ab8d38f41b28319adce8f2e1c7c&name=default HTTP/1.1" status: 200 len: 2996 time: 0.2503331
2026-09-03 17:40:46.175 10 INFO neutron.db.ovn_revision_numbers_db [None req-eff2381d-903f-41a6-a898-6a9c85b1e3ec 8683bf07304f4692a042f736afa186f7 33988093ee3443979a0495eacaa13164 - - default default] Successfully bumped revision number for resource 676465c9-5647-41ca-948c-e16071d28114 (type: security_groups) to 1
2026-09-03 17:40:46.201 10 INFO neutron.db.ovn_revision_numbers_db [None req-eff2381d-903f-41a6-a898-6a9c85b1e3ec 8683bf07304f4692a042f736afa186f7 33988093ee3443979a0495eacaa13164 - - default default] Successfully bumped revision number for resource 40fd99b3-40e2-41bc-a5cf-93ce697835dd (type: security_group_rules) to 0
2026-09-03 17:40:46.224 9 WARNING neutron.scheduler.dhcp_agent_scheduler [None req-cf58753f-d048-47e9-a180-f81bf15e0b99 c220d04d04a54922b8c4e0aeada65f1a 5f31408f94d342a39ac6ed0482d06ce6 - - default default] No more DHCP agents
2026-09-03 17:40:46.224 10 INFO neutron.db.ovn_revision_numbers_db [None req-eff2381d-903f-41a6-a898-6a9c85b1e3ec 8683bf07304f4692a042f736afa186f7 33988093ee3443979a0495eacaa13164 - - default default] Successfully bumped revision number for resource 4ad23722-db8f-4bc6-b252-87040bee498f (type: security_group_rules) to 0
2026-09-03 17:40:46.228 9 WARNING neutron.api.rpc.agentnotifiers.dhcp_rpc_agent_api [None req-cf58753f-d048-47e9-a180-f81bf15e0b99 c220d04d04a54922b8c4e0aeada65f1a 5f31408f94d342a39ac6ed0482d06ce6 - - default default] Unable to schedule network f9ec3b47-db9d-4672-9236-3cf5aa5a0df9: no agents available; will retry on subsequent port and subnet creation events.
2026-09-03 17:40:46.242 10 INFO neutron.db.ovn_revision_numbers_db [None req-eff2381d-903f-41a6-a898-6a9c85b1e3ec 8683bf07304f4692a042f736afa186f7 33988093ee3443979a0495eacaa13164 - - default default] Successfully bumped revision number for resource f67cc8f0-6422-4fc0-8925-92c56eb627ee (type: security_group_rules) to 0
2026-09-03 17:40:46.255 10 INFO neutron.db.ovn_revision_numbers_db [None req-eff2381d-903f-41a6-a898-6a9c85b1e3ec 8683bf07304f4692a042f736afa186f7 33988093ee3443979a0495eacaa13164 - - default default] Successfully bumped revision number for resource f848e57c-a8ce-41b0-8a9b-4a18c7af9c12 (type: security_group_rules) to 0
2026-09-03 17:40:46.276 10 INFO neutron.wsgi [None req-eff2381d-903f-41a6-a898-6a9c85b1e3ec 8683bf07304f4692a042f736afa186f7 33988093ee3443979a0495eacaa13164 - - default default] 10.0.0.221 "GET /v2.0/security-groups?tenant_id=6c5c91bd26164896bd14014e63c0ad61&name=default HTTP/1.1" status: 200 len: 2996 time: 0.2845292
2026-09-03 17:40:46.371 10 INFO neutron.wsgi [None req-0059c323-db06-4fc8-a2f3-00de87164308 8683bf07304f4692a042f736afa186f7 33988093ee3443979a0495eacaa13164 - - default default] 10.0.0.221 "DELETE /v2.0/security-groups/053ef3a2-ee86-4057-b5ec-ed381decbf59 HTTP/1.1" status: 204 len: 168 time: 0.3099291
2026-09-03 17:40:46.372 9 INFO neutron.db.ovn_revision_numbers_db [None req-cf58753f-d048-47e9-a180-f81bf15e0b99 c220d04d04a54922b8c4e0aeada65f1a 5f31408f94d342a39ac6ed0482d06ce6 - - default default] Successfully bumped revision number for resource 498d7e90-ab11-4404-a283-63116f5b9e28 (type: ports) to 1
2026-09-03 17:40:46.387 9 INFO neutron.services.segments.plugin [-] Segment 75c7adc7-a5a3-418c-9e63-2c097459e1d9 resource provider aggregate not found
2026-09-03 17:40:46.394 9 INFO neutron.services.segments.plugin [-] Segment 75c7adc7-a5a3-418c-9e63-2c097459e1d9 resource provider aggregate not found
2026-09-03 17:40:46.424 9 INFO neutron.services.segments.plugin [-] Segment 75c7adc7-a5a3-418c-9e63-2c097459e1d9 resource provider not found; error: Placement Client Error (4xx): {"errors": [{"status": 404, "title": "Not Found", "detail": "The resource could not be found.\n\n No resource provider with uuid 75c7adc7-a5a3-418c-9e63-2c097459e1d9 found for delete ", "request_id": "req-32b1b42a-9ef5-4c49-aa46-761977cdecc4"}]}
2026-09-03 17:40:46.436 9 INFO neutron.services.segments.plugin [-] Segment 75c7adc7-a5a3-418c-9e63-2c097459e1d9 resource provider not found; error: Placement Client Error (4xx): {"errors": [{"status": 404, "title": "Not Found", "detail": "The resource could not be found.\n\n No resource provider with uuid 75c7adc7-a5a3-418c-9e63-2c097459e1d9 found for delete ", "request_id": "req-465a994d-1dcf-4cd0-bbed-d42add08c0fc"}]}
2026-09-03 17:40:46.447 9 INFO neutron.wsgi [None req-cf58753f-d048-47e9-a180-f81bf15e0b99 c220d04d04a54922b8c4e0aeada65f1a 5f31408f94d342a39ac6ed0482d06ce6 - - default default] 10.0.0.221 "POST /v2.0/networks HTTP/1.1" status: 201 len: 848 time: 0.7644010
2026-09-03 17:40:46.459 9 INFO neutron.services.segments.plugin [-] Segment d722705d-8e45-49ec-a2d0-946a4e1fc442 resource provider aggregate not found
2026-09-03 17:40:46.468 9 INFO neutron.services.segments.plugin [-] Segment d722705d-8e45-49ec-a2d0-946a4e1fc442 resource provider aggregate not found
2026-09-03 17:40:46.490 9 INFO neutron.services.segments.plugin [-] Segment d722705d-8e45-49ec-a2d0-946a4e1fc442 resource provider not found; error: Placement Client Error (4xx): {"errors": [{"status": 404, "title": "Not Found", "detail": "The resource could not be found.\n\n No resource provider with uuid d722705d-8e45-49ec-a2d0-946a4e1fc442 found for delete ", "request_id": "req-760b22d2-39c5-4140-9fa8-71274db75cc0"}]}
2026-09-03 17:40:46.495 9 INFO neutron.services.segments.plugin [-] Segment d722705d-8e45-49ec-a2d0-946a4e1fc442 resource provider not found; error: Placement Client Error (4xx): {"errors": [{"status": 404, "title": "Not Found", "detail": "The resource could not be found.\n\n No resource provider with uuid d722705d-8e45-49ec-a2d0-946a4e1fc442 found for delete ", "request_id": "req-bd074f7a-8fb6-42c6-955f-75be903a2662"}]}
2026-09-03 17:40:46.688 10 INFO neutron.wsgi [None req-e42b74c4-4ccd-442d-858f-0b0eec570082 8683bf07304f4692a042f736afa186f7 33988093ee3443979a0495eacaa13164 - - default default] 10.0.0.221 "DELETE /v2.0/security-groups/676465c9-5647-41ca-948c-e16071d28114 HTTP/1.1" status: 204 len: 168 time: 0.4063282
2026-09-03 17:40:46.999 9 WARNING neutron.scheduler.dhcp_agent_scheduler [None req-f0f3df7a-333c-4359-8a02-8e62bb0e77a4 c220d04d04a54922b8c4e0aeada65f1a 5f31408f94d342a39ac6ed0482d06ce6 - - default default] No more DHCP agents
2026-09-03 17:40:47.002 9 WARNING neutron.api.rpc.agentnotifiers.dhcp_rpc_agent_api [None req-f0f3df7a-333c-4359-8a02-8e62bb0e77a4 c220d04d04a54922b8c4e0aeada65f1a 5f31408f94d342a39ac6ed0482d06ce6 - - default default] Unable to schedule network 907cfb76-2ed2-4862-bddf-f2f861583c4c: no agents available; will retry on subsequent port and subnet creation events.
2026-09-03 17:40:47.454 9 INFO neutron.db.ovn_revision_numbers_db [None req-f0f3df7a-333c-4359-8a02-8e62bb0e77a4 c220d04d04a54922b8c4e0aeada65f1a 5f31408f94d342a39ac6ed0482d06ce6 - - default default] Successfully bumped revision number for resource f50b86b6-ca04-4f1b-a78d-2ae8249eecc3 (type: ports) to 2
2026-09-03 17:40:47.497 9 INFO neutron.db.ovn_revision_numbers_db [None req-f0f3df7a-333c-4359-8a02-8e62bb0e77a4 c220d04d04a54922b8c4e0aeada65f1a 5f31408f94d342a39ac6ed0482d06ce6 - - default default] Successfully bumped revision number for resource d8881ce4-22d0-4713-9a06-5d3564fc1bb6 (type: subnets) to 0
2026-09-03 17:40:47.526 9 WARNING neutron.scheduler.dhcp_agent_scheduler [None req-f0f3df7a-333c-4359-8a02-8e62bb0e77a4 c220d04d04a54922b8c4e0aeada65f1a 5f31408f94d342a39ac6ed0482d06ce6 - - default default] No more DHCP agents
2026-09-03 17:40:47.531 9 WARNING neutron.api.rpc.agentnotifiers.dhcp_rpc_agent_api [None req-f0f3df7a-333c-4359-8a02-8e62bb0e77a4 c220d04d04a54922b8c4e0aeada65f1a 5f31408f94d342a39ac6ed0482d06ce6 - - default default] Unable to schedule network f9ec3b47-db9d-4672-9236-3cf5aa5a0df9: no agents available; will retry on subsequent port and subnet creation events.
2026-09-03 17:40:48.052 9 INFO neutron.db.ovn_revision_numbers_db [None req-f0f3df7a-333c-4359-8a02-8e62bb0e77a4 c220d04d04a54922b8c4e0aeada65f1a 5f31408f94d342a39ac6ed0482d06ce6 - - default default] Successfully bumped revision number for resource 498d7e90-ab11-4404-a283-63116f5b9e28 (type: ports) to 2
