2026-09-03 17:41:35.813 10 INFO neutron.wsgi [None req-c06052f3-a02b-4d2f-a342-31a8a7a32a2f 7c4683ed70414c5bbde150b51b073b5d 92eda76c93da4a83b0338de40aae6933 - - default default] 10.0.0.221 "DELETE /v2.0/security-groups/6e8e9a09-6ddf-4fe8-8d54-6f4a3b4f394f HTTP/1.1" status: 204 len: 168 time: 0.1557937
2026-09-03 17:41:35.822 10 WARNING keystonemiddleware.audit [None req-f23fd13c-8f92-4eed-952d-aeabb29245fb - - - - - -] Skipping service tempest-service-121912831 as it have no endpoints.
2026-09-03 17:41:35.823 9 INFO neutron.db.ovn_revision_numbers_db [None req-fabac759-0a18-411c-9a4c-5474e1d1d2bf 9967aad49b6e4a8898ac9473cbd59eb5 8e09c08015434f24b4c669b5217d6ff2 - - default default] Successfully bumped revision number for resource 8fd61a55-5363-41f8-bcfd-1122f7a4ddd8 (type: ports) to 2
2026-09-03 17:41:35.855 9 INFO neutron.db.ovn_revision_numbers_db [None req-fabac759-0a18-411c-9a4c-5474e1d1d2bf 9967aad49b6e4a8898ac9473cbd59eb5 8e09c08015434f24b4c669b5217d6ff2 - - default default] Successfully bumped revision number for resource 7cb51690-968b-4909-bf4b-3d4699ec201a (type: subnets) to 0
2026-09-03 17:41:35.864 10 INFO neutron.wsgi [None req-d128559f-ea3a-423b-90d5-f8fb86cf620f 7c4683ed70414c5bbde150b51b073b5d 92eda76c93da4a83b0338de40aae6933 - - default default] 10.0.0.221 "GET /v2.0/security-groups HTTP/1.1" status: 200 len: 2996 time: 0.0451982
2026-09-03 17:41:35.871 9 INFO neutron.wsgi [None req-fabac759-0a18-411c-9a4c-5474e1d1d2bf 9967aad49b6e4a8898ac9473cbd59eb5 8e09c08015434f24b4c669b5217d6ff2 - - default default] 10.0.0.221 "POST /v2.0/subnets HTTP/1.1" status: 201 len: 801 time: 0.9113386
2026-09-03 17:41:35.872 10 WARNING keystonemiddleware.audit [None req-01514d9d-2561-45a3-a3b3-b48e32e44ba9 - - - - - -] Skipping service tempest-service-121912831 as it have no endpoints.
2026-09-03 17:41:35.880 10 INFO neutron.api.v2.resource [None req-327e0a4e-0faa-42d0-a067-f0f207b4e091 7c4683ed70414c5bbde150b51b073b5d 92eda76c93da4a83b0338de40aae6933 - - default default] delete failed (client error): The resource could not be found.
2026-09-03 17:41:35.881 10 INFO neutron.wsgi [None req-327e0a4e-0faa-42d0-a067-f0f207b4e091 7c4683ed70414c5bbde150b51b073b5d 92eda76c93da4a83b0338de40aae6933 - - default default] 10.0.0.221 "DELETE /v2.0/security-groups/6e8e9a09-6ddf-4fe8-8d54-6f4a3b4f394f HTTP/1.1" status: 404 len: 347 time: 0.0110419
2026-09-03 17:41:35.893 10 WARNING keystonemiddleware.audit [None req-4754b7bf-1fcb-418e-93d4-4dd800f54825 - - - - - -] Skipping service tempest-service-121912831 as it have no endpoints.
2026-09-03 17:41:35.987 10 INFO neutron.db.ovn_revision_numbers_db [None req-a773ed2e-6769-48ff-b257-b87fbc009adb 7c4683ed70414c5bbde150b51b073b5d 92eda76c93da4a83b0338de40aae6933 - - default default] Successfully bumped revision number for resource cf4e589f-6c06-4d68-abf4-049e52280f36 (type: security_groups) to 1
2026-09-03 17:41:35.998 10 INFO neutron.db.ovn_revision_numbers_db [None req-a773ed2e-6769-48ff-b257-b87fbc009adb 7c4683ed70414c5bbde150b51b073b5d 92eda76c93da4a83b0338de40aae6933 - - default default] Successfully bumped revision number for resource 2cda9e4b-30ab-47ff-9854-de1a7ddcc54e (type: security_group_rules) to 0
2026-09-03 17:41:36.010 10 INFO neutron.db.ovn_revision_numbers_db [None req-a773ed2e-6769-48ff-b257-b87fbc009adb 7c4683ed70414c5bbde150b51b073b5d 92eda76c93da4a83b0338de40aae6933 - - default default] Successfully bumped revision number for resource b4666c39-868f-4df6-a25e-d221365619ae (type: security_group_rules) to 0
2026-09-03 17:41:36.044 10 INFO neutron.wsgi [None req-a773ed2e-6769-48ff-b257-b87fbc009adb 7c4683ed70414c5bbde150b51b073b5d 92eda76c93da4a83b0338de40aae6933 - - default default] 10.0.0.221 "POST /v2.0/security-groups HTTP/1.1" status: 201 len: 1760 time: 0.1551473
2026-09-03 17:41:36.057 10 WARNING keystonemiddleware.audit [None req-ba3280b7-9de1-4645-b979-4de3f0219421 - - - - - -] Skipping service tempest-service-121912831 as it have no endpoints.
2026-09-03 17:41:36.086 9 INFO neutron.db.ovn_revision_numbers_db [None req-abdb15e8-f336-4f63-b1d4-bf64a6c3bd6a 9967aad49b6e4a8898ac9473cbd59eb5 8e09c08015434f24b4c669b5217d6ff2 - - default default] Successfully bumped revision number for resource 91b9bc6e-64e9-4435-9a1d-973c73e7d3f6 (type: routers) to 1
2026-09-03 17:41:36.101 9 INFO neutron.wsgi [None req-abdb15e8-f336-4f63-b1d4-bf64a6c3bd6a 9967aad49b6e4a8898ac9473cbd59eb5 8e09c08015434f24b4c669b5217d6ff2 - - default default] 10.0.0.221 "POST /v2.0/routers HTTP/1.1" status: 201 len: 687 time: 0.2252319
2026-09-03 17:41:36.238 10 INFO neutron.db.ovn_revision_numbers_db [None req-1a39881e-99ce-4bec-a927-9cef6263c06c 7c4683ed70414c5bbde150b51b073b5d 92eda76c93da4a83b0338de40aae6933 - - default default] Successfully bumped revision number for resource 69f7f913-a0e8-4860-8290-3fd285cd9bd0 (type: security_group_rules) to 0
2026-09-03 17:41:36.272 10 INFO neutron.wsgi [None req-1a39881e-99ce-4bec-a927-9cef6263c06c 7c4683ed70414c5bbde150b51b073b5d 92eda76c93da4a83b0338de40aae6933 - - default default] 10.0.0.221 "POST /v2.0/security-group-rules HTTP/1.1" status: 201 len: 768 time: 0.2198765
2026-09-03 17:41:36.280 10 WARNING keystonemiddleware.audit [None req-c87dd717-67b2-49ce-979d-4728204b4c7a - - - - - -] Skipping service tempest-service-121912831 as it have no endpoints.
2026-09-03 17:41:36.303 10 INFO neutron.wsgi [None req-c9e08b57-7b13-4bb2-a09c-f546209e4f70 7c4683ed70414c5bbde150b51b073b5d 92eda76c93da4a83b0338de40aae6933 - - default default] 10.0.0.221 "GET /v2.0/security-group-rules/69f7f913-a0e8-4860-8290-3fd285cd9bd0 HTTP/1.1" status: 200 len: 763 time: 0.0247910
2026-09-03 17:41:36.311 10 WARNING keystonemiddleware.audit [None req-f056be1c-94ae-47d6-9dc7-bd5cb75b7c17 - - - - - -] Skipping service tempest-service-121912831 as it have no endpoints.
2026-09-03 17:41:36.347 10 INFO neutron.wsgi [None req-6110da9a-265a-425f-95f3-9d04e09af656 7c4683ed70414c5bbde150b51b073b5d 92eda76c93da4a83b0338de40aae6933 - - default default] 10.0.0.221 "GET /v2.0/security-group-rules HTTP/1.1" status: 200 len: 4113 time: 0.0374804
2026-09-03 17:41:36.366 9 WARNING keystonemiddleware.audit [None req-765a68c1-d1d6-45a2-8c39-066789c53344 - - - - - -] Skipping service tempest-service-121912831 as it have no endpoints.
2026-09-03 17:41:36.554 9 INFO neutron.wsgi [None req-7dc4ba98-3c1d-449f-929b-9c496f27f811 7c4683ed70414c5bbde150b51b073b5d 92eda76c93da4a83b0338de40aae6933 - - default default] 10.0.0.221 "DELETE /v2.0/security-group-rules/69f7f913-a0e8-4860-8290-3fd285cd9bd0 HTTP/1.1" status: 204 len: 168 time: 0.1997781
2026-09-03 17:41:36.564 9 WARNING keystonemiddleware.audit [None req-7d95ebcb-e9b7-413e-8121-b746f7e1748f - - - - - -] Skipping service tempest-service-121912831 as it have no endpoints.
2026-09-03 17:41:36.613 9 INFO neutron.wsgi [None req-a21e8b96-031e-4d0f-98f2-aa4ba805c054 7c4683ed70414c5bbde150b51b073b5d 92eda76c93da4a83b0338de40aae6933 - - default default] 10.0.0.221 "GET /v2.0/security-group-rules HTTP/1.1" status: 200 len: 3567 time: 0.0518131
2026-09-03 17:41:36.624 10 WARNING keystonemiddleware.audit [None req-cccbec93-f1bd-463b-adff-44bbe96d595c - - - - - -] Skipping service tempest-service-121912831 as it have no endpoints.
2026-09-03 17:41:36.630 9 WARNING neutron.scheduler.dhcp_agent_scheduler [None req-668454f2-8aff-4a3f-b019-e51a39e0f2f4 9967aad49b6e4a8898ac9473cbd59eb5 8e09c08015434f24b4c669b5217d6ff2 - - default default] No more DHCP agents
2026-09-03 17:41:36.633 9 WARNING neutron.api.rpc.agentnotifiers.dhcp_rpc_agent_api [None req-668454f2-8aff-4a3f-b019-e51a39e0f2f4 9967aad49b6e4a8898ac9473cbd59eb5 8e09c08015434f24b4c669b5217d6ff2 - - default default] Unable to schedule network ea7ea099-e5e6-41f7-a81d-4d0b366a95b6: no agents available; will retry on subsequent port and subnet creation events.
2026-09-03 17:41:36.800 10 INFO neutron.db.ovn_revision_numbers_db [None req-4457da92-25d0-428d-94ec-f856be3c7d2a 7c4683ed70414c5bbde150b51b073b5d 92eda76c93da4a83b0338de40aae6933 - - default default] Successfully bumped revision number for resource d7e8dbec-e07e-4d1e-89e9-f8f5d547b58a (type: security_group_rules) to 0
2026-09-03 17:41:36.830 10 INFO neutron.wsgi [None req-4457da92-25d0-428d-94ec-f856be3c7d2a 7c4683ed70414c5bbde150b51b073b5d 92eda76c93da4a83b0338de40aae6933 - - default default] 10.0.0.221 "POST /v2.0/security-group-rules HTTP/1.1" status: 201 len: 768 time: 0.2104626
2026-09-03 17:41:36.832 9 INFO neutron.db.ovn_revision_numbers_db [None req-668454f2-8aff-4a3f-b019-e51a39e0f2f4 9967aad49b6e4a8898ac9473cbd59eb5 8e09c08015434f24b4c669b5217d6ff2 - - default default] Successfully bumped revision number for resource 0bdd1099-7833-4205-b974-c87e29a8cb74 (type: ports) to 1
2026-09-03 17:41:36.839 10 WARNING keystonemiddleware.audit [None req-8ecd18fc-14ea-4025-990f-9e6e521d4232 - - - - - -] Skipping service tempest-service-121912831 as it have no endpoints.
2026-09-03 17:41:36.862 10 INFO neutron.wsgi [None req-7c0df77f-bf83-428d-abfa-cd11dc6b1829 7c4683ed70414c5bbde150b51b073b5d 92eda76c93da4a83b0338de40aae6933 - - default default] 10.0.0.221 "GET /v2.0/security-group-rules/d7e8dbec-e07e-4d1e-89e9-f8f5d547b58a HTTP/1.1" status: 200 len: 763 time: 0.0257490
2026-09-03 17:41:36.870 10 WARNING keystonemiddleware.audit [None req-253b2d0c-9231-4295-9e43-52bed696161e - - - - - -] Skipping service tempest-service-121912831 as it have no endpoints.
2026-09-03 17:41:36.913 10 INFO neutron.wsgi [None req-28a5ecf2-d526-4f80-8531-a4d6eb21b9b5 7c4683ed70414c5bbde150b51b073b5d 92eda76c93da4a83b0338de40aae6933 - - default default] 10.0.0.221 "GET /v2.0/security-group-rules HTTP/1.1" status: 200 len: 4113 time: 0.0452578
2026-09-03 17:41:36.921 10 WARNING keystonemiddleware.audit [None req-17eb4ba4-8113-4893-a36f-08ae6479bc61 - - - - - -] Skipping service tempest-service-121912831 as it have no endpoints.
2026-09-03 17:41:37.031 10 INFO neutron.wsgi [None req-818b5612-68d8-46a6-aecd-bd6018b22272 7c4683ed70414c5bbde150b51b073b5d 92eda76c93da4a83b0338de40aae6933 - - default default] 10.0.0.221 "DELETE /v2.0/security-group-rules/d7e8dbec-e07e-4d1e-89e9-f8f5d547b58a HTTP/1.1" status: 204 len: 168 time: 0.1123745
2026-09-03 17:41:37.039 10 WARNING keystonemiddleware.audit [None req-634f174b-6b73-4764-a63d-8a9488da80a4 - - - - - -] Skipping service tempest-service-121912831 as it have no endpoints.
2026-09-03 17:41:37.100 10 INFO neutron.wsgi [None req-98c7bed8-9207-44fd-932c-14405bd5338b 7c4683ed70414c5bbde150b51b073b5d 92eda76c93da4a83b0338de40aae6933 - - default default] 10.0.0.221 "GET /v2.0/security-group-rules HTTP/1.1" status: 200 len: 3567 time: 0.0627928
2026-09-03 17:41:37.109 10 WARNING keystonemiddleware.audit [None req-0b32c860-4bbf-498f-ad48-4000b0db04fe - - - - - -] Skipping service tempest-service-121912831 as it have no endpoints.
2026-09-03 17:41:37.138 10 INFO neutron.db.securitygroups_db [None req-f2a52587-2d66-4ebb-8833-beb3b7401cfe 7c4683ed70414c5bbde150b51b073b5d 92eda76c93da4a83b0338de40aae6933 - - default default] Project 92eda76c93da4a83b0338de40aae6933 added a security group rule with legacy IPv6 ICMP protocol name icmp, ipv6-icmp should be used instead. It was automatically converted.
2026-09-03 17:41:37.240 10 INFO neutron.plugins.ml2.drivers.ovn.mech_driver.mech_driver [None req-7f4d04f4-56b4-477f-be44-d33eed2c4706 - - - - - -] OVN reports status up for port: 0bdd1099-7833-4205-b974-c87e29a8cb74
2026-09-03 17:41:37.252 10 INFO neutron.plugins.ml2.plugin [None req-7f4d04f4-56b4-477f-be44-d33eed2c4706 - - - - - -] Attempt 1 to provision port 0bdd1099-7833-4205-b974-c87e29a8cb74
2026-09-03 17:41:37.255 9 INFO neutron.db.ovn_revision_numbers_db [None req-668454f2-8aff-4a3f-b019-e51a39e0f2f4 9967aad49b6e4a8898ac9473cbd59eb5 8e09c08015434f24b4c669b5217d6ff2 - - default default] Successfully bumped revision number for resource 0bdd1099-7833-4205-b974-c87e29a8cb74 (type: router_ports) to 1
2026-09-03 17:41:37.287 10 INFO neutron.db.ovn_revision_numbers_db [None req-f2a52587-2d66-4ebb-8833-beb3b7401cfe 7c4683ed70414c5bbde150b51b073b5d 92eda76c93da4a83b0338de40aae6933 - - default default] Successfully bumped revision number for resource 7d98ce02-eb47-4767-8385-a82081cdca9c (type: security_group_rules) to 0
2026-09-03 17:41:37.320 10 INFO neutron.wsgi [None req-f2a52587-2d66-4ebb-8833-beb3b7401cfe 7c4683ed70414c5bbde150b51b073b5d 92eda76c93da4a83b0338de40aae6933 - - default default] 10.0.0.221 "POST /v2.0/security-group-rules HTTP/1.1" status: 201 len: 774 time: 0.2145078
2026-09-03 17:41:37.330 10 WARNING keystonemiddleware.audit [None req-47aca817-8684-4673-943f-70ba83be669e - - - - - -] Skipping service tempest-service-121912831 as it have no endpoints.
2026-09-03 17:41:37.346 10 INFO neutron.wsgi [None req-b847d318-fada-4dbe-87b2-7c9fac1bcc2e 7c4683ed70414c5bbde150b51b073b5d 92eda76c93da4a83b0338de40aae6933 - - default default] 10.0.0.221 "GET /v2.0/security-group-rules/7d98ce02-eb47-4767-8385-a82081cdca9c HTTP/1.1" status: 200 len: 769 time: 0.0196285
2026-09-03 17:41:37.366 10 WARNING keystonemiddleware.audit [None req-64e2df72-9dd9-4e41-a1c6-97070695dca9 - - - - - -] Skipping service tempest-service-121912831 as it have no endpoints.
2026-09-03 17:41:37.408 9 INFO neutron.db.ovn_revision_numbers_db [None req-43bb7c1b-c6c9-43ce-93c2-d02736268e5f 8683bf07304f4692a042f736afa186f7 33988093ee3443979a0495eacaa13164 - - default default] Successfully bumped revision number for resource 44cdaacc-421b-4261-804f-e3cd42a78c83 (type: security_groups) to 1
2026-09-03 17:41:37.423 9 INFO neutron.db.ovn_revision_numbers_db [None req-43bb7c1b-c6c9-43ce-93c2-d02736268e5f 8683bf07304f4692a042f736afa186f7 33988093ee3443979a0495eacaa13164 - - default default] Successfully bumped revision number for resource 4f79ed48-b195-4c21-ab75-ac879c381c24 (type: security_group_rules) to 0
2026-09-03 17:41:37.426 9 INFO neutron.db.ovn_revision_numbers_db [None req-668454f2-8aff-4a3f-b019-e51a39e0f2f4 9967aad49b6e4a8898ac9473cbd59eb5 8e09c08015434f24b4c669b5217d6ff2 - - default default] Successfully bumped revision number for resource 0bdd1099-7833-4205-b974-c87e29a8cb74 (type: ports) to 1
2026-09-03 17:41:37.440 9 INFO neutron.db.ovn_revision_numbers_db [None req-43bb7c1b-c6c9-43ce-93c2-d02736268e5f 8683bf07304f4692a042f736afa186f7 33988093ee3443979a0495eacaa13164 - - default default] Successfully bumped revision number for resource c561426c-87e2-468e-8d55-2957e2840419 (type: security_group_rules) to 0
2026-09-03 17:41:37.468 9 INFO neutron.db.ovn_revision_numbers_db [None req-43bb7c1b-c6c9-43ce-93c2-d02736268e5f 8683bf07304f4692a042f736afa186f7 33988093ee3443979a0495eacaa13164 - - default default] Successfully bumped revision number for resource c5f073de-72d1-477b-bd9d-87fc3a7c4060 (type: security_group_rules) to 0
2026-09-03 17:41:37.476 10 INFO neutron.wsgi [None req-f40fa15f-f7a7-40cf-ba21-b1b50bba02eb 7c4683ed70414c5bbde150b51b073b5d 92eda76c93da4a83b0338de40aae6933 - - default default] 10.0.0.221 "GET /v2.0/security-group-rules HTTP/1.1" status: 200 len: 4119 time: 0.1244047
2026-09-03 17:41:37.487 9 WARNING keystonemiddleware.audit [None req-ded0370a-382c-4d86-b3a9-262e846a8110 - - - - - -] Skipping service tempest-service-121912831 as it have no endpoints.
2026-09-03 17:41:37.490 9 INFO neutron.db.ovn_revision_numbers_db [None req-43bb7c1b-c6c9-43ce-93c2-d02736268e5f 8683bf07304f4692a042f736afa186f7 33988093ee3443979a0495eacaa13164 - - default default] Successfully bumped revision number for resource f7adec35-7091-4df0-a2b8-31779d48c6fd (type: security_group_rules) to 0
2026-09-03 17:41:37.568 9 INFO neutron.wsgi [None req-43bb7c1b-c6c9-43ce-93c2-d02736268e5f 8683bf07304f4692a042f736afa186f7 33988093ee3443979a0495eacaa13164 - - default default] 10.0.0.221 "GET /v2.0/security-groups?tenant_id=3624aa7439d54fd9b4ab57598725011c&name=default HTTP/1.1" status: 200 len: 2996 time: 0.4677641
2026-09-03 17:41:37.569 9 WARNING neutron.scheduler.dhcp_agent_scheduler [None req-668454f2-8aff-4a3f-b019-e51a39e0f2f4 9967aad49b6e4a8898ac9473cbd59eb5 8e09c08015434f24b4c669b5217d6ff2 - - default default] No more DHCP agents
2026-09-03 17:41:37.572 9 WARNING neutron.api.rpc.agentnotifiers.dhcp_rpc_agent_api [None req-668454f2-8aff-4a3f-b019-e51a39e0f2f4 9967aad49b6e4a8898ac9473cbd59eb5 8e09c08015434f24b4c669b5217d6ff2 - - default default] Unable to schedule network ea7ea099-e5e6-41f7-a81d-4d0b366a95b6: no agents available; will retry on subsequent port and subnet creation events.
2026-09-03 17:41:37.672 10 INFO neutron.db.ovn_revision_numbers_db [None req-7f4d04f4-56b4-477f-be44-d33eed2c4706 - - - - - -] Successfully bumped revision number for resource 0bdd1099-7833-4205-b974-c87e29a8cb74 (type: ports) to 2
2026-09-03 17:41:37.691 9 INFO neutron.wsgi [None req-001a42b5-d645-4414-866d-288c0f728271 7c4683ed70414c5bbde150b51b073b5d 92eda76c93da4a83b0338de40aae6933 - - default default] 10.0.0.221 "DELETE /v2.0/security-group-rules/7d98ce02-eb47-4767-8385-a82081cdca9c HTTP/1.1" status: 204 len: 168 time: 0.2071829
2026-09-03 17:41:37.700 9 WARNING keystonemiddleware.audit [None req-3d4b4027-a9f3-4707-9416-386b9eadac35 - - - - - -] Skipping service tempest-service-121912831 as it have no endpoints.
2026-09-03 17:41:37.820 10 INFO neutron.db.ovn_revision_numbers_db [None req-7f4d04f4-56b4-477f-be44-d33eed2c4706 - - - - - -] Successfully bumped revision number for resource 0bdd1099-7833-4205-b974-c87e29a8cb74 (type: router_ports) to 2
2026-09-03 17:41:37.881 10 INFO neutron.wsgi [None req-16484f9b-bd64-4a7a-9340-fe8f46ef14ca 8683bf07304f4692a042f736afa186f7 33988093ee3443979a0495eacaa13164 - - default default] 10.0.0.221 "DELETE /v2.0/security-groups/44cdaacc-421b-4261-804f-e3cd42a78c83 HTTP/1.1" status: 204 len: 168 time: 0.3055365
2026-09-03 17:41:38.013 9 INFO neutron.wsgi [None req-89b540dd-21d6-416e-af5b-fa7b9417fecf 7c4683ed70414c5bbde150b51b073b5d 92eda76c93da4a83b0338de40aae6933 - - default default] 10.0.0.221 "GET /v2.0/security-group-rules HTTP/1.1" status: 200 len: 3567 time: 0.3154960
2026-09-03 17:41:38.021 9 WARNING keystonemiddleware.audit [None req-4babe0a5-d471-45b7-8e3a-57d9ad0cbac9 - - - - - -] Skipping service tempest-service-121912831 as it have no endpoints.
2026-09-03 17:41:38.040 9 INFO neutron.db.ovn_revision_numbers_db [None req-668454f2-8aff-4a3f-b019-e51a39e0f2f4 9967aad49b6e4a8898ac9473cbd59eb5 8e09c08015434f24b4c669b5217d6ff2 - - default default] Successfully bumped revision number for resource 0bdd1099-7833-4205-b974-c87e29a8cb74 (type: router_ports) to 2
2026-09-03 17:41:38.042 9 INFO neutron.wsgi [None req-668454f2-8aff-4a3f-b019-e51a39e0f2f4 9967aad49b6e4a8898ac9473cbd59eb5 8e09c08015434f24b4c669b5217d6ff2 - - default default] 10.0.0.221 "PUT /v2.0/routers/91b9bc6e-64e9-4435-9a1d-973c73e7d3f6/add_router_interface HTTP/1.1" status: 200 len: 503 time: 1.9361889
2026-09-03 17:41:38.098 9 INFO neutron.wsgi [None req-087b4546-ef6d-4910-a7c5-a9a63f61b537 9967aad49b6e4a8898ac9473cbd59eb5 8e09c08015434f24b4c669b5217d6ff2 - - default default] 10.0.0.221 "GET /v2.0/ports/0bdd1099-7833-4205-b974-c87e29a8cb74 HTTP/1.1" status: 200 len: 1137 time: 0.0412109
2026-09-03 17:41:38.152 9 INFO neutron.wsgi [None req-83cc06dd-cc3d-49c1-8be6-42266093005a 7c4683ed70414c5bbde150b51b073b5d 92eda76c93da4a83b0338de40aae6933 - - default default] 10.0.0.221 "DELETE /v2.0/security-groups/cf4e589f-6c06-4d68-abf4-049e52280f36 HTTP/1.1" status: 204 len: 168 time: 0.1333647
2026-09-03 17:41:38.157 10 INFO neutron.db.ovn_revision_numbers_db [None req-0833dd81-10cc-4b9d-807a-ccd0d1722f25 8683bf07304f4692a042f736afa186f7 33988093ee3443979a0495eacaa13164 - - default default] Successfully bumped revision number for resource a17fbefb-53d6-4c10-9741-d6e82c764451 (type: security_groups) to 1
2026-09-03 17:41:38.159 9 WARNING keystonemiddleware.audit [None req-9c0a7e3b-849c-445f-9956-11508139b574 - - - - - -] Skipping service tempest-service-121912831 as it have no endpoints.
2026-09-03 17:41:38.178 10 INFO neutron.db.ovn_revision_numbers_db [None req-0833dd81-10cc-4b9d-807a-ccd0d1722f25 8683bf07304f4692a042f736afa186f7 33988093ee3443979a0495eacaa13164 - - default default] Successfully bumped revision number for resource 27efe3a3-b1e0-4910-b40f-ddbabfcee700 (type: security_group_rules) to 0
2026-09-03 17:41:38.193 9 INFO neutron.wsgi [None req-368204ab-fe60-410c-976a-783a51812f0a 7c4683ed70414c5bbde150b51b073b5d 92eda76c93da4a83b0338de40aae6933 - - default default] 10.0.0.221 "GET /v2.0/security-groups HTTP/1.1" status: 200 len: 2996 time: 0.0352328
2026-09-03 17:41:38.194 10 INFO neutron.wsgi [None req-e4208715-ee1f-4945-b4f0-f975fe40fb7b 9967aad49b6e4a8898ac9473cbd59eb5 8e09c08015434f24b4c669b5217d6ff2 - - default default] 10.0.0.221 "GET /v2.0/ports/0bdd1099-7833-4205-b974-c87e29a8cb74 HTTP/1.1" status: 200 len: 1137 time: 0.0886548
2026-09-03 17:41:38.203 9 WARNING keystonemiddleware.audit [None req-90bdb246-9180-4db9-b233-304a00e4314a - - - - - -] Skipping service tempest-service-121912831 as it have no endpoints.
2026-09-03 17:41:38.208 10 INFO neutron.db.ovn_revision_numbers_db [None req-0833dd81-10cc-4b9d-807a-ccd0d1722f25 8683bf07304f4692a042f736afa186f7 33988093ee3443979a0495eacaa13164 - - default default] Successfully bumped revision number for resource 4e709de1-775c-401b-839a-1b8498e6ba96 (type: security_group_rules) to 0
2026-09-03 17:41:38.220 10 INFO neutron.db.ovn_revision_numbers_db [None req-0833dd81-10cc-4b9d-807a-ccd0d1722f25 8683bf07304f4692a042f736afa186f7 33988093ee3443979a0495eacaa13164 - - default default] Successfully bumped revision number for resource 62bfc455-e3e6-4ef4-a2a1-1b929178c4e1 (type: security_group_rules) to 0
2026-09-03 17:41:38.233 10 INFO neutron.db.ovn_revision_numbers_db [None req-0833dd81-10cc-4b9d-807a-ccd0d1722f25 8683bf07304f4692a042f736afa186f7 33988093ee3443979a0495eacaa13164 - - default default] Successfully bumped revision number for resource 9290ed9b-bcf0-47dc-a13e-b8b197fdef13 (type: security_group_rules) to 0
2026-09-03 17:41:38.253 9 INFO neutron.wsgi [None req-d9aad39d-4bfe-4e8b-8bb1-9c0c69e2a916 7c4683ed70414c5bbde150b51b073b5d 92eda76c93da4a83b0338de40aae6933 - - default default] 10.0.0.221 "GET /v2.0/security-groups HTTP/1.1" status: 200 len: 2996 time: 0.0520544
2026-09-03 17:41:38.271 10 INFO neutron.wsgi [None req-0833dd81-10cc-4b9d-807a-ccd0d1722f25 8683bf07304f4692a042f736afa186f7 33988093ee3443979a0495eacaa13164 - - default default] 10.0.0.221 "GET /v2.0/security-groups?tenant_id=f8023a8c32644d71a645e1f7e7ef1a9d&name=default HTTP/1.1" status: 200 len: 2996 time: 0.2695096
2026-09-03 17:41:38.528 10 INFO neutron.wsgi [None req-bc88259d-306c-4ed9-baea-4de32cfe6f96 8683bf07304f4692a042f736afa186f7 33988093ee3443979a0495eacaa13164 - - default default] 10.0.0.221 "DELETE /v2.0/security-groups/a17fbefb-53d6-4c10-9741-d6e82c764451 HTTP/1.1" status: 204 len: 168 time: 0.2510591
2026-09-03 17:41:38.893 9 INFO neutron.wsgi [None req-35b91e5c-be49-4078-8ee8-be209044e4a4 9967aad49b6e4a8898ac9473cbd59eb5 8e09c08015434f24b4c669b5217d6ff2 - - default default] 10.0.0.221 "PUT /v2.0/routers/91b9bc6e-64e9-4435-9a1d-973c73e7d3f6/remove_router_interface HTTP/1.1" status: 200 len: 503 time: 0.6905470 /var/lib/openstack/lib/python3.10/site-packages/pycadf/identifier.py:71: UserWarning: Invalid uuid: neutron. To ensure interoperability, identifiers should be a valid uuid. warnings.warn(('Invalid uuid: %s. To ensure interoperability, '
2026-09-03 17:41:38.933 9 INFO neutron.wsgi [None req-43e10926-1073-4a8b-afd0-6469696556c3 9967aad49b6e4a8898ac9473cbd59eb5 8e09c08015434f24b4c669b5217d6ff2 - - default default] 10.0.0.221 "GET /v2.0/ports?device_id=91b9bc6e-64e9-4435-9a1d-973c73e7d3f6 HTTP/1.1" status: 200 len: 205 time: 0.0267534
2026-09-03 17:41:39.166 9 INFO neutron.wsgi [None req-92047748-adf4-4bfc-9dca-0f25a68b1003 9967aad49b6e4a8898ac9473cbd59eb5 8e09c08015434f24b4c669b5217d6ff2 - - default default] 10.0.0.221 "DELETE /v2.0/routers/91b9bc6e-64e9-4435-9a1d-973c73e7d3f6 HTTP/1.1" status: 204 len: 168 time: 0.2268465
2026-09-03 17:41:39.260 10 INFO neutron.wsgi [None req-1eab7de5-8c8f-49c5-ac67-ffed45b9b53b 8683bf07304f4692a042f736afa186f7 33988093ee3443979a0495eacaa13164 - - default default] 10.0.0.221 "GET /v2.0/security-groups?tenant_id=92eda76c93da4a83b0338de40aae6933&name=default HTTP/1.1" status: 200 len: 2996 time: 0.3662374
2026-09-03 17:41:39.406 9 INFO neutron.wsgi [None req-c889ba37-510a-49ee-b61f-a783af756b5e 9967aad49b6e4a8898ac9473cbd59eb5 8e09c08015434f24b4c669b5217d6ff2 - - default default] 10.0.0.221 "DELETE /v2.0/subnets/7cb51690-968b-4909-bf4b-3d4699ec201a HTTP/1.1" status: 204 len: 168 time: 0.2331765
2026-09-03 17:41:39.545 10 INFO neutron.wsgi [None req-7404b6e0-19d9-450f-af5c-24b8bcc01c18 8683bf07304f4692a042f736afa186f7 33988093ee3443979a0495eacaa13164 - - default default] 10.0.0.221 "DELETE /v2.0/security-groups/8fdc720d-f729-4958-b7ed-275d84b7ca08 HTTP/1.1" status: 204 len: 168 time: 0.2783601
2026-09-03 17:41:39.877 10 INFO neutron.services.segments.plugin [-] Segment d8d02163-a5f4-444d-b789-104103a11f8f resource provider aggregate not found
2026-09-03 17:41:39.890 10 INFO neutron.services.segments.plugin [-] Segment d8d02163-a5f4-444d-b789-104103a11f8f resource provider aggregate not found
2026-09-03 17:41:39.896 10 INFO neutron.services.segments.plugin [-] Segment d8d02163-a5f4-444d-b789-104103a11f8f resource provider not found; error: Placement Client Error (4xx): {"errors": [{"status": 404, "title": "Not Found", "detail": "The resource could not be found.\n\n No resource provider with uuid d8d02163-a5f4-444d-b789-104103a11f8f found for delete ", "request_id": "req-2a7591d7-351e-4aaf-99ef-efc84f2afd2a"}]}
2026-09-03 17:41:39.929 10 INFO neutron.wsgi [None req-7a80d1bd-ab0f-4cd3-9466-b6b6aa435853 9967aad49b6e4a8898ac9473cbd59eb5 8e09c08015434f24b4c669b5217d6ff2 - - default default] 10.0.0.221 "DELETE /v2.0/networks/ea7ea099-e5e6-41f7-a81d-4d0b366a95b6 HTTP/1.1" status: 204 len: 168 time: 0.5132928
2026-09-03 17:41:39.938 10 INFO neutron.services.segments.plugin [-] Segment d8d02163-a5f4-444d-b789-104103a11f8f resource provider not found; error: Placement Client Error (4xx): {"errors": [{"status": 404, "title": "Not Found", "detail": "The resource could not be found.\n\n No resource provider with uuid d8d02163-a5f4-444d-b789-104103a11f8f found for delete ", "request_id": "req-827ebff8-2000-4bba-b7d8-84daa042cea4"}]}
2026-09-03 17:41:40.375 10 WARNING neutron.scheduler.dhcp_agent_scheduler [None req-3271badc-74d2-423a-b0a9-5645515f59c3 9967aad49b6e4a8898ac9473cbd59eb5 8e09c08015434f24b4c669b5217d6ff2 - - default default] No more DHCP agents
2026-09-03 17:41:40.377 10 WARNING neutron.api.rpc.agentnotifiers.dhcp_rpc_agent_api [None req-3271badc-74d2-423a-b0a9-5645515f59c3 9967aad49b6e4a8898ac9473cbd59eb5 8e09c08015434f24b4c669b5217d6ff2 - - default default] Unable to schedule network ae883489-5e93-4bf8-bd12-e5df994aa84c: no agents available; will retry on subsequent port and subnet creation events.
2026-09-03 17:41:40.609 10 INFO neutron.db.ovn_revision_numbers_db [None req-3271badc-74d2-423a-b0a9-5645515f59c3 9967aad49b6e4a8898ac9473cbd59eb5 8e09c08015434f24b4c669b5217d6ff2 - - default default] Successfully bumped revision number for resource 358dd231-d4e9-44b8-ac58-d2eb64ecef73 (type: ports) to 1
2026-09-03 17:41:41.620 9 INFO neutron.plugins.ml2.drivers.ovn.mech_driver.mech_driver [None req-fe415599-5e44-400f-bc45-131f6f4fdd6c - - - - - -] OVN reports status up for port: 358dd231-d4e9-44b8-ac58-d2eb64ecef73
2026-09-03 17:41:41.628 9 INFO neutron.plugins.ml2.plugin [None req-fe415599-5e44-400f-bc45-131f6f4fdd6c - - - - - -] Attempt 1 to provision port 358dd231-d4e9-44b8-ac58-d2eb64ecef73
2026-09-03 17:41:41.636 10 INFO neutron.db.ovn_revision_numbers_db [None req-3271badc-74d2-423a-b0a9-5645515f59c3 9967aad49b6e4a8898ac9473cbd59eb5 8e09c08015434f24b4c669b5217d6ff2 - - default default] Successfully bumped revision number for resource 358dd231-d4e9-44b8-ac58-d2eb64ecef73 (type: router_ports) to 1
2026-09-03 17:41:41.696 10 INFO neutron.db.ovn_revision_numbers_db [None req-3271badc-74d2-423a-b0a9-5645515f59c3 9967aad49b6e4a8898ac9473cbd59eb5 8e09c08015434f24b4c669b5217d6ff2 - - default default] Successfully bumped revision number for resource 3c5376d7-f0c8-4645-a12f-2a4d97c34ff9 (type: routers) to 2
2026-09-03 17:41:41.726 10 INFO neutron.wsgi [None req-3271badc-74d2-423a-b0a9-5645515f59c3 9967aad49b6e4a8898ac9473cbd59eb5 8e09c08015434f24b4c669b5217d6ff2 - - default default] 10.0.0.221 "POST /v2.0/routers HTTP/1.1" status: 201 len: 867 time: 1.7845142
2026-09-03 17:41:41.823 9 INFO neutron.wsgi [None req-e6e2371e-a877-459c-9ba0-84f555e19f18 9967aad49b6e4a8898ac9473cbd59eb5 8e09c08015434f24b4c669b5217d6ff2 - - default default] 10.0.0.221 "GET /v2.0/routers/3c5376d7-f0c8-4645-a12f-2a4d97c34ff9 HTTP/1.1" status: 200 len: 868 time: 0.0921378
2026-09-03 17:41:41.884 9 INFO neutron.wsgi [None req-3a3e40e1-553b-4368-b7a5-12c3b73aa66e 9967aad49b6e4a8898ac9473cbd59eb5 8e09c08015434f24b4c669b5217d6ff2 - - default default] 10.0.0.221 "GET /v2.0/routers HTTP/1.1" status: 200 len: 871 time: 0.0541327
2026-09-03 17:41:42.154 10 INFO neutron.db.ovn_revision_numbers_db [None req-75ee4ec2-81a0-4535-8ba7-f6b4613ab2db 64b182a548574e31911cd1c8661f2766 404c71576d1d4c9082dce6fb1b8e31ff - - default default] Successfully bumped revision number for resource 80865f07-2d32-4723-a742-d2ffe6ec837e (type: security_groups) to 1
2026-09-03 17:41:42.176 10 INFO neutron.db.ovn_revision_numbers_db [None req-75ee4ec2-81a0-4535-8ba7-f6b4613ab2db 64b182a548574e31911cd1c8661f2766 404c71576d1d4c9082dce6fb1b8e31ff - - default default] Successfully bumped revision number for resource 82f68173-ce15-4028-ab06-4655c90ceff8 (type: security_group_rules) to 0
2026-09-03 17:41:42.201 10 INFO neutron.db.ovn_revision_numbers_db [None req-75ee4ec2-81a0-4535-8ba7-f6b4613ab2db 64b182a548574e31911cd1c8661f2766 404c71576d1d4c9082dce6fb1b8e31ff - - default default] Successfully bumped revision number for resource d0e75734-537f-426b-b7a9-99e2c477e193 (type: security_group_rules) to 0
2026-09-03 17:41:42.243 10 INFO neutron.db.ovn_revision_numbers_db [None req-75ee4ec2-81a0-4535-8ba7-f6b4613ab2db 64b182a548574e31911cd1c8661f2766 404c71576d1d4c9082dce6fb1b8e31ff - - default default] Successfully bumped revision number for resource d5f0dc4b-7951-459d-a1d6-72c02083db68 (type: security_group_rules) to 0
2026-09-03 17:41:42.257 9 INFO neutron.db.ovn_revision_numbers_db [None req-50cbe991-2a4e-40f4-9893-d4f3c76b06f6 9967aad49b6e4a8898ac9473cbd59eb5 8e09c08015434f24b4c669b5217d6ff2 - - default default] Successfully bumped revision number for resource 3c5376d7-f0c8-4645-a12f-2a4d97c34ff9 (type: routers) to 3
2026-09-03 17:41:42.260 9 INFO neutron.wsgi [None req-50cbe991-2a4e-40f4-9893-d4f3c76b06f6 9967aad49b6e4a8898ac9473cbd59eb5 8e09c08015434f24b4c669b5217d6ff2 - - default default] 10.0.0.221 "PUT /v2.0/routers/3c5376d7-f0c8-4645-a12f-2a4d97c34ff9 HTTP/1.1" status: 200 len: 875 time: 0.3697097
2026-09-03 17:41:42.273 10 INFO neutron.db.ovn_revision_numbers_db [None req-75ee4ec2-81a0-4535-8ba7-f6b4613ab2db 64b182a548574e31911cd1c8661f2766 404c71576d1d4c9082dce6fb1b8e31ff - - default default] Successfully bumped revision number for resource eea2ec25-ee33-43ed-befb-c1f8af1ba7b7 (type: security_group_rules) to 0
2026-09-03 17:41:42.319 9 INFO neutron.wsgi [None req-3ad8505c-b2f5-442c-9050-1bb150919035 9967aad49b6e4a8898ac9473cbd59eb5 8e09c08015434f24b4c669b5217d6ff2 - - default default] 10.0.0.221 "GET /v2.0/routers/3c5376d7-f0c8-4645-a12f-2a4d97c34ff9 HTTP/1.1" status: 200 len: 875 time: 0.0523341
2026-09-03 17:41:42.331 10 INFO neutron.wsgi [req-1239ee3b-1d8e-4313-b740-d83aa3be42c3 req-3dda2b4e-fcdb-4ed3-969c-211a0f1e8924 93b5d02fd9014badb741bad64d15a4cb 600bf9215d7541dfabb11464b8dbc3c0 - - default default] 10.0.0.45 "GET /v2.0/ports?device_id=02c8a35c-3e06-4e5c-a17b-cb7c02828dc1 HTTP/1.1" status: 200 len: 1210 time: 0.1157863
2026-09-03 17:41:42.342 9 INFO neutron.wsgi [None req-879f6f66-c541-463a-9623-07adf0ff4b65 9967aad49b6e4a8898ac9473cbd59eb5 8e09c08015434f24b4c669b5217d6ff2 - - default default] 10.0.0.221 "GET /v2.0/ports?device_id=3c5376d7-f0c8-4645-a12f-2a4d97c34ff9 HTTP/1.1" status: 200 len: 205 time: 0.0150445
2026-09-03 17:41:42.388 10 INFO neutron.db.ovn_revision_numbers_db [None req-75ee4ec2-81a0-4535-8ba7-f6b4613ab2db 64b182a548574e31911cd1c8661f2766 404c71576d1d4c9082dce6fb1b8e31ff - - default default] Successfully bumped revision number for resource 35158cf4-4ac5-42d4-a0bb-b19b73231e51 (type: security_groups) to 1
2026-09-03 17:41:42.395 10 INFO neutron.wsgi [req-1239ee3b-1d8e-4313-b740-d83aa3be42c3 req-729ea9d9-372a-43e8-9277-8162c3ce7071 93b5d02fd9014badb741bad64d15a4cb 600bf9215d7541dfabb11464b8dbc3c0 - - default default] 10.0.0.45 "GET /v2.0/security-groups?id=cec482f1-8873-4334-afd6-ac1b4c023f97&id=1ea83bd8-039a-4ee2-8d01-99982852e926&fields=id&fields=name HTTP/1.1" status: 200 len: 405 time: 0.0525866
2026-09-03 17:41:42.409 10 INFO neutron.db.ovn_revision_numbers_db [None req-75ee4ec2-81a0-4535-8ba7-f6b4613ab2db 64b182a548574e31911cd1c8661f2766 404c71576d1d4c9082dce6fb1b8e31ff - - default default] Successfully bumped revision number for resource 8a7872e2-f2c3-44f0-b117-30dcd6454ad5 (type: security_group_rules) to 0
2026-09-03 17:41:42.423 10 INFO neutron.db.ovn_revision_numbers_db [None req-75ee4ec2-81a0-4535-8ba7-f6b4613ab2db 64b182a548574e31911cd1c8661f2766 404c71576d1d4c9082dce6fb1b8e31ff - - default default] Successfully bumped revision number for resource f71bd04c-abd9-4b00-aa9f-2d98e92a2d02 (type: security_group_rules) to 0
2026-09-03 17:41:42.453 10 INFO neutron.wsgi [None req-75ee4ec2-81a0-4535-8ba7-f6b4613ab2db 64b182a548574e31911cd1c8661f2766 404c71576d1d4c9082dce6fb1b8e31ff - - default default] 10.0.0.221 "POST /v2.0/security-groups HTTP/1.1" status: 201 len: 1761 time: 0.7845800
2026-09-03 17:41:42.502 10 INFO neutron.wsgi [-] 10.0.0.90 "GET / HTTP/1.1" status: 200 len: 247 time: 0.0017512
2026-09-03 17:41:42.505 10 INFO neutron.wsgi [-] 10.0.0.90 "GET / HTTP/1.1" status: 200 len: 247 time: 0.0010095
2026-09-03 17:41:42.520 10 INFO neutron.wsgi [None req-3f96bf20-231a-4349-aabf-5326968d9952 64b182a548574e31911cd1c8661f2766 404c71576d1d4c9082dce6fb1b8e31ff - - default default] 10.0.0.221 "GET /v2.0/security-groups HTTP/1.1" status: 200 len: 4539 time: 0.0606282
2026-09-03 17:41:42.637 10 INFO neutron.db.ovn_revision_numbers_db [None req-ad030358-4959-4855-b804-a859e46f9d50 64b182a548574e31911cd1c8661f2766 404c71576d1d4c9082dce6fb1b8e31ff - - default default] Successfully bumped revision number for resource 35158cf4-4ac5-42d4-a0bb-b19b73231e51 (type: security_groups) to 2
2026-09-03 17:41:42.641 10 INFO neutron.wsgi [None req-ad030358-4959-4855-b804-a859e46f9d50 64b182a548574e31911cd1c8661f2766 404c71576d1d4c9082dce6fb1b8e31ff - - default default] 10.0.0.221 "PUT /v2.0/security-groups/35158cf4-4ac5-42d4-a0bb-b19b73231e51 HTTP/1.1" status: 200 len: 1795 time: 0.1130474
2026-09-03 17:41:42.678 10 INFO neutron.wsgi [None req-fee5a698-9c86-46da-b7bd-2f67f7309193 d6141d7ff39b4dc3a512dfd6d4d117b0 5491ae28222e4321ac19c636c772f5d5 - - default default] 10.0.0.221 "GET /v2.0/ports?device_id=02c8a35c-3e06-4e5c-a17b-cb7c02828dc1 HTTP/1.1" status: 200 len: 1443 time: 0.2417819
2026-09-03 17:41:42.692 9 INFO neutron.wsgi [None req-20a08cde-d9e6-43c7-8550-d93db6e67e7b 64b182a548574e31911cd1c8661f2766 404c71576d1d4c9082dce6fb1b8e31ff - - default default] 10.0.0.221 "GET /v2.0/security-groups/35158cf4-4ac5-42d4-a0bb-b19b73231e51 HTTP/1.1" status: 200 len: 1795 time: 0.0438576
2026-09-03 17:41:42.736 10 INFO neutron.wsgi [None req-ec8ea4f6-346f-43f1-872e-bd1472d7f35e 93b5d02fd9014badb741bad64d15a4cb 600bf9215d7541dfabb11464b8dbc3c0 - - default default] 10.0.0.221 "GET /v2.0/floatingips?floating_network_id=ae883489-5e93-4bf8-bd12-e5df994aa84c&port_id=75b0609b-7710-46c9-8d35-16b0b042b1dd HTTP/1.1" status: 200 len: 1054 time: 0.0493660
2026-09-03 17:41:42.930 9 INFO neutron.wsgi [None req-cda72f2b-a201-43bf-9784-ff9b8ca6b4d1 64b182a548574e31911cd1c8661f2766 404c71576d1d4c9082dce6fb1b8e31ff - - default default] 10.0.0.221 "DELETE /v2.0/security-groups/35158cf4-4ac5-42d4-a0bb-b19b73231e51 HTTP/1.1" status: 204 len: 168 time: 0.2328417
2026-09-03 17:41:42.983 10 INFO neutron.wsgi [req-0a9bca0a-b3de-470c-b01d-6bad36f0777d req-a30dda37-7c06-466f-8aae-0c9d2bf1be1d ae14d269361247dba8194315d3848ffa 55eae20e49e74ac9b0552c1cfbde90d7 - - 51da7a234397460f8be2b7ea273ee490 51da7a234397460f8be2b7ea273ee490] 10.0.0.238 "GET /v2.0/ports?device_id=02c8a35c-3e06-4e5c-a17b-cb7c02828dc1 HTTP/1.1" status: 200 len: 1448 time: 0.0460103
2026-09-03 17:41:43.000 9 INFO neutron.wsgi [None req-186a3b98-e21d-4a1b-967c-519a7d762d9d 64b182a548574e31911cd1c8661f2766 404c71576d1d4c9082dce6fb1b8e31ff - - default default] 10.0.0.221 "GET /v2.0/security-groups HTTP/1.1" status: 200 len: 2996 time: 0.0637205
2026-09-03 17:41:43.020 10 INFO neutron.api.v2.resource [None req-e27c539d-27ed-47da-8e51-9c3e87daa4e9 64b182a548574e31911cd1c8661f2766 404c71576d1d4c9082dce6fb1b8e31ff - - default default] delete failed (client error): The resource could not be found.
2026-09-03 17:41:43.022 10 INFO neutron.wsgi [None req-e27c539d-27ed-47da-8e51-9c3e87daa4e9 64b182a548574e31911cd1c8661f2766 404c71576d1d4c9082dce6fb1b8e31ff - - default default] 10.0.0.221 "DELETE /v2.0/security-groups/35158cf4-4ac5-42d4-a0bb-b19b73231e51 HTTP/1.1" status: 404 len: 347 time: 0.0149584
2026-09-03 17:41:43.055 10 INFO neutron.wsgi [req-0a9bca0a-b3de-470c-b01d-6bad36f0777d req-1d501966-8745-4ef0-b7cf-5c3a876275eb ae14d269361247dba8194315d3848ffa 55eae20e49e74ac9b0552c1cfbde90d7 - - 51da7a234397460f8be2b7ea273ee490 51da7a234397460f8be2b7ea273ee490] 10.0.0.238 "GET /v2.0/security-groups?id=1ea83bd8-039a-4ee2-8d01-99982852e926&id=cec482f1-8873-4334-afd6-ac1b4c023f97&fields=id&fields=name HTTP/1.1" status: 200 len: 405 time: 0.0600452
2026-09-03 17:41:43.223 9 INFO neutron.wsgi [None req-f7bfd5de-db01-459d-87d0-0cff8f17faeb 9967aad49b6e4a8898ac9473cbd59eb5 8e09c08015434f24b4c669b5217d6ff2 - - default default] 10.0.0.221 "DELETE /v2.0/routers/3c5376d7-f0c8-4645-a12f-2a4d97c34ff9 HTTP/1.1" status: 204 len: 168 time: 0.8753200
2026-09-03 17:41:43.264 10 INFO neutron.db.ovn_revision_numbers_db [None req-71f0b22a-836c-422b-9997-ed14024e7f2b 64b182a548574e31911cd1c8661f2766 404c71576d1d4c9082dce6fb1b8e31ff - - default default] Successfully bumped revision number for resource ec2babf6-93cb-412d-a02d-a1d6de829cb1 (type: security_groups) to 1
2026-09-03 17:41:43.278 9 INFO neutron.wsgi [None req-eb054a5c-09c0-4c49-9365-13c7efcc18bc 9967aad49b6e4a8898ac9473cbd59eb5 8e09c08015434f24b4c669b5217d6ff2 - - default default] 10.0.0.221 "GET /v2.0/ports?device_id=3c5376d7-f0c8-4645-a12f-2a4d97c34ff9 HTTP/1.1" status: 200 len: 205 time: 0.0472844
2026-09-03 17:41:43.293 10 INFO neutron.db.ovn_revision_numbers_db [None req-71f0b22a-836c-422b-9997-ed14024e7f2b 64b182a548574e31911cd1c8661f2766 404c71576d1d4c9082dce6fb1b8e31ff - - default default] Successfully bumped revision number for resource eb4bc365-a2f0-44b6-9175-7b8a74d095f3 (type: security_group_rules) to 0
2026-09-03 17:41:43.309 10 INFO neutron.api.v2.resource [None req-043b8776-729a-465a-96b9-3e471feebe3d 9967aad49b6e4a8898ac9473cbd59eb5 8e09c08015434f24b4c669b5217d6ff2 - - default default] delete failed (client error): The resource could not be found.
2026-09-03 17:41:43.310 10 INFO neutron.wsgi [None req-043b8776-729a-465a-96b9-3e471feebe3d 9967aad49b6e4a8898ac9473cbd59eb5 8e09c08015434f24b4c669b5217d6ff2 - - default default] 10.0.0.221 "DELETE /v2.0/routers/3c5376d7-f0c8-4645-a12f-2a4d97c34ff9 HTTP/1.1" status: 404 len: 336 time: 0.0261443
2026-09-03 17:41:43.319 10 INFO neutron.db.ovn_revision_numbers_db [None req-71f0b22a-836c-422b-9997-ed14024e7f2b 64b182a548574e31911cd1c8661f2766 404c71576d1d4c9082dce6fb1b8e31ff - - default default] Successfully bumped revision number for resource f609344f-2067-4fa0-af5f-5bf772ea8200 (type: security_group_rules) to 0
2026-09-03 17:41:43.333 9 INFO neutron.wsgi [None req-f4d46813-c646-46e6-a650-39a2502ec67e 9967aad49b6e4a8898ac9473cbd59eb5 8e09c08015434f24b4c669b5217d6ff2 - - default default] 10.0.0.221 "GET /v2.0/ports?device_id=91b9bc6e-64e9-4435-9a1d-973c73e7d3f6 HTTP/1.1" status: 200 len: 205 time: 0.0190012
2026-09-03 17:41:43.339 10 INFO neutron.wsgi [None req-71f0b22a-836c-422b-9997-ed14024e7f2b 64b182a548574e31911cd1c8661f2766 404c71576d1d4c9082dce6fb1b8e31ff - - default default] 10.0.0.221 "POST /v2.0/security-groups HTTP/1.1" status: 201 len: 1761 time: 0.3112850
2026-09-03 17:41:43.358 9 INFO neutron.api.v2.resource [None req-c5b80e5f-6a11-48f8-8df9-6caae0db56f4 9967aad49b6e4a8898ac9473cbd59eb5 8e09c08015434f24b4c669b5217d6ff2 - - default default] delete failed (client error): The resource could not be found.
2026-09-03 17:41:43.359 9 INFO neutron.wsgi [None req-c5b80e5f-6a11-48f8-8df9-6caae0db56f4 9967aad49b6e4a8898ac9473cbd59eb5 8e09c08015434f24b4c669b5217d6ff2 - - default default] 10.0.0.221 "DELETE /v2.0/routers/91b9bc6e-64e9-4435-9a1d-973c73e7d3f6 HTTP/1.1" status: 404 len: 336 time: 0.0232544
2026-09-03 17:41:43.381 10 INFO neutron.pecan_wsgi.hooks.translation [None req-0b102eb7-b4b3-4f2e-b637-d1012b7c50ed 9967aad49b6e4a8898ac9473cbd59eb5 8e09c08015434f24b4c669b5217d6ff2 - - default default] DELETE failed (client error): The resource could not be found.
2026-09-03 17:41:43.384 10 INFO neutron.wsgi [None req-0b102eb7-b4b3-4f2e-b637-d1012b7c50ed 9967aad49b6e4a8898ac9473cbd59eb5 8e09c08015434f24b4c669b5217d6ff2 - - default default] 10.0.0.221 "DELETE /v2.0/subnets/7cb51690-968b-4909-bf4b-3d4699ec201a HTTP/1.1" status: 404 len: 337 time: 0.0191617
2026-09-03 17:41:43.416 10 INFO neutron.wsgi [None req-a33f4f52-ce09-4b8f-ab82-6eee5b6358c4 9967aad49b6e4a8898ac9473cbd59eb5 8e09c08015434f24b4c669b5217d6ff2 - - default default] 10.0.0.221 "GET /v2.0/ports?device_id=ec515194-88f9-4981-9e2d-861fb514d9ff HTTP/1.1" status: 200 len: 205 time: 0.0288188
2026-09-03 17:41:43.447 10 INFO neutron.api.v2.resource [None req-0347d14b-57f4-4227-9156-b779a48b143c 9967aad49b6e4a8898ac9473cbd59eb5 8e09c08015434f24b4c669b5217d6ff2 - - default default] delete failed (client error): The resource could not be found.
2026-09-03 17:41:43.448 10 INFO neutron.wsgi [None req-0347d14b-57f4-4227-9156-b779a48b143c 9967aad49b6e4a8898ac9473cbd59eb5 8e09c08015434f24b4c669b5217d6ff2 - - default default] 10.0.0.221 "DELETE /v2.0/routers/ec515194-88f9-4981-9e2d-861fb514d9ff HTTP/1.1" status: 404 len: 336 time: 0.0268202
2026-09-03 17:41:43.476 10 WARNING neutron.plugins.ml2.drivers.ovn.mech_driver.ovsdb.ovn_client [None req-7f4d04f4-56b4-477f-be44-d33eed2c4706 - - - - - -] No port found with ID 0bdd1099-7833-4205-b974-c87e29a8cb74: RuntimeError: No port found with ID 0bdd1099-7833-4205-b974-c87e29a8cb74
2026-09-03 17:41:43.484 9 INFO neutron.pecan_wsgi.hooks.translation [None req-80a7de86-5c4c-4a16-a493-a62443e7db88 9967aad49b6e4a8898ac9473cbd59eb5 8e09c08015434f24b4c669b5217d6ff2 - - default default] DELETE failed (client error): The resource could not be found.
2026-09-03 17:41:43.492 9 INFO neutron.wsgi [None req-80a7de86-5c4c-4a16-a493-a62443e7db88 9967aad49b6e4a8898ac9473cbd59eb5 8e09c08015434f24b4c669b5217d6ff2 - - default default] 10.0.0.221 "DELETE /v2.0/subnets/a86b9bc2-bbf3-4e7f-b0b2-92e2ebba75aa HTTP/1.1" status: 404 len: 337 time: 0.0345368
2026-09-03 17:41:43.527 10 INFO neutron.wsgi [None req-c46e4b98-9ac3-4c78-8b3d-a481c497b6de 9967aad49b6e4a8898ac9473cbd59eb5 8e09c08015434f24b4c669b5217d6ff2 - - default default] 10.0.0.221 "GET /v2.0/ports?device_id=3df0db73-b78b-4433-a5a6-534980562814 HTTP/1.1" status: 200 len: 205 time: 0.0306556
2026-09-03 17:41:43.552 9 INFO neutron.api.v2.resource [None req-299dc4bc-f0eb-4a15-a7a0-15d3d4ba3aa8 9967aad49b6e4a8898ac9473cbd59eb5 8e09c08015434f24b4c669b5217d6ff2 - - default default] delete failed (client error): The resource could not be found.
2026-09-03 17:41:43.554 9 INFO neutron.wsgi [None req-299dc4bc-f0eb-4a15-a7a0-15d3d4ba3aa8 9967aad49b6e4a8898ac9473cbd59eb5 8e09c08015434f24b4c669b5217d6ff2 - - default default] 10.0.0.221 "DELETE /v2.0/routers/3df0db73-b78b-4433-a5a6-534980562814 HTTP/1.1" status: 404 len: 336 time: 0.0211191
2026-09-03 17:41:43.566 10 INFO neutron.db.ovn_revision_numbers_db [None req-9c11e7d8-218d-4290-aad0-33a7b047cc94 64b182a548574e31911cd1c8661f2766 404c71576d1d4c9082dce6fb1b8e31ff - - default default] Successfully bumped revision number for resource 38478065-308e-4a95-878c-ff2739cbe9d9 (type: security_group_rules) to 0
2026-09-03 17:41:43.575 9 INFO neutron.pecan_wsgi.hooks.translation [None req-cc04d514-c86e-4554-9e37-a70bd40158e2 9967aad49b6e4a8898ac9473cbd59eb5 8e09c08015434f24b4c669b5217d6ff2 - - default default] DELETE failed (client error): The resource could not be found.
2026-09-03 17:41:43.577 9 INFO neutron.wsgi [None req-cc04d514-c86e-4554-9e37-a70bd40158e2 9967aad49b6e4a8898ac9473cbd59eb5 8e09c08015434f24b4c669b5217d6ff2 - - default default] 10.0.0.221 "DELETE /v2.0/subnets/df91286f-b0ac-4e3e-9cb2-27b9f0ac0397 HTTP/1.1" status: 404 len: 337 time: 0.0182180
2026-09-03 17:41:43.596 9 INFO neutron.pecan_wsgi.hooks.translation [None req-302ba9a5-572a-420a-8eec-8623c495afd0 9967aad49b6e4a8898ac9473cbd59eb5 8e09c08015434f24b4c669b5217d6ff2 - - default default] DELETE failed (client error): The resource could not be found.
2026-09-03 17:41:43.598 9 INFO neutron.wsgi [None req-302ba9a5-572a-420a-8eec-8623c495afd0 9967aad49b6e4a8898ac9473cbd59eb5 8e09c08015434f24b4c669b5217d6ff2 - - default default] 10.0.0.221 "DELETE /v2.0/subnets/cddfff86-7602-4de1-abd2-acaf02ba1ee8 HTTP/1.1" status: 404 len: 337 time: 0.0137801
2026-09-03 17:41:43.608 10 INFO neutron.wsgi [None req-9c11e7d8-218d-4290-aad0-33a7b047cc94 64b182a548574e31911cd1c8661f2766 404c71576d1d4c9082dce6fb1b8e31ff - - default default] 10.0.0.221 "POST /v2.0/security-group-rules HTTP/1.1" status: 201 len: 768 time: 0.2641032
2026-09-03 17:41:43.627 9 INFO neutron.wsgi [None req-6730419c-4902-4f18-9c06-30c2ae0464e6 64b182a548574e31911cd1c8661f2766 404c71576d1d4c9082dce6fb1b8e31ff - - default default] 10.0.0.221 "GET /v2.0/security-group-rules/38478065-308e-4a95-878c-ff2739cbe9d9 HTTP/1.1" status: 200 len: 763 time: 0.0123339
2026-09-03 17:41:43.663 9 INFO neutron.wsgi [None req-49cde997-e734-401a-8c11-9bf174b2ee56 64b182a548574e31911cd1c8661f2766 404c71576d1d4c9082dce6fb1b8e31ff - - default default] 10.0.0.221 "GET /v2.0/security-group-rules HTTP/1.1" status: 200 len: 4113 time: 0.0287156
2026-09-03 17:41:43.760 9 INFO neutron.wsgi [None req-74ab191a-b1e5-4aa7-a3fb-6562f8516771 64b182a548574e31911cd1c8661f2766 404c71576d1d4c9082dce6fb1b8e31ff - - default default] 10.0.0.221 "DELETE /v2.0/security-group-rules/38478065-308e-4a95-878c-ff2739cbe9d9 HTTP/1.1" status: 204 len: 168 time: 0.0910399
2026-09-03 17:41:43.800 9 INFO neutron.wsgi [None req-e2c9c759-9943-4472-bb55-367f61e5b16a 64b182a548574e31911cd1c8661f2766 404c71576d1d4c9082dce6fb1b8e31ff - - default default] 10.0.0.221 "GET /v2.0/security-group-rules HTTP/1.1" status: 200 len: 3567 time: 0.0342147
2026-09-03 17:41:43.945 9 INFO neutron.db.ovn_revision_numbers_db [None req-7bc86b53-3f0b-44cb-bfea-413f8ac8de84 64b182a548574e31911cd1c8661f2766 404c71576d1d4c9082dce6fb1b8e31ff - - default default] Successfully bumped revision number for resource fa3489e8-e17a-4ac3-85e8-33af942b177e (type: security_group_rules) to 0
2026-09-03 17:41:43.984 9 INFO neutron.wsgi [None req-7bc86b53-3f0b-44cb-bfea-413f8ac8de84 64b182a548574e31911cd1c8661f2766 404c71576d1d4c9082dce6fb1b8e31ff - - default default] 10.0.0.221 "POST /v2.0/security-group-rules HTTP/1.1" status: 201 len: 768 time: 0.1778698
2026-09-03 17:41:44.018 10 INFO neutron.wsgi [None req-803188ef-faf2-4014-8361-5c22b71f1279 64b182a548574e31911cd1c8661f2766 404c71576d1d4c9082dce6fb1b8e31ff - - default default] 10.0.0.221 "GET /v2.0/security-group-rules/fa3489e8-e17a-4ac3-85e8-33af942b177e HTTP/1.1" status: 200 len: 763 time: 0.0269253
2026-09-03 17:41:44.078 10 INFO neutron.wsgi [None req-ec6d1b18-eb52-4816-af92-665268f12849 64b182a548574e31911cd1c8661f2766 404c71576d1d4c9082dce6fb1b8e31ff - - default default] 10.0.0.221 "GET /v2.0/security-group-rules HTTP/1.1" status: 200 len: 4113 time: 0.0513525
2026-09-03 17:41:44.195 10 INFO neutron.wsgi [None req-1fda11b6-f272-4396-a6cc-4756ba7893eb 64b182a548574e31911cd1c8661f2766 404c71576d1d4c9082dce6fb1b8e31ff - - default default] 10.0.0.221 "DELETE /v2.0/security-group-rules/fa3489e8-e17a-4ac3-85e8-33af942b177e HTTP/1.1" status: 204 len: 168 time: 0.1105821
2026-09-03 17:41:44.236 10 INFO neutron.wsgi [None req-6d054924-fc11-4ba6-8999-14fce3302240 64b182a548574e31911cd1c8661f2766 404c71576d1d4c9082dce6fb1b8e31ff - - default default] 10.0.0.221 "GET /v2.0/security-group-rules HTTP/1.1" status: 200 len: 3567 time: 0.0349014
2026-09-03 17:41:44.425 10 INFO neutron.db.ovn_revision_numbers_db [None req-f7355a7f-c6f4-461d-a777-0a664c993315 64b182a548574e31911cd1c8661f2766 404c71576d1d4c9082dce6fb1b8e31ff - - default default] Successfully bumped revision number for resource 7fed7d56-f284-4ddc-be78-63e08cec184f (type: security_group_rules) to 0
2026-09-03 17:41:44.481 10 INFO neutron.wsgi [None req-f7355a7f-c6f4-461d-a777-0a664c993315 64b182a548574e31911cd1c8661f2766 404c71576d1d4c9082dce6fb1b8e31ff - - default default] 10.0.0.221 "POST /v2.0/security-group-rules HTTP/1.1" status: 201 len: 769 time: 0.2385130
2026-09-03 17:41:44.533 10 INFO neutron.wsgi [None req-858669cf-660c-466f-8803-94f70be03628 64b182a548574e31911cd1c8661f2766 404c71576d1d4c9082dce6fb1b8e31ff - - default default] 10.0.0.221 "GET /v2.0/security-group-rules/7fed7d56-f284-4ddc-be78-63e08cec184f HTTP/1.1" status: 200 len: 764 time: 0.0444269
2026-09-03 17:41:44.605 9 INFO neutron.wsgi [None req-47bd555e-30ad-49dc-9253-a141ca5b8904 64b182a548574e31911cd1c8661f2766 404c71576d1d4c9082dce6fb1b8e31ff - - default default] 10.0.0.221 "GET /v2.0/security-group-rules HTTP/1.1" status: 200 len: 4114 time: 0.0643606
