2026-09-03 17:44:12.962 10 INFO neutron.wsgi [None req-309b88e8-e198-4c41-b230-4ab6233f3abe 947f8aeaef6049a0bb69fac31dcac43f cdbbfd4b862e4b8bba66d55a58af7391 - - default default] 10.0.0.221 "GET /v2.0/subnetpools/c9d4c9c5-99ce-45ba-a3fc-cfa77e5ee0c0/tags HTTP/1.1" status: 200 len: 245 time: 0.0187187
2026-09-03 17:44:12.996 10 INFO neutron.wsgi [None req-8cd282d7-db79-4ef5-9a5b-285a9a737183 947f8aeaef6049a0bb69fac31dcac43f cdbbfd4b862e4b8bba66d55a58af7391 - - default default] 10.0.0.221 "PUT /v2.0/subnetpools/c9d4c9c5-99ce-45ba-a3fc-cfa77e5ee0c0/tags HTTP/1.1" status: 200 len: 230 time: 0.0284824
2026-09-03 17:44:13.019 10 INFO neutron.wsgi [None req-9f7ee59d-2a55-4849-95ab-49c58ae98e57 947f8aeaef6049a0bb69fac31dcac43f cdbbfd4b862e4b8bba66d55a58af7391 - - default default] 10.0.0.221 "GET /v2.0/subnetpools/c9d4c9c5-99ce-45ba-a3fc-cfa77e5ee0c0/tags HTTP/1.1" status: 200 len: 230 time: 0.0161197
2026-09-03 17:44:13.039 10 INFO neutron.wsgi [None req-15b32681-58ea-4803-b0b9-d3f6e31c6b2f 947f8aeaef6049a0bb69fac31dcac43f cdbbfd4b862e4b8bba66d55a58af7391 - - default default] 10.0.0.221 "GET /v2.0/subnetpools/c9d4c9c5-99ce-45ba-a3fc-cfa77e5ee0c0/tags/red HTTP/1.1" status: 204 len: 168 time: 0.0149748
2026-09-03 17:44:13.058 10 INFO neutron.api.v2.resource [None req-d9f66bb8-7d11-40b0-a42b-40799087435b 947f8aeaef6049a0bb69fac31dcac43f cdbbfd4b862e4b8bba66d55a58af7391 - - default default] show failed (client error): The resource could not be found.
2026-09-03 17:44:13.059 10 INFO neutron.wsgi [None req-d9f66bb8-7d11-40b0-a42b-40799087435b 947f8aeaef6049a0bb69fac31dcac43f cdbbfd4b862e4b8bba66d55a58af7391 - - default default] 10.0.0.221 "GET /v2.0/subnetpools/c9d4c9c5-99ce-45ba-a3fc-cfa77e5ee0c0/tags/green HTTP/1.1" status: 404 len: 299 time: 0.0152743
2026-09-03 17:44:13.098 10 INFO neutron.wsgi [None req-aa34c77e-d377-4bdc-90be-ce44b44ff512 947f8aeaef6049a0bb69fac31dcac43f cdbbfd4b862e4b8bba66d55a58af7391 - - default default] 10.0.0.221 "DELETE /v2.0/subnetpools/c9d4c9c5-99ce-45ba-a3fc-cfa77e5ee0c0/tags/red HTTP/1.1" status: 204 len: 168 time: 0.0347130
2026-09-03 17:44:13.142 9 INFO neutron.wsgi [None req-6c326ade-1bd4-4527-afb1-a078df5b1e6c 947f8aeaef6049a0bb69fac31dcac43f cdbbfd4b862e4b8bba66d55a58af7391 - - default default] 10.0.0.221 "GET /v2.0/subnetpools/c9d4c9c5-99ce-45ba-a3fc-cfa77e5ee0c0/tags HTTP/1.1" status: 200 len: 223 time: 0.0378094
2026-09-03 17:44:13.185 10 INFO neutron.api.v2.resource [None req-b0ed86aa-e87e-426e-a26f-557060be7dd8 947f8aeaef6049a0bb69fac31dcac43f cdbbfd4b862e4b8bba66d55a58af7391 - - default default] delete failed (client error): The resource could not be found.
2026-09-03 17:44:13.187 10 INFO neutron.wsgi [None req-b0ed86aa-e87e-426e-a26f-557060be7dd8 947f8aeaef6049a0bb69fac31dcac43f cdbbfd4b862e4b8bba66d55a58af7391 - - default default] 10.0.0.221 "DELETE /v2.0/subnetpools/c9d4c9c5-99ce-45ba-a3fc-cfa77e5ee0c0/tags/green HTTP/1.1" status: 404 len: 299 time: 0.0379665
2026-09-03 17:44:13.241 10 INFO neutron.wsgi [None req-ea327696-6884-49ae-98cf-2d9a3bd81d3a 947f8aeaef6049a0bb69fac31dcac43f cdbbfd4b862e4b8bba66d55a58af7391 - - default default] 10.0.0.221 "DELETE /v2.0/subnetpools/c9d4c9c5-99ce-45ba-a3fc-cfa77e5ee0c0/tags HTTP/1.1" status: 204 len: 168 time: 0.0479429
2026-09-03 17:44:13.276 10 INFO neutron.wsgi [None req-44269516-6033-4a33-a299-7b0fba1bb196 947f8aeaef6049a0bb69fac31dcac43f cdbbfd4b862e4b8bba66d55a58af7391 - - default default] 10.0.0.221 "GET /v2.0/subnetpools/c9d4c9c5-99ce-45ba-a3fc-cfa77e5ee0c0/tags HTTP/1.1" status: 200 len: 205 time: 0.0259035
2026-09-03 17:44:13.347 10 INFO neutron.wsgi [None req-71ac9817-4d32-4a8b-a6b3-f883db7fefcf 947f8aeaef6049a0bb69fac31dcac43f cdbbfd4b862e4b8bba66d55a58af7391 - - default default] 10.0.0.221 "DELETE /v2.0/subnetpools/c9d4c9c5-99ce-45ba-a3fc-cfa77e5ee0c0 HTTP/1.1" status: 204 len: 168 time: 0.0575852
2026-09-03 17:44:14.380 9 INFO neutron.db.ovn_revision_numbers_db [None req-8a6fcbe9-7cf8-45f1-b849-3ddb75f73e47 8683bf07304f4692a042f736afa186f7 33988093ee3443979a0495eacaa13164 - - default default] Successfully bumped revision number for resource 0679a4d8-8927-4d18-bc55-930186d3b48d (type: security_groups) to 1
2026-09-03 17:44:14.406 9 INFO neutron.db.ovn_revision_numbers_db [None req-8a6fcbe9-7cf8-45f1-b849-3ddb75f73e47 8683bf07304f4692a042f736afa186f7 33988093ee3443979a0495eacaa13164 - - default default] Successfully bumped revision number for resource 03fee2f7-b17d-4808-9527-3f4740459422 (type: security_group_rules) to 0
2026-09-03 17:44:14.432 9 INFO neutron.db.ovn_revision_numbers_db [None req-8a6fcbe9-7cf8-45f1-b849-3ddb75f73e47 8683bf07304f4692a042f736afa186f7 33988093ee3443979a0495eacaa13164 - - default default] Successfully bumped revision number for resource 1202beae-e3c7-4ee3-a411-26fe3e6014b5 (type: security_group_rules) to 0
2026-09-03 17:44:14.455 9 INFO neutron.db.ovn_revision_numbers_db [None req-8a6fcbe9-7cf8-45f1-b849-3ddb75f73e47 8683bf07304f4692a042f736afa186f7 33988093ee3443979a0495eacaa13164 - - default default] Successfully bumped revision number for resource 63bea10b-c7c7-4201-8a6b-d31f0cefa141 (type: security_group_rules) to 0
2026-09-03 17:44:14.476 9 INFO neutron.db.ovn_revision_numbers_db [None req-8a6fcbe9-7cf8-45f1-b849-3ddb75f73e47 8683bf07304f4692a042f736afa186f7 33988093ee3443979a0495eacaa13164 - - default default] Successfully bumped revision number for resource fdd72a67-516b-4b2b-b976-951af47151bf (type: security_group_rules) to 0
2026-09-03 17:44:14.508 9 INFO neutron.wsgi [None req-8a6fcbe9-7cf8-45f1-b849-3ddb75f73e47 8683bf07304f4692a042f736afa186f7 33988093ee3443979a0495eacaa13164 - - default default] 10.0.0.221 "GET /v2.0/security-groups?tenant_id=e9eeb95aba794f2980dfe6e557cd0229&name=default HTTP/1.1" status: 200 len: 3000 time: 0.4012089
2026-09-03 17:44:14.767 9 INFO neutron.wsgi [None req-89f5cce7-4683-4e5f-ba13-185b193abec8 8683bf07304f4692a042f736afa186f7 33988093ee3443979a0495eacaa13164 - - default default] 10.0.0.221 "DELETE /v2.0/security-groups/0679a4d8-8927-4d18-bc55-930186d3b48d HTTP/1.1" status: 204 len: 168 time: 0.2528598
2026-09-03 17:44:15.045 10 INFO neutron.db.ovn_revision_numbers_db [None req-5056b6c4-d0f6-47f2-b9fa-de23831436b6 8683bf07304f4692a042f736afa186f7 33988093ee3443979a0495eacaa13164 - - default default] Successfully bumped revision number for resource ee1faebf-72a8-4117-be23-011ff0ba16d5 (type: security_groups) to 1
2026-09-03 17:44:15.061 10 INFO neutron.db.ovn_revision_numbers_db [None req-5056b6c4-d0f6-47f2-b9fa-de23831436b6 8683bf07304f4692a042f736afa186f7 33988093ee3443979a0495eacaa13164 - - default default] Successfully bumped revision number for resource 6e1e12ff-fad0-4fc0-8b56-c4f16478b086 (type: security_group_rules) to 0
2026-09-03 17:44:15.082 10 INFO neutron.db.ovn_revision_numbers_db [None req-5056b6c4-d0f6-47f2-b9fa-de23831436b6 8683bf07304f4692a042f736afa186f7 33988093ee3443979a0495eacaa13164 - - default default] Successfully bumped revision number for resource 8daa437e-9d0d-4d5a-9f9a-c9226a64857a (type: security_group_rules) to 0
2026-09-03 17:44:15.102 10 INFO neutron.db.ovn_revision_numbers_db [None req-5056b6c4-d0f6-47f2-b9fa-de23831436b6 8683bf07304f4692a042f736afa186f7 33988093ee3443979a0495eacaa13164 - - default default] Successfully bumped revision number for resource b9a1193d-f017-4cc0-ad56-dfce00b5e74a (type: security_group_rules) to 0
2026-09-03 17:44:15.123 10 INFO neutron.db.ovn_revision_numbers_db [None req-5056b6c4-d0f6-47f2-b9fa-de23831436b6 8683bf07304f4692a042f736afa186f7 33988093ee3443979a0495eacaa13164 - - default default] Successfully bumped revision number for resource e3dd2a38-c286-4bad-9d95-70a179400729 (type: security_group_rules) to 0
2026-09-03 17:44:15.157 10 INFO neutron.wsgi [None req-5056b6c4-d0f6-47f2-b9fa-de23831436b6 8683bf07304f4692a042f736afa186f7 33988093ee3443979a0495eacaa13164 - - default default] 10.0.0.221 "GET /v2.0/security-groups?tenant_id=cdbbfd4b862e4b8bba66d55a58af7391&name=default HTTP/1.1" status: 200 len: 3000 time: 0.2571754
2026-09-03 17:44:15.395 10 INFO neutron.wsgi [None req-3eea1c28-18fb-4ee9-85cd-4e90456bbf97 8683bf07304f4692a042f736afa186f7 33988093ee3443979a0495eacaa13164 - - default default] 10.0.0.221 "DELETE /v2.0/security-groups/ee1faebf-72a8-4117-be23-011ff0ba16d5 HTTP/1.1" status: 204 len: 168 time: 0.2295060
2026-09-03 17:44:19.619 10 INFO neutron.db.ovn_revision_numbers_db [None req-8ae898e4-973f-4e05-bb8d-8240f8614be1 2b63fcf7369d4a54aeda847a8220946c 9db09671d6384ae8a505be6e0173a49d - - default default] Successfully bumped revision number for resource b3ab8f86-b6bb-4b8e-a565-dc19ee53d20f (type: security_groups) to 1
2026-09-03 17:44:19.634 10 INFO neutron.db.ovn_revision_numbers_db [None req-8ae898e4-973f-4e05-bb8d-8240f8614be1 2b63fcf7369d4a54aeda847a8220946c 9db09671d6384ae8a505be6e0173a49d - - default default] Successfully bumped revision number for resource a635a0bb-131c-452e-b65d-c67dc99cd282 (type: security_group_rules) to 0
2026-09-03 17:44:19.649 10 INFO neutron.db.ovn_revision_numbers_db [None req-8ae898e4-973f-4e05-bb8d-8240f8614be1 2b63fcf7369d4a54aeda847a8220946c 9db09671d6384ae8a505be6e0173a49d - - default default] Successfully bumped revision number for resource ac49b36e-75dc-4a00-937f-f88c583bae90 (type: security_group_rules) to 0
2026-09-03 17:44:19.664 10 INFO neutron.db.ovn_revision_numbers_db [None req-8ae898e4-973f-4e05-bb8d-8240f8614be1 2b63fcf7369d4a54aeda847a8220946c 9db09671d6384ae8a505be6e0173a49d - - default default] Successfully bumped revision number for resource dd32cdf8-3e26-4e72-ab8e-00f5d9343551 (type: security_group_rules) to 0
2026-09-03 17:44:19.687 10 INFO neutron.db.ovn_revision_numbers_db [None req-8ae898e4-973f-4e05-bb8d-8240f8614be1 2b63fcf7369d4a54aeda847a8220946c 9db09671d6384ae8a505be6e0173a49d - - default default] Successfully bumped revision number for resource fbeb5ff9-3fe4-424d-bc9e-87b7fa7e6215 (type: security_group_rules) to 0
2026-09-03 17:44:19.754 10 INFO neutron.db.segments_db [None req-8ae898e4-973f-4e05-bb8d-8240f8614be1 2b63fcf7369d4a54aeda847a8220946c 9db09671d6384ae8a505be6e0173a49d - - default default] Added segment a1f36cdc-3778-4dd7-9070-963aca347d9b of type geneve for network 26c79a96-651e-4d37-bbdb-7ef9b4f31eb8
2026-09-03 17:44:19.917 10 INFO neutron.db.ovn_revision_numbers_db [None req-8ae898e4-973f-4e05-bb8d-8240f8614be1 2b63fcf7369d4a54aeda847a8220946c 9db09671d6384ae8a505be6e0173a49d - - default default] Successfully bumped revision number for resource 26c79a96-651e-4d37-bbdb-7ef9b4f31eb8 (type: networks) to 1
2026-09-03 17:44:20.129 10 WARNING neutron.scheduler.dhcp_agent_scheduler [None req-8ae898e4-973f-4e05-bb8d-8240f8614be1 2b63fcf7369d4a54aeda847a8220946c 9db09671d6384ae8a505be6e0173a49d - - default default] No more DHCP agents
2026-09-03 17:44:20.132 10 WARNING neutron.api.rpc.agentnotifiers.dhcp_rpc_agent_api [None req-8ae898e4-973f-4e05-bb8d-8240f8614be1 2b63fcf7369d4a54aeda847a8220946c 9db09671d6384ae8a505be6e0173a49d - - default default] Unable to schedule network 26c79a96-651e-4d37-bbdb-7ef9b4f31eb8: no agents available; will retry on subsequent port and subnet creation events.
2026-09-03 17:44:20.252 10 INFO neutron.db.ovn_revision_numbers_db [None req-8ae898e4-973f-4e05-bb8d-8240f8614be1 2b63fcf7369d4a54aeda847a8220946c 9db09671d6384ae8a505be6e0173a49d - - default default] Successfully bumped revision number for resource 26a9370b-f835-49d1-a7dc-d467bbdd0c5f (type: ports) to 1
2026-09-03 17:44:20.281 10 INFO neutron.wsgi [None req-8ae898e4-973f-4e05-bb8d-8240f8614be1 2b63fcf7369d4a54aeda847a8220946c 9db09671d6384ae8a505be6e0173a49d - - default default] 10.0.0.221 "POST /v2.0/networks HTTP/1.1" status: 201 len: 831 time: 1.0370286
2026-09-03 17:44:20.519 10 WARNING neutron.scheduler.dhcp_agent_scheduler [None req-d4e28294-9cf4-486a-9a59-0a9b81cadef5 2b63fcf7369d4a54aeda847a8220946c 9db09671d6384ae8a505be6e0173a49d - - default default] No more DHCP agents
2026-09-03 17:44:20.523 10 WARNING neutron.api.rpc.agentnotifiers.dhcp_rpc_agent_api [None req-d4e28294-9cf4-486a-9a59-0a9b81cadef5 2b63fcf7369d4a54aeda847a8220946c 9db09671d6384ae8a505be6e0173a49d - - default default] Unable to schedule network 26c79a96-651e-4d37-bbdb-7ef9b4f31eb8: no agents available; will retry on subsequent port and subnet creation events.
2026-09-03 17:44:21.024 10 INFO neutron.db.ovn_revision_numbers_db [None req-d4e28294-9cf4-486a-9a59-0a9b81cadef5 2b63fcf7369d4a54aeda847a8220946c 9db09671d6384ae8a505be6e0173a49d - - default default] Successfully bumped revision number for resource 26a9370b-f835-49d1-a7dc-d467bbdd0c5f (type: ports) to 2
2026-09-03 17:44:21.073 10 INFO neutron.db.ovn_revision_numbers_db [None req-d4e28294-9cf4-486a-9a59-0a9b81cadef5 2b63fcf7369d4a54aeda847a8220946c 9db09671d6384ae8a505be6e0173a49d - - default default] Successfully bumped revision number for resource 103098dd-88ec-49e8-a904-c9dab23e5569 (type: subnets) to 0
2026-09-03 17:44:21.094 10 INFO neutron.wsgi [None req-d4e28294-9cf4-486a-9a59-0a9b81cadef5 2b63fcf7369d4a54aeda847a8220946c 9db09671d6384ae8a505be6e0173a49d - - default default] 10.0.0.221 "POST /v2.0/subnets HTTP/1.1" status: 201 len: 801 time: 0.8053601
2026-09-03 17:44:21.169 10 INFO neutron.wsgi [None req-a6c9d583-ee0a-4141-9053-5f77afb68784 2b63fcf7369d4a54aeda847a8220946c 9db09671d6384ae8a505be6e0173a49d - - default default] 10.0.0.221 "PUT /v2.0/subnets/103098dd-88ec-49e8-a904-c9dab23e5569/tags HTTP/1.1" status: 200 len: 218 time: 0.0692048
2026-09-03 17:44:21.204 10 INFO neutron.wsgi [None req-854c816d-ef9a-4a70-adfa-a4266f86c4f0 2b63fcf7369d4a54aeda847a8220946c 9db09671d6384ae8a505be6e0173a49d - - default default] 10.0.0.221 "GET /v2.0/subnets/103098dd-88ec-49e8-a904-c9dab23e5569/tags HTTP/1.1" status: 200 len: 218 time: 0.0292270
2026-09-03 17:44:21.302 9 INFO neutron.wsgi [None req-4973739a-4fe3-47ef-b2b4-b7045173443e 2b63fcf7369d4a54aeda847a8220946c 9db09671d6384ae8a505be6e0173a49d - - default default] 10.0.0.221 "PUT /v2.0/subnets/103098dd-88ec-49e8-a904-c9dab23e5569/tags/green HTTP/1.1" status: 201 len: 201 time: 0.0925915
2026-09-03 17:44:21.344 9 INFO neutron.wsgi [None req-6f5eaa7f-f427-4f03-b1cb-1ad2ce40faed 2b63fcf7369d4a54aeda847a8220946c 9db09671d6384ae8a505be6e0173a49d - - default default] 10.0.0.221 "GET /v2.0/subnets/103098dd-88ec-49e8-a904-c9dab23e5569/tags HTTP/1.1" status: 200 len: 227 time: 0.0368290
2026-09-03 17:44:21.380 9 INFO neutron.wsgi [None req-78fca344-60ed-4df5-86d2-eb636a9ef2ce 2b63fcf7369d4a54aeda847a8220946c 9db09671d6384ae8a505be6e0173a49d - - default default] 10.0.0.221 "PUT /v2.0/subnets/103098dd-88ec-49e8-a904-c9dab23e5569/tags/red HTTP/1.1" status: 201 len: 201 time: 0.0315542
2026-09-03 17:44:21.415 9 INFO neutron.wsgi [None req-0a400ff3-137b-4e51-a662-27ab230876c0 2b63fcf7369d4a54aeda847a8220946c 9db09671d6384ae8a505be6e0173a49d - - default default] 10.0.0.221 "GET /v2.0/subnets/103098dd-88ec-49e8-a904-c9dab23e5569/tags HTTP/1.1" status: 200 len: 227 time: 0.0289021
2026-09-03 17:44:21.476 9 INFO neutron.wsgi [None req-a5155308-5f3b-4772-afe2-380495b25caa 2b63fcf7369d4a54aeda847a8220946c 9db09671d6384ae8a505be6e0173a49d - - default default] 10.0.0.221 "PUT /v2.0/subnets/103098dd-88ec-49e8-a904-c9dab23e5569/tags/black.or.white HTTP/1.1" status: 201 len: 201 time: 0.0534172
2026-09-03 17:44:21.533 10 INFO neutron.wsgi [None req-d2f95214-882c-46e7-8edb-ed3e7d6a18a2 2b63fcf7369d4a54aeda847a8220946c 9db09671d6384ae8a505be6e0173a49d - - default default] 10.0.0.221 "GET /v2.0/subnets/103098dd-88ec-49e8-a904-c9dab23e5569/tags HTTP/1.1" status: 200 len: 245 time: 0.0492089
2026-09-03 17:44:21.598 10 INFO neutron.wsgi [None req-5c46377f-f973-47ce-a716-78a183e353c4 2b63fcf7369d4a54aeda847a8220946c 9db09671d6384ae8a505be6e0173a49d - - default default] 10.0.0.221 "PUT /v2.0/subnets/103098dd-88ec-49e8-a904-c9dab23e5569/tags HTTP/1.1" status: 200 len: 230 time: 0.0585628
2026-09-03 17:44:21.848 10 INFO neutron.wsgi [None req-3f87dfb7-1d65-49d6-9d95-09f85291c5d1 2b63fcf7369d4a54aeda847a8220946c 9db09671d6384ae8a505be6e0173a49d - - default default] 10.0.0.221 "GET /v2.0/subnets/103098dd-88ec-49e8-a904-c9dab23e5569/tags HTTP/1.1" status: 200 len: 230 time: 0.2434421
2026-09-03 17:44:21.895 10 INFO neutron.wsgi [None req-403c40d9-6d0d-4bf7-9f42-d7751d410811 2b63fcf7369d4a54aeda847a8220946c 9db09671d6384ae8a505be6e0173a49d - - default default] 10.0.0.221 "GET /v2.0/subnets/103098dd-88ec-49e8-a904-c9dab23e5569/tags/red HTTP/1.1" status: 204 len: 168 time: 0.0386395
2026-09-03 17:44:21.939 10 INFO neutron.api.v2.resource [None req-23cf1fdf-57c6-4d58-a35a-c14fa8922250 2b63fcf7369d4a54aeda847a8220946c 9db09671d6384ae8a505be6e0173a49d - - default default] show failed (client error): The resource could not be found.
2026-09-03 17:44:21.941 10 INFO neutron.wsgi [None req-23cf1fdf-57c6-4d58-a35a-c14fa8922250 2b63fcf7369d4a54aeda847a8220946c 9db09671d6384ae8a505be6e0173a49d - - default default] 10.0.0.221 "GET /v2.0/subnets/103098dd-88ec-49e8-a904-c9dab23e5569/tags/green HTTP/1.1" status: 404 len: 299 time: 0.0400870
2026-09-03 17:44:21.987 10 INFO neutron.wsgi [None req-bc7f6d5f-041f-47dd-ab52-74734c3bdecf 2b63fcf7369d4a54aeda847a8220946c 9db09671d6384ae8a505be6e0173a49d - - default default] 10.0.0.221 "DELETE /v2.0/subnets/103098dd-88ec-49e8-a904-c9dab23e5569/tags/red HTTP/1.1" status: 204 len: 168 time: 0.0364590
2026-09-03 17:44:22.022 10 INFO neutron.wsgi [None req-22103311-1daf-4196-a93a-031ca379a993 2b63fcf7369d4a54aeda847a8220946c 9db09671d6384ae8a505be6e0173a49d - - default default] 10.0.0.221 "GET /v2.0/subnets/103098dd-88ec-49e8-a904-c9dab23e5569/tags HTTP/1.1" status: 200 len: 223 time: 0.0251474
2026-09-03 17:44:22.060 10 INFO neutron.api.v2.resource [None req-49c2e11f-b4ff-488f-afba-012271bc9c7e 2b63fcf7369d4a54aeda847a8220946c 9db09671d6384ae8a505be6e0173a49d - - default default] delete failed (client error): The resource could not be found.
2026-09-03 17:44:22.061 10 INFO neutron.wsgi [None req-49c2e11f-b4ff-488f-afba-012271bc9c7e 2b63fcf7369d4a54aeda847a8220946c 9db09671d6384ae8a505be6e0173a49d - - default default] 10.0.0.221 "DELETE /v2.0/subnets/103098dd-88ec-49e8-a904-c9dab23e5569/tags/green HTTP/1.1" status: 404 len: 299 time: 0.0306292
2026-09-03 17:44:22.112 10 INFO neutron.wsgi [None req-07b7b60d-6a68-4846-ac7a-5d273ca6c6b0 2b63fcf7369d4a54aeda847a8220946c 9db09671d6384ae8a505be6e0173a49d - - default default] 10.0.0.221 "DELETE /v2.0/subnets/103098dd-88ec-49e8-a904-c9dab23e5569/tags HTTP/1.1" status: 204 len: 168 time: 0.0408289
2026-09-03 17:44:22.146 10 INFO neutron.wsgi [None req-e520c45f-e2fb-41d6-a35a-ae165c92aa5f 2b63fcf7369d4a54aeda847a8220946c 9db09671d6384ae8a505be6e0173a49d - - default default] 10.0.0.221 "GET /v2.0/subnets/103098dd-88ec-49e8-a904-c9dab23e5569/tags HTTP/1.1" status: 200 len: 205 time: 0.0284779
2026-09-03 17:44:22.338 10 INFO neutron.wsgi [None req-f2fab90b-d63b-4459-938d-c92bece95036 2b63fcf7369d4a54aeda847a8220946c 9db09671d6384ae8a505be6e0173a49d - - default default] 10.0.0.221 "DELETE /v2.0/subnets/103098dd-88ec-49e8-a904-c9dab23e5569 HTTP/1.1" status: 204 len: 168 time: 0.1786277
2026-09-03 17:44:22.702 10 INFO neutron.services.segments.plugin [-] Segment a1f36cdc-3778-4dd7-9070-963aca347d9b resource provider aggregate not found
2026-09-03 17:44:22.707 10 INFO neutron.services.segments.plugin [-] Segment a1f36cdc-3778-4dd7-9070-963aca347d9b resource provider aggregate not found
2026-09-03 17:44:22.725 10 INFO neutron.services.segments.plugin [-] Segment a1f36cdc-3778-4dd7-9070-963aca347d9b resource provider not found; error: Placement Client Error (4xx): {"errors": [{"status": 404, "title": "Not Found", "detail": "The resource could not be found.\n\n No resource provider with uuid a1f36cdc-3778-4dd7-9070-963aca347d9b found for delete ", "request_id": "req-5678900a-71d4-41e0-b3fa-3fee7b0f749e"}]}
2026-09-03 17:44:22.726 10 INFO neutron.services.segments.plugin [-] Segment a1f36cdc-3778-4dd7-9070-963aca347d9b resource provider not found; error: Placement Client Error (4xx): {"errors": [{"status": 404, "title": "Not Found", "detail": "The resource could not be found.\n\n No resource provider with uuid a1f36cdc-3778-4dd7-9070-963aca347d9b found for delete ", "request_id": "req-7cba7765-883c-4c13-a3bf-4f28d24ffa34"}]}
2026-09-03 17:44:22.740 10 INFO neutron.wsgi [None req-b1d4f302-373c-44c0-a209-9311a918ac9e 2b63fcf7369d4a54aeda847a8220946c 9db09671d6384ae8a505be6e0173a49d - - default default] 10.0.0.221 "DELETE /v2.0/networks/26c79a96-651e-4d37-bbdb-7ef9b4f31eb8 HTTP/1.1" status: 204 len: 168 time: 0.3970618
2026-09-03 17:44:23.848 10 INFO neutron.db.ovn_revision_numbers_db [None req-b324bb6c-d990-4f62-af64-0fff25a4c6b6 8683bf07304f4692a042f736afa186f7 33988093ee3443979a0495eacaa13164 - - default default] Successfully bumped revision number for resource 4bb76b00-e284-4e28-9d13-fe4dbe486aca (type: security_groups) to 1
2026-09-03 17:44:23.867 10 INFO neutron.db.ovn_revision_numbers_db [None req-b324bb6c-d990-4f62-af64-0fff25a4c6b6 8683bf07304f4692a042f736afa186f7 33988093ee3443979a0495eacaa13164 - - default default] Successfully bumped revision number for resource 463eecaa-ff72-425c-b5e0-016906108f64 (type: security_group_rules) to 0
2026-09-03 17:44:23.886 10 INFO neutron.db.ovn_revision_numbers_db [None req-b324bb6c-d990-4f62-af64-0fff25a4c6b6 8683bf07304f4692a042f736afa186f7 33988093ee3443979a0495eacaa13164 - - default default] Successfully bumped revision number for resource a8450ed5-0e81-4b09-956a-7240dbc06297 (type: security_group_rules) to 0
2026-09-03 17:44:23.904 10 INFO neutron.db.ovn_revision_numbers_db [None req-b324bb6c-d990-4f62-af64-0fff25a4c6b6 8683bf07304f4692a042f736afa186f7 33988093ee3443979a0495eacaa13164 - - default default] Successfully bumped revision number for resource acecf1db-68d5-4450-936e-7a41ec1274f0 (type: security_group_rules) to 0
2026-09-03 17:44:23.929 10 INFO neutron.db.ovn_revision_numbers_db [None req-b324bb6c-d990-4f62-af64-0fff25a4c6b6 8683bf07304f4692a042f736afa186f7 33988093ee3443979a0495eacaa13164 - - default default] Successfully bumped revision number for resource bf3ae581-7a7c-4587-80b6-bc5d18064a62 (type: security_group_rules) to 0
2026-09-03 17:44:23.966 10 INFO neutron.wsgi [None req-b324bb6c-d990-4f62-af64-0fff25a4c6b6 8683bf07304f4692a042f736afa186f7 33988093ee3443979a0495eacaa13164 - - default default] 10.0.0.221 "GET /v2.0/security-groups?tenant_id=5c86ff2a3cbd484c9c6dd7bfa4932019&name=default HTTP/1.1" status: 200 len: 3000 time: 0.3772743
2026-09-03 17:44:24.179 10 INFO neutron.wsgi [None req-63f19672-f59d-4348-978f-3fa83f5c3fa7 8683bf07304f4692a042f736afa186f7 33988093ee3443979a0495eacaa13164 - - default default] 10.0.0.221 "DELETE /v2.0/security-groups/4bb76b00-e284-4e28-9d13-fe4dbe486aca HTTP/1.1" status: 204 len: 168 time: 0.2076211
2026-09-03 17:44:24.350 9 INFO neutron.wsgi [None req-01d4f9a1-8ca7-4057-8229-57d130a666f8 8683bf07304f4692a042f736afa186f7 33988093ee3443979a0495eacaa13164 - - default default] 10.0.0.221 "GET /v2.0/security-groups?tenant_id=9db09671d6384ae8a505be6e0173a49d&name=default HTTP/1.1" status: 200 len: 3000 time: 0.0524366
2026-09-03 17:44:24.670 9 INFO neutron.wsgi [None req-a4a495bb-6798-4f97-a983-2737a1cfd9e9 8683bf07304f4692a042f736afa186f7 33988093ee3443979a0495eacaa13164 - - default default] 10.0.0.221 "DELETE /v2.0/security-groups/b3ab8f86-b6bb-4b8e-a565-dc19ee53d20f HTTP/1.1" status: 204 len: 168 time: 0.3156619
2026-09-03 17:44:27.504 9 INFO neutron.wsgi [-] 10.0.0.90 "GET / HTTP/1.1" status: 200 len: 247 time: 0.0033925
2026-09-03 17:44:27.505 10 INFO neutron.wsgi [-] 10.0.0.90 "GET / HTTP/1.1" status: 200 len: 247 time: 0.0039940
2026-09-03 17:44:42.505 10 INFO neutron.wsgi [-] 10.0.0.90 "GET / HTTP/1.1" status: 200 len: 247 time: 0.0022197
2026-09-03 17:44:42.505 9 INFO neutron.wsgi [-] 10.0.0.90 "GET / HTTP/1.1" status: 200 len: 247 time: 0.0035226
2026-09-03 17:44:57.510 10 INFO neutron.wsgi [-] 10.0.0.90 "GET / HTTP/1.1" status: 200 len: 247 time: 0.0030816
2026-09-03 17:44:57.513 10 INFO neutron.wsgi [-] 10.0.0.90 "GET / HTTP/1.1" status: 200 len: 247 time: 0.0020287
2026-09-03 17:44:59.681 9 INFO neutron.wsgi [None req-76b6ce7b-e05c-4320-96ab-0971582cfa64 8683bf07304f4692a042f736afa186f7 33988093ee3443979a0495eacaa13164 - - default default] 10.0.0.47 "GET /v2.0/floatingips HTTP/1.1" status: 200 len: 193 time: 0.1952617
2026-09-03 17:44:59.754 9 INFO neutron.wsgi [None req-12c2eacd-0353-4ce8-b87e-52816420bcb4 8683bf07304f4692a042f736afa186f7 33988093ee3443979a0495eacaa13164 - - default default] 10.0.0.47 "GET /v2.0/networks HTTP/1.1" status: 200 len: 2350 time: 0.0717089
2026-09-03 17:44:59.787 9 INFO neutron.wsgi [None req-8352ec45-8e20-4455-99bc-2406cb87cee6 8683bf07304f4692a042f736afa186f7 33988093ee3443979a0495eacaa13164 - - default default] 10.0.0.47 "GET /v2.0/ports HTTP/1.1" status: 200 len: 5349 time: 0.0311272
2026-09-03 17:44:59.819 9 INFO neutron.wsgi [None req-adff0ec9-81ef-4a0c-9100-99c5b1cc3100 8683bf07304f4692a042f736afa186f7 33988093ee3443979a0495eacaa13164 - - default default] 10.0.0.47 "GET /v2.0/agents HTTP/1.1" status: 200 len: 997 time: 0.0248175
2026-09-03 17:44:59.834 9 INFO neutron.wsgi [None req-2e4999ba-8334-44d5-ac98-c0d7a4f8c586 8683bf07304f4692a042f736afa186f7 33988093ee3443979a0495eacaa13164 - - default default] 10.0.0.47 "GET /v2.0/network-ip-availabilities HTTP/1.1" status: 200 len: 1280 time: 0.0129037
2026-09-03 17:44:59.886 9 INFO neutron.wsgi [None req-28bdb3e6-d841-4750-b7cf-2bd67fe9dee5 8683bf07304f4692a042f736afa186f7 33988093ee3443979a0495eacaa13164 - - default default] 10.0.0.47 "GET /v2.0/security-groups HTTP/1.1" status: 200 len: 16803 time: 0.0497282
2026-09-03 17:44:59.913 9 INFO neutron.wsgi [None req-5fd04a48-9717-4e8c-959c-f072d11bfc81 8683bf07304f4692a042f736afa186f7 33988093ee3443979a0495eacaa13164 - - default default] 10.0.0.47 "GET /v2.0/routers HTTP/1.1" status: 200 len: 189 time: 0.0209539
2026-09-03 17:44:59.922 9 INFO neutron.wsgi [None req-29e1ff08-a54a-4ea1-a1f0-268bed8a2375 8683bf07304f4692a042f736afa186f7 33988093ee3443979a0495eacaa13164 - - default default] 10.0.0.47 "GET /v2.0/agents?binary=ovn-controller HTTP/1.1" status: 200 len: 591 time: 0.0088365
2026-09-03 17:44:59.950 9 INFO neutron.wsgi [None req-7fc20f5a-f079-4043-828e-2384180a3bea 8683bf07304f4692a042f736afa186f7 33988093ee3443979a0495eacaa13164 - - default default] 10.0.0.47 "GET /v2.0/subnets HTTP/1.1" status: 200 len: 1437 time: 0.0270290
2026-09-03 17:44:59.980 9 INFO neutron.wsgi [None req-700ed5a5-a169-4993-8935-4b20f592d6b5 8683bf07304f4692a042f736afa186f7 33988093ee3443979a0495eacaa13164 - - default default] 10.0.0.47 "GET /v2.0/subnets HTTP/1.1" status: 200 len: 1437 time: 0.0263748
2026-09-03 17:44:59.992 9 INFO neutron.wsgi [None req-b839f06a-52f0-4117-afe4-4c5b34d3c08d 8683bf07304f4692a042f736afa186f7 33988093ee3443979a0495eacaa13164 - - default default] 10.0.0.47 "GET /v2.0/subnetpools HTTP/1.1" status: 200 len: 193 time: 0.0105822
2026-09-03 17:45:12.503 10 INFO neutron.wsgi [-] 10.0.0.90 "GET / HTTP/1.1" status: 200 len: 247 time: 0.0023732
2026-09-03 17:45:12.505 9 INFO neutron.wsgi [-] 10.0.0.90 "GET / HTTP/1.1" status: 200 len: 247 time: 0.0041096
2026-09-03 17:45:27.503 9 INFO neutron.wsgi [-] 10.0.0.90 "GET / HTTP/1.1" status: 200 len: 247 time: 0.0024037
2026-09-03 17:45:27.503 10 INFO neutron.wsgi [-] 10.0.0.90 "GET / HTTP/1.1" status: 200 len: 247 time: 0.0023227
2026-09-03 17:45:42.505 10 INFO neutron.wsgi [-] 10.0.0.90 "GET / HTTP/1.1" status: 200 len: 247 time: 0.0033417
2026-09-03 17:45:42.505 9 INFO neutron.wsgi [-] 10.0.0.90 "GET / HTTP/1.1" status: 200 len: 247 time: 0.0033495
2026-09-03 17:45:57.505 10 INFO neutron.wsgi [-] 10.0.0.90 "GET / HTTP/1.1" status: 200 len: 247 time: 0.0043616
2026-09-03 17:45:57.508 9 INFO neutron.wsgi [-] 10.0.0.90 "GET / HTTP/1.1" status: 200 len: 247 time: 0.0076609
2026-09-03 17:45:59.515 9 INFO neutron.wsgi [None req-289b23cd-3c8b-44fe-92d8-517e5462fd43 8683bf07304f4692a042f736afa186f7 33988093ee3443979a0495eacaa13164 - - default default] 10.0.0.47 "GET /v2.0/floatingips HTTP/1.1" status: 200 len: 193 time: 0.1096916
2026-09-03 17:45:59.557 9 INFO neutron.wsgi [None req-3623e1c0-721e-4343-8424-0a1a6e2e5aa6 8683bf07304f4692a042f736afa186f7 33988093ee3443979a0495eacaa13164 - - default default] 10.0.0.47 "GET /v2.0/subnets HTTP/1.1" status: 200 len: 1437 time: 0.0407791
2026-09-03 17:45:59.583 9 INFO neutron.wsgi [None req-7eed6909-df9a-408b-893b-ba284e6ccccf 8683bf07304f4692a042f736afa186f7 33988093ee3443979a0495eacaa13164 - - default default] 10.0.0.47 "GET /v2.0/subnetpools HTTP/1.1" status: 200 len: 193 time: 0.0177147
2026-09-03 17:45:59.654 9 INFO neutron.wsgi [None req-a02e490a-48ae-4b27-8d0d-8fa87d8cc9c3 8683bf07304f4692a042f736afa186f7 33988093ee3443979a0495eacaa13164 - - default default] 10.0.0.47 "GET /v2.0/networks HTTP/1.1" status: 200 len: 2350 time: 0.0703385
2026-09-03 17:45:59.677 9 INFO neutron.wsgi [None req-0e334acc-f394-4e99-9ad8-431216d70a6f 8683bf07304f4692a042f736afa186f7 33988093ee3443979a0495eacaa13164 - - default default] 10.0.0.47 "GET /v2.0/routers HTTP/1.1" status: 200 len: 189 time: 0.0201373
2026-09-03 17:45:59.708 9 INFO neutron.wsgi [None req-2d0d406b-27f9-43fd-a397-2860662fd138 8683bf07304f4692a042f736afa186f7 33988093ee3443979a0495eacaa13164 - - default default] 10.0.0.47 "GET /v2.0/agents?binary=ovn-controller HTTP/1.1" status: 200 len: 591 time: 0.0302930
2026-09-03 17:45:59.728 9 INFO neutron.wsgi [None req-d13e0350-ec66-41e8-a65c-71e649516528 8683bf07304f4692a042f736afa186f7 33988093ee3443979a0495eacaa13164 - - default default] 10.0.0.47 "GET /v2.0/network-ip-availabilities HTTP/1.1" status: 200 len: 1280 time: 0.0189672
2026-09-03 17:45:59.744 9 INFO neutron.wsgi [None req-0d357e66-ea08-40c3-9559-34480a708f44 8683bf07304f4692a042f736afa186f7 33988093ee3443979a0495eacaa13164 - - default default] 10.0.0.47 "GET /v2.0/agents HTTP/1.1" status: 200 len: 997 time: 0.0144222
2026-09-03 17:45:59.775 9 INFO neutron.wsgi [None req-afc93e78-e37e-4d33-bfc7-c00668961ee8 8683bf07304f4692a042f736afa186f7 33988093ee3443979a0495eacaa13164 - - default default] 10.0.0.47 "GET /v2.0/subnets HTTP/1.1" status: 200 len: 1437 time: 0.0301297
2026-09-03 17:45:59.811 9 INFO neutron.wsgi [None req-675e923d-a3d4-49f5-8ca4-0a2a9ebae10a 8683bf07304f4692a042f736afa186f7 33988093ee3443979a0495eacaa13164 - - default default] 10.0.0.47 "GET /v2.0/security-groups HTTP/1.1" status: 200 len: 16803 time: 0.0348210
2026-09-03 17:45:59.847 9 INFO neutron.wsgi [None req-9d3d82e7-1bff-4d06-90a3-328f94148682 8683bf07304f4692a042f736afa186f7 33988093ee3443979a0495eacaa13164 - - default default] 10.0.0.47 "GET /v2.0/ports HTTP/1.1" status: 200 len: 5349 time: 0.0302272
2026-09-03 17:46:12.504 10 INFO neutron.wsgi [-] 10.0.0.90 "GET / HTTP/1.1" status: 200 len: 247 time: 0.0034938
2026-09-03 17:46:12.508 9 INFO neutron.wsgi [-] 10.0.0.90 "GET / HTTP/1.1" status: 200 len: 247 time: 0.0079820
2026-09-03 17:46:27.503 9 INFO neutron.wsgi [-] 10.0.0.90 "GET / HTTP/1.1" status: 200 len: 247 time: 0.0021896
2026-09-03 17:46:27.504 10 INFO neutron.wsgi [-] 10.0.0.90 "GET / HTTP/1.1" status: 200 len: 247 time: 0.0025272
2026-09-03 17:46:42.504 10 INFO neutron.wsgi [-] 10.0.0.90 "GET / HTTP/1.1" status: 200 len: 247 time: 0.0032852
2026-09-03 17:46:42.505 9 INFO neutron.wsgi [-] 10.0.0.90 "GET / HTTP/1.1" status: 200 len: 247 time: 0.0037680
2026-09-03 17:46:57.503 9 INFO neutron.wsgi [-] 10.0.0.90 "GET / HTTP/1.1" status: 200 len: 247 time: 0.0021813
2026-09-03 17:46:57.504 10 INFO neutron.wsgi [-] 10.0.0.90 "GET / HTTP/1.1" status: 200 len: 247 time: 0.0028789
2026-09-03 17:46:59.563 9 INFO neutron.wsgi [None req-33ff7cc5-18ab-4800-89e6-5814178bf8bd 8683bf07304f4692a042f736afa186f7 33988093ee3443979a0495eacaa13164 - - default default] 10.0.0.47 "GET /v2.0/subnets HTTP/1.1" status: 200 len: 1437 time: 0.1190116
2026-09-03 17:46:59.599 9 INFO neutron.wsgi [None req-4dc6d278-deac-4a9d-9554-4936bccca6ac 8683bf07304f4692a042f736afa186f7 33988093ee3443979a0495eacaa13164 - - default default] 10.0.0.47 "GET /v2.0/ports HTTP/1.1" status: 200 len: 5349 time: 0.0323329
2026-09-03 17:46:59.647 9 INFO neutron.wsgi [None req-64404882-a464-4ee0-8a8b-8a5938b1a994 8683bf07304f4692a042f736afa186f7 33988093ee3443979a0495eacaa13164 - - default default] 10.0.0.47 "GET /v2.0/security-groups HTTP/1.1" status: 200 len: 16803 time: 0.0438950
2026-09-03 17:46:59.702 9 INFO neutron.wsgi [None req-6c721a23-ae16-431f-aa24-db8332f42b5a 8683bf07304f4692a042f736afa186f7 33988093ee3443979a0495eacaa13164 - - default default] 10.0.0.47 "GET /v2.0/networks HTTP/1.1" status: 200 len: 2350 time: 0.0503254
2026-09-03 17:46:59.746 9 INFO neutron.wsgi [None req-38524063-9bf0-44e4-a90f-4c55f751246b 8683bf07304f4692a042f736afa186f7 33988093ee3443979a0495eacaa13164 - - default default] 10.0.0.47 "GET /v2.0/agents HTTP/1.1" status: 200 len: 997 time: 0.0394795
2026-09-03 17:46:59.773 9 INFO neutron.wsgi [None req-99067d6d-8d68-4410-9737-e4f23a438c30 8683bf07304f4692a042f736afa186f7 33988093ee3443979a0495eacaa13164 - - default default] 10.0.0.47 "GET /v2.0/routers HTTP/1.1" status: 200 len: 189 time: 0.0248420
2026-09-03 17:46:59.784 9 INFO neutron.wsgi [None req-342042d0-3e01-495e-a59c-a658eb93fb4e 8683bf07304f4692a042f736afa186f7 33988093ee3443979a0495eacaa13164 - - default default] 10.0.0.47 "GET /v2.0/agents?binary=ovn-controller HTTP/1.1" status: 200 len: 591 time: 0.0099499
2026-09-03 17:46:59.799 9 INFO neutron.wsgi [None req-269d590d-f764-438d-a341-6d69dd4963ad 8683bf07304f4692a042f736afa186f7 33988093ee3443979a0495eacaa13164 - - default default] 10.0.0.47 "GET /v2.0/network-ip-availabilities HTTP/1.1" status: 200 len: 1280 time: 0.0134532
2026-09-03 17:46:59.820 9 INFO neutron.wsgi [None req-e1e7bc02-5580-4abe-a1f7-1919e23f9361 8683bf07304f4692a042f736afa186f7 33988093ee3443979a0495eacaa13164 - - default default] 10.0.0.47 "GET /v2.0/floatingips HTTP/1.1" status: 200 len: 193 time: 0.0199146
2026-09-03 17:46:59.846 9 INFO neutron.wsgi [None req-7c031eef-6500-4d20-af0a-a69cc921af44 8683bf07304f4692a042f736afa186f7 33988093ee3443979a0495eacaa13164 - - default default] 10.0.0.47 "GET /v2.0/subnets HTTP/1.1" status: 200 len: 1437 time: 0.0250061
2026-09-03 17:46:59.856 9 INFO neutron.wsgi [None req-3f3f794c-910a-4d39-962e-124aa98941f2 8683bf07304f4692a042f736afa186f7 33988093ee3443979a0495eacaa13164 - - default default] 10.0.0.47 "GET /v2.0/subnetpools HTTP/1.1" status: 200 len: 193 time: 0.0089176
2026-09-03 17:47:12.504 10 INFO neutron.wsgi [-] 10.0.0.90 "GET / HTTP/1.1" status: 200 len: 247 time: 0.0025995
2026-09-03 17:47:12.507 10 INFO neutron.wsgi [-] 10.0.0.90 "GET / HTTP/1.1" status: 200 len: 247 time: 0.0024345
2026-09-03 17:47:27.504 10 INFO neutron.wsgi [-] 10.0.0.90 "GET / HTTP/1.1" status: 200 len: 247 time: 0.0025184
2026-09-03 17:47:27.504 9 INFO neutron.wsgi [-] 10.0.0.90 "GET / HTTP/1.1" status: 200 len: 247 time: 0.0031466
2026-09-03 17:47:42.505 9 INFO neutron.wsgi [-] 10.0.0.90 "GET / HTTP/1.1" status: 200 len: 247 time: 0.0037198
2026-09-03 17:47:42.505 10 INFO neutron.wsgi [-] 10.0.0.90 "GET / HTTP/1.1" status: 200 len: 247 time: 0.0037773
2026-09-03 17:47:57.503 10 INFO neutron.wsgi [-] 10.0.0.90 "GET / HTTP/1.1" status: 200 len: 247 time: 0.0022311
2026-09-03 17:47:57.503 9 INFO neutron.wsgi [-] 10.0.0.90 "GET / HTTP/1.1" status: 200 len: 247 time: 0.0023119
2026-09-03 17:47:59.566 9 INFO neutron.wsgi [None req-ab35f375-3bf0-4c7f-b9cc-c100f1f249ce 8683bf07304f4692a042f736afa186f7 33988093ee3443979a0495eacaa13164 - - default default] 10.0.0.47 "GET /v2.0/ports HTTP/1.1" status: 200 len: 5349 time: 0.1270339
2026-09-03 17:47:59.618 9 INFO neutron.wsgi [None req-4627fa0d-f2c5-496a-8d56-63f1205a97ce 8683bf07304f4692a042f736afa186f7 33988093ee3443979a0495eacaa13164 - - default default] 10.0.0.47 "GET /v2.0/agents HTTP/1.1" status: 200 len: 997 time: 0.0484855
2026-09-03 17:47:59.653 9 INFO neutron.wsgi [None req-333253fe-12ec-4663-834d-b19217b919bc 8683bf07304f4692a042f736afa186f7 33988093ee3443979a0495eacaa13164 - - default default] 10.0.0.47 "GET /v2.0/routers HTTP/1.1" status: 200 len: 189 time: 0.0331435
2026-09-03 17:47:59.670 9 INFO neutron.wsgi [None req-4aea5e83-fa57-4d49-94d1-598eedf04078 8683bf07304f4692a042f736afa186f7 33988093ee3443979a0495eacaa13164 - - default default] 10.0.0.47 "GET /v2.0/agents?binary=ovn-controller HTTP/1.1" status: 200 len: 591 time: 0.0159843
2026-09-03 17:47:59.686 9 INFO neutron.wsgi [None req-ee785bb0-0564-4028-8d6b-4f3bfc0ddce3 8683bf07304f4692a042f736afa186f7 33988093ee3443979a0495eacaa13164 - - default default] 10.0.0.47 "GET /v2.0/network-ip-availabilities HTTP/1.1" status: 200 len: 1280 time: 0.0153494
2026-09-03 17:47:59.739 9 INFO neutron.wsgi [None req-5e4e4ac7-2293-41d6-bf37-c2e447890caf 8683bf07304f4692a042f736afa186f7 33988093ee3443979a0495eacaa13164 - - default default] 10.0.0.47 "GET /v2.0/subnets HTTP/1.1" status: 200 len: 1437 time: 0.0514510
2026-09-03 17:47:59.757 9 INFO neutron.wsgi [None req-2fbc34bb-9270-43e8-8fc4-04b5b1658474 8683bf07304f4692a042f736afa186f7 33988093ee3443979a0495eacaa13164 - - default default] 10.0.0.47 "GET /v2.0/subnetpools HTTP/1.1" status: 200 len: 193 time: 0.0165238
2026-09-03 17:47:59.827 9 INFO neutron.wsgi [None req-c0fac91b-00ce-48f3-9e4f-1f721ee9411a 8683bf07304f4692a042f736afa186f7 33988093ee3443979a0495eacaa13164 - - default default] 10.0.0.47 "GET /v2.0/networks HTTP/1.1" status: 200 len: 2350 time: 0.0680506
2026-09-03 17:47:59.846 9 INFO neutron.wsgi [None req-5602adfc-0d7f-4d83-9a6f-c7f1d57af38e 8683bf07304f4692a042f736afa186f7 33988093ee3443979a0495eacaa13164 - - default default] 10.0.0.47 "GET /v2.0/floatingips HTTP/1.1" status: 200 len: 193 time: 0.0173824
2026-09-03 17:47:59.887 9 INFO neutron.wsgi [None req-fae67edd-5d75-460b-b73b-ef3be6ddcb05 8683bf07304f4692a042f736afa186f7 33988093ee3443979a0495eacaa13164 - - default default] 10.0.0.47 "GET /v2.0/security-groups HTTP/1.1" status: 200 len: 16803 time: 0.0395963
2026-09-03 17:47:59.921 9 INFO neutron.wsgi [None req-b047ba39-e50a-4ad9-ba89-ea5fea4cdd1b 8683bf07304f4692a042f736afa186f7 33988093ee3443979a0495eacaa13164 - - default default] 10.0.0.47 "GET /v2.0/subnets HTTP/1.1" status: 200 len: 1437 time: 0.0282345
2026-09-03 17:48:12.504 10 INFO neutron.wsgi [-] 10.0.0.90 "GET / HTTP/1.1" status: 200 len: 247 time: 0.0028782
2026-09-03 17:48:12.505 9 INFO neutron.wsgi [-] 10.0.0.90 "GET / HTTP/1.1" status: 200 len: 247 time: 0.0037873
2026-09-03 17:48:27.504 9 INFO neutron.wsgi [-] 10.0.0.90 "GET / HTTP/1.1" status: 200 len: 247 time: 0.0026352
2026-09-03 17:48:27.504 10 INFO neutron.wsgi [-] 10.0.0.90 "GET / HTTP/1.1" status: 200 len: 247 time: 0.0025527
2026-09-03 17:48:38.031 15 INFO neutron.plugins.ml2.drivers.ovn.mech_driver.ovsdb.maintenance [None req-f32454ad-d978-440e-b5ad-1ae63d022562 - - - - - -] Maintenance task: Synchronization finished (took 0.24 seconds)
2026-09-03 17:48:42.507 10 INFO neutron.wsgi [-] 10.0.0.90 "GET / HTTP/1.1" status: 200 len: 247 time: 0.0059509
2026-09-03 17:48:42.511 10 INFO neutron.wsgi [-] 10.0.0.90 "GET / HTTP/1.1" status: 200 len: 247 time: 0.0023525
2026-09-03 17:48:57.503 10 INFO neutron.wsgi [-] 10.0.0.90 "GET / HTTP/1.1" status: 200 len: 247 time: 0.0022578
2026-09-03 17:48:57.504 9 INFO neutron.wsgi [-] 10.0.0.90 "GET / HTTP/1.1" status: 200 len: 247 time: 0.0029299
2026-09-03 17:48:59.562 9 INFO neutron.wsgi [None req-47fc6c58-e753-4921-ab47-fef30714cfa7 8683bf07304f4692a042f736afa186f7 33988093ee3443979a0495eacaa13164 - - default default] 10.0.0.47 "GET /v2.0/security-groups HTTP/1.1" status: 200 len: 16803 time: 0.1455414
2026-09-03 17:48:59.599 9 INFO neutron.wsgi [None req-f7f4ec70-fea2-4f61-93d9-7e903f1a8678 8683bf07304f4692a042f736afa186f7 33988093ee3443979a0495eacaa13164 - - default default] 10.0.0.47 "GET /v2.0/ports HTTP/1.1" status: 200 len: 5349 time: 0.0310662
2026-09-03 17:48:59.611 9 INFO neutron.wsgi [None req-359a05a7-ae24-4711-bbc3-8e62dcfb9c7c 8683bf07304f4692a042f736afa186f7 33988093ee3443979a0495eacaa13164 - - default default] 10.0.0.47 "GET /v2.0/network-ip-availabilities HTTP/1.1" status: 200 len: 1280 time: 0.0087972
2026-09-03 17:48:59.633 9 INFO neutron.wsgi [None req-d21092b3-77c2-42a0-828e-38db8a81046a 8683bf07304f4692a042f736afa186f7 33988093ee3443979a0495eacaa13164 - - default default] 10.0.0.47 "GET /v2.0/agents HTTP/1.1" status: 200 len: 997 time: 0.0206521
2026-09-03 17:48:59.650 9 INFO neutron.wsgi [None req-2c332f6f-9a5a-4ff2-87ec-2c751b47fbe3 8683bf07304f4692a042f736afa186f7 33988093ee3443979a0495eacaa13164 - - default default] 10.0.0.47 "GET /v2.0/floatingips HTTP/1.1" status: 200 len: 193 time: 0.0151072
2026-09-03 17:48:59.702 9 INFO neutron.wsgi [None req-843c9b27-b964-4933-9224-5767a7649471 8683bf07304f4692a042f736afa186f7 33988093ee3443979a0495eacaa13164 - - default default] 10.0.0.47 "GET /v2.0/networks HTTP/1.1" status: 200 len: 2350 time: 0.0513017
2026-09-03 17:48:59.730 9 INFO neutron.wsgi [None req-c11c9758-30fc-4c5c-bcf3-a55b8b74cd15 8683bf07304f4692a042f736afa186f7 33988093ee3443979a0495eacaa13164 - - default default] 10.0.0.47 "GET /v2.0/subnets HTTP/1.1" status: 200 len: 1437 time: 0.0254061
2026-09-03 17:48:59.756 9 INFO neutron.wsgi [None req-33af3ecf-ebcf-4da0-8c95-3b12066229e4 8683bf07304f4692a042f736afa186f7 33988093ee3443979a0495eacaa13164 - - default default] 10.0.0.47 "GET /v2.0/subnets HTTP/1.1" status: 200 len: 1437 time: 0.0252848
2026-09-03 17:48:59.769 9 INFO neutron.wsgi [None req-b8c8b042-fcd8-4178-be13-4f55662ef656 8683bf07304f4692a042f736afa186f7 33988093ee3443979a0495eacaa13164 - - default default] 10.0.0.47 "GET /v2.0/subnetpools HTTP/1.1" status: 200 len: 193 time: 0.0109758
2026-09-03 17:48:59.813 9 INFO neutron.wsgi [None req-b6fd9092-174d-4a01-a051-bbecd284e161 8683bf07304f4692a042f736afa186f7 33988093ee3443979a0495eacaa13164 - - default default] 10.0.0.47 "GET /v2.0/routers HTTP/1.1" status: 200 len: 189 time: 0.0429397
2026-09-03 17:48:59.829 9 INFO neutron.wsgi [None req-db3e7453-1d9c-4a9d-acc6-9dd7ea146066 8683bf07304f4692a042f736afa186f7 33988093ee3443979a0495eacaa13164 - - default default] 10.0.0.47 "GET /v2.0/agents?binary=ovn-controller HTTP/1.1" status: 200 len: 591 time: 0.0149720
2026-09-03 17:49:12.503 10 INFO neutron.wsgi [-] 10.0.0.90 "GET / HTTP/1.1" status: 200 len: 247 time: 0.0028303
2026-09-03 17:49:12.506 9 INFO neutron.wsgi [-] 10.0.0.90 "GET / HTTP/1.1" status: 200 len: 247 time: 0.0049891
2026-09-03 17:49:27.504 10 INFO neutron.wsgi [-] 10.0.0.90 "GET / HTTP/1.1" status: 200 len: 247 time: 0.0025082
2026-09-03 17:49:27.506 9 INFO neutron.wsgi [-] 10.0.0.90 "GET / HTTP/1.1" status: 200 len: 247 time: 0.0045938
2026-09-03 17:49:42.503 9 INFO neutron.wsgi [-] 10.0.0.90 "GET / HTTP/1.1" status: 200 len: 247 time: 0.0024021
2026-09-03 17:49:42.509 10 INFO neutron.wsgi [-] 10.0.0.90 "GET / HTTP/1.1" status: 200 len: 247 time: 0.0069437
2026-09-03 17:49:57.504 9 INFO neutron.wsgi [-] 10.0.0.90 "GET / HTTP/1.1" status: 200 len: 247 time: 0.0029001
2026-09-03 17:49:57.509 9 INFO neutron.wsgi [-] 10.0.0.90 "GET / HTTP/1.1" status: 200 len: 247 time: 0.0035608
2026-09-03 17:49:59.531 9 INFO neutron.wsgi [None req-cb185191-b991-40c5-bf80-d1e728ba55f5 8683bf07304f4692a042f736afa186f7 33988093ee3443979a0495eacaa13164 - - default default] 10.0.0.47 "GET /v2.0/networks HTTP/1.1" status: 200 len: 2350 time: 0.1203437
2026-09-03 17:49:59.576 9 INFO neutron.wsgi [None req-da9cc926-1bbc-4e73-a22a-cd4eeebd3179 8683bf07304f4692a042f736afa186f7 33988093ee3443979a0495eacaa13164 - - default default] 10.0.0.47 "GET /v2.0/ports HTTP/1.1" status: 200 len: 5349 time: 0.0430889
2026-09-03 17:49:59.589 9 INFO neutron.wsgi [None req-f4337006-ff5a-4dbb-b068-614499dfd8f6 8683bf07304f4692a042f736afa186f7 33988093ee3443979a0495eacaa13164 - - default default] 10.0.0.47 "GET /v2.0/network-ip-availabilities HTTP/1.1" status: 200 len: 1280 time: 0.0085108
2026-09-03 17:49:59.607 9 INFO neutron.wsgi [None req-14528d65-6c4a-4f6f-ad4c-10400c7dcc1e 8683bf07304f4692a042f736afa186f7 33988093ee3443979a0495eacaa13164 - - default default] 10.0.0.47 "GET /v2.0/routers HTTP/1.1" status: 200 len: 189 time: 0.0161417
2026-09-03 17:49:59.630 9 INFO neutron.wsgi [None req-23add2a0-1e53-42b6-bd05-99070d8ed9ed 8683bf07304f4692a042f736afa186f7 33988093ee3443979a0495eacaa13164 - - default default] 10.0.0.47 "GET /v2.0/agents?binary=ovn-controller HTTP/1.1" status: 200 len: 591 time: 0.0232823
2026-09-03 17:49:59.659 9 INFO neutron.wsgi [None req-6ede0371-17a7-4cb1-8858-d3f387a49340 8683bf07304f4692a042f736afa186f7 33988093ee3443979a0495eacaa13164 - - default default] 10.0.0.47 "GET /v2.0/floatingips HTTP/1.1" status: 200 len: 193 time: 0.0270457
2026-09-03 17:49:59.728 9 INFO neutron.wsgi [None req-7a155764-d35a-440c-8ee0-71a010e35c77 8683bf07304f4692a042f736afa186f7 33988093ee3443979a0495eacaa13164 - - default default] 10.0.0.47 "GET /v2.0/security-groups HTTP/1.1" status: 200 len: 16803 time: 0.0682516
2026-09-03 17:49:59.769 9 INFO neutron.wsgi [None req-d492619d-fabe-4aaa-a8cd-1bff3966f4ff 8683bf07304f4692a042f736afa186f7 33988093ee3443979a0495eacaa13164 - - default default] 10.0.0.47 "GET /v2.0/subnets HTTP/1.1" status: 200 len: 1437 time: 0.0344200
2026-09-03 17:49:59.781 9 INFO neutron.wsgi [None req-29689638-eb66-4245-be1d-207da837bfe0 8683bf07304f4692a042f736afa186f7 33988093ee3443979a0495eacaa13164 - - default default] 10.0.0.47 "GET /v2.0/agents HTTP/1.1" status: 200 len: 997 time: 0.0106483
2026-09-03 17:49:59.803 9 INFO neutron.wsgi [None req-6cb4f230-4b43-4523-ac89-10ca0ab56c94 8683bf07304f4692a042f736afa186f7 33988093ee3443979a0495eacaa13164 - - default default] 10.0.0.47 "GET /v2.0/subnets HTTP/1.1" status: 200 len: 1437 time: 0.0214398
2026-09-03 17:49:59.811 9 INFO neutron.wsgi [None req-3004afb2-12eb-4f36-9970-10fc5e71a3ff 8683bf07304f4692a042f736afa186f7 33988093ee3443979a0495eacaa13164 - - default default] 10.0.0.47 "GET /v2.0/subnetpools HTTP/1.1" status: 200 len: 193 time: 0.0069606
2026-09-03 17:50:12.504 9 INFO neutron.wsgi [-] 10.0.0.90 "GET / HTTP/1.1" status: 200 len: 247 time: 0.0026000
2026-09-03 17:50:12.504 10 INFO neutron.wsgi [-] 10.0.0.90 "GET / HTTP/1.1" status: 200 len: 247 time: 0.0027552
2026-09-03 17:50:27.505 10 INFO neutron.wsgi [-] 10.0.0.90 "GET / HTTP/1.1" status: 200 len: 247 time: 0.0031977
2026-09-03 17:50:27.505 9 INFO neutron.wsgi [-] 10.0.0.90 "GET / HTTP/1.1" status: 200 len: 247 time: 0.0039785
2026-09-03 17:50:42.505 9 INFO neutron.wsgi [-] 10.0.0.90 "GET / HTTP/1.1" status: 200 len: 247 time: 0.0034165
2026-09-03 17:50:42.507 10 INFO neutron.wsgi [-] 10.0.0.90 "GET / HTTP/1.1" status: 200 len: 247 time: 0.0060680
2026-09-03 17:50:57.503 10 INFO neutron.wsgi [-] 10.0.0.90 "GET / HTTP/1.1" status: 200 len: 247 time: 0.0024784
2026-09-03 17:50:57.503 9 INFO neutron.wsgi [-] 10.0.0.90 "GET / HTTP/1.1" status: 200 len: 247 time: 0.0027466
2026-09-03 17:50:59.525 9 INFO neutron.wsgi [None req-e77a2e98-83a2-46d0-b418-9cdb1cdcb0f2 8683bf07304f4692a042f736afa186f7 33988093ee3443979a0495eacaa13164 - - default default] 10.0.0.47 "GET /v2.0/subnets HTTP/1.1" status: 200 len: 1437 time: 0.1247201
2026-09-03 17:50:59.550 9 INFO neutron.wsgi [None req-d08429c1-ce7e-4016-8165-fe9b4fa2283b 8683bf07304f4692a042f736afa186f7 33988093ee3443979a0495eacaa13164 - - default default] 10.0.0.47 "GET /v2.0/routers HTTP/1.1" status: 200 len: 189 time: 0.0238419
2026-09-03 17:50:59.596 9 INFO neutron.wsgi [None req-5692406b-9ecc-4d29-bf12-c21e406b54f2 8683bf07304f4692a042f736afa186f7 33988093ee3443979a0495eacaa13164 - - default default] 10.0.0.47 "GET /v2.0/agents?binary=ovn-controller HTTP/1.1" status: 200 len: 591 time: 0.0441294
2026-09-03 17:50:59.631 9 INFO neutron.wsgi [None req-6d50f938-290d-418f-a08d-07c322c07597 8683bf07304f4692a042f736afa186f7 33988093ee3443979a0495eacaa13164 - - default default] 10.0.0.47 "GET /v2.0/subnets HTTP/1.1" status: 200 len: 1437 time: 0.0329263
2026-09-03 17:50:59.642 9 INFO neutron.wsgi [None req-ecca32ad-e5bd-41ad-8d62-646ce547f2c5 8683bf07304f4692a042f736afa186f7 33988093ee3443979a0495eacaa13164 - - default default] 10.0.0.47 "GET /v2.0/subnetpools HTTP/1.1" status: 200 len: 193 time: 0.0098815
2026-09-03 17:50:59.687 9 INFO neutron.wsgi [None req-4bfd55c4-3bc5-498d-a84c-4b314f0946df 8683bf07304f4692a042f736afa186f7 33988093ee3443979a0495eacaa13164 - - default default] 10.0.0.47 "GET /v2.0/security-groups HTTP/1.1" status: 200 len: 16803 time: 0.0437331
2026-09-03 17:50:59.748 9 INFO neutron.wsgi [None req-b3f3b452-b5e4-4d2e-9ad1-9beabffaaf19 8683bf07304f4692a042f736afa186f7 33988093ee3443979a0495eacaa13164 - - default default] 10.0.0.47 "GET /v2.0/ports HTTP/1.1" status: 200 len: 5349 time: 0.0475991
2026-09-03 17:50:59.775 9 INFO neutron.wsgi [None req-23e81b07-f52c-4966-93ad-aab219095d83 8683bf07304f4692a042f736afa186f7 33988093ee3443979a0495eacaa13164 - - default default] 10.0.0.47 "GET /v2.0/floatingips HTTP/1.1" status: 200 len: 193 time: 0.0214121
2026-09-03 17:50:59.836 9 INFO neutron.wsgi [None req-58e1ca40-9c30-4f60-9253-48499b73c57c 8683bf07304f4692a042f736afa186f7 33988093ee3443979a0495eacaa13164 - - default default] 10.0.0.47 "GET /v2.0/networks HTTP/1.1" status: 200 len: 2350 time: 0.0604415
2026-09-03 17:50:59.849 9 INFO neutron.wsgi [None req-b508a872-1990-4f51-a67d-b8d61491fe16 8683bf07304f4692a042f736afa186f7 33988093ee3443979a0495eacaa13164 - - default default] 10.0.0.47 "GET /v2.0/agents HTTP/1.1" status: 200 len: 997 time: 0.0107136
2026-09-03 17:50:59.859 9 INFO neutron.wsgi [None req-eb8eb3ce-3be0-4516-a0db-8aa6034481cb 8683bf07304f4692a042f736afa186f7 33988093ee3443979a0495eacaa13164 - - default default] 10.0.0.47 "GET /v2.0/network-ip-availabilities HTTP/1.1" status: 200 len: 1280 time: 0.0089581
2026-09-03 17:51:12.504 9 INFO neutron.wsgi [-] 10.0.0.90 "GET / HTTP/1.1" status: 200 len: 247 time: 0.0026486
2026-09-03 17:51:12.510 9 INFO neutron.wsgi [-] 10.0.0.90 "GET / HTTP/1.1" status: 200 len: 247 time: 0.0046520
2026-09-03 17:51:27.504 9 INFO neutron.wsgi [-] 10.0.0.90 "GET / HTTP/1.1" status: 200 len: 247 time: 0.0026805
