2026-09-03 17:41:07.080 9 INFO neutron.wsgi [None req-97521ea8-15ed-4bae-9bc9-887ab48b304d 58af0250313241d7b38a05ec41e24ced 5852f076b0bd48da9b8472d37ecb0454 - - default default] 10.0.0.221 "DELETE /v2.0/subnets/685039ba-ea56-4eb0-b87f-4a26059c6d10 HTTP/1.1" status: 404 len: 337 time: 0.0266860
2026-09-03 17:41:07.110 10 INFO neutron.pecan_wsgi.hooks.translation [None req-1ca87dd2-d723-45dc-b3ca-975d2cef65c7 58af0250313241d7b38a05ec41e24ced 5852f076b0bd48da9b8472d37ecb0454 - - default default] DELETE failed (client error): The resource could not be found.
2026-09-03 17:41:07.113 10 INFO neutron.wsgi [None req-1ca87dd2-d723-45dc-b3ca-975d2cef65c7 58af0250313241d7b38a05ec41e24ced 5852f076b0bd48da9b8472d37ecb0454 - - default default] 10.0.0.221 "DELETE /v2.0/subnets/9bd63e5f-e077-4f7c-9bec-70e694e2e802 HTTP/1.1" status: 404 len: 337 time: 0.0258093
2026-09-03 17:41:07.115 9 INFO neutron.db.ovn_revision_numbers_db [None req-696c11eb-834e-421c-80f3-7480aacbc4fc 8683bf07304f4692a042f736afa186f7 33988093ee3443979a0495eacaa13164 - - default default] Successfully bumped revision number for resource 96b9bbae-d070-42e0-ac8b-08442742a9e2 (type: router_ports) to 2
2026-09-03 17:41:07.117 9 INFO neutron.wsgi [None req-696c11eb-834e-421c-80f3-7480aacbc4fc 8683bf07304f4692a042f736afa186f7 33988093ee3443979a0495eacaa13164 - - default default] 10.0.0.221 "PUT /v2.0/routers/a227c9af-592e-482e-b7be-a7bf128fdcce/add_router_interface HTTP/1.1" status: 200 len: 503 time: 3.2396197
2026-09-03 17:41:07.150 9 INFO neutron.db.ovn_revision_numbers_db [None req-5c023afe-0405-4405-81a2-c83a338c19ee 91f802b072d84816b0ce88cda97c39df a032e6b77f4749ccae5708d26280f522 - - default default] Successfully bumped revision number for resource b3cbe75c-ccd3-4696-87fd-2944f2cfbd9c (type: ports) to 1
2026-09-03 17:41:07.323 10 INFO neutron.wsgi [None req-569bf433-8008-4405-8b0e-d55f37e59a63 58af0250313241d7b38a05ec41e24ced 5852f076b0bd48da9b8472d37ecb0454 - - default default] 10.0.0.221 "DELETE /v2.0/ports/a9b7b984-29a9-4c30-bb74-7a77eb7cab92 HTTP/1.1" status: 204 len: 168 time: 0.1968915
2026-09-03 17:41:07.735 10 INFO neutron.services.segments.plugin [-] Segment 0c6dfef9-17b1-4956-8d1c-96cae62ad8d8 resource provider aggregate not found
2026-09-03 17:41:07.740 10 INFO neutron.services.segments.plugin [-] Segment 0c6dfef9-17b1-4956-8d1c-96cae62ad8d8 resource provider aggregate not found
2026-09-03 17:41:07.759 10 INFO neutron.services.segments.plugin [-] Segment 0c6dfef9-17b1-4956-8d1c-96cae62ad8d8 resource provider not found; error: Placement Client Error (4xx): {"errors": [{"status": 404, "title": "Not Found", "detail": "The resource could not be found.\n\n No resource provider with uuid 0c6dfef9-17b1-4956-8d1c-96cae62ad8d8 found for delete ", "request_id": "req-9ae401c3-f04d-4ef8-a060-4d42be6bfa7f"}]}
2026-09-03 17:41:07.762 10 INFO neutron.services.segments.plugin [-] Segment 0c6dfef9-17b1-4956-8d1c-96cae62ad8d8 resource provider not found; error: Placement Client Error (4xx): {"errors": [{"status": 404, "title": "Not Found", "detail": "The resource could not be found.\n\n No resource provider with uuid 0c6dfef9-17b1-4956-8d1c-96cae62ad8d8 found for delete ", "request_id": "req-799d7e6f-6db9-4326-a4bb-ebf3a1845ada"}]}
2026-09-03 17:41:07.778 9 INFO neutron.db.ovn_revision_numbers_db [None req-5c023afe-0405-4405-81a2-c83a338c19ee 91f802b072d84816b0ce88cda97c39df a032e6b77f4749ccae5708d26280f522 - - default default] Successfully bumped revision number for resource b3cbe75c-ccd3-4696-87fd-2944f2cfbd9c (type: router_ports) to 1
2026-09-03 17:41:07.782 10 INFO neutron.wsgi [None req-2f623292-3569-4dca-b983-86b17e055b12 58af0250313241d7b38a05ec41e24ced 5852f076b0bd48da9b8472d37ecb0454 - - default default] 10.0.0.221 "DELETE /v2.0/networks/f8d91987-8763-4c84-9858-75589129b254 HTTP/1.1" status: 204 len: 168 time: 0.4514194
2026-09-03 17:41:07.901 9 INFO neutron.db.ovn_revision_numbers_db [None req-5c023afe-0405-4405-81a2-c83a338c19ee 91f802b072d84816b0ce88cda97c39df a032e6b77f4749ccae5708d26280f522 - - default default] Successfully bumped revision number for resource b3cbe75c-ccd3-4696-87fd-2944f2cfbd9c (type: ports) to 1
2026-09-03 17:41:07.957 9 WARNING neutron.scheduler.dhcp_agent_scheduler [None req-5c023afe-0405-4405-81a2-c83a338c19ee 91f802b072d84816b0ce88cda97c39df a032e6b77f4749ccae5708d26280f522 - - default default] No more DHCP agents
2026-09-03 17:41:07.959 9 WARNING neutron.api.rpc.agentnotifiers.dhcp_rpc_agent_api [None req-5c023afe-0405-4405-81a2-c83a338c19ee 91f802b072d84816b0ce88cda97c39df a032e6b77f4749ccae5708d26280f522 - - default default] Unable to schedule network cf8bab9c-c2b4-4b0a-9c4e-e036e02db50b: no agents available; will retry on subsequent port and subnet creation events.
2026-09-03 17:41:08.168 9 INFO neutron.db.ovn_revision_numbers_db [None req-5c023afe-0405-4405-81a2-c83a338c19ee 91f802b072d84816b0ce88cda97c39df a032e6b77f4749ccae5708d26280f522 - - default default] Successfully bumped revision number for resource b3cbe75c-ccd3-4696-87fd-2944f2cfbd9c (type: router_ports) to 1
2026-09-03 17:41:08.171 9 INFO neutron.wsgi [None req-5c023afe-0405-4405-81a2-c83a338c19ee 91f802b072d84816b0ce88cda97c39df a032e6b77f4749ccae5708d26280f522 - - default default] 10.0.0.221 "PUT /v2.0/routers/e3cfe5a6-3db7-4a39-b3bf-cc1f372a9a38/add_router_interface HTTP/1.1" status: 200 len: 503 time: 2.0680690
2026-09-03 17:41:08.261 9 INFO neutron.wsgi [None req-5bcd51a2-75ae-4503-b50f-738ab2f4f5fb 91f802b072d84816b0ce88cda97c39df a032e6b77f4749ccae5708d26280f522 - - default default] 10.0.0.221 "GET /v2.0/ports/b3cbe75c-ccd3-4696-87fd-2944f2cfbd9c HTTP/1.1" status: 200 len: 1139 time: 0.0842879
2026-09-03 17:41:08.599 10 INFO neutron.wsgi [None req-b6a02aed-068b-4226-bb9a-4c729e1aad74 8683bf07304f4692a042f736afa186f7 33988093ee3443979a0495eacaa13164 - - default default] 10.0.0.221 "GET /v2.0/security-groups?tenant_id=5852f076b0bd48da9b8472d37ecb0454&name=default HTTP/1.1" status: 200 len: 2996 time: 0.3454082
2026-09-03 17:41:08.699 10 INFO neutron.db.ovn_revision_numbers_db [None req-8b0a462a-a6be-48b8-94e7-d0ac41bc0c1c 8683bf07304f4692a042f736afa186f7 33988093ee3443979a0495eacaa13164 - - default default] Successfully bumped revision number for resource eb3d535c-bfe7-4b9a-9c8e-a753e33b72c1 (type: security_groups) to 1
2026-09-03 17:41:08.724 10 INFO neutron.db.ovn_revision_numbers_db [None req-8b0a462a-a6be-48b8-94e7-d0ac41bc0c1c 8683bf07304f4692a042f736afa186f7 33988093ee3443979a0495eacaa13164 - - default default] Successfully bumped revision number for resource 0870cebe-c88f-49dc-8392-efe5513e7b1c (type: security_group_rules) to 0
2026-09-03 17:41:08.743 10 INFO neutron.db.ovn_revision_numbers_db [None req-8b0a462a-a6be-48b8-94e7-d0ac41bc0c1c 8683bf07304f4692a042f736afa186f7 33988093ee3443979a0495eacaa13164 - - default default] Successfully bumped revision number for resource 0c8e897a-f9bb-4285-bbf0-9b9081d19149 (type: security_group_rules) to 0
2026-09-03 17:41:08.758 10 INFO neutron.db.ovn_revision_numbers_db [None req-8b0a462a-a6be-48b8-94e7-d0ac41bc0c1c 8683bf07304f4692a042f736afa186f7 33988093ee3443979a0495eacaa13164 - - default default] Successfully bumped revision number for resource 4d68e898-bf4c-40df-91b6-777347d42cca (type: security_group_rules) to 0
2026-09-03 17:41:08.784 10 INFO neutron.db.ovn_revision_numbers_db [None req-8b0a462a-a6be-48b8-94e7-d0ac41bc0c1c 8683bf07304f4692a042f736afa186f7 33988093ee3443979a0495eacaa13164 - - default default] Successfully bumped revision number for resource 77b97601-7f41-4e05-ab5a-aa6f546f57ba (type: security_group_rules) to 0
2026-09-03 17:41:08.838 10 INFO neutron.db.segments_db [None req-8b0a462a-a6be-48b8-94e7-d0ac41bc0c1c 8683bf07304f4692a042f736afa186f7 33988093ee3443979a0495eacaa13164 - - default default] Added segment 615cd189-5a56-4c63-bae8-f87f2c78e077 of type geneve for network ddac4fd6-f91a-4484-90dc-f0566e7c2d42
2026-09-03 17:41:08.841 9 WARNING neutron.scheduler.dhcp_agent_scheduler [None req-84d1464d-3058-4eb0-8d1a-5865c21647e2 91f802b072d84816b0ce88cda97c39df a032e6b77f4749ccae5708d26280f522 - - default default] No more DHCP agents
2026-09-03 17:41:08.843 9 WARNING neutron.api.rpc.agentnotifiers.dhcp_rpc_agent_api [None req-84d1464d-3058-4eb0-8d1a-5865c21647e2 91f802b072d84816b0ce88cda97c39df a032e6b77f4749ccae5708d26280f522 - - default default] Unable to schedule network 4ffd26d3-c71f-43f7-aaff-ef82b7184557: no agents available; will retry on subsequent port and subnet creation events.
2026-09-03 17:41:08.898 9 INFO neutron.wsgi [None req-af3ce513-f84b-4653-b835-6b5a75cb7cee 8683bf07304f4692a042f736afa186f7 33988093ee3443979a0495eacaa13164 - - default default] 10.0.0.221 "DELETE /v2.0/security-groups/fd1d2360-60a3-4664-8539-f4ca44b6bf58 HTTP/1.1" status: 204 len: 168 time: 0.2915568
2026-09-03 17:41:08.966 9 INFO neutron.db.ovn_revision_numbers_db [None req-84d1464d-3058-4eb0-8d1a-5865c21647e2 91f802b072d84816b0ce88cda97c39df a032e6b77f4749ccae5708d26280f522 - - default default] Successfully bumped revision number for resource 87731cc2-1186-4a00-a519-8c856e68e5ea (type: ports) to 1
2026-09-03 17:41:08.980 10 INFO neutron.db.ovn_revision_numbers_db [None req-8b0a462a-a6be-48b8-94e7-d0ac41bc0c1c 8683bf07304f4692a042f736afa186f7 33988093ee3443979a0495eacaa13164 - - default default] Successfully bumped revision number for resource ddac4fd6-f91a-4484-90dc-f0566e7c2d42 (type: networks) to 1
2026-09-03 17:41:09.156 10 WARNING neutron.scheduler.dhcp_agent_scheduler [None req-8b0a462a-a6be-48b8-94e7-d0ac41bc0c1c 8683bf07304f4692a042f736afa186f7 33988093ee3443979a0495eacaa13164 - - default default] No more DHCP agents
2026-09-03 17:41:09.159 10 WARNING neutron.api.rpc.agentnotifiers.dhcp_rpc_agent_api [None req-8b0a462a-a6be-48b8-94e7-d0ac41bc0c1c 8683bf07304f4692a042f736afa186f7 33988093ee3443979a0495eacaa13164 - - default default] Unable to schedule network ddac4fd6-f91a-4484-90dc-f0566e7c2d42: no agents available; will retry on subsequent port and subnet creation events.
2026-09-03 17:41:09.227 10 INFO neutron.db.ovn_revision_numbers_db [None req-8b0a462a-a6be-48b8-94e7-d0ac41bc0c1c 8683bf07304f4692a042f736afa186f7 33988093ee3443979a0495eacaa13164 - - default default] Successfully bumped revision number for resource ea490d50-e3a5-4374-98be-6c9ee9b0e1d1 (type: ports) to 1
2026-09-03 17:41:09.246 10 INFO neutron.wsgi [None req-8b0a462a-a6be-48b8-94e7-d0ac41bc0c1c 8683bf07304f4692a042f736afa186f7 33988093ee3443979a0495eacaa13164 - - default default] 10.0.0.221 "POST /v2.0/networks HTTP/1.1" status: 201 len: 943 time: 0.7045629
2026-09-03 17:41:09.374 10 WARNING neutron.scheduler.dhcp_agent_scheduler [None req-46013855-b521-489b-a723-84dc7da364e1 8683bf07304f4692a042f736afa186f7 33988093ee3443979a0495eacaa13164 - - default default] No more DHCP agents
2026-09-03 17:41:09.376 10 WARNING neutron.api.rpc.agentnotifiers.dhcp_rpc_agent_api [None req-46013855-b521-489b-a723-84dc7da364e1 8683bf07304f4692a042f736afa186f7 33988093ee3443979a0495eacaa13164 - - default default] Unable to schedule network ddac4fd6-f91a-4484-90dc-f0566e7c2d42: no agents available; will retry on subsequent port and subnet creation events.
2026-09-03 17:41:09.495 9 INFO neutron.plugins.ml2.drivers.ovn.mech_driver.mech_driver [None req-fe415599-5e44-400f-bc45-131f6f4fdd6c - - - - - -] OVN reports status up for port: 87731cc2-1186-4a00-a519-8c856e68e5ea
2026-09-03 17:41:09.507 9 INFO neutron.plugins.ml2.plugin [None req-fe415599-5e44-400f-bc45-131f6f4fdd6c - - - - - -] Attempt 1 to provision port 87731cc2-1186-4a00-a519-8c856e68e5ea
2026-09-03 17:41:09.525 9 INFO neutron.db.ovn_revision_numbers_db [None req-84d1464d-3058-4eb0-8d1a-5865c21647e2 91f802b072d84816b0ce88cda97c39df a032e6b77f4749ccae5708d26280f522 - - default default] Successfully bumped revision number for resource 87731cc2-1186-4a00-a519-8c856e68e5ea (type: router_ports) to 1
2026-09-03 17:41:09.660 9 INFO neutron.db.ovn_revision_numbers_db [None req-84d1464d-3058-4eb0-8d1a-5865c21647e2 91f802b072d84816b0ce88cda97c39df a032e6b77f4749ccae5708d26280f522 - - default default] Successfully bumped revision number for resource 87731cc2-1186-4a00-a519-8c856e68e5ea (type: ports) to 1
2026-09-03 17:41:09.771 9 WARNING neutron.scheduler.dhcp_agent_scheduler [None req-84d1464d-3058-4eb0-8d1a-5865c21647e2 91f802b072d84816b0ce88cda97c39df a032e6b77f4749ccae5708d26280f522 - - default default] No more DHCP agents
2026-09-03 17:41:09.773 9 WARNING neutron.api.rpc.agentnotifiers.dhcp_rpc_agent_api [None req-84d1464d-3058-4eb0-8d1a-5865c21647e2 91f802b072d84816b0ce88cda97c39df a032e6b77f4749ccae5708d26280f522 - - default default] Unable to schedule network 4ffd26d3-c71f-43f7-aaff-ef82b7184557: no agents available; will retry on subsequent port and subnet creation events.
2026-09-03 17:41:09.818 10 INFO neutron.db.ovn_revision_numbers_db [None req-46013855-b521-489b-a723-84dc7da364e1 8683bf07304f4692a042f736afa186f7 33988093ee3443979a0495eacaa13164 - - default default] Successfully bumped revision number for resource ea490d50-e3a5-4374-98be-6c9ee9b0e1d1 (type: ports) to 2
2026-09-03 17:41:09.846 10 INFO neutron.db.ovn_revision_numbers_db [None req-46013855-b521-489b-a723-84dc7da364e1 8683bf07304f4692a042f736afa186f7 33988093ee3443979a0495eacaa13164 - - default default] Successfully bumped revision number for resource 7435d301-b841-4b66-883a-ef46fdff203d (type: subnets) to 0
2026-09-03 17:41:09.859 10 INFO neutron.wsgi [None req-46013855-b521-489b-a723-84dc7da364e1 8683bf07304f4692a042f736afa186f7 33988093ee3443979a0495eacaa13164 - - default default] 10.0.0.221 "POST /v2.0/subnets HTTP/1.1" status: 201 len: 863 time: 0.6067712
2026-09-03 17:41:10.119 9 INFO neutron.db.ovn_revision_numbers_db [None req-fe415599-5e44-400f-bc45-131f6f4fdd6c - - - - - -] Successfully bumped revision number for resource 87731cc2-1186-4a00-a519-8c856e68e5ea (type: ports) to 2
2026-09-03 17:41:10.248 10 WARNING neutron.scheduler.dhcp_agent_scheduler [None req-57e83fac-ab0b-4789-8e47-0ffc8783fa30 8683bf07304f4692a042f736afa186f7 33988093ee3443979a0495eacaa13164 - - default default] No more DHCP agents
2026-09-03 17:41:10.251 10 WARNING neutron.api.rpc.agentnotifiers.dhcp_rpc_agent_api [None req-57e83fac-ab0b-4789-8e47-0ffc8783fa30 8683bf07304f4692a042f736afa186f7 33988093ee3443979a0495eacaa13164 - - default default] Unable to schedule network ae883489-5e93-4bf8-bd12-e5df994aa84c: no agents available; will retry on subsequent port and subnet creation events.
2026-09-03 17:41:10.283 9 INFO neutron.db.ovn_revision_numbers_db [None req-84d1464d-3058-4eb0-8d1a-5865c21647e2 91f802b072d84816b0ce88cda97c39df a032e6b77f4749ccae5708d26280f522 - - default default] Successfully bumped revision number for resource 87731cc2-1186-4a00-a519-8c856e68e5ea (type: router_ports) to 2
2026-09-03 17:41:10.285 9 INFO neutron.wsgi [None req-84d1464d-3058-4eb0-8d1a-5865c21647e2 91f802b072d84816b0ce88cda97c39df a032e6b77f4749ccae5708d26280f522 - - default default] 10.0.0.221 "PUT /v2.0/routers/e3cfe5a6-3db7-4a39-b3bf-cc1f372a9a38/add_router_interface HTTP/1.1" status: 200 len: 503 time: 2.0197692
2026-09-03 17:41:10.578 10 INFO neutron.wsgi [None req-ad85f2ed-e509-4a27-9779-760d1ba0c08d 91f802b072d84816b0ce88cda97c39df a032e6b77f4749ccae5708d26280f522 - - default default] 10.0.0.221 "GET /v2.0/ports/87731cc2-1186-4a00-a519-8c856e68e5ea HTTP/1.1" status: 200 len: 1149 time: 0.2868838
2026-09-03 17:41:10.625 10 INFO neutron.wsgi [None req-1ed1ca14-825f-4e5c-a83d-430f4a5b2589 91f802b072d84816b0ce88cda97c39df a032e6b77f4749ccae5708d26280f522 - - default default] 10.0.0.221 "GET /v2.0/ports/87731cc2-1186-4a00-a519-8c856e68e5ea HTTP/1.1" status: 200 len: 1149 time: 0.0390611
2026-09-03 17:41:10.632 10 INFO neutron.db.ovn_revision_numbers_db [None req-57e83fac-ab0b-4789-8e47-0ffc8783fa30 8683bf07304f4692a042f736afa186f7 33988093ee3443979a0495eacaa13164 - - default default] Successfully bumped revision number for resource 91b6ce2b-099b-423b-94f3-c19e666982aa (type: ports) to 1
2026-09-03 17:41:11.071 10 WARNING neutron.plugins.ml2.drivers.ovn.mech_driver.ovsdb.ovn_client [None req-7f4d04f4-56b4-477f-be44-d33eed2c4706 - - - - - -] No hosting information found for port 96b9bbae-d070-42e0-ac8b-08442742a9e2: RuntimeError: No hosting information found for port 96b9bbae-d070-42e0-ac8b-08442742a9e2
2026-09-03 17:41:11.071 10 INFO neutron.plugins.ml2.drivers.ovn.mech_driver.mech_driver [None req-7f4d04f4-56b4-477f-be44-d33eed2c4706 - - - - - -] OVN reports status down for port: e10ca820-ad90-4ee6-a8f5-385e57a65b0a
2026-09-03 17:41:11.083 10 INFO neutron.plugins.ml2.drivers.ovn.mech_driver.mech_driver [None req-7f4d04f4-56b4-477f-be44-d33eed2c4706 - - - - - -] OVN reports status up for port: b3cbe75c-ccd3-4696-87fd-2944f2cfbd9c
2026-09-03 17:41:11.089 10 INFO neutron.plugins.ml2.plugin [None req-7f4d04f4-56b4-477f-be44-d33eed2c4706 - - - - - -] Attempt 1 to provision port b3cbe75c-ccd3-4696-87fd-2944f2cfbd9c
2026-09-03 17:41:11.261 9 INFO neutron.plugins.ml2.drivers.ovn.mech_driver.ovsdb.ovsdb_monitor [None req-01983eec-50de-4e2d-a6b3-9ca34431fe0d - - - - - -] Router 6b141621-af9b-4abf-9467-b6e87497d177 is bound to host instance
2026-09-03 17:41:11.268 10 INFO neutron.db.ovn_revision_numbers_db [None req-57e83fac-ab0b-4789-8e47-0ffc8783fa30 8683bf07304f4692a042f736afa186f7 33988093ee3443979a0495eacaa13164 - - default default] Successfully bumped revision number for resource 91b6ce2b-099b-423b-94f3-c19e666982aa (type: router_ports) to 1
2026-09-03 17:41:11.333 9 INFO neutron.wsgi [None req-d3741b74-81f5-4dcb-8680-7c9d9a7f5db4 91f802b072d84816b0ce88cda97c39df a032e6b77f4749ccae5708d26280f522 - - default default] 10.0.0.221 "PUT /v2.0/routers/e3cfe5a6-3db7-4a39-b3bf-cc1f372a9a38/remove_router_interface HTTP/1.1" status: 200 len: 503 time: 0.6995263
2026-09-03 17:41:11.353 10 INFO neutron.db.ovn_revision_numbers_db [None req-57e83fac-ab0b-4789-8e47-0ffc8783fa30 8683bf07304f4692a042f736afa186f7 33988093ee3443979a0495eacaa13164 - - default default] Successfully bumped revision number for resource 6b141621-af9b-4abf-9467-b6e87497d177 (type: routers) to 2
2026-09-03 17:41:11.372 10 INFO neutron.wsgi [None req-57e83fac-ab0b-4789-8e47-0ffc8783fa30 8683bf07304f4692a042f736afa186f7 33988093ee3443979a0495eacaa13164 - - default default] 10.0.0.221 "POST /v2.0/routers HTTP/1.1" status: 201 len: 874 time: 1.5078986
2026-09-03 17:41:11.476 9 INFO neutron.db.ovn_revision_numbers_db [None req-2a7d37c4-2741-4b59-a909-6b9156ff4cd8 9967aad49b6e4a8898ac9473cbd59eb5 8e09c08015434f24b4c669b5217d6ff2 - - default default] Successfully bumped revision number for resource 6ecf897a-4760-4707-8a66-211c84ddbbf9 (type: security_groups) to 1
2026-09-03 17:41:11.478 10 INFO neutron.db.ovn_revision_numbers_db [None req-7f4d04f4-56b4-477f-be44-d33eed2c4706 - - - - - -] Successfully bumped revision number for resource b3cbe75c-ccd3-4696-87fd-2944f2cfbd9c (type: ports) to 2
2026-09-03 17:41:11.492 10 INFO neutron.wsgi [None req-d1a06ee6-796a-4869-ac6a-38714013f63e 91f802b072d84816b0ce88cda97c39df a032e6b77f4749ccae5708d26280f522 - - default default] 10.0.0.221 "GET /v2.0/ports/b3cbe75c-ccd3-4696-87fd-2944f2cfbd9c HTTP/1.1" status: 200 len: 1141 time: 0.1534431 /var/lib/openstack/lib/python3.10/site-packages/pycadf/identifier.py:71: UserWarning: Invalid uuid: neutron. To ensure interoperability, identifiers should be a valid uuid. warnings.warn(('Invalid uuid: %s. To ensure interoperability, '
2026-09-03 17:41:11.512 9 INFO neutron.db.ovn_revision_numbers_db [None req-2a7d37c4-2741-4b59-a909-6b9156ff4cd8 9967aad49b6e4a8898ac9473cbd59eb5 8e09c08015434f24b4c669b5217d6ff2 - - default default] Successfully bumped revision number for resource 48091900-6cb9-4c12-aec6-a7a9b41b85a3 (type: security_group_rules) to 0
2026-09-03 17:41:11.553 9 INFO neutron.db.ovn_revision_numbers_db [None req-2a7d37c4-2741-4b59-a909-6b9156ff4cd8 9967aad49b6e4a8898ac9473cbd59eb5 8e09c08015434f24b4c669b5217d6ff2 - - default default] Successfully bumped revision number for resource 67a3e847-c8a3-45d4-b40b-1a2637d38278 (type: security_group_rules) to 0
2026-09-03 17:41:11.591 9 INFO neutron.db.ovn_revision_numbers_db [None req-2a7d37c4-2741-4b59-a909-6b9156ff4cd8 9967aad49b6e4a8898ac9473cbd59eb5 8e09c08015434f24b4c669b5217d6ff2 - - default default] Successfully bumped revision number for resource 9d126930-988e-43ca-bc5b-cd290beba7e0 (type: security_group_rules) to 0
2026-09-03 17:41:11.619 9 INFO neutron.db.ovn_revision_numbers_db [None req-2a7d37c4-2741-4b59-a909-6b9156ff4cd8 9967aad49b6e4a8898ac9473cbd59eb5 8e09c08015434f24b4c669b5217d6ff2 - - default default] Successfully bumped revision number for resource a66c32da-5956-4bc9-9e92-103db7842847 (type: security_group_rules) to 0
2026-09-03 17:41:11.647 10 INFO neutron.db.ovn_revision_numbers_db [None req-7f4d04f4-56b4-477f-be44-d33eed2c4706 - - - - - -] Successfully bumped revision number for resource b3cbe75c-ccd3-4696-87fd-2944f2cfbd9c (type: router_ports) to 2
2026-09-03 17:41:11.702 9 INFO neutron.db.segments_db [None req-2a7d37c4-2741-4b59-a909-6b9156ff4cd8 9967aad49b6e4a8898ac9473cbd59eb5 8e09c08015434f24b4c669b5217d6ff2 - - default default] Added segment c27912bb-2887-4592-95b5-ca122f416b5f of type geneve for network 510bcb83-8541-4a52-a432-6256d9730ddc
2026-09-03 17:41:11.947 10 WARNING neutron.scheduler.dhcp_agent_scheduler [None req-1ce51ee1-88d5-4f4e-ad38-9cfe58a2f7f4 8683bf07304f4692a042f736afa186f7 33988093ee3443979a0495eacaa13164 - - default default] No more DHCP agents
2026-09-03 17:41:11.951 10 WARNING neutron.api.rpc.agentnotifiers.dhcp_rpc_agent_api [None req-1ce51ee1-88d5-4f4e-ad38-9cfe58a2f7f4 8683bf07304f4692a042f736afa186f7 33988093ee3443979a0495eacaa13164 - - default default] Unable to schedule network ddac4fd6-f91a-4484-90dc-f0566e7c2d42: no agents available; will retry on subsequent port and subnet creation events.
2026-09-03 17:41:12.067 9 INFO neutron.db.ovn_revision_numbers_db [None req-2a7d37c4-2741-4b59-a909-6b9156ff4cd8 9967aad49b6e4a8898ac9473cbd59eb5 8e09c08015434f24b4c669b5217d6ff2 - - default default] Successfully bumped revision number for resource 510bcb83-8541-4a52-a432-6256d9730ddc (type: networks) to 1
2026-09-03 17:41:12.121 10 INFO neutron.db.ovn_revision_numbers_db [None req-1ce51ee1-88d5-4f4e-ad38-9cfe58a2f7f4 8683bf07304f4692a042f736afa186f7 33988093ee3443979a0495eacaa13164 - - default default] Successfully bumped revision number for resource 88714147-8892-4e7b-b460-2e8f50570350 (type: ports) to 1
2026-09-03 17:41:12.338 9 INFO neutron.db.ovn_revision_numbers_db [None req-01983eec-50de-4e2d-a6b3-9ca34431fe0d - - - - - -] Successfully bumped revision number for resource 91b6ce2b-099b-423b-94f3-c19e666982aa (type: ports) to 1
2026-09-03 17:41:12.366 9 WARNING neutron.scheduler.dhcp_agent_scheduler [None req-2a7d37c4-2741-4b59-a909-6b9156ff4cd8 9967aad49b6e4a8898ac9473cbd59eb5 8e09c08015434f24b4c669b5217d6ff2 - - default default] No more DHCP agents
2026-09-03 17:41:12.369 9 WARNING neutron.api.rpc.agentnotifiers.dhcp_rpc_agent_api [None req-2a7d37c4-2741-4b59-a909-6b9156ff4cd8 9967aad49b6e4a8898ac9473cbd59eb5 8e09c08015434f24b4c669b5217d6ff2 - - default default] Unable to schedule network 510bcb83-8541-4a52-a432-6256d9730ddc: no agents available; will retry on subsequent port and subnet creation events.
2026-09-03 17:41:12.504 10 INFO neutron.wsgi [-] 10.0.0.90 "GET / HTTP/1.1" status: 200 len: 247 time: 0.0015092
2026-09-03 17:41:12.506 10 INFO neutron.wsgi [-] 10.0.0.90 "GET / HTTP/1.1" status: 200 len: 247 time: 0.0007925
2026-09-03 17:41:12.516 10 INFO neutron.db.ovn_revision_numbers_db [None req-1ce51ee1-88d5-4f4e-ad38-9cfe58a2f7f4 8683bf07304f4692a042f736afa186f7 33988093ee3443979a0495eacaa13164 - - default default] Successfully bumped revision number for resource 88714147-8892-4e7b-b460-2e8f50570350 (type: router_ports) to 1
2026-09-03 17:41:12.593 9 INFO neutron.db.ovn_revision_numbers_db [None req-2a7d37c4-2741-4b59-a909-6b9156ff4cd8 9967aad49b6e4a8898ac9473cbd59eb5 8e09c08015434f24b4c669b5217d6ff2 - - default default] Successfully bumped revision number for resource bedc248c-a467-47a5-aed6-a6308cc10565 (type: ports) to 1
2026-09-03 17:41:12.639 10 INFO neutron.db.ovn_revision_numbers_db [None req-1ce51ee1-88d5-4f4e-ad38-9cfe58a2f7f4 8683bf07304f4692a042f736afa186f7 33988093ee3443979a0495eacaa13164 - - default default] Successfully bumped revision number for resource 88714147-8892-4e7b-b460-2e8f50570350 (type: ports) to 1
2026-09-03 17:41:12.655 9 INFO neutron.wsgi [None req-2a7d37c4-2741-4b59-a909-6b9156ff4cd8 9967aad49b6e4a8898ac9473cbd59eb5 8e09c08015434f24b4c669b5217d6ff2 - - default default] 10.0.0.221 "POST /v2.0/networks HTTP/1.1" status: 201 len: 828 time: 1.6710975
2026-09-03 17:41:12.661 9 INFO neutron.wsgi [None req-964fc05d-2a95-49bb-b4ad-bc8c39a5481a 91f802b072d84816b0ce88cda97c39df a032e6b77f4749ccae5708d26280f522 - - default default] 10.0.0.221 "PUT /v2.0/routers/e3cfe5a6-3db7-4a39-b3bf-cc1f372a9a38/remove_router_interface HTTP/1.1" status: 200 len: 503 time: 1.1633370 /var/lib/openstack/lib/python3.10/site-packages/pycadf/identifier.py:71: UserWarning: Invalid uuid: neutron. To ensure interoperability, identifiers should be a valid uuid. warnings.warn(('Invalid uuid: %s. To ensure interoperability, '
2026-09-03 17:41:12.687 10 INFO neutron.wsgi [None req-69001d8c-fdd4-43dc-a8fc-9bdf3b327993 91f802b072d84816b0ce88cda97c39df a032e6b77f4749ccae5708d26280f522 - - default default] 10.0.0.221 "GET /v2.0/ports?device_id=e3cfe5a6-3db7-4a39-b3bf-cc1f372a9a38 HTTP/1.1" status: 200 len: 205 time: 0.0178919
2026-09-03 17:41:12.728 10 WARNING neutron.scheduler.dhcp_agent_scheduler [None req-1ce51ee1-88d5-4f4e-ad38-9cfe58a2f7f4 8683bf07304f4692a042f736afa186f7 33988093ee3443979a0495eacaa13164 - - default default] No more DHCP agents
2026-09-03 17:41:12.731 10 WARNING neutron.api.rpc.agentnotifiers.dhcp_rpc_agent_api [None req-1ce51ee1-88d5-4f4e-ad38-9cfe58a2f7f4 8683bf07304f4692a042f736afa186f7 33988093ee3443979a0495eacaa13164 - - default default] Unable to schedule network ddac4fd6-f91a-4484-90dc-f0566e7c2d42: no agents available; will retry on subsequent port and subnet creation events.
2026-09-03 17:41:12.790 9 INFO neutron.db.segments_db [None req-9a7cfdb6-a8be-433a-acfa-154b2bbddd5a 9967aad49b6e4a8898ac9473cbd59eb5 8e09c08015434f24b4c669b5217d6ff2 - - default default] Added segment d776ccf8-484a-4764-a1b8-c086898c252e of type geneve for network 9a159200-0be6-482f-9856-801e7a59d6f9
2026-09-03 17:41:12.835 9 INFO neutron.db.ovn_revision_numbers_db [None req-01983eec-50de-4e2d-a6b3-9ca34431fe0d - - - - - -] Successfully bumped revision number for resource 91b6ce2b-099b-423b-94f3-c19e666982aa (type: router_ports) to 3
2026-09-03 17:41:13.076 10 INFO neutron.wsgi [None req-3e876366-839c-4278-8ecd-75e67e611095 91f802b072d84816b0ce88cda97c39df a032e6b77f4749ccae5708d26280f522 - - default default] 10.0.0.221 "DELETE /v2.0/routers/e3cfe5a6-3db7-4a39-b3bf-cc1f372a9a38 HTTP/1.1" status: 204 len: 168 time: 0.3827877
2026-09-03 17:41:13.211 10 INFO neutron.wsgi [req-46c413f9-0030-4c68-a141-aa02251c12b2 req-ad0ccc1b-8063-47ee-9fd4-1267f15dd3d3 ae14d269361247dba8194315d3848ffa 55eae20e49e74ac9b0552c1cfbde90d7 - - 51da7a234397460f8be2b7ea273ee490 51da7a234397460f8be2b7ea273ee490] 10.0.0.238 "GET /v2.0/ports?device_id=935b12b8-1937-4a1d-b3b2-88877df6c9a8 HTTP/1.1" status: 200 len: 1409 time: 0.2073982
2026-09-03 17:41:13.235 9 INFO neutron.db.ovn_revision_numbers_db [None req-9a7cfdb6-a8be-433a-acfa-154b2bbddd5a 9967aad49b6e4a8898ac9473cbd59eb5 8e09c08015434f24b4c669b5217d6ff2 - - default default] Successfully bumped revision number for resource 9a159200-0be6-482f-9856-801e7a59d6f9 (type: networks) to 1
2026-09-03 17:41:13.287 10 INFO neutron.wsgi [req-46c413f9-0030-4c68-a141-aa02251c12b2 req-8354cd4f-74f7-4a4c-988d-2256a9770cfe ae14d269361247dba8194315d3848ffa 55eae20e49e74ac9b0552c1cfbde90d7 - - 51da7a234397460f8be2b7ea273ee490 51da7a234397460f8be2b7ea273ee490] 10.0.0.238 "GET /v2.0/security-groups?id=30bb43ab-bbb1-44bf-9395-da1f6951b8aa&fields=id&fields=name HTTP/1.1" status: 200 len: 312 time: 0.0688543
2026-09-03 17:41:13.382 9 INFO neutron.db.ovn_revision_numbers_db [None req-01983eec-50de-4e2d-a6b3-9ca34431fe0d - - - - - -] Successfully bumped revision number for resource 91b6ce2b-099b-423b-94f3-c19e666982aa (type: ports) to 2
2026-09-03 17:41:13.389 10 INFO neutron.wsgi [None req-e135099c-54a4-4e1a-8fd3-73c94b98584c 91f802b072d84816b0ce88cda97c39df a032e6b77f4749ccae5708d26280f522 - - default default] 10.0.0.221 "DELETE /v2.0/subnets/962f7431-d752-44d2-af64-c8bd54b1b402 HTTP/1.1" status: 204 len: 168 time: 0.3039043
2026-09-03 17:41:13.507 9 WARNING neutron.scheduler.dhcp_agent_scheduler [None req-9a7cfdb6-a8be-433a-acfa-154b2bbddd5a 9967aad49b6e4a8898ac9473cbd59eb5 8e09c08015434f24b4c669b5217d6ff2 - - default default] No more DHCP agents
2026-09-03 17:41:13.518 9 WARNING neutron.api.rpc.agentnotifiers.dhcp_rpc_agent_api [None req-9a7cfdb6-a8be-433a-acfa-154b2bbddd5a 9967aad49b6e4a8898ac9473cbd59eb5 8e09c08015434f24b4c669b5217d6ff2 - - default default] Unable to schedule network 9a159200-0be6-482f-9856-801e7a59d6f9: no agents available; will retry on subsequent port and subnet creation events.
2026-09-03 17:41:13.663 9 INFO neutron.db.ovn_revision_numbers_db [None req-9a7cfdb6-a8be-433a-acfa-154b2bbddd5a 9967aad49b6e4a8898ac9473cbd59eb5 8e09c08015434f24b4c669b5217d6ff2 - - default default] Successfully bumped revision number for resource cbc8a275-f3aa-4d74-8c40-f785767bfe8a (type: ports) to 1
2026-09-03 17:41:13.690 9 INFO neutron.wsgi [None req-9a7cfdb6-a8be-433a-acfa-154b2bbddd5a 9967aad49b6e4a8898ac9473cbd59eb5 8e09c08015434f24b4c669b5217d6ff2 - - default default] 10.0.0.221 "POST /v2.0/networks HTTP/1.1" status: 201 len: 828 time: 1.0257888
2026-09-03 17:41:13.714 10 INFO neutron.db.ovn_revision_numbers_db [None req-1ce51ee1-88d5-4f4e-ad38-9cfe58a2f7f4 8683bf07304f4692a042f736afa186f7 33988093ee3443979a0495eacaa13164 - - default default] Successfully bumped revision number for resource 88714147-8892-4e7b-b460-2e8f50570350 (type: router_ports) to 1
2026-09-03 17:41:13.716 10 INFO neutron.wsgi [None req-1ce51ee1-88d5-4f4e-ad38-9cfe58a2f7f4 8683bf07304f4692a042f736afa186f7 33988093ee3443979a0495eacaa13164 - - default default] 10.0.0.221 "PUT /v2.0/routers/6b141621-af9b-4abf-9467-b6e87497d177/add_router_interface HTTP/1.1" status: 200 len: 503 time: 2.3298008
2026-09-03 17:41:13.735 9 INFO neutron.wsgi [None req-fab5f997-b40b-4242-9ffa-f547839de472 91f802b072d84816b0ce88cda97c39df a032e6b77f4749ccae5708d26280f522 - - default default] 10.0.0.221 "DELETE /v2.0/subnets/a0acbad7-e69d-4af0-9413-85d8069d34c7 HTTP/1.1" status: 204 len: 168 time: 0.3371730
2026-09-03 17:41:13.803 9 INFO neutron.db.ovn_revision_numbers_db [None req-01983eec-50de-4e2d-a6b3-9ca34431fe0d - - - - - -] Successfully bumped revision number for resource 91b6ce2b-099b-423b-94f3-c19e666982aa (type: ports) to 4
2026-09-03 17:41:14.016 9 WARNING neutron.scheduler.dhcp_agent_scheduler [None req-c7e4fdc0-0c08-4c8b-90f3-326fb4db3f42 9967aad49b6e4a8898ac9473cbd59eb5 8e09c08015434f24b4c669b5217d6ff2 - - default default] No more DHCP agents
2026-09-03 17:41:14.020 9 WARNING neutron.api.rpc.agentnotifiers.dhcp_rpc_agent_api [None req-c7e4fdc0-0c08-4c8b-90f3-326fb4db3f42 9967aad49b6e4a8898ac9473cbd59eb5 8e09c08015434f24b4c669b5217d6ff2 - - default default] Unable to schedule network 510bcb83-8541-4a52-a432-6256d9730ddc: no agents available; will retry on subsequent port and subnet creation events.
2026-09-03 17:41:14.094 10 INFO neutron.services.segments.plugin [-] Segment 5982de50-c3c0-4056-b100-a4c321ae7ed0 resource provider aggregate not found
2026-09-03 17:41:14.100 10 INFO neutron.services.segments.plugin [-] Segment 5982de50-c3c0-4056-b100-a4c321ae7ed0 resource provider aggregate not found
2026-09-03 17:41:14.126 10 INFO neutron.services.segments.plugin [-] Segment 5982de50-c3c0-4056-b100-a4c321ae7ed0 resource provider not found; error: Placement Client Error (4xx): {"errors": [{"status": 404, "title": "Not Found", "detail": "The resource could not be found.\n\n No resource provider with uuid 5982de50-c3c0-4056-b100-a4c321ae7ed0 found for delete ", "request_id": "req-74eebdca-c5bc-4f31-8140-58528c5ef7b6"}]}
2026-09-03 17:41:14.136 10 INFO neutron.services.segments.plugin [-] Segment 5982de50-c3c0-4056-b100-a4c321ae7ed0 resource provider not found; error: Placement Client Error (4xx): {"errors": [{"status": 404, "title": "Not Found", "detail": "The resource could not be found.\n\n No resource provider with uuid 5982de50-c3c0-4056-b100-a4c321ae7ed0 found for delete ", "request_id": "req-289a9daf-4480-4064-b6eb-5bbda6aea948"}]}
2026-09-03 17:41:14.145 10 INFO neutron.wsgi [None req-c9e239b7-7866-433f-8f18-59069ea4c7f7 91f802b072d84816b0ce88cda97c39df a032e6b77f4749ccae5708d26280f522 - - default default] 10.0.0.221 "DELETE /v2.0/networks/4ffd26d3-c71f-43f7-aaff-ef82b7184557 HTTP/1.1" status: 204 len: 168 time: 0.4043260
2026-09-03 17:41:14.166 9 INFO neutron.db.ovn_revision_numbers_db [None req-01983eec-50de-4e2d-a6b3-9ca34431fe0d - - - - - -] Successfully bumped revision number for resource 91b6ce2b-099b-423b-94f3-c19e666982aa (type: router_ports) to 4
2026-09-03 17:41:14.516 10 INFO neutron.wsgi [None req-24ca5aa3-2639-4a91-b8fd-003026d3e874 91f802b072d84816b0ce88cda97c39df a032e6b77f4749ccae5708d26280f522 - - default default] 10.0.0.221 "DELETE /v2.0/networks/cf8bab9c-c2b4-4b0a-9c4e-e036e02db50b HTTP/1.1" status: 204 len: 168 time: 0.3616655
2026-09-03 17:41:14.539 10 INFO neutron.db.ovn_revision_numbers_db [None req-dfc7af72-a542-4a47-8902-3968123757fd 93b5d02fd9014badb741bad64d15a4cb 600bf9215d7541dfabb11464b8dbc3c0 - - default default] Successfully bumped revision number for resource 1ea83bd8-039a-4ee2-8d01-99982852e926 (type: security_groups) to 1
2026-09-03 17:41:14.557 10 INFO neutron.db.ovn_revision_numbers_db [None req-dfc7af72-a542-4a47-8902-3968123757fd 93b5d02fd9014badb741bad64d15a4cb 600bf9215d7541dfabb11464b8dbc3c0 - - default default] Successfully bumped revision number for resource b8a8ca51-ae74-4907-9dd3-f341dcb3b430 (type: security_group_rules) to 0
2026-09-03 17:41:14.569 10 INFO neutron.db.ovn_revision_numbers_db [None req-dfc7af72-a542-4a47-8902-3968123757fd 93b5d02fd9014badb741bad64d15a4cb 600bf9215d7541dfabb11464b8dbc3c0 - - default default] Successfully bumped revision number for resource d95ebad7-c798-4106-9f9c-843a2044f735 (type: security_group_rules) to 0
2026-09-03 17:41:14.583 10 INFO neutron.wsgi [None req-dfc7af72-a542-4a47-8902-3968123757fd 93b5d02fd9014badb741bad64d15a4cb 600bf9215d7541dfabb11464b8dbc3c0 - - default default] 10.0.0.221 "POST /v2.0/security-groups HTTP/1.1" status: 201 len: 1809 time: 0.2065437
2026-09-03 17:41:14.610 10 INFO neutron.db.segments_db [None req-7463c4f4-b1a0-42c7-a8a8-b1ff8c64604d 91f802b072d84816b0ce88cda97c39df a032e6b77f4749ccae5708d26280f522 - - default default] Added segment 422d7540-e4d1-49ea-b977-8eb19b1105af of type geneve for network d460a7d2-bb70-4a8a-a767-17e822556ee6
2026-09-03 17:41:14.643 9 INFO neutron.db.ovn_revision_numbers_db [None req-c7e4fdc0-0c08-4c8b-90f3-326fb4db3f42 9967aad49b6e4a8898ac9473cbd59eb5 8e09c08015434f24b4c669b5217d6ff2 - - default default] Successfully bumped revision number for resource bedc248c-a467-47a5-aed6-a6308cc10565 (type: ports) to 2
2026-09-03 17:41:14.684 9 INFO neutron.db.ovn_revision_numbers_db [None req-c7e4fdc0-0c08-4c8b-90f3-326fb4db3f42 9967aad49b6e4a8898ac9473cbd59eb5 8e09c08015434f24b4c669b5217d6ff2 - - default default] Successfully bumped revision number for resource cddfff86-7602-4de1-abd2-acaf02ba1ee8 (type: subnets) to 0
2026-09-03 17:41:14.701 9 INFO neutron.wsgi [None req-c7e4fdc0-0c08-4c8b-90f3-326fb4db3f42 9967aad49b6e4a8898ac9473cbd59eb5 8e09c08015434f24b4c669b5217d6ff2 - - default default] 10.0.0.221 "POST /v2.0/subnets HTTP/1.1" status: 201 len: 801 time: 1.0022087
2026-09-03 17:41:14.747 10 INFO neutron.db.ovn_revision_numbers_db [None req-913ccd47-e07b-422c-88eb-9572ea8f0465 93b5d02fd9014badb741bad64d15a4cb 600bf9215d7541dfabb11464b8dbc3c0 - - default default] Successfully bumped revision number for resource 27f84703-fcf1-4a5b-97e8-f64881f72d1a (type: security_group_rules) to 0
2026-09-03 17:41:14.756 10 INFO neutron.db.ovn_revision_numbers_db [None req-7463c4f4-b1a0-42c7-a8a8-b1ff8c64604d 91f802b072d84816b0ce88cda97c39df a032e6b77f4749ccae5708d26280f522 - - default default] Successfully bumped revision number for resource d460a7d2-bb70-4a8a-a767-17e822556ee6 (type: networks) to 1
2026-09-03 17:41:14.774 10 INFO neutron.wsgi [None req-913ccd47-e07b-422c-88eb-9572ea8f0465 93b5d02fd9014badb741bad64d15a4cb 600bf9215d7541dfabb11464b8dbc3c0 - - default default] 10.0.0.221 "POST /v2.0/security-group-rules HTTP/1.1" status: 201 len: 764 time: 0.1852231
2026-09-03 17:41:14.917 9 WARNING neutron.plugins.ml2.drivers.ovn.mech_driver.ovsdb.ovn_client [None req-fe415599-5e44-400f-bc45-131f6f4fdd6c - - - - - -] No port found with ID 87731cc2-1186-4a00-a519-8c856e68e5ea: RuntimeError: No port found with ID 87731cc2-1186-4a00-a519-8c856e68e5ea
2026-09-03 17:41:14.917 9 INFO neutron.plugins.ml2.drivers.ovn.mech_driver.mech_driver [None req-fe415599-5e44-400f-bc45-131f6f4fdd6c - - - - - -] OVN reports status up for port: 88714147-8892-4e7b-b460-2e8f50570350
2026-09-03 17:41:14.927 10 WARNING neutron.scheduler.dhcp_agent_scheduler [None req-7463c4f4-b1a0-42c7-a8a8-b1ff8c64604d 91f802b072d84816b0ce88cda97c39df a032e6b77f4749ccae5708d26280f522 - - default default] No more DHCP agents
2026-09-03 17:41:14.930 9 INFO neutron.plugins.ml2.plugin [None req-fe415599-5e44-400f-bc45-131f6f4fdd6c - - - - - -] Attempt 1 to provision port 88714147-8892-4e7b-b460-2e8f50570350
2026-09-03 17:41:14.933 10 WARNING neutron.api.rpc.agentnotifiers.dhcp_rpc_agent_api [None req-7463c4f4-b1a0-42c7-a8a8-b1ff8c64604d 91f802b072d84816b0ce88cda97c39df a032e6b77f4749ccae5708d26280f522 - - default default] Unable to schedule network d460a7d2-bb70-4a8a-a767-17e822556ee6: no agents available; will retry on subsequent port and subnet creation events.
2026-09-03 17:41:14.957 10 INFO neutron.db.ovn_revision_numbers_db [None req-a40466a7-7a8f-4c06-ae62-6318ebac3160 93b5d02fd9014badb741bad64d15a4cb 600bf9215d7541dfabb11464b8dbc3c0 - - default default] Successfully bumped revision number for resource ef225b33-df2b-44fe-a68e-027e7b580f4e (type: security_group_rules) to 0
2026-09-03 17:41:15.004 10 INFO neutron.wsgi [None req-a40466a7-7a8f-4c06-ae62-6318ebac3160 93b5d02fd9014badb741bad64d15a4cb 600bf9215d7541dfabb11464b8dbc3c0 - - default default] 10.0.0.221 "POST /v2.0/security-group-rules HTTP/1.1" status: 201 len: 763 time: 0.2229459
2026-09-03 17:41:15.034 10 INFO neutron.db.ovn_revision_numbers_db [None req-7463c4f4-b1a0-42c7-a8a8-b1ff8c64604d 91f802b072d84816b0ce88cda97c39df a032e6b77f4749ccae5708d26280f522 - - default default] Successfully bumped revision number for resource 43fe765e-53ca-4a83-876d-55bd140c9e81 (type: ports) to 1
2026-09-03 17:41:15.034 9 WARNING neutron.scheduler.dhcp_agent_scheduler [None req-e4403abb-35a1-4642-b9da-280d03890833 9967aad49b6e4a8898ac9473cbd59eb5 8e09c08015434f24b4c669b5217d6ff2 - - default default] No more DHCP agents
2026-09-03 17:41:15.046 9 WARNING neutron.api.rpc.agentnotifiers.dhcp_rpc_agent_api [None req-e4403abb-35a1-4642-b9da-280d03890833 9967aad49b6e4a8898ac9473cbd59eb5 8e09c08015434f24b4c669b5217d6ff2 - - default default] Unable to schedule network 9a159200-0be6-482f-9856-801e7a59d6f9: no agents available; will retry on subsequent port and subnet creation events.
2026-09-03 17:41:15.059 10 INFO neutron.wsgi [None req-7463c4f4-b1a0-42c7-a8a8-b1ff8c64604d 91f802b072d84816b0ce88cda97c39df a032e6b77f4749ccae5708d26280f522 - - default default] 10.0.0.221 "POST /v2.0/networks HTTP/1.1" status: 201 len: 832 time: 0.5346663
2026-09-03 17:41:15.123 10 INFO neutron.db.ovn_revision_numbers_db [None req-805942a8-de38-47e3-9a6f-e490bbfc3cc9 93b5d02fd9014badb741bad64d15a4cb 600bf9215d7541dfabb11464b8dbc3c0 - - default default] Successfully bumped revision number for resource 7d6e4ed8-0aae-4cbc-8065-b546e0c6d9a3 (type: security_group_rules) to 0
2026-09-03 17:41:15.142 10 INFO neutron.wsgi [None req-805942a8-de38-47e3-9a6f-e490bbfc3cc9 93b5d02fd9014badb741bad64d15a4cb 600bf9215d7541dfabb11464b8dbc3c0 - - default default] 10.0.0.221 "POST /v2.0/security-group-rules HTTP/1.1" status: 201 len: 769 time: 0.1328442
2026-09-03 17:41:15.258 10 INFO neutron.db.ovn_revision_numbers_db [None req-cd8b7de6-c892-4e85-bb45-b52c9ce623cb 93b5d02fd9014badb741bad64d15a4cb 600bf9215d7541dfabb11464b8dbc3c0 - - default default] Successfully bumped revision number for resource edd5b312-8327-4f5d-bdce-cb68b73c0865 (type: security_group_rules) to 0
2026-09-03 17:41:15.280 10 INFO neutron.wsgi [None req-cd8b7de6-c892-4e85-bb45-b52c9ce623cb 93b5d02fd9014badb741bad64d15a4cb 600bf9215d7541dfabb11464b8dbc3c0 - - default default] 10.0.0.221 "POST /v2.0/security-group-rules HTTP/1.1" status: 201 len: 768 time: 0.1304114
2026-09-03 17:41:15.310 10 INFO neutron.db.securitygroups_db [None req-64b1a790-3f4b-40d4-9b7a-ea967b660de1 93b5d02fd9014badb741bad64d15a4cb 600bf9215d7541dfabb11464b8dbc3c0 - - default default] Project 600bf9215d7541dfabb11464b8dbc3c0 added a security group rule with legacy IPv6 ICMP protocol name icmp, ipv6-icmp should be used instead. It was automatically converted.
2026-09-03 17:41:15.404 10 INFO neutron.db.ovn_revision_numbers_db [None req-64b1a790-3f4b-40d4-9b7a-ea967b660de1 93b5d02fd9014badb741bad64d15a4cb 600bf9215d7541dfabb11464b8dbc3c0 - - default default] Successfully bumped revision number for resource 94b014be-cec7-46bd-ab9e-1840ff76d685 (type: security_group_rules) to 0
2026-09-03 17:41:15.424 10 INFO neutron.wsgi [None req-64b1a790-3f4b-40d4-9b7a-ea967b660de1 93b5d02fd9014badb741bad64d15a4cb 600bf9215d7541dfabb11464b8dbc3c0 - - default default] 10.0.0.221 "POST /v2.0/security-group-rules HTTP/1.1" status: 201 len: 774 time: 0.1375852
2026-09-03 17:41:15.437 9 INFO neutron.db.ovn_revision_numbers_db [None req-fe415599-5e44-400f-bc45-131f6f4fdd6c - - - - - -] Successfully bumped revision number for resource 88714147-8892-4e7b-b460-2e8f50570350 (type: ports) to 2
2026-09-03 17:41:15.454 10 INFO neutron.db.securitygroups_db [None req-de0ad0e0-9103-4336-8e34-c63b122fe3f1 93b5d02fd9014badb741bad64d15a4cb 600bf9215d7541dfabb11464b8dbc3c0 - - default default] Project 600bf9215d7541dfabb11464b8dbc3c0 added a security group rule with legacy IPv6 ICMP protocol name icmp, ipv6-icmp should be used instead. It was automatically converted.
2026-09-03 17:41:15.508 9 WARNING neutron.scheduler.dhcp_agent_scheduler [None req-88925b9c-7e58-4775-9a63-6c028a73c2a3 91f802b072d84816b0ce88cda97c39df a032e6b77f4749ccae5708d26280f522 - - default default] No more DHCP agents
2026-09-03 17:41:15.515 9 WARNING neutron.api.rpc.agentnotifiers.dhcp_rpc_agent_api [None req-88925b9c-7e58-4775-9a63-6c028a73c2a3 91f802b072d84816b0ce88cda97c39df a032e6b77f4749ccae5708d26280f522 - - default default] Unable to schedule network d460a7d2-bb70-4a8a-a767-17e822556ee6: no agents available; will retry on subsequent port and subnet creation events.
2026-09-03 17:41:15.541 10 INFO neutron.db.ovn_revision_numbers_db [None req-de0ad0e0-9103-4336-8e34-c63b122fe3f1 93b5d02fd9014badb741bad64d15a4cb 600bf9215d7541dfabb11464b8dbc3c0 - - default default] Successfully bumped revision number for resource 10a6af72-fd68-4538-acf4-f72fca9cdfac (type: security_group_rules) to 0
2026-09-03 17:41:15.560 10 INFO neutron.wsgi [None req-de0ad0e0-9103-4336-8e34-c63b122fe3f1 93b5d02fd9014badb741bad64d15a4cb 600bf9215d7541dfabb11464b8dbc3c0 - - default default] 10.0.0.221 "POST /v2.0/security-group-rules HTTP/1.1" status: 201 len: 773 time: 0.1288943
2026-09-03 17:41:15.604 9 INFO neutron.db.ovn_revision_numbers_db [None req-88925b9c-7e58-4775-9a63-6c028a73c2a3 91f802b072d84816b0ce88cda97c39df a032e6b77f4749ccae5708d26280f522 - - default default] Successfully bumped revision number for resource f0d2684d-22ea-4372-9fb5-09235352acc4 (type: subnets) to 0
2026-09-03 17:41:15.634 9 INFO neutron.wsgi [None req-88925b9c-7e58-4775-9a63-6c028a73c2a3 91f802b072d84816b0ce88cda97c39df a032e6b77f4749ccae5708d26280f522 - - default default] 10.0.0.221 "POST /v2.0/subnets HTTP/1.1" status: 201 len: 821 time: 0.5671210
2026-09-03 17:41:15.654 9 INFO neutron.db.ovn_revision_numbers_db [None req-fe415599-5e44-400f-bc45-131f6f4fdd6c - - - - - -] Successfully bumped revision number for resource 88714147-8892-4e7b-b460-2e8f50570350 (type: router_ports) to 2
2026-09-03 17:41:15.817 9 INFO neutron.db.ovn_revision_numbers_db [None req-e4403abb-35a1-4642-b9da-280d03890833 9967aad49b6e4a8898ac9473cbd59eb5 8e09c08015434f24b4c669b5217d6ff2 - - default default] Successfully bumped revision number for resource cbc8a275-f3aa-4d74-8c40-f785767bfe8a (type: ports) to 2
2026-09-03 17:41:15.828 10 INFO neutron.db.ovn_revision_numbers_db [None req-1d5bbf70-6f71-413e-9bea-fc3e7a5c6789 91f802b072d84816b0ce88cda97c39df a032e6b77f4749ccae5708d26280f522 - - default default] Successfully bumped revision number for resource 932bd89a-33b0-4b01-8416-f3109c4c8cd0 (type: routers) to 1
2026-09-03 17:41:15.851 9 INFO neutron.db.ovn_revision_numbers_db [None req-e4403abb-35a1-4642-b9da-280d03890833 9967aad49b6e4a8898ac9473cbd59eb5 8e09c08015434f24b4c669b5217d6ff2 - - default default] Successfully bumped revision number for resource df91286f-b0ac-4e3e-9cb2-27b9f0ac0397 (type: subnets) to 0
2026-09-03 17:41:15.853 10 INFO neutron.wsgi [None req-1d5bbf70-6f71-413e-9bea-fc3e7a5c6789 91f802b072d84816b0ce88cda97c39df a032e6b77f4749ccae5708d26280f522 - - default default] 10.0.0.221 "POST /v2.0/routers HTTP/1.1" status: 201 len: 691 time: 0.2095397
2026-09-03 17:41:15.863 9 INFO neutron.wsgi [None req-e4403abb-35a1-4642-b9da-280d03890833 9967aad49b6e4a8898ac9473cbd59eb5 8e09c08015434f24b4c669b5217d6ff2 - - default default] 10.0.0.221 "POST /v2.0/subnets HTTP/1.1" status: 201 len: 801 time: 1.1552610
2026-09-03 17:41:16.045 10 INFO neutron.db.ovn_revision_numbers_db [None req-2d6a051d-fdde-49ca-bff1-fc673d0dfee1 9967aad49b6e4a8898ac9473cbd59eb5 8e09c08015434f24b4c669b5217d6ff2 - - default default] Successfully bumped revision number for resource 3df0db73-b78b-4433-a5a6-534980562814 (type: routers) to 1
2026-09-03 17:41:16.063 10 INFO neutron.wsgi [None req-2d6a051d-fdde-49ca-bff1-fc673d0dfee1 9967aad49b6e4a8898ac9473cbd59eb5 8e09c08015434f24b4c669b5217d6ff2 - - default default] 10.0.0.221 "POST /v2.0/routers HTTP/1.1" status: 201 len: 686 time: 0.1934159
2026-09-03 17:41:16.147 10 INFO neutron.services.segments.plugin [-] Segment c92159c5-a091-4213-8fe9-1e45674b5261 resource provider aggregate not found
2026-09-03 17:41:16.161 10 INFO neutron.services.segments.plugin [-] Segment c92159c5-a091-4213-8fe9-1e45674b5261 resource provider aggregate not found
2026-09-03 17:41:16.174 10 INFO neutron.services.segments.plugin [-] Segment c92159c5-a091-4213-8fe9-1e45674b5261 resource provider not found; error: Placement Client Error (4xx): {"errors": [{"status": 404, "title": "Not Found", "detail": "The resource could not be found.\n\n No resource provider with uuid c92159c5-a091-4213-8fe9-1e45674b5261 found for delete ", "request_id": "req-842ef8ad-5f57-4fb1-9c9c-c12b24b37c18"}]}
2026-09-03 17:41:16.185 10 INFO neutron.services.segments.plugin [-] Segment c92159c5-a091-4213-8fe9-1e45674b5261 resource provider not found; error: Placement Client Error (4xx): {"errors": [{"status": 404, "title": "Not Found", "detail": "The resource could not be found.\n\n No resource provider with uuid c92159c5-a091-4213-8fe9-1e45674b5261 found for delete ", "request_id": "req-88d41bcd-586d-4c28-aad2-9fbb2edb116e"}]}
2026-09-03 17:41:16.195 9 INFO neutron.db.ovn_revision_numbers_db [None req-d7309036-378a-4ece-a2fa-df8f3481a5d9 93b5d02fd9014badb741bad64d15a4cb 600bf9215d7541dfabb11464b8dbc3c0 - - default default] Successfully bumped revision number for resource cec482f1-8873-4334-afd6-ac1b4c023f97 (type: security_groups) to 1
2026-09-03 17:41:16.219 10 WARNING neutron.scheduler.dhcp_agent_scheduler [None req-5272a24e-0105-415d-b14e-ce3fec563365 91f802b072d84816b0ce88cda97c39df a032e6b77f4749ccae5708d26280f522 - - default default] No more DHCP agents
2026-09-03 17:41:16.222 10 WARNING neutron.api.rpc.agentnotifiers.dhcp_rpc_agent_api [None req-5272a24e-0105-415d-b14e-ce3fec563365 91f802b072d84816b0ce88cda97c39df a032e6b77f4749ccae5708d26280f522 - - default default] Unable to schedule network d460a7d2-bb70-4a8a-a767-17e822556ee6: no agents available; will retry on subsequent port and subnet creation events.
2026-09-03 17:41:16.224 9 INFO neutron.db.ovn_revision_numbers_db [None req-d7309036-378a-4ece-a2fa-df8f3481a5d9 93b5d02fd9014badb741bad64d15a4cb 600bf9215d7541dfabb11464b8dbc3c0 - - default default] Successfully bumped revision number for resource e377bb49-b3fc-4ac1-9ecd-b266c61e6526 (type: security_group_rules) to 0
2026-09-03 17:41:16.247 9 INFO neutron.db.ovn_revision_numbers_db [None req-d7309036-378a-4ece-a2fa-df8f3481a5d9 93b5d02fd9014badb741bad64d15a4cb 600bf9215d7541dfabb11464b8dbc3c0 - - default default] Successfully bumped revision number for resource f169d364-ac5d-44d5-b877-00e914887fb5 (type: security_group_rules) to 0
2026-09-03 17:41:16.273 9 INFO neutron.wsgi [None req-d7309036-378a-4ece-a2fa-df8f3481a5d9 93b5d02fd9014badb741bad64d15a4cb 600bf9215d7541dfabb11464b8dbc3c0 - - default default] 10.0.0.221 "POST /v2.0/security-groups HTTP/1.1" status: 201 len: 1796 time: 0.2665133 /var/lib/openstack/lib/python3.10/site-packages/pycadf/identifier.py:71: UserWarning: Invalid uuid: neutron. To ensure interoperability, identifiers should be a valid uuid. warnings.warn(('Invalid uuid: %s. To ensure interoperability, '
2026-09-03 17:41:16.322 10 INFO neutron.db.ovn_revision_numbers_db [None req-5272a24e-0105-415d-b14e-ce3fec563365 91f802b072d84816b0ce88cda97c39df a032e6b77f4749ccae5708d26280f522 - - default default] Successfully bumped revision number for resource 0c49618d-3221-48ed-8d26-9a81c6b0d905 (type: ports) to 1
