2026-09-03 17:40:59.253 9 INFO neutron.wsgi [None req-16391c43-27c7-4c1e-ab6c-84658f6869d1 06e230f461c0426388a895d22068bac5 5382a87bab5a49d883316c0f3b590d05 - - default default] 10.0.0.221 "DELETE /v2.0/subnets/ddadcbe0-660e-492f-9f49-39229cf0957e HTTP/1.1" status: 204 len: 168 time: 0.2089062
2026-09-03 17:40:59.630 10 INFO neutron.wsgi [req-a02d6ee9-487f-498d-bba6-da25bebf1c22 req-fb4aad5f-a607-42e4-adb3-12925e38bd0c ea7dbb6f692c4169852908313b8c4ab1 d08a2e51a528427ebad2f2e172837f44 - - default default] 10.0.0.45 "GET /v2.0/ports?device_id=935b12b8-1937-4a1d-b3b2-88877df6c9a8 HTTP/1.1" status: 200 len: 1170 time: 0.0527155
2026-09-03 17:40:59.631 9 INFO neutron.wsgi [req-de3f87ad-9b1a-4718-ab90-afcf803cd456 req-533e9570-f383-4f41-b174-810b51890f66 ae14d269361247dba8194315d3848ffa 55eae20e49e74ac9b0552c1cfbde90d7 - - 51da7a234397460f8be2b7ea273ee490 51da7a234397460f8be2b7ea273ee490] 162.253.55.242 "GET /v2.0/ports?tenant_id=d08a2e51a528427ebad2f2e172837f44&device_id=935b12b8-1937-4a1d-b3b2-88877df6c9a8 HTTP/1.1" status: 200 len: 1409 time: 0.0441933
2026-09-03 17:40:59.665 9 WARNING neutron.scheduler.dhcp_agent_scheduler [None req-56811103-c010-4645-b3c6-6b75157e3c63 58af0250313241d7b38a05ec41e24ced 5852f076b0bd48da9b8472d37ecb0454 - - default default] No more DHCP agents
2026-09-03 17:40:59.669 9 WARNING neutron.api.rpc.agentnotifiers.dhcp_rpc_agent_api [None req-56811103-c010-4645-b3c6-6b75157e3c63 58af0250313241d7b38a05ec41e24ced 5852f076b0bd48da9b8472d37ecb0454 - - default default] Unable to schedule network cb4101ac-e0b8-4abf-bd12-580450854e6c: no agents available; will retry on subsequent port and subnet creation events.
2026-09-03 17:40:59.676 10 INFO neutron.services.segments.plugin [-] Segment a1c46583-2a99-425f-a1f7-4de858fbadd9 resource provider aggregate not found
2026-09-03 17:40:59.688 10 INFO neutron.services.segments.plugin [-] Segment a1c46583-2a99-425f-a1f7-4de858fbadd9 resource provider aggregate not found
2026-09-03 17:40:59.704 10 INFO neutron.services.segments.plugin [-] Segment a1c46583-2a99-425f-a1f7-4de858fbadd9 resource provider not found; error: Placement Client Error (4xx): {"errors": [{"status": 404, "title": "Not Found", "detail": "The resource could not be found.\n\n No resource provider with uuid a1c46583-2a99-425f-a1f7-4de858fbadd9 found for delete ", "request_id": "req-21c6d266-7e3e-452f-b390-8d032bc0c003"}]}
2026-09-03 17:40:59.714 10 INFO neutron.wsgi [req-a02d6ee9-487f-498d-bba6-da25bebf1c22 req-5bd19c4d-431c-4eee-871e-9255dba1d0d0 ea7dbb6f692c4169852908313b8c4ab1 d08a2e51a528427ebad2f2e172837f44 - - default default] 10.0.0.45 "GET /v2.0/security-groups?id=30bb43ab-bbb1-44bf-9395-da1f6951b8aa&fields=id&fields=name HTTP/1.1" status: 200 len: 312 time: 0.0763226
2026-09-03 17:40:59.717 10 INFO neutron.services.segments.plugin [-] Segment a1c46583-2a99-425f-a1f7-4de858fbadd9 resource provider not found; error: Placement Client Error (4xx): {"errors": [{"status": 404, "title": "Not Found", "detail": "The resource could not be found.\n\n No resource provider with uuid a1c46583-2a99-425f-a1f7-4de858fbadd9 found for delete ", "request_id": "req-47d6ade6-4e16-455b-8783-5b936e8900f0"}]}
2026-09-03 17:40:59.726 10 INFO neutron.wsgi [None req-ecd4f4c7-252e-428e-bc98-2d26367bb9bc 06e230f461c0426388a895d22068bac5 5382a87bab5a49d883316c0f3b590d05 - - default default] 10.0.0.221 "DELETE /v2.0/networks/568ecffb-08f7-4eb5-bf25-126b538b37f3 HTTP/1.1" status: 204 len: 168 time: 0.4639826
2026-09-03 17:40:59.728 9 INFO neutron.wsgi [req-de3f87ad-9b1a-4718-ab90-afcf803cd456 req-5b0094d0-ee97-47f8-b8f0-6d99a831b66f ae14d269361247dba8194315d3848ffa 55eae20e49e74ac9b0552c1cfbde90d7 - - 51da7a234397460f8be2b7ea273ee490 51da7a234397460f8be2b7ea273ee490] 162.253.55.242 "GET /v2.0/networks?id=f7b13784-c96d-41bf-acf7-ed2b3aaa0d17 HTTP/1.1" status: 200 len: 974 time: 0.0826952
2026-09-03 17:40:59.733 9 INFO neutron.db.ovn_revision_numbers_db [None req-56811103-c010-4645-b3c6-6b75157e3c63 58af0250313241d7b38a05ec41e24ced 5852f076b0bd48da9b8472d37ecb0454 - - default default] Successfully bumped revision number for resource 9bd63e5f-e077-4f7c-9bec-70e694e2e802 (type: subnets) to 0
2026-09-03 17:40:59.738 9 INFO neutron.wsgi [None req-184a68df-c618-4e35-8c9a-c8761e807e4a 8683bf07304f4692a042f736afa186f7 33988093ee3443979a0495eacaa13164 - - default default] 10.0.0.47 "GET /v2.0/subnets HTTP/1.1" status: 200 len: 2724 time: 0.2495558
2026-09-03 17:40:59.765 9 INFO neutron.wsgi [None req-56811103-c010-4645-b3c6-6b75157e3c63 58af0250313241d7b38a05ec41e24ced 5852f076b0bd48da9b8472d37ecb0454 - - default default] 10.0.0.221 "POST /v2.0/subnets HTTP/1.1" status: 201 len: 821 time: 0.5392146
2026-09-03 17:40:59.770 9 INFO neutron.wsgi [None req-62e33763-b397-4771-9371-e907d3473cf2 8683bf07304f4692a042f736afa186f7 33988093ee3443979a0495eacaa13164 - - default default] 10.0.0.47 "GET /v2.0/agents HTTP/1.1" status: 200 len: 997 time: 0.0306308
2026-09-03 17:40:59.795 9 INFO neutron.wsgi [req-de3f87ad-9b1a-4718-ab90-afcf803cd456 req-fd5f195d-de4d-4e55-b227-b1b504f0c0b0 ae14d269361247dba8194315d3848ffa 55eae20e49e74ac9b0552c1cfbde90d7 - - 51da7a234397460f8be2b7ea273ee490 51da7a234397460f8be2b7ea273ee490] 162.253.55.242 "GET /v2.0/floatingips?fixed_ip_address=10.100.0.8&port_id=2ee048f4-67b1-415f-88eb-6e752df90e28 HTTP/1.1" status: 200 len: 1059 time: 0.0514209
2026-09-03 17:40:59.805 9 INFO neutron.wsgi [None req-f7b4ddd2-17c6-4bb4-9436-80c31d445428 8683bf07304f4692a042f736afa186f7 33988093ee3443979a0495eacaa13164 - - default default] 10.0.0.47 "GET /v2.0/floatingips HTTP/1.1" status: 200 len: 1035 time: 0.0343189
2026-09-03 17:40:59.825 9 INFO neutron.wsgi [None req-f0f6ea62-9292-44a4-83f1-a4f43eb3c8fa 8683bf07304f4692a042f736afa186f7 33988093ee3443979a0495eacaa13164 - - default default] 10.0.0.47 "GET /v2.0/network-ip-availabilities HTTP/1.1" status: 200 len: 2497 time: 0.0152345
2026-09-03 17:40:59.835 9 INFO neutron.wsgi [req-de3f87ad-9b1a-4718-ab90-afcf803cd456 req-aca008b1-a0f0-43f3-90a6-682494629d64 ae14d269361247dba8194315d3848ffa 55eae20e49e74ac9b0552c1cfbde90d7 - - 51da7a234397460f8be2b7ea273ee490 51da7a234397460f8be2b7ea273ee490] 162.253.55.242 "GET /v2.0/subnets?id=bb934bac-7938-43cc-8376-5a1fca9454ae HTTP/1.1" status: 200 len: 869 time: 0.0330484
2026-09-03 17:40:59.862 9 INFO neutron.wsgi [req-de3f87ad-9b1a-4718-ab90-afcf803cd456 req-a3342f5a-aef0-4179-8dc4-326d4ac5f6eb ae14d269361247dba8194315d3848ffa 55eae20e49e74ac9b0552c1cfbde90d7 - - 51da7a234397460f8be2b7ea273ee490 51da7a234397460f8be2b7ea273ee490] 162.253.55.242 "GET /v2.0/ports?network_id=f7b13784-c96d-41bf-acf7-ed2b3aaa0d17&device_owner=network%3Adhcp HTTP/1.1" status: 200 len: 210 time: 0.0208869
2026-09-03 17:40:59.867 9 INFO neutron.wsgi [None req-2aa4e65f-91a4-4686-8762-fc1c41cfd0fa 8683bf07304f4692a042f736afa186f7 33988093ee3443979a0495eacaa13164 - - default default] 10.0.0.47 "GET /v2.0/subnets HTTP/1.1" status: 200 len: 2724 time: 0.0404296
2026-09-03 17:40:59.890 9 INFO neutron.wsgi [None req-ce17b419-0444-4b97-86dc-bb58273cc9c5 8683bf07304f4692a042f736afa186f7 33988093ee3443979a0495eacaa13164 - - default default] 10.0.0.47 "GET /v2.0/subnetpools HTTP/1.1" status: 200 len: 193 time: 0.0188816
2026-09-03 17:40:59.926 9 INFO neutron.wsgi [req-de3f87ad-9b1a-4718-ab90-afcf803cd456 req-bed64cd6-c35b-48d2-93e5-5c2215dee162 ae14d269361247dba8194315d3848ffa 55eae20e49e74ac9b0552c1cfbde90d7 - - 51da7a234397460f8be2b7ea273ee490 51da7a234397460f8be2b7ea273ee490] 162.253.55.242 "GET /v2.0/networks/f7b13784-c96d-41bf-acf7-ed2b3aaa0d17?fields=segments HTTP/1.1" status: 200 len: 212 time: 0.0565104
2026-09-03 17:40:59.972 9 INFO neutron.wsgi [None req-1093c95c-28d7-49fd-875d-95974548c8ed 8683bf07304f4692a042f736afa186f7 33988093ee3443979a0495eacaa13164 - - default default] 10.0.0.47 "GET /v2.0/security-groups HTTP/1.1" status: 200 len: 27884 time: 0.0757573
2026-09-03 17:41:00.007 9 INFO neutron.wsgi [req-de3f87ad-9b1a-4718-ab90-afcf803cd456 req-c7ab5440-1ecc-4684-b6be-b3235dd36223 ae14d269361247dba8194315d3848ffa 55eae20e49e74ac9b0552c1cfbde90d7 - - 51da7a234397460f8be2b7ea273ee490 51da7a234397460f8be2b7ea273ee490] 162.253.55.242 "GET /v2.0/networks/f7b13784-c96d-41bf-acf7-ed2b3aaa0d17?fields=provider%3Aphysical_network&fields=provider%3Anetwork_type HTTP/1.1" status: 200 len: 277 time: 0.0741718
2026-09-03 17:41:00.039 9 INFO neutron.wsgi [None req-cd5ea180-b840-4218-a304-00177c2f75d7 8683bf07304f4692a042f736afa186f7 33988093ee3443979a0495eacaa13164 - - default default] 10.0.0.47 "GET /v2.0/networks HTTP/1.1" status: 200 len: 4583 time: 0.0590963
2026-09-03 17:41:00.077 9 INFO neutron.wsgi [None req-74128420-7acb-41f2-b5c3-4d4587469754 8683bf07304f4692a042f736afa186f7 33988093ee3443979a0495eacaa13164 - - default default] 10.0.0.47 "GET /v2.0/ports HTTP/1.1" status: 200 len: 13408 time: 0.0320232
2026-09-03 17:41:00.142 9 INFO neutron.wsgi [None req-8a866471-02b7-4022-ab10-618543a78dce 8683bf07304f4692a042f736afa186f7 33988093ee3443979a0495eacaa13164 - - default default] 10.0.0.47 "GET /v2.0/routers HTTP/1.1" status: 200 len: 862 time: 0.0509348
2026-09-03 17:41:00.151 9 INFO neutron.wsgi [None req-930e40c1-9e2f-42a0-9e17-e41f779f8daa 8683bf07304f4692a042f736afa186f7 33988093ee3443979a0495eacaa13164 - - default default] 10.0.0.47 "GET /v2.0/agents?binary=ovn-controller HTTP/1.1" status: 200 len: 591 time: 0.0075774
2026-09-03 17:41:00.259 9 INFO neutron.plugins.ml2.drivers.ovn.mech_driver.mech_driver [None req-fe415599-5e44-400f-bc45-131f6f4fdd6c - - - - - -] OVN reports status down for port: 2ee048f4-67b1-415f-88eb-6e752df90e28
2026-09-03 17:41:00.334 10 WARNING neutron.scheduler.dhcp_agent_scheduler [None req-d6ebe6a3-122b-4c93-8b8f-5dbf89ec6fa9 58af0250313241d7b38a05ec41e24ced 5852f076b0bd48da9b8472d37ecb0454 - - default default] No more DHCP agents
2026-09-03 17:41:00.337 10 WARNING neutron.api.rpc.agentnotifiers.dhcp_rpc_agent_api [None req-d6ebe6a3-122b-4c93-8b8f-5dbf89ec6fa9 58af0250313241d7b38a05ec41e24ced 5852f076b0bd48da9b8472d37ecb0454 - - default default] Unable to schedule network cb4101ac-e0b8-4abf-bd12-580450854e6c: no agents available; will retry on subsequent port and subnet creation events.
2026-09-03 17:41:00.437 9 INFO neutron.notifiers.nova [-] Nova event matching ['req-c069942b-cf06-49ed-b7fd-c0e80724eaa4'] response: {'server_uuid': '935b12b8-1937-4a1d-b3b2-88877df6c9a8', 'name': 'network-vif-unplugged', 'status': 'completed', 'tag': '2ee048f4-67b1-415f-88eb-6e752df90e28', 'code': 200}
2026-09-03 17:41:00.467 10 INFO neutron.db.ovn_revision_numbers_db [None req-d6ebe6a3-122b-4c93-8b8f-5dbf89ec6fa9 58af0250313241d7b38a05ec41e24ced 5852f076b0bd48da9b8472d37ecb0454 - - default default] Successfully bumped revision number for resource b22b92f7-2adb-4e45-afc1-e802727a523e (type: ports) to 1
2026-09-03 17:41:00.492 10 INFO neutron.wsgi [None req-d6ebe6a3-122b-4c93-8b8f-5dbf89ec6fa9 58af0250313241d7b38a05ec41e24ced 5852f076b0bd48da9b8472d37ecb0454 - - default default] 10.0.0.221 "POST /v2.0/ports HTTP/1.1" status: 201 len: 1164 time: 0.7178667 /var/lib/openstack/lib/python3.10/site-packages/pycadf/identifier.py:71: UserWarning: Invalid uuid: neutron. To ensure interoperability, identifiers should be a valid uuid. warnings.warn(('Invalid uuid: %s. To ensure interoperability, '
2026-09-03 17:41:00.542 10 INFO neutron.wsgi [None req-b2061d64-c86f-4670-87af-4df3976b04a4 8683bf07304f4692a042f736afa186f7 33988093ee3443979a0495eacaa13164 - - default default] 10.0.0.221 "GET /v2.0/security-groups?tenant_id=5382a87bab5a49d883316c0f3b590d05&name=default HTTP/1.1" status: 200 len: 2996 time: 0.2388022
2026-09-03 17:41:00.700 9 INFO neutron.db.ovn_revision_numbers_db [None req-fe415599-5e44-400f-bc45-131f6f4fdd6c - - - - - -] Successfully bumped revision number for resource 2ee048f4-67b1-415f-88eb-6e752df90e28 (type: ports) to 5
2026-09-03 17:41:00.746 10 INFO neutron.wsgi [None req-faa46553-7fe6-49b8-88e8-a71b68377bdc 8683bf07304f4692a042f736afa186f7 33988093ee3443979a0495eacaa13164 - - default default] 10.0.0.221 "DELETE /v2.0/security-groups/81e76d30-d5ba-42a7-bfd8-cff349829034 HTTP/1.1" status: 204 len: 168 time: 0.1994474
2026-09-03 17:41:00.786 9 INFO neutron.db.ovn_revision_numbers_db [None req-777a3a6e-6ebf-4eba-861f-e53230f37fc0 8683bf07304f4692a042f736afa186f7 33988093ee3443979a0495eacaa13164 - - default default] Successfully bumped revision number for resource 900c9efa-bb11-455c-8824-07e7667b78e5 (type: security_groups) to 1
2026-09-03 17:41:00.803 9 INFO neutron.db.ovn_revision_numbers_db [None req-777a3a6e-6ebf-4eba-861f-e53230f37fc0 8683bf07304f4692a042f736afa186f7 33988093ee3443979a0495eacaa13164 - - default default] Successfully bumped revision number for resource 47eff1b0-0d46-4d9d-bc46-acc28a87314a (type: security_group_rules) to 0
2026-09-03 17:41:00.830 10 INFO neutron.wsgi [req-2a8607ce-5bc8-4aa3-aa71-9fc3c00b2549 req-ee4029b1-b2d9-4398-9360-06de89e334fe ea7dbb6f692c4169852908313b8c4ab1 d08a2e51a528427ebad2f2e172837f44 - - default default] 10.0.0.45 "GET /v2.0/ports?device_id=935b12b8-1937-4a1d-b3b2-88877df6c9a8 HTTP/1.1" status: 200 len: 1168 time: 0.0378654
2026-09-03 17:41:00.830 9 INFO neutron.db.ovn_revision_numbers_db [None req-777a3a6e-6ebf-4eba-861f-e53230f37fc0 8683bf07304f4692a042f736afa186f7 33988093ee3443979a0495eacaa13164 - - default default] Successfully bumped revision number for resource b3972827-6fcd-4f30-9d4a-a57a8cc671e6 (type: security_group_rules) to 0
2026-09-03 17:41:00.847 9 INFO neutron.db.ovn_revision_numbers_db [None req-777a3a6e-6ebf-4eba-861f-e53230f37fc0 8683bf07304f4692a042f736afa186f7 33988093ee3443979a0495eacaa13164 - - default default] Successfully bumped revision number for resource ca596318-f22b-4766-bd8c-57cb6d91cf65 (type: security_group_rules) to 0
2026-09-03 17:41:00.881 9 INFO neutron.plugins.ml2.drivers.ovn.mech_driver.mech_driver [None req-fe415599-5e44-400f-bc45-131f6f4fdd6c - - - - - -] OVN reports status up for port: 2ee048f4-67b1-415f-88eb-6e752df90e28
2026-09-03 17:41:00.884 9 INFO neutron.db.ovn_revision_numbers_db [None req-777a3a6e-6ebf-4eba-861f-e53230f37fc0 8683bf07304f4692a042f736afa186f7 33988093ee3443979a0495eacaa13164 - - default default] Successfully bumped revision number for resource dc764627-7a17-4bc6-a9ff-03ad6e91d4ea (type: security_group_rules) to 0
2026-09-03 17:41:00.893 10 INFO neutron.wsgi [req-2a8607ce-5bc8-4aa3-aa71-9fc3c00b2549 req-caf0fa47-aad7-4a2d-ab37-bf64e4ac234a ea7dbb6f692c4169852908313b8c4ab1 d08a2e51a528427ebad2f2e172837f44 - - default default] 10.0.0.45 "GET /v2.0/security-groups?id=30bb43ab-bbb1-44bf-9395-da1f6951b8aa&fields=id&fields=name HTTP/1.1" status: 200 len: 312 time: 0.0558403
2026-09-03 17:41:00.899 9 INFO neutron.wsgi [None req-8314b181-5b0c-4055-860f-5511de31bfa0 58af0250313241d7b38a05ec41e24ced 5852f076b0bd48da9b8472d37ecb0454 - - default default] 10.0.0.221 "DELETE /v2.0/ports/b22b92f7-2adb-4e45-afc1-e802727a523e HTTP/1.1" status: 204 len: 168 time: 0.3983991
2026-09-03 17:41:00.918 9 INFO neutron.plugins.ml2.plugin [None req-fe415599-5e44-400f-bc45-131f6f4fdd6c - - - - - -] Attempt 1 to provision port 2ee048f4-67b1-415f-88eb-6e752df90e28 /var/lib/openstack/lib/python3.10/site-packages/pycadf/identifier.py:71: UserWarning: Invalid uuid: neutron. To ensure interoperability, identifiers should be a valid uuid. warnings.warn(('Invalid uuid: %s. To ensure interoperability, '
2026-09-03 17:41:00.969 9 INFO neutron.pecan_wsgi.hooks.translation [None req-da561931-f686-4585-ab62-64f78abcc756 58af0250313241d7b38a05ec41e24ced 5852f076b0bd48da9b8472d37ecb0454 - - default default] DELETE failed (client error): The resource could not be found.
2026-09-03 17:41:00.973 9 INFO neutron.wsgi [None req-da561931-f686-4585-ab62-64f78abcc756 58af0250313241d7b38a05ec41e24ced 5852f076b0bd48da9b8472d37ecb0454 - - default default] 10.0.0.221 "DELETE /v2.0/ports/b22b92f7-2adb-4e45-afc1-e802727a523e HTTP/1.1" status: 404 len: 333 time: 0.0555654
2026-09-03 17:41:00.984 9 INFO neutron.db.segments_db [None req-777a3a6e-6ebf-4eba-861f-e53230f37fc0 8683bf07304f4692a042f736afa186f7 33988093ee3443979a0495eacaa13164 - - default default] Added segment eae4d52e-0aba-4905-9afb-3e7bdd079b8c of type geneve for network 6b6db384-5082-4ee4-a32f-d5aee0cbb045
2026-09-03 17:41:01.011 10 INFO neutron.pecan_wsgi.hooks.translation [None req-9469f1f8-ab44-4344-b6c6-840674478cff 58af0250313241d7b38a05ec41e24ced 5852f076b0bd48da9b8472d37ecb0454 - - default default] GET failed (client error): The resource could not be found.
2026-09-03 17:41:01.013 10 INFO neutron.wsgi [None req-9469f1f8-ab44-4344-b6c6-840674478cff 58af0250313241d7b38a05ec41e24ced 5852f076b0bd48da9b8472d37ecb0454 - - default default] 10.0.0.221 "GET /v2.0/ports/b22b92f7-2adb-4e45-afc1-e802727a523e HTTP/1.1" status: 404 len: 333 time: 0.0300086
2026-09-03 17:41:01.190 9 INFO neutron.db.ovn_revision_numbers_db [None req-777a3a6e-6ebf-4eba-861f-e53230f37fc0 8683bf07304f4692a042f736afa186f7 33988093ee3443979a0495eacaa13164 - - default default] Successfully bumped revision number for resource 6b6db384-5082-4ee4-a32f-d5aee0cbb045 (type: networks) to 1
2026-09-03 17:41:01.309 10 INFO neutron.wsgi [None req-3206197a-2a52-45a3-ad4a-98b61621cd86 58af0250313241d7b38a05ec41e24ced 5852f076b0bd48da9b8472d37ecb0454 - - default default] 10.0.0.221 "DELETE /v2.0/subnets/9bd63e5f-e077-4f7c-9bec-70e694e2e802 HTTP/1.1" status: 204 len: 168 time: 0.2866380
2026-09-03 17:41:01.397 9 WARNING neutron.scheduler.dhcp_agent_scheduler [None req-777a3a6e-6ebf-4eba-861f-e53230f37fc0 8683bf07304f4692a042f736afa186f7 33988093ee3443979a0495eacaa13164 - - default default] No more DHCP agents
2026-09-03 17:41:01.398 9 INFO neutron.db.ovn_revision_numbers_db [None req-fe415599-5e44-400f-bc45-131f6f4fdd6c - - - - - -] Successfully bumped revision number for resource 2ee048f4-67b1-415f-88eb-6e752df90e28 (type: ports) to 6
2026-09-03 17:41:01.402 9 WARNING neutron.api.rpc.agentnotifiers.dhcp_rpc_agent_api [None req-777a3a6e-6ebf-4eba-861f-e53230f37fc0 8683bf07304f4692a042f736afa186f7 33988093ee3443979a0495eacaa13164 - - default default] Unable to schedule network 6b6db384-5082-4ee4-a32f-d5aee0cbb045: no agents available; will retry on subsequent port and subnet creation events.
2026-09-03 17:41:01.518 9 INFO neutron.db.ovn_revision_numbers_db [None req-777a3a6e-6ebf-4eba-861f-e53230f37fc0 8683bf07304f4692a042f736afa186f7 33988093ee3443979a0495eacaa13164 - - default default] Successfully bumped revision number for resource b83adf3f-9e1f-4155-994a-34ee0ada6824 (type: ports) to 1
2026-09-03 17:41:01.537 9 INFO neutron.wsgi [None req-777a3a6e-6ebf-4eba-861f-e53230f37fc0 8683bf07304f4692a042f736afa186f7 33988093ee3443979a0495eacaa13164 - - default default] 10.0.0.221 "POST /v2.0/networks HTTP/1.1" status: 201 len: 942 time: 1.0649922 /var/lib/openstack/lib/python3.10/site-packages/pycadf/identifier.py:71: UserWarning: Invalid uuid: neutron. To ensure interoperability, identifiers should be a valid uuid. warnings.warn(('Invalid uuid: %s. To ensure interoperability, '
2026-09-03 17:41:01.722 9 WARNING neutron.scheduler.dhcp_agent_scheduler [None req-afca3fcb-0871-4f76-b436-dc24526dddcb 8683bf07304f4692a042f736afa186f7 33988093ee3443979a0495eacaa13164 - - default default] No more DHCP agents
2026-09-03 17:41:01.724 9 WARNING neutron.api.rpc.agentnotifiers.dhcp_rpc_agent_api [None req-afca3fcb-0871-4f76-b436-dc24526dddcb 8683bf07304f4692a042f736afa186f7 33988093ee3443979a0495eacaa13164 - - default default] Unable to schedule network 6b6db384-5082-4ee4-a32f-d5aee0cbb045: no agents available; will retry on subsequent port and subnet creation events.
2026-09-03 17:41:01.766 10 INFO neutron.services.segments.plugin [-] Segment 3aa68475-a355-4828-8d77-b0876fe6bd34 resource provider aggregate not found
2026-09-03 17:41:01.776 10 INFO neutron.services.segments.plugin [-] Segment 3aa68475-a355-4828-8d77-b0876fe6bd34 resource provider aggregate not found
2026-09-03 17:41:01.791 10 INFO neutron.services.segments.plugin [-] Segment 3aa68475-a355-4828-8d77-b0876fe6bd34 resource provider not found; error: Placement Client Error (4xx): {"errors": [{"status": 404, "title": "Not Found", "detail": "The resource could not be found.\n\n No resource provider with uuid 3aa68475-a355-4828-8d77-b0876fe6bd34 found for delete ", "request_id": "req-67202421-c2d8-4905-8c5f-592f3b57f016"}]}
2026-09-03 17:41:01.811 10 INFO neutron.services.segments.plugin [-] Segment 3aa68475-a355-4828-8d77-b0876fe6bd34 resource provider not found; error: Placement Client Error (4xx): {"errors": [{"status": 404, "title": "Not Found", "detail": "The resource could not be found.\n\n No resource provider with uuid 3aa68475-a355-4828-8d77-b0876fe6bd34 found for delete ", "request_id": "req-28121dce-9cc0-4012-9873-57b37c46df3c"}]}
2026-09-03 17:41:01.822 10 INFO neutron.wsgi [None req-41178084-d96d-40dc-a2cc-978163076eef 58af0250313241d7b38a05ec41e24ced 5852f076b0bd48da9b8472d37ecb0454 - - default default] 10.0.0.221 "DELETE /v2.0/networks/cb4101ac-e0b8-4abf-bd12-580450854e6c HTTP/1.1" status: 204 len: 168 time: 0.5060105
2026-09-03 17:41:01.939 10 INFO neutron.db.segments_db [None req-20304585-616e-4e60-84d9-db2aef7c96b4 58af0250313241d7b38a05ec41e24ced 5852f076b0bd48da9b8472d37ecb0454 - - default default] Added segment 45e57293-6b55-40f7-8f01-b3d99faf0d01 of type geneve for network 299d9c0e-ca85-4d96-92d8-ed37c223059c
2026-09-03 17:41:02.102 10 INFO neutron.wsgi [req-0c6549f4-1cc8-4365-bc3b-f178267f8033 req-3a07b096-e695-4b8c-8d77-a2df1f319b60 ea7dbb6f692c4169852908313b8c4ab1 d08a2e51a528427ebad2f2e172837f44 - - default default] 10.0.0.45 "GET /v2.0/ports?device_id=935b12b8-1937-4a1d-b3b2-88877df6c9a8 HTTP/1.1" status: 200 len: 1170 time: 0.0788796
2026-09-03 17:41:02.149 10 INFO neutron.db.ovn_revision_numbers_db [None req-20304585-616e-4e60-84d9-db2aef7c96b4 58af0250313241d7b38a05ec41e24ced 5852f076b0bd48da9b8472d37ecb0454 - - default default] Successfully bumped revision number for resource 299d9c0e-ca85-4d96-92d8-ed37c223059c (type: networks) to 1
2026-09-03 17:41:02.175 10 INFO neutron.wsgi [req-0c6549f4-1cc8-4365-bc3b-f178267f8033 req-b99a7881-918d-4842-bfda-0cfd8fa6558a ea7dbb6f692c4169852908313b8c4ab1 d08a2e51a528427ebad2f2e172837f44 - - default default] 10.0.0.45 "GET /v2.0/security-groups?id=30bb43ab-bbb1-44bf-9395-da1f6951b8aa&fields=id&fields=name HTTP/1.1" status: 200 len: 312 time: 0.0582800
2026-09-03 17:41:02.353 10 WARNING neutron.scheduler.dhcp_agent_scheduler [None req-20304585-616e-4e60-84d9-db2aef7c96b4 58af0250313241d7b38a05ec41e24ced 5852f076b0bd48da9b8472d37ecb0454 - - default default] No more DHCP agents
2026-09-03 17:41:02.358 10 WARNING neutron.api.rpc.agentnotifiers.dhcp_rpc_agent_api [None req-20304585-616e-4e60-84d9-db2aef7c96b4 58af0250313241d7b38a05ec41e24ced 5852f076b0bd48da9b8472d37ecb0454 - - default default] Unable to schedule network 299d9c0e-ca85-4d96-92d8-ed37c223059c: no agents available; will retry on subsequent port and subnet creation events.
2026-09-03 17:41:02.385 9 INFO neutron.db.ovn_revision_numbers_db [None req-afca3fcb-0871-4f76-b436-dc24526dddcb 8683bf07304f4692a042f736afa186f7 33988093ee3443979a0495eacaa13164 - - default default] Successfully bumped revision number for resource b83adf3f-9e1f-4155-994a-34ee0ada6824 (type: ports) to 2
2026-09-03 17:41:02.429 9 INFO neutron.db.ovn_revision_numbers_db [None req-afca3fcb-0871-4f76-b436-dc24526dddcb 8683bf07304f4692a042f736afa186f7 33988093ee3443979a0495eacaa13164 - - default default] Successfully bumped revision number for resource 2f741058-371a-4c72-87c5-b805e83090e1 (type: subnets) to 0
2026-09-03 17:41:02.449 9 INFO neutron.wsgi [None req-afca3fcb-0871-4f76-b436-dc24526dddcb 8683bf07304f4692a042f736afa186f7 33988093ee3443979a0495eacaa13164 - - default default] 10.0.0.221 "POST /v2.0/subnets HTTP/1.1" status: 201 len: 862 time: 0.9063609
2026-09-03 17:41:02.451 10 INFO neutron.db.ovn_revision_numbers_db [None req-20304585-616e-4e60-84d9-db2aef7c96b4 58af0250313241d7b38a05ec41e24ced 5852f076b0bd48da9b8472d37ecb0454 - - default default] Successfully bumped revision number for resource 2dac678f-c2ba-42c3-b2f0-84f31cbcbe87 (type: ports) to 1
2026-09-03 17:41:02.479 10 INFO neutron.wsgi [None req-20304585-616e-4e60-84d9-db2aef7c96b4 58af0250313241d7b38a05ec41e24ced 5852f076b0bd48da9b8472d37ecb0454 - - default default] 10.0.0.221 "POST /v2.0/networks HTTP/1.1" status: 201 len: 834 time: 0.6495988
2026-09-03 17:41:02.504 9 INFO neutron.notifiers.nova [-] Nova event matching ['req-24d465c3-bd13-4dea-b542-126b421882c6'] response: {'server_uuid': '935b12b8-1937-4a1d-b3b2-88877df6c9a8', 'name': 'network-vif-plugged', 'status': 'completed', 'tag': '2ee048f4-67b1-415f-88eb-6e752df90e28', 'code': 200}
2026-09-03 17:41:02.504 9 INFO neutron.notifiers.nova [-] Nova event matching ['req-24d465c3-bd13-4dea-b542-126b421882c6'] response: {'server_uuid': '935b12b8-1937-4a1d-b3b2-88877df6c9a8', 'name': 'network-vif-plugged', 'status': 'completed', 'tag': '2ee048f4-67b1-415f-88eb-6e752df90e28', 'code': 200}
2026-09-03 17:41:02.504 9 INFO neutron.notifiers.nova [-] Nova event matching ['req-24d465c3-bd13-4dea-b542-126b421882c6'] response: {'server_uuid': '935b12b8-1937-4a1d-b3b2-88877df6c9a8', 'name': 'network-vif-plugged', 'status': 'completed', 'tag': '2ee048f4-67b1-415f-88eb-6e752df90e28', 'code': 200}
2026-09-03 17:41:02.818 9 WARNING neutron.scheduler.dhcp_agent_scheduler [None req-3e97c326-879e-4aa3-b1e4-0974b4d9930b 58af0250313241d7b38a05ec41e24ced 5852f076b0bd48da9b8472d37ecb0454 - - default default] No more DHCP agents
2026-09-03 17:41:02.820 9 WARNING neutron.api.rpc.agentnotifiers.dhcp_rpc_agent_api [None req-3e97c326-879e-4aa3-b1e4-0974b4d9930b 58af0250313241d7b38a05ec41e24ced 5852f076b0bd48da9b8472d37ecb0454 - - default default] Unable to schedule network 299d9c0e-ca85-4d96-92d8-ed37c223059c: no agents available; will retry on subsequent port and subnet creation events.
2026-09-03 17:41:02.869 9 INFO neutron.db.ovn_revision_numbers_db [None req-3e97c326-879e-4aa3-b1e4-0974b4d9930b 58af0250313241d7b38a05ec41e24ced 5852f076b0bd48da9b8472d37ecb0454 - - default default] Successfully bumped revision number for resource 685039ba-ea56-4eb0-b87f-4a26059c6d10 (type: subnets) to 0
2026-09-03 17:41:02.886 9 INFO neutron.wsgi [None req-3e97c326-879e-4aa3-b1e4-0974b4d9930b 58af0250313241d7b38a05ec41e24ced 5852f076b0bd48da9b8472d37ecb0454 - - default default] 10.0.0.221 "POST /v2.0/subnets HTTP/1.1" status: 201 len: 821 time: 0.4008305
2026-09-03 17:41:02.952 9 WARNING neutron.scheduler.dhcp_agent_scheduler [None req-c83092f7-7500-42ff-ab0e-3e4a3e12f869 8683bf07304f4692a042f736afa186f7 33988093ee3443979a0495eacaa13164 - - default default] No more DHCP agents
2026-09-03 17:41:02.957 9 WARNING neutron.api.rpc.agentnotifiers.dhcp_rpc_agent_api [None req-c83092f7-7500-42ff-ab0e-3e4a3e12f869 8683bf07304f4692a042f736afa186f7 33988093ee3443979a0495eacaa13164 - - default default] Unable to schedule network ae883489-5e93-4bf8-bd12-e5df994aa84c: no agents available; will retry on subsequent port and subnet creation events.
2026-09-03 17:41:03.134 9 INFO neutron.db.ovn_revision_numbers_db [None req-c83092f7-7500-42ff-ab0e-3e4a3e12f869 8683bf07304f4692a042f736afa186f7 33988093ee3443979a0495eacaa13164 - - default default] Successfully bumped revision number for resource dc2cf1f2-dfb7-470a-9d12-e876d280e210 (type: ports) to 1
2026-09-03 17:41:03.208 10 INFO neutron.db.ovn_revision_numbers_db [None req-1a587a9e-a29f-4501-8de8-7aa98e2f6614 91f802b072d84816b0ce88cda97c39df a032e6b77f4749ccae5708d26280f522 - - default default] Successfully bumped revision number for resource 8d10bdf9-bfaf-4e42-81a2-0c319a5baf0d (type: security_groups) to 1
2026-09-03 17:41:03.239 10 INFO neutron.db.ovn_revision_numbers_db [None req-1a587a9e-a29f-4501-8de8-7aa98e2f6614 91f802b072d84816b0ce88cda97c39df a032e6b77f4749ccae5708d26280f522 - - default default] Successfully bumped revision number for resource 0a05356f-614c-44a4-8262-119287cd467e (type: security_group_rules) to 0
2026-09-03 17:41:03.252 10 INFO neutron.db.ovn_revision_numbers_db [None req-1a587a9e-a29f-4501-8de8-7aa98e2f6614 91f802b072d84816b0ce88cda97c39df a032e6b77f4749ccae5708d26280f522 - - default default] Successfully bumped revision number for resource 6902fb22-0162-4f1d-8c33-f86440fa28fd (type: security_group_rules) to 0
2026-09-03 17:41:03.267 10 INFO neutron.db.ovn_revision_numbers_db [None req-1a587a9e-a29f-4501-8de8-7aa98e2f6614 91f802b072d84816b0ce88cda97c39df a032e6b77f4749ccae5708d26280f522 - - default default] Successfully bumped revision number for resource 6daa2872-6437-4978-8fc6-94beffe33872 (type: security_group_rules) to 0
2026-09-03 17:41:03.280 10 INFO neutron.db.ovn_revision_numbers_db [None req-1a587a9e-a29f-4501-8de8-7aa98e2f6614 91f802b072d84816b0ce88cda97c39df a032e6b77f4749ccae5708d26280f522 - - default default] Successfully bumped revision number for resource dc741ca0-1449-410c-97c8-92a1b4d5c1ac (type: security_group_rules) to 0
2026-09-03 17:41:03.299 9 WARNING neutron.scheduler.dhcp_agent_scheduler [None req-b10ede36-5c47-4863-b99a-68f855204c3f 58af0250313241d7b38a05ec41e24ced 5852f076b0bd48da9b8472d37ecb0454 - - default default] No more DHCP agents
2026-09-03 17:41:03.302 9 WARNING neutron.api.rpc.agentnotifiers.dhcp_rpc_agent_api [None req-b10ede36-5c47-4863-b99a-68f855204c3f 58af0250313241d7b38a05ec41e24ced 5852f076b0bd48da9b8472d37ecb0454 - - default default] Unable to schedule network 299d9c0e-ca85-4d96-92d8-ed37c223059c: no agents available; will retry on subsequent port and subnet creation events.
2026-09-03 17:41:03.330 10 INFO neutron.db.segments_db [None req-1a587a9e-a29f-4501-8de8-7aa98e2f6614 91f802b072d84816b0ce88cda97c39df a032e6b77f4749ccae5708d26280f522 - - default default] Added segment c92159c5-a091-4213-8fe9-1e45674b5261 of type geneve for network cf8bab9c-c2b4-4b0a-9c4e-e036e02db50b
2026-09-03 17:41:03.453 9 INFO neutron.db.ovn_revision_numbers_db [None req-b10ede36-5c47-4863-b99a-68f855204c3f 58af0250313241d7b38a05ec41e24ced 5852f076b0bd48da9b8472d37ecb0454 - - default default] Successfully bumped revision number for resource 959c61a2-ba6e-45fc-a6b3-39cbf0b69ae3 (type: ports) to 1
2026-09-03 17:41:03.479 9 INFO neutron.wsgi [None req-b10ede36-5c47-4863-b99a-68f855204c3f 58af0250313241d7b38a05ec41e24ced 5852f076b0bd48da9b8472d37ecb0454 - - default default] 10.0.0.221 "POST /v2.0/ports HTTP/1.1" status: 201 len: 1123 time: 0.5830750
2026-09-03 17:41:03.493 10 INFO neutron.db.ovn_revision_numbers_db [None req-1a587a9e-a29f-4501-8de8-7aa98e2f6614 91f802b072d84816b0ce88cda97c39df a032e6b77f4749ccae5708d26280f522 - - default default] Successfully bumped revision number for resource cf8bab9c-c2b4-4b0a-9c4e-e036e02db50b (type: networks) to 1
2026-09-03 17:41:03.749 10 WARNING neutron.scheduler.dhcp_agent_scheduler [None req-1a587a9e-a29f-4501-8de8-7aa98e2f6614 91f802b072d84816b0ce88cda97c39df a032e6b77f4749ccae5708d26280f522 - - default default] No more DHCP agents
2026-09-03 17:41:03.752 10 WARNING neutron.api.rpc.agentnotifiers.dhcp_rpc_agent_api [None req-1a587a9e-a29f-4501-8de8-7aa98e2f6614 91f802b072d84816b0ce88cda97c39df a032e6b77f4749ccae5708d26280f522 - - default default] Unable to schedule network cf8bab9c-c2b4-4b0a-9c4e-e036e02db50b: no agents available; will retry on subsequent port and subnet creation events.
2026-09-03 17:41:03.754 9 INFO neutron.plugins.ml2.drivers.ovn.mech_driver.mech_driver [None req-fe415599-5e44-400f-bc45-131f6f4fdd6c - - - - - -] OVN reports status up for port: dc2cf1f2-dfb7-470a-9d12-e876d280e210
2026-09-03 17:41:03.767 9 INFO neutron.plugins.ml2.plugin [None req-fe415599-5e44-400f-bc45-131f6f4fdd6c - - - - - -] Attempt 1 to provision port dc2cf1f2-dfb7-470a-9d12-e876d280e210
2026-09-03 17:41:03.781 10 INFO neutron.plugins.ml2.drivers.ovn.mech_driver.ovsdb.ovsdb_monitor [None req-4e7143de-f105-49f6-8a1c-a9a30fda97ec - - - - - -] Router a227c9af-592e-482e-b7be-a7bf128fdcce is bound to host instance
2026-09-03 17:41:03.790 9 INFO neutron.db.ovn_revision_numbers_db [None req-c83092f7-7500-42ff-ab0e-3e4a3e12f869 8683bf07304f4692a042f736afa186f7 33988093ee3443979a0495eacaa13164 - - default default] Successfully bumped revision number for resource dc2cf1f2-dfb7-470a-9d12-e876d280e210 (type: router_ports) to 1
2026-09-03 17:41:03.857 9 INFO neutron.db.ovn_revision_numbers_db [None req-c83092f7-7500-42ff-ab0e-3e4a3e12f869 8683bf07304f4692a042f736afa186f7 33988093ee3443979a0495eacaa13164 - - default default] Successfully bumped revision number for resource a227c9af-592e-482e-b7be-a7bf128fdcce (type: routers) to 2
2026-09-03 17:41:03.871 9 INFO neutron.wsgi [None req-c83092f7-7500-42ff-ab0e-3e4a3e12f869 8683bf07304f4692a042f736afa186f7 33988093ee3443979a0495eacaa13164 - - default default] 10.0.0.221 "POST /v2.0/routers HTTP/1.1" status: 201 len: 873 time: 1.4160213
2026-09-03 17:41:03.891 10 INFO neutron.db.ovn_revision_numbers_db [None req-1a587a9e-a29f-4501-8de8-7aa98e2f6614 91f802b072d84816b0ce88cda97c39df a032e6b77f4749ccae5708d26280f522 - - default default] Successfully bumped revision number for resource ae3ec8ae-7c0c-4e76-9265-cc9e3d31f5ed (type: ports) to 1
2026-09-03 17:41:03.930 10 INFO neutron.wsgi [None req-1a587a9e-a29f-4501-8de8-7aa98e2f6614 91f802b072d84816b0ce88cda97c39df a032e6b77f4749ccae5708d26280f522 - - default default] 10.0.0.221 "POST /v2.0/networks HTTP/1.1" status: 201 len: 833 time: 1.1422813
2026-09-03 17:41:03.941 10 INFO neutron.wsgi [None req-6b332592-e4a6-4c2d-9a61-2b8836ee30bc 58af0250313241d7b38a05ec41e24ced 5852f076b0bd48da9b8472d37ecb0454 - - default default] 10.0.0.221 "DELETE /v2.0/ports/959c61a2-ba6e-45fc-a6b3-39cbf0b69ae3 HTTP/1.1" status: 204 len: 168 time: 0.4560299
2026-09-03 17:41:03.968 10 INFO neutron.pecan_wsgi.hooks.translation [None req-18b92ee7-99f4-4cf5-9974-d6a9cf4d4304 58af0250313241d7b38a05ec41e24ced 5852f076b0bd48da9b8472d37ecb0454 - - default default] GET failed (client error): The resource could not be found.
2026-09-03 17:41:03.969 10 INFO neutron.wsgi [None req-18b92ee7-99f4-4cf5-9974-d6a9cf4d4304 58af0250313241d7b38a05ec41e24ced 5852f076b0bd48da9b8472d37ecb0454 - - default default] 10.0.0.221 "GET /v2.0/ports/959c61a2-ba6e-45fc-a6b3-39cbf0b69ae3 HTTP/1.1" status: 404 len: 333 time: 0.0153432
2026-09-03 17:41:04.162 10 INFO neutron.wsgi [None req-592b47de-5a72-4f6a-990c-8d8a4c1af0db 58af0250313241d7b38a05ec41e24ced 5852f076b0bd48da9b8472d37ecb0454 - - default default] 10.0.0.221 "DELETE /v2.0/subnets/685039ba-ea56-4eb0-b87f-4a26059c6d10 HTTP/1.1" status: 204 len: 168 time: 0.1861897
2026-09-03 17:41:04.290 9 INFO neutron.db.segments_db [None req-0c844b26-e84e-452e-a2c9-6d189444a347 91f802b072d84816b0ce88cda97c39df a032e6b77f4749ccae5708d26280f522 - - default default] Added segment 5982de50-c3c0-4056-b100-a4c321ae7ed0 of type geneve for network 4ffd26d3-c71f-43f7-aaff-ef82b7184557
2026-09-03 17:41:04.357 10 INFO neutron.db.ovn_revision_numbers_db [None req-4e7143de-f105-49f6-8a1c-a9a30fda97ec - - - - - -] Successfully bumped revision number for resource dc2cf1f2-dfb7-470a-9d12-e876d280e210 (type: ports) to 1
2026-09-03 17:41:04.569 9 INFO neutron.db.ovn_revision_numbers_db [None req-0c844b26-e84e-452e-a2c9-6d189444a347 91f802b072d84816b0ce88cda97c39df a032e6b77f4749ccae5708d26280f522 - - default default] Successfully bumped revision number for resource 4ffd26d3-c71f-43f7-aaff-ef82b7184557 (type: networks) to 1
2026-09-03 17:41:04.637 10 INFO neutron.db.ovn_revision_numbers_db [None req-4e7143de-f105-49f6-8a1c-a9a30fda97ec - - - - - -] Successfully bumped revision number for resource dc2cf1f2-dfb7-470a-9d12-e876d280e210 (type: router_ports) to 3
2026-09-03 17:41:04.764 10 INFO neutron.db.ovn_revision_numbers_db [None req-4e7143de-f105-49f6-8a1c-a9a30fda97ec - - - - - -] Successfully bumped revision number for resource dc2cf1f2-dfb7-470a-9d12-e876d280e210 (type: ports) to 2
2026-09-03 17:41:04.849 9 INFO neutron.services.segments.plugin [-] Segment 45e57293-6b55-40f7-8f01-b3d99faf0d01 resource provider aggregate not found
2026-09-03 17:41:04.860 9 INFO neutron.services.segments.plugin [-] Segment 45e57293-6b55-40f7-8f01-b3d99faf0d01 resource provider aggregate not found
2026-09-03 17:41:04.878 9 WARNING neutron.scheduler.dhcp_agent_scheduler [None req-696c11eb-834e-421c-80f3-7480aacbc4fc 8683bf07304f4692a042f736afa186f7 33988093ee3443979a0495eacaa13164 - - default default] No more DHCP agents
2026-09-03 17:41:04.881 9 WARNING neutron.api.rpc.agentnotifiers.dhcp_rpc_agent_api [None req-696c11eb-834e-421c-80f3-7480aacbc4fc 8683bf07304f4692a042f736afa186f7 33988093ee3443979a0495eacaa13164 - - default default] Unable to schedule network 6b6db384-5082-4ee4-a32f-d5aee0cbb045: no agents available; will retry on subsequent port and subnet creation events.
2026-09-03 17:41:04.893 9 INFO neutron.services.segments.plugin [-] Segment 45e57293-6b55-40f7-8f01-b3d99faf0d01 resource provider not found; error: Placement Client Error (4xx): {"errors": [{"status": 404, "title": "Not Found", "detail": "The resource could not be found.\n\n No resource provider with uuid 45e57293-6b55-40f7-8f01-b3d99faf0d01 found for delete ", "request_id": "req-67f1d126-a72c-4bf2-b731-83c754250892"}]}
2026-09-03 17:41:04.894 9 INFO neutron.services.segments.plugin [-] Segment 45e57293-6b55-40f7-8f01-b3d99faf0d01 resource provider not found; error: Placement Client Error (4xx): {"errors": [{"status": 404, "title": "Not Found", "detail": "The resource could not be found.\n\n No resource provider with uuid 45e57293-6b55-40f7-8f01-b3d99faf0d01 found for delete ", "request_id": "req-d0d45aa1-ec96-4ea1-8d1d-6cb5cd4e428f"}]}
2026-09-03 17:41:04.933 9 INFO neutron.wsgi [None req-a8f8949b-4077-4773-9b99-12f75f4d12c7 58af0250313241d7b38a05ec41e24ced 5852f076b0bd48da9b8472d37ecb0454 - - default default] 10.0.0.221 "DELETE /v2.0/networks/299d9c0e-ca85-4d96-92d8-ed37c223059c HTTP/1.1" status: 204 len: 168 time: 0.7581730
2026-09-03 17:41:04.934 9 WARNING neutron.scheduler.dhcp_agent_scheduler [None req-0c844b26-e84e-452e-a2c9-6d189444a347 91f802b072d84816b0ce88cda97c39df a032e6b77f4749ccae5708d26280f522 - - default default] No more DHCP agents
2026-09-03 17:41:04.939 9 WARNING neutron.api.rpc.agentnotifiers.dhcp_rpc_agent_api [None req-0c844b26-e84e-452e-a2c9-6d189444a347 91f802b072d84816b0ce88cda97c39df a032e6b77f4749ccae5708d26280f522 - - default default] Unable to schedule network 4ffd26d3-c71f-43f7-aaff-ef82b7184557: no agents available; will retry on subsequent port and subnet creation events.
2026-09-03 17:41:04.976 10 INFO neutron.db.ovn_revision_numbers_db [None req-4e7143de-f105-49f6-8a1c-a9a30fda97ec - - - - - -] Successfully bumped revision number for resource dc2cf1f2-dfb7-470a-9d12-e876d280e210 (type: ports) to 4
2026-09-03 17:41:05.096 9 INFO neutron.db.ovn_revision_numbers_db [None req-0c844b26-e84e-452e-a2c9-6d189444a347 91f802b072d84816b0ce88cda97c39df a032e6b77f4749ccae5708d26280f522 - - default default] Successfully bumped revision number for resource e00d7cc5-522e-435b-9d8b-7a1c3656c5f2 (type: ports) to 1
2026-09-03 17:41:05.138 9 INFO neutron.wsgi [None req-0c844b26-e84e-452e-a2c9-6d189444a347 91f802b072d84816b0ce88cda97c39df a032e6b77f4749ccae5708d26280f522 - - default default] 10.0.0.221 "POST /v2.0/networks HTTP/1.1" status: 201 len: 831 time: 1.2024605
2026-09-03 17:41:05.168 10 INFO neutron.db.ovn_revision_numbers_db [None req-4e7143de-f105-49f6-8a1c-a9a30fda97ec - - - - - -] Successfully bumped revision number for resource dc2cf1f2-dfb7-470a-9d12-e876d280e210 (type: router_ports) to 4
2026-09-03 17:41:05.173 9 INFO neutron.db.ovn_revision_numbers_db [None req-696c11eb-834e-421c-80f3-7480aacbc4fc 8683bf07304f4692a042f736afa186f7 33988093ee3443979a0495eacaa13164 - - default default] Successfully bumped revision number for resource 96b9bbae-d070-42e0-ac8b-08442742a9e2 (type: ports) to 1
2026-09-03 17:41:05.265 9 WARNING neutron.scheduler.dhcp_agent_scheduler [None req-6fcc1ecb-a1de-4a1d-b4b2-8040596eaf47 58af0250313241d7b38a05ec41e24ced 5852f076b0bd48da9b8472d37ecb0454 - - default default] No more DHCP agents
2026-09-03 17:41:05.269 9 WARNING neutron.api.rpc.agentnotifiers.dhcp_rpc_agent_api [None req-6fcc1ecb-a1de-4a1d-b4b2-8040596eaf47 58af0250313241d7b38a05ec41e24ced 5852f076b0bd48da9b8472d37ecb0454 - - default default] Unable to schedule network f8d91987-8763-4c84-9858-75589129b254: no agents available; will retry on subsequent port and subnet creation events.
2026-09-03 17:41:05.376 10 WARNING neutron.scheduler.dhcp_agent_scheduler [None req-adf618d8-02df-4027-887c-185dea4de182 91f802b072d84816b0ce88cda97c39df a032e6b77f4749ccae5708d26280f522 - - default default] No more DHCP agents
2026-09-03 17:41:05.379 10 WARNING neutron.api.rpc.agentnotifiers.dhcp_rpc_agent_api [None req-adf618d8-02df-4027-887c-185dea4de182 91f802b072d84816b0ce88cda97c39df a032e6b77f4749ccae5708d26280f522 - - default default] Unable to schedule network cf8bab9c-c2b4-4b0a-9c4e-e036e02db50b: no agents available; will retry on subsequent port and subnet creation events.
2026-09-03 17:41:05.379 9 INFO neutron.db.ovn_revision_numbers_db [None req-6fcc1ecb-a1de-4a1d-b4b2-8040596eaf47 58af0250313241d7b38a05ec41e24ced 5852f076b0bd48da9b8472d37ecb0454 - - default default] Successfully bumped revision number for resource e10ca820-ad90-4ee6-a8f5-385e57a65b0a (type: ports) to 1
2026-09-03 17:41:05.412 9 INFO neutron.wsgi [None req-6fcc1ecb-a1de-4a1d-b4b2-8040596eaf47 58af0250313241d7b38a05ec41e24ced 5852f076b0bd48da9b8472d37ecb0454 - - default default] 10.0.0.221 "POST /v2.0/ports HTTP/1.1" status: 201 len: 978 time: 0.4616532
2026-09-03 17:41:05.425 10 INFO neutron.db.ovn_revision_numbers_db [None req-adf618d8-02df-4027-887c-185dea4de182 91f802b072d84816b0ce88cda97c39df a032e6b77f4749ccae5708d26280f522 - - default default] Successfully bumped revision number for resource a0acbad7-e69d-4af0-9413-85d8069d34c7 (type: subnets) to 0
2026-09-03 17:41:05.453 10 INFO neutron.wsgi [None req-adf618d8-02df-4027-887c-185dea4de182 91f802b072d84816b0ce88cda97c39df a032e6b77f4749ccae5708d26280f522 - - default default] 10.0.0.221 "POST /v2.0/subnets HTTP/1.1" status: 201 len: 821 time: 0.3067398 /var/lib/openstack/lib/python3.10/site-packages/pycadf/identifier.py:71: UserWarning: Invalid uuid: neutron. To ensure interoperability, identifiers should be a valid uuid. warnings.warn(('Invalid uuid: %s. To ensure interoperability, '
2026-09-03 17:41:05.730 9 INFO neutron.db.ovn_revision_numbers_db [None req-696c11eb-834e-421c-80f3-7480aacbc4fc 8683bf07304f4692a042f736afa186f7 33988093ee3443979a0495eacaa13164 - - default default] Successfully bumped revision number for resource 96b9bbae-d070-42e0-ac8b-08442742a9e2 (type: router_ports) to 1
2026-09-03 17:41:05.743 9 WARNING neutron.scheduler.dhcp_agent_scheduler [None req-2036b210-d043-41d5-840a-40ef96133b95 91f802b072d84816b0ce88cda97c39df a032e6b77f4749ccae5708d26280f522 - - default default] No more DHCP agents
2026-09-03 17:41:05.747 9 WARNING neutron.api.rpc.agentnotifiers.dhcp_rpc_agent_api [None req-2036b210-d043-41d5-840a-40ef96133b95 91f802b072d84816b0ce88cda97c39df a032e6b77f4749ccae5708d26280f522 - - default default] Unable to schedule network 4ffd26d3-c71f-43f7-aaff-ef82b7184557: no agents available; will retry on subsequent port and subnet creation events.
2026-09-03 17:41:05.754 10 INFO neutron.plugins.ml2.drivers.ovn.mech_driver.mech_driver [None req-7f4d04f4-56b4-477f-be44-d33eed2c4706 - - - - - -] OVN reports status up for port: 96b9bbae-d070-42e0-ac8b-08442742a9e2
2026-09-03 17:41:05.763 10 INFO neutron.plugins.ml2.plugin [None req-7f4d04f4-56b4-477f-be44-d33eed2c4706 - - - - - -] Attempt 1 to provision port 96b9bbae-d070-42e0-ac8b-08442742a9e2
2026-09-03 17:41:05.785 9 INFO neutron.db.ovn_revision_numbers_db [None req-2036b210-d043-41d5-840a-40ef96133b95 91f802b072d84816b0ce88cda97c39df a032e6b77f4749ccae5708d26280f522 - - default default] Successfully bumped revision number for resource 962f7431-d752-44d2-af64-c8bd54b1b402 (type: subnets) to 0
2026-09-03 17:41:05.808 9 INFO neutron.wsgi [None req-2036b210-d043-41d5-840a-40ef96133b95 91f802b072d84816b0ce88cda97c39df a032e6b77f4749ccae5708d26280f522 - - default default] 10.0.0.221 "POST /v2.0/subnets HTTP/1.1" status: 201 len: 830 time: 0.3420446 /var/lib/openstack/lib/python3.10/site-packages/pycadf/identifier.py:71: UserWarning: Invalid uuid: neutron. To ensure interoperability, identifiers should be a valid uuid. warnings.warn(('Invalid uuid: %s. To ensure interoperability, '
2026-09-03 17:41:05.877 9 INFO neutron.db.ovn_revision_numbers_db [None req-696c11eb-834e-421c-80f3-7480aacbc4fc 8683bf07304f4692a042f736afa186f7 33988093ee3443979a0495eacaa13164 - - default default] Successfully bumped revision number for resource 96b9bbae-d070-42e0-ac8b-08442742a9e2 (type: ports) to 1
2026-09-03 17:41:05.905 10 INFO neutron.db.ovn_revision_numbers_db [None req-384f3ece-2e20-45f2-a382-10f85b39ba4b 58af0250313241d7b38a05ec41e24ced 5852f076b0bd48da9b8472d37ecb0454 - - default default] Successfully bumped revision number for resource e10ca820-ad90-4ee6-a8f5-385e57a65b0a (type: ports) to 2
2026-09-03 17:41:05.929 10 INFO neutron.wsgi [None req-384f3ece-2e20-45f2-a382-10f85b39ba4b 58af0250313241d7b38a05ec41e24ced 5852f076b0bd48da9b8472d37ecb0454 - - default default] 10.0.0.221 "PUT /v2.0/ports/e10ca820-ad90-4ee6-a8f5-385e57a65b0a HTTP/1.1" status: 200 len: 946 time: 0.5101285
2026-09-03 17:41:05.953 9 WARNING neutron.scheduler.dhcp_agent_scheduler [None req-696c11eb-834e-421c-80f3-7480aacbc4fc 8683bf07304f4692a042f736afa186f7 33988093ee3443979a0495eacaa13164 - - default default] No more DHCP agents
2026-09-03 17:41:05.970 9 WARNING neutron.api.rpc.agentnotifiers.dhcp_rpc_agent_api [None req-696c11eb-834e-421c-80f3-7480aacbc4fc 8683bf07304f4692a042f736afa186f7 33988093ee3443979a0495eacaa13164 - - default default] Unable to schedule network 6b6db384-5082-4ee4-a32f-d5aee0cbb045: no agents available; will retry on subsequent port and subnet creation events.
2026-09-03 17:41:06.082 10 INFO neutron.db.ovn_revision_numbers_db [None req-65cb6f95-1a09-4319-9264-fd181a141d84 91f802b072d84816b0ce88cda97c39df a032e6b77f4749ccae5708d26280f522 - - default default] Successfully bumped revision number for resource e3cfe5a6-3db7-4a39-b3bf-cc1f372a9a38 (type: routers) to 1
2026-09-03 17:41:06.098 10 INFO neutron.wsgi [None req-65cb6f95-1a09-4319-9264-fd181a141d84 91f802b072d84816b0ce88cda97c39df a032e6b77f4749ccae5708d26280f522 - - default default] 10.0.0.221 "POST /v2.0/routers HTTP/1.1" status: 201 len: 690 time: 0.2727962
2026-09-03 17:41:06.240 10 INFO neutron.db.ovn_revision_numbers_db [None req-7f4d04f4-56b4-477f-be44-d33eed2c4706 - - - - - -] Successfully bumped revision number for resource 96b9bbae-d070-42e0-ac8b-08442742a9e2 (type: ports) to 2
2026-09-03 17:41:06.339 9 INFO neutron.wsgi [None req-e2a92f82-d0cb-4f20-93e3-7493193077bc 58af0250313241d7b38a05ec41e24ced 5852f076b0bd48da9b8472d37ecb0454 - - default default] 10.0.0.221 "DELETE /v2.0/ports/e10ca820-ad90-4ee6-a8f5-385e57a65b0a HTTP/1.1" status: 204 len: 168 time: 0.4033909
2026-09-03 17:41:06.437 10 INFO neutron.db.ovn_revision_numbers_db [None req-7f4d04f4-56b4-477f-be44-d33eed2c4706 - - - - - -] Successfully bumped revision number for resource 96b9bbae-d070-42e0-ac8b-08442742a9e2 (type: router_ports) to 2
2026-09-03 17:41:06.792 9 INFO neutron.wsgi [None req-7de3f9a9-65fd-4c68-bd49-a8097fe4cf1b 58af0250313241d7b38a05ec41e24ced 5852f076b0bd48da9b8472d37ecb0454 - - default default] 10.0.0.221 "GET /v2.0/ports HTTP/1.1" status: 200 len: 1731 time: 0.4468362
2026-09-03 17:41:06.832 10 INFO neutron.pecan_wsgi.hooks.translation [None req-8bb84b0f-c4ff-4a84-8ddf-867d5fc54d08 58af0250313241d7b38a05ec41e24ced 5852f076b0bd48da9b8472d37ecb0454 - - default default] GET failed (client error): The resource could not be found.
2026-09-03 17:41:06.835 10 INFO neutron.wsgi [None req-8bb84b0f-c4ff-4a84-8ddf-867d5fc54d08 58af0250313241d7b38a05ec41e24ced 5852f076b0bd48da9b8472d37ecb0454 - - default default] 10.0.0.221 "GET /v2.0/ports/e10ca820-ad90-4ee6-a8f5-385e57a65b0a HTTP/1.1" status: 404 len: 333 time: 0.0347407
2026-09-03 17:41:06.956 10 INFO neutron.wsgi [None req-2326106c-cbcd-4b87-8f6b-2e50f807dd8f 58af0250313241d7b38a05ec41e24ced 5852f076b0bd48da9b8472d37ecb0454 - - default default] 10.0.0.221 "GET /v2.0/ports HTTP/1.1" status: 200 len: 1731 time: 0.1123247
2026-09-03 17:41:06.998 9 WARNING neutron.scheduler.dhcp_agent_scheduler [None req-5c023afe-0405-4405-81a2-c83a338c19ee 91f802b072d84816b0ce88cda97c39df a032e6b77f4749ccae5708d26280f522 - - default default] No more DHCP agents
2026-09-03 17:41:07.001 9 WARNING neutron.api.rpc.agentnotifiers.dhcp_rpc_agent_api [None req-5c023afe-0405-4405-81a2-c83a338c19ee 91f802b072d84816b0ce88cda97c39df a032e6b77f4749ccae5708d26280f522 - - default default] Unable to schedule network cf8bab9c-c2b4-4b0a-9c4e-e036e02db50b: no agents available; will retry on subsequent port and subnet creation events.
2026-09-03 17:41:07.014 10 INFO neutron.wsgi [None req-b543b7fd-ee0b-49ee-a522-6610379d1075 58af0250313241d7b38a05ec41e24ced 5852f076b0bd48da9b8472d37ecb0454 - - default default] 10.0.0.221 "GET /v2.0/ports/a9b7b984-29a9-4c30-bb74-7a77eb7cab92 HTTP/1.1" status: 200 len: 971 time: 0.0492880
2026-09-03 17:41:07.043 10 INFO neutron.pecan_wsgi.hooks.translation [None req-55da44bd-82e7-4104-acfd-7653bcdc4113 58af0250313241d7b38a05ec41e24ced 5852f076b0bd48da9b8472d37ecb0454 - - default default] DELETE failed (client error): The resource could not be found.
2026-09-03 17:41:07.046 10 INFO neutron.wsgi [None req-55da44bd-82e7-4104-acfd-7653bcdc4113 58af0250313241d7b38a05ec41e24ced 5852f076b0bd48da9b8472d37ecb0454 - - default default] 10.0.0.221 "DELETE /v2.0/ports/959c61a2-ba6e-45fc-a6b3-39cbf0b69ae3 HTTP/1.1" status: 404 len: 333 time: 0.0234387
2026-09-03 17:41:07.077 9 INFO neutron.pecan_wsgi.hooks.translation [None req-97521ea8-15ed-4bae-9bc9-887ab48b304d 58af0250313241d7b38a05ec41e24ced 5852f076b0bd48da9b8472d37ecb0454 - - default default] DELETE failed (client error): The resource could not be found.
