2026-09-03 17:39:46.265 10 INFO neutron.wsgi [req-e5ae1826-cd43-4eb5-b9f4-71423c0b4c60 req-b0f03cd5-233d-4d6f-b193-f13c9ba32cae 6a526e8ff6ab4372adc72e2341dac1c7 7d4fc3a8ee784d94bd16720732da2448 - - default default] 10.0.0.45 "GET /v2.0/ports?device_id=dbe315cf-c5a9-4edb-924d-ee3ec3dbb92f HTTP/1.1" status: 200 len: 1168 time: 0.1261852
2026-09-03 17:39:46.280 9 INFO neutron.plugins.ml2.plugin [None req-fe415599-5e44-400f-bc45-131f6f4fdd6c - - - - - -] Attempt 1 to provision port f7aa076e-0053-4489-8210-1379e3a14621
2026-09-03 17:39:46.357 10 INFO neutron.wsgi [req-e5ae1826-cd43-4eb5-b9f4-71423c0b4c60 req-6b503cfc-689a-4c0b-867e-8e94075b400f 6a526e8ff6ab4372adc72e2341dac1c7 7d4fc3a8ee784d94bd16720732da2448 - - default default] 10.0.0.45 "GET /v2.0/security-groups?id=132ab63e-a001-4775-8c2f-52fa6da0be8e&fields=id&fields=name HTTP/1.1" status: 200 len: 313 time: 0.0839708
2026-09-03 17:39:46.375 10 INFO neutron.wsgi [req-1106f7fa-a866-4f33-b1a4-af81f0f20aa5 req-7e09b691-5d3b-40d3-ab7e-d5697ab6d113 24fa0888e78444b28906bf591c4cdc9d b1904bc261b34041ad5ede030dc4a28b - - default default] 10.0.0.45 "GET /v2.0/ports?device_id=5684acd5-19f2-4fcf-a133-87f1b8f8ca45 HTTP/1.1" status: 200 len: 1172 time: 0.2128129
2026-09-03 17:39:46.426 10 INFO neutron.wsgi [req-1106f7fa-a866-4f33-b1a4-af81f0f20aa5 req-ba0831fd-84af-4464-86a8-97418b38b7d0 24fa0888e78444b28906bf591c4cdc9d b1904bc261b34041ad5ede030dc4a28b - - default default] 10.0.0.45 "GET /v2.0/security-groups?id=98154ef0-d159-4110-a017-6fafcc38b51f&fields=id&fields=name HTTP/1.1" status: 200 len: 313 time: 0.0411534
2026-09-03 17:39:46.664 9 INFO neutron.db.ovn_revision_numbers_db [None req-fe415599-5e44-400f-bc45-131f6f4fdd6c - - - - - -] Successfully bumped revision number for resource f7aa076e-0053-4489-8210-1379e3a14621 (type: ports) to 4
2026-09-03 17:39:46.686 10 WARNING neutron.scheduler.dhcp_agent_scheduler [None req-9651a62e-8d45-4204-a314-6192e8c7087d 8683bf07304f4692a042f736afa186f7 33988093ee3443979a0495eacaa13164 - - default default] No more DHCP agents
2026-09-03 17:39:46.687 10 WARNING neutron.api.rpc.agentnotifiers.dhcp_rpc_agent_api [None req-9651a62e-8d45-4204-a314-6192e8c7087d 8683bf07304f4692a042f736afa186f7 33988093ee3443979a0495eacaa13164 - - default default] Unable to schedule network ae883489-5e93-4bf8-bd12-e5df994aa84c: no agents available; will retry on subsequent port and subnet creation events.
2026-09-03 17:39:46.822 9 INFO neutron.notifiers.nova [-] Nova event matching ['req-6b0fddb4-c048-4091-a31f-c739384971f3'] response: {'name': 'network-changed', 'server_uuid': 'dbe315cf-c5a9-4edb-924d-ee3ec3dbb92f', 'tag': '88a1a30f-8a21-4fd1-97b5-c1da305abcbf', 'status': 'completed', 'code': 200}
2026-09-03 17:39:46.823 9 INFO neutron.notifiers.nova [-] Nova event matching ['req-6b0fddb4-c048-4091-a31f-c739384971f3'] response: {'server_uuid': '5684acd5-19f2-4fcf-a133-87f1b8f8ca45', 'name': 'network-vif-plugged', 'status': 'completed', 'tag': 'f7aa076e-0053-4489-8210-1379e3a14621', 'code': 200}
2026-09-03 17:39:46.823 9 INFO neutron.notifiers.nova [-] Nova event matching ['req-6b0fddb4-c048-4091-a31f-c739384971f3'] response: {'server_uuid': '5684acd5-19f2-4fcf-a133-87f1b8f8ca45', 'name': 'network-vif-plugged', 'status': 'completed', 'tag': 'f7aa076e-0053-4489-8210-1379e3a14621', 'code': 200}
2026-09-03 17:39:46.855 10 INFO neutron.db.ovn_revision_numbers_db [None req-9651a62e-8d45-4204-a314-6192e8c7087d 8683bf07304f4692a042f736afa186f7 33988093ee3443979a0495eacaa13164 - - default default] Successfully bumped revision number for resource 54d38261-7468-4d9b-9b75-649b93f4ce59 (type: ports) to 1 /var/lib/openstack/lib/python3.10/site-packages/pycadf/identifier.py:71: UserWarning: Invalid uuid: neutron. To ensure interoperability, identifiers should be a valid uuid. warnings.warn(('Invalid uuid: %s. To ensure interoperability, '
2026-09-03 17:39:46.909 9 INFO neutron.wsgi [req-a29356e1-49d9-46c2-b792-1141caa41357 req-f32667dc-bf94-4f47-bb25-d874c121da9c ae14d269361247dba8194315d3848ffa 55eae20e49e74ac9b0552c1cfbde90d7 - - 51da7a234397460f8be2b7ea273ee490 51da7a234397460f8be2b7ea273ee490] 162.253.55.242 "GET /v2.0/ports?tenant_id=7d4fc3a8ee784d94bd16720732da2448&device_id=dbe315cf-c5a9-4edb-924d-ee3ec3dbb92f HTTP/1.1" status: 200 len: 1407 time: 0.0533142
2026-09-03 17:39:46.988 10 INFO neutron.wsgi [req-9f288859-a226-44fb-855f-8109527267d1 req-084c9ac4-8188-46e0-b816-269918a706aa b6e27e4c17144f079a8a324c171c6ae2 f0085bf77d62460c96d3517193fdf02f - - default default] 10.0.0.45 "GET /v2.0/ports?device_id=93a0adc0-c042-4a01-ad20-8f5fa860dcd5 HTTP/1.1" status: 200 len: 1168 time: 0.0564308
2026-09-03 17:39:47.006 9 INFO neutron.wsgi [req-a29356e1-49d9-46c2-b792-1141caa41357 req-1a734c8f-e147-48be-a0b7-b6f33ffc8cbd ae14d269361247dba8194315d3848ffa 55eae20e49e74ac9b0552c1cfbde90d7 - - 51da7a234397460f8be2b7ea273ee490 51da7a234397460f8be2b7ea273ee490] 162.253.55.242 "GET /v2.0/networks?id=50eda384-3e75-42c7-98e1-e8819d440506 HTTP/1.1" status: 200 len: 976 time: 0.0899587
2026-09-03 17:39:47.044 9 INFO neutron.wsgi [req-a29356e1-49d9-46c2-b792-1141caa41357 req-5973c285-da8e-47fa-9f33-37262068b546 ae14d269361247dba8194315d3848ffa 55eae20e49e74ac9b0552c1cfbde90d7 - - 51da7a234397460f8be2b7ea273ee490 51da7a234397460f8be2b7ea273ee490] 162.253.55.242 "GET /v2.0/floatingips?fixed_ip_address=10.100.0.5&port_id=88a1a30f-8a21-4fd1-97b5-c1da305abcbf HTTP/1.1" status: 200 len: 217 time: 0.0245805
2026-09-03 17:39:47.064 10 INFO neutron.wsgi [req-9f288859-a226-44fb-855f-8109527267d1 req-45c35154-bd89-4959-bf7e-98a7bbfb68d7 b6e27e4c17144f079a8a324c171c6ae2 f0085bf77d62460c96d3517193fdf02f - - default default] 10.0.0.45 "GET /v2.0/security-groups?id=01bcbde9-b1c8-4811-9c1c-cd935926f542&fields=id&fields=name HTTP/1.1" status: 200 len: 313 time: 0.0722659
2026-09-03 17:39:47.086 9 INFO neutron.wsgi [req-a29356e1-49d9-46c2-b792-1141caa41357 req-07632e2d-3f29-4c8c-89b2-1fd6be59d336 ae14d269361247dba8194315d3848ffa 55eae20e49e74ac9b0552c1cfbde90d7 - - 51da7a234397460f8be2b7ea273ee490 51da7a234397460f8be2b7ea273ee490] 162.253.55.242 "GET /v2.0/subnets?id=b9319915-1d83-4495-b58f-e760ab91a6cb HTTP/1.1" status: 200 len: 872 time: 0.0351398
2026-09-03 17:39:47.111 9 INFO neutron.wsgi [req-a29356e1-49d9-46c2-b792-1141caa41357 req-2b4c5805-87c4-4d25-863a-03fe7b9be72b ae14d269361247dba8194315d3848ffa 55eae20e49e74ac9b0552c1cfbde90d7 - - 51da7a234397460f8be2b7ea273ee490 51da7a234397460f8be2b7ea273ee490] 162.253.55.242 "GET /v2.0/ports?network_id=50eda384-3e75-42c7-98e1-e8819d440506&device_owner=network%3Adhcp HTTP/1.1" status: 200 len: 210 time: 0.0198729
2026-09-03 17:39:47.169 10 WARNING neutron.plugins.ml2.drivers.ovn.mech_driver.ovsdb.ovn_client [None req-7f4d04f4-56b4-477f-be44-d33eed2c4706 - - - - - -] No hosting information found for port 3e455836-dff0-488a-841c-a9474c2fa2c5: RuntimeError: No hosting information found for port 3e455836-dff0-488a-841c-a9474c2fa2c5
2026-09-03 17:39:47.170 10 INFO neutron.plugins.ml2.drivers.ovn.mech_driver.mech_driver [None req-7f4d04f4-56b4-477f-be44-d33eed2c4706 - - - - - -] OVN reports status up for port: eb9d0c6c-f690-4484-80f7-f76e22dac457
2026-09-03 17:39:47.190 9 INFO neutron.wsgi [req-a29356e1-49d9-46c2-b792-1141caa41357 req-01949486-ed00-44a8-85e5-718e6c513b56 ae14d269361247dba8194315d3848ffa 55eae20e49e74ac9b0552c1cfbde90d7 - - 51da7a234397460f8be2b7ea273ee490 51da7a234397460f8be2b7ea273ee490] 162.253.55.242 "GET /v2.0/networks/50eda384-3e75-42c7-98e1-e8819d440506?fields=segments HTTP/1.1" status: 200 len: 212 time: 0.0756691
2026-09-03 17:39:47.192 10 INFO neutron.plugins.ml2.plugin [None req-7f4d04f4-56b4-477f-be44-d33eed2c4706 - - - - - -] Attempt 1 to provision port eb9d0c6c-f690-4484-80f7-f76e22dac457
2026-09-03 17:39:47.237 9 INFO neutron.wsgi [req-a29356e1-49d9-46c2-b792-1141caa41357 req-b3596d34-c249-49c0-8eaa-8bbf0f948098 ae14d269361247dba8194315d3848ffa 55eae20e49e74ac9b0552c1cfbde90d7 - - 51da7a234397460f8be2b7ea273ee490 51da7a234397460f8be2b7ea273ee490] 162.253.55.242 "GET /v2.0/networks/50eda384-3e75-42c7-98e1-e8819d440506?fields=provider%3Aphysical_network&fields=provider%3Anetwork_type HTTP/1.1" status: 200 len: 277 time: 0.0437167
2026-09-03 17:39:47.286 10 INFO neutron.plugins.ml2.drivers.ovn.mech_driver.mech_driver [None req-7f4d04f4-56b4-477f-be44-d33eed2c4706 - - - - - -] OVN reports status up for port: 7b2a49d4-0806-4e94-8084-f548c65ab0c4
2026-09-03 17:39:47.292 10 INFO neutron.plugins.ml2.plugin [None req-7f4d04f4-56b4-477f-be44-d33eed2c4706 - - - - - -] Attempt 1 to provision port 7b2a49d4-0806-4e94-8084-f548c65ab0c4
2026-09-03 17:39:47.626 10 INFO neutron.wsgi [req-22e32981-a9eb-47e8-a3af-77ef5e030595 req-7f728769-19c0-41bd-882e-ad547f37cd31 24fa0888e78444b28906bf591c4cdc9d b1904bc261b34041ad5ede030dc4a28b - - default default] 10.0.0.45 "GET /v2.0/ports?device_id=5684acd5-19f2-4fcf-a133-87f1b8f8ca45 HTTP/1.1" status: 200 len: 1174 time: 0.0629199
2026-09-03 17:39:47.700 10 INFO neutron.wsgi [req-960ae45c-4474-41ac-97fb-4b679fc9880a req-44229a3f-e550-4dc6-98ed-07f3c8a0e38b 6a526e8ff6ab4372adc72e2341dac1c7 7d4fc3a8ee784d94bd16720732da2448 - - default default] 10.0.0.45 "GET /v2.0/ports?device_id=dbe315cf-c5a9-4edb-924d-ee3ec3dbb92f HTTP/1.1" status: 200 len: 1168 time: 0.2713628
2026-09-03 17:39:47.719 10 INFO neutron.wsgi [req-22e32981-a9eb-47e8-a3af-77ef5e030595 req-b2c3c0eb-73e9-4593-b504-2021b6d8d472 24fa0888e78444b28906bf591c4cdc9d b1904bc261b34041ad5ede030dc4a28b - - default default] 10.0.0.45 "GET /v2.0/security-groups?id=98154ef0-d159-4110-a017-6fafcc38b51f&fields=id&fields=name HTTP/1.1" status: 200 len: 313 time: 0.0819304
2026-09-03 17:39:47.738 9 INFO neutron.plugins.ml2.drivers.ovn.mech_driver.mech_driver [None req-fe415599-5e44-400f-bc45-131f6f4fdd6c - - - - - -] OVN reports status up for port: 54d38261-7468-4d9b-9b75-649b93f4ce59
2026-09-03 17:39:47.749 9 INFO neutron.plugins.ml2.drivers.ovn.mech_driver.ovsdb.ovsdb_monitor [None req-01983eec-50de-4e2d-a6b3-9ca34431fe0d - - - - - -] Router c213c3ff-34c3-467d-9cb1-d9caaa152b5f is bound to host instance
2026-09-03 17:39:47.765 9 INFO neutron.plugins.ml2.plugin [None req-fe415599-5e44-400f-bc45-131f6f4fdd6c - - - - - -] Attempt 1 to provision port 54d38261-7468-4d9b-9b75-649b93f4ce59
2026-09-03 17:39:47.771 10 INFO neutron.wsgi [req-960ae45c-4474-41ac-97fb-4b679fc9880a req-0206fb95-8285-4690-8e1e-a72172a5c887 6a526e8ff6ab4372adc72e2341dac1c7 7d4fc3a8ee784d94bd16720732da2448 - - default default] 10.0.0.45 "GET /v2.0/security-groups?id=132ab63e-a001-4775-8c2f-52fa6da0be8e&fields=id&fields=name HTTP/1.1" status: 200 len: 313 time: 0.0592752
2026-09-03 17:39:47.785 10 INFO neutron.db.ovn_revision_numbers_db [None req-9651a62e-8d45-4204-a314-6192e8c7087d 8683bf07304f4692a042f736afa186f7 33988093ee3443979a0495eacaa13164 - - default default] Successfully bumped revision number for resource 54d38261-7468-4d9b-9b75-649b93f4ce59 (type: router_ports) to 1
2026-09-03 17:39:47.853 10 INFO neutron.db.ovn_revision_numbers_db [None req-9651a62e-8d45-4204-a314-6192e8c7087d 8683bf07304f4692a042f736afa186f7 33988093ee3443979a0495eacaa13164 - - default default] Successfully bumped revision number for resource c213c3ff-34c3-467d-9cb1-d9caaa152b5f (type: routers) to 2
2026-09-03 17:39:47.855 10 INFO neutron.db.ovn_revision_numbers_db [None req-7f4d04f4-56b4-477f-be44-d33eed2c4706 - - - - - -] Successfully bumped revision number for resource 7b2a49d4-0806-4e94-8084-f548c65ab0c4 (type: ports) to 2
2026-09-03 17:39:47.882 10 INFO neutron.wsgi [None req-9651a62e-8d45-4204-a314-6192e8c7087d 8683bf07304f4692a042f736afa186f7 33988093ee3443979a0495eacaa13164 - - default default] 10.0.0.221 "POST /v2.0/routers HTTP/1.1" status: 201 len: 877 time: 1.7817993
2026-09-03 17:39:47.969 10 INFO neutron.db.ovn_revision_numbers_db [None req-7f4d04f4-56b4-477f-be44-d33eed2c4706 - - - - - -] Successfully bumped revision number for resource 7b2a49d4-0806-4e94-8084-f548c65ab0c4 (type: router_ports) to 2
2026-09-03 17:39:48.184 10 INFO neutron.wsgi [req-30adfaac-7f18-44f7-bcb5-5e2265738949 req-ecfc6fd8-527f-4ae7-aba8-1a02378654dc b6e27e4c17144f079a8a324c171c6ae2 f0085bf77d62460c96d3517193fdf02f - - default default] 10.0.0.45 "GET /v2.0/ports?device_id=93a0adc0-c042-4a01-ad20-8f5fa860dcd5 HTTP/1.1" status: 200 len: 1168 time: 0.0591316
2026-09-03 17:39:48.239 10 INFO neutron.wsgi [req-30adfaac-7f18-44f7-bcb5-5e2265738949 req-ccb0868b-9fd4-4144-ae64-62cfa4f9b595 b6e27e4c17144f079a8a324c171c6ae2 f0085bf77d62460c96d3517193fdf02f - - default default] 10.0.0.45 "GET /v2.0/security-groups?id=01bcbde9-b1c8-4811-9c1c-cd935926f542&fields=id&fields=name HTTP/1.1" status: 200 len: 313 time: 0.0498848
2026-09-03 17:39:48.473 9 INFO neutron.db.ovn_revision_numbers_db [None req-01983eec-50de-4e2d-a6b3-9ca34431fe0d - - - - - -] Successfully bumped revision number for resource 54d38261-7468-4d9b-9b75-649b93f4ce59 (type: ports) to 1
2026-09-03 17:39:48.517 9 WARNING neutron.scheduler.dhcp_agent_scheduler [None req-95abd726-3330-44db-9293-21e336e9d8fa 8683bf07304f4692a042f736afa186f7 33988093ee3443979a0495eacaa13164 - - default default] No more DHCP agents
2026-09-03 17:39:48.520 9 WARNING neutron.api.rpc.agentnotifiers.dhcp_rpc_agent_api [None req-95abd726-3330-44db-9293-21e336e9d8fa 8683bf07304f4692a042f736afa186f7 33988093ee3443979a0495eacaa13164 - - default default] Unable to schedule network 2d143741-1f50-4416-9d55-4cd2b1235125: no agents available; will retry on subsequent port and subnet creation events.
2026-09-03 17:39:48.827 9 INFO neutron.db.ovn_revision_numbers_db [None req-95abd726-3330-44db-9293-21e336e9d8fa 8683bf07304f4692a042f736afa186f7 33988093ee3443979a0495eacaa13164 - - default default] Successfully bumped revision number for resource e12a31bd-d161-4fc6-938e-9f83404c237c (type: ports) to 1
2026-09-03 17:39:48.895 10 INFO neutron.wsgi [req-f8d1e07d-4ce5-405d-a671-8a8ce81afc48 req-2a37bba3-dfc9-4972-9bbb-beb666903c40 24fa0888e78444b28906bf591c4cdc9d b1904bc261b34041ad5ede030dc4a28b - - default default] 10.0.0.45 "GET /v2.0/ports?device_id=5684acd5-19f2-4fcf-a133-87f1b8f8ca45 HTTP/1.1" status: 200 len: 1174 time: 0.0635877
2026-09-03 17:39:48.905 10 INFO neutron.wsgi [req-e8eb512d-9795-4400-9efc-6758e20092a8 req-b4e7d8a1-a7b7-442b-bba9-ece26fd39b13 6a526e8ff6ab4372adc72e2341dac1c7 7d4fc3a8ee784d94bd16720732da2448 - - default default] 10.0.0.45 "GET /v2.0/ports?device_id=dbe315cf-c5a9-4edb-924d-ee3ec3dbb92f HTTP/1.1" status: 200 len: 1168 time: 0.0512006
2026-09-03 17:39:48.973 9 INFO neutron.db.ovn_revision_numbers_db [None req-01983eec-50de-4e2d-a6b3-9ca34431fe0d - - - - - -] Successfully bumped revision number for resource 54d38261-7468-4d9b-9b75-649b93f4ce59 (type: router_ports) to 3
2026-09-03 17:39:48.978 10 INFO neutron.wsgi [req-e8eb512d-9795-4400-9efc-6758e20092a8 req-2dfc15d1-b7a2-4e1b-9d9a-db843424e6d7 6a526e8ff6ab4372adc72e2341dac1c7 7d4fc3a8ee784d94bd16720732da2448 - - default default] 10.0.0.45 "GET /v2.0/security-groups?id=132ab63e-a001-4775-8c2f-52fa6da0be8e&fields=id&fields=name HTTP/1.1" status: 200 len: 313 time: 0.0630536
2026-09-03 17:39:48.981 10 INFO neutron.wsgi [req-f8d1e07d-4ce5-405d-a671-8a8ce81afc48 req-0d324a79-384e-4c2e-9954-19df123c7879 24fa0888e78444b28906bf591c4cdc9d b1904bc261b34041ad5ede030dc4a28b - - default default] 10.0.0.45 "GET /v2.0/security-groups?id=98154ef0-d159-4110-a017-6fafcc38b51f&fields=id&fields=name HTTP/1.1" status: 200 len: 313 time: 0.0749915
2026-09-03 17:39:49.127 10 INFO neutron.wsgi [req-655174de-1747-4c66-af26-fa6e94be6d60 req-49ee7d42-0c73-4b71-827e-48257b677b1f 24fa0888e78444b28906bf591c4cdc9d b1904bc261b34041ad5ede030dc4a28b - - default default] 10.0.0.45 "GET /v2.0/ports?device_id=5684acd5-19f2-4fcf-a133-87f1b8f8ca45 HTTP/1.1" status: 200 len: 1174 time: 0.0470915
2026-09-03 17:39:49.194 9 INFO neutron.db.ovn_revision_numbers_db [None req-01983eec-50de-4e2d-a6b3-9ca34431fe0d - - - - - -] Successfully bumped revision number for resource 54d38261-7468-4d9b-9b75-649b93f4ce59 (type: ports) to 2
2026-09-03 17:39:49.460 9 INFO neutron.db.ovn_revision_numbers_db [None req-95abd726-3330-44db-9293-21e336e9d8fa 8683bf07304f4692a042f736afa186f7 33988093ee3443979a0495eacaa13164 - - default default] Successfully bumped revision number for resource e12a31bd-d161-4fc6-938e-9f83404c237c (type: router_ports) to 1
2026-09-03 17:39:49.566 9 INFO neutron.db.ovn_revision_numbers_db [None req-01983eec-50de-4e2d-a6b3-9ca34431fe0d - - - - - -] Successfully bumped revision number for resource 54d38261-7468-4d9b-9b75-649b93f4ce59 (type: ports) to 4
2026-09-03 17:39:49.613 10 INFO neutron.wsgi [req-34a489c0-813e-465a-a7ae-b23145df841e req-f60cc56f-aebe-4328-b176-641e0353a619 b6e27e4c17144f079a8a324c171c6ae2 f0085bf77d62460c96d3517193fdf02f - - default default] 10.0.0.45 "GET /v2.0/ports?device_id=93a0adc0-c042-4a01-ad20-8f5fa860dcd5 HTTP/1.1" status: 200 len: 1168 time: 0.2720196
2026-09-03 17:39:49.614 10 INFO neutron.db.l3_db [None req-7d9a95f0-80e8-4f00-8d0e-00dfe13ce7d8 24fa0888e78444b28906bf591c4cdc9d b1904bc261b34041ad5ede030dc4a28b - - default default] Floating IP 547741d3-727f-43eb-bf8e-28b49fe0267d associated. External IP: 10.96.250.208, port: f7aa076e-0053-4489-8210-1379e3a14621.
2026-09-03 17:39:49.625 9 INFO neutron.db.ovn_revision_numbers_db [None req-95abd726-3330-44db-9293-21e336e9d8fa 8683bf07304f4692a042f736afa186f7 33988093ee3443979a0495eacaa13164 - - default default] Successfully bumped revision number for resource e12a31bd-d161-4fc6-938e-9f83404c237c (type: ports) to 1
2026-09-03 17:39:49.679 10 INFO neutron.wsgi [req-34a489c0-813e-465a-a7ae-b23145df841e req-87967200-a7e6-47f0-918d-4b9cfe4f960a b6e27e4c17144f079a8a324c171c6ae2 f0085bf77d62460c96d3517193fdf02f - - default default] 10.0.0.45 "GET /v2.0/security-groups?id=01bcbde9-b1c8-4811-9c1c-cd935926f542&fields=id&fields=name HTTP/1.1" status: 200 len: 313 time: 0.0523310
2026-09-03 17:39:49.730 9 WARNING neutron.scheduler.dhcp_agent_scheduler [None req-95abd726-3330-44db-9293-21e336e9d8fa 8683bf07304f4692a042f736afa186f7 33988093ee3443979a0495eacaa13164 - - default default] No more DHCP agents
2026-09-03 17:39:49.731 9 WARNING neutron.api.rpc.agentnotifiers.dhcp_rpc_agent_api [None req-95abd726-3330-44db-9293-21e336e9d8fa 8683bf07304f4692a042f736afa186f7 33988093ee3443979a0495eacaa13164 - - default default] Unable to schedule network 2d143741-1f50-4416-9d55-4cd2b1235125: no agents available; will retry on subsequent port and subnet creation events.
2026-09-03 17:39:49.822 10 INFO neutron.db.ovn_revision_numbers_db [None req-7d9a95f0-80e8-4f00-8d0e-00dfe13ce7d8 24fa0888e78444b28906bf591c4cdc9d b1904bc261b34041ad5ede030dc4a28b - - default default] Successfully bumped revision number for resource 547741d3-727f-43eb-bf8e-28b49fe0267d (type: floatingips) to 1
2026-09-03 17:39:49.938 10 INFO neutron.db.ovn_revision_numbers_db [None req-7d9a95f0-80e8-4f00-8d0e-00dfe13ce7d8 24fa0888e78444b28906bf591c4cdc9d b1904bc261b34041ad5ede030dc4a28b - - default default] Successfully bumped revision number for resource 547741d3-727f-43eb-bf8e-28b49fe0267d (type: floatingips) to 2
2026-09-03 17:39:49.974 10 INFO neutron.wsgi [None req-7d9a95f0-80e8-4f00-8d0e-00dfe13ce7d8 24fa0888e78444b28906bf591c4cdc9d b1904bc261b34041ad5ede030dc4a28b - - default default] 10.0.0.221 "PUT /v2.0/floatingips/547741d3-727f-43eb-bf8e-28b49fe0267d HTTP/1.1" status: 200 len: 1050 time: 0.8369715
2026-09-03 17:39:50.018 9 INFO neutron.db.ovn_revision_numbers_db [None req-01983eec-50de-4e2d-a6b3-9ca34431fe0d - - - - - -] Successfully bumped revision number for resource 54d38261-7468-4d9b-9b75-649b93f4ce59 (type: router_ports) to 4
2026-09-03 17:39:50.103 10 INFO neutron.wsgi [req-ef610fcb-e178-43f8-a5cc-19b9dc1e1a48 req-cf5f5a5a-02a6-44e9-ae05-c6d4da4d4eeb 24fa0888e78444b28906bf591c4cdc9d b1904bc261b34041ad5ede030dc4a28b - - default default] 10.0.0.45 "GET /v2.0/ports?device_id=5684acd5-19f2-4fcf-a133-87f1b8f8ca45 HTTP/1.1" status: 200 len: 1174 time: 0.0696795
2026-09-03 17:39:50.139 10 INFO neutron.wsgi [req-844eaaed-f9e3-43b4-9406-e4596d47f30b req-531bf068-e490-4f33-8dd6-461fabc01e94 6a526e8ff6ab4372adc72e2341dac1c7 7d4fc3a8ee784d94bd16720732da2448 - - default default] 10.0.0.45 "GET /v2.0/ports?device_id=dbe315cf-c5a9-4edb-924d-ee3ec3dbb92f HTTP/1.1" status: 200 len: 1168 time: 0.0627482
2026-09-03 17:39:50.161 10 INFO neutron.wsgi [req-ef610fcb-e178-43f8-a5cc-19b9dc1e1a48 req-e129f71c-b1a8-45fb-a857-acd121cb288c 24fa0888e78444b28906bf591c4cdc9d b1904bc261b34041ad5ede030dc4a28b - - default default] 10.0.0.45 "GET /v2.0/security-groups?id=98154ef0-d159-4110-a017-6fafcc38b51f&fields=id&fields=name HTTP/1.1" status: 200 len: 313 time: 0.0501678
2026-09-03 17:39:50.188 10 INFO neutron.wsgi [req-844eaaed-f9e3-43b4-9406-e4596d47f30b req-9b294063-ed5c-44d0-bdf1-c4ce2c9b6919 6a526e8ff6ab4372adc72e2341dac1c7 7d4fc3a8ee784d94bd16720732da2448 - - default default] 10.0.0.45 "GET /v2.0/security-groups?id=132ab63e-a001-4775-8c2f-52fa6da0be8e&fields=id&fields=name HTTP/1.1" status: 200 len: 313 time: 0.0387087
2026-09-03 17:39:50.518 10 INFO neutron.notifiers.nova [-] Nova event matching ['req-3b5a14eb-fff1-42ed-8eab-b157d0f3d321'] response: {'name': 'network-changed', 'server_uuid': '5684acd5-19f2-4fcf-a133-87f1b8f8ca45', 'tag': 'f7aa076e-0053-4489-8210-1379e3a14621', 'status': 'completed', 'code': 200}
2026-09-03 17:39:50.569 9 INFO neutron.plugins.ml2.drivers.ovn.mech_driver.mech_driver [None req-fe415599-5e44-400f-bc45-131f6f4fdd6c - - - - - -] OVN reports status down for port: f7aa076e-0053-4489-8210-1379e3a14621
2026-09-03 17:39:50.590 10 INFO neutron.wsgi [req-3f525618-cd73-449a-ab8f-908335d2cbeb req-e4e88fdf-de97-4850-8190-fdc66f36d40e 24fa0888e78444b28906bf591c4cdc9d b1904bc261b34041ad5ede030dc4a28b - - default default] 10.0.0.45 "GET /v2.0/ports?device_id=5684acd5-19f2-4fcf-a133-87f1b8f8ca45 HTTP/1.1" status: 200 len: 1174 time: 0.0602374
2026-09-03 17:39:50.619 9 INFO neutron.wsgi [req-ea6f034e-0a6d-4c9b-acd7-991d38634981 req-3c0b7d01-5a6c-497a-8c52-d87c8b73273b ae14d269361247dba8194315d3848ffa 55eae20e49e74ac9b0552c1cfbde90d7 - - 51da7a234397460f8be2b7ea273ee490 51da7a234397460f8be2b7ea273ee490] 162.253.55.242 "GET /v2.0/ports?tenant_id=b1904bc261b34041ad5ede030dc4a28b&device_id=5684acd5-19f2-4fcf-a133-87f1b8f8ca45 HTTP/1.1" status: 200 len: 1413 time: 0.0659611
2026-09-03 17:39:50.651 10 INFO neutron.wsgi [req-3f525618-cd73-449a-ab8f-908335d2cbeb req-3311b2a6-4a64-459f-a016-43d2560e04a5 24fa0888e78444b28906bf591c4cdc9d b1904bc261b34041ad5ede030dc4a28b - - default default] 10.0.0.45 "GET /v2.0/security-groups?id=98154ef0-d159-4110-a017-6fafcc38b51f&fields=id&fields=name HTTP/1.1" status: 200 len: 313 time: 0.0533402
2026-09-03 17:39:50.704 9 INFO neutron.wsgi [req-ea6f034e-0a6d-4c9b-acd7-991d38634981 req-eb7aea10-2ce6-4a5f-912a-b83bb58eb296 ae14d269361247dba8194315d3848ffa 55eae20e49e74ac9b0552c1cfbde90d7 - - 51da7a234397460f8be2b7ea273ee490 51da7a234397460f8be2b7ea273ee490] 162.253.55.242 "GET /v2.0/networks?id=5671a3ee-4028-45e9-860e-4172165c43b3 HTTP/1.1" status: 200 len: 973 time: 0.0785272
2026-09-03 17:39:50.793 9 INFO neutron.wsgi [req-ea6f034e-0a6d-4c9b-acd7-991d38634981 req-8a465435-0946-4ead-be25-caed53d7969e ae14d269361247dba8194315d3848ffa 55eae20e49e74ac9b0552c1cfbde90d7 - - 51da7a234397460f8be2b7ea273ee490 51da7a234397460f8be2b7ea273ee490] 162.253.55.242 "GET /v2.0/floatingips?fixed_ip_address=10.100.0.14&port_id=f7aa076e-0053-4489-8210-1379e3a14621 HTTP/1.1" status: 200 len: 1060 time: 0.0801206
2026-09-03 17:39:50.824 9 INFO neutron.notifiers.nova [-] Nova event matching ['req-625c8f27-a480-4c9a-b551-814f75b1d0d5'] response: {'server_uuid': '5684acd5-19f2-4fcf-a133-87f1b8f8ca45', 'name': 'network-vif-unplugged', 'status': 'completed', 'tag': 'f7aa076e-0053-4489-8210-1379e3a14621', 'code': 200}
2026-09-03 17:39:50.833 10 INFO neutron.wsgi [req-22486240-cdfe-4559-a746-b4d018188647 req-f5bf1220-4551-4c31-a366-5776a3a16c76 b6e27e4c17144f079a8a324c171c6ae2 f0085bf77d62460c96d3517193fdf02f - - default default] 10.0.0.45 "GET /v2.0/ports?device_id=93a0adc0-c042-4a01-ad20-8f5fa860dcd5 HTTP/1.1" status: 200 len: 1168 time: 0.0485182
2026-09-03 17:39:50.833 9 INFO neutron.db.ovn_revision_numbers_db [None req-95abd726-3330-44db-9293-21e336e9d8fa 8683bf07304f4692a042f736afa186f7 33988093ee3443979a0495eacaa13164 - - default default] Successfully bumped revision number for resource e12a31bd-d161-4fc6-938e-9f83404c237c (type: router_ports) to 1
2026-09-03 17:39:50.835 9 INFO neutron.wsgi [None req-95abd726-3330-44db-9293-21e336e9d8fa 8683bf07304f4692a042f736afa186f7 33988093ee3443979a0495eacaa13164 - - default default] 10.0.0.221 "PUT /v2.0/routers/c213c3ff-34c3-467d-9cb1-d9caaa152b5f/add_router_interface HTTP/1.1" status: 200 len: 503 time: 2.9441094
2026-09-03 17:39:50.849 9 INFO neutron.wsgi [req-ea6f034e-0a6d-4c9b-acd7-991d38634981 req-4dd214ed-ecc7-43c0-8499-e9963f5335e5 ae14d269361247dba8194315d3848ffa 55eae20e49e74ac9b0552c1cfbde90d7 - - 51da7a234397460f8be2b7ea273ee490 51da7a234397460f8be2b7ea273ee490] 162.253.55.242 "GET /v2.0/subnets?id=06e1ddd5-5cdf-4f02-9345-60e28d691c35 HTTP/1.1" status: 200 len: 868 time: 0.0491204
2026-09-03 17:39:50.875 9 INFO neutron.wsgi [req-ea6f034e-0a6d-4c9b-acd7-991d38634981 req-dcd935f3-ae34-4c51-8584-7b06ce9c3020 ae14d269361247dba8194315d3848ffa 55eae20e49e74ac9b0552c1cfbde90d7 - - 51da7a234397460f8be2b7ea273ee490 51da7a234397460f8be2b7ea273ee490] 162.253.55.242 "GET /v2.0/ports?network_id=5671a3ee-4028-45e9-860e-4172165c43b3&device_owner=network%3Adhcp HTTP/1.1" status: 200 len: 210 time: 0.0215628
2026-09-03 17:39:50.878 10 INFO neutron.wsgi [req-22486240-cdfe-4559-a746-b4d018188647 req-f8f2dbdf-6e7d-439a-a201-aa1938abd170 b6e27e4c17144f079a8a324c171c6ae2 f0085bf77d62460c96d3517193fdf02f - - default default] 10.0.0.45 "GET /v2.0/security-groups?id=01bcbde9-b1c8-4811-9c1c-cd935926f542&fields=id&fields=name HTTP/1.1" status: 200 len: 313 time: 0.0373642
2026-09-03 17:39:51.131 9 INFO neutron.wsgi [req-ea6f034e-0a6d-4c9b-acd7-991d38634981 req-a818bb17-7447-4556-a58f-014d570f3e1c ae14d269361247dba8194315d3848ffa 55eae20e49e74ac9b0552c1cfbde90d7 - - 51da7a234397460f8be2b7ea273ee490 51da7a234397460f8be2b7ea273ee490] 162.253.55.242 "GET /v2.0/networks/5671a3ee-4028-45e9-860e-4172165c43b3?fields=segments HTTP/1.1" status: 200 len: 212 time: 0.2511132
2026-09-03 17:39:51.216 9 INFO neutron.wsgi [req-0e1fc342-cdb5-4267-9de7-d303a3b0ef4d req-993aa89c-ea71-44b3-9736-0c64c5cb5dff 24fa0888e78444b28906bf591c4cdc9d b1904bc261b34041ad5ede030dc4a28b - - default default] 162.253.55.242 "GET /v2.0/ports?device_id=5684acd5-19f2-4fcf-a133-87f1b8f8ca45 HTTP/1.1" status: 200 len: 1172 time: 0.2970221
2026-09-03 17:39:51.253 9 INFO neutron.wsgi [req-ea6f034e-0a6d-4c9b-acd7-991d38634981 req-f1a7413c-3148-42bc-9957-72a43ef7fce3 ae14d269361247dba8194315d3848ffa 55eae20e49e74ac9b0552c1cfbde90d7 - - 51da7a234397460f8be2b7ea273ee490 51da7a234397460f8be2b7ea273ee490] 162.253.55.242 "GET /v2.0/networks/5671a3ee-4028-45e9-860e-4172165c43b3?fields=provider%3Aphysical_network&fields=provider%3Anetwork_type HTTP/1.1" status: 200 len: 277 time: 0.1157136
2026-09-03 17:39:51.257 9 INFO neutron.db.ovn_revision_numbers_db [None req-fe415599-5e44-400f-bc45-131f6f4fdd6c - - - - - -] Successfully bumped revision number for resource f7aa076e-0053-4489-8210-1379e3a14621 (type: ports) to 5
2026-09-03 17:39:51.335 10 INFO neutron.wsgi [req-3f34bbb6-2b16-4a3b-82d6-0c427f31ba9e req-47684ef6-0cc0-4ade-97fa-abddabeb376f 6a526e8ff6ab4372adc72e2341dac1c7 7d4fc3a8ee784d94bd16720732da2448 - - default default] 10.0.0.45 "GET /v2.0/ports?device_id=dbe315cf-c5a9-4edb-924d-ee3ec3dbb92f HTTP/1.1" status: 200 len: 1168 time: 0.0477057
2026-09-03 17:39:51.389 10 INFO neutron.wsgi [req-3f34bbb6-2b16-4a3b-82d6-0c427f31ba9e req-af924832-aa5e-40d8-a7f2-ef88e2ecebc7 6a526e8ff6ab4372adc72e2341dac1c7 7d4fc3a8ee784d94bd16720732da2448 - - default default] 10.0.0.45 "GET /v2.0/security-groups?id=132ab63e-a001-4775-8c2f-52fa6da0be8e&fields=id&fields=name HTTP/1.1" status: 200 len: 313 time: 0.0395038
2026-09-03 17:39:51.485 10 INFO neutron.db.ovn_revision_numbers_db [req-d364e147-f4ff-4930-8a14-8252a4884fa0 req-cd8f6255-8427-4a0e-a006-eb68d15fd163 4fe9cc2f3aa74c9782dbb1480de7edf3 f9cc36883a5e4791bd7e90ce116e62e6 - - default default] Successfully bumped revision number for resource c973a219-f12a-4fd4-a554-ace74901cb60 (type: security_groups) to 1
2026-09-03 17:39:51.510 10 INFO neutron.db.ovn_revision_numbers_db [req-d364e147-f4ff-4930-8a14-8252a4884fa0 req-cd8f6255-8427-4a0e-a006-eb68d15fd163 4fe9cc2f3aa74c9782dbb1480de7edf3 f9cc36883a5e4791bd7e90ce116e62e6 - - default default] Successfully bumped revision number for resource 1af90c11-0401-46f7-97d7-64508d4d2b59 (type: security_group_rules) to 0
2026-09-03 17:39:51.529 10 INFO neutron.db.ovn_revision_numbers_db [req-d364e147-f4ff-4930-8a14-8252a4884fa0 req-cd8f6255-8427-4a0e-a006-eb68d15fd163 4fe9cc2f3aa74c9782dbb1480de7edf3 f9cc36883a5e4791bd7e90ce116e62e6 - - default default] Successfully bumped revision number for resource 7235f864-3683-4244-8fc7-8f191fb1e746 (type: security_group_rules) to 0
2026-09-03 17:39:51.554 10 INFO neutron.wsgi [req-d364e147-f4ff-4930-8a14-8252a4884fa0 req-cd8f6255-8427-4a0e-a006-eb68d15fd163 4fe9cc2f3aa74c9782dbb1480de7edf3 f9cc36883a5e4791bd7e90ce116e62e6 - - default default] 10.0.0.45 "POST /v2.0/security-groups HTTP/1.1" status: 201 len: 1822 time: 0.2119586
2026-09-03 17:39:51.601 9 INFO neutron.db.l3_db [req-0e1fc342-cdb5-4267-9de7-d303a3b0ef4d req-7dd168d7-5440-411b-bcce-ecc251e87c26 24fa0888e78444b28906bf591c4cdc9d b1904bc261b34041ad5ede030dc4a28b - - default default] Floating IP 547741d3-727f-43eb-bf8e-28b49fe0267d disassociated. External IP: 10.96.250.208, port: f7aa076e-0053-4489-8210-1379e3a14621.
2026-09-03 17:39:51.685 10 INFO neutron.db.ovn_revision_numbers_db [req-23442d30-11eb-44ed-ba64-ad778ef06116 req-6677fc5d-1418-43a6-94dc-90f3f9808a25 4fe9cc2f3aa74c9782dbb1480de7edf3 f9cc36883a5e4791bd7e90ce116e62e6 - - default default] Successfully bumped revision number for resource 8bb79ab8-9db2-445c-88e3-5c8425dd40ac (type: security_groups) to 1
2026-09-03 17:39:51.698 10 INFO neutron.db.ovn_revision_numbers_db [req-23442d30-11eb-44ed-ba64-ad778ef06116 req-6677fc5d-1418-43a6-94dc-90f3f9808a25 4fe9cc2f3aa74c9782dbb1480de7edf3 f9cc36883a5e4791bd7e90ce116e62e6 - - default default] Successfully bumped revision number for resource 36fa9e5d-176c-42bd-8fff-4d23272362dc (type: security_group_rules) to 0
2026-09-03 17:39:51.712 10 INFO neutron.db.ovn_revision_numbers_db [req-23442d30-11eb-44ed-ba64-ad778ef06116 req-6677fc5d-1418-43a6-94dc-90f3f9808a25 4fe9cc2f3aa74c9782dbb1480de7edf3 f9cc36883a5e4791bd7e90ce116e62e6 - - default default] Successfully bumped revision number for resource 5a5189cb-ec45-4765-b9ab-f5ac8eacb543 (type: security_group_rules) to 0
2026-09-03 17:39:51.733 10 INFO neutron.wsgi [req-23442d30-11eb-44ed-ba64-ad778ef06116 req-6677fc5d-1418-43a6-94dc-90f3f9808a25 4fe9cc2f3aa74c9782dbb1480de7edf3 f9cc36883a5e4791bd7e90ce116e62e6 - - default default] 10.0.0.45 "POST /v2.0/security-groups HTTP/1.1" status: 201 len: 1821 time: 0.1576862
2026-09-03 17:39:51.764 9 INFO neutron.wsgi [req-0e1fc342-cdb5-4267-9de7-d303a3b0ef4d req-7dd168d7-5440-411b-bcce-ecc251e87c26 24fa0888e78444b28906bf591c4cdc9d b1904bc261b34041ad5ede030dc4a28b - - default default] 162.253.55.242 "DELETE /v2.0/ports/f7aa076e-0053-4489-8210-1379e3a14621 HTTP/1.1" status: 204 len: 173 time: 0.5428867
2026-09-03 17:39:51.768 10 INFO neutron.wsgi [req-37f64c24-1bbe-44b2-aa46-7a2b2f9a53c6 req-fb0b4200-3fe5-4212-a100-7d6d71e8af66 24fa0888e78444b28906bf591c4cdc9d b1904bc261b34041ad5ede030dc4a28b - - default default] 10.0.0.45 "GET /v2.0/ports?device_id=5684acd5-19f2-4fcf-a133-87f1b8f8ca45 HTTP/1.1" status: 200 len: 210 time: 0.0191362
2026-09-03 17:39:51.873 10 INFO neutron.db.ovn_revision_numbers_db [req-e940c8fc-9e18-4645-9f71-be59725cde07 req-468d4be2-188b-423f-ab89-b0a3cfe16017 4fe9cc2f3aa74c9782dbb1480de7edf3 f9cc36883a5e4791bd7e90ce116e62e6 - - default default] Successfully bumped revision number for resource 7fe5d7f8-7eb5-4608-b81c-fe9d3a847946 (type: security_groups) to 1
2026-09-03 17:39:51.885 10 INFO neutron.db.ovn_revision_numbers_db [req-e940c8fc-9e18-4645-9f71-be59725cde07 req-468d4be2-188b-423f-ab89-b0a3cfe16017 4fe9cc2f3aa74c9782dbb1480de7edf3 f9cc36883a5e4791bd7e90ce116e62e6 - - default default] Successfully bumped revision number for resource 221e9ed7-e8a3-4e15-a23f-01acb2a06d9a (type: security_group_rules) to 0
2026-09-03 17:39:51.898 10 INFO neutron.db.ovn_revision_numbers_db [req-e940c8fc-9e18-4645-9f71-be59725cde07 req-468d4be2-188b-423f-ab89-b0a3cfe16017 4fe9cc2f3aa74c9782dbb1480de7edf3 f9cc36883a5e4791bd7e90ce116e62e6 - - default default] Successfully bumped revision number for resource f8f36b8a-0e31-4773-9091-400df4097a7c (type: security_group_rules) to 0
2026-09-03 17:39:51.919 10 INFO neutron.wsgi [req-e940c8fc-9e18-4645-9f71-be59725cde07 req-468d4be2-188b-423f-ab89-b0a3cfe16017 4fe9cc2f3aa74c9782dbb1480de7edf3 f9cc36883a5e4791bd7e90ce116e62e6 - - default default] 10.0.0.45 "POST /v2.0/security-groups HTTP/1.1" status: 201 len: 1822 time: 0.1635456
2026-09-03 17:39:52.000 10 INFO neutron.wsgi [req-610f643d-d794-4d50-b347-381e2e42fbc7 req-50234876-8591-4b1e-91be-21543c73311b b6e27e4c17144f079a8a324c171c6ae2 f0085bf77d62460c96d3517193fdf02f - - default default] 10.0.0.45 "GET /v2.0/ports?device_id=93a0adc0-c042-4a01-ad20-8f5fa860dcd5 HTTP/1.1" status: 200 len: 1168 time: 0.0496244
2026-09-03 17:39:52.019 10 INFO neutron.wsgi [req-7ce138b8-eade-45b4-9391-e5cdd82f5083 req-3004f15b-dcaa-4af2-aa89-ac3fa8aabe43 4fe9cc2f3aa74c9782dbb1480de7edf3 f9cc36883a5e4791bd7e90ce116e62e6 - - default default] 10.0.0.45 "GET /v2.0/security-groups?tenant_id=f9cc36883a5e4791bd7e90ce116e62e6 HTTP/1.1" status: 200 len: 7797 time: 0.0787535
2026-09-03 17:39:52.045 10 INFO neutron.wsgi [req-610f643d-d794-4d50-b347-381e2e42fbc7 req-0adc05b2-1bf1-48a3-bbbd-1f2cf3191a0b b6e27e4c17144f079a8a324c171c6ae2 f0085bf77d62460c96d3517193fdf02f - - default default] 10.0.0.45 "GET /v2.0/security-groups?id=01bcbde9-b1c8-4811-9c1c-cd935926f542&fields=id&fields=name HTTP/1.1" status: 200 len: 313 time: 0.0403826
2026-09-03 17:39:52.061 10 INFO neutron.wsgi [req-7ce138b8-eade-45b4-9391-e5cdd82f5083 req-e8c092e0-6ec2-4a54-af09-abf1994721a3 4fe9cc2f3aa74c9782dbb1480de7edf3 f9cc36883a5e4791bd7e90ce116e62e6 - - default default] 10.0.0.45 "GET /v2.0/security-groups/7b7d74a6-2e65-4e52-9901-6402c4efdc19 HTTP/1.1" status: 200 len: 2998 time: 0.0300734
2026-09-03 17:39:52.097 10 INFO neutron.wsgi [req-7ce138b8-eade-45b4-9391-e5cdd82f5083 req-4902ef90-0565-4b03-a8ed-2d6ff4c08a68 4fe9cc2f3aa74c9782dbb1480de7edf3 f9cc36883a5e4791bd7e90ce116e62e6 - - default default] 10.0.0.45 "GET /v2.0/security-groups/7b7d74a6-2e65-4e52-9901-6402c4efdc19 HTTP/1.1" status: 200 len: 2998 time: 0.0275598
2026-09-03 17:39:52.157 10 INFO neutron.wsgi [req-f099f6ac-a396-421c-8a23-6fd16ab38b0c req-61d06349-23ed-4bcf-a790-2a5280997fc0 4fe9cc2f3aa74c9782dbb1480de7edf3 f9cc36883a5e4791bd7e90ce116e62e6 - - default default] 10.0.0.45 "GET /v2.0/security-groups/c973a219-f12a-4fd4-a554-ace74901cb60 HTTP/1.1" status: 200 len: 1817 time: 0.0312567
2026-09-03 17:39:52.271 10 INFO neutron.wsgi [req-f099f6ac-a396-421c-8a23-6fd16ab38b0c req-f2574bc6-26a9-4be0-ad59-0a1bcd83eb06 4fe9cc2f3aa74c9782dbb1480de7edf3 f9cc36883a5e4791bd7e90ce116e62e6 - - default default] 10.0.0.45 "DELETE /v2.0/security-groups/c973a219-f12a-4fd4-a554-ace74901cb60 HTTP/1.1" status: 204 len: 173 time: 0.1073623
2026-09-03 17:39:52.303 10 INFO neutron.api.v2.resource [req-8817fe0b-45dd-4daa-9641-58a6e95488ca req-daaaa0f1-ae23-4342-8044-33b3af8719b2 4fe9cc2f3aa74c9782dbb1480de7edf3 f9cc36883a5e4791bd7e90ce116e62e6 - - default default] show failed (client error): The resource could not be found.
2026-09-03 17:39:52.304 10 INFO neutron.wsgi [req-8817fe0b-45dd-4daa-9641-58a6e95488ca req-daaaa0f1-ae23-4342-8044-33b3af8719b2 4fe9cc2f3aa74c9782dbb1480de7edf3 f9cc36883a5e4791bd7e90ce116e62e6 - - default default] 10.0.0.45 "GET /v2.0/security-groups/c973a219-f12a-4fd4-a554-ace74901cb60 HTTP/1.1" status: 404 len: 352 time: 0.0111575
2026-09-03 17:39:52.360 10 INFO neutron.wsgi [req-ccb952b4-139a-4a5c-8028-c4ca8d56107e req-e7fd7889-ba3a-4069-a7c5-0c60d1d73e93 4fe9cc2f3aa74c9782dbb1480de7edf3 f9cc36883a5e4791bd7e90ce116e62e6 - - default default] 10.0.0.45 "GET /v2.0/security-groups/8bb79ab8-9db2-445c-88e3-5c8425dd40ac HTTP/1.1" status: 200 len: 1816 time: 0.0331478
2026-09-03 17:39:52.485 10 INFO neutron.wsgi [req-ccb952b4-139a-4a5c-8028-c4ca8d56107e req-745d659f-6c36-4523-a669-a009cd093d68 4fe9cc2f3aa74c9782dbb1480de7edf3 f9cc36883a5e4791bd7e90ce116e62e6 - - default default] 10.0.0.45 "DELETE /v2.0/security-groups/8bb79ab8-9db2-445c-88e3-5c8425dd40ac HTTP/1.1" status: 204 len: 173 time: 0.1167438
2026-09-03 17:39:52.543 10 INFO neutron.api.v2.resource [req-43b43b4c-6f2a-4676-88a8-0b2280cc8c68 req-65367b2b-2e4e-46f5-86ac-d52bd308168a 4fe9cc2f3aa74c9782dbb1480de7edf3 f9cc36883a5e4791bd7e90ce116e62e6 - - default default] show failed (client error): The resource could not be found.
2026-09-03 17:39:52.544 10 INFO neutron.wsgi [req-43b43b4c-6f2a-4676-88a8-0b2280cc8c68 req-65367b2b-2e4e-46f5-86ac-d52bd308168a 4fe9cc2f3aa74c9782dbb1480de7edf3 f9cc36883a5e4791bd7e90ce116e62e6 - - default default] 10.0.0.45 "GET /v2.0/security-groups/8bb79ab8-9db2-445c-88e3-5c8425dd40ac HTTP/1.1" status: 404 len: 352 time: 0.0153971
2026-09-03 17:39:52.549 10 INFO neutron.wsgi [req-f8b62cea-fb35-4f7c-9e9d-c20200c24a31 req-03071259-bb68-41fc-abeb-ddcd7db73dee 6a526e8ff6ab4372adc72e2341dac1c7 7d4fc3a8ee784d94bd16720732da2448 - - default default] 10.0.0.45 "GET /v2.0/ports?device_id=dbe315cf-c5a9-4edb-924d-ee3ec3dbb92f HTTP/1.1" status: 200 len: 1168 time: 0.0431457
2026-09-03 17:39:52.594 10 INFO neutron.wsgi [req-f8b62cea-fb35-4f7c-9e9d-c20200c24a31 req-28daaff4-3d49-408e-8f5b-f022fd0d4868 6a526e8ff6ab4372adc72e2341dac1c7 7d4fc3a8ee784d94bd16720732da2448 - - default default] 10.0.0.45 "GET /v2.0/security-groups?id=132ab63e-a001-4775-8c2f-52fa6da0be8e&fields=id&fields=name HTTP/1.1" status: 200 len: 313 time: 0.0377412
2026-09-03 17:39:52.600 10 INFO neutron.wsgi [req-67129296-0776-482c-8635-2697a72da55e req-e9df95cb-447e-4f6b-a551-516323e3fcf1 4fe9cc2f3aa74c9782dbb1480de7edf3 f9cc36883a5e4791bd7e90ce116e62e6 - - default default] 10.0.0.45 "GET /v2.0/security-groups/7fe5d7f8-7eb5-4608-b81c-fe9d3a847946 HTTP/1.1" status: 200 len: 1817 time: 0.0316794
2026-09-03 17:39:52.710 10 INFO neutron.wsgi [req-67129296-0776-482c-8635-2697a72da55e req-7dc4f9dd-dd2f-44c7-a658-164946fec649 4fe9cc2f3aa74c9782dbb1480de7edf3 f9cc36883a5e4791bd7e90ce116e62e6 - - default default] 10.0.0.45 "DELETE /v2.0/security-groups/7fe5d7f8-7eb5-4608-b81c-fe9d3a847946 HTTP/1.1" status: 204 len: 173 time: 0.1039784
2026-09-03 17:39:52.751 10 INFO neutron.api.v2.resource [req-fe367d68-61c8-4f12-8563-fb3ce961db99 req-fa92792c-325a-490c-a27b-ad260912b830 4fe9cc2f3aa74c9782dbb1480de7edf3 f9cc36883a5e4791bd7e90ce116e62e6 - - default default] show failed (client error): The resource could not be found.
2026-09-03 17:39:52.753 10 INFO neutron.wsgi [req-fe367d68-61c8-4f12-8563-fb3ce961db99 req-fa92792c-325a-490c-a27b-ad260912b830 4fe9cc2f3aa74c9782dbb1480de7edf3 f9cc36883a5e4791bd7e90ce116e62e6 - - default default] 10.0.0.45 "GET /v2.0/security-groups/7fe5d7f8-7eb5-4608-b81c-fe9d3a847946 HTTP/1.1" status: 404 len: 352 time: 0.0193002
2026-09-03 17:39:52.838 10 INFO neutron.wsgi [req-5d349915-0e63-4409-9afc-fb7cc8fe7a77 req-6c34e564-7c2e-41d0-92e4-a0be759f530d 4fe9cc2f3aa74c9782dbb1480de7edf3 f9cc36883a5e4791bd7e90ce116e62e6 - - default default] 10.0.0.45 "GET /v2.0/security-groups?tenant_id=f9cc36883a5e4791bd7e90ce116e62e6 HTTP/1.1" status: 200 len: 3001 time: 0.0585001 /var/lib/openstack/lib/python3.10/site-packages/pycadf/identifier.py:71: UserWarning: Invalid uuid: neutron. To ensure interoperability, identifiers should be a valid uuid. warnings.warn(('Invalid uuid: %s. To ensure interoperability, '
2026-09-03 17:39:52.889 9 INFO neutron.notifiers.nova [-] Nova event matching ['req-e47981a8-491b-4077-9c33-a043d65f3404'] response: {'server_uuid': '5684acd5-19f2-4fcf-a133-87f1b8f8ca45', 'name': 'network-vif-plugged', 'status': 'completed', 'tag': 'f7aa076e-0053-4489-8210-1379e3a14621', 'code': 200}
2026-09-03 17:39:52.890 9 INFO neutron.notifiers.nova [-] Nova event matching ['req-e47981a8-491b-4077-9c33-a043d65f3404'] response: {'server_uuid': '5684acd5-19f2-4fcf-a133-87f1b8f8ca45', 'name': 'network-vif-deleted', 'tag': 'f7aa076e-0053-4489-8210-1379e3a14621', 'status': 'completed', 'code': 200}
2026-09-03 17:39:52.891 10 INFO neutron.wsgi [req-5d349915-0e63-4409-9afc-fb7cc8fe7a77 req-ab362fed-7373-4942-a1fa-910f283d529f 4fe9cc2f3aa74c9782dbb1480de7edf3 f9cc36883a5e4791bd7e90ce116e62e6 - - default default] 10.0.0.45 "GET /v2.0/security-groups/7b7d74a6-2e65-4e52-9901-6402c4efdc19 HTTP/1.1" status: 200 len: 2998 time: 0.0444584
2026-09-03 17:39:52.950 10 INFO neutron.wsgi [req-5d349915-0e63-4409-9afc-fb7cc8fe7a77 req-14aa6e16-4c67-46f0-beeb-0aa3042db475 4fe9cc2f3aa74c9782dbb1480de7edf3 f9cc36883a5e4791bd7e90ce116e62e6 - - default default] 10.0.0.45 "GET /v2.0/security-groups/7b7d74a6-2e65-4e52-9901-6402c4efdc19 HTTP/1.1" status: 200 len: 2998 time: 0.0501015
2026-09-03 17:39:52.996 10 INFO neutron.api.v2.resource [req-b163fe37-5ccb-4b7e-823f-f81785315f3d req-16028830-3f6b-483d-8c07-79dd43243657 4fe9cc2f3aa74c9782dbb1480de7edf3 f9cc36883a5e4791bd7e90ce116e62e6 - - default default] show failed (client error): The resource could not be found.
2026-09-03 17:39:52.998 10 INFO neutron.wsgi [req-b163fe37-5ccb-4b7e-823f-f81785315f3d req-16028830-3f6b-483d-8c07-79dd43243657 4fe9cc2f3aa74c9782dbb1480de7edf3 f9cc36883a5e4791bd7e90ce116e62e6 - - default default] 10.0.0.45 "GET /v2.0/security-groups/7fe5d7f8-7eb5-4608-b81c-fe9d3a847946 HTTP/1.1" status: 404 len: 352 time: 0.0175416
2026-09-03 17:39:53.016 9 INFO neutron.wsgi [None req-b928309d-04da-4168-aa1e-c2f40c2b5edb 24fa0888e78444b28906bf591c4cdc9d b1904bc261b34041ad5ede030dc4a28b - - default default] 10.0.0.221 "DELETE /v2.0/security-groups/98154ef0-d159-4110-a017-6fafcc38b51f HTTP/1.1" status: 204 len: 168 time: 0.1529188
2026-09-03 17:39:53.032 9 INFO neutron.api.v2.resource [None req-e3df83a5-4783-4452-b7f3-b1da486d2352 24fa0888e78444b28906bf591c4cdc9d b1904bc261b34041ad5ede030dc4a28b - - default default] show failed (client error): The resource could not be found.
2026-09-03 17:39:53.034 9 INFO neutron.wsgi [None req-e3df83a5-4783-4452-b7f3-b1da486d2352 24fa0888e78444b28906bf591c4cdc9d b1904bc261b34041ad5ede030dc4a28b - - default default] 10.0.0.221 "GET /v2.0/security-groups/98154ef0-d159-4110-a017-6fafcc38b51f HTTP/1.1" status: 404 len: 347 time: 0.0127511
2026-09-03 17:39:53.036 10 INFO neutron.api.v2.resource [req-77040ccd-31d9-45fb-8400-29d9b506d72e req-a7de26d8-f749-4940-8d7e-f9e092b94a4e 4fe9cc2f3aa74c9782dbb1480de7edf3 f9cc36883a5e4791bd7e90ce116e62e6 - - default default] show failed (client error): The resource could not be found.
2026-09-03 17:39:53.038 10 INFO neutron.wsgi [req-77040ccd-31d9-45fb-8400-29d9b506d72e req-a7de26d8-f749-4940-8d7e-f9e092b94a4e 4fe9cc2f3aa74c9782dbb1480de7edf3 f9cc36883a5e4791bd7e90ce116e62e6 - - default default] 10.0.0.45 "GET /v2.0/security-groups/8bb79ab8-9db2-445c-88e3-5c8425dd40ac HTTP/1.1" status: 404 len: 352 time: 0.0163639
2026-09-03 17:39:53.079 10 INFO neutron.api.v2.resource [req-f3348c2c-29ec-41b5-99c6-d20f88f34cfe req-159908d6-ffc2-4d42-9afa-fe89da529c21 4fe9cc2f3aa74c9782dbb1480de7edf3 f9cc36883a5e4791bd7e90ce116e62e6 - - default default] show failed (client error): The resource could not be found.
2026-09-03 17:39:53.081 10 INFO neutron.wsgi [req-f3348c2c-29ec-41b5-99c6-d20f88f34cfe req-159908d6-ffc2-4d42-9afa-fe89da529c21 4fe9cc2f3aa74c9782dbb1480de7edf3 f9cc36883a5e4791bd7e90ce116e62e6 - - default default] 10.0.0.45 "GET /v2.0/security-groups/c973a219-f12a-4fd4-a554-ace74901cb60 HTTP/1.1" status: 404 len: 352 time: 0.0209498
2026-09-03 17:39:53.171 10 INFO neutron.wsgi [req-3cd7fd23-6797-4716-b063-ea9e134e2d7a req-39797c8a-bd8d-4005-b7a8-b612e3f1567b b6e27e4c17144f079a8a324c171c6ae2 f0085bf77d62460c96d3517193fdf02f - - default default] 10.0.0.45 "GET /v2.0/ports?device_id=93a0adc0-c042-4a01-ad20-8f5fa860dcd5 HTTP/1.1" status: 200 len: 1168 time: 0.0369527
2026-09-03 17:39:53.227 10 WARNING neutron.plugins.ml2.drivers.ovn.mech_driver.ovsdb.ovn_client [None req-7f4d04f4-56b4-477f-be44-d33eed2c4706 - - - - - -] No hosting information found for port 7b2a49d4-0806-4e94-8084-f548c65ab0c4: RuntimeError: No hosting information found for port 7b2a49d4-0806-4e94-8084-f548c65ab0c4
2026-09-03 17:39:53.228 10 INFO neutron.plugins.ml2.drivers.ovn.mech_driver.mech_driver [None req-7f4d04f4-56b4-477f-be44-d33eed2c4706 - - - - - -] OVN reports status up for port: 80c72cd1-a587-487c-8ff1-18dee22128b1
2026-09-03 17:39:53.233 10 INFO neutron.wsgi [req-3cd7fd23-6797-4716-b063-ea9e134e2d7a req-55645d81-7ff4-408a-9b18-d28dc97015e9 b6e27e4c17144f079a8a324c171c6ae2 f0085bf77d62460c96d3517193fdf02f - - default default] 10.0.0.45 "GET /v2.0/security-groups?id=01bcbde9-b1c8-4811-9c1c-cd935926f542&fields=id&fields=name HTTP/1.1" status: 200 len: 313 time: 0.0531659
2026-09-03 17:39:53.243 10 INFO neutron.plugins.ml2.plugin [None req-7f4d04f4-56b4-477f-be44-d33eed2c4706 - - - - - -] Attempt 1 to provision port 80c72cd1-a587-487c-8ff1-18dee22128b1
2026-09-03 17:39:53.404 10 INFO neutron.notifiers.nova [-] Nova event matching ['req-a36e0b8e-9a13-481b-aec9-3deb82249847'] response: {'server_uuid': '93a0adc0-c042-4a01-ad20-8f5fa860dcd5', 'name': 'network-vif-plugged', 'status': 'completed', 'tag': '80c72cd1-a587-487c-8ff1-18dee22128b1', 'code': 200}
2026-09-03 17:39:53.505 9 INFO neutron.wsgi [None req-68f9369e-66a3-491d-8688-6fd9aa199d8c 24fa0888e78444b28906bf591c4cdc9d b1904bc261b34041ad5ede030dc4a28b - - default default] 10.0.0.221 "DELETE /v2.0/floatingips/547741d3-727f-43eb-bf8e-28b49fe0267d HTTP/1.1" status: 204 len: 168 time: 0.4633429
2026-09-03 17:39:53.783 10 INFO neutron.db.ovn_revision_numbers_db [None req-7f4d04f4-56b4-477f-be44-d33eed2c4706 - - - - - -] Successfully bumped revision number for resource 80c72cd1-a587-487c-8ff1-18dee22128b1 (type: ports) to 4
2026-09-03 17:39:53.874 10 INFO neutron.wsgi [req-2828c906-5bd8-40c4-a2d9-3db5e95e9ac7 req-97d89569-57f9-44a5-a0ab-f6a8223b3eae 6a526e8ff6ab4372adc72e2341dac1c7 7d4fc3a8ee784d94bd16720732da2448 - - default default] 10.0.0.45 "GET /v2.0/ports?device_id=dbe315cf-c5a9-4edb-924d-ee3ec3dbb92f HTTP/1.1" status: 200 len: 1168 time: 0.1934271
2026-09-03 17:39:53.921 10 INFO neutron.plugins.ml2.drivers.ovn.mech_driver.mech_driver [None req-7f4d04f4-56b4-477f-be44-d33eed2c4706 - - - - - -] OVN reports status up for port: 88a1a30f-8a21-4fd1-97b5-c1da305abcbf
2026-09-03 17:39:53.952 10 INFO neutron.plugins.ml2.plugin [None req-7f4d04f4-56b4-477f-be44-d33eed2c4706 - - - - - -] Attempt 1 to provision port 88a1a30f-8a21-4fd1-97b5-c1da305abcbf
2026-09-03 17:39:53.982 10 INFO neutron.wsgi [req-2828c906-5bd8-40c4-a2d9-3db5e95e9ac7 req-4f5e38fb-919c-4a4c-8509-7049b9d2d092 6a526e8ff6ab4372adc72e2341dac1c7 7d4fc3a8ee784d94bd16720732da2448 - - default default] 10.0.0.45 "GET /v2.0/security-groups?id=132ab63e-a001-4775-8c2f-52fa6da0be8e&fields=id&fields=name HTTP/1.1" status: 200 len: 313 time: 0.0996735 /var/lib/openstack/lib/python3.10/site-packages/pycadf/identifier.py:71: UserWarning: Invalid uuid: neutron. To ensure interoperability, identifiers should be a valid uuid. warnings.warn(('Invalid uuid: %s. To ensure interoperability, '
2026-09-03 17:39:54.384 10 INFO neutron.wsgi [req-6e6e12fc-fcb4-4b26-94a2-497cd0213dd9 req-8dcc76ad-ce76-4e10-890b-5e2bd05109de b6e27e4c17144f079a8a324c171c6ae2 f0085bf77d62460c96d3517193fdf02f - - default default] 10.0.0.45 "GET /v2.0/ports?device_id=93a0adc0-c042-4a01-ad20-8f5fa860dcd5 HTTP/1.1" status: 200 len: 1170 time: 0.0592115
2026-09-03 17:39:54.385 10 INFO neutron.db.ovn_revision_numbers_db [None req-7f4d04f4-56b4-477f-be44-d33eed2c4706 - - - - - -] Successfully bumped revision number for resource 88a1a30f-8a21-4fd1-97b5-c1da305abcbf (type: ports) to 4
2026-09-03 17:39:54.485 10 INFO neutron.plugins.ml2.drivers.ovn.mech_driver.mech_driver [None req-7f4d04f4-56b4-477f-be44-d33eed2c4706 - - - - - -] OVN reports status up for port: e12a31bd-d161-4fc6-938e-9f83404c237c
2026-09-03 17:39:54.491 10 INFO neutron.wsgi [req-6e6e12fc-fcb4-4b26-94a2-497cd0213dd9 req-4bd6d1bb-5ea2-43a1-bd20-1966cf59a3a0 b6e27e4c17144f079a8a324c171c6ae2 f0085bf77d62460c96d3517193fdf02f - - default default] 10.0.0.45 "GET /v2.0/security-groups?id=01bcbde9-b1c8-4811-9c1c-cd935926f542&fields=id&fields=name HTTP/1.1" status: 200 len: 313 time: 0.0925252 /var/lib/openstack/lib/python3.10/site-packages/pycadf/identifier.py:71: UserWarning: Invalid uuid: neutron. To ensure interoperability, identifiers should be a valid uuid. warnings.warn(('Invalid uuid: %s. To ensure interoperability, '
2026-09-03 17:39:54.858 10 INFO neutron.wsgi [req-501ad5af-09e3-429e-8754-7bc16aab3c13 req-f0c22009-9e94-4cdd-87af-0afa0ba9d756 b6e27e4c17144f079a8a324c171c6ae2 f0085bf77d62460c96d3517193fdf02f - - default default] 10.0.0.45 "GET /v2.0/ports?device_id=93a0adc0-c042-4a01-ad20-8f5fa860dcd5 HTTP/1.1" status: 200 len: 1170 time: 0.2775114
2026-09-03 17:39:55.122 10 INFO neutron.wsgi [req-d9b050ed-5602-4eb8-aaa0-889d17ba2ed4 req-0ab883e1-5911-4265-9af7-eee7267899d0 6a526e8ff6ab4372adc72e2341dac1c7 7d4fc3a8ee784d94bd16720732da2448 - - default default] 10.0.0.45 "GET /v2.0/ports?device_id=dbe315cf-c5a9-4edb-924d-ee3ec3dbb92f HTTP/1.1" status: 200 len: 1170 time: 0.0469401
