2026-09-03 17:39:38.914 9 INFO neutron.db.ovn_revision_numbers_db [None req-8800f95e-e3f0-4f9e-a4c2-0f6432db5845 24fa0888e78444b28906bf591c4cdc9d b1904bc261b34041ad5ede030dc4a28b - - default default] Successfully bumped revision number for resource a804ea0f-9b6b-4b7e-9403-5caf0ea4c03f (type: security_group_rules) to 0
2026-09-03 17:39:38.951 9 INFO neutron.wsgi [None req-8800f95e-e3f0-4f9e-a4c2-0f6432db5845 24fa0888e78444b28906bf591c4cdc9d b1904bc261b34041ad5ede030dc4a28b - - default default] 10.0.0.221 "POST /v2.0/security-groups HTTP/1.1" status: 201 len: 1797 time: 0.1857426
2026-09-03 17:39:39.291 10 INFO neutron.db.ovn_revision_numbers_db [None req-3527e3ff-8728-423c-a593-0bdb8da89431 24fa0888e78444b28906bf591c4cdc9d b1904bc261b34041ad5ede030dc4a28b - - default default] Successfully bumped revision number for resource 16b47bf0-417f-4a46-a8cd-658b3f017a1f (type: security_group_rules) to 0
2026-09-03 17:39:39.321 10 INFO neutron.wsgi [None req-3527e3ff-8728-423c-a593-0bdb8da89431 24fa0888e78444b28906bf591c4cdc9d b1904bc261b34041ad5ede030dc4a28b - - default default] 10.0.0.221 "POST /v2.0/security-group-rules HTTP/1.1" status: 201 len: 764 time: 0.3622851
2026-09-03 17:39:39.504 9 INFO neutron.db.ovn_revision_numbers_db [None req-63807cab-cddc-4b87-b924-c0c4aeb12a93 24fa0888e78444b28906bf591c4cdc9d b1904bc261b34041ad5ede030dc4a28b - - default default] Successfully bumped revision number for resource 51965f6a-2dd2-49ca-9057-23110e1dd129 (type: security_group_rules) to 0
2026-09-03 17:39:39.534 9 INFO neutron.wsgi [None req-63807cab-cddc-4b87-b924-c0c4aeb12a93 24fa0888e78444b28906bf591c4cdc9d b1904bc261b34041ad5ede030dc4a28b - - default default] 10.0.0.221 "POST /v2.0/security-group-rules HTTP/1.1" status: 201 len: 769 time: 0.2023580
2026-09-03 17:39:39.724 9 WARNING neutron.plugins.ml2.drivers.ovn.mech_driver.ovsdb.ovn_client [None req-fe415599-5e44-400f-bc45-131f6f4fdd6c - - - - - -] No port found with ID 37f2f285-67a0-4c54-8ce5-bf57d8e3be80: RuntimeError: No port found with ID 37f2f285-67a0-4c54-8ce5-bf57d8e3be80
2026-09-03 17:39:39.807 10 INFO neutron.wsgi [None req-fefa25c3-708d-4faa-87ab-40919d6b1651 8683bf07304f4692a042f736afa186f7 33988093ee3443979a0495eacaa13164 - - default default] 10.0.0.221 "PUT /v2.0/routers/f382715f-7df8-440d-b96a-a16cb6ffbfff/remove_router_interface HTTP/1.1" status: 200 len: 503 time: 1.3980229 /var/lib/openstack/lib/python3.10/site-packages/pycadf/identifier.py:71: UserWarning: Invalid uuid: neutron. To ensure interoperability, identifiers should be a valid uuid. warnings.warn(('Invalid uuid: %s. To ensure interoperability, '
2026-09-03 17:39:39.824 9 WARNING neutron.scheduler.dhcp_agent_scheduler [None req-3ea42822-e8fe-4539-8657-c402bf0836ce 24fa0888e78444b28906bf591c4cdc9d b1904bc261b34041ad5ede030dc4a28b - - default default] No more DHCP agents
2026-09-03 17:39:39.826 9 WARNING neutron.api.rpc.agentnotifiers.dhcp_rpc_agent_api [None req-3ea42822-e8fe-4539-8657-c402bf0836ce 24fa0888e78444b28906bf591c4cdc9d b1904bc261b34041ad5ede030dc4a28b - - default default] Unable to schedule network ae883489-5e93-4bf8-bd12-e5df994aa84c: no agents available; will retry on subsequent port and subnet creation events.
2026-09-03 17:39:39.859 10 INFO neutron.wsgi [req-58ba4e30-a647-4376-acd0-79d5884fdd47 req-81acb60c-76e7-4e0f-b0c1-78d0b98183a9 b6e27e4c17144f079a8a324c171c6ae2 f0085bf77d62460c96d3517193fdf02f - - default default] 10.0.0.45 "GET /v2.0/ports?device_id=93a0adc0-c042-4a01-ad20-8f5fa860dcd5 HTTP/1.1" status: 200 len: 210 time: 0.0390868
2026-09-03 17:39:40.050 9 INFO neutron.db.ovn_revision_numbers_db [None req-3ea42822-e8fe-4539-8657-c402bf0836ce 24fa0888e78444b28906bf591c4cdc9d b1904bc261b34041ad5ede030dc4a28b - - default default] Successfully bumped revision number for resource 547741d3-727f-43eb-bf8e-28b49fe0267d (type: floatingips) to 0
2026-09-03 17:39:40.064 9 INFO neutron.wsgi [None req-3ea42822-e8fe-4539-8657-c402bf0836ce 24fa0888e78444b28906bf591c4cdc9d b1904bc261b34041ad5ede030dc4a28b - - default default] 10.0.0.221 "POST /v2.0/floatingips HTTP/1.1" status: 201 len: 751 time: 0.5258167
2026-09-03 17:39:40.148 9 INFO neutron.wsgi [req-f4e5876f-099d-4acf-af8f-07ab12f7c7da req-580b905f-8468-4484-8f93-127392374625 b6e27e4c17144f079a8a324c171c6ae2 f0085bf77d62460c96d3517193fdf02f - - default default] 162.253.55.242 "GET /v2.0/networks?id=6b2af94e-bee7-4fc5-8732-8c54f6eaee1c HTTP/1.1" status: 200 len: 883 time: 0.1232831
2026-09-03 17:39:40.232 9 INFO neutron.wsgi [req-f4e5876f-099d-4acf-af8f-07ab12f7c7da req-6b27ca3e-c346-45eb-b8ab-fcf16ded420e b6e27e4c17144f079a8a324c171c6ae2 f0085bf77d62460c96d3517193fdf02f - - default default] 162.253.55.242 "GET /v2.0/security-groups?fields=id&fields=name&tenant_id=f0085bf77d62460c96d3517193fdf02f HTTP/1.1" status: 200 len: 380 time: 0.0467694
2026-09-03 17:39:40.305 10 INFO neutron.wsgi [None req-e6162c0b-96c9-4b7e-9af4-f87c031d95c9 8683bf07304f4692a042f736afa186f7 33988093ee3443979a0495eacaa13164 - - default default] 10.0.0.221 "DELETE /v2.0/routers/f382715f-7df8-440d-b96a-a16cb6ffbfff HTTP/1.1" status: 204 len: 168 time: 0.4924653
2026-09-03 17:39:40.547 10 INFO neutron.wsgi [req-0beb9ca2-f393-45b3-aa2e-6ee35c7825e0 req-547580fe-5d82-4d37-83d2-6353ef9335de 24fa0888e78444b28906bf591c4cdc9d b1904bc261b34041ad5ede030dc4a28b - - default default] 10.0.0.45 "GET /v2.0/security-groups?name=tempest-securitygroup--1088474666&fields=id&tenant_id=b1904bc261b34041ad5ede030dc4a28b HTTP/1.1" status: 200 len: 267 time: 0.0405259
2026-09-03 17:39:40.576 10 INFO neutron.wsgi [None req-430a2a35-723f-4c76-8472-a7fd19cfeb7c 8683bf07304f4692a042f736afa186f7 33988093ee3443979a0495eacaa13164 - - default default] 10.0.0.221 "DELETE /v2.0/subnets/12af3139-1bc1-4de3-9240-b1ab39dbcb3b HTTP/1.1" status: 204 len: 168 time: 0.2626486
2026-09-03 17:39:40.641 9 WARNING neutron.scheduler.dhcp_agent_scheduler [req-f4e5876f-099d-4acf-af8f-07ab12f7c7da req-a3dd97d4-1b84-4406-9bff-67a07b5aadd4 b6e27e4c17144f079a8a324c171c6ae2 f0085bf77d62460c96d3517193fdf02f - - default default] No more DHCP agents
2026-09-03 17:39:40.643 9 WARNING neutron.api.rpc.agentnotifiers.dhcp_rpc_agent_api [req-f4e5876f-099d-4acf-af8f-07ab12f7c7da req-a3dd97d4-1b84-4406-9bff-67a07b5aadd4 b6e27e4c17144f079a8a324c171c6ae2 f0085bf77d62460c96d3517193fdf02f - - default default] Unable to schedule network 6b2af94e-bee7-4fc5-8732-8c54f6eaee1c: no agents available; will retry on subsequent port and subnet creation events.
2026-09-03 17:39:40.675 10 INFO neutron.wsgi [req-0beb9ca2-f393-45b3-aa2e-6ee35c7825e0 req-8f62a6cc-2ae1-4776-8223-4f9e12e7aa27 24fa0888e78444b28906bf591c4cdc9d b1904bc261b34041ad5ede030dc4a28b - - default default] 10.0.0.45 "GET /v2.0/networks?id=5671a3ee-4028-45e9-860e-4172165c43b3 HTTP/1.1" status: 200 len: 874 time: 0.1205714
2026-09-03 17:39:40.695 10 INFO neutron.wsgi [req-0beb9ca2-f393-45b3-aa2e-6ee35c7825e0 req-d40c544b-5f96-4dc2-a669-a36d3f96d9a9 24fa0888e78444b28906bf591c4cdc9d b1904bc261b34041ad5ede030dc4a28b - - default default] 10.0.0.45 "GET /v2.0/quotas/b1904bc261b34041ad5ede030dc4a28b HTTP/1.1" status: 200 len: 386 time: 0.0152972
2026-09-03 17:39:40.804 9 INFO neutron.db.ovn_revision_numbers_db [req-f4e5876f-099d-4acf-af8f-07ab12f7c7da req-a3dd97d4-1b84-4406-9bff-67a07b5aadd4 b6e27e4c17144f079a8a324c171c6ae2 f0085bf77d62460c96d3517193fdf02f - - default default] Successfully bumped revision number for resource 80c72cd1-a587-487c-8ff1-18dee22128b1 (type: ports) to 1
2026-09-03 17:39:40.828 9 INFO neutron.wsgi [req-f4e5876f-099d-4acf-af8f-07ab12f7c7da req-a3dd97d4-1b84-4406-9bff-67a07b5aadd4 b6e27e4c17144f079a8a324c171c6ae2 f0085bf77d62460c96d3517193fdf02f - - default default] 162.253.55.242 "POST /v2.0/ports HTTP/1.1" status: 201 len: 1158 time: 0.5910952 /var/lib/openstack/lib/python3.10/site-packages/pycadf/identifier.py:71: UserWarning: Invalid uuid: neutron. To ensure interoperability, identifiers should be a valid uuid. warnings.warn(('Invalid uuid: %s. To ensure interoperability, '
2026-09-03 17:39:40.843 9 INFO neutron.wsgi [req-f4e5876f-099d-4acf-af8f-07ab12f7c7da req-5a1967a3-3a2a-4cb8-afba-6c4662ccc957 b6e27e4c17144f079a8a324c171c6ae2 f0085bf77d62460c96d3517193fdf02f - - default default] 162.253.55.242 "GET /v2.0/extensions HTTP/1.1" status: 200 len: 16525 time: 0.0117040
2026-09-03 17:39:40.917 10 INFO neutron.wsgi [req-0beb9ca2-f393-45b3-aa2e-6ee35c7825e0 req-ffd52037-256d-4591-b5e1-ef15672d1695 24fa0888e78444b28906bf591c4cdc9d b1904bc261b34041ad5ede030dc4a28b - - default default] 10.0.0.45 "GET /v2.0/ports?tenant_id=b1904bc261b34041ad5ede030dc4a28b&fields=id HTTP/1.1" status: 200 len: 302 time: 0.2170055
2026-09-03 17:39:40.998 10 INFO neutron.wsgi [req-4cd25bc7-9be0-4243-8d4b-336167483aee req-96107a59-c432-4bae-b11d-c29e5ef2eaf2 b6e27e4c17144f079a8a324c171c6ae2 f0085bf77d62460c96d3517193fdf02f - - default default] 10.0.0.45 "GET /v2.0/ports?device_id=93a0adc0-c042-4a01-ad20-8f5fa860dcd5 HTTP/1.1" status: 200 len: 1156 time: 0.0571449
2026-09-03 17:39:41.008 10 INFO neutron.wsgi [req-0beb9ca2-f393-45b3-aa2e-6ee35c7825e0 req-f206e84a-6e51-4a43-a22d-04ae0e4e772d ae14d269361247dba8194315d3848ffa 55eae20e49e74ac9b0552c1cfbde90d7 - - 51da7a234397460f8be2b7ea273ee490 51da7a234397460f8be2b7ea273ee490] 10.0.0.45 "GET /v2.0/networks/5671a3ee-4028-45e9-860e-4172165c43b3?fields=segments HTTP/1.1" status: 200 len: 212 time: 0.0764837
2026-09-03 17:39:41.080 10 INFO neutron.wsgi [req-4cd25bc7-9be0-4243-8d4b-336167483aee req-c9579fad-c246-4f2c-8342-aaa3edbae256 b6e27e4c17144f079a8a324c171c6ae2 f0085bf77d62460c96d3517193fdf02f - - default default] 10.0.0.45 "GET /v2.0/security-groups?id=01bcbde9-b1c8-4811-9c1c-cd935926f542&fields=id&fields=name HTTP/1.1" status: 200 len: 313 time: 0.0681953
2026-09-03 17:39:41.123 10 INFO neutron.wsgi [req-0beb9ca2-f393-45b3-aa2e-6ee35c7825e0 req-37ba2529-9881-4351-9322-c7af7f42cfc3 ae14d269361247dba8194315d3848ffa 55eae20e49e74ac9b0552c1cfbde90d7 - - 51da7a234397460f8be2b7ea273ee490 51da7a234397460f8be2b7ea273ee490] 10.0.0.45 "GET /v2.0/networks/5671a3ee-4028-45e9-860e-4172165c43b3?fields=provider%3Aphysical_network&fields=provider%3Anetwork_type HTTP/1.1" status: 200 len: 277 time: 0.1065621
2026-09-03 17:39:41.204 10 INFO neutron.wsgi [None req-95d12e4f-f3bd-4594-a6d8-c99e9ddc6b08 8683bf07304f4692a042f736afa186f7 33988093ee3443979a0495eacaa13164 - - default default] 10.0.0.221 "DELETE /v2.0/networks/f1ec4c6d-3786-4c22-8776-feaf3ceba2f7 HTTP/1.1" status: 204 len: 168 time: 0.6154797
2026-09-03 17:39:41.361 10 INFO neutron.wsgi [req-05d6fd44-3a0f-44ef-a9cf-14f7bd3e2b19 req-b204cb97-95a1-4fee-96b1-0fd1f4890592 24fa0888e78444b28906bf591c4cdc9d b1904bc261b34041ad5ede030dc4a28b - - default default] 10.0.0.45 "GET /v2.0/ports?device_id=5684acd5-19f2-4fcf-a133-87f1b8f8ca45 HTTP/1.1" status: 200 len: 210 time: 0.0296094
2026-09-03 17:39:41.447 9 INFO neutron.wsgi [None req-cf635d98-56c6-4a84-836a-42c07db03cfb 8683bf07304f4692a042f736afa186f7 33988093ee3443979a0495eacaa13164 - - default default] 10.0.0.221 "GET /v2.0/security-groups?tenant_id=da403c7caab34d569188515120c9b980&name=default HTTP/1.1" status: 200 len: 2992 time: 0.0456293
2026-09-03 17:39:41.449 10 WARNING neutron.plugins.ml2.drivers.ovn.mech_driver.ovsdb.ovn_client [None req-7f4d04f4-56b4-477f-be44-d33eed2c4706 - - - - - -] No hosting information found for port e7380d4e-8340-4d2f-a28a-83aec76b7f4b: RuntimeError: No hosting information found for port e7380d4e-8340-4d2f-a28a-83aec76b7f4b
2026-09-03 17:39:41.450 10 INFO neutron.plugins.ml2.drivers.ovn.mech_driver.mech_driver [None req-7f4d04f4-56b4-477f-be44-d33eed2c4706 - - - - - -] OVN reports status up for port: 3e455836-dff0-488a-841c-a9474c2fa2c5
2026-09-03 17:39:41.461 10 INFO neutron.plugins.ml2.plugin [None req-7f4d04f4-56b4-477f-be44-d33eed2c4706 - - - - - -] Attempt 1 to provision port 3e455836-dff0-488a-841c-a9474c2fa2c5
2026-09-03 17:39:41.745 10 INFO neutron.services.segments.plugin [-] Segment 7a4fc400-712b-4f8e-9f55-c119c6a51879 resource provider aggregate not found
2026-09-03 17:39:41.751 10 INFO neutron.db.ovn_revision_numbers_db [None req-7f4d04f4-56b4-477f-be44-d33eed2c4706 - - - - - -] Successfully bumped revision number for resource 3e455836-dff0-488a-841c-a9474c2fa2c5 (type: ports) to 2
2026-09-03 17:39:41.757 10 INFO neutron.services.segments.plugin [-] Segment 7a4fc400-712b-4f8e-9f55-c119c6a51879 resource provider not found; error: Placement Client Error (4xx): {"errors": [{"status": 404, "title": "Not Found", "detail": "The resource could not be found.\n\n No resource provider with uuid 7a4fc400-712b-4f8e-9f55-c119c6a51879 found for delete ", "request_id": "req-cef72aa7-5f22-4ce3-a483-61ec7c38c83a"}]}
2026-09-03 17:39:41.830 10 INFO neutron.services.segments.plugin [-] Segment 7a4fc400-712b-4f8e-9f55-c119c6a51879 resource provider aggregate not found
2026-09-03 17:39:41.838 9 INFO neutron.db.ovn_revision_numbers_db [req-f4e5876f-099d-4acf-af8f-07ab12f7c7da req-1df7367a-c164-44ff-a507-a9300aad8e80 ae14d269361247dba8194315d3848ffa 55eae20e49e74ac9b0552c1cfbde90d7 - - 51da7a234397460f8be2b7ea273ee490 51da7a234397460f8be2b7ea273ee490] Successfully bumped revision number for resource 80c72cd1-a587-487c-8ff1-18dee22128b1 (type: ports) to 2
2026-09-03 17:39:41.845 10 INFO neutron.services.segments.plugin [-] Segment 7a4fc400-712b-4f8e-9f55-c119c6a51879 resource provider not found; error: Placement Client Error (4xx): {"errors": [{"status": 404, "title": "Not Found", "detail": "The resource could not be found.\n\n No resource provider with uuid 7a4fc400-712b-4f8e-9f55-c119c6a51879 found for delete ", "request_id": "req-ab16d006-0a73-4b21-b594-b8d1165c74da"}]}
2026-09-03 17:39:41.879 9 INFO neutron.wsgi [None req-cb6f171d-977e-4448-88e8-2e154ae29eb0 8683bf07304f4692a042f736afa186f7 33988093ee3443979a0495eacaa13164 - - default default] 10.0.0.221 "DELETE /v2.0/security-groups/509d8434-b910-4538-a10d-df8245580d8d HTTP/1.1" status: 204 len: 168 time: 0.4222634
2026-09-03 17:39:41.895 10 INFO neutron.db.ovn_revision_numbers_db [None req-7f4d04f4-56b4-477f-be44-d33eed2c4706 - - - - - -] Successfully bumped revision number for resource 3e455836-dff0-488a-841c-a9474c2fa2c5 (type: router_ports) to 2
2026-09-03 17:39:41.969 10 INFO neutron.wsgi [req-ab994ef1-f3e3-465d-95e1-67911194fae3 req-a0856c34-3773-424b-9482-103e0412ff56 6a526e8ff6ab4372adc72e2341dac1c7 7d4fc3a8ee784d94bd16720732da2448 - - default default] 10.0.0.45 "GET /v2.0/security-groups?name=tempest-securitygroup--1067379043&fields=id&tenant_id=7d4fc3a8ee784d94bd16720732da2448 HTTP/1.1" status: 200 len: 267 time: 0.0428410
2026-09-03 17:39:42.040 10 INFO neutron.wsgi [req-ab994ef1-f3e3-465d-95e1-67911194fae3 req-a7f75786-4c43-4ec1-b24b-ca05ced3c51b 6a526e8ff6ab4372adc72e2341dac1c7 7d4fc3a8ee784d94bd16720732da2448 - - default default] 10.0.0.45 "GET /v2.0/networks?id=50eda384-3e75-42c7-98e1-e8819d440506 HTTP/1.1" status: 200 len: 878 time: 0.0627594
2026-09-03 17:39:42.050 9 INFO neutron.db.ovn_revision_numbers_db [req-f4e5876f-099d-4acf-af8f-07ab12f7c7da req-1df7367a-c164-44ff-a507-a9300aad8e80 ae14d269361247dba8194315d3848ffa 55eae20e49e74ac9b0552c1cfbde90d7 - - 51da7a234397460f8be2b7ea273ee490 51da7a234397460f8be2b7ea273ee490] Successfully bumped revision number for resource 80c72cd1-a587-487c-8ff1-18dee22128b1 (type: ports) to 2
2026-09-03 17:39:42.058 10 INFO neutron.wsgi [req-ab994ef1-f3e3-465d-95e1-67911194fae3 req-8d374526-fa05-4f8d-97a2-38da8805ed3e 6a526e8ff6ab4372adc72e2341dac1c7 7d4fc3a8ee784d94bd16720732da2448 - - default default] 10.0.0.45 "GET /v2.0/quotas/7d4fc3a8ee784d94bd16720732da2448 HTTP/1.1" status: 200 len: 386 time: 0.0097063
2026-09-03 17:39:42.068 9 INFO neutron.wsgi [req-f4e5876f-099d-4acf-af8f-07ab12f7c7da req-1df7367a-c164-44ff-a507-a9300aad8e80 ae14d269361247dba8194315d3848ffa 55eae20e49e74ac9b0552c1cfbde90d7 - - 51da7a234397460f8be2b7ea273ee490 51da7a234397460f8be2b7ea273ee490] 162.253.55.242 "PUT /v2.0/ports/80c72cd1-a587-487c-8ff1-18dee22128b1 HTTP/1.1" status: 200 len: 1376 time: 0.8973823
2026-09-03 17:39:42.161 10 INFO neutron.wsgi [req-ab994ef1-f3e3-465d-95e1-67911194fae3 req-291c15b4-77e4-4444-8555-e9b8e6d6b734 6a526e8ff6ab4372adc72e2341dac1c7 7d4fc3a8ee784d94bd16720732da2448 - - default default] 10.0.0.45 "GET /v2.0/ports?tenant_id=7d4fc3a8ee784d94bd16720732da2448&fields=id HTTP/1.1" status: 200 len: 302 time: 0.0956368 /var/lib/openstack/lib/python3.10/site-packages/pycadf/identifier.py:71: UserWarning: Invalid uuid: neutron. To ensure interoperability, identifiers should be a valid uuid. warnings.warn(('Invalid uuid: %s. To ensure interoperability, '
2026-09-03 17:39:42.211 10 INFO neutron.wsgi [req-a2b29711-bdaf-44f6-82db-782d4765d413 req-2c4a6cb4-f6ca-4398-80f3-20d07e205f71 b6e27e4c17144f079a8a324c171c6ae2 f0085bf77d62460c96d3517193fdf02f - - default default] 10.0.0.45 "GET /v2.0/ports?device_id=93a0adc0-c042-4a01-ad20-8f5fa860dcd5 HTTP/1.1" status: 200 len: 1168 time: 0.0382276
2026-09-03 17:39:42.248 10 INFO neutron.wsgi [req-ab994ef1-f3e3-465d-95e1-67911194fae3 req-e0f8880b-20d7-4d27-b5ca-0ce849039aaa ae14d269361247dba8194315d3848ffa 55eae20e49e74ac9b0552c1cfbde90d7 - - 51da7a234397460f8be2b7ea273ee490 51da7a234397460f8be2b7ea273ee490] 10.0.0.45 "GET /v2.0/networks/50eda384-3e75-42c7-98e1-e8819d440506?fields=segments HTTP/1.1" status: 200 len: 212 time: 0.0681114
2026-09-03 17:39:42.251 9 INFO neutron.wsgi [req-f4e5876f-099d-4acf-af8f-07ab12f7c7da req-e5a5b7d4-5e8e-4695-894e-b04d63e7d950 ae14d269361247dba8194315d3848ffa 55eae20e49e74ac9b0552c1cfbde90d7 - - 51da7a234397460f8be2b7ea273ee490 51da7a234397460f8be2b7ea273ee490] 162.253.55.242 "GET /v2.0/ports?tenant_id=f0085bf77d62460c96d3517193fdf02f&device_id=93a0adc0-c042-4a01-ad20-8f5fa860dcd5 HTTP/1.1" status: 200 len: 1407 time: 0.0961778
2026-09-03 17:39:42.262 10 INFO neutron.wsgi [req-a2b29711-bdaf-44f6-82db-782d4765d413 req-fdd43d8c-b6e9-405d-bc3e-fa003df8f735 b6e27e4c17144f079a8a324c171c6ae2 f0085bf77d62460c96d3517193fdf02f - - default default] 10.0.0.45 "GET /v2.0/security-groups?id=01bcbde9-b1c8-4811-9c1c-cd935926f542&fields=id&fields=name HTTP/1.1" status: 200 len: 313 time: 0.0443089
2026-09-03 17:39:42.291 9 INFO neutron.wsgi [req-f4e5876f-099d-4acf-af8f-07ab12f7c7da req-4d0254f8-acf5-4ec2-99a5-1307664c9378 ae14d269361247dba8194315d3848ffa 55eae20e49e74ac9b0552c1cfbde90d7 - - 51da7a234397460f8be2b7ea273ee490 51da7a234397460f8be2b7ea273ee490] 162.253.55.242 "GET /v2.0/floatingips?fixed_ip_address=10.100.0.3&port_id=80c72cd1-a587-487c-8ff1-18dee22128b1 HTTP/1.1" status: 200 len: 217 time: 0.0339375
2026-09-03 17:39:42.319 9 INFO neutron.wsgi [req-0beb9ca2-f393-45b3-aa2e-6ee35c7825e0 req-8b9f7802-aea1-4b8c-986c-2aacd2e06d24 24fa0888e78444b28906bf591c4cdc9d b1904bc261b34041ad5ede030dc4a28b - - default default] 162.253.55.242 "GET /v2.0/networks?id=5671a3ee-4028-45e9-860e-4172165c43b3 HTTP/1.1" status: 200 len: 874 time: 0.1623521
2026-09-03 17:39:42.346 9 INFO neutron.wsgi [req-f4e5876f-099d-4acf-af8f-07ab12f7c7da req-49bc877f-5b41-4f84-9b47-3a39231d09f0 ae14d269361247dba8194315d3848ffa 55eae20e49e74ac9b0552c1cfbde90d7 - - 51da7a234397460f8be2b7ea273ee490 51da7a234397460f8be2b7ea273ee490] 162.253.55.242 "GET /v2.0/subnets?id=86661b7e-507f-4bc5-baca-89fdf172fe92 HTTP/1.1" status: 200 len: 877 time: 0.0509217
2026-09-03 17:39:42.353 10 INFO neutron.wsgi [req-ab994ef1-f3e3-465d-95e1-67911194fae3 req-c1896ead-b4e1-4f31-bf91-3d7d573a6b0c ae14d269361247dba8194315d3848ffa 55eae20e49e74ac9b0552c1cfbde90d7 - - 51da7a234397460f8be2b7ea273ee490 51da7a234397460f8be2b7ea273ee490] 10.0.0.45 "GET /v2.0/networks/50eda384-3e75-42c7-98e1-e8819d440506?fields=provider%3Aphysical_network&fields=provider%3Anetwork_type HTTP/1.1" status: 200 len: 277 time: 0.0902441
2026-09-03 17:39:42.407 9 INFO neutron.wsgi [req-0beb9ca2-f393-45b3-aa2e-6ee35c7825e0 req-383bdcd7-ce84-4f9e-87b8-a157e57b760b 24fa0888e78444b28906bf591c4cdc9d b1904bc261b34041ad5ede030dc4a28b - - default default] 162.253.55.242 "GET /v2.0/security-groups?fields=id&fields=name&tenant_id=b1904bc261b34041ad5ede030dc4a28b HTTP/1.1" status: 200 len: 380 time: 0.0840490
2026-09-03 17:39:42.417 9 INFO neutron.wsgi [req-f4e5876f-099d-4acf-af8f-07ab12f7c7da req-89c258c5-6a94-4bd4-a8c7-3c1445565c7e ae14d269361247dba8194315d3848ffa 55eae20e49e74ac9b0552c1cfbde90d7 - - 51da7a234397460f8be2b7ea273ee490 51da7a234397460f8be2b7ea273ee490] 162.253.55.242 "GET /v2.0/ports?network_id=6b2af94e-bee7-4fc5-8732-8c54f6eaee1c&device_owner=network%3Adhcp HTTP/1.1" status: 200 len: 210 time: 0.0512693
2026-09-03 17:39:42.514 10 INFO neutron.wsgi [-] 10.0.0.90 "GET / HTTP/1.1" status: 200 len: 247 time: 0.0030258
2026-09-03 17:39:42.517 10 INFO neutron.wsgi [-] 10.0.0.90 "GET / HTTP/1.1" status: 200 len: 247 time: 0.0019774
2026-09-03 17:39:42.535 10 INFO neutron.wsgi [req-e8b17343-b5a6-45cd-8d0f-7217c48bd532 req-a64a4b37-234d-45cd-9f8b-889a849916ce 24fa0888e78444b28906bf591c4cdc9d b1904bc261b34041ad5ede030dc4a28b - - default default] 10.0.0.45 "GET /v2.0/ports?device_id=5684acd5-19f2-4fcf-a133-87f1b8f8ca45 HTTP/1.1" status: 200 len: 210 time: 0.0425372
2026-09-03 17:39:42.576 9 INFO neutron.wsgi [req-f4e5876f-099d-4acf-af8f-07ab12f7c7da req-afd380ad-18ed-46e7-ab9d-20a9368d0e05 ae14d269361247dba8194315d3848ffa 55eae20e49e74ac9b0552c1cfbde90d7 - - 51da7a234397460f8be2b7ea273ee490 51da7a234397460f8be2b7ea273ee490] 162.253.55.242 "GET /v2.0/networks/6b2af94e-bee7-4fc5-8732-8c54f6eaee1c?fields=segments HTTP/1.1" status: 200 len: 212 time: 0.1404531
2026-09-03 17:39:42.675 9 INFO neutron.notifiers.nova [-] Nova event matching ['req-e82bb3f4-20a8-46bf-a834-44cc71912601'] response: {'name': 'network-changed', 'server_uuid': '93a0adc0-c042-4a01-ad20-8f5fa860dcd5', 'tag': '80c72cd1-a587-487c-8ff1-18dee22128b1', 'status': 'completed', 'code': 200}
2026-09-03 17:39:42.684 9 INFO neutron.wsgi [req-f4e5876f-099d-4acf-af8f-07ab12f7c7da req-f9fb401f-8486-420a-9463-a878cee3d980 ae14d269361247dba8194315d3848ffa 55eae20e49e74ac9b0552c1cfbde90d7 - - 51da7a234397460f8be2b7ea273ee490 51da7a234397460f8be2b7ea273ee490] 162.253.55.242 "GET /v2.0/networks/6b2af94e-bee7-4fc5-8732-8c54f6eaee1c?fields=provider%3Aphysical_network&fields=provider%3Anetwork_type HTTP/1.1" status: 200 len: 277 time: 0.0999813
2026-09-03 17:39:42.732 10 INFO neutron.wsgi [req-160642f3-9851-4ad9-8ec4-a735bee3c86d req-c39c0581-1b05-475b-b4a8-e1dc03266bf3 6a526e8ff6ab4372adc72e2341dac1c7 7d4fc3a8ee784d94bd16720732da2448 - - default default] 10.0.0.45 "GET /v2.0/ports?device_id=dbe315cf-c5a9-4edb-924d-ee3ec3dbb92f HTTP/1.1" status: 200 len: 210 time: 0.0277128
2026-09-03 17:39:42.800 9 INFO neutron.wsgi [req-8cb8939a-c6c8-486a-abdf-9f110f8abe2c req-ef093e1a-433c-4969-9fea-e49c619ad727 ae14d269361247dba8194315d3848ffa 55eae20e49e74ac9b0552c1cfbde90d7 - - 51da7a234397460f8be2b7ea273ee490 51da7a234397460f8be2b7ea273ee490] 162.253.55.242 "GET /v2.0/ports?tenant_id=f0085bf77d62460c96d3517193fdf02f&device_id=93a0adc0-c042-4a01-ad20-8f5fa860dcd5 HTTP/1.1" status: 200 len: 1407 time: 0.0579937
2026-09-03 17:39:42.890 9 INFO neutron.wsgi [req-8cb8939a-c6c8-486a-abdf-9f110f8abe2c req-ef61f323-857d-4b6b-ae9c-ade74e23a540 ae14d269361247dba8194315d3848ffa 55eae20e49e74ac9b0552c1cfbde90d7 - - 51da7a234397460f8be2b7ea273ee490 51da7a234397460f8be2b7ea273ee490] 162.253.55.242 "GET /v2.0/networks?id=6b2af94e-bee7-4fc5-8732-8c54f6eaee1c HTTP/1.1" status: 200 len: 982 time: 0.0833862
2026-09-03 17:39:42.902 9 WARNING neutron.scheduler.dhcp_agent_scheduler [req-0beb9ca2-f393-45b3-aa2e-6ee35c7825e0 req-1f82323f-dd12-480b-9bcd-4ad004198b2d 24fa0888e78444b28906bf591c4cdc9d b1904bc261b34041ad5ede030dc4a28b - - default default] No more DHCP agents /var/lib/openstack/lib/python3.10/site-packages/pycadf/identifier.py:71: UserWarning: Invalid uuid: neutron. To ensure interoperability, identifiers should be a valid uuid. warnings.warn(('Invalid uuid: %s. To ensure interoperability, '
2026-09-03 17:39:42.909 9 WARNING neutron.api.rpc.agentnotifiers.dhcp_rpc_agent_api [req-0beb9ca2-f393-45b3-aa2e-6ee35c7825e0 req-1f82323f-dd12-480b-9bcd-4ad004198b2d 24fa0888e78444b28906bf591c4cdc9d b1904bc261b34041ad5ede030dc4a28b - - default default] Unable to schedule network 5671a3ee-4028-45e9-860e-4172165c43b3: no agents available; will retry on subsequent port and subnet creation events.
2026-09-03 17:39:42.921 9 INFO neutron.wsgi [req-8cb8939a-c6c8-486a-abdf-9f110f8abe2c req-f7f7678f-bad4-40db-a3bf-edb1888d69b7 ae14d269361247dba8194315d3848ffa 55eae20e49e74ac9b0552c1cfbde90d7 - - 51da7a234397460f8be2b7ea273ee490 51da7a234397460f8be2b7ea273ee490] 162.253.55.242 "GET /v2.0/floatingips?fixed_ip_address=10.100.0.3&port_id=80c72cd1-a587-487c-8ff1-18dee22128b1 HTTP/1.1" status: 200 len: 217 time: 0.0244174 /var/lib/openstack/lib/python3.10/site-packages/pycadf/identifier.py:71: UserWarning: Invalid uuid: neutron. To ensure interoperability, identifiers should be a valid uuid. warnings.warn(('Invalid uuid: %s. To ensure interoperability, '
2026-09-03 17:39:42.960 9 INFO neutron.wsgi [req-8cb8939a-c6c8-486a-abdf-9f110f8abe2c req-1c81e513-4fc7-4ed4-bfc0-3e1f0377bea5 ae14d269361247dba8194315d3848ffa 55eae20e49e74ac9b0552c1cfbde90d7 - - 51da7a234397460f8be2b7ea273ee490 51da7a234397460f8be2b7ea273ee490] 162.253.55.242 "GET /v2.0/subnets?id=86661b7e-507f-4bc5-baca-89fdf172fe92 HTTP/1.1" status: 200 len: 877 time: 0.0335541
2026-09-03 17:39:42.987 9 INFO neutron.wsgi [req-8cb8939a-c6c8-486a-abdf-9f110f8abe2c req-3a08c18b-ac3e-4198-920c-000caef8ee1d ae14d269361247dba8194315d3848ffa 55eae20e49e74ac9b0552c1cfbde90d7 - - 51da7a234397460f8be2b7ea273ee490 51da7a234397460f8be2b7ea273ee490] 162.253.55.242 "GET /v2.0/ports?network_id=6b2af94e-bee7-4fc5-8732-8c54f6eaee1c&device_owner=network%3Adhcp HTTP/1.1" status: 200 len: 210 time: 0.0200524
2026-09-03 17:39:43.098 9 INFO neutron.wsgi [req-8cb8939a-c6c8-486a-abdf-9f110f8abe2c req-a2463e5a-f44f-4321-82df-067db70bcaf7 ae14d269361247dba8194315d3848ffa 55eae20e49e74ac9b0552c1cfbde90d7 - - 51da7a234397460f8be2b7ea273ee490 51da7a234397460f8be2b7ea273ee490] 162.253.55.242 "GET /v2.0/networks/6b2af94e-bee7-4fc5-8732-8c54f6eaee1c?fields=segments HTTP/1.1" status: 200 len: 212 time: 0.1027517
2026-09-03 17:39:43.122 9 INFO neutron.db.ovn_revision_numbers_db [req-0beb9ca2-f393-45b3-aa2e-6ee35c7825e0 req-1f82323f-dd12-480b-9bcd-4ad004198b2d 24fa0888e78444b28906bf591c4cdc9d b1904bc261b34041ad5ede030dc4a28b - - default default] Successfully bumped revision number for resource f7aa076e-0053-4489-8210-1379e3a14621 (type: ports) to 1
2026-09-03 17:39:43.163 9 INFO neutron.wsgi [req-0beb9ca2-f393-45b3-aa2e-6ee35c7825e0 req-1f82323f-dd12-480b-9bcd-4ad004198b2d 24fa0888e78444b28906bf591c4cdc9d b1904bc261b34041ad5ede030dc4a28b - - default default] 162.253.55.242 "POST /v2.0/ports HTTP/1.1" status: 201 len: 1162 time: 0.7500513
2026-09-03 17:39:43.178 9 INFO neutron.wsgi [req-8cb8939a-c6c8-486a-abdf-9f110f8abe2c req-dd5d4b28-a68d-4632-a04f-0cc8b9ab78f3 ae14d269361247dba8194315d3848ffa 55eae20e49e74ac9b0552c1cfbde90d7 - - 51da7a234397460f8be2b7ea273ee490 51da7a234397460f8be2b7ea273ee490] 162.253.55.242 "GET /v2.0/networks/6b2af94e-bee7-4fc5-8732-8c54f6eaee1c?fields=provider%3Aphysical_network&fields=provider%3Anetwork_type HTTP/1.1" status: 200 len: 277 time: 0.0717833
2026-09-03 17:39:43.457 10 INFO neutron.wsgi [req-4856bd65-db28-4451-92c9-880604250773 req-c5f14f8b-7c66-4f4d-9f24-8b719c5980d1 b6e27e4c17144f079a8a324c171c6ae2 f0085bf77d62460c96d3517193fdf02f - - default default] 10.0.0.45 "GET /v2.0/ports?device_id=93a0adc0-c042-4a01-ad20-8f5fa860dcd5 HTTP/1.1" status: 200 len: 1168 time: 0.0936294
2026-09-03 17:39:43.498 10 INFO neutron.wsgi [req-4856bd65-db28-4451-92c9-880604250773 req-9efac67e-4709-42da-bd44-75bc3fde5461 b6e27e4c17144f079a8a324c171c6ae2 f0085bf77d62460c96d3517193fdf02f - - default default] 10.0.0.45 "GET /v2.0/security-groups?id=01bcbde9-b1c8-4811-9c1c-cd935926f542&fields=id&fields=name HTTP/1.1" status: 200 len: 313 time: 0.0345144
2026-09-03 17:39:43.695 9 INFO neutron.db.ovn_revision_numbers_db [req-0beb9ca2-f393-45b3-aa2e-6ee35c7825e0 req-6bb9bb54-1792-4ee2-9212-36664b3d4078 ae14d269361247dba8194315d3848ffa 55eae20e49e74ac9b0552c1cfbde90d7 - - 51da7a234397460f8be2b7ea273ee490 51da7a234397460f8be2b7ea273ee490] Successfully bumped revision number for resource f7aa076e-0053-4489-8210-1379e3a14621 (type: ports) to 2
2026-09-03 17:39:43.832 10 INFO neutron.wsgi [req-bbc317e1-31e3-4916-9f47-8acf3ec496b4 req-57bf5c62-6c49-4f45-9f99-67ae4b7c2c9d 24fa0888e78444b28906bf591c4cdc9d b1904bc261b34041ad5ede030dc4a28b - - default default] 10.0.0.45 "GET /v2.0/ports?device_id=5684acd5-19f2-4fcf-a133-87f1b8f8ca45 HTTP/1.1" status: 200 len: 1172 time: 0.0580926
2026-09-03 17:39:43.843 10 INFO neutron.wsgi [req-e6ef7049-f62f-4db9-8797-4deb31900e78 req-477b7eab-ea93-4791-864d-c0be2ee672a7 6a526e8ff6ab4372adc72e2341dac1c7 7d4fc3a8ee784d94bd16720732da2448 - - default default] 10.0.0.45 "GET /v2.0/ports?device_id=dbe315cf-c5a9-4edb-924d-ee3ec3dbb92f HTTP/1.1" status: 200 len: 210 time: 0.0355816
2026-09-03 17:39:43.880 10 INFO neutron.wsgi [req-bbc317e1-31e3-4916-9f47-8acf3ec496b4 req-8e971e19-d4ac-4c85-b70c-1c656fffce14 24fa0888e78444b28906bf591c4cdc9d b1904bc261b34041ad5ede030dc4a28b - - default default] 10.0.0.45 "GET /v2.0/security-groups?id=98154ef0-d159-4110-a017-6fafcc38b51f&fields=id&fields=name HTTP/1.1" status: 200 len: 313 time: 0.0398805 /var/lib/openstack/lib/python3.10/site-packages/pycadf/identifier.py:71: UserWarning: Invalid uuid: neutron. To ensure interoperability, identifiers should be a valid uuid. warnings.warn(('Invalid uuid: %s. To ensure interoperability, '
2026-09-03 17:39:43.948 9 INFO neutron.db.ovn_revision_numbers_db [req-0beb9ca2-f393-45b3-aa2e-6ee35c7825e0 req-6bb9bb54-1792-4ee2-9212-36664b3d4078 ae14d269361247dba8194315d3848ffa 55eae20e49e74ac9b0552c1cfbde90d7 - - 51da7a234397460f8be2b7ea273ee490 51da7a234397460f8be2b7ea273ee490] Successfully bumped revision number for resource f7aa076e-0053-4489-8210-1379e3a14621 (type: ports) to 2
2026-09-03 17:39:43.959 9 INFO neutron.wsgi [req-ab994ef1-f3e3-465d-95e1-67911194fae3 req-1cf8b2f2-bb56-475c-ae6b-b0e6441d6282 6a526e8ff6ab4372adc72e2341dac1c7 7d4fc3a8ee784d94bd16720732da2448 - - default default] 162.253.55.242 "GET /v2.0/networks?id=50eda384-3e75-42c7-98e1-e8819d440506 HTTP/1.1" status: 200 len: 878 time: 0.0721283
2026-09-03 17:39:43.974 9 INFO neutron.wsgi [req-0beb9ca2-f393-45b3-aa2e-6ee35c7825e0 req-6bb9bb54-1792-4ee2-9212-36664b3d4078 ae14d269361247dba8194315d3848ffa 55eae20e49e74ac9b0552c1cfbde90d7 - - 51da7a234397460f8be2b7ea273ee490 51da7a234397460f8be2b7ea273ee490] 162.253.55.242 "PUT /v2.0/ports/f7aa076e-0053-4489-8210-1379e3a14621 HTTP/1.1" status: 200 len: 1380 time: 0.7814376
2026-09-03 17:39:44.007 9 INFO neutron.wsgi [req-ab994ef1-f3e3-465d-95e1-67911194fae3 req-a24748fa-069f-41f3-80ef-7be1bb5ee2c1 6a526e8ff6ab4372adc72e2341dac1c7 7d4fc3a8ee784d94bd16720732da2448 - - default default] 162.253.55.242 "GET /v2.0/security-groups?fields=id&fields=name&tenant_id=7d4fc3a8ee784d94bd16720732da2448 HTTP/1.1" status: 200 len: 380 time: 0.0415726
2026-09-03 17:39:44.133 9 INFO neutron.wsgi [req-0beb9ca2-f393-45b3-aa2e-6ee35c7825e0 req-5cbcb7c0-9332-41fe-a351-90a9c07937f1 ae14d269361247dba8194315d3848ffa 55eae20e49e74ac9b0552c1cfbde90d7 - - 51da7a234397460f8be2b7ea273ee490 51da7a234397460f8be2b7ea273ee490] 162.253.55.242 "GET /v2.0/ports?tenant_id=b1904bc261b34041ad5ede030dc4a28b&device_id=5684acd5-19f2-4fcf-a133-87f1b8f8ca45 HTTP/1.1" status: 200 len: 1411 time: 0.0691223
2026-09-03 17:39:44.164 9 INFO neutron.wsgi [req-0beb9ca2-f393-45b3-aa2e-6ee35c7825e0 req-ba28432e-e900-44d2-9aea-b2e1f4040095 ae14d269361247dba8194315d3848ffa 55eae20e49e74ac9b0552c1cfbde90d7 - - 51da7a234397460f8be2b7ea273ee490 51da7a234397460f8be2b7ea273ee490] 162.253.55.242 "GET /v2.0/floatingips?fixed_ip_address=10.100.0.14&port_id=f7aa076e-0053-4489-8210-1379e3a14621 HTTP/1.1" status: 200 len: 217 time: 0.0232489
2026-09-03 17:39:44.209 9 INFO neutron.wsgi [req-0beb9ca2-f393-45b3-aa2e-6ee35c7825e0 req-4fa1497c-c5bd-4c42-be9d-8577ea7bff6b ae14d269361247dba8194315d3848ffa 55eae20e49e74ac9b0552c1cfbde90d7 - - 51da7a234397460f8be2b7ea273ee490 51da7a234397460f8be2b7ea273ee490] 162.253.55.242 "GET /v2.0/subnets?id=06e1ddd5-5cdf-4f02-9345-60e28d691c35 HTTP/1.1" status: 200 len: 868 time: 0.0378096
2026-09-03 17:39:44.242 9 INFO neutron.wsgi [req-0beb9ca2-f393-45b3-aa2e-6ee35c7825e0 req-56314571-7bd6-468a-a8f1-7269fc01b520 ae14d269361247dba8194315d3848ffa 55eae20e49e74ac9b0552c1cfbde90d7 - - 51da7a234397460f8be2b7ea273ee490 51da7a234397460f8be2b7ea273ee490] 162.253.55.242 "GET /v2.0/ports?network_id=5671a3ee-4028-45e9-860e-4172165c43b3&device_owner=network%3Adhcp HTTP/1.1" status: 200 len: 210 time: 0.0276005
2026-09-03 17:39:44.337 9 INFO neutron.wsgi [req-0beb9ca2-f393-45b3-aa2e-6ee35c7825e0 req-a581265b-07ff-44dc-bdfb-1ff6de107267 ae14d269361247dba8194315d3848ffa 55eae20e49e74ac9b0552c1cfbde90d7 - - 51da7a234397460f8be2b7ea273ee490 51da7a234397460f8be2b7ea273ee490] 162.253.55.242 "GET /v2.0/networks/5671a3ee-4028-45e9-860e-4172165c43b3?fields=segments HTTP/1.1" status: 200 len: 212 time: 0.0859022
2026-09-03 17:39:44.346 9 INFO neutron.db.ovn_revision_numbers_db [None req-8871083b-f06a-4f4b-8114-0141e80faafe 8683bf07304f4692a042f736afa186f7 33988093ee3443979a0495eacaa13164 - - default default] Successfully bumped revision number for resource 7b7d74a6-2e65-4e52-9901-6402c4efdc19 (type: security_groups) to 1
2026-09-03 17:39:44.386 9 INFO neutron.db.ovn_revision_numbers_db [None req-8871083b-f06a-4f4b-8114-0141e80faafe 8683bf07304f4692a042f736afa186f7 33988093ee3443979a0495eacaa13164 - - default default] Successfully bumped revision number for resource 84675c49-c954-491c-a70e-1de7adb87103 (type: security_group_rules) to 0
2026-09-03 17:39:44.427 9 INFO neutron.db.ovn_revision_numbers_db [None req-8871083b-f06a-4f4b-8114-0141e80faafe 8683bf07304f4692a042f736afa186f7 33988093ee3443979a0495eacaa13164 - - default default] Successfully bumped revision number for resource b10c9d37-5cef-4c36-9117-cce86b7da28f (type: security_group_rules) to 0
2026-09-03 17:39:44.444 9 INFO neutron.wsgi [req-0beb9ca2-f393-45b3-aa2e-6ee35c7825e0 req-237fc7ab-fb16-4e11-90bb-d1e6b6cb770c ae14d269361247dba8194315d3848ffa 55eae20e49e74ac9b0552c1cfbde90d7 - - 51da7a234397460f8be2b7ea273ee490 51da7a234397460f8be2b7ea273ee490] 162.253.55.242 "GET /v2.0/networks/5671a3ee-4028-45e9-860e-4172165c43b3?fields=provider%3Aphysical_network&fields=provider%3Anetwork_type HTTP/1.1" status: 200 len: 277 time: 0.0996981
2026-09-03 17:39:44.449 9 INFO neutron.db.ovn_revision_numbers_db [None req-8871083b-f06a-4f4b-8114-0141e80faafe 8683bf07304f4692a042f736afa186f7 33988093ee3443979a0495eacaa13164 - - default default] Successfully bumped revision number for resource de6f7698-e350-447d-a2e2-f23c37c2ec69 (type: security_group_rules) to 0
2026-09-03 17:39:44.474 9 INFO neutron.db.ovn_revision_numbers_db [None req-8871083b-f06a-4f4b-8114-0141e80faafe 8683bf07304f4692a042f736afa186f7 33988093ee3443979a0495eacaa13164 - - default default] Successfully bumped revision number for resource e36be14e-4234-4b3a-8220-2cc484a09f31 (type: security_group_rules) to 0
2026-09-03 17:39:44.525 9 INFO neutron.db.segments_db [None req-8871083b-f06a-4f4b-8114-0141e80faafe 8683bf07304f4692a042f736afa186f7 33988093ee3443979a0495eacaa13164 - - default default] Added segment ae93c4d6-436a-4077-afb2-31d1a6770067 of type geneve for network 2d143741-1f50-4416-9d55-4cd2b1235125
2026-09-03 17:39:44.539 9 WARNING neutron.scheduler.dhcp_agent_scheduler [req-ab994ef1-f3e3-465d-95e1-67911194fae3 req-c9390167-0715-4689-8de1-b500201dff40 6a526e8ff6ab4372adc72e2341dac1c7 7d4fc3a8ee784d94bd16720732da2448 - - default default] No more DHCP agents
2026-09-03 17:39:44.546 9 WARNING neutron.api.rpc.agentnotifiers.dhcp_rpc_agent_api [req-ab994ef1-f3e3-465d-95e1-67911194fae3 req-c9390167-0715-4689-8de1-b500201dff40 6a526e8ff6ab4372adc72e2341dac1c7 7d4fc3a8ee784d94bd16720732da2448 - - default default] Unable to schedule network 50eda384-3e75-42c7-98e1-e8819d440506: no agents available; will retry on subsequent port and subnet creation events.
2026-09-03 17:39:44.642 10 INFO neutron.wsgi [req-ffa78170-6fae-45e9-8ce6-d08bab01d4a2 req-c94a8342-a00a-4cd0-ad5e-07cc45d892f2 b6e27e4c17144f079a8a324c171c6ae2 f0085bf77d62460c96d3517193fdf02f - - default default] 10.0.0.45 "GET /v2.0/ports?device_id=93a0adc0-c042-4a01-ad20-8f5fa860dcd5 HTTP/1.1" status: 200 len: 1168 time: 0.0493331
2026-09-03 17:39:44.687 10 INFO neutron.wsgi [req-ffa78170-6fae-45e9-8ce6-d08bab01d4a2 req-ed88f169-cbb7-4322-b732-b9146c2d7731 b6e27e4c17144f079a8a324c171c6ae2 f0085bf77d62460c96d3517193fdf02f - - default default] 10.0.0.45 "GET /v2.0/security-groups?id=01bcbde9-b1c8-4811-9c1c-cd935926f542&fields=id&fields=name HTTP/1.1" status: 200 len: 313 time: 0.0378730
2026-09-03 17:39:44.720 9 INFO neutron.db.ovn_revision_numbers_db [None req-8871083b-f06a-4f4b-8114-0141e80faafe 8683bf07304f4692a042f736afa186f7 33988093ee3443979a0495eacaa13164 - - default default] Successfully bumped revision number for resource 2d143741-1f50-4416-9d55-4cd2b1235125 (type: networks) to 1
2026-09-03 17:39:44.781 9 INFO neutron.notifiers.nova [-] Nova event matching ['req-53df9d15-fa30-4fe4-bb8c-869fd4d5d3bb'] response: {'name': 'network-changed', 'server_uuid': '5684acd5-19f2-4fcf-a133-87f1b8f8ca45', 'tag': 'f7aa076e-0053-4489-8210-1379e3a14621', 'status': 'completed', 'code': 200} /var/lib/openstack/lib/python3.10/site-packages/pycadf/identifier.py:71: UserWarning: Invalid uuid: neutron. To ensure interoperability, identifiers should be a valid uuid. warnings.warn(('Invalid uuid: %s. To ensure interoperability, '
2026-09-03 17:39:44.819 9 INFO neutron.db.ovn_revision_numbers_db [req-ab994ef1-f3e3-465d-95e1-67911194fae3 req-c9390167-0715-4689-8de1-b500201dff40 6a526e8ff6ab4372adc72e2341dac1c7 7d4fc3a8ee784d94bd16720732da2448 - - default default] Successfully bumped revision number for resource 88a1a30f-8a21-4fd1-97b5-c1da305abcbf (type: ports) to 1
2026-09-03 17:39:44.834 9 INFO neutron.wsgi [req-1f5ea3e3-2db3-4793-b32c-d92a546862e6 req-d4b7e5df-a6bb-4324-bd06-8e8ee0f3f6be ae14d269361247dba8194315d3848ffa 55eae20e49e74ac9b0552c1cfbde90d7 - - 51da7a234397460f8be2b7ea273ee490 51da7a234397460f8be2b7ea273ee490] 162.253.55.242 "GET /v2.0/ports?tenant_id=b1904bc261b34041ad5ede030dc4a28b&device_id=5684acd5-19f2-4fcf-a133-87f1b8f8ca45 HTTP/1.1" status: 200 len: 1411 time: 0.0382771
2026-09-03 17:39:44.889 9 INFO neutron.wsgi [req-ab994ef1-f3e3-465d-95e1-67911194fae3 req-c9390167-0715-4689-8de1-b500201dff40 6a526e8ff6ab4372adc72e2341dac1c7 7d4fc3a8ee784d94bd16720732da2448 - - default default] 162.253.55.242 "POST /v2.0/ports HTTP/1.1" status: 201 len: 1158 time: 0.8272719
2026-09-03 17:39:44.961 9 INFO neutron.wsgi [req-1f5ea3e3-2db3-4793-b32c-d92a546862e6 req-26041ddd-c583-49a5-86cd-6d4486f6683c ae14d269361247dba8194315d3848ffa 55eae20e49e74ac9b0552c1cfbde90d7 - - 51da7a234397460f8be2b7ea273ee490 51da7a234397460f8be2b7ea273ee490] 162.253.55.242 "GET /v2.0/networks?id=5671a3ee-4028-45e9-860e-4172165c43b3 HTTP/1.1" status: 200 len: 973 time: 0.1219773
2026-09-03 17:39:44.985 10 INFO neutron.wsgi [req-af9aec51-1a25-4d8a-94c3-d4f33c8058c3 req-9a381688-aca5-48d4-9033-1064f0fdb1f3 6a526e8ff6ab4372adc72e2341dac1c7 7d4fc3a8ee784d94bd16720732da2448 - - default default] 10.0.0.45 "GET /v2.0/ports?device_id=dbe315cf-c5a9-4edb-924d-ee3ec3dbb92f HTTP/1.1" status: 200 len: 1156 time: 0.0567052
2026-09-03 17:39:44.991 9 INFO neutron.wsgi [req-1f5ea3e3-2db3-4793-b32c-d92a546862e6 req-5ee15169-593a-407f-9a92-9317de84d8c0 ae14d269361247dba8194315d3848ffa 55eae20e49e74ac9b0552c1cfbde90d7 - - 51da7a234397460f8be2b7ea273ee490 51da7a234397460f8be2b7ea273ee490] 162.253.55.242 "GET /v2.0/floatingips?fixed_ip_address=10.100.0.14&port_id=f7aa076e-0053-4489-8210-1379e3a14621 HTTP/1.1" status: 200 len: 217 time: 0.0234342
2026-09-03 17:39:45.035 9 WARNING neutron.scheduler.dhcp_agent_scheduler [None req-8871083b-f06a-4f4b-8114-0141e80faafe 8683bf07304f4692a042f736afa186f7 33988093ee3443979a0495eacaa13164 - - default default] No more DHCP agents
2026-09-03 17:39:45.036 10 INFO neutron.wsgi [req-39cfd7ea-5ae1-4676-a675-f6fe87b4a8ff req-231954dd-c834-4356-a1e2-e87888b85f06 24fa0888e78444b28906bf591c4cdc9d b1904bc261b34041ad5ede030dc4a28b - - default default] 10.0.0.45 "GET /v2.0/ports?device_id=5684acd5-19f2-4fcf-a133-87f1b8f8ca45 HTTP/1.1" status: 200 len: 1172 time: 0.0575032
2026-09-03 17:39:45.039 9 WARNING neutron.api.rpc.agentnotifiers.dhcp_rpc_agent_api [None req-8871083b-f06a-4f4b-8114-0141e80faafe 8683bf07304f4692a042f736afa186f7 33988093ee3443979a0495eacaa13164 - - default default] Unable to schedule network 2d143741-1f50-4416-9d55-4cd2b1235125: no agents available; will retry on subsequent port and subnet creation events.
2026-09-03 17:39:45.046 9 INFO neutron.wsgi [req-1f5ea3e3-2db3-4793-b32c-d92a546862e6 req-0db036c7-b320-4c37-b373-76c3d65bf4d6 ae14d269361247dba8194315d3848ffa 55eae20e49e74ac9b0552c1cfbde90d7 - - 51da7a234397460f8be2b7ea273ee490 51da7a234397460f8be2b7ea273ee490] 162.253.55.242 "GET /v2.0/subnets?id=06e1ddd5-5cdf-4f02-9345-60e28d691c35 HTTP/1.1" status: 200 len: 868 time: 0.0418582
2026-09-03 17:39:45.053 10 INFO neutron.wsgi [req-af9aec51-1a25-4d8a-94c3-d4f33c8058c3 req-794ae949-6878-4f96-89be-30d57fbfd39b 6a526e8ff6ab4372adc72e2341dac1c7 7d4fc3a8ee784d94bd16720732da2448 - - default default] 10.0.0.45 "GET /v2.0/security-groups?id=132ab63e-a001-4775-8c2f-52fa6da0be8e&fields=id&fields=name HTTP/1.1" status: 200 len: 313 time: 0.0605507
2026-09-03 17:39:45.077 10 INFO neutron.wsgi [req-39cfd7ea-5ae1-4676-a675-f6fe87b4a8ff req-e1327198-f76a-4d16-a095-6831d409d447 24fa0888e78444b28906bf591c4cdc9d b1904bc261b34041ad5ede030dc4a28b - - default default] 10.0.0.45 "GET /v2.0/security-groups?id=98154ef0-d159-4110-a017-6fafcc38b51f&fields=id&fields=name HTTP/1.1" status: 200 len: 313 time: 0.0364742
2026-09-03 17:39:45.079 9 INFO neutron.wsgi [req-1f5ea3e3-2db3-4793-b32c-d92a546862e6 req-c460fc84-6af2-44c3-bfe1-7e9ed9e265a7 ae14d269361247dba8194315d3848ffa 55eae20e49e74ac9b0552c1cfbde90d7 - - 51da7a234397460f8be2b7ea273ee490 51da7a234397460f8be2b7ea273ee490] 162.253.55.242 "GET /v2.0/ports?network_id=5671a3ee-4028-45e9-860e-4172165c43b3&device_owner=network%3Adhcp HTTP/1.1" status: 200 len: 210 time: 0.0272522
2026-09-03 17:39:45.293 9 INFO neutron.wsgi [req-1f5ea3e3-2db3-4793-b32c-d92a546862e6 req-5d99969e-c0f9-4c63-b411-659524ce1480 ae14d269361247dba8194315d3848ffa 55eae20e49e74ac9b0552c1cfbde90d7 - - 51da7a234397460f8be2b7ea273ee490 51da7a234397460f8be2b7ea273ee490] 162.253.55.242 "GET /v2.0/networks/5671a3ee-4028-45e9-860e-4172165c43b3?fields=segments HTTP/1.1" status: 200 len: 212 time: 0.2079053
2026-09-03 17:39:45.308 9 INFO neutron.db.ovn_revision_numbers_db [None req-8871083b-f06a-4f4b-8114-0141e80faafe 8683bf07304f4692a042f736afa186f7 33988093ee3443979a0495eacaa13164 - - default default] Successfully bumped revision number for resource 2613b954-c26c-46f9-bffd-6a619a342811 (type: ports) to 1
2026-09-03 17:39:45.350 9 INFO neutron.wsgi [None req-8871083b-f06a-4f4b-8114-0141e80faafe 8683bf07304f4692a042f736afa186f7 33988093ee3443979a0495eacaa13164 - - default default] 10.0.0.221 "POST /v2.0/networks HTTP/1.1" status: 201 len: 946 time: 1.5265224
2026-09-03 17:39:45.391 9 INFO neutron.wsgi [req-1f5ea3e3-2db3-4793-b32c-d92a546862e6 req-14e40c98-1574-4216-bd37-88a34d45312a ae14d269361247dba8194315d3848ffa 55eae20e49e74ac9b0552c1cfbde90d7 - - 51da7a234397460f8be2b7ea273ee490 51da7a234397460f8be2b7ea273ee490] 162.253.55.242 "GET /v2.0/networks/5671a3ee-4028-45e9-860e-4172165c43b3?fields=provider%3Aphysical_network&fields=provider%3Anetwork_type HTTP/1.1" status: 200 len: 277 time: 0.0900857
2026-09-03 17:39:45.524 10 WARNING neutron.scheduler.dhcp_agent_scheduler [None req-608eb22b-d09d-4989-9303-68ce6c548fba 8683bf07304f4692a042f736afa186f7 33988093ee3443979a0495eacaa13164 - - default default] No more DHCP agents
2026-09-03 17:39:45.526 10 WARNING neutron.api.rpc.agentnotifiers.dhcp_rpc_agent_api [None req-608eb22b-d09d-4989-9303-68ce6c548fba 8683bf07304f4692a042f736afa186f7 33988093ee3443979a0495eacaa13164 - - default default] Unable to schedule network 2d143741-1f50-4416-9d55-4cd2b1235125: no agents available; will retry on subsequent port and subnet creation events.
2026-09-03 17:39:45.591 9 INFO neutron.db.ovn_revision_numbers_db [req-ab994ef1-f3e3-465d-95e1-67911194fae3 req-3da17a79-22b9-4182-87ee-03f0cebe53f9 ae14d269361247dba8194315d3848ffa 55eae20e49e74ac9b0552c1cfbde90d7 - - 51da7a234397460f8be2b7ea273ee490 51da7a234397460f8be2b7ea273ee490] Successfully bumped revision number for resource 88a1a30f-8a21-4fd1-97b5-c1da305abcbf (type: ports) to 2
2026-09-03 17:39:45.764 9 INFO neutron.db.ovn_revision_numbers_db [req-ab994ef1-f3e3-465d-95e1-67911194fae3 req-3da17a79-22b9-4182-87ee-03f0cebe53f9 ae14d269361247dba8194315d3848ffa 55eae20e49e74ac9b0552c1cfbde90d7 - - 51da7a234397460f8be2b7ea273ee490 51da7a234397460f8be2b7ea273ee490] Successfully bumped revision number for resource 88a1a30f-8a21-4fd1-97b5-c1da305abcbf (type: ports) to 2
2026-09-03 17:39:45.775 9 INFO neutron.wsgi [req-ab994ef1-f3e3-465d-95e1-67911194fae3 req-3da17a79-22b9-4182-87ee-03f0cebe53f9 ae14d269361247dba8194315d3848ffa 55eae20e49e74ac9b0552c1cfbde90d7 - - 51da7a234397460f8be2b7ea273ee490 51da7a234397460f8be2b7ea273ee490] 162.253.55.242 "PUT /v2.0/ports/88a1a30f-8a21-4fd1-97b5-c1da305abcbf HTTP/1.1" status: 200 len: 1376 time: 0.8810427 /var/lib/openstack/lib/python3.10/site-packages/pycadf/identifier.py:71: UserWarning: Invalid uuid: neutron. To ensure interoperability, identifiers should be a valid uuid. warnings.warn(('Invalid uuid: %s. To ensure interoperability, '
2026-09-03 17:39:45.820 10 INFO neutron.wsgi [req-2ff90a24-240d-4042-a4b5-f9d7abadd4ca req-14a25374-3cf2-435b-8e80-f06cc3ab31f5 b6e27e4c17144f079a8a324c171c6ae2 f0085bf77d62460c96d3517193fdf02f - - default default] 10.0.0.45 "GET /v2.0/ports?device_id=93a0adc0-c042-4a01-ad20-8f5fa860dcd5 HTTP/1.1" status: 200 len: 1168 time: 0.0355909
2026-09-03 17:39:45.859 9 INFO neutron.wsgi [req-ab994ef1-f3e3-465d-95e1-67911194fae3 req-50df8a66-55cf-4388-bd6a-932818b6d3c4 ae14d269361247dba8194315d3848ffa 55eae20e49e74ac9b0552c1cfbde90d7 - - 51da7a234397460f8be2b7ea273ee490 51da7a234397460f8be2b7ea273ee490] 162.253.55.242 "GET /v2.0/ports?tenant_id=7d4fc3a8ee784d94bd16720732da2448&device_id=dbe315cf-c5a9-4edb-924d-ee3ec3dbb92f HTTP/1.1" status: 200 len: 1407 time: 0.0435870
2026-09-03 17:39:45.871 10 INFO neutron.wsgi [req-2ff90a24-240d-4042-a4b5-f9d7abadd4ca req-c5821c72-6369-416d-81d3-1627ac8793a8 b6e27e4c17144f079a8a324c171c6ae2 f0085bf77d62460c96d3517193fdf02f - - default default] 10.0.0.45 "GET /v2.0/security-groups?id=01bcbde9-b1c8-4811-9c1c-cd935926f542&fields=id&fields=name HTTP/1.1" status: 200 len: 313 time: 0.0429866
2026-09-03 17:39:45.893 9 INFO neutron.wsgi [req-ab994ef1-f3e3-465d-95e1-67911194fae3 req-94546564-32b6-468e-aabb-684deecd4af9 ae14d269361247dba8194315d3848ffa 55eae20e49e74ac9b0552c1cfbde90d7 - - 51da7a234397460f8be2b7ea273ee490 51da7a234397460f8be2b7ea273ee490] 162.253.55.242 "GET /v2.0/floatingips?fixed_ip_address=10.100.0.5&port_id=88a1a30f-8a21-4fd1-97b5-c1da305abcbf HTTP/1.1" status: 200 len: 217 time: 0.0291877
2026-09-03 17:39:45.931 9 INFO neutron.wsgi [req-ab994ef1-f3e3-465d-95e1-67911194fae3 req-5e019503-5bd3-4e82-aef3-f877c89ac3d5 ae14d269361247dba8194315d3848ffa 55eae20e49e74ac9b0552c1cfbde90d7 - - 51da7a234397460f8be2b7ea273ee490 51da7a234397460f8be2b7ea273ee490] 162.253.55.242 "GET /v2.0/subnets?id=b9319915-1d83-4495-b58f-e760ab91a6cb HTTP/1.1" status: 200 len: 872 time: 0.0311604
2026-09-03 17:39:45.954 9 INFO neutron.wsgi [req-ab994ef1-f3e3-465d-95e1-67911194fae3 req-86ec06d2-92d3-47c2-8d73-0f43776e497f ae14d269361247dba8194315d3848ffa 55eae20e49e74ac9b0552c1cfbde90d7 - - 51da7a234397460f8be2b7ea273ee490 51da7a234397460f8be2b7ea273ee490] 162.253.55.242 "GET /v2.0/ports?network_id=50eda384-3e75-42c7-98e1-e8819d440506&device_owner=network%3Adhcp HTTP/1.1" status: 200 len: 210 time: 0.0180070
2026-09-03 17:39:46.020 9 INFO neutron.wsgi [req-ab994ef1-f3e3-465d-95e1-67911194fae3 req-ae0ab335-2105-4c59-be76-9c77cf4f06c6 ae14d269361247dba8194315d3848ffa 55eae20e49e74ac9b0552c1cfbde90d7 - - 51da7a234397460f8be2b7ea273ee490 51da7a234397460f8be2b7ea273ee490] 162.253.55.242 "GET /v2.0/networks/50eda384-3e75-42c7-98e1-e8819d440506?fields=segments HTTP/1.1" status: 200 len: 212 time: 0.0580590
2026-09-03 17:39:46.054 10 INFO neutron.db.ovn_revision_numbers_db [None req-608eb22b-d09d-4989-9303-68ce6c548fba 8683bf07304f4692a042f736afa186f7 33988093ee3443979a0495eacaa13164 - - default default] Successfully bumped revision number for resource 2613b954-c26c-46f9-bffd-6a619a342811 (type: ports) to 2
2026-09-03 17:39:46.075 9 INFO neutron.wsgi [req-ab994ef1-f3e3-465d-95e1-67911194fae3 req-dd7990d4-8648-45b6-9bb7-4fd1c0eecc13 ae14d269361247dba8194315d3848ffa 55eae20e49e74ac9b0552c1cfbde90d7 - - 51da7a234397460f8be2b7ea273ee490 51da7a234397460f8be2b7ea273ee490] 162.253.55.242 "GET /v2.0/networks/50eda384-3e75-42c7-98e1-e8819d440506?fields=provider%3Aphysical_network&fields=provider%3Anetwork_type HTTP/1.1" status: 200 len: 277 time: 0.0501537
2026-09-03 17:39:46.080 10 INFO neutron.db.ovn_revision_numbers_db [None req-608eb22b-d09d-4989-9303-68ce6c548fba 8683bf07304f4692a042f736afa186f7 33988093ee3443979a0495eacaa13164 - - default default] Successfully bumped revision number for resource 26866147-eb28-4ab5-9cb5-3c4f274dcf85 (type: subnets) to 0
2026-09-03 17:39:46.095 10 INFO neutron.wsgi [None req-608eb22b-d09d-4989-9303-68ce6c548fba 8683bf07304f4692a042f736afa186f7 33988093ee3443979a0495eacaa13164 - - default default] 10.0.0.221 "POST /v2.0/subnets HTTP/1.1" status: 201 len: 866 time: 0.7349961
2026-09-03 17:39:46.259 9 INFO neutron.plugins.ml2.drivers.ovn.mech_driver.mech_driver [None req-fe415599-5e44-400f-bc45-131f6f4fdd6c - - - - - -] OVN reports status up for port: f7aa076e-0053-4489-8210-1379e3a14621
