2026-09-03 17:41:16.346 10 INFO neutron.wsgi [None req-5272a24e-0105-415d-b14e-ce3fec563365 91f802b072d84816b0ce88cda97c39df a032e6b77f4749ccae5708d26280f522 - - default default] 10.0.0.221 "POST /v2.0/ports HTTP/1.1" status: 201 len: 1163 time: 0.4845350
2026-09-03 17:41:16.654 9 WARNING neutron.scheduler.dhcp_agent_scheduler [None req-5c490d78-a49f-4b6e-9d95-6e3970b0201a 9967aad49b6e4a8898ac9473cbd59eb5 8e09c08015434f24b4c669b5217d6ff2 - - default default] No more DHCP agents
2026-09-03 17:41:16.657 9 WARNING neutron.api.rpc.agentnotifiers.dhcp_rpc_agent_api [None req-5c490d78-a49f-4b6e-9d95-6e3970b0201a 9967aad49b6e4a8898ac9473cbd59eb5 8e09c08015434f24b4c669b5217d6ff2 - - default default] Unable to schedule network 510bcb83-8541-4a52-a432-6256d9730ddc: no agents available; will retry on subsequent port and subnet creation events.
2026-09-03 17:41:16.688 10 WARNING neutron.plugins.ml2.drivers.ovn.mech_driver.ovsdb.ovn_client [None req-7f4d04f4-56b4-477f-be44-d33eed2c4706 - - - - - -] No port found with ID b3cbe75c-ccd3-4696-87fd-2944f2cfbd9c: RuntimeError: No port found with ID b3cbe75c-ccd3-4696-87fd-2944f2cfbd9c
2026-09-03 17:41:16.689 10 INFO neutron.plugins.ml2.drivers.ovn.mech_driver.mech_driver [None req-7f4d04f4-56b4-477f-be44-d33eed2c4706 - - - - - -] OVN reports status up for port: 91b6ce2b-099b-423b-94f3-c19e666982aa
2026-09-03 17:41:16.702 10 INFO neutron.db.ovn_revision_numbers_db [None req-634397d4-362f-404f-83e8-cc7a4fa01e5e 93b5d02fd9014badb741bad64d15a4cb 600bf9215d7541dfabb11464b8dbc3c0 - - default default] Successfully bumped revision number for resource efdfaa04-a6dc-4fb7-8579-6d2397fc8709 (type: security_group_rules) to 0
2026-09-03 17:41:16.712 10 INFO neutron.plugins.ml2.plugin [None req-7f4d04f4-56b4-477f-be44-d33eed2c4706 - - - - - -] Attempt 1 to provision port 91b6ce2b-099b-423b-94f3-c19e666982aa
2026-09-03 17:41:16.751 10 INFO neutron.wsgi [None req-634397d4-362f-404f-83e8-cc7a4fa01e5e 93b5d02fd9014badb741bad64d15a4cb 600bf9215d7541dfabb11464b8dbc3c0 - - default default] 10.0.0.221 "POST /v2.0/security-group-rules HTTP/1.1" status: 201 len: 764 time: 0.4730580
2026-09-03 17:41:16.801 9 INFO neutron.db.ovn_revision_numbers_db [None req-5c490d78-a49f-4b6e-9d95-6e3970b0201a 9967aad49b6e4a8898ac9473cbd59eb5 8e09c08015434f24b4c669b5217d6ff2 - - default default] Successfully bumped revision number for resource e89287eb-a9d0-4121-8510-95f88ecbe9e1 (type: ports) to 1
2026-09-03 17:41:16.950 10 INFO neutron.db.ovn_revision_numbers_db [None req-19862613-cb08-43c0-8c62-7072f034eec1 93b5d02fd9014badb741bad64d15a4cb 600bf9215d7541dfabb11464b8dbc3c0 - - default default] Successfully bumped revision number for resource e6be704f-ea98-4313-8f7a-48f3eff03267 (type: security_group_rules) to 0
2026-09-03 17:41:16.992 10 INFO neutron.wsgi [None req-19862613-cb08-43c0-8c62-7072f034eec1 93b5d02fd9014badb741bad64d15a4cb 600bf9215d7541dfabb11464b8dbc3c0 - - default default] 10.0.0.221 "POST /v2.0/security-group-rules HTTP/1.1" status: 201 len: 769 time: 0.2334580
2026-09-03 17:41:17.060 10 INFO neutron.db.ovn_revision_numbers_db [None req-e4a9f1e7-6fc6-470e-b00e-6426f30840a0 91f802b072d84816b0ce88cda97c39df a032e6b77f4749ccae5708d26280f522 - - default default] Successfully bumped revision number for resource 0c49618d-3221-48ed-8d26-9a81c6b0d905 (type: router_ports) to 2
2026-09-03 17:41:17.158 10 INFO neutron.plugins.ml2.drivers.ovn.mech_driver.mech_driver [None req-7f4d04f4-56b4-477f-be44-d33eed2c4706 - - - - - -] OVN reports status up for port: e89287eb-a9d0-4121-8510-95f88ecbe9e1
2026-09-03 17:41:17.173 10 INFO neutron.plugins.ml2.plugin [None req-7f4d04f4-56b4-477f-be44-d33eed2c4706 - - - - - -] Attempt 1 to provision port e89287eb-a9d0-4121-8510-95f88ecbe9e1
2026-09-03 17:41:17.190 10 INFO neutron.db.ovn_revision_numbers_db [None req-e4a9f1e7-6fc6-470e-b00e-6426f30840a0 91f802b072d84816b0ce88cda97c39df a032e6b77f4749ccae5708d26280f522 - - default default] Successfully bumped revision number for resource 0c49618d-3221-48ed-8d26-9a81c6b0d905 (type: ports) to 2
2026-09-03 17:41:17.192 9 INFO neutron.db.ovn_revision_numbers_db [None req-5c490d78-a49f-4b6e-9d95-6e3970b0201a 9967aad49b6e4a8898ac9473cbd59eb5 8e09c08015434f24b4c669b5217d6ff2 - - default default] Successfully bumped revision number for resource e89287eb-a9d0-4121-8510-95f88ecbe9e1 (type: router_ports) to 1
2026-09-03 17:41:17.333 9 WARNING neutron.scheduler.dhcp_agent_scheduler [None req-9305890b-f20e-424d-9b1c-1c47dd015ea3 93b5d02fd9014badb741bad64d15a4cb 600bf9215d7541dfabb11464b8dbc3c0 - - default default] No more DHCP agents
2026-09-03 17:41:17.338 9 WARNING neutron.api.rpc.agentnotifiers.dhcp_rpc_agent_api [None req-9305890b-f20e-424d-9b1c-1c47dd015ea3 93b5d02fd9014badb741bad64d15a4cb 600bf9215d7541dfabb11464b8dbc3c0 - - default default] Unable to schedule network ae883489-5e93-4bf8-bd12-e5df994aa84c: no agents available; will retry on subsequent port and subnet creation events.
2026-09-03 17:41:17.386 9 INFO neutron.db.ovn_revision_numbers_db [None req-5c490d78-a49f-4b6e-9d95-6e3970b0201a 9967aad49b6e4a8898ac9473cbd59eb5 8e09c08015434f24b4c669b5217d6ff2 - - default default] Successfully bumped revision number for resource e89287eb-a9d0-4121-8510-95f88ecbe9e1 (type: ports) to 1
2026-09-03 17:41:17.507 9 WARNING neutron.scheduler.dhcp_agent_scheduler [None req-5c490d78-a49f-4b6e-9d95-6e3970b0201a 9967aad49b6e4a8898ac9473cbd59eb5 8e09c08015434f24b4c669b5217d6ff2 - - default default] No more DHCP agents
2026-09-03 17:41:17.509 9 WARNING neutron.api.rpc.agentnotifiers.dhcp_rpc_agent_api [None req-5c490d78-a49f-4b6e-9d95-6e3970b0201a 9967aad49b6e4a8898ac9473cbd59eb5 8e09c08015434f24b4c669b5217d6ff2 - - default default] Unable to schedule network 510bcb83-8541-4a52-a432-6256d9730ddc: no agents available; will retry on subsequent port and subnet creation events.
2026-09-03 17:41:17.521 10 INFO neutron.db.ovn_revision_numbers_db [None req-7f4d04f4-56b4-477f-be44-d33eed2c4706 - - - - - -] Successfully bumped revision number for resource e89287eb-a9d0-4121-8510-95f88ecbe9e1 (type: ports) to 2 /var/lib/openstack/lib/python3.10/site-packages/pycadf/identifier.py:71: UserWarning: Invalid uuid: neutron. To ensure interoperability, identifiers should be a valid uuid. warnings.warn(('Invalid uuid: %s. To ensure interoperability, '
2026-09-03 17:41:17.750 10 INFO neutron.db.ovn_revision_numbers_db [None req-7f4d04f4-56b4-477f-be44-d33eed2c4706 - - - - - -] Successfully bumped revision number for resource e89287eb-a9d0-4121-8510-95f88ecbe9e1 (type: router_ports) to 2
2026-09-03 17:41:17.756 9 INFO neutron.db.ovn_revision_numbers_db [None req-5c490d78-a49f-4b6e-9d95-6e3970b0201a 9967aad49b6e4a8898ac9473cbd59eb5 8e09c08015434f24b4c669b5217d6ff2 - - default default] Successfully bumped revision number for resource e89287eb-a9d0-4121-8510-95f88ecbe9e1 (type: router_ports) to 2
2026-09-03 17:41:17.757 9 INFO neutron.wsgi [None req-5c490d78-a49f-4b6e-9d95-6e3970b0201a 9967aad49b6e4a8898ac9473cbd59eb5 8e09c08015434f24b4c669b5217d6ff2 - - default default] 10.0.0.221 "PUT /v2.0/routers/3df0db73-b78b-4433-a5a6-534980562814/add_router_interface HTTP/1.1" status: 200 len: 503 time: 1.6878381
2026-09-03 17:41:17.758 9 INFO neutron.db.ovn_revision_numbers_db [None req-9305890b-f20e-424d-9b1c-1c47dd015ea3 93b5d02fd9014badb741bad64d15a4cb 600bf9215d7541dfabb11464b8dbc3c0 - - default default] Successfully bumped revision number for resource 6c5f647f-ef5a-42ac-8f72-30906ca7623a (type: floatingips) to 0
2026-09-03 17:41:17.782 9 INFO neutron.wsgi [None req-9305890b-f20e-424d-9b1c-1c47dd015ea3 93b5d02fd9014badb741bad64d15a4cb 600bf9215d7541dfabb11464b8dbc3c0 - - default default] 10.0.0.221 "POST /v2.0/floatingips HTTP/1.1" status: 201 len: 751 time: 0.7855408
2026-09-03 17:41:17.786 10 INFO neutron.wsgi [req-09bc978c-e129-45ee-a25d-a35d73bca698 req-43669c66-b7bf-49b8-8eea-047a82b912b2 ea7dbb6f692c4169852908313b8c4ab1 d08a2e51a528427ebad2f2e172837f44 - - default default] 10.0.0.45 "GET /v2.0/ports?device_id=935b12b8-1937-4a1d-b3b2-88877df6c9a8 HTTP/1.1" status: 200 len: 1170 time: 0.1684661
2026-09-03 17:41:17.794 9 INFO neutron.wsgi [None req-00a1ce6f-e68b-42b7-892c-385f1e4f4528 9967aad49b6e4a8898ac9473cbd59eb5 8e09c08015434f24b4c669b5217d6ff2 - - default default] 10.0.0.221 "GET /v2.0/ports/e89287eb-a9d0-4121-8510-95f88ecbe9e1 HTTP/1.1" status: 200 len: 1137 time: 0.0307765 /var/lib/openstack/lib/python3.10/site-packages/pycadf/identifier.py:71: UserWarning: Invalid uuid: neutron. To ensure interoperability, identifiers should be a valid uuid. warnings.warn(('Invalid uuid: %s. To ensure interoperability, '
2026-09-03 17:41:17.839 10 INFO neutron.db.ovn_revision_numbers_db [None req-e4a9f1e7-6fc6-470e-b00e-6426f30840a0 91f802b072d84816b0ce88cda97c39df a032e6b77f4749ccae5708d26280f522 - - default default] Successfully bumped revision number for resource 0c49618d-3221-48ed-8d26-9a81c6b0d905 (type: router_ports) to 2
2026-09-03 17:41:17.847 10 INFO neutron.wsgi [req-09bc978c-e129-45ee-a25d-a35d73bca698 req-ee064de1-cc59-4b5e-a380-5d9d0a29547a ea7dbb6f692c4169852908313b8c4ab1 d08a2e51a528427ebad2f2e172837f44 - - default default] 10.0.0.45 "GET /v2.0/security-groups?id=30bb43ab-bbb1-44bf-9395-da1f6951b8aa&fields=id&fields=name HTTP/1.1" status: 200 len: 312 time: 0.0521600
2026-09-03 17:41:17.958 10 INFO neutron.wsgi [req-ea244d97-49b3-479b-b9f3-7f6b0abd8c48 req-287c13e4-34a7-4fc9-99fc-4c20126f73f0 93b5d02fd9014badb741bad64d15a4cb 600bf9215d7541dfabb11464b8dbc3c0 - - default default] 10.0.0.45 "GET /v2.0/security-groups?name=tempest-secgroup-smoke-941304073&fields=id&tenant_id=600bf9215d7541dfabb11464b8dbc3c0 HTTP/1.1" status: 200 len: 267 time: 0.0395405
2026-09-03 17:41:17.994 10 INFO neutron.db.ovn_revision_numbers_db [None req-e4a9f1e7-6fc6-470e-b00e-6426f30840a0 91f802b072d84816b0ce88cda97c39df a032e6b77f4749ccae5708d26280f522 - - default default] Successfully bumped revision number for resource 0c49618d-3221-48ed-8d26-9a81c6b0d905 (type: ports) to 2
2026-09-03 17:41:18.013 10 INFO neutron.wsgi [req-ea244d97-49b3-479b-b9f3-7f6b0abd8c48 req-ab0c8700-7a5e-4104-ad11-76cc29f0c08c 93b5d02fd9014badb741bad64d15a4cb 600bf9215d7541dfabb11464b8dbc3c0 - - default default] 10.0.0.45 "GET /v2.0/security-groups?name=tempest-securitygroup--1849505960&fields=id&tenant_id=600bf9215d7541dfabb11464b8dbc3c0 HTTP/1.1" status: 200 len: 267 time: 0.0450988
2026-09-03 17:41:18.152 10 INFO neutron.wsgi [req-84efc8d3-0e7e-4c62-89cc-52b164354a51 req-7c8ea009-fb8f-41ef-80d8-8c100e43d3d6 ea7dbb6f692c4169852908313b8c4ab1 d08a2e51a528427ebad2f2e172837f44 - - default default] 10.0.0.45 "GET /v2.0/ports?device_id=935b12b8-1937-4a1d-b3b2-88877df6c9a8 HTTP/1.1" status: 200 len: 1170 time: 0.0674648
2026-09-03 17:41:18.196 10 WARNING neutron.scheduler.dhcp_agent_scheduler [None req-e4a9f1e7-6fc6-470e-b00e-6426f30840a0 91f802b072d84816b0ce88cda97c39df a032e6b77f4749ccae5708d26280f522 - - default default] No more DHCP agents
2026-09-03 17:41:18.204 10 INFO neutron.wsgi [req-ea244d97-49b3-479b-b9f3-7f6b0abd8c48 req-b61a3eec-f497-4550-8b0c-3c6f2af153e2 93b5d02fd9014badb741bad64d15a4cb 600bf9215d7541dfabb11464b8dbc3c0 - - default default] 10.0.0.45 "GET /v2.0/networks?id=6b6db384-5082-4ee4-a32f-d5aee0cbb045 HTTP/1.1" status: 200 len: 871 time: 0.1656096
2026-09-03 17:41:18.205 10 WARNING neutron.api.rpc.agentnotifiers.dhcp_rpc_agent_api [None req-e4a9f1e7-6fc6-470e-b00e-6426f30840a0 91f802b072d84816b0ce88cda97c39df a032e6b77f4749ccae5708d26280f522 - - default default] Unable to schedule network d460a7d2-bb70-4a8a-a767-17e822556ee6: no agents available; will retry on subsequent port and subnet creation events.
2026-09-03 17:41:18.217 9 WARNING neutron.scheduler.dhcp_agent_scheduler [None req-657b3367-6bbd-43cc-9365-fc4d94053b94 9967aad49b6e4a8898ac9473cbd59eb5 8e09c08015434f24b4c669b5217d6ff2 - - default default] No more DHCP agents
2026-09-03 17:41:18.220 9 WARNING neutron.api.rpc.agentnotifiers.dhcp_rpc_agent_api [None req-657b3367-6bbd-43cc-9365-fc4d94053b94 9967aad49b6e4a8898ac9473cbd59eb5 8e09c08015434f24b4c669b5217d6ff2 - - default default] Unable to schedule network 9a159200-0be6-482f-9856-801e7a59d6f9: no agents available; will retry on subsequent port and subnet creation events.
2026-09-03 17:41:18.234 10 INFO neutron.wsgi [req-ea244d97-49b3-479b-b9f3-7f6b0abd8c48 req-3593c65f-2616-4713-a422-05222076cd0a 93b5d02fd9014badb741bad64d15a4cb 600bf9215d7541dfabb11464b8dbc3c0 - - default default] 10.0.0.45 "GET /v2.0/quotas/600bf9215d7541dfabb11464b8dbc3c0 HTTP/1.1" status: 200 len: 386 time: 0.0211000
2026-09-03 17:41:18.242 10 INFO neutron.wsgi [req-84efc8d3-0e7e-4c62-89cc-52b164354a51 req-1d09ebac-74ff-4546-92c8-a441e235e99a ea7dbb6f692c4169852908313b8c4ab1 d08a2e51a528427ebad2f2e172837f44 - - default default] 10.0.0.45 "GET /v2.0/security-groups?id=30bb43ab-bbb1-44bf-9395-da1f6951b8aa&fields=id&fields=name HTTP/1.1" status: 200 len: 312 time: 0.0709791
2026-09-03 17:41:18.521 9 INFO neutron.db.ovn_revision_numbers_db [None req-657b3367-6bbd-43cc-9365-fc4d94053b94 9967aad49b6e4a8898ac9473cbd59eb5 8e09c08015434f24b4c669b5217d6ff2 - - default default] Successfully bumped revision number for resource ff638ad9-0141-4fd8-b5fe-0da32d0d6969 (type: ports) to 1
2026-09-03 17:41:18.549 9 INFO neutron.wsgi [req-dc8f8efd-c94e-4805-9e00-509f764f7972 req-e5a7aee8-108d-4d80-a16e-f18283a2f49e ea7dbb6f692c4169852908313b8c4ab1 d08a2e51a528427ebad2f2e172837f44 - - default default] 162.253.55.242 "GET /v2.0/ports?device_id=935b12b8-1937-4a1d-b3b2-88877df6c9a8 HTTP/1.1" status: 200 len: 1170 time: 0.1159472
2026-09-03 17:41:18.565 10 INFO neutron.wsgi [req-ea244d97-49b3-479b-b9f3-7f6b0abd8c48 req-ff7152a1-9e0e-4a29-a604-664fc962b3d0 93b5d02fd9014badb741bad64d15a4cb 600bf9215d7541dfabb11464b8dbc3c0 - - default default] 10.0.0.45 "GET /v2.0/ports?tenant_id=600bf9215d7541dfabb11464b8dbc3c0&fields=id HTTP/1.1" status: 200 len: 302 time: 0.3228898
2026-09-03 17:41:18.681 10 INFO neutron.db.ovn_revision_numbers_db [None req-e4a9f1e7-6fc6-470e-b00e-6426f30840a0 91f802b072d84816b0ce88cda97c39df a032e6b77f4749ccae5708d26280f522 - - default default] Successfully bumped revision number for resource 0c49618d-3221-48ed-8d26-9a81c6b0d905 (type: router_ports) to 2
2026-09-03 17:41:18.683 10 INFO neutron.wsgi [None req-e4a9f1e7-6fc6-470e-b00e-6426f30840a0 91f802b072d84816b0ce88cda97c39df a032e6b77f4749ccae5708d26280f522 - - default default] 10.0.0.221 "PUT /v2.0/routers/932bd89a-33b0-4b01-8416-f3109c4c8cd0/add_router_interface HTTP/1.1" status: 200 len: 503 time: 2.3301556
2026-09-03 17:41:18.685 10 INFO neutron.wsgi [req-ea244d97-49b3-479b-b9f3-7f6b0abd8c48 req-992f5f44-0327-43b3-95a1-f9015b18f3ab ae14d269361247dba8194315d3848ffa 55eae20e49e74ac9b0552c1cfbde90d7 - - 51da7a234397460f8be2b7ea273ee490 51da7a234397460f8be2b7ea273ee490] 10.0.0.45 "GET /v2.0/networks/6b6db384-5082-4ee4-a32f-d5aee0cbb045?fields=segments HTTP/1.1" status: 200 len: 212 time: 0.1022258
2026-09-03 17:41:18.795 10 INFO neutron.wsgi [req-ea244d97-49b3-479b-b9f3-7f6b0abd8c48 req-c790dfee-c92a-4113-8d66-604a48b50773 ae14d269361247dba8194315d3848ffa 55eae20e49e74ac9b0552c1cfbde90d7 - - 51da7a234397460f8be2b7ea273ee490 51da7a234397460f8be2b7ea273ee490] 10.0.0.45 "GET /v2.0/networks/6b6db384-5082-4ee4-a32f-d5aee0cbb045?fields=provider%3Aphysical_network&fields=provider%3Anetwork_type HTTP/1.1" status: 200 len: 277 time: 0.0965486
2026-09-03 17:41:18.807 10 INFO neutron.wsgi [None req-087e6f22-e9b5-40f2-bde0-7ae53f1d040e 91f802b072d84816b0ce88cda97c39df a032e6b77f4749ccae5708d26280f522 - - default default] 10.0.0.221 "GET /v2.0/ports/0c49618d-3221-48ed-8d26-9a81c6b0d905 HTTP/1.1" status: 200 len: 1219 time: 0.1171222 /var/lib/openstack/lib/python3.10/site-packages/pycadf/identifier.py:71: UserWarning: Invalid uuid: neutron. To ensure interoperability, identifiers should be a valid uuid. warnings.warn(('Invalid uuid: %s. To ensure interoperability, '
2026-09-03 17:41:18.988 9 INFO neutron.db.l3_db [req-dc8f8efd-c94e-4805-9e00-509f764f7972 req-b668a121-ce3e-4aee-83b6-bc4dd99887ab ea7dbb6f692c4169852908313b8c4ab1 d08a2e51a528427ebad2f2e172837f44 - - default default] Floating IP f53ae715-4329-44e7-a132-2edaca12019a disassociated. External IP: 10.96.250.218, port: 2ee048f4-67b1-415f-88eb-6e752df90e28.
2026-09-03 17:41:19.008 10 INFO neutron.wsgi [req-f9327281-a9c1-4399-bb6b-0c00f9de6722 req-6d6edde7-81d2-4fd6-a4ac-e1b75a2ab777 93b5d02fd9014badb741bad64d15a4cb 600bf9215d7541dfabb11464b8dbc3c0 - - default default] 10.0.0.45 "GET /v2.0/ports?device_id=02c8a35c-3e06-4e5c-a17b-cb7c02828dc1 HTTP/1.1" status: 200 len: 210 time: 0.0385146
2026-09-03 17:41:19.191 9 INFO neutron.db.ovn_revision_numbers_db [None req-657b3367-6bbd-43cc-9365-fc4d94053b94 9967aad49b6e4a8898ac9473cbd59eb5 8e09c08015434f24b4c669b5217d6ff2 - - default default] Successfully bumped revision number for resource ff638ad9-0141-4fd8-b5fe-0da32d0d6969 (type: router_ports) to 1
2026-09-03 17:41:19.205 9 INFO neutron.wsgi [req-dc8f8efd-c94e-4805-9e00-509f764f7972 req-b668a121-ce3e-4aee-83b6-bc4dd99887ab ea7dbb6f692c4169852908313b8c4ab1 d08a2e51a528427ebad2f2e172837f44 - - default default] 162.253.55.242 "DELETE /v2.0/ports/2ee048f4-67b1-415f-88eb-6e752df90e28 HTTP/1.1" status: 204 len: 173 time: 0.6502388
2026-09-03 17:41:19.255 9 INFO neutron.notifiers.nova [-] Nova event matching ['req-dc8cd700-0c67-4262-b74e-27ef39432866'] response: {'server_uuid': '935b12b8-1937-4a1d-b3b2-88877df6c9a8', 'name': 'network-vif-deleted', 'tag': '2ee048f4-67b1-415f-88eb-6e752df90e28', 'status': 'completed', 'code': 200}
2026-09-03 17:41:19.329 9 INFO neutron.db.ovn_revision_numbers_db [None req-657b3367-6bbd-43cc-9365-fc4d94053b94 9967aad49b6e4a8898ac9473cbd59eb5 8e09c08015434f24b4c669b5217d6ff2 - - default default] Successfully bumped revision number for resource ff638ad9-0141-4fd8-b5fe-0da32d0d6969 (type: ports) to 1 /var/lib/openstack/lib/python3.10/site-packages/pycadf/identifier.py:71: UserWarning: Invalid uuid: neutron. To ensure interoperability, identifiers should be a valid uuid. warnings.warn(('Invalid uuid: %s. To ensure interoperability, '
2026-09-03 17:41:19.362 10 INFO neutron.wsgi [req-319dce91-51b7-4aba-a167-f6841bf130ac req-4bbf88b4-2206-497c-b79f-04f5707f3cee ea7dbb6f692c4169852908313b8c4ab1 d08a2e51a528427ebad2f2e172837f44 - - default default] 10.0.0.45 "GET /v2.0/ports?device_id=935b12b8-1937-4a1d-b3b2-88877df6c9a8 HTTP/1.1" status: 200 len: 210 time: 0.0221810
2026-09-03 17:41:19.386 9 WARNING neutron.scheduler.dhcp_agent_scheduler [None req-657b3367-6bbd-43cc-9365-fc4d94053b94 9967aad49b6e4a8898ac9473cbd59eb5 8e09c08015434f24b4c669b5217d6ff2 - - default default] No more DHCP agents
2026-09-03 17:41:19.387 9 WARNING neutron.api.rpc.agentnotifiers.dhcp_rpc_agent_api [None req-657b3367-6bbd-43cc-9365-fc4d94053b94 9967aad49b6e4a8898ac9473cbd59eb5 8e09c08015434f24b4c669b5217d6ff2 - - default default] Unable to schedule network 9a159200-0be6-482f-9856-801e7a59d6f9: no agents available; will retry on subsequent port and subnet creation events.
2026-09-03 17:41:19.584 10 INFO neutron.wsgi [None req-bad15b68-3ea2-4be1-b3ac-4e9f2d40048c 91f802b072d84816b0ce88cda97c39df a032e6b77f4749ccae5708d26280f522 - - default default] 10.0.0.221 "PUT /v2.0/routers/932bd89a-33b0-4b01-8416-f3109c4c8cd0/remove_router_interface HTTP/1.1" status: 200 len: 503 time: 0.7700403 /var/lib/openstack/lib/python3.10/site-packages/pycadf/identifier.py:71: UserWarning: Invalid uuid: neutron. To ensure interoperability, identifiers should be a valid uuid. warnings.warn(('Invalid uuid: %s. To ensure interoperability, '
2026-09-03 17:41:19.653 9 INFO neutron.db.ovn_revision_numbers_db [None req-657b3367-6bbd-43cc-9365-fc4d94053b94 9967aad49b6e4a8898ac9473cbd59eb5 8e09c08015434f24b4c669b5217d6ff2 - - default default] Successfully bumped revision number for resource ff638ad9-0141-4fd8-b5fe-0da32d0d6969 (type: router_ports) to 1
2026-09-03 17:41:19.655 10 INFO neutron.api.v2.resource [None req-44ce7bc4-b70c-4365-8f6c-0e6ae0cc1aaa 91f802b072d84816b0ce88cda97c39df a032e6b77f4749ccae5708d26280f522 - - default default] remove_router_interface failed (client error): The resource could not be found.
2026-09-03 17:41:19.656 10 INFO neutron.wsgi [None req-44ce7bc4-b70c-4365-8f6c-0e6ae0cc1aaa 91f802b072d84816b0ce88cda97c39df a032e6b77f4749ccae5708d26280f522 - - default default] 10.0.0.221 "PUT /v2.0/routers/932bd89a-33b0-4b01-8416-f3109c4c8cd0/remove_router_interface HTTP/1.1" status: 404 len: 398 time: 0.0635357
2026-09-03 17:41:19.656 9 INFO neutron.wsgi [None req-657b3367-6bbd-43cc-9365-fc4d94053b94 9967aad49b6e4a8898ac9473cbd59eb5 8e09c08015434f24b4c669b5217d6ff2 - - default default] 10.0.0.221 "PUT /v2.0/routers/3df0db73-b78b-4433-a5a6-534980562814/add_router_interface HTTP/1.1" status: 200 len: 503 time: 1.8578813
2026-09-03 17:41:19.688 9 INFO neutron.wsgi [None req-47af5eb4-0f9e-4b08-b3c5-9b6078556772 91f802b072d84816b0ce88cda97c39df a032e6b77f4749ccae5708d26280f522 - - default default] 10.0.0.221 "GET /v2.0/ports?device_id=932bd89a-33b0-4b01-8416-f3109c4c8cd0 HTTP/1.1" status: 200 len: 205 time: 0.0249205
2026-09-03 17:41:19.736 10 INFO neutron.wsgi [None req-331d0dfc-dd68-4ec7-8929-9dab835b9f8f 9967aad49b6e4a8898ac9473cbd59eb5 8e09c08015434f24b4c669b5217d6ff2 - - default default] 10.0.0.221 "GET /v2.0/ports/ff638ad9-0141-4fd8-b5fe-0da32d0d6969 HTTP/1.1" status: 200 len: 1135 time: 0.0740063
2026-09-03 17:41:20.166 10 INFO neutron.wsgi [req-9c8ebbf1-445f-4e17-a237-0416c1cb790a req-4524ef44-ccbe-48a4-a2be-ff6e818d2a2b 93b5d02fd9014badb741bad64d15a4cb 600bf9215d7541dfabb11464b8dbc3c0 - - default default] 10.0.0.45 "GET /v2.0/ports?device_id=02c8a35c-3e06-4e5c-a17b-cb7c02828dc1 HTTP/1.1" status: 200 len: 210 time: 0.0343616
2026-09-03 17:41:20.329 9 INFO neutron.wsgi [req-ea244d97-49b3-479b-b9f3-7f6b0abd8c48 req-8b3f458b-85c6-404a-8825-61bbeae6db02 93b5d02fd9014badb741bad64d15a4cb 600bf9215d7541dfabb11464b8dbc3c0 - - default default] 162.253.55.242 "GET /v2.0/networks?id=6b6db384-5082-4ee4-a32f-d5aee0cbb045 HTTP/1.1" status: 200 len: 871 time: 0.1432161
2026-09-03 17:41:20.416 9 INFO neutron.wsgi [None req-87c2f077-d8c8-4ec5-92cb-af59c6569c7e 9967aad49b6e4a8898ac9473cbd59eb5 8e09c08015434f24b4c669b5217d6ff2 - - default default] 10.0.0.221 "GET /v2.0/ports/ff638ad9-0141-4fd8-b5fe-0da32d0d6969 HTTP/1.1" status: 200 len: 1135 time: 0.6741648
2026-09-03 17:41:20.465 9 INFO neutron.wsgi [req-ea244d97-49b3-479b-b9f3-7f6b0abd8c48 req-59d16d03-d088-46c9-ae03-8b85805f6fc8 93b5d02fd9014badb741bad64d15a4cb 600bf9215d7541dfabb11464b8dbc3c0 - - default default] 162.253.55.242 "GET /v2.0/security-groups?fields=id&fields=name&tenant_id=600bf9215d7541dfabb11464b8dbc3c0 HTTP/1.1" status: 200 len: 472 time: 0.1200795
2026-09-03 17:41:20.480 9 INFO neutron.wsgi [None req-22b433dc-167c-4661-935f-e1e93077a297 91f802b072d84816b0ce88cda97c39df a032e6b77f4749ccae5708d26280f522 - - default default] 10.0.0.221 "DELETE /v2.0/routers/932bd89a-33b0-4b01-8416-f3109c4c8cd0 HTTP/1.1" status: 204 len: 168 time: 0.7848697
2026-09-03 17:41:20.622 10 INFO neutron.wsgi [None req-6a792a7d-505d-44a6-ae66-9ba4b76101ec ea7dbb6f692c4169852908313b8c4ab1 d08a2e51a528427ebad2f2e172837f44 - - default default] 10.0.0.221 "DELETE /v2.0/security-groups/30bb43ab-bbb1-44bf-9395-da1f6951b8aa HTTP/1.1" status: 204 len: 168 time: 0.1512592
2026-09-03 17:41:20.639 10 INFO neutron.api.v2.resource [None req-dd6e38e7-e894-4bb1-97df-d7da3017db48 ea7dbb6f692c4169852908313b8c4ab1 d08a2e51a528427ebad2f2e172837f44 - - default default] show failed (client error): The resource could not be found.
2026-09-03 17:41:20.641 10 INFO neutron.wsgi [None req-dd6e38e7-e894-4bb1-97df-d7da3017db48 ea7dbb6f692c4169852908313b8c4ab1 d08a2e51a528427ebad2f2e172837f44 - - default default] 10.0.0.221 "GET /v2.0/security-groups/30bb43ab-bbb1-44bf-9395-da1f6951b8aa HTTP/1.1" status: 404 len: 347 time: 0.0145130
2026-09-03 17:41:20.773 9 INFO neutron.wsgi [None req-3724b7ce-fa7d-4483-bfff-191035bf2ef1 91f802b072d84816b0ce88cda97c39df a032e6b77f4749ccae5708d26280f522 - - default default] 10.0.0.221 "DELETE /v2.0/subnets/f0d2684d-22ea-4372-9fb5-09235352acc4 HTTP/1.1" status: 204 len: 168 time: 0.2729895
2026-09-03 17:41:20.938 9 WARNING neutron.scheduler.dhcp_agent_scheduler [req-ea244d97-49b3-479b-b9f3-7f6b0abd8c48 req-da9524ae-7670-429f-856e-c1437091eca2 93b5d02fd9014badb741bad64d15a4cb 600bf9215d7541dfabb11464b8dbc3c0 - - default default] No more DHCP agents
2026-09-03 17:41:20.940 9 WARNING neutron.api.rpc.agentnotifiers.dhcp_rpc_agent_api [req-ea244d97-49b3-479b-b9f3-7f6b0abd8c48 req-da9524ae-7670-429f-856e-c1437091eca2 93b5d02fd9014badb741bad64d15a4cb 600bf9215d7541dfabb11464b8dbc3c0 - - default default] Unable to schedule network 6b6db384-5082-4ee4-a32f-d5aee0cbb045: no agents available; will retry on subsequent port and subnet creation events.
2026-09-03 17:41:21.053 10 INFO neutron.wsgi [None req-485d4d4a-563c-4d91-a7b7-5d703725af64 ea7dbb6f692c4169852908313b8c4ab1 d08a2e51a528427ebad2f2e172837f44 - - default default] 10.0.0.221 "DELETE /v2.0/floatingips/f53ae715-4329-44e7-a132-2edaca12019a HTTP/1.1" status: 204 len: 168 time: 0.4068780
2026-09-03 17:41:21.123 9 WARNING neutron.plugins.ml2.drivers.ovn.mech_driver.ovsdb.ovn_client [None req-fe415599-5e44-400f-bc45-131f6f4fdd6c - - - - - -] No hosting information found for port 88714147-8892-4e7b-b460-2e8f50570350: RuntimeError: No hosting information found for port 88714147-8892-4e7b-b460-2e8f50570350
2026-09-03 17:41:21.124 9 INFO neutron.plugins.ml2.drivers.ovn.mech_driver.mech_driver [None req-fe415599-5e44-400f-bc45-131f6f4fdd6c - - - - - -] OVN reports status up for port: 0c49618d-3221-48ed-8d26-9a81c6b0d905
2026-09-03 17:41:21.125 9 INFO neutron.db.ovn_revision_numbers_db [req-ea244d97-49b3-479b-b9f3-7f6b0abd8c48 req-da9524ae-7670-429f-856e-c1437091eca2 93b5d02fd9014badb741bad64d15a4cb 600bf9215d7541dfabb11464b8dbc3c0 - - default default] Successfully bumped revision number for resource 75b0609b-7710-46c9-8d35-16b0b042b1dd (type: ports) to 1
2026-09-03 17:41:21.141 9 INFO neutron.plugins.ml2.drivers.ovn.mech_driver.mech_driver [None req-fe415599-5e44-400f-bc45-131f6f4fdd6c - - - - - -] OVN reports status down for port: 2ee048f4-67b1-415f-88eb-6e752df90e28
2026-09-03 17:41:21.182 9 INFO neutron.wsgi [req-ea244d97-49b3-479b-b9f3-7f6b0abd8c48 req-da9524ae-7670-429f-856e-c1437091eca2 93b5d02fd9014badb741bad64d15a4cb 600bf9215d7541dfabb11464b8dbc3c0 - - default default] 162.253.55.242 "POST /v2.0/ports HTTP/1.1" status: 201 len: 1197 time: 0.7111661 /var/lib/openstack/lib/python3.10/site-packages/pycadf/identifier.py:71: UserWarning: Invalid uuid: neutron. To ensure interoperability, identifiers should be a valid uuid. warnings.warn(('Invalid uuid: %s. To ensure interoperability, '
2026-09-03 17:41:21.229 10 INFO neutron.services.segments.plugin [-] Segment 422d7540-e4d1-49ea-b977-8eb19b1105af resource provider aggregate not found
2026-09-03 17:41:21.240 10 INFO neutron.services.segments.plugin [-] Segment 422d7540-e4d1-49ea-b977-8eb19b1105af resource provider aggregate not found
2026-09-03 17:41:21.255 10 INFO neutron.services.segments.plugin [-] Segment 422d7540-e4d1-49ea-b977-8eb19b1105af resource provider not found; error: Placement Client Error (4xx): {"errors": [{"status": 404, "title": "Not Found", "detail": "The resource could not be found.\n\n No resource provider with uuid 422d7540-e4d1-49ea-b977-8eb19b1105af found for delete ", "request_id": "req-ec271e03-5482-48f5-8ee4-1157b800e043"}]}
2026-09-03 17:41:21.270 10 INFO neutron.services.segments.plugin [-] Segment 422d7540-e4d1-49ea-b977-8eb19b1105af resource provider not found; error: Placement Client Error (4xx): {"errors": [{"status": 404, "title": "Not Found", "detail": "The resource could not be found.\n\n No resource provider with uuid 422d7540-e4d1-49ea-b977-8eb19b1105af found for delete ", "request_id": "req-19a75479-cb12-4b3d-8c36-e1c8c9e15b5a"}]}
2026-09-03 17:41:21.286 10 INFO neutron.wsgi [None req-fdcfe751-ff7b-4515-b714-5a9c0df27c15 91f802b072d84816b0ce88cda97c39df a032e6b77f4749ccae5708d26280f522 - - default default] 10.0.0.221 "DELETE /v2.0/networks/d460a7d2-bb70-4a8a-a767-17e822556ee6 HTTP/1.1" status: 204 len: 168 time: 0.5065262
2026-09-03 17:41:21.312 10 INFO neutron.wsgi [req-40e69c84-38fa-48b0-ab44-bf6bf3b38ef4 req-83ee2035-3330-47a7-93d2-700386dd23db 93b5d02fd9014badb741bad64d15a4cb 600bf9215d7541dfabb11464b8dbc3c0 - - default default] 10.0.0.45 "GET /v2.0/ports?device_id=02c8a35c-3e06-4e5c-a17b-cb7c02828dc1 HTTP/1.1" status: 200 len: 1195 time: 0.0428166
2026-09-03 17:41:21.363 10 INFO neutron.wsgi [req-40e69c84-38fa-48b0-ab44-bf6bf3b38ef4 req-eddfdb2d-e010-430f-bca0-b06cf26cff90 93b5d02fd9014badb741bad64d15a4cb 600bf9215d7541dfabb11464b8dbc3c0 - - default default] 10.0.0.45 "GET /v2.0/security-groups?id=cec482f1-8873-4334-afd6-ac1b4c023f97&id=1ea83bd8-039a-4ee2-8d01-99982852e926&fields=id&fields=name HTTP/1.1" status: 200 len: 405 time: 0.0422819
2026-09-03 17:41:21.469 10 INFO neutron.wsgi [None req-09d0c0ad-e82e-4750-b2c1-b20795c96dd7 9967aad49b6e4a8898ac9473cbd59eb5 8e09c08015434f24b4c669b5217d6ff2 - - default default] 10.0.0.221 "GET /v2.0/ports/ff638ad9-0141-4fd8-b5fe-0da32d0d6969 HTTP/1.1" status: 200 len: 1135 time: 0.0380189
2026-09-03 17:41:21.498 9 INFO neutron.db.segments_db [None req-f0752f17-1f27-4d25-8a6e-64996c080041 91f802b072d84816b0ce88cda97c39df a032e6b77f4749ccae5708d26280f522 - - default default] Added segment b70f3221-2acc-4695-9ec6-006c60beb2fb of type geneve for network 8d8059de-c132-4dc3-bff3-5f2c75aafef4
2026-09-03 17:41:21.678 9 INFO neutron.db.ovn_revision_numbers_db [None req-f0752f17-1f27-4d25-8a6e-64996c080041 91f802b072d84816b0ce88cda97c39df a032e6b77f4749ccae5708d26280f522 - - default default] Successfully bumped revision number for resource 8d8059de-c132-4dc3-bff3-5f2c75aafef4 (type: networks) to 1
2026-09-03 17:41:21.758 9 INFO neutron.db.ovn_revision_numbers_db [req-ea244d97-49b3-479b-b9f3-7f6b0abd8c48 req-4e5a8f0b-ee01-401d-9bb8-95c5e780d4fd ae14d269361247dba8194315d3848ffa 55eae20e49e74ac9b0552c1cfbde90d7 - - 51da7a234397460f8be2b7ea273ee490 51da7a234397460f8be2b7ea273ee490] Successfully bumped revision number for resource 75b0609b-7710-46c9-8d35-16b0b042b1dd (type: ports) to 2
2026-09-03 17:41:21.859 9 WARNING neutron.scheduler.dhcp_agent_scheduler [None req-f0752f17-1f27-4d25-8a6e-64996c080041 91f802b072d84816b0ce88cda97c39df a032e6b77f4749ccae5708d26280f522 - - default default] No more DHCP agents
2026-09-03 17:41:21.862 9 WARNING neutron.api.rpc.agentnotifiers.dhcp_rpc_agent_api [None req-f0752f17-1f27-4d25-8a6e-64996c080041 91f802b072d84816b0ce88cda97c39df a032e6b77f4749ccae5708d26280f522 - - default default] Unable to schedule network 8d8059de-c132-4dc3-bff3-5f2c75aafef4: no agents available; will retry on subsequent port and subnet creation events.
2026-09-03 17:41:21.964 9 INFO neutron.db.ovn_revision_numbers_db [None req-f0752f17-1f27-4d25-8a6e-64996c080041 91f802b072d84816b0ce88cda97c39df a032e6b77f4749ccae5708d26280f522 - - default default] Successfully bumped revision number for resource 69bd4e1f-05ea-4f46-a9a2-ddda15098989 (type: ports) to 1
2026-09-03 17:41:21.990 9 INFO neutron.wsgi [None req-f0752f17-1f27-4d25-8a6e-64996c080041 91f802b072d84816b0ce88cda97c39df a032e6b77f4749ccae5708d26280f522 - - default default] 10.0.0.221 "POST /v2.0/networks HTTP/1.1" status: 201 len: 833 time: 0.6921201
2026-09-03 17:41:21.993 9 INFO neutron.db.ovn_revision_numbers_db [req-ea244d97-49b3-479b-b9f3-7f6b0abd8c48 req-4e5a8f0b-ee01-401d-9bb8-95c5e780d4fd ae14d269361247dba8194315d3848ffa 55eae20e49e74ac9b0552c1cfbde90d7 - - 51da7a234397460f8be2b7ea273ee490 51da7a234397460f8be2b7ea273ee490] Successfully bumped revision number for resource 75b0609b-7710-46c9-8d35-16b0b042b1dd (type: ports) to 2 /var/lib/openstack/lib/python3.10/site-packages/pycadf/identifier.py:71: UserWarning: Invalid uuid: neutron. To ensure interoperability, identifiers should be a valid uuid. warnings.warn(('Invalid uuid: %s. To ensure interoperability, '
2026-09-03 17:41:22.015 9 INFO neutron.wsgi [req-ea244d97-49b3-479b-b9f3-7f6b0abd8c48 req-4e5a8f0b-ee01-401d-9bb8-95c5e780d4fd ae14d269361247dba8194315d3848ffa 55eae20e49e74ac9b0552c1cfbde90d7 - - 51da7a234397460f8be2b7ea273ee490 51da7a234397460f8be2b7ea273ee490] 162.253.55.242 "PUT /v2.0/ports/75b0609b-7710-46c9-8d35-16b0b042b1dd HTTP/1.1" status: 200 len: 1415 time: 0.8263190
2026-09-03 17:41:22.078 9 INFO neutron.notifiers.nova [-] Nova event matching ['req-39c5111e-37b2-48c9-87ee-514b315183ae'] response: {'name': 'network-changed', 'server_uuid': '02c8a35c-3e06-4e5c-a17b-cb7c02828dc1', 'tag': '75b0609b-7710-46c9-8d35-16b0b042b1dd', 'status': 'completed', 'code': 200}
2026-09-03 17:41:22.100 9 INFO neutron.wsgi [req-ea244d97-49b3-479b-b9f3-7f6b0abd8c48 req-1880aafe-5679-48c7-8ee0-33811e3288aa ae14d269361247dba8194315d3848ffa 55eae20e49e74ac9b0552c1cfbde90d7 - - 51da7a234397460f8be2b7ea273ee490 51da7a234397460f8be2b7ea273ee490] 162.253.55.242 "GET /v2.0/ports?tenant_id=600bf9215d7541dfabb11464b8dbc3c0&device_id=02c8a35c-3e06-4e5c-a17b-cb7c02828dc1 HTTP/1.1" status: 200 len: 1446 time: 0.0419815
2026-09-03 17:41:22.125 9 INFO neutron.wsgi [req-ea244d97-49b3-479b-b9f3-7f6b0abd8c48 req-8a569f95-78f6-4b11-b288-2c860efaca9e ae14d269361247dba8194315d3848ffa 55eae20e49e74ac9b0552c1cfbde90d7 - - 51da7a234397460f8be2b7ea273ee490 51da7a234397460f8be2b7ea273ee490] 162.253.55.242 "GET /v2.0/floatingips?fixed_ip_address=10.100.0.4&port_id=75b0609b-7710-46c9-8d35-16b0b042b1dd HTTP/1.1" status: 200 len: 217 time: 0.0179522
2026-09-03 17:41:22.166 9 INFO neutron.wsgi [req-ea244d97-49b3-479b-b9f3-7f6b0abd8c48 req-a2805d0e-df2c-45fa-8e61-7d45222dbd69 ae14d269361247dba8194315d3848ffa 55eae20e49e74ac9b0552c1cfbde90d7 - - 51da7a234397460f8be2b7ea273ee490 51da7a234397460f8be2b7ea273ee490] 162.253.55.242 "GET /v2.0/subnets?id=2f741058-371a-4c72-87c5-b805e83090e1 HTTP/1.1" status: 200 len: 865 time: 0.0311232
2026-09-03 17:41:22.191 9 INFO neutron.wsgi [req-ea244d97-49b3-479b-b9f3-7f6b0abd8c48 req-0bd33274-66ec-42f2-abf5-10b647c17915 ae14d269361247dba8194315d3848ffa 55eae20e49e74ac9b0552c1cfbde90d7 - - 51da7a234397460f8be2b7ea273ee490 51da7a234397460f8be2b7ea273ee490] 162.253.55.242 "GET /v2.0/ports?network_id=6b6db384-5082-4ee4-a32f-d5aee0cbb045&device_owner=network%3Adhcp HTTP/1.1" status: 200 len: 210 time: 0.0197365
2026-09-03 17:41:22.269 9 INFO neutron.wsgi [req-ea244d97-49b3-479b-b9f3-7f6b0abd8c48 req-2a70d1b7-664b-48ba-824a-46f83b994587 ae14d269361247dba8194315d3848ffa 55eae20e49e74ac9b0552c1cfbde90d7 - - 51da7a234397460f8be2b7ea273ee490 51da7a234397460f8be2b7ea273ee490] 162.253.55.242 "GET /v2.0/networks/6b6db384-5082-4ee4-a32f-d5aee0cbb045?fields=segments HTTP/1.1" status: 200 len: 212 time: 0.0729802
2026-09-03 17:41:22.310 9 WARNING neutron.scheduler.dhcp_agent_scheduler [None req-96c6cac3-00c0-4c4e-800a-c38b46e98edb 91f802b072d84816b0ce88cda97c39df a032e6b77f4749ccae5708d26280f522 - - default default] No more DHCP agents
2026-09-03 17:41:22.316 9 WARNING neutron.api.rpc.agentnotifiers.dhcp_rpc_agent_api [None req-96c6cac3-00c0-4c4e-800a-c38b46e98edb 91f802b072d84816b0ce88cda97c39df a032e6b77f4749ccae5708d26280f522 - - default default] Unable to schedule network 8d8059de-c132-4dc3-bff3-5f2c75aafef4: no agents available; will retry on subsequent port and subnet creation events.
2026-09-03 17:41:22.354 9 INFO neutron.wsgi [req-ea244d97-49b3-479b-b9f3-7f6b0abd8c48 req-5e187aaa-ed48-40c1-ac56-e97f04b4d746 ae14d269361247dba8194315d3848ffa 55eae20e49e74ac9b0552c1cfbde90d7 - - 51da7a234397460f8be2b7ea273ee490 51da7a234397460f8be2b7ea273ee490] 162.253.55.242 "GET /v2.0/networks/6b6db384-5082-4ee4-a32f-d5aee0cbb045?fields=provider%3Aphysical_network&fields=provider%3Anetwork_type HTTP/1.1" status: 200 len: 277 time: 0.0717595
2026-09-03 17:41:22.355 9 INFO neutron.db.ovn_revision_numbers_db [None req-96c6cac3-00c0-4c4e-800a-c38b46e98edb 91f802b072d84816b0ce88cda97c39df a032e6b77f4749ccae5708d26280f522 - - default default] Successfully bumped revision number for resource 30ab97cb-a510-41fe-84b1-c7b5b3dd4e8f (type: subnets) to 0
2026-09-03 17:41:22.372 9 INFO neutron.wsgi [None req-96c6cac3-00c0-4c4e-800a-c38b46e98edb 91f802b072d84816b0ce88cda97c39df a032e6b77f4749ccae5708d26280f522 - - default default] 10.0.0.221 "POST /v2.0/subnets HTTP/1.1" status: 201 len: 821 time: 0.3751736
2026-09-03 17:41:22.510 10 WARNING neutron.plugins.ml2.drivers.ovn.mech_driver.ovsdb.ovn_client [None req-7f4d04f4-56b4-477f-be44-d33eed2c4706 - - - - - -] No hosting information found for port e89287eb-a9d0-4121-8510-95f88ecbe9e1: RuntimeError: No hosting information found for port e89287eb-a9d0-4121-8510-95f88ecbe9e1
2026-09-03 17:41:22.511 10 INFO neutron.plugins.ml2.drivers.ovn.mech_driver.mech_driver [None req-7f4d04f4-56b4-477f-be44-d33eed2c4706 - - - - - -] OVN reports status up for port: ff638ad9-0141-4fd8-b5fe-0da32d0d6969
2026-09-03 17:41:22.540 9 INFO neutron.wsgi [req-ffd2822b-120b-40cc-9d93-088613162334 req-6a3c454e-bdc8-4c72-b288-05df98071625 ae14d269361247dba8194315d3848ffa 55eae20e49e74ac9b0552c1cfbde90d7 - - 51da7a234397460f8be2b7ea273ee490 51da7a234397460f8be2b7ea273ee490] 162.253.55.242 "GET /v2.0/ports?tenant_id=600bf9215d7541dfabb11464b8dbc3c0&device_id=02c8a35c-3e06-4e5c-a17b-cb7c02828dc1 HTTP/1.1" status: 200 len: 1446 time: 0.0937033
2026-09-03 17:41:22.549 10 INFO neutron.plugins.ml2.plugin [None req-7f4d04f4-56b4-477f-be44-d33eed2c4706 - - - - - -] Attempt 1 to provision port ff638ad9-0141-4fd8-b5fe-0da32d0d6969
2026-09-03 17:41:22.574 10 INFO neutron.wsgi [req-1fd0b5fa-26f0-4277-bfe1-3249677d4088 req-122cfed4-0071-47c2-b7cb-04e4be7396f0 93b5d02fd9014badb741bad64d15a4cb 600bf9215d7541dfabb11464b8dbc3c0 - - default default] 10.0.0.45 "GET /v2.0/ports?device_id=02c8a35c-3e06-4e5c-a17b-cb7c02828dc1 HTTP/1.1" status: 200 len: 1208 time: 0.1024156
2026-09-03 17:41:22.576 9 INFO neutron.wsgi [None req-c0089aa9-caed-4dd8-8527-4c2ac9b92d21 9967aad49b6e4a8898ac9473cbd59eb5 8e09c08015434f24b4c669b5217d6ff2 - - default default] 10.0.0.221 "GET /v2.0/ports/ff638ad9-0141-4fd8-b5fe-0da32d0d6969 HTTP/1.1" status: 200 len: 1135 time: 0.0846567
2026-09-03 17:41:22.648 10 INFO neutron.wsgi [req-1fd0b5fa-26f0-4277-bfe1-3249677d4088 req-7a8851bc-3cb0-494c-b746-c0cd3ac3e12c 93b5d02fd9014badb741bad64d15a4cb 600bf9215d7541dfabb11464b8dbc3c0 - - default default] 10.0.0.45 "GET /v2.0/security-groups?id=cec482f1-8873-4334-afd6-ac1b4c023f97&id=1ea83bd8-039a-4ee2-8d01-99982852e926&fields=id&fields=name HTTP/1.1" status: 200 len: 405 time: 0.0691478
2026-09-03 17:41:22.666 9 INFO neutron.wsgi [req-85997cd2-a1e7-4425-a82f-48da98539d48 req-0ab15ec2-3512-4284-805d-09cbcf75532d ae14d269361247dba8194315d3848ffa 55eae20e49e74ac9b0552c1cfbde90d7 - - 51da7a234397460f8be2b7ea273ee490 51da7a234397460f8be2b7ea273ee490] 162.253.55.242 "GET /v2.0/ports?device_id=02c8a35c-3e06-4e5c-a17b-cb7c02828dc1 HTTP/1.1" status: 200 len: 1446 time: 0.0553908
2026-09-03 17:41:22.673 9 INFO neutron.wsgi [req-ffd2822b-120b-40cc-9d93-088613162334 req-6e2f723c-d016-4517-b376-4105436a48e2 ae14d269361247dba8194315d3848ffa 55eae20e49e74ac9b0552c1cfbde90d7 - - 51da7a234397460f8be2b7ea273ee490 51da7a234397460f8be2b7ea273ee490] 162.253.55.242 "GET /v2.0/networks?id=6b6db384-5082-4ee4-a32f-d5aee0cbb045 HTTP/1.1" status: 200 len: 970 time: 0.1239488
2026-09-03 17:41:22.678 9 INFO neutron.db.ovn_revision_numbers_db [None req-ec592917-c1cc-435e-847e-55458f799f78 91f802b072d84816b0ce88cda97c39df a032e6b77f4749ccae5708d26280f522 - - default default] Successfully bumped revision number for resource 1151b621-16a5-4229-acf6-3420b1d4bfb0 (type: routers) to 1
2026-09-03 17:41:22.700 9 INFO neutron.wsgi [req-ffd2822b-120b-40cc-9d93-088613162334 req-91e5a55c-5c8b-45c3-b9b5-a853ca5c3408 ae14d269361247dba8194315d3848ffa 55eae20e49e74ac9b0552c1cfbde90d7 - - 51da7a234397460f8be2b7ea273ee490 51da7a234397460f8be2b7ea273ee490] 162.253.55.242 "GET /v2.0/floatingips?fixed_ip_address=10.100.0.4&port_id=75b0609b-7710-46c9-8d35-16b0b042b1dd HTTP/1.1" status: 200 len: 217 time: 0.0224290
2026-09-03 17:41:22.703 9 INFO neutron.wsgi [None req-ec592917-c1cc-435e-847e-55458f799f78 91f802b072d84816b0ce88cda97c39df a032e6b77f4749ccae5708d26280f522 - - default default] 10.0.0.221 "POST /v2.0/routers HTTP/1.1" status: 201 len: 691 time: 0.3261321
2026-09-03 17:41:22.728 9 INFO neutron.wsgi [req-85997cd2-a1e7-4425-a82f-48da98539d48 req-dc0dcf01-668a-4935-87f3-c1c7b85d4855 ae14d269361247dba8194315d3848ffa 55eae20e49e74ac9b0552c1cfbde90d7 - - 51da7a234397460f8be2b7ea273ee490 51da7a234397460f8be2b7ea273ee490] 162.253.55.242 "GET /v2.0/security-groups?id=1ea83bd8-039a-4ee2-8d01-99982852e926&id=cec482f1-8873-4334-afd6-ac1b4c023f97&fields=id&fields=name HTTP/1.1" status: 200 len: 405 time: 0.0547812
2026-09-03 17:41:22.736 9 INFO neutron.wsgi [req-ffd2822b-120b-40cc-9d93-088613162334 req-3b0e96e4-f73d-4175-9e3e-e84c7593493e ae14d269361247dba8194315d3848ffa 55eae20e49e74ac9b0552c1cfbde90d7 - - 51da7a234397460f8be2b7ea273ee490 51da7a234397460f8be2b7ea273ee490] 162.253.55.242 "GET /v2.0/subnets?id=2f741058-371a-4c72-87c5-b805e83090e1 HTTP/1.1" status: 200 len: 865 time: 0.0287645
2026-09-03 17:41:22.783 9 INFO neutron.wsgi [req-ffd2822b-120b-40cc-9d93-088613162334 req-2308fc72-021b-46ad-8db0-2c729bb6758b ae14d269361247dba8194315d3848ffa 55eae20e49e74ac9b0552c1cfbde90d7 - - 51da7a234397460f8be2b7ea273ee490 51da7a234397460f8be2b7ea273ee490] 162.253.55.242 "GET /v2.0/ports?network_id=6b6db384-5082-4ee4-a32f-d5aee0cbb045&device_owner=network%3Adhcp HTTP/1.1" status: 200 len: 210 time: 0.0162580
2026-09-03 17:41:22.893 9 INFO neutron.plugins.ml2.drivers.ovn.mech_driver.mech_driver [None req-fe415599-5e44-400f-bc45-131f6f4fdd6c - - - - - -] OVN reports status up for port: 75b0609b-7710-46c9-8d35-16b0b042b1dd
2026-09-03 17:41:22.915 9 INFO neutron.plugins.ml2.plugin [None req-fe415599-5e44-400f-bc45-131f6f4fdd6c - - - - - -] Attempt 1 to provision port 75b0609b-7710-46c9-8d35-16b0b042b1dd
2026-09-03 17:41:22.920 9 INFO neutron.wsgi [req-ffd2822b-120b-40cc-9d93-088613162334 req-519d715e-5bad-467d-8cdc-04a4ed359b4c ae14d269361247dba8194315d3848ffa 55eae20e49e74ac9b0552c1cfbde90d7 - - 51da7a234397460f8be2b7ea273ee490 51da7a234397460f8be2b7ea273ee490] 162.253.55.242 "GET /v2.0/networks/6b6db384-5082-4ee4-a32f-d5aee0cbb045?fields=segments HTTP/1.1" status: 200 len: 212 time: 0.1289122
2026-09-03 17:41:22.966 10 INFO neutron.wsgi [None req-f2ebc3f9-5bfd-4bd6-af7e-0b9773d90848 8683bf07304f4692a042f736afa186f7 33988093ee3443979a0495eacaa13164 - - default default] 10.0.0.221 "PUT /v2.0/routers/3a46247d-b83a-4f45-8c70-9b202e5659ae/remove_router_interface HTTP/1.1" status: 200 len: 503 time: 1.9077740 /var/lib/openstack/lib/python3.10/site-packages/pycadf/identifier.py:71: UserWarning: Invalid uuid: neutron. To ensure interoperability, identifiers should be a valid uuid. warnings.warn(('Invalid uuid: %s. To ensure interoperability, '
2026-09-03 17:41:23.037 9 INFO neutron.wsgi [req-ffd2822b-120b-40cc-9d93-088613162334 req-f86c6620-2fbc-45b3-9e5d-82cc1789e3b3 ae14d269361247dba8194315d3848ffa 55eae20e49e74ac9b0552c1cfbde90d7 - - 51da7a234397460f8be2b7ea273ee490 51da7a234397460f8be2b7ea273ee490] 162.253.55.242 "GET /v2.0/networks/6b6db384-5082-4ee4-a32f-d5aee0cbb045?fields=provider%3Aphysical_network&fields=provider%3Anetwork_type HTTP/1.1" status: 200 len: 277 time: 0.1037133
2026-09-03 17:41:23.218 10 INFO neutron.db.ovn_revision_numbers_db [None req-7f4d04f4-56b4-477f-be44-d33eed2c4706 - - - - - -] Successfully bumped revision number for resource ff638ad9-0141-4fd8-b5fe-0da32d0d6969 (type: ports) to 2
2026-09-03 17:41:23.326 9 INFO neutron.db.ovn_revision_numbers_db [None req-fe415599-5e44-400f-bc45-131f6f4fdd6c - - - - - -] Successfully bumped revision number for resource 75b0609b-7710-46c9-8d35-16b0b042b1dd (type: ports) to 4
2026-09-03 17:41:23.496 10 INFO neutron.db.ovn_revision_numbers_db [None req-7f4d04f4-56b4-477f-be44-d33eed2c4706 - - - - - -] Successfully bumped revision number for resource ff638ad9-0141-4fd8-b5fe-0da32d0d6969 (type: router_ports) to 2
2026-09-03 17:41:23.576 10 WARNING neutron.scheduler.dhcp_agent_scheduler [None req-40791c64-7319-40f1-951d-26ffa36471b4 91f802b072d84816b0ce88cda97c39df a032e6b77f4749ccae5708d26280f522 - - default default] No more DHCP agents
2026-09-03 17:41:23.582 10 WARNING neutron.api.rpc.agentnotifiers.dhcp_rpc_agent_api [None req-40791c64-7319-40f1-951d-26ffa36471b4 91f802b072d84816b0ce88cda97c39df a032e6b77f4749ccae5708d26280f522 - - default default] Unable to schedule network 8d8059de-c132-4dc3-bff3-5f2c75aafef4: no agents available; will retry on subsequent port and subnet creation events. /var/lib/openstack/lib/python3.10/site-packages/pycadf/identifier.py:71: UserWarning: Invalid uuid: neutron. To ensure interoperability, identifiers should be a valid uuid. warnings.warn(('Invalid uuid: %s. To ensure interoperability, '
2026-09-03 17:41:23.636 9 INFO neutron.wsgi [None req-06361227-49a6-41f5-b3fe-6348a3c58c55 9967aad49b6e4a8898ac9473cbd59eb5 8e09c08015434f24b4c669b5217d6ff2 - - default default] 10.0.0.221 "GET /v2.0/ports/ff638ad9-0141-4fd8-b5fe-0da32d0d6969 HTTP/1.1" status: 200 len: 1137 time: 0.0517023
2026-09-03 17:41:23.759 10 INFO neutron.db.ovn_revision_numbers_db [None req-40791c64-7319-40f1-951d-26ffa36471b4 91f802b072d84816b0ce88cda97c39df a032e6b77f4749ccae5708d26280f522 - - default default] Successfully bumped revision number for resource 42e8c2c8-2cdf-401b-81ca-e0cff1bc5795 (type: ports) to 1
2026-09-03 17:41:23.931 10 INFO neutron.wsgi [req-5af69cf4-8d77-4611-96fa-2add77d015d1 req-8abb7a38-7007-4fab-b6fd-ad499ea30b0f 93b5d02fd9014badb741bad64d15a4cb 600bf9215d7541dfabb11464b8dbc3c0 - - default default] 10.0.0.45 "GET /v2.0/ports?device_id=02c8a35c-3e06-4e5c-a17b-cb7c02828dc1 HTTP/1.1" status: 200 len: 1210 time: 0.1560481
2026-09-03 17:41:24.162 9 INFO neutron.notifiers.nova [-] Nova event matching ['req-d423189d-6767-44bd-8173-072a7ef77f34'] response: {'server_uuid': '02c8a35c-3e06-4e5c-a17b-cb7c02828dc1', 'name': 'network-vif-plugged', 'status': 'completed', 'tag': '75b0609b-7710-46c9-8d35-16b0b042b1dd', 'code': 200}
2026-09-03 17:41:24.162 9 INFO neutron.notifiers.nova [-] Nova event matching ['req-d423189d-6767-44bd-8173-072a7ef77f34'] response: {'server_uuid': '02c8a35c-3e06-4e5c-a17b-cb7c02828dc1', 'name': 'network-vif-plugged', 'status': 'completed', 'tag': '75b0609b-7710-46c9-8d35-16b0b042b1dd', 'code': 200}
2026-09-03 17:41:24.417 10 INFO neutron.wsgi [req-5af69cf4-8d77-4611-96fa-2add77d015d1 req-6102ade2-f5f3-4281-9c3e-8fd06a47f534 93b5d02fd9014badb741bad64d15a4cb 600bf9215d7541dfabb11464b8dbc3c0 - - default default] 10.0.0.45 "GET /v2.0/security-groups?id=cec482f1-8873-4334-afd6-ac1b4c023f97&id=1ea83bd8-039a-4ee2-8d01-99982852e926&fields=id&fields=name HTTP/1.1" status: 200 len: 405 time: 0.4753294
2026-09-03 17:41:24.510 9 INFO neutron.wsgi [None req-2a6ffbb8-6e66-4203-ba1e-bac715031ba7 9967aad49b6e4a8898ac9473cbd59eb5 8e09c08015434f24b4c669b5217d6ff2 - - default default] 10.0.0.221 "PUT /v2.0/routers/3df0db73-b78b-4433-a5a6-534980562814/remove_router_interface HTTP/1.1" status: 200 len: 503 time: 0.8649859 /var/lib/openstack/lib/python3.10/site-packages/pycadf/identifier.py:71: UserWarning: Invalid uuid: neutron. To ensure interoperability, identifiers should be a valid uuid. warnings.warn(('Invalid uuid: %s. To ensure interoperability, '
2026-09-03 17:41:24.610 9 INFO neutron.wsgi [None req-889cc856-2ffd-476e-8713-8176e75c3307 9967aad49b6e4a8898ac9473cbd59eb5 8e09c08015434f24b4c669b5217d6ff2 - - default default] 10.0.0.221 "GET /v2.0/ports/e89287eb-a9d0-4121-8510-95f88ecbe9e1 HTTP/1.1" status: 200 len: 1137 time: 0.0932796
2026-09-03 17:41:24.615 10 INFO neutron.wsgi [None req-c9cf6dae-9855-4870-af55-fe81ca41d1e1 8683bf07304f4692a042f736afa186f7 33988093ee3443979a0495eacaa13164 - - default default] 10.0.0.221 "DELETE /v2.0/routers/3a46247d-b83a-4f45-8c70-9b202e5659ae HTTP/1.1" status: 204 len: 168 time: 1.6396551
2026-09-03 17:41:24.903 9 INFO neutron.plugins.ml2.drivers.ovn.mech_driver.mech_driver [None req-fe415599-5e44-400f-bc45-131f6f4fdd6c - - - - - -] OVN reports status up for port: 42e8c2c8-2cdf-401b-81ca-e0cff1bc5795
2026-09-03 17:41:24.910 10 INFO neutron.wsgi [None req-52ffeced-bee5-484e-ac92-547812995cd5 8683bf07304f4692a042f736afa186f7 33988093ee3443979a0495eacaa13164 - - default default] 10.0.0.221 "DELETE /v2.0/subnets/bb934bac-7938-43cc-8376-5a1fca9454ae HTTP/1.1" status: 204 len: 168 time: 0.2851837
2026-09-03 17:41:24.912 10 INFO neutron.db.ovn_revision_numbers_db [None req-40791c64-7319-40f1-951d-26ffa36471b4 91f802b072d84816b0ce88cda97c39df a032e6b77f4749ccae5708d26280f522 - - default default] Successfully bumped revision number for resource 42e8c2c8-2cdf-401b-81ca-e0cff1bc5795 (type: router_ports) to 1
2026-09-03 17:41:24.913 9 INFO neutron.plugins.ml2.plugin [None req-fe415599-5e44-400f-bc45-131f6f4fdd6c - - - - - -] Attempt 1 to provision port 42e8c2c8-2cdf-401b-81ca-e0cff1bc5795
2026-09-03 17:41:25.015 10 INFO neutron.db.ovn_revision_numbers_db [None req-40791c64-7319-40f1-951d-26ffa36471b4 91f802b072d84816b0ce88cda97c39df a032e6b77f4749ccae5708d26280f522 - - default default] Successfully bumped revision number for resource 42e8c2c8-2cdf-401b-81ca-e0cff1bc5795 (type: ports) to 1
2026-09-03 17:41:25.076 10 WARNING neutron.scheduler.dhcp_agent_scheduler [None req-40791c64-7319-40f1-951d-26ffa36471b4 91f802b072d84816b0ce88cda97c39df a032e6b77f4749ccae5708d26280f522 - - default default] No more DHCP agents
2026-09-03 17:41:25.077 10 WARNING neutron.api.rpc.agentnotifiers.dhcp_rpc_agent_api [None req-40791c64-7319-40f1-951d-26ffa36471b4 91f802b072d84816b0ce88cda97c39df a032e6b77f4749ccae5708d26280f522 - - default default] Unable to schedule network 8d8059de-c132-4dc3-bff3-5f2c75aafef4: no agents available; will retry on subsequent port and subnet creation events.
