Mar 19 09:22:20.652590 np0000159975 neutron-periodic-workers[103948]: DEBUG cotyledon.oslo_config_glue [-] ml2.overlay_ip_version = 4 {{(pid=103948) log_opt_values /opt/stack/data/venv/lib/python3.12/site-packages/oslo_config/cfg.py:3006}}
Mar 19 09:22:20.652590 np0000159975 neutron-periodic-workers[103948]: DEBUG cotyledon.oslo_config_glue [-] ml2.path_mtu = 0 {{(pid=103948) log_opt_values /opt/stack/data/venv/lib/python3.12/site-packages/oslo_config/cfg.py:3006}}
Mar 19 09:22:20.652590 np0000159975 neutron-periodic-workers[103948]: DEBUG cotyledon.oslo_config_glue [-] ml2.physical_network_mtus = {} {{(pid=103948) log_opt_values /opt/stack/data/venv/lib/python3.12/site-packages/oslo_config/cfg.py:3006}}
Mar 19 09:22:20.652830 np0000159975 neutron-periodic-workers[103948]: DEBUG cotyledon.oslo_config_glue [-] ml2.project_network_types = ['geneve'] {{(pid=103948) log_opt_values /opt/stack/data/venv/lib/python3.12/site-packages/oslo_config/cfg.py:3006}}
Mar 19 09:22:20.652830 np0000159975 neutron-periodic-workers[103948]: DEBUG cotyledon.oslo_config_glue [-] ml2.tunnelled_network_rp_name = rp_tunnelled {{(pid=103948) log_opt_values /opt/stack/data/venv/lib/python3.12/site-packages/oslo_config/cfg.py:3006}}
Mar 19 09:22:20.652830 np0000159975 neutron-periodic-workers[103948]: DEBUG cotyledon.oslo_config_glue [-] ml2.type_drivers = ['local', 'flat', 'vlan', 'geneve'] {{(pid=103948) log_opt_values /opt/stack/data/venv/lib/python3.12/site-packages/oslo_config/cfg.py:3006}}
Mar 19 09:22:20.652830 np0000159975 neutron-periodic-workers[103948]: DEBUG cotyledon.oslo_config_glue [-] ml2_type_flat.flat_networks = ['public'] {{(pid=103948) log_opt_values /opt/stack/data/venv/lib/python3.12/site-packages/oslo_config/cfg.py:3006}}
Mar 19 09:22:20.652830 np0000159975 neutron-periodic-workers[103948]: DEBUG cotyledon.oslo_config_glue [-] ml2_type_geneve.max_header_size = 38 {{(pid=103948) log_opt_values /opt/stack/data/venv/lib/python3.12/site-packages/oslo_config/cfg.py:3006}}
Mar 19 09:22:20.652830 np0000159975 neutron-periodic-workers[103948]: DEBUG cotyledon.oslo_config_glue [-] ml2_type_geneve.vni_ranges = ['1:65536'] {{(pid=103948) log_opt_values /opt/stack/data/venv/lib/python3.12/site-packages/oslo_config/cfg.py:3006}}
Mar 19 09:22:20.652830 np0000159975 neutron-periodic-workers[103948]: DEBUG cotyledon.oslo_config_glue [-] ml2_type_vlan.network_vlan_ranges = ['public'] {{(pid=103948) log_opt_values /opt/stack/data/venv/lib/python3.12/site-packages/oslo_config/cfg.py:3006}}
Mar 19 09:22:20.652830 np0000159975 neutron-periodic-workers[103948]: DEBUG cotyledon.oslo_config_glue [-] network_log.burst_limit = 25 {{(pid=103948) log_opt_values /opt/stack/data/venv/lib/python3.12/site-packages/oslo_config/cfg.py:3006}}
Mar 19 09:22:20.652830 np0000159975 neutron-periodic-workers[103948]: DEBUG cotyledon.oslo_config_glue [-] network_log.local_output_log_base = None {{(pid=103948) log_opt_values /opt/stack/data/venv/lib/python3.12/site-packages/oslo_config/cfg.py:3006}}
Mar 19 09:22:20.653100 np0000159975 neutron-periodic-workers[103948]: DEBUG cotyledon.oslo_config_glue [-] network_log.rate_limit = 100 {{(pid=103948) log_opt_values /opt/stack/data/venv/lib/python3.12/site-packages/oslo_config/cfg.py:3006}}
Mar 19 09:22:20.653100 np0000159975 neutron-periodic-workers[103948]: DEBUG cotyledon.oslo_config_glue [-] database.asyncio_connection = **** {{(pid=103948) log_opt_values /opt/stack/data/venv/lib/python3.12/site-packages/oslo_config/cfg.py:3006}}
Mar 19 09:22:20.653100 np0000159975 neutron-periodic-workers[103948]: DEBUG cotyledon.oslo_config_glue [-] database.asyncio_slave_connection = **** {{(pid=103948) log_opt_values /opt/stack/data/venv/lib/python3.12/site-packages/oslo_config/cfg.py:3006}}
Mar 19 09:22:20.653100 np0000159975 neutron-periodic-workers[103948]: DEBUG cotyledon.oslo_config_glue [-] database.backend = sqlalchemy {{(pid=103948) log_opt_values /opt/stack/data/venv/lib/python3.12/site-packages/oslo_config/cfg.py:3006}}
Mar 19 09:22:20.653100 np0000159975 neutron-periodic-workers[103948]: DEBUG cotyledon.oslo_config_glue [-] database.connection = **** {{(pid=103948) log_opt_values /opt/stack/data/venv/lib/python3.12/site-packages/oslo_config/cfg.py:3006}}
Mar 19 09:22:20.653100 np0000159975 neutron-periodic-workers[103948]: DEBUG cotyledon.oslo_config_glue [-] database.connection_debug = 0 {{(pid=103948) log_opt_values /opt/stack/data/venv/lib/python3.12/site-packages/oslo_config/cfg.py:3006}}
Mar 19 09:22:20.653100 np0000159975 neutron-periodic-workers[103948]: DEBUG cotyledon.oslo_config_glue [-] database.connection_parameters = {{(pid=103948) log_opt_values /opt/stack/data/venv/lib/python3.12/site-packages/oslo_config/cfg.py:3006}}
Mar 19 09:22:20.653100 np0000159975 neutron-periodic-workers[103948]: DEBUG cotyledon.oslo_config_glue [-] database.connection_recycle_time = 3600 {{(pid=103948) log_opt_values /opt/stack/data/venv/lib/python3.12/site-packages/oslo_config/cfg.py:3006}}
Mar 19 09:22:20.653100 np0000159975 neutron-periodic-workers[103948]: DEBUG cotyledon.oslo_config_glue [-] database.connection_trace = False {{(pid=103948) log_opt_values /opt/stack/data/venv/lib/python3.12/site-packages/oslo_config/cfg.py:3006}}
Mar 19 09:22:20.653327 np0000159975 neutron-periodic-workers[103948]: DEBUG cotyledon.oslo_config_glue [-] database.db_inc_retry_interval = True {{(pid=103948) log_opt_values /opt/stack/data/venv/lib/python3.12/site-packages/oslo_config/cfg.py:3006}}
Mar 19 09:22:20.653327 np0000159975 neutron-periodic-workers[103948]: DEBUG cotyledon.oslo_config_glue [-] database.db_max_retries = 20 {{(pid=103948) log_opt_values /opt/stack/data/venv/lib/python3.12/site-packages/oslo_config/cfg.py:3006}}
Mar 19 09:22:20.653327 np0000159975 neutron-periodic-workers[103948]: DEBUG cotyledon.oslo_config_glue [-] database.db_max_retry_interval = 10 {{(pid=103948) log_opt_values /opt/stack/data/venv/lib/python3.12/site-packages/oslo_config/cfg.py:3006}}
Mar 19 09:22:20.653327 np0000159975 neutron-periodic-workers[103948]: DEBUG cotyledon.oslo_config_glue [-] database.db_retry_interval = 1 {{(pid=103948) log_opt_values /opt/stack/data/venv/lib/python3.12/site-packages/oslo_config/cfg.py:3006}}
Mar 19 09:22:20.653327 np0000159975 neutron-periodic-workers[103948]: DEBUG cotyledon.oslo_config_glue [-] database.max_overflow = 50 {{(pid=103948) log_opt_values /opt/stack/data/venv/lib/python3.12/site-packages/oslo_config/cfg.py:3006}}
Mar 19 09:22:20.653327 np0000159975 neutron-periodic-workers[103948]: DEBUG cotyledon.oslo_config_glue [-] database.max_pool_size = 5 {{(pid=103948) log_opt_values /opt/stack/data/venv/lib/python3.12/site-packages/oslo_config/cfg.py:3006}}
Mar 19 09:22:20.653327 np0000159975 neutron-periodic-workers[103948]: DEBUG cotyledon.oslo_config_glue [-] database.max_retries = 10 {{(pid=103948) log_opt_values /opt/stack/data/venv/lib/python3.12/site-packages/oslo_config/cfg.py:3006}}
Mar 19 09:22:20.653327 np0000159975 neutron-periodic-workers[103948]: DEBUG cotyledon.oslo_config_glue [-] database.mysql_sql_mode = TRADITIONAL {{(pid=103948) log_opt_values /opt/stack/data/venv/lib/python3.12/site-packages/oslo_config/cfg.py:3006}}
Mar 19 09:22:20.653327 np0000159975 neutron-periodic-workers[103948]: DEBUG cotyledon.oslo_config_glue [-] database.mysql_wsrep_sync_wait = None {{(pid=103948) log_opt_values /opt/stack/data/venv/lib/python3.12/site-packages/oslo_config/cfg.py:3006}}
Mar 19 09:22:20.653696 np0000159975 neutron-periodic-workers[103948]: DEBUG cotyledon.oslo_config_glue [-] database.pool_timeout = None {{(pid=103948) log_opt_values /opt/stack/data/venv/lib/python3.12/site-packages/oslo_config/cfg.py:3006}}
Mar 19 09:22:20.653696 np0000159975 neutron-periodic-workers[103948]: DEBUG cotyledon.oslo_config_glue [-] database.retry_interval = 10 {{(pid=103948) log_opt_values /opt/stack/data/venv/lib/python3.12/site-packages/oslo_config/cfg.py:3006}}
Mar 19 09:22:20.653696 np0000159975 neutron-periodic-workers[103948]: DEBUG cotyledon.oslo_config_glue [-] database.slave_connection = **** {{(pid=103948) log_opt_values /opt/stack/data/venv/lib/python3.12/site-packages/oslo_config/cfg.py:3006}}
Mar 19 09:22:20.653696 np0000159975 neutron-periodic-workers[103948]: DEBUG cotyledon.oslo_config_glue [-] database.sqlite_synchronous = True {{(pid=103948) log_opt_values /opt/stack/data/venv/lib/python3.12/site-packages/oslo_config/cfg.py:3006}}
Mar 19 09:22:20.653696 np0000159975 neutron-periodic-workers[103948]: DEBUG cotyledon.oslo_config_glue [-] database.synchronous_reader = True {{(pid=103948) log_opt_values /opt/stack/data/venv/lib/python3.12/site-packages/oslo_config/cfg.py:3006}}
Mar 19 09:22:20.653696 np0000159975 neutron-periodic-workers[103948]: DEBUG cotyledon.oslo_config_glue [-] database.use_db_reconnect = False {{(pid=103948) log_opt_values /opt/stack/data/venv/lib/python3.12/site-packages/oslo_config/cfg.py:3006}}
Mar 19 09:22:20.653696 np0000159975 neutron-periodic-workers[103948]: DEBUG cotyledon.oslo_config_glue [-] ovn.bfd_min_rx = 1000 {{(pid=103948) log_opt_values /opt/stack/data/venv/lib/python3.12/site-packages/oslo_config/cfg.py:3006}}
Mar 19 09:22:20.653696 np0000159975 neutron-periodic-workers[103948]: DEBUG cotyledon.oslo_config_glue [-] ovn.bfd_min_tx = 100 {{(pid=103948) log_opt_values /opt/stack/data/venv/lib/python3.12/site-packages/oslo_config/cfg.py:3006}}
Mar 19 09:22:20.653696 np0000159975 neutron-periodic-workers[103948]: DEBUG cotyledon.oslo_config_glue [-] ovn.bfd_mult = 3 {{(pid=103948) log_opt_values /opt/stack/data/venv/lib/python3.12/site-packages/oslo_config/cfg.py:3006}}
Mar 19 09:22:20.653917 np0000159975 neutron-periodic-workers[103948]: DEBUG cotyledon.oslo_config_glue [-] ovn.broadcast_arps_to_all_routers = True {{(pid=103948) log_opt_values /opt/stack/data/venv/lib/python3.12/site-packages/oslo_config/cfg.py:3006}}
Mar 19 09:22:20.653917 np0000159975 neutron-periodic-workers[103948]: DEBUG cotyledon.oslo_config_glue [-] ovn.dhcp_default_lease_time = 43200 {{(pid=103948) log_opt_values /opt/stack/data/venv/lib/python3.12/site-packages/oslo_config/cfg.py:3006}}
Mar 19 09:22:20.653917 np0000159975 neutron-periodic-workers[103948]: DEBUG cotyledon.oslo_config_glue [-] ovn.disable_ovn_dhcp_for_baremetal_ports = False {{(pid=103948) log_opt_values /opt/stack/data/venv/lib/python3.12/site-packages/oslo_config/cfg.py:3006}}
Mar 19 09:22:20.653917 np0000159975 neutron-periodic-workers[103948]: DEBUG cotyledon.oslo_config_glue [-] ovn.dns_records_ovn_owned = False {{(pid=103948) log_opt_values /opt/stack/data/venv/lib/python3.12/site-packages/oslo_config/cfg.py:3006}}
Mar 19 09:22:20.653917 np0000159975 neutron-periodic-workers[103948]: DEBUG cotyledon.oslo_config_glue [-] ovn.dns_servers = [] {{(pid=103948) log_opt_values /opt/stack/data/venv/lib/python3.12/site-packages/oslo_config/cfg.py:3006}}
Mar 19 09:22:20.653917 np0000159975 neutron-periodic-workers[103948]: DEBUG cotyledon.oslo_config_glue [-] ovn.enable_distributed_floating_ip = False {{(pid=103948) log_opt_values /opt/stack/data/venv/lib/python3.12/site-packages/oslo_config/cfg.py:3006}}
Mar 19 09:22:20.653917 np0000159975 neutron-periodic-workers[103948]: DEBUG cotyledon.oslo_config_glue [-] ovn.fdb_age_threshold = 300 {{(pid=103948) log_opt_values /opt/stack/data/venv/lib/python3.12/site-packages/oslo_config/cfg.py:3006}}
Mar 19 09:22:20.653917 np0000159975 neutron-periodic-workers[103948]: DEBUG cotyledon.oslo_config_glue [-] ovn.ha_failover_strategy = normal {{(pid=103948) log_opt_values /opt/stack/data/venv/lib/python3.12/site-packages/oslo_config/cfg.py:3006}}
Mar 19 09:22:20.653917 np0000159975 neutron-periodic-workers[103948]: DEBUG cotyledon.oslo_config_glue [-] ovn.live_migration_activation_strategy = rarp {{(pid=103948) log_opt_values /opt/stack/data/venv/lib/python3.12/site-packages/oslo_config/cfg.py:3006}}
Mar 19 09:22:20.654208 np0000159975 neutron-periodic-workers[103948]: DEBUG cotyledon.oslo_config_glue [-] ovn.localnet_learn_fdb = False {{(pid=103948) log_opt_values /opt/stack/data/venv/lib/python3.12/site-packages/oslo_config/cfg.py:3006}}
Mar 19 09:22:20.654208 np0000159975 neutron-periodic-workers[103948]: DEBUG cotyledon.oslo_config_glue [-] ovn.mac_binding_age_threshold = 300 {{(pid=103948) log_opt_values /opt/stack/data/venv/lib/python3.12/site-packages/oslo_config/cfg.py:3006}}
Mar 19 09:22:20.654208 np0000159975 neutron-periodic-workers[103948]: DEBUG cotyledon.oslo_config_glue [-] ovn.neutron_sync_mode = log {{(pid=103948) log_opt_values /opt/stack/data/venv/lib/python3.12/site-packages/oslo_config/cfg.py:3006}}
Mar 19 09:22:20.654208 np0000159975 neutron-periodic-workers[103948]: DEBUG cotyledon.oslo_config_glue [-] ovn.ovn_dhcp4_global_options = {} {{(pid=103948) log_opt_values /opt/stack/data/venv/lib/python3.12/site-packages/oslo_config/cfg.py:3006}}
Mar 19 09:22:20.654208 np0000159975 neutron-periodic-workers[103948]: DEBUG cotyledon.oslo_config_glue [-] ovn.ovn_dhcp6_global_options = {} {{(pid=103948) log_opt_values /opt/stack/data/venv/lib/python3.12/site-packages/oslo_config/cfg.py:3006}}
Mar 19 09:22:20.654208 np0000159975 neutron-periodic-workers[103948]: DEBUG cotyledon.oslo_config_glue [-] ovn.ovn_l3_scheduler = leastloaded {{(pid=103948) log_opt_values /opt/stack/data/venv/lib/python3.12/site-packages/oslo_config/cfg.py:3006}}
Mar 19 09:22:20.654208 np0000159975 neutron-periodic-workers[103948]: DEBUG cotyledon.oslo_config_glue [-] ovn.ovn_metadata_enabled = True {{(pid=103948) log_opt_values /opt/stack/data/venv/lib/python3.12/site-packages/oslo_config/cfg.py:3006}}
Mar 19 09:22:20.654208 np0000159975 neutron-periodic-workers[103948]: DEBUG cotyledon.oslo_config_glue [-] ovn.ovn_nb_ca_cert = /opt/stack/data/CA/int-ca/ca-chain.pem {{(pid=103948) log_opt_values /opt/stack/data/venv/lib/python3.12/site-packages/oslo_config/cfg.py:3006}}
Mar 19 09:22:20.654208 np0000159975 neutron-periodic-workers[103948]: DEBUG cotyledon.oslo_config_glue [-] ovn.ovn_nb_certificate = /opt/stack/data/CA/int-ca/devstack-cert.crt {{(pid=103948) log_opt_values /opt/stack/data/venv/lib/python3.12/site-packages/oslo_config/cfg.py:3006}}
Mar 19 09:22:20.654470 np0000159975 neutron-periodic-workers[103948]: DEBUG cotyledon.oslo_config_glue [-] ovn.ovn_nb_connection = ['ssl:199.204.45.233:6641'] {{(pid=103948) log_opt_values /opt/stack/data/venv/lib/python3.12/site-packages/oslo_config/cfg.py:3006}}
Mar 19 09:22:20.654470 np0000159975 neutron-periodic-workers[103948]: DEBUG cotyledon.oslo_config_glue [-] ovn.ovn_nb_private_key = /opt/stack/data/CA/int-ca/private/devstack-cert.key {{(pid=103948) log_opt_values /opt/stack/data/venv/lib/python3.12/site-packages/oslo_config/cfg.py:3006}}
Mar 19 09:22:20.654470 np0000159975 neutron-periodic-workers[103948]: DEBUG cotyledon.oslo_config_glue [-] ovn.ovn_router_indirect_snat = False {{(pid=103948) log_opt_values /opt/stack/data/venv/lib/python3.12/site-packages/oslo_config/cfg.py:3006}}
Mar 19 09:22:20.654470 np0000159975 neutron-periodic-workers[103948]: DEBUG cotyledon.oslo_config_glue [-] ovn.ovn_sb_ca_cert = /opt/stack/data/CA/int-ca/ca-chain.pem {{(pid=103948) log_opt_values /opt/stack/data/venv/lib/python3.12/site-packages/oslo_config/cfg.py:3006}}
Mar 19 09:22:20.654470 np0000159975 neutron-periodic-workers[103948]: DEBUG cotyledon.oslo_config_glue [-] ovn.ovn_sb_certificate = /opt/stack/data/CA/int-ca/devstack-cert.crt {{(pid=103948) log_opt_values /opt/stack/data/venv/lib/python3.12/site-packages/oslo_config/cfg.py:3006}}
Mar 19 09:22:20.654470 np0000159975 neutron-periodic-workers[103948]: DEBUG cotyledon.oslo_config_glue [-] ovn.ovn_sb_connection = ['ssl:199.204.45.233:6642'] {{(pid=103948) log_opt_values /opt/stack/data/venv/lib/python3.12/site-packages/oslo_config/cfg.py:3006}}
Mar 19 09:22:20.654470 np0000159975 neutron-periodic-workers[103948]: DEBUG cotyledon.oslo_config_glue [-] ovn.ovn_sb_private_key = /opt/stack/data/CA/int-ca/private/devstack-cert.key {{(pid=103948) log_opt_values /opt/stack/data/venv/lib/python3.12/site-packages/oslo_config/cfg.py:3006}}
Mar 19 09:22:20.654470 np0000159975 neutron-periodic-workers[103948]: DEBUG cotyledon.oslo_config_glue [-] ovn.ovs_create_tap = False {{(pid=103948) log_opt_values /opt/stack/data/venv/lib/python3.12/site-packages/oslo_config/cfg.py:3006}}
Mar 19 09:22:20.654662 np0000159975 neutron-periodic-workers[103948]: DEBUG cotyledon.oslo_config_glue [-] ovn.ovsdb_connection_timeout = 180 {{(pid=103948) log_opt_values /opt/stack/data/venv/lib/python3.12/site-packages/oslo_config/cfg.py:3006}}
Mar 19 09:22:20.654662 np0000159975 neutron-periodic-workers[103948]: DEBUG cotyledon.oslo_config_glue [-] ovn.ovsdb_log_level = INFO {{(pid=103948) log_opt_values /opt/stack/data/venv/lib/python3.12/site-packages/oslo_config/cfg.py:3006}}
Mar 19 09:22:20.654662 np0000159975 neutron-periodic-workers[103948]: DEBUG cotyledon.oslo_config_glue [-] ovn.ovsdb_probe_interval = 60000 {{(pid=103948) log_opt_values /opt/stack/data/venv/lib/python3.12/site-packages/oslo_config/cfg.py:3006}}
Mar 19 09:22:20.654662 np0000159975 neutron-periodic-workers[103948]: DEBUG cotyledon.oslo_config_glue [-] ovn.ovsdb_retry_max_interval = 180 {{(pid=103948) log_opt_values /opt/stack/data/venv/lib/python3.12/site-packages/oslo_config/cfg.py:3006}}
Mar 19 09:22:20.654662 np0000159975 neutron-periodic-workers[103948]: DEBUG cotyledon.oslo_config_glue [-] ovn.stateless_nat_enabled = False {{(pid=103948) log_opt_values /opt/stack/data/venv/lib/python3.12/site-packages/oslo_config/cfg.py:3006}}
Mar 19 09:22:20.654662 np0000159975 neutron-periodic-workers[103948]: DEBUG cotyledon.oslo_config_glue [-] ovn.vhost_sock_dir = /var/run/openvswitch {{(pid=103948) log_opt_values /opt/stack/data/venv/lib/python3.12/site-packages/oslo_config/cfg.py:3006}}
Mar 19 09:22:20.654662 np0000159975 neutron-periodic-workers[103948]: DEBUG cotyledon.oslo_config_glue [-] OVS.bridge_mac_table_size = 50000 {{(pid=103948) log_opt_values /opt/stack/data/venv/lib/python3.12/site-packages/oslo_config/cfg.py:3006}}
Mar 19 09:22:20.654662 np0000159975 neutron-periodic-workers[103948]: DEBUG cotyledon.oslo_config_glue [-] OVS.igmp_flood = False {{(pid=103948) log_opt_values /opt/stack/data/venv/lib/python3.12/site-packages/oslo_config/cfg.py:3006}}
Mar 19 09:22:20.654662 np0000159975 neutron-periodic-workers[103948]: DEBUG cotyledon.oslo_config_glue [-] OVS.igmp_flood_reports = True {{(pid=103948) log_opt_values /opt/stack/data/venv/lib/python3.12/site-packages/oslo_config/cfg.py:3006}}
Mar 19 09:22:20.654886 np0000159975 neutron-periodic-workers[103948]: DEBUG cotyledon.oslo_config_glue [-] OVS.igmp_flood_unregistered = False {{(pid=103948) log_opt_values /opt/stack/data/venv/lib/python3.12/site-packages/oslo_config/cfg.py:3006}}
Mar 19 09:22:20.654886 np0000159975 neutron-periodic-workers[103948]: DEBUG cotyledon.oslo_config_glue [-] OVS.igmp_snooping_enable = False {{(pid=103948) log_opt_values /opt/stack/data/venv/lib/python3.12/site-packages/oslo_config/cfg.py:3006}}
Mar 19 09:22:20.654886 np0000159975 neutron-periodic-workers[103948]: DEBUG cotyledon.oslo_config_glue [-] OVS.ovsdb_timeout = 10 {{(pid=103948) log_opt_values /opt/stack/data/venv/lib/python3.12/site-packages/oslo_config/cfg.py:3006}}
Mar 19 09:22:20.654886 np0000159975 neutron-periodic-workers[103948]: DEBUG cotyledon.oslo_config_glue [-] ovn_nb_global.fdb_removal_limit = 0 {{(pid=103948) log_opt_values /opt/stack/data/venv/lib/python3.12/site-packages/oslo_config/cfg.py:3006}}
Mar 19 09:22:20.654886 np0000159975 neutron-periodic-workers[103948]: DEBUG cotyledon.oslo_config_glue [-] ovn_nb_global.ignore_lsp_down = False {{(pid=103948) log_opt_values /opt/stack/data/venv/lib/python3.12/site-packages/oslo_config/cfg.py:3006}}
Mar 19 09:22:20.654886 np0000159975 neutron-periodic-workers[103948]: DEBUG cotyledon.oslo_config_glue [-] ovn_nb_global.mac_binding_removal_limit = 0 {{(pid=103948) log_opt_values /opt/stack/data/venv/lib/python3.12/site-packages/oslo_config/cfg.py:3006}}
Mar 19 09:22:20.654886 np0000159975 neutron-periodic-workers[103948]: DEBUG cotyledon.oslo_config_glue [-] ******************************************************************************** {{(pid=103948) log_opt_values /opt/stack/data/venv/lib/python3.12/site-packages/oslo_config/cfg.py:3013}}
Mar 19 09:22:20.654886 np0000159975 neutron-periodic-workers[103948]: DEBUG cotyledon._service_worker [-] Run service ServiceWrapper(0) [103948] {{(pid=103948) wait_forever /opt/stack/data/venv/lib/python3.12/site-packages/cotyledon/_service_worker.py:218}}
Mar 19 09:22:30.252165 np0000159975 neutron-periodic-workers[103201]: DEBUG dbcounter [-] [103201] Writing DB stats neutron:SELECT=4 {{(pid=103201) stat_writer /opt/stack/data/venv/lib/python3.12/site-packages/dbcounter.py:115}}
Mar 19 09:22:57.603051 np0000159975 neutron-periodic-workers[103928]: DEBUG oslo_db.sqlalchemy.engines [None req-3998b811-0934-4eac-98b7-f6a33e7486dd None None] Parent process 103201 forked (103928) with an open database connection, which is being discarded and recreated. {{(pid=103928) checkout /opt/stack/data/venv/lib/python3.12/site-packages/oslo_db/sqlalchemy/engines.py:402}}
Mar 19 09:22:57.611754 np0000159975 neutron-periodic-workers[103928]: DEBUG dbcounter [-] [103928] Writer thread running {{(pid=103928) stat_writer /opt/stack/data/venv/lib/python3.12/site-packages/dbcounter.py:102}}
Mar 19 09:22:57.622268 np0000159975 neutron-periodic-workers[103928]: DEBUG oslo.service.backend._threading.loopingcall [None req-3998b811-0934-4eac-98b7-f6a33e7486dd None None] Fixed interval looping call 'neutron.plugins.ml2.plugin.DhcpAgentSchedulerDbMixin.remove_networks_from_down_agents' sleeping for 36.97 seconds {{(pid=103928) _run_loop /opt/stack/data/venv/lib/python3.12/site-packages/oslo_service/backend/_threading/loopingcall.py:125}}
Mar 19 09:23:07.620736 np0000159975 neutron-periodic-workers[103928]: DEBUG dbcounter [-] [103928] Writing DB stats neutron:SELECT=3 {{(pid=103928) stat_writer /opt/stack/data/venv/lib/python3.12/site-packages/dbcounter.py:115}}
Mar 19 09:23:27.632769 np0000159975 neutron-periodic-workers[103939]: DEBUG dbcounter [-] [103939] Writer thread running {{(pid=103939) stat_writer /opt/stack/data/venv/lib/python3.12/site-packages/dbcounter.py:102}}
Mar 19 09:23:27.637113 np0000159975 neutron-periodic-workers[103939]: DEBUG neutron.db.agents_db [None req-f8a3da16-51bf-41d4-889d-c8306a9dcae3 None None] Agent healthcheck: found 0 active agents {{(pid=103939) agent_health_check /opt/stack/neutron/neutron/db/agents_db.py:317}}
Mar 19 09:23:27.637445 np0000159975 neutron-periodic-workers[103939]: DEBUG oslo.service.backend._threading.loopingcall [None req-f8a3da16-51bf-41d4-889d-c8306a9dcae3 None None] Fixed interval looping call 'neutron.plugins.ml2.plugin.AgentDbMixin.agent_health_check' sleeping for 36.98 seconds {{(pid=103939) _run_loop /opt/stack/data/venv/lib/python3.12/site-packages/oslo_service/backend/_threading/loopingcall.py:125}}
Mar 19 09:23:34.603566 np0000159975 neutron-periodic-workers[103928]: DEBUG oslo.service.backend._threading.loopingcall [None req-3998b811-0934-4eac-98b7-f6a33e7486dd None None] Fixed interval looping call 'neutron.plugins.ml2.plugin.DhcpAgentSchedulerDbMixin.remove_networks_from_down_agents' sleeping for 36.99 seconds {{(pid=103928) _run_loop /opt/stack/data/venv/lib/python3.12/site-packages/oslo_service/backend/_threading/loopingcall.py:125}}
Mar 19 09:23:37.633678 np0000159975 neutron-periodic-workers[103939]: DEBUG dbcounter [-] [103939] Writing DB stats neutron:SELECT=1 {{(pid=103939) stat_writer /opt/stack/data/venv/lib/python3.12/site-packages/dbcounter.py:115}}
Mar 19 09:23:44.601972 np0000159975 neutron-periodic-workers[103928]: DEBUG dbcounter [-] [103928] Writing DB stats neutron:SELECT=3 {{(pid=103928) stat_writer /opt/stack/data/venv/lib/python3.12/site-packages/dbcounter.py:115}}
Mar 19 09:24:04.623954 np0000159975 neutron-periodic-workers[103939]: DEBUG neutron.db.agents_db [None req-f8a3da16-51bf-41d4-889d-c8306a9dcae3 None None] Agent healthcheck: found 0 active agents {{(pid=103939) agent_health_check /opt/stack/neutron/neutron/db/agents_db.py:317}}
Mar 19 09:24:04.624774 np0000159975 neutron-periodic-workers[103939]: DEBUG oslo.service.backend._threading.loopingcall [None req-f8a3da16-51bf-41d4-889d-c8306a9dcae3 None None] Fixed interval looping call 'neutron.plugins.ml2.plugin.AgentDbMixin.agent_health_check' sleeping for 36.99 seconds {{(pid=103939) _run_loop /opt/stack/data/venv/lib/python3.12/site-packages/oslo_service/backend/_threading/loopingcall.py:125}}
Mar 19 09:24:11.603308 np0000159975 neutron-periodic-workers[103928]: DEBUG oslo.service.backend._threading.loopingcall [None req-3998b811-0934-4eac-98b7-f6a33e7486dd None None] Fixed interval looping call 'neutron.plugins.ml2.plugin.DhcpAgentSchedulerDbMixin.remove_networks_from_down_agents' sleeping for 36.99 seconds {{(pid=103928) _run_loop /opt/stack/data/venv/lib/python3.12/site-packages/oslo_service/backend/_threading/loopingcall.py:125}}
Mar 19 09:24:14.621521 np0000159975 neutron-periodic-workers[103939]: DEBUG dbcounter [-] [103939] Writing DB stats neutron:SELECT=1 {{(pid=103939) stat_writer /opt/stack/data/venv/lib/python3.12/site-packages/dbcounter.py:115}}
Mar 19 09:24:20.654182 np0000159975 neutron-periodic-workers[103948]: DEBUG dbcounter [-] [103948] Writer thread running {{(pid=103948) stat_writer /opt/stack/data/venv/lib/python3.12/site-packages/dbcounter.py:102}}
Mar 19 09:24:20.657565 np0000159975 neutron-periodic-workers[103948]: DEBUG oslo.service.backend._threading.loopingcall [None req-48775dc5-56c4-47ce-9cbd-3b291e43241f None None] Fixed interval looping call 'neutron.db.quota.driver_nolock.DbQuotaNoLockDriver._remove_expired_reservations' sleeping for 119.98 seconds {{(pid=103948) _run_loop /opt/stack/data/venv/lib/python3.12/site-packages/oslo_service/backend/_threading/loopingcall.py:125}}
Mar 19 09:24:21.602484 np0000159975 neutron-periodic-workers[103928]: DEBUG dbcounter [-] [103928] Writing DB stats neutron:SELECT=3 {{(pid=103928) stat_writer /opt/stack/data/venv/lib/python3.12/site-packages/dbcounter.py:115}}
Mar 19 09:24:30.654924 np0000159975 neutron-periodic-workers[103948]: DEBUG dbcounter [-] [103948] Writing DB stats neutron:DELETE=1 {{(pid=103948) stat_writer /opt/stack/data/venv/lib/python3.12/site-packages/dbcounter.py:115}}
Mar 19 09:24:41.619718 np0000159975 neutron-periodic-workers[103939]: DEBUG neutron.db.agents_db [None req-f8a3da16-51bf-41d4-889d-c8306a9dcae3 None None] Agent healthcheck: found 0 active agents {{(pid=103939) agent_health_check /opt/stack/neutron/neutron/db/agents_db.py:317}}
Mar 19 09:24:41.620280 np0000159975 neutron-periodic-workers[103939]: DEBUG oslo.service.backend._threading.loopingcall [None req-f8a3da16-51bf-41d4-889d-c8306a9dcae3 None None] Fixed interval looping call 'neutron.plugins.ml2.plugin.AgentDbMixin.agent_health_check' sleeping for 36.99 seconds {{(pid=103939) _run_loop /opt/stack/data/venv/lib/python3.12/site-packages/oslo_service/backend/_threading/loopingcall.py:125}}
Mar 19 09:24:48.603173 np0000159975 neutron-periodic-workers[103928]: DEBUG oslo.service.backend._threading.loopingcall [None req-3998b811-0934-4eac-98b7-f6a33e7486dd None None] Fixed interval looping call 'neutron.plugins.ml2.plugin.DhcpAgentSchedulerDbMixin.remove_networks_from_down_agents' sleeping for 36.99 seconds {{(pid=103928) _run_loop /opt/stack/data/venv/lib/python3.12/site-packages/oslo_service/backend/_threading/loopingcall.py:125}}
Mar 19 09:24:51.618375 np0000159975 neutron-periodic-workers[103939]: DEBUG dbcounter [-] [103939] Writing DB stats neutron:SELECT=1 {{(pid=103939) stat_writer /opt/stack/data/venv/lib/python3.12/site-packages/dbcounter.py:115}}
Mar 19 09:24:58.602470 np0000159975 neutron-periodic-workers[103928]: DEBUG dbcounter [-] [103928] Writing DB stats neutron:SELECT=3 {{(pid=103928) stat_writer /opt/stack/data/venv/lib/python3.12/site-packages/dbcounter.py:115}}
Mar 19 09:25:18.614029 np0000159975 neutron-periodic-workers[103939]: DEBUG neutron.db.agents_db [None req-f8a3da16-51bf-41d4-889d-c8306a9dcae3 None None] Agent healthcheck: found 0 active agents {{(pid=103939) agent_health_check /opt/stack/neutron/neutron/db/agents_db.py:317}}
Mar 19 09:25:18.615012 np0000159975 neutron-periodic-workers[103939]: DEBUG oslo.service.backend._threading.loopingcall [None req-f8a3da16-51bf-41d4-889d-c8306a9dcae3 None None] Fixed interval looping call 'neutron.plugins.ml2.plugin.AgentDbMixin.agent_health_check' sleeping for 37.00 seconds {{(pid=103939) _run_loop /opt/stack/data/venv/lib/python3.12/site-packages/oslo_service/backend/_threading/loopingcall.py:125}}
Mar 19 09:25:25.604669 np0000159975 neutron-periodic-workers[103928]: DEBUG oslo.service.backend._threading.loopingcall [None req-3998b811-0934-4eac-98b7-f6a33e7486dd None None] Fixed interval looping call 'neutron.plugins.ml2.plugin.DhcpAgentSchedulerDbMixin.remove_networks_from_down_agents' sleeping for 36.99 seconds {{(pid=103928) _run_loop /opt/stack/data/venv/lib/python3.12/site-packages/oslo_service/backend/_threading/loopingcall.py:125}}
Mar 19 09:25:28.612985 np0000159975 neutron-periodic-workers[103939]: DEBUG dbcounter [-] [103939] Writing DB stats neutron:SELECT=1 {{(pid=103939) stat_writer /opt/stack/data/venv/lib/python3.12/site-packages/dbcounter.py:115}}
Mar 19 09:25:35.602967 np0000159975 neutron-periodic-workers[103928]: DEBUG dbcounter [-] [103928] Writing DB stats neutron:SELECT=3 {{(pid=103928) stat_writer /opt/stack/data/venv/lib/python3.12/site-packages/dbcounter.py:115}}
Mar 19 09:25:55.619971 np0000159975 neutron-periodic-workers[103939]: DEBUG neutron.db.agents_db [None req-f8a3da16-51bf-41d4-889d-c8306a9dcae3 None None] Agent healthcheck: found 0 active agents {{(pid=103939) agent_health_check /opt/stack/neutron/neutron/db/agents_db.py:317}}
Mar 19 09:25:55.620942 np0000159975 neutron-periodic-workers[103939]: DEBUG oslo.service.backend._threading.loopingcall [None req-f8a3da16-51bf-41d4-889d-c8306a9dcae3 None None] Fixed interval looping call 'neutron.plugins.ml2.plugin.AgentDbMixin.agent_health_check' sleeping for 36.99 seconds {{(pid=103939) _run_loop /opt/stack/data/venv/lib/python3.12/site-packages/oslo_service/backend/_threading/loopingcall.py:125}}
Mar 19 09:26:02.603468 np0000159975 neutron-periodic-workers[103928]: DEBUG oslo.service.backend._threading.loopingcall [None req-3998b811-0934-4eac-98b7-f6a33e7486dd None None] Fixed interval looping call 'neutron.plugins.ml2.plugin.DhcpAgentSchedulerDbMixin.remove_networks_from_down_agents' sleeping for 36.99 seconds {{(pid=103928) _run_loop /opt/stack/data/venv/lib/python3.12/site-packages/oslo_service/backend/_threading/loopingcall.py:125}}
Mar 19 09:26:05.618115 np0000159975 neutron-periodic-workers[103939]: DEBUG dbcounter [-] [103939] Writing DB stats neutron:SELECT=1 {{(pid=103939) stat_writer /opt/stack/data/venv/lib/python3.12/site-packages/dbcounter.py:115}}
Mar 19 09:26:12.601866 np0000159975 neutron-periodic-workers[103928]: DEBUG dbcounter [-] [103928] Writing DB stats neutron:SELECT=3 {{(pid=103928) stat_writer /opt/stack/data/venv/lib/python3.12/site-packages/dbcounter.py:115}}
Mar 19 09:26:20.642985 np0000159975 neutron-periodic-workers[103948]: DEBUG oslo.service.backend._threading.loopingcall [None req-48775dc5-56c4-47ce-9cbd-3b291e43241f None None] Fixed interval looping call 'neutron.db.quota.driver_nolock.DbQuotaNoLockDriver._remove_expired_reservations' sleeping for 120.00 seconds {{(pid=103948) _run_loop /opt/stack/data/venv/lib/python3.12/site-packages/oslo_service/backend/_threading/loopingcall.py:125}}
Mar 19 09:26:30.641394 np0000159975 neutron-periodic-workers[103948]: DEBUG dbcounter [-] [103948] Writing DB stats neutron:DELETE=1 {{(pid=103948) stat_writer /opt/stack/data/venv/lib/python3.12/site-packages/dbcounter.py:115}}
Mar 19 09:26:32.616277 np0000159975 neutron-periodic-workers[103939]: DEBUG neutron.db.agents_db [None req-f8a3da16-51bf-41d4-889d-c8306a9dcae3 None None] Agent healthcheck: found 0 active agents {{(pid=103939) agent_health_check /opt/stack/neutron/neutron/db/agents_db.py:317}}
Mar 19 09:26:32.616949 np0000159975 neutron-periodic-workers[103939]: DEBUG oslo.service.backend._threading.loopingcall [None req-f8a3da16-51bf-41d4-889d-c8306a9dcae3 None None] Fixed interval looping call 'neutron.plugins.ml2.plugin.AgentDbMixin.agent_health_check' sleeping for 36.99 seconds {{(pid=103939) _run_loop /opt/stack/data/venv/lib/python3.12/site-packages/oslo_service/backend/_threading/loopingcall.py:125}}
Mar 19 09:26:39.603611 np0000159975 neutron-periodic-workers[103928]: DEBUG oslo.service.backend._threading.loopingcall [None req-3998b811-0934-4eac-98b7-f6a33e7486dd None None] Fixed interval looping call 'neutron.plugins.ml2.plugin.DhcpAgentSchedulerDbMixin.remove_networks_from_down_agents' sleeping for 36.99 seconds {{(pid=103928) _run_loop /opt/stack/data/venv/lib/python3.12/site-packages/oslo_service/backend/_threading/loopingcall.py:125}}
Mar 19 09:26:42.614057 np0000159975 neutron-periodic-workers[103939]: DEBUG dbcounter [-] [103939] Writing DB stats neutron:SELECT=1 {{(pid=103939) stat_writer /opt/stack/data/venv/lib/python3.12/site-packages/dbcounter.py:115}}
Mar 19 09:26:49.603382 np0000159975 neutron-periodic-workers[103928]: DEBUG dbcounter [-] [103928] Writing DB stats neutron:SELECT=3 {{(pid=103928) stat_writer /opt/stack/data/venv/lib/python3.12/site-packages/dbcounter.py:115}}
Mar 19 09:27:09.612956 np0000159975 neutron-periodic-workers[103939]: DEBUG neutron.db.agents_db [None req-f8a3da16-51bf-41d4-889d-c8306a9dcae3 None None] Agent healthcheck: found 0 active agents {{(pid=103939) agent_health_check /opt/stack/neutron/neutron/db/agents_db.py:317}}
Mar 19 09:27:09.613600 np0000159975 neutron-periodic-workers[103939]: DEBUG oslo.service.backend._threading.loopingcall [None req-f8a3da16-51bf-41d4-889d-c8306a9dcae3 None None] Fixed interval looping call 'neutron.plugins.ml2.plugin.AgentDbMixin.agent_health_check' sleeping for 36.99 seconds {{(pid=103939) _run_loop /opt/stack/data/venv/lib/python3.12/site-packages/oslo_service/backend/_threading/loopingcall.py:125}}
Mar 19 09:27:16.603954 np0000159975 neutron-periodic-workers[103928]: DEBUG oslo.service.backend._threading.loopingcall [None req-3998b811-0934-4eac-98b7-f6a33e7486dd None None] Fixed interval looping call 'neutron.plugins.ml2.plugin.DhcpAgentSchedulerDbMixin.remove_networks_from_down_agents' sleeping for 36.99 seconds {{(pid=103928) _run_loop /opt/stack/data/venv/lib/python3.12/site-packages/oslo_service/backend/_threading/loopingcall.py:125}}
Mar 19 09:27:17.640157 np0000159975 neutron-periodic-workers[103917]: DEBUG dbcounter [-] [103917] Writer thread running {{(pid=103917) stat_writer /opt/stack/data/venv/lib/python3.12/site-packages/dbcounter.py:102}}
Mar 19 09:27:17.653959 np0000159975 neutron-periodic-workers[103917]: DEBUG oslo.service.backend._threading.loopingcall [None req-f424cf42-3065-48ef-8604-25fad567a55f None None] Fixed interval looping call 'neutron.services.ovn_l3.plugin.L3_NAT_dbonly_mixin._clean_garbage' sleeping for 299.95 seconds {{(pid=103917) _run_loop /opt/stack/data/venv/lib/python3.12/site-packages/oslo_service/backend/_threading/loopingcall.py:125}}
Mar 19 09:27:19.610741 np0000159975 neutron-periodic-workers[103939]: DEBUG dbcounter [-] [103939] Writing DB stats neutron:SELECT=1 {{(pid=103939) stat_writer /opt/stack/data/venv/lib/python3.12/site-packages/dbcounter.py:115}}
Mar 19 09:27:26.603135 np0000159975 neutron-periodic-workers[103928]: DEBUG dbcounter [-] [103928] Writing DB stats neutron:SELECT=3 {{(pid=103928) stat_writer /opt/stack/data/venv/lib/python3.12/site-packages/dbcounter.py:115}}
Mar 19 09:27:27.640948 np0000159975 neutron-periodic-workers[103917]: DEBUG dbcounter [-] [103917] Writing DB stats neutron:SELECT=1 {{(pid=103917) stat_writer /opt/stack/data/venv/lib/python3.12/site-packages/dbcounter.py:115}}
Mar 19 09:27:46.608194 np0000159975 neutron-periodic-workers[103939]: DEBUG neutron.db.agents_db [None req-f8a3da16-51bf-41d4-889d-c8306a9dcae3 None None] Agent healthcheck: found 0 active agents {{(pid=103939) agent_health_check /opt/stack/neutron/neutron/db/agents_db.py:317}}
Mar 19 09:27:46.608194 np0000159975 neutron-periodic-workers[103939]: DEBUG oslo.service.backend._threading.loopingcall [None req-f8a3da16-51bf-41d4-889d-c8306a9dcae3 None None] Fixed interval looping call 'neutron.plugins.ml2.plugin.AgentDbMixin.agent_health_check' sleeping for 37.00 seconds {{(pid=103939) _run_loop /opt/stack/data/venv/lib/python3.12/site-packages/oslo_service/backend/_threading/loopingcall.py:125}}
Mar 19 09:27:53.605725 np0000159975 neutron-periodic-workers[103928]: DEBUG oslo.service.backend._threading.loopingcall [None req-3998b811-0934-4eac-98b7-f6a33e7486dd None None] Fixed interval looping call 'neutron.plugins.ml2.plugin.DhcpAgentSchedulerDbMixin.remove_networks_from_down_agents' sleeping for 36.99 seconds {{(pid=103928) _run_loop /opt/stack/data/venv/lib/python3.12/site-packages/oslo_service/backend/_threading/loopingcall.py:125}}
Mar 19 09:27:56.607122 np0000159975 neutron-periodic-workers[103939]: DEBUG dbcounter [-] [103939] Writing DB stats neutron:SELECT=1 {{(pid=103939) stat_writer /opt/stack/data/venv/lib/python3.12/site-packages/dbcounter.py:115}}
Mar 19 09:28:03.604058 np0000159975 neutron-periodic-workers[103928]: DEBUG dbcounter [-] [103928] Writing DB stats neutron:SELECT=3 {{(pid=103928) stat_writer /opt/stack/data/venv/lib/python3.12/site-packages/dbcounter.py:115}}
Mar 19 09:28:20.648672 np0000159975 neutron-periodic-workers[103948]: DEBUG oslo.service.backend._threading.loopingcall [None req-48775dc5-56c4-47ce-9cbd-3b291e43241f None None] Fixed interval looping call 'neutron.db.quota.driver_nolock.DbQuotaNoLockDriver._remove_expired_reservations' sleeping for 119.99 seconds {{(pid=103948) _run_loop /opt/stack/data/venv/lib/python3.12/site-packages/oslo_service/backend/_threading/loopingcall.py:125}}
Mar 19 09:28:23.613446 np0000159975 neutron-periodic-workers[103939]: DEBUG neutron.db.agents_db [None req-f8a3da16-51bf-41d4-889d-c8306a9dcae3 None None] Agent healthcheck: found 0 active agents {{(pid=103939) agent_health_check /opt/stack/neutron/neutron/db/agents_db.py:317}}
Mar 19 09:28:23.614827 np0000159975 neutron-periodic-workers[103939]: DEBUG oslo.service.backend._threading.loopingcall [None req-f8a3da16-51bf-41d4-889d-c8306a9dcae3 None None] Fixed interval looping call 'neutron.plugins.ml2.plugin.AgentDbMixin.agent_health_check' sleeping for 36.99 seconds {{(pid=103939) _run_loop /opt/stack/data/venv/lib/python3.12/site-packages/oslo_service/backend/_threading/loopingcall.py:125}}
Mar 19 09:28:30.605056 np0000159975 neutron-periodic-workers[103928]: DEBUG oslo.service.backend._threading.loopingcall [None req-3998b811-0934-4eac-98b7-f6a33e7486dd None None] Fixed interval looping call 'neutron.plugins.ml2.plugin.DhcpAgentSchedulerDbMixin.remove_networks_from_down_agents' sleeping for 36.99 seconds {{(pid=103928) _run_loop /opt/stack/data/venv/lib/python3.12/site-packages/oslo_service/backend/_threading/loopingcall.py:125}}
Mar 19 09:28:30.646749 np0000159975 neutron-periodic-workers[103948]: DEBUG dbcounter [-] [103948] Writing DB stats neutron:DELETE=1 {{(pid=103948) stat_writer /opt/stack/data/venv/lib/python3.12/site-packages/dbcounter.py:115}}
Mar 19 09:28:33.611751 np0000159975 neutron-periodic-workers[103939]: DEBUG dbcounter [-] [103939] Writing DB stats neutron:SELECT=1 {{(pid=103939) stat_writer /opt/stack/data/venv/lib/python3.12/site-packages/dbcounter.py:115}}
Mar 19 09:28:40.604638 np0000159975 neutron-periodic-workers[103928]: DEBUG dbcounter [-] [103928] Writing DB stats neutron:SELECT=3 {{(pid=103928) stat_writer /opt/stack/data/venv/lib/python3.12/site-packages/dbcounter.py:115}}
Mar 19 09:29:00.609931 np0000159975 neutron-periodic-workers[103939]: DEBUG neutron.db.agents_db [None req-f8a3da16-51bf-41d4-889d-c8306a9dcae3 None None] Agent healthcheck: found 0 active agents {{(pid=103939) agent_health_check /opt/stack/neutron/neutron/db/agents_db.py:317}}
Mar 19 09:29:00.610746 np0000159975 neutron-periodic-workers[103939]: DEBUG oslo.service.backend._threading.loopingcall [None req-f8a3da16-51bf-41d4-889d-c8306a9dcae3 None None] Fixed interval looping call 'neutron.plugins.ml2.plugin.AgentDbMixin.agent_health_check' sleeping for 36.99 seconds {{(pid=103939) _run_loop /opt/stack/data/venv/lib/python3.12/site-packages/oslo_service/backend/_threading/loopingcall.py:125}}
Mar 19 09:29:07.604036 np0000159975 neutron-periodic-workers[103928]: DEBUG oslo.service.backend._threading.loopingcall [None req-3998b811-0934-4eac-98b7-f6a33e7486dd None None] Fixed interval looping call 'neutron.plugins.ml2.plugin.DhcpAgentSchedulerDbMixin.remove_networks_from_down_agents' sleeping for 36.99 seconds {{(pid=103928) _run_loop /opt/stack/data/venv/lib/python3.12/site-packages/oslo_service/backend/_threading/loopingcall.py:125}}
Mar 19 09:29:10.607688 np0000159975 neutron-periodic-workers[103939]: DEBUG dbcounter [-] [103939] Writing DB stats neutron:SELECT=1 {{(pid=103939) stat_writer /opt/stack/data/venv/lib/python3.12/site-packages/dbcounter.py:115}}
Mar 19 09:29:17.602522 np0000159975 neutron-periodic-workers[103928]: DEBUG dbcounter [-] [103928] Writing DB stats neutron:SELECT=3 {{(pid=103928) stat_writer /opt/stack/data/venv/lib/python3.12/site-packages/dbcounter.py:115}}
Mar 19 09:29:37.606153 np0000159975 neutron-periodic-workers[103939]: DEBUG neutron.db.agents_db [None req-f8a3da16-51bf-41d4-889d-c8306a9dcae3 None None] Agent healthcheck: found 0 active agents {{(pid=103939) agent_health_check /opt/stack/neutron/neutron/db/agents_db.py:317}}
Mar 19 09:29:37.606992 np0000159975 neutron-periodic-workers[103939]: DEBUG oslo.service.backend._threading.loopingcall [None req-f8a3da16-51bf-41d4-889d-c8306a9dcae3 None None] Fixed interval looping call 'neutron.plugins.ml2.plugin.AgentDbMixin.agent_health_check' sleeping for 36.99 seconds {{(pid=103939) _run_loop /opt/stack/data/venv/lib/python3.12/site-packages/oslo_service/backend/_threading/loopingcall.py:125}}
Mar 19 09:29:44.604054 np0000159975 neutron-periodic-workers[103928]: DEBUG oslo.service.backend._threading.loopingcall [None req-3998b811-0934-4eac-98b7-f6a33e7486dd None None] Fixed interval looping call 'neutron.plugins.ml2.plugin.DhcpAgentSchedulerDbMixin.remove_networks_from_down_agents' sleeping for 36.99 seconds {{(pid=103928) _run_loop /opt/stack/data/venv/lib/python3.12/site-packages/oslo_service/backend/_threading/loopingcall.py:125}}
Mar 19 09:29:47.604143 np0000159975 neutron-periodic-workers[103939]: DEBUG dbcounter [-] [103939] Writing DB stats neutron:SELECT=1 {{(pid=103939) stat_writer /opt/stack/data/venv/lib/python3.12/site-packages/dbcounter.py:115}}
Mar 19 09:29:54.603142 np0000159975 neutron-periodic-workers[103928]: DEBUG dbcounter [-] [103928] Writing DB stats neutron:SELECT=3 {{(pid=103928) stat_writer /opt/stack/data/venv/lib/python3.12/site-packages/dbcounter.py:115}}
Mar 19 09:30:14.604180 np0000159975 neutron-periodic-workers[103939]: DEBUG neutron.db.agents_db [None req-f8a3da16-51bf-41d4-889d-c8306a9dcae3 None None] Agent healthcheck: found 0 active agents {{(pid=103939) agent_health_check /opt/stack/neutron/neutron/db/agents_db.py:317}}
Mar 19 09:30:14.604857 np0000159975 neutron-periodic-workers[103939]: DEBUG oslo.service.backend._threading.loopingcall [None req-f8a3da16-51bf-41d4-889d-c8306a9dcae3 None None] Fixed interval looping call 'neutron.plugins.ml2.plugin.AgentDbMixin.agent_health_check' sleeping for 36.99 seconds {{(pid=103939) _run_loop /opt/stack/data/venv/lib/python3.12/site-packages/oslo_service/backend/_threading/loopingcall.py:125}}
Mar 19 09:30:20.643996 np0000159975 neutron-periodic-workers[103948]: DEBUG oslo.service.backend._threading.loopingcall [None req-48775dc5-56c4-47ce-9cbd-3b291e43241f None None] Fixed interval looping call 'neutron.db.quota.driver_nolock.DbQuotaNoLockDriver._remove_expired_reservations' sleeping for 120.00 seconds {{(pid=103948) _run_loop /opt/stack/data/venv/lib/python3.12/site-packages/oslo_service/backend/_threading/loopingcall.py:125}}
Mar 19 09:30:21.605922 np0000159975 neutron-periodic-workers[103928]: DEBUG oslo.service.backend._threading.loopingcall [None req-3998b811-0934-4eac-98b7-f6a33e7486dd None None] Fixed interval looping call 'neutron.plugins.ml2.plugin.DhcpAgentSchedulerDbMixin.remove_networks_from_down_agents' sleeping for 36.99 seconds {{(pid=103928) _run_loop /opt/stack/data/venv/lib/python3.12/site-packages/oslo_service/backend/_threading/loopingcall.py:125}}
Mar 19 09:30:24.602326 np0000159975 neutron-periodic-workers[103939]: DEBUG dbcounter [-] [103939] Writing DB stats neutron:SELECT=1 {{(pid=103939) stat_writer /opt/stack/data/venv/lib/python3.12/site-packages/dbcounter.py:115}}
Mar 19 09:30:30.643169 np0000159975 neutron-periodic-workers[103948]: DEBUG dbcounter [-] [103948] Writing DB stats neutron:DELETE=1 {{(pid=103948) stat_writer /opt/stack/data/venv/lib/python3.12/site-packages/dbcounter.py:115}}
Mar 19 09:30:31.604152 np0000159975 neutron-periodic-workers[103928]: DEBUG dbcounter [-] [103928] Writing DB stats neutron:SELECT=3 {{(pid=103928) stat_writer /opt/stack/data/venv/lib/python3.12/site-packages/dbcounter.py:115}}
Mar 19 09:30:51.600428 np0000159975 neutron-periodic-workers[103939]: DEBUG neutron.db.agents_db [None req-f8a3da16-51bf-41d4-889d-c8306a9dcae3 None None] Agent healthcheck: found 0 active agents {{(pid=103939) agent_health_check /opt/stack/neutron/neutron/db/agents_db.py:317}}
Mar 19 09:30:51.601147 np0000159975 neutron-periodic-workers[103939]: DEBUG oslo.service.backend._threading.loopingcall [None req-f8a3da16-51bf-41d4-889d-c8306a9dcae3 None None] Fixed interval looping call 'neutron.plugins.ml2.plugin.AgentDbMixin.agent_health_check' sleeping for 36.99 seconds {{(pid=103939) _run_loop /opt/stack/data/venv/lib/python3.12/site-packages/oslo_service/backend/_threading/loopingcall.py:125}}
Mar 19 09:30:58.607056 np0000159975 neutron-periodic-workers[103928]: DEBUG oslo.service.backend._threading.loopingcall [None req-3998b811-0934-4eac-98b7-f6a33e7486dd None None] Fixed interval looping call 'neutron.plugins.ml2.plugin.DhcpAgentSchedulerDbMixin.remove_networks_from_down_agents' sleeping for 36.99 seconds {{(pid=103928) _run_loop /opt/stack/data/venv/lib/python3.12/site-packages/oslo_service/backend/_threading/loopingcall.py:125}}
Mar 19 09:31:01.598428 np0000159975 neutron-periodic-workers[103939]: DEBUG dbcounter [-] [103939] Writing DB stats neutron:SELECT=1 {{(pid=103939) stat_writer /opt/stack/data/venv/lib/python3.12/site-packages/dbcounter.py:115}}
Mar 19 09:31:08.605176 np0000159975 neutron-periodic-workers[103928]: DEBUG dbcounter [-] [103928] Writing DB stats neutron:SELECT=3 {{(pid=103928) stat_writer /opt/stack/data/venv/lib/python3.12/site-packages/dbcounter.py:115}}
Mar 19 09:31:28.598727 np0000159975 neutron-periodic-workers[103939]: DEBUG neutron.db.agents_db [None req-f8a3da16-51bf-41d4-889d-c8306a9dcae3 None None] Agent healthcheck: found 0 active agents {{(pid=103939) agent_health_check /opt/stack/neutron/neutron/db/agents_db.py:317}}
Mar 19 09:31:28.599783 np0000159975 neutron-periodic-workers[103939]: DEBUG oslo.service.backend._threading.loopingcall [None req-f8a3da16-51bf-41d4-889d-c8306a9dcae3 None None] Fixed interval looping call 'neutron.plugins.ml2.plugin.AgentDbMixin.agent_health_check' sleeping for 36.99 seconds {{(pid=103939) _run_loop /opt/stack/data/venv/lib/python3.12/site-packages/oslo_service/backend/_threading/loopingcall.py:125}}
Mar 19 09:31:35.608469 np0000159975 neutron-periodic-workers[103928]: DEBUG oslo.service.backend._threading.loopingcall [None req-3998b811-0934-4eac-98b7-f6a33e7486dd None None] Fixed interval looping call 'neutron.plugins.ml2.plugin.DhcpAgentSchedulerDbMixin.remove_networks_from_down_agents' sleeping for 36.99 seconds {{(pid=103928) _run_loop /opt/stack/data/venv/lib/python3.12/site-packages/oslo_service/backend/_threading/loopingcall.py:125}}
Mar 19 09:31:38.596118 np0000159975 neutron-periodic-workers[103939]: DEBUG dbcounter [-] [103939] Writing DB stats neutron:SELECT=1 {{(pid=103939) stat_writer /opt/stack/data/venv/lib/python3.12/site-packages/dbcounter.py:115}}
Mar 19 09:31:45.606918 np0000159975 neutron-periodic-workers[103928]: DEBUG dbcounter [-] [103928] Writing DB stats neutron:SELECT=3 {{(pid=103928) stat_writer /opt/stack/data/venv/lib/python3.12/site-packages/dbcounter.py:115}}
Mar 19 09:32:05.593680 np0000159975 neutron-periodic-workers[103939]: DEBUG neutron.db.agents_db [None req-f8a3da16-51bf-41d4-889d-c8306a9dcae3 None None] Agent healthcheck: found 0 active agents {{(pid=103939) agent_health_check /opt/stack/neutron/neutron/db/agents_db.py:317}}
Mar 19 09:32:05.594276 np0000159975 neutron-periodic-workers[103939]: DEBUG oslo.service.backend._threading.loopingcall [None req-f8a3da16-51bf-41d4-889d-c8306a9dcae3 None None] Fixed interval looping call 'neutron.plugins.ml2.plugin.AgentDbMixin.agent_health_check' sleeping for 37.00 seconds {{(pid=103939) _run_loop /opt/stack/data/venv/lib/python3.12/site-packages/oslo_service/backend/_threading/loopingcall.py:125}}
Mar 19 09:32:12.607644 np0000159975 neutron-periodic-workers[103928]: DEBUG oslo.service.backend._threading.loopingcall [None req-3998b811-0934-4eac-98b7-f6a33e7486dd None None] Fixed interval looping call 'neutron.plugins.ml2.plugin.DhcpAgentSchedulerDbMixin.remove_networks_from_down_agents' sleeping for 36.99 seconds {{(pid=103928) _run_loop /opt/stack/data/venv/lib/python3.12/site-packages/oslo_service/backend/_threading/loopingcall.py:125}}
Mar 19 09:32:15.592196 np0000159975 neutron-periodic-workers[103939]: DEBUG dbcounter [-] [103939] Writing DB stats neutron:SELECT=1 {{(pid=103939) stat_writer /opt/stack/data/venv/lib/python3.12/site-packages/dbcounter.py:115}}
