Jun 09 02:38:41.592055 np0000179084 devstack@neutron-api.service[103690]: DEBUG neutron_lib.callbacks.manager [None req-bf8f2f11-7f6b-495f-9f67-86396ed57f9e admin admin] Publish callbacks ['neutron.objects.securitygroup.RbacNeutronDbObjectMixin.validate_rbac_policy_change-3227621149341', 'neutron.objects.address_group.RbacNeutronDbObjectMixin.validate_rbac_policy_change-3227621188098', 'neutron.objects.network.RbacNeutronDbObjectMixin.validate_rbac_policy_change-3227621053097', 'neutron.objects.qos.policy.RbacNeutronDbObjectMixin.validate_rbac_policy_change-3227621056348', 'neutron.objects.subnetpool.RbacNeutronDbObjectMixin.validate_rbac_policy_change-3227621042623', 'neutron.objects.address_scope.RbacNeutronDbObjectMixin.validate_rbac_policy_change-3227621043820', 'neutron.plugins.ml2.plugin.External_net_db_mixin._process_ext_policy_create-216614', 'neutron.plugins.ml2.plugin.NeutronDbPluginV2.validate_network_rbac_policy_change-302622'] for rbac-policy (None), before_create {{(pid=103690) _notify_loop /opt/stack/data/venv/lib/python3.12/site-packages/neutron_lib/callbacks/manager.py:184}}
Jun 09 02:38:41.637439 np0000179084 devstack@neutron-api.service[103690]: DEBUG neutron_lib.callbacks.manager [None req-bf8f2f11-7f6b-495f-9f67-86396ed57f9e admin admin] Publish callbacks [] for subnetpool (None), before_response {{(pid=103690) _notify_loop /opt/stack/data/venv/lib/python3.12/site-packages/neutron_lib/callbacks/manager.py:184}}
Jun 09 02:38:41.638108 np0000179084 devstack@neutron-api.service[103690]: [pid: 103690|app: 0|req: 1/4] 199.204.45.72 () {68 vars in 1360 bytes} [Tue Jun 9 02:38:41 2026] POST /networking/v2.0/subnetpools => generated 543 bytes in 482 msecs (HTTP/1.1 201) 4 headers in 162 bytes (1 switches on core 0)
Jun 09 02:38:42.058473 np0000179084 devstack@neutron-api.service[103688]: DEBUG neutron.api.v2.base [None req-5da23467-94f7-4dbe-b17e-7ba02a95f7ab admin admin] Request body: {'network': {'admin_state_up': True, 'name': 'private'}} {{(pid=103688) prepare_request_body /opt/stack/neutron/neutron/api/v2/base.py:727}}
Jun 09 02:38:42.095505 np0000179084 devstack@neutron-api.service[103688]: DEBUG neutron.pecan_wsgi.hooks.quota_enforcement [None req-5da23467-94f7-4dbe-b17e-7ba02a95f7ab admin admin] Made reservation on behalf of e6b9bc5f2788405fa8504a076a781823 for: {'network': 1} {{(pid=103688) before /opt/stack/neutron/neutron/pecan_wsgi/hooks/quota_enforcement.py:66}}
Jun 09 02:38:42.273051 np0000179084 devstack@neutron-api.service[103688]: DEBUG neutron.policy [None req-5da23467-94f7-4dbe-b17e-7ba02a95f7ab admin admin] Loaded default policies from ['neutron'] under neutron.policies entry points {{(pid=103688) register_rules /opt/stack/neutron/neutron/policy.py:65}}
Jun 09 02:38:42.381246 np0000179084 devstack@neutron-api.service[103688]: DEBUG neutron_lib.callbacks.manager [None req-5da23467-94f7-4dbe-b17e-7ba02a95f7ab admin admin] Publish callbacks ['neutron.plugins.ml2.plugin.SecurityGroupDbMixin._ensure_default_security_group_handler-446622'] for network (None), before_create {{(pid=103688) _notify_loop /opt/stack/data/venv/lib/python3.12/site-packages/neutron_lib/callbacks/manager.py:184}}
Jun 09 02:38:42.402493 np0000179084 devstack@neutron-api.service[103688]: DEBUG neutron_lib.callbacks.manager [None req-5da23467-94f7-4dbe-b17e-7ba02a95f7ab admin admin] Publish callbacks [] for security_group (None), before_create {{(pid=103688) _notify_loop /opt/stack/data/venv/lib/python3.12/site-packages/neutron_lib/callbacks/manager.py:184}}
Jun 09 02:38:42.509128 np0000179084 devstack@neutron-api.service[103688]: DEBUG neutron_lib.callbacks.manager [None req-5da23467-94f7-4dbe-b17e-7ba02a95f7ab admin admin] Publish callbacks ['neutron.plugins.ml2.drivers.ovn.mech_driver.mech_driver.OVNMechanismDriver._create_security_group_precommit-903422'] for security_group (d1aa91d1-3979-431c-aaf8-93fdb340401b), precommit_create {{(pid=103688) _notify_loop /opt/stack/data/venv/lib/python3.12/site-packages/neutron_lib/callbacks/manager.py:184}}
Jun 09 02:38:42.509480 np0000179084 devstack@neutron-api.service[103688]: DEBUG neutron.db.ovn_revision_numbers_db [None req-5da23467-94f7-4dbe-b17e-7ba02a95f7ab admin admin] create_initial_revision uuid=d1aa91d1-3979-431c-aaf8-93fdb340401b, type=security_groups, rev=-1 {{(pid=103688) create_initial_revision /opt/stack/neutron/neutron/db/ovn_revision_numbers_db.py:98}}
Jun 09 02:38:42.511509 np0000179084 devstack@neutron-api.service[103688]: DEBUG neutron.db.ovn_revision_numbers_db [None req-5da23467-94f7-4dbe-b17e-7ba02a95f7ab admin admin] create_initial_revision uuid=4edd994f-8d3c-4f91-b00d-29678e80d2a0, type=security_group_rules, rev=-1 {{(pid=103688) create_initial_revision /opt/stack/neutron/neutron/db/ovn_revision_numbers_db.py:98}}
Jun 09 02:38:42.512471 np0000179084 devstack@neutron-api.service[103688]: DEBUG neutron.db.ovn_revision_numbers_db [None req-5da23467-94f7-4dbe-b17e-7ba02a95f7ab admin admin] create_initial_revision uuid=93cd6b20-0f7e-4148-bd66-9d5524d3bbb6, type=security_group_rules, rev=-1 {{(pid=103688) create_initial_revision /opt/stack/neutron/neutron/db/ovn_revision_numbers_db.py:98}}
Jun 09 02:38:42.513415 np0000179084 devstack@neutron-api.service[103688]: DEBUG neutron.db.ovn_revision_numbers_db [None req-5da23467-94f7-4dbe-b17e-7ba02a95f7ab admin admin] create_initial_revision uuid=a586c260-6eb3-44cf-a18e-24a8211188da, type=security_group_rules, rev=-1 {{(pid=103688) create_initial_revision /opt/stack/neutron/neutron/db/ovn_revision_numbers_db.py:98}}
Jun 09 02:38:42.514341 np0000179084 devstack@neutron-api.service[103688]: DEBUG neutron.db.ovn_revision_numbers_db [None req-5da23467-94f7-4dbe-b17e-7ba02a95f7ab admin admin] create_initial_revision uuid=aedda837-0606-41a4-a566-58cc17cf44b8, type=security_group_rules, rev=-1 {{(pid=103688) create_initial_revision /opt/stack/neutron/neutron/db/ovn_revision_numbers_db.py:98}}
Jun 09 02:38:42.520581 np0000179084 devstack@neutron-api.service[103688]: DEBUG neutron_lib.callbacks.manager [None req-5da23467-94f7-4dbe-b17e-7ba02a95f7ab admin admin] Publish callbacks ['neutron.plugins.ml2.drivers.ovn.mech_driver.mech_driver.OVNMechanismDriver._create_security_group-903392', 'neutron.plugins.ml2.ovo_rpc._ObjectChangeHandler.handle_event-2036474'] for security_group (d1aa91d1-3979-431c-aaf8-93fdb340401b), after_create {{(pid=103688) _notify_loop /opt/stack/data/venv/lib/python3.12/site-packages/neutron_lib/callbacks/manager.py:184}}
Jun 09 02:38:42.520809 np0000179084 devstack@neutron-api.service[103688]: INFO neutron.plugins.ml2.drivers.ovn.mech_driver.ovsdb.extensions.qos [None req-5da23467-94f7-4dbe-b17e-7ba02a95f7ab admin admin] Starting OVNClientQosExtension
Jun 09 02:38:42.520979 np0000179084 devstack@neutron-api.service[103688]: INFO neutron.plugins.ml2.drivers.ovn.mech_driver.ovsdb.extensions.placement [None req-5da23467-94f7-4dbe-b17e-7ba02a95f7ab admin admin] Starting OVNClientPlacementExtension
Jun 09 02:38:42.522977 np0000179084 devstack@neutron-api.service[103688]: DEBUG ovsdbapp.backend.ovs_idl.transaction [-] Running txn n=1 command(idx=0): PgAddCommand(_result=None, name=pg_d1aa91d1_3979_431c_aaf8_93fdb340401b, may_exist=False, columns={'acls': [], 'external_ids': {'neutron:security_group_id': 'd1aa91d1-3979-431c-aaf8-93fdb340401b'}}) {{(pid=103688) do_commit /opt/stack/data/venv/lib/python3.12/site-packages/ovsdbapp/backend/ovs_idl/transaction.py:89}}
Jun 09 02:38:42.525813 np0000179084 devstack@neutron-api.service[103688]: DEBUG ovsdbapp.backend.ovs_idl.transaction [-] Running txn n=1 command(idx=1): PgAclAddCommand(_result=None, entity=pg_d1aa91d1_3979_431c_aaf8_93fdb340401b, direction=from-lport, priority=1002, match=inport == @pg_d1aa91d1_3979_431c_aaf8_93fdb340401b && ip4, action=allow-related, log=False, may_exist=True, severity=[], name=[], meter=[], external_ids={'neutron:security_group_rule_id': '4edd994f-8d3c-4f91-b00d-29678e80d2a0'}) {{(pid=103688) do_commit /opt/stack/data/venv/lib/python3.12/site-packages/ovsdbapp/backend/ovs_idl/transaction.py:89}}
Jun 09 02:38:42.526586 np0000179084 devstack@neutron-api.service[103688]: DEBUG ovsdbapp.backend.ovs_idl.transaction [-] Running txn n=1 command(idx=2): PgAclAddCommand(_result=None, entity=pg_d1aa91d1_3979_431c_aaf8_93fdb340401b, direction=to-lport, priority=1002, match=outport == @pg_d1aa91d1_3979_431c_aaf8_93fdb340401b && ip6 && ip6.src == $pg_d1aa91d1_3979_431c_aaf8_93fdb340401b_ip6, action=allow-related, log=False, may_exist=True, severity=[], name=[], meter=[], external_ids={'neutron:security_group_rule_id': '93cd6b20-0f7e-4148-bd66-9d5524d3bbb6'}) {{(pid=103688) do_commit /opt/stack/data/venv/lib/python3.12/site-packages/ovsdbapp/backend/ovs_idl/transaction.py:89}}
Jun 09 02:38:42.527186 np0000179084 devstack@neutron-api.service[103688]: DEBUG ovsdbapp.backend.ovs_idl.transaction [-] Running txn n=1 command(idx=3): PgAclAddCommand(_result=None, entity=pg_d1aa91d1_3979_431c_aaf8_93fdb340401b, direction=to-lport, priority=1002, match=outport == @pg_d1aa91d1_3979_431c_aaf8_93fdb340401b && ip4 && ip4.src == $pg_d1aa91d1_3979_431c_aaf8_93fdb340401b_ip4, action=allow-related, log=False, may_exist=True, severity=[], name=[], meter=[], external_ids={'neutron:security_group_rule_id': 'a586c260-6eb3-44cf-a18e-24a8211188da'}) {{(pid=103688) do_commit /opt/stack/data/venv/lib/python3.12/site-packages/ovsdbapp/backend/ovs_idl/transaction.py:89}}
Jun 09 02:38:42.527674 np0000179084 devstack@neutron-api.service[103688]: DEBUG ovsdbapp.backend.ovs_idl.transaction [-] Running txn n=1 command(idx=4): PgAclAddCommand(_result=None, entity=pg_d1aa91d1_3979_431c_aaf8_93fdb340401b, direction=from-lport, priority=1002, match=inport == @pg_d1aa91d1_3979_431c_aaf8_93fdb340401b && ip6, action=allow-related, log=False, may_exist=True, severity=[], name=[], meter=[], external_ids={'neutron:security_group_rule_id': 'aedda837-0606-41a4-a566-58cc17cf44b8'}) {{(pid=103688) do_commit /opt/stack/data/venv/lib/python3.12/site-packages/ovsdbapp/backend/ovs_idl/transaction.py:89}}
Jun 09 02:38:42.534867 np0000179084 devstack@neutron-api.service[103688]: DEBUG neutron.plugins.ml2.drivers.ovn.mech_driver.ovsdb.ovsdb_monitor [-] Hash Ring: Node 0be042ad495654258d110d59c15f93b6 (host: np0000179084) handling event "create" for row c1d3e7f5-f0e5-4f79-8163-d53198f44d1c (table: ACL) {{(pid=103688) notify /opt/stack/neutron/neutron/plugins/ml2/drivers/ovn/mech_driver/ovsdb/ovsdb_monitor.py:1015}}
Jun 09 02:38:42.537522 np0000179084 devstack@neutron-api.service[103691]: DEBUG neutron.plugins.ml2.drivers.ovn.mech_driver.ovsdb.ovsdb_monitor [-] Hash Ring: Node 48c2af5e15035de9a961b9aa3f0e0a9d (host: np0000179084) handling event "create" for row 67ccaf59-54ce-4fff-974e-5f5cc8c10818 (table: ACL) {{(pid=103691) notify /opt/stack/neutron/neutron/plugins/ml2/drivers/ovn/mech_driver/ovsdb/ovsdb_monitor.py:1015}}
Jun 09 02:38:42.538000 np0000179084 devstack@neutron-api.service[103691]: DEBUG neutron.plugins.ml2.drivers.ovn.mech_driver.ovsdb.ovsdb_monitor [-] Hash Ring: Node 48c2af5e15035de9a961b9aa3f0e0a9d (host: np0000179084) handling event "create" for row aa913e41-5ccf-400a-b929-c2383a8ee102 (table: ACL) {{(pid=103691) notify /opt/stack/neutron/neutron/plugins/ml2/drivers/ovn/mech_driver/ovsdb/ovsdb_monitor.py:1015}}
Jun 09 02:38:42.538076 np0000179084 devstack@neutron-api.service[103691]: DEBUG neutron.plugins.ml2.drivers.ovn.mech_driver.ovsdb.ovsdb_monitor [-] Hash Ring: Node 48c2af5e15035de9a961b9aa3f0e0a9d (host: np0000179084) handling event "create" for row c1d3e7f5-f0e5-4f79-8163-d53198f44d1c (table: ACL) {{(pid=103691) notify /opt/stack/neutron/neutron/plugins/ml2/drivers/ovn/mech_driver/ovsdb/ovsdb_monitor.py:1015}}
Jun 09 02:38:42.538351 np0000179084 devstack@neutron-api.service[103691]: DEBUG neutron.plugins.ml2.drivers.ovn.mech_driver.ovsdb.ovsdb_monitor [-] Hash Ring: Node 48c2af5e15035de9a961b9aa3f0e0a9d (host: np0000179084) handling event "create" for row d8e64660-7f87-494b-9ac4-b75508e081de (table: ACL) {{(pid=103691) notify /opt/stack/neutron/neutron/plugins/ml2/drivers/ovn/mech_driver/ovsdb/ovsdb_monitor.py:1015}}
Jun 09 02:38:42.538603 np0000179084 devstack@neutron-api.service[103691]: DEBUG neutron.plugins.ml2.drivers.ovn.mech_driver.ovsdb.ovsdb_monitor [-] Hash Ring: Node 48c2af5e15035de9a961b9aa3f0e0a9d (host: np0000179084) handling event "create" for row a09243bb-fbb6-49ea-acc3-b9e3940acd7f (table: Port_Group) {{(pid=103691) notify /opt/stack/neutron/neutron/plugins/ml2/drivers/ovn/mech_driver/ovsdb/ovsdb_monitor.py:1015}}
Jun 09 02:38:42.539671 np0000179084 devstack@neutron-api.service[103689]: DEBUG neutron.plugins.ml2.drivers.ovn.mech_driver.ovsdb.ovsdb_monitor [-] Hash Ring: Node cc2c121edc245fa68016c56935416f1b (host: np0000179084) handling event "create" for row 67ccaf59-54ce-4fff-974e-5f5cc8c10818 (table: ACL) {{(pid=103689) notify /opt/stack/neutron/neutron/plugins/ml2/drivers/ovn/mech_driver/ovsdb/ovsdb_monitor.py:1015}}
Jun 09 02:38:42.539978 np0000179084 devstack@neutron-api.service[103689]: DEBUG neutron.plugins.ml2.drivers.ovn.mech_driver.ovsdb.ovsdb_monitor [-] Hash Ring: Node cc2c121edc245fa68016c56935416f1b (host: np0000179084) handling event "create" for row d8e64660-7f87-494b-9ac4-b75508e081de (table: ACL) {{(pid=103689) notify /opt/stack/neutron/neutron/plugins/ml2/drivers/ovn/mech_driver/ovsdb/ovsdb_monitor.py:1015}}
Jun 09 02:38:42.541954 np0000179084 devstack@neutron-api.service[103690]: DEBUG neutron.plugins.ml2.drivers.ovn.mech_driver.ovsdb.ovsdb_monitor [-] Hash Ring: Node 6ca520fced3f553aa5255480de7c05a3 (host: np0000179084) handling event "create" for row aa913e41-5ccf-400a-b929-c2383a8ee102 (table: ACL) {{(pid=103690) notify /opt/stack/neutron/neutron/plugins/ml2/drivers/ovn/mech_driver/ovsdb/ovsdb_monitor.py:1015}}
Jun 09 02:38:42.542495 np0000179084 devstack@neutron-api.service[103690]: DEBUG neutron.plugins.ml2.drivers.ovn.mech_driver.ovsdb.ovsdb_monitor [-] Hash Ring: Node 6ca520fced3f553aa5255480de7c05a3 (host: np0000179084) handling event "create" for row a09243bb-fbb6-49ea-acc3-b9e3940acd7f (table: Port_Group) {{(pid=103690) notify /opt/stack/neutron/neutron/plugins/ml2/drivers/ovn/mech_driver/ovsdb/ovsdb_monitor.py:1015}}
Jun 09 02:38:42.566579 np0000179084 devstack@neutron-api.service[103688]: INFO neutron.db.ovn_revision_numbers_db [None req-5da23467-94f7-4dbe-b17e-7ba02a95f7ab admin admin] Successfully bumped revision number for resource d1aa91d1-3979-431c-aaf8-93fdb340401b (type: security_groups) to 1
Jun 09 02:38:42.581828 np0000179084 devstack@neutron-api.service[103688]: INFO neutron.db.ovn_revision_numbers_db [None req-5da23467-94f7-4dbe-b17e-7ba02a95f7ab admin admin] Successfully bumped revision number for resource 4edd994f-8d3c-4f91-b00d-29678e80d2a0 (type: security_group_rules) to 0
Jun 09 02:38:42.593076 np0000179084 devstack@neutron-api.service[103688]: INFO neutron.db.ovn_revision_numbers_db [None req-5da23467-94f7-4dbe-b17e-7ba02a95f7ab admin admin] Successfully bumped revision number for resource 93cd6b20-0f7e-4148-bd66-9d5524d3bbb6 (type: security_group_rules) to 0
Jun 09 02:38:42.610031 np0000179084 devstack@neutron-api.service[103688]: INFO neutron.db.ovn_revision_numbers_db [None req-5da23467-94f7-4dbe-b17e-7ba02a95f7ab admin admin] Successfully bumped revision number for resource a586c260-6eb3-44cf-a18e-24a8211188da (type: security_group_rules) to 0
Jun 09 02:38:42.624730 np0000179084 devstack@neutron-api.service[103688]: INFO neutron.db.ovn_revision_numbers_db [None req-5da23467-94f7-4dbe-b17e-7ba02a95f7ab admin admin] Successfully bumped revision number for resource aedda837-0606-41a4-a566-58cc17cf44b8 (type: security_group_rules) to 0
Jun 09 02:38:42.651672 np0000179084 devstack@neutron-api.service[103688]: DEBUG neutron.api.rpc.handlers.resources_rpc [None req-5da23467-94f7-4dbe-b17e-7ba02a95f7ab admin admin] Pushing event updated for resources: {'SecurityGroup': ['ID=d1aa91d1-3979-431c-aaf8-93fdb340401b,revision_number=1']} {{(pid=103688) push /opt/stack/neutron/neutron/api/rpc/handlers/resources_rpc.py:237}}
Jun 09 02:38:42.661956 np0000179084 devstack@neutron-api.service[103688]: DEBUG ovsdbapp.backend.ovs_idl.transaction [-] Running txn n=1 command(idx=0): CheckLivenessCommand(_result=None) {{(pid=103688) do_commit /opt/stack/data/venv/lib/python3.12/site-packages/ovsdbapp/backend/ovs_idl/transaction.py:89}}
Jun 09 02:38:42.668128 np0000179084 devstack@neutron-api.service[103691]: DEBUG neutron.plugins.ml2.drivers.ovn.mech_driver.ovsdb.ovsdb_monitor [-] Hash Ring: Node 48c2af5e15035de9a961b9aa3f0e0a9d (host: np0000179084) handling event "update" for row 85dcdcab-761c-4829-9264-120b88330225 (table: NB_Global) {{(pid=103691) notify /opt/stack/neutron/neutron/plugins/ml2/drivers/ovn/mech_driver/ovsdb/ovsdb_monitor.py:1015}}
Jun 09 02:38:42.668572 np0000179084 devstack@neutron-api.service[103689]: DEBUG neutron.plugins.ml2.drivers.ovn.mech_driver.ovsdb.ovsdb_monitor [-] Hash Ring: Node cc2c121edc245fa68016c56935416f1b (host: np0000179084) handling event "update" for row 85dcdcab-761c-4829-9264-120b88330225 (table: NB_Global) {{(pid=103689) notify /opt/stack/neutron/neutron/plugins/ml2/drivers/ovn/mech_driver/ovsdb/ovsdb_monitor.py:1015}}
Jun 09 02:38:42.668834 np0000179084 devstack@neutron-api.service[103691]: DEBUG neutron.plugins.ml2.drivers.ovn.mech_driver.ovsdb.ovsdb_monitor [-] Hash Ring: Node 48c2af5e15035de9a961b9aa3f0e0a9d (host: np0000179084) handling event "update" for row 85dcdcab-761c-4829-9264-120b88330225 (table: NB_Global) {{(pid=103691) notify /opt/stack/neutron/neutron/plugins/ml2/drivers/ovn/mech_driver/ovsdb/ovsdb_monitor.py:1015}}
Jun 09 02:38:42.671137 np0000179084 devstack@neutron-api.service[103689]: DEBUG neutron.plugins.ml2.drivers.ovn.mech_driver.ovsdb.ovsdb_monitor [-] Hash Ring: Node cc2c121edc245fa68016c56935416f1b (host: np0000179084) handling event "update" for row 85dcdcab-761c-4829-9264-120b88330225 (table: NB_Global) {{(pid=103689) notify /opt/stack/neutron/neutron/plugins/ml2/drivers/ovn/mech_driver/ovsdb/ovsdb_monitor.py:1015}}
Jun 09 02:38:42.671570 np0000179084 devstack@neutron-api.service[103691]: DEBUG neutron.plugins.ml2.drivers.ovn.mech_driver.ovsdb.ovsdb_monitor [-] ChassisAgentWriteEvent : Matched Chassis_Private, update, None None {{(pid=103691) matches /opt/stack/neutron/neutron/plugins/ml2/drivers/ovn/mech_driver/ovsdb/ovsdb_monitor.py:64}}
Jun 09 02:38:42.671737 np0000179084 devstack@neutron-api.service[103690]: DEBUG neutron.plugins.ml2.drivers.ovn.mech_driver.ovsdb.ovsdb_monitor [-] ChassisAgentWriteEvent : Matched Chassis_Private, update, None None {{(pid=103690) matches /opt/stack/neutron/neutron/plugins/ml2/drivers/ovn/mech_driver/ovsdb/ovsdb_monitor.py:64}}
Jun 09 02:38:42.671737 np0000179084 devstack@neutron-api.service[103690]: DEBUG neutron.plugins.ml2.drivers.ovn.mech_driver.ovsdb.ovsdb_monitor [-] Hash Ring: Node 6ca520fced3f553aa5255480de7c05a3 (host: np0000179084) handling event "update" for row d48f9a44-1876-43ba-832f-9554e81c7239 (table: Chassis_Private) {{(pid=103690) notify /opt/stack/neutron/neutron/plugins/ml2/drivers/ovn/mech_driver/ovsdb/ovsdb_monitor.py:1015}}
Jun 09 02:38:42.671954 np0000179084 devstack@neutron-api.service[103689]: DEBUG neutron.plugins.ml2.drivers.ovn.mech_driver.ovsdb.ovsdb_monitor [-] Hash Ring: Node cc2c121edc245fa68016c56935416f1b (host: np0000179084) handling event "update" for row 85dcdcab-761c-4829-9264-120b88330225 (table: NB_Global) {{(pid=103689) notify /opt/stack/neutron/neutron/plugins/ml2/drivers/ovn/mech_driver/ovsdb/ovsdb_monitor.py:1015}}
Jun 09 02:38:42.671954 np0000179084 devstack@neutron-api.service[103689]: DEBUG neutron.plugins.ml2.drivers.ovn.mech_driver.ovsdb.ovsdb_monitor [-] Hash Ring: Node cc2c121edc245fa68016c56935416f1b (host: np0000179084) handling event "update" for row 85dcdcab-761c-4829-9264-120b88330225 (table: NB_Global) {{(pid=103689) notify /opt/stack/neutron/neutron/plugins/ml2/drivers/ovn/mech_driver/ovsdb/ovsdb_monitor.py:1015}}
Jun 09 02:38:42.673166 np0000179084 devstack@neutron-api.service[103688]: DEBUG neutron.api.rpc.callbacks.version_manager [None req-5da23467-94f7-4dbe-b17e-7ba02a95f7ab admin admin] Tracked resource versions report:
Jun 09 02:38:42.673166 np0000179084 devstack@neutron-api.service[103688]: pushed versions:
Jun 09 02:38:42.673166 np0000179084 devstack@neutron-api.service[103688]: { 'AddressGroup': {'1.2'},
Jun 09 02:38:42.673166 np0000179084 devstack@neutron-api.service[103688]: 'Agent': {'1.1'},
Jun 09 02:38:42.673166 np0000179084 devstack@neutron-api.service[103688]: 'ConntrackHelper': {'1.0'},
Jun 09 02:38:42.673166 np0000179084 devstack@neutron-api.service[103688]: 'LocalIPAssociation': {'1.0'},
Jun 09 02:38:42.673166 np0000179084 devstack@neutron-api.service[103688]: 'Log': {'1.0'},
Jun 09 02:38:42.673166 np0000179084 devstack@neutron-api.service[103688]: 'NDPProxy': {'1.0'},
Jun 09 02:38:42.673166 np0000179084 devstack@neutron-api.service[103688]: 'Network': {'1.3'},
Jun 09 02:38:42.673166 np0000179084 devstack@neutron-api.service[103688]: 'Port': {'1.11'},
Jun 09 02:38:42.673166 np0000179084 devstack@neutron-api.service[103688]: 'PortForwarding': {'1.3'},
Jun 09 02:38:42.673166 np0000179084 devstack@neutron-api.service[103688]: 'QosPolicy': {'1.10'},
Jun 09 02:38:42.673166 np0000179084 devstack@neutron-api.service[103688]: 'SecurityGroup': {'1.6'},
Jun 09 02:38:42.673166 np0000179084 devstack@neutron-api.service[103688]: 'SecurityGroupRule': {'1.3'},
Jun 09 02:38:42.673166 np0000179084 devstack@neutron-api.service[103688]: 'SubPort': {'1.0'},
Jun 09 02:38:42.673166 np0000179084 devstack@neutron-api.service[103688]: 'Subnet': {'1.2'},
Jun 09 02:38:42.673166 np0000179084 devstack@neutron-api.service[103688]: 'Trunk': {'1.1'}}
Jun 09 02:38:42.673166 np0000179084 devstack@neutron-api.service[103688]: consumer versions:
Jun 09 02:38:42.673166 np0000179084 devstack@neutron-api.service[103688]: {}
Jun 09 02:38:42.673166 np0000179084 devstack@neutron-api.service[103688]: {{(pid=103688) report /opt/stack/neutron/neutron/api/rpc/callbacks/version_manager.py:183}}
Jun 09 02:38:42.674826 np0000179084 devstack@neutron-api.service[103689]: DEBUG neutron.plugins.ml2.drivers.ovn.mech_driver.ovsdb.ovsdb_monitor [-] ChassisAgentWriteEvent : Matched Chassis_Private, update, None None {{(pid=103689) matches /opt/stack/neutron/neutron/plugins/ml2/drivers/ovn/mech_driver/ovsdb/ovsdb_monitor.py:64}}
Jun 09 02:38:42.675268 np0000179084 devstack@neutron-api.service[103691]: DEBUG neutron.plugins.ml2.drivers.ovn.mech_driver.ovsdb.ovsdb_monitor [-] Hash Ring: Node 48c2af5e15035de9a961b9aa3f0e0a9d (host: np0000179084) handling event "update" for row 85dcdcab-761c-4829-9264-120b88330225 (table: NB_Global) {{(pid=103691) notify /opt/stack/neutron/neutron/plugins/ml2/drivers/ovn/mech_driver/ovsdb/ovsdb_monitor.py:1015}}
Jun 09 02:38:42.678843 np0000179084 devstack@neutron-api.service[103691]: DEBUG neutron.plugins.ml2.drivers.ovn.mech_driver.ovsdb.ovsdb_monitor [-] Hash Ring: Node 48c2af5e15035de9a961b9aa3f0e0a9d (host: np0000179084) handling event "update" for row 85dcdcab-761c-4829-9264-120b88330225 (table: NB_Global) {{(pid=103691) notify /opt/stack/neutron/neutron/plugins/ml2/drivers/ovn/mech_driver/ovsdb/ovsdb_monitor.py:1015}}
Jun 09 02:38:42.679839 np0000179084 devstack@neutron-api.service[103691]: DEBUG neutron.common.ovn.hash_ring_manager [-] Allow caching, nodes 4>=4 {{(pid=103691) _wait_startup_before_caching /opt/stack/neutron/neutron/common/ovn/hash_ring_manager.py:65}}
Jun 09 02:38:42.679910 np0000179084 devstack@neutron-api.service[103688]: DEBUG neutron.plugins.ml2.drivers.ovn.mech_driver.ovsdb.ovsdb_monitor [-] ChassisAgentWriteEvent : Matched Chassis_Private, update, None None {{(pid=103688) matches /opt/stack/neutron/neutron/plugins/ml2/drivers/ovn/mech_driver/ovsdb/ovsdb_monitor.py:64}}
Jun 09 02:38:42.680170 np0000179084 devstack@neutron-api.service[103691]: DEBUG neutron.plugins.ml2.drivers.ovn.mech_driver.ovsdb.ovsdb_monitor [-] Hash Ring: Node 48c2af5e15035de9a961b9aa3f0e0a9d (host: np0000179084) handling event "update" for row d48f9a44-1876-43ba-832f-9554e81c7239 (table: Chassis_Private) {{(pid=103691) notify /opt/stack/neutron/neutron/plugins/ml2/drivers/ovn/mech_driver/ovsdb/ovsdb_monitor.py:1015}}
Jun 09 02:38:42.680902 np0000179084 devstack@neutron-api.service[103689]: DEBUG neutron.plugins.ml2.drivers.ovn.mech_driver.ovsdb.ovsdb_monitor [-] ChassisOVNAgentWriteEvent : Matched Chassis_Private, update, None None {{(pid=103689) matches /opt/stack/neutron/neutron/plugins/ml2/drivers/ovn/mech_driver/ovsdb/ovsdb_monitor.py:64}}
Jun 09 02:38:42.681784 np0000179084 devstack@neutron-api.service[103691]: DEBUG neutron.plugins.ml2.drivers.ovn.mech_driver.ovsdb.ovsdb_monitor [-] ChassisOVNAgentWriteEvent : Matched Chassis_Private, update, None None {{(pid=103691) matches /opt/stack/neutron/neutron/plugins/ml2/drivers/ovn/mech_driver/ovsdb/ovsdb_monitor.py:64}}
Jun 09 02:38:42.682249 np0000179084 devstack@neutron-api.service[103690]: DEBUG neutron.plugins.ml2.drivers.ovn.mech_driver.ovsdb.ovsdb_monitor [-] ChassisOVNAgentWriteEvent : Matched Chassis_Private, update, None None {{(pid=103690) matches /opt/stack/neutron/neutron/plugins/ml2/drivers/ovn/mech_driver/ovsdb/ovsdb_monitor.py:64}}
Jun 09 02:38:42.682361 np0000179084 devstack@neutron-api.service[103691]: DEBUG neutron.plugins.ml2.drivers.ovn.mech_driver.ovsdb.ovsdb_monitor [-] Hash Ring: Node 48c2af5e15035de9a961b9aa3f0e0a9d (host: np0000179084) handling event "update" for row d48f9a44-1876-43ba-832f-9554e81c7239 (table: Chassis_Private) {{(pid=103691) notify /opt/stack/neutron/neutron/plugins/ml2/drivers/ovn/mech_driver/ovsdb/ovsdb_monitor.py:1015}}
Jun 09 02:38:42.682803 np0000179084 devstack@neutron-api.service[103690]: DEBUG neutron.plugins.ml2.drivers.ovn.mech_driver.ovsdb.ovsdb_monitor [-] Hash Ring: Node 6ca520fced3f553aa5255480de7c05a3 (host: np0000179084) handling event "update" for row d48f9a44-1876-43ba-832f-9554e81c7239 (table: Chassis_Private) {{(pid=103690) notify /opt/stack/neutron/neutron/plugins/ml2/drivers/ovn/mech_driver/ovsdb/ovsdb_monitor.py:1015}}
Jun 09 02:38:42.683628 np0000179084 devstack@neutron-api.service[103688]: DEBUG neutron.plugins.ml2.drivers.ovn.mech_driver.ovsdb.ovsdb_monitor [-] ChassisOVNAgentWriteEvent : Matched Chassis_Private, update, None None {{(pid=103688) matches /opt/stack/neutron/neutron/plugins/ml2/drivers/ovn/mech_driver/ovsdb/ovsdb_monitor.py:64}}
Jun 09 02:38:42.743705 np0000179084 devstack@neutron-api.service[103688]: DEBUG neutron.plugins.ml2.drivers.helpers [None req-5da23467-94f7-4dbe-b17e-7ba02a95f7ab admin admin] geneve segment allocate from pool success with {'geneve_vni': 64608} {{(pid=103688) allocate_partially_specified_segment /opt/stack/neutron/neutron/plugins/ml2/drivers/helpers.py:142}}
Jun 09 02:38:42.756751 np0000179084 devstack@neutron-api.service[103688]: DEBUG neutron_lib.callbacks.manager [None req-5da23467-94f7-4dbe-b17e-7ba02a95f7ab admin admin] Publish callbacks ['neutron.services.segments.db._add_segment_host_mapping_for_segment-7709826736852', 'neutron.plugins.ml2.plugin.Ml2Plugin._handle_segment_change-193514'] for segment (4f8e2313-d1b8-464b-be47-9595aaf381a9), precommit_create {{(pid=103688) _notify_loop /opt/stack/data/venv/lib/python3.12/site-packages/neutron_lib/callbacks/manager.py:184}}
Jun 09 02:38:42.756968 np0000179084 devstack@neutron-api.service[103688]: INFO neutron.db.segments_db [None req-5da23467-94f7-4dbe-b17e-7ba02a95f7ab admin admin] Added segment 4f8e2313-d1b8-464b-be47-9595aaf381a9 of type geneve for network f0e1c3d3-be93-4de4-a79a-ac1d241db824
Jun 09 02:38:42.808815 np0000179084 devstack@neutron-api.service[103688]: DEBUG neutron_lib.callbacks.manager [None req-5da23467-94f7-4dbe-b17e-7ba02a95f7ab admin admin] Publish callbacks ['neutron.services.auto_allocate.db._ensure_external_network_default_value_callback-7709825427690'] for network (f0e1c3d3-be93-4de4-a79a-ac1d241db824), precommit_create {{(pid=103688) _notify_loop /opt/stack/data/venv/lib/python3.12/site-packages/neutron_lib/callbacks/manager.py:184}}
Jun 09 02:38:42.831735 np0000179084 devstack@neutron-api.service[103688]: DEBUG neutron.plugins.ml2.drivers.ovn.mech_driver.mech_driver [None req-5da23467-94f7-4dbe-b17e-7ba02a95f7ab admin admin] Validating network segment with type geneve, segmentation ID 64608, physical network None {{(pid=103688) _validate_network_segments /opt/stack/neutron/neutron/plugins/ml2/drivers/ovn/mech_driver/mech_driver.py:643}}
Jun 09 02:38:42.832147 np0000179084 devstack@neutron-api.service[103688]: DEBUG neutron.db.ovn_revision_numbers_db [None req-5da23467-94f7-4dbe-b17e-7ba02a95f7ab admin admin] create_initial_revision uuid=f0e1c3d3-be93-4de4-a79a-ac1d241db824, type=networks, rev=-1 {{(pid=103688) create_initial_revision /opt/stack/neutron/neutron/db/ovn_revision_numbers_db.py:98}}
Jun 09 02:38:42.853584 np0000179084 devstack@neutron-api.service[103688]: DEBUG neutron_lib.callbacks.manager [None req-5da23467-94f7-4dbe-b17e-7ba02a95f7ab admin admin] Publish callbacks ['neutron.plugins.ml2.ovo_rpc._ObjectChangeHandler.handle_event-2036423'] for network (f0e1c3d3-be93-4de4-a79a-ac1d241db824), after_create {{(pid=103688) _notify_loop /opt/stack/data/venv/lib/python3.12/site-packages/neutron_lib/callbacks/manager.py:184}}
Jun 09 02:38:42.903439 np0000179084 devstack@neutron-api.service[103688]: DEBUG neutron.api.rpc.handlers.resources_rpc [None req-5da23467-94f7-4dbe-b17e-7ba02a95f7ab admin admin] Pushing event updated for resources: {'Network': ['ID=f0e1c3d3-be93-4de4-a79a-ac1d241db824,revision_number=1']} {{(pid=103688) push /opt/stack/neutron/neutron/api/rpc/handlers/resources_rpc.py:237}}
Jun 09 02:38:42.913525 np0000179084 devstack@neutron-api.service[103688]: DEBUG ovsdbapp.backend.ovs_idl.transaction [-] Running txn n=1 command(idx=0): AddNetworkCommand(_result=None, network_uuid=f0e1c3d3-be93-4de4-a79a-ac1d241db824, may_exist=True, columns={'external_ids': {'neutron:network_name': 'private', 'neutron:mtu': '1372', 'neutron:revision_number': '1', 'neutron:availability_zone_hints': '', 'neutron:provnet-network-type': 'geneve'}, 'other_config': {'mcast_snoop': 'false', 'mcast_flood_unregistered': 'false', 'vlan-passthru': 'false'}}) {{(pid=103688) do_commit /opt/stack/data/venv/lib/python3.12/site-packages/ovsdbapp/backend/ovs_idl/transaction.py:89}}
Jun 09 02:38:42.914464 np0000179084 devstack@neutron-api.service[103688]: DEBUG neutron.common.ovn.utils [-] OVS persist_uuid supported=True {{(pid=103688) ovs_persist_uuid_supported /opt/stack/neutron/neutron/common/ovn/utils.py:1544}}
Jun 09 02:38:42.919600 np0000179084 devstack@neutron-api.service[103690]: DEBUG neutron.plugins.ml2.drivers.ovn.mech_driver.ovsdb.ovsdb_monitor [-] Hash Ring: Node 6ca520fced3f553aa5255480de7c05a3 (host: np0000179084) handling event "create" for row f0e1c3d3-be93-4de4-a79a-ac1d241db824 (table: Logical_Switch) {{(pid=103690) notify /opt/stack/neutron/neutron/plugins/ml2/drivers/ovn/mech_driver/ovsdb/ovsdb_monitor.py:1015}}
Jun 09 02:38:42.919710 np0000179084 devstack@neutron-api.service[103691]: DEBUG neutron.plugins.ml2.drivers.ovn.mech_driver.ovsdb.ovsdb_monitor [-] Hash Ring: Node 48c2af5e15035de9a961b9aa3f0e0a9d (host: np0000179084) handling event "create" for row f0e1c3d3-be93-4de4-a79a-ac1d241db824 (table: Logical_Switch) {{(pid=103691) notify /opt/stack/neutron/neutron/plugins/ml2/drivers/ovn/mech_driver/ovsdb/ovsdb_monitor.py:1015}}
Jun 09 02:38:42.927606 np0000179084 devstack@neutron-api.service[103690]: DEBUG neutron.plugins.ml2.drivers.ovn.mech_driver.ovsdb.ovsdb_monitor [-] Hash Ring: Node 6ca520fced3f553aa5255480de7c05a3 (host: np0000179084) handling event "create" for row 123c2c67-c4c0-45b3-9dbd-b2c015682c92 (table: Datapath_Binding) {{(pid=103690) notify /opt/stack/neutron/neutron/plugins/ml2/drivers/ovn/mech_driver/ovsdb/ovsdb_monitor.py:1015}}
Jun 09 02:38:42.927681 np0000179084 devstack@neutron-api.service[103691]: DEBUG neutron.plugins.ml2.drivers.ovn.mech_driver.ovsdb.ovsdb_monitor [-] Hash Ring: Node 48c2af5e15035de9a961b9aa3f0e0a9d (host: np0000179084) handling event "create" for row 123c2c67-c4c0-45b3-9dbd-b2c015682c92 (table: Datapath_Binding) {{(pid=103691) notify /opt/stack/neutron/neutron/plugins/ml2/drivers/ovn/mech_driver/ovsdb/ovsdb_monitor.py:1015}}
Jun 09 02:38:42.955390 np0000179084 devstack@neutron-api.service[103688]: INFO neutron.db.ovn_revision_numbers_db [None req-5da23467-94f7-4dbe-b17e-7ba02a95f7ab admin admin] Successfully bumped revision number for resource f0e1c3d3-be93-4de4-a79a-ac1d241db824 (type: networks) to 1
Jun 09 02:38:43.273469 np0000179084 devstack@neutron-api.service[103688]: DEBUG neutron_lib.callbacks.manager [None req-5da23467-94f7-4dbe-b17e-7ba02a95f7ab admin admin] Publish callbacks ['neutron.plugins.ml2.plugin.SecurityGroupDbMixin._ensure_default_security_group_handler-446622'] for port (None), before_create {{(pid=103688) _notify_loop /opt/stack/data/venv/lib/python3.12/site-packages/neutron_lib/callbacks/manager.py:184}}
Jun 09 02:38:43.378193 np0000179084 devstack@neutron-api.service[103688]: DEBUG neutron_lib.callbacks.manager [None req-5da23467-94f7-4dbe-b17e-7ba02a95f7ab admin admin] Publish callbacks ['neutron.plugins.ml2.drivers.ovn.mech_driver.mech_driver.OVNMechanismDriver._validate_allowed_address_pairs-903542'] for allowed_address_pair (84e04c6a-73cb-4719-8e07-888e5636ec19), before_create {{(pid=103688) _notify_loop /opt/stack/data/venv/lib/python3.12/site-packages/neutron_lib/callbacks/manager.py:184}}
Jun 09 02:38:43.379910 np0000179084 devstack@neutron-api.service[103688]: DEBUG neutron_lib.callbacks.manager [None req-5da23467-94f7-4dbe-b17e-7ba02a95f7ab admin admin] Publish callbacks [] for port (84e04c6a-73cb-4719-8e07-888e5636ec19), precommit_create {{(pid=103688) _notify_loop /opt/stack/data/venv/lib/python3.12/site-packages/neutron_lib/callbacks/manager.py:184}}
Jun 09 02:38:43.379910 np0000179084 devstack@neutron-api.service[103688]: DEBUG neutron.plugins.ml2.drivers.ovn.mech_driver.mech_driver [None req-5da23467-94f7-4dbe-b17e-7ba02a95f7ab admin admin] No provisioning block for port 84e04c6a-73cb-4719-8e07-888e5636ec19 since it does not have a host {{(pid=103688) _is_port_provisioning_required /opt/stack/neutron/neutron/plugins/ml2/drivers/ovn/mech_driver/mech_driver.py:896}}
Jun 09 02:38:43.379910 np0000179084 devstack@neutron-api.service[103688]: DEBUG neutron.db.ovn_revision_numbers_db [None req-5da23467-94f7-4dbe-b17e-7ba02a95f7ab admin admin] create_initial_revision uuid=84e04c6a-73cb-4719-8e07-888e5636ec19, type=ports, rev=-1 {{(pid=103688) create_initial_revision /opt/stack/neutron/neutron/db/ovn_revision_numbers_db.py:98}}
Jun 09 02:38:43.456383 np0000179084 devstack@neutron-api.service[103688]: DEBUG neutron_lib.callbacks.manager [None req-5da23467-94f7-4dbe-b17e-7ba02a95f7ab admin admin] Publish callbacks ['neutron.plugins.ml2.ovo_rpc._ObjectChangeHandler.handle_event-2036470'] for port (84e04c6a-73cb-4719-8e07-888e5636ec19), after_create {{(pid=103688) _notify_loop /opt/stack/data/venv/lib/python3.12/site-packages/neutron_lib/callbacks/manager.py:184}}
Jun 09 02:38:43.516360 np0000179084 devstack@neutron-api.service[103688]: DEBUG neutron.api.rpc.handlers.resources_rpc [None req-5da23467-94f7-4dbe-b17e-7ba02a95f7ab admin admin] Pushing event updated for resources: {'Port': ['ID=84e04c6a-73cb-4719-8e07-888e5636ec19,revision_number=1']} {{(pid=103688) push /opt/stack/neutron/neutron/api/rpc/handlers/resources_rpc.py:237}}
Jun 09 02:38:43.564042 np0000179084 devstack@neutron-api.service[103688]: DEBUG ovsdbapp.backend.ovs_idl.transaction [-] Running txn n=1 command(idx=0): AddLSwitchPortCommand(_result=None, lport=84e04c6a-73cb-4719-8e07-888e5636ec19, lswitch=neutron-f0e1c3d3-be93-4de4-a79a-ac1d241db824, may_exist=True, network_uuid=f0e1c3d3-be93-4de4-a79a-ac1d241db824, columns={'addresses': ['fa:16:3e:b8:b8:7c'], 'external_ids': {'neutron:port_name': '', 'neutron:device_id': 'ovnmeta-f0e1c3d3-be93-4de4-a79a-ac1d241db824', 'neutron:project_id': 'e6b9bc5f2788405fa8504a076a781823', 'neutron:cidrs': '', 'neutron:device_owner': 'network:distributed', 'neutron:subnet_pool_addr_scope4': '', 'neutron:subnet_pool_addr_scope6': '', 'neutron:network_name': 'neutron-f0e1c3d3-be93-4de4-a79a-ac1d241db824', 'neutron:security_group_ids': '', 'neutron:revision_number': '1', 'neutron:vnic_type': 'normal', 'neutron:port_capabilities': '', 'neutron:mtu': '1372'}, 'parent_name': [], 'tag': [], 'enabled': True, 'options': {}, 'type': 'localport', 'port_security': [], 'dhcpv4_options': [], 'dhcpv6_options': []}) {{(pid=103688) do_commit /opt/stack/data/venv/lib/python3.12/site-packages/ovsdbapp/backend/ovs_idl/transaction.py:89}}
Jun 09 02:38:43.564417 np0000179084 devstack@neutron-api.service[103688]: DEBUG ovsdbapp.backend.ovs_idl.transaction [-] Running txn n=1 command(idx=1): QoSDelCommand(_result=None, switch=neutron-f0e1c3d3-be93-4de4-a79a-ac1d241db824, conditions=[('direction', '=', 'to-lport'), ('priority', '=', 2002), ('match', '=', 'outport == "84e04c6a-73cb-4719-8e07-888e5636ec19"')], if_exists=True) {{(pid=103688) do_commit /opt/stack/data/venv/lib/python3.12/site-packages/ovsdbapp/backend/ovs_idl/transaction.py:89}}
Jun 09 02:38:43.564542 np0000179084 devstack@neutron-api.service[103688]: DEBUG ovsdbapp.backend.ovs_idl.transaction [-] Running txn n=1 command(idx=2): QoSDelCommand(_result=None, switch=neutron-f0e1c3d3-be93-4de4-a79a-ac1d241db824, conditions=[('direction', '=', 'from-lport'), ('priority', '=', 2002), ('match', '=', 'inport == "84e04c6a-73cb-4719-8e07-888e5636ec19"')], if_exists=True) {{(pid=103688) do_commit /opt/stack/data/venv/lib/python3.12/site-packages/ovsdbapp/backend/ovs_idl/transaction.py:89}}
Jun 09 02:38:43.569228 np0000179084 devstack@neutron-api.service[103691]: DEBUG neutron.plugins.ml2.drivers.ovn.mech_driver.ovsdb.ovsdb_monitor [-] Hash Ring: Node 48c2af5e15035de9a961b9aa3f0e0a9d (host: np0000179084) handling event "update" for row f0e1c3d3-be93-4de4-a79a-ac1d241db824 (table: Logical_Switch) {{(pid=103691) notify /opt/stack/neutron/neutron/plugins/ml2/drivers/ovn/mech_driver/ovsdb/ovsdb_monitor.py:1015}}
Jun 09 02:38:43.569490 np0000179084 devstack@neutron-api.service[103691]: DEBUG neutron.plugins.ml2.drivers.ovn.mech_driver.ovsdb.ovsdb_monitor [-] Hash Ring: Node 48c2af5e15035de9a961b9aa3f0e0a9d (host: np0000179084) handling event "create" for row 47175f38-d9da-4ada-8ccc-a57dfb5b6c42 (table: Logical_Switch_Port) {{(pid=103691) notify /opt/stack/neutron/neutron/plugins/ml2/drivers/ovn/mech_driver/ovsdb/ovsdb_monitor.py:1015}}
Jun 09 02:38:43.570637 np0000179084 devstack@neutron-api.service[103691]: DEBUG ovsdbapp.backend.ovs_idl.event [-] Matched CREATE: LogicalSwitchPortCreateEvent(events=('create',), table='Logical_Switch_Port', conditions=[], old_conditions=None), priority=20 to row=Logical_Switch_Port(uuid=47175f38-d9da-4ada-8ccc-a57dfb5b6c42, addresses=['fa:16:3e:b8:b8:7c'], dhcpv4_options=[], dhcpv6_options=[], dynamic_addresses=[], enabled=True, external_ids={'neutron:cidrs': '', 'neutron:device_id': 'ovnmeta-f0e1c3d3-be93-4de4-a79a-ac1d241db824', 'neutron:device_owner': 'network:distributed', 'neutron:mtu': '1372', 'neutron:network_name': 'neutron-f0e1c3d3-be93-4de4-a79a-ac1d241db824', 'neutron:port_capabilities': '', 'neutron:port_name': '', 'neutron:project_id': 'e6b9bc5f2788405fa8504a076a781823', 'neutron:revision_number': '1', 'neutron:security_group_ids': '', 'neutron:subnet_pool_addr_scope4': '', 'neutron:subnet_pool_addr_scope6': '', 'neutron:vnic_type': 'normal'}, ha_chassis_group=[], mirror_rules=[], name='84e04c6a-73cb-4719-8e07-888e5636ec19', options={}, parent_name=[], port_security=[], tag=[], tag_request=[], type='localport', up=[]) old= {{(pid=103691) matches /opt/stack/data/venv/lib/python3.12/site-packages/ovsdbapp/backend/ovs_idl/event.py:55}}
Jun 09 02:38:43.571442 np0000179084 devstack@neutron-api.service[103691]: INFO neutron.plugins.ml2.drivers.ovn.mech_driver.mech_driver [-] OVN reports status down for port: 84e04c6a-73cb-4719-8e07-888e5636ec19
Jun 09 02:38:43.571501 np0000179084 devstack@neutron-api.service[103690]: DEBUG neutron.plugins.ml2.drivers.ovn.mech_driver.ovsdb.ovsdb_monitor [-] Hash Ring: Node 6ca520fced3f553aa5255480de7c05a3 (host: np0000179084) handling event "update" for row f0e1c3d3-be93-4de4-a79a-ac1d241db824 (table: Logical_Switch) {{(pid=103690) notify /opt/stack/neutron/neutron/plugins/ml2/drivers/ovn/mech_driver/ovsdb/ovsdb_monitor.py:1015}}
Jun 09 02:38:43.572091 np0000179084 devstack@neutron-api.service[103691]: DEBUG neutron.plugins.ml2.drivers.ovn.mech_driver.ovsdb.ovsdb_monitor [-] Hash Ring: Node 48c2af5e15035de9a961b9aa3f0e0a9d (host: np0000179084) handling event "update" for row 47175f38-d9da-4ada-8ccc-a57dfb5b6c42 (table: Logical_Switch_Port) {{(pid=103691) notify /opt/stack/neutron/neutron/plugins/ml2/drivers/ovn/mech_driver/ovsdb/ovsdb_monitor.py:1015}}
Jun 09 02:38:43.572343 np0000179084 devstack@neutron-api.service[103690]: DEBUG neutron.plugins.ml2.drivers.ovn.mech_driver.ovsdb.ovsdb_monitor [-] Hash Ring: Node 6ca520fced3f553aa5255480de7c05a3 (host: np0000179084) handling event "create" for row 47175f38-d9da-4ada-8ccc-a57dfb5b6c42 (table: Logical_Switch_Port) {{(pid=103690) notify /opt/stack/neutron/neutron/plugins/ml2/drivers/ovn/mech_driver/ovsdb/ovsdb_monitor.py:1015}}
Jun 09 02:38:43.573835 np0000179084 devstack@neutron-api.service[103690]: DEBUG ovsdbapp.backend.ovs_idl.event [-] Matched CREATE: LogicalSwitchPortCreateEvent(events=('create',), table='Logical_Switch_Port', conditions=[], old_conditions=None), priority=20 to row=Logical_Switch_Port(uuid=47175f38-d9da-4ada-8ccc-a57dfb5b6c42, addresses=['fa:16:3e:b8:b8:7c'], dhcpv4_options=[], dhcpv6_options=[], dynamic_addresses=[], enabled=True, external_ids={'neutron:cidrs': '', 'neutron:device_id': 'ovnmeta-f0e1c3d3-be93-4de4-a79a-ac1d241db824', 'neutron:device_owner': 'network:distributed', 'neutron:mtu': '1372', 'neutron:network_name': 'neutron-f0e1c3d3-be93-4de4-a79a-ac1d241db824', 'neutron:port_capabilities': '', 'neutron:port_name': '', 'neutron:project_id': 'e6b9bc5f2788405fa8504a076a781823', 'neutron:revision_number': '1', 'neutron:security_group_ids': '', 'neutron:subnet_pool_addr_scope4': '', 'neutron:subnet_pool_addr_scope6': '', 'neutron:vnic_type': 'normal'}, ha_chassis_group=[], mirror_rules=[], name='84e04c6a-73cb-4719-8e07-888e5636ec19', options={}, parent_name=[], port_security=[], tag=[], tag_request=[], type='localport', up=[]) old= {{(pid=103690) matches /opt/stack/data/venv/lib/python3.12/site-packages/ovsdbapp/backend/ovs_idl/event.py:55}}
Jun 09 02:38:43.573922 np0000179084 devstack@neutron-api.service[103691]: DEBUG neutron.plugins.ml2.drivers.ovn.mech_driver.ovsdb.ovsdb_monitor [-] Hash Ring: Node 48c2af5e15035de9a961b9aa3f0e0a9d (host: np0000179084) handling event "create" for row be1abfb4-bc26-4bbe-b826-8fec9a27d8c3 (table: Port_Binding) {{(pid=103691) notify /opt/stack/neutron/neutron/plugins/ml2/drivers/ovn/mech_driver/ovsdb/ovsdb_monitor.py:1015}}
Jun 09 02:38:43.574998 np0000179084 devstack@neutron-api.service[103690]: INFO neutron.plugins.ml2.drivers.ovn.mech_driver.mech_driver [-] OVN reports status down for port: 84e04c6a-73cb-4719-8e07-888e5636ec19
Jun 09 02:38:43.575453 np0000179084 devstack@neutron-api.service[103690]: DEBUG neutron.plugins.ml2.drivers.ovn.mech_driver.ovsdb.ovsdb_monitor [-] Hash Ring: Node 6ca520fced3f553aa5255480de7c05a3 (host: np0000179084) handling event "update" for row 47175f38-d9da-4ada-8ccc-a57dfb5b6c42 (table: Logical_Switch_Port) {{(pid=103690) notify /opt/stack/neutron/neutron/plugins/ml2/drivers/ovn/mech_driver/ovsdb/ovsdb_monitor.py:1015}}
Jun 09 02:38:43.623517 np0000179084 devstack@neutron-api.service[103688]: INFO neutron.db.ovn_revision_numbers_db [None req-5da23467-94f7-4dbe-b17e-7ba02a95f7ab admin admin] Successfully bumped revision number for resource 84e04c6a-73cb-4719-8e07-888e5636ec19 (type: ports) to 1
Jun 09 02:38:43.631405 np0000179084 devstack@neutron-api.service[103688]: DEBUG neutron.pecan_wsgi.hooks.policy_enforcement [None req-5da23467-94f7-4dbe-b17e-7ba02a95f7ab admin admin] Attributes excluded by policy engine: ['standard_attr_id'] {{(pid=103688) _exclude_attributes_by_policy /opt/stack/neutron/neutron/pecan_wsgi/hooks/policy_enforcement.py:256}}
Jun 09 02:38:43.631780 np0000179084 devstack@neutron-api.service[103688]: DEBUG neutron_lib.callbacks.manager [None req-5da23467-94f7-4dbe-b17e-7ba02a95f7ab admin admin] Publish callbacks [] for network (None), before_response {{(pid=103688) _notify_loop /opt/stack/data/venv/lib/python3.12/site-packages/neutron_lib/callbacks/manager.py:184}}
Jun 09 02:38:43.632808 np0000179084 devstack@neutron-api.service[103691]: DEBUG neutron.db.provisioning_blocks [None req-54c64e3f-ea87-43a5-8c15-bf026ad34532 None None] Transition to ACTIVE for port object 84e04c6a-73cb-4719-8e07-888e5636ec19 will not be triggered until provisioned by entity L2. {{(pid=103691) add_provisioning_component /opt/stack/neutron/neutron/db/provisioning_blocks.py:74}}
Jun 09 02:38:43.640446 np0000179084 devstack@neutron-api.service[103690]: DEBUG neutron_lib.db.api [None req-5696f56d-bb8f-44d0-a687-3de7cef2dd6b None None] Retry wrapper got retriable exception: Failed to create a duplicate ProvisioningBlock: for attribute(s) ['provisioningblocks.PRIMARY'] with value(s) 14-L2 {{(pid=103690) wrapped /opt/stack/data/venv/lib/python3.12/site-packages/neutron_lib/db/api.py:185}}
Jun 09 02:38:43.640671 np0000179084 devstack@neutron-api.service[103690]: DEBUG oslo_db.api [None req-5696f56d-bb8f-44d0-a687-3de7cef2dd6b None None] Performing DB retry for function neutron.db.provisioning_blocks.add_provisioning_component {{(pid=103690) wrapper /opt/stack/data/venv/lib/python3.12/site-packages/oslo_db/api.py:155}}
Jun 09 02:38:43.650177 np0000179084 devstack@neutron-api.service[103688]: [pid: 103688|app: 0|req: 1/5] 199.204.45.72 () {68 vars in 1350 bytes} [Tue Jun 9 02:38:41 2026] POST /networking/v2.0/networks => generated 681 bytes in 1711 msecs (HTTP/1.1 201) 4 headers in 162 bytes (1 switches on core 0)
Jun 09 02:38:43.676764 np0000179084 devstack@neutron-api.service[103691]: DEBUG neutron.plugins.ml2.plugin [None req-54c64e3f-ea87-43a5-8c15-bf026ad34532 None None] Current status of the port 84e04c6a-73cb-4719-8e07-888e5636ec19 is: DOWN; New status is: DOWN {{(pid=103691) _update_individual_port_db_status /opt/stack/neutron/neutron/plugins/ml2/plugin.py:2470}}
Jun 09 02:38:43.679165 np0000179084 devstack@neutron-api.service[103691]: DEBUG ovsdbapp.backend.ovs_idl.transaction [-] Running txn n=1 command(idx=0): DbRemoveCommand(_result=None, table=Logical_Switch_Port, record=84e04c6a-73cb-4719-8e07-888e5636ec19, column=external_ids, values=('neutron:host_id',), keyvalues={}, if_exists=True) {{(pid=103691) do_commit /opt/stack/data/venv/lib/python3.12/site-packages/ovsdbapp/backend/ovs_idl/transaction.py:89}}
Jun 09 02:38:44.147214 np0000179084 devstack@neutron-api.service[103690]: DEBUG neutron.db.provisioning_blocks [None req-5696f56d-bb8f-44d0-a687-3de7cef2dd6b None None] Ignored duplicate provisioning block setup for port 84e04c6a-73cb-4719-8e07-888e5636ec19 by entity L2. {{(pid=103690) add_provisioning_component /opt/stack/neutron/neutron/db/provisioning_blocks.py:69}}
Jun 09 02:38:44.202083 np0000179084 devstack@neutron-api.service[103690]: DEBUG neutron.plugins.ml2.plugin [None req-5696f56d-bb8f-44d0-a687-3de7cef2dd6b None None] Current status of the port 84e04c6a-73cb-4719-8e07-888e5636ec19 is: DOWN; New status is: DOWN {{(pid=103690) _update_individual_port_db_status /opt/stack/neutron/neutron/plugins/ml2/plugin.py:2470}}
Jun 09 02:38:44.203560 np0000179084 devstack@neutron-api.service[103690]: INFO neutron.plugins.ml2.drivers.ovn.mech_driver.ovsdb.extensions.qos [None req-5696f56d-bb8f-44d0-a687-3de7cef2dd6b None None] Starting OVNClientQosExtension
Jun 09 02:38:44.203738 np0000179084 devstack@neutron-api.service[103690]: INFO neutron.plugins.ml2.drivers.ovn.mech_driver.ovsdb.extensions.placement [None req-5696f56d-bb8f-44d0-a687-3de7cef2dd6b None None] Starting OVNClientPlacementExtension
Jun 09 02:38:44.205813 np0000179084 devstack@neutron-api.service[103690]: DEBUG ovsdbapp.backend.ovs_idl.transaction [-] Running txn n=1 command(idx=0): DbRemoveCommand(_result=None, table=Logical_Switch_Port, record=84e04c6a-73cb-4719-8e07-888e5636ec19, column=external_ids, values=('neutron:host_id',), keyvalues={}, if_exists=True) {{(pid=103690) do_commit /opt/stack/data/venv/lib/python3.12/site-packages/ovsdbapp/backend/ovs_idl/transaction.py:89}}
Jun 09 02:38:44.296068 np0000179084 devstack@neutron-api.service[103691]: DEBUG neutron.policy [None req-4cbc734a-b18f-484a-b0df-0ef8321e5bf3 admin admin] Loaded default policies from ['neutron'] under neutron.policies entry points {{(pid=103691) register_rules /opt/stack/neutron/neutron/policy.py:65}}
Jun 09 02:38:44.404798 np0000179084 devstack@neutron-api.service[103691]: DEBUG neutron.pecan_wsgi.hooks.policy_enforcement [None req-4cbc734a-b18f-484a-b0df-0ef8321e5bf3 admin admin] Attributes excluded by policy engine: ['standard_attr_id'] {{(pid=103691) _exclude_attributes_by_policy /opt/stack/neutron/neutron/pecan_wsgi/hooks/policy_enforcement.py:256}}
Jun 09 02:38:44.405901 np0000179084 devstack@neutron-api.service[103691]: [pid: 103691|app: 0|req: 3/6] 199.204.45.72 () {64 vars in 1408 bytes} [Tue Jun 9 02:38:44 2026] GET /networking/v2.0/networks/f0e1c3d3-be93-4de4-a79a-ac1d241db824 => generated 662 bytes in 341 msecs (HTTP/1.1 200) 4 headers in 157 bytes (1 switches on core 0)
Jun 09 02:38:44.427895 np0000179084 devstack@neutron-api.service[103689]: DEBUG neutron.api.wsgi [None req-85bb88c8-e6f3-4233-a849-51f2353c8f70 admin admin] Missing Content-Type {{(pid=103689) get_content_type /opt/stack/neutron/neutron/api/wsgi.py:80}}
