Jun 09 02:38:32.948817 np0000179084 devstack@neutron-api.service[103688]: INFO neutron.api.extensions [None req-77e13f5d-ca80-4e17-804c-927e447cf5b3 None None] Extension trunk not supported by any of loaded plugins
Jun 09 02:38:32.948909 np0000179084 devstack@neutron-api.service[103688]: DEBUG neutron.api.extensions [None req-77e13f5d-ca80-4e17-804c-927e447cf5b3 None None] Loading extension file: trunk_details.py {{(pid=103688) _load_all_extensions_from_path /opt/stack/neutron/neutron/api/extensions.py:449}}
Jun 09 02:38:32.949139 np0000179084 devstack@neutron-api.service[103690]: DEBUG neutron.api.extensions [None req-6cb5aa36-926f-4138-8282-a8bc60d847f4 None None] Extended resource: floatingip-pools {{(pid=103690) __init__ /opt/stack/neutron/neutron/api/extensions.py:156}}
Jun 09 02:38:32.949188 np0000179084 devstack@neutron-api.service[103688]: DEBUG neutron.api.extensions [None req-77e13f5d-ca80-4e17-804c-927e447cf5b3 None None] Ext name="Trunk port details" alias="trunk-details" description="Expose trunk port details" updated="2016-01-01T10:00:00-00:00" {{(pid=103688) _check_extension /opt/stack/neutron/neutron/api/extensions.py:415}}
Jun 09 02:38:32.949319 np0000179084 devstack@neutron-api.service[103688]: INFO neutron.api.extensions [None req-77e13f5d-ca80-4e17-804c-927e447cf5b3 None None] Extension trunk-details not supported by any of loaded plugins
Jun 09 02:38:32.949411 np0000179084 devstack@neutron-api.service[103688]: DEBUG neutron.api.extensions [None req-77e13f5d-ca80-4e17-804c-927e447cf5b3 None None] Loading extension file: uplink_status_propagation.py {{(pid=103688) _load_all_extensions_from_path /opt/stack/neutron/neutron/api/extensions.py:449}}
Jun 09 02:38:32.949648 np0000179084 devstack@neutron-api.service[103688]: DEBUG neutron.api.extensions [None req-77e13f5d-ca80-4e17-804c-927e447cf5b3 None None] Ext name="Uplink status propagation extension" alias="uplink-status-propagation" description="Provides ability to propagate port uplink status." updated="2018-05-31T18:00:00-00:00" {{(pid=103688) _check_extension /opt/stack/neutron/neutron/api/extensions.py:415}}
Jun 09 02:38:32.949810 np0000179084 devstack@neutron-api.service[103688]: INFO neutron.api.extensions [None req-77e13f5d-ca80-4e17-804c-927e447cf5b3 None None] Extension uplink-status-propagation not supported by any of loaded plugins
Jun 09 02:38:32.949843 np0000179084 devstack@neutron-api.service[103690]: DEBUG neutron.api.extensions [None req-6cb5aa36-926f-4138-8282-a8bc60d847f4 None None] Extended resource: routers {{(pid=103690) __init__ /opt/stack/neutron/neutron/api/extensions.py:156}}
Jun 09 02:38:32.949901 np0000179084 devstack@neutron-api.service[103688]: DEBUG neutron.api.extensions [None req-77e13f5d-ca80-4e17-804c-927e447cf5b3 None None] Loading extension file: uplink_status_propagation_updatable.py {{(pid=103688) _load_all_extensions_from_path /opt/stack/neutron/neutron/api/extensions.py:449}}
Jun 09 02:38:32.950145 np0000179084 devstack@neutron-api.service[103688]: DEBUG neutron.api.extensions [None req-77e13f5d-ca80-4e17-804c-927e447cf5b3 None None] Ext name="Uplink status propagation updatable extension" alias="uplink-status-propagation-updatable" description="Provides ability to update the port uplink status." updated="2024-09-03T18:00:00-00:00" {{(pid=103688) _check_extension /opt/stack/neutron/neutron/api/extensions.py:415}}
Jun 09 02:38:32.950312 np0000179084 devstack@neutron-api.service[103688]: INFO neutron.api.extensions [None req-77e13f5d-ca80-4e17-804c-927e447cf5b3 None None] Extension uplink-status-propagation-updatable not supported by any of loaded plugins
Jun 09 02:38:32.950390 np0000179084 devstack@neutron-api.service[103689]: DEBUG neutron_lib.callbacks.manager [None req-362a92da-3a4f-4973-b0a0-d06a39c25241 None None] Publish callbacks ['neutron.plugins.ml2.drivers.ovn.mech_driver.mech_driver.OVNMechanismDriver.pre_fork_initialize-848546'] for process (None), before_spawn {{(pid=103689) _notify_loop /opt/stack/data/venv/lib/python3.12/site-packages/neutron_lib/callbacks/manager.py:184}}
Jun 09 02:38:32.950431 np0000179084 devstack@neutron-api.service[103688]: DEBUG neutron.api.extensions [None req-77e13f5d-ca80-4e17-804c-927e447cf5b3 None None] Loading extension file: vlantransparent.py {{(pid=103688) _load_all_extensions_from_path /opt/stack/neutron/neutron/api/extensions.py:449}}
Jun 09 02:38:32.950771 np0000179084 devstack@neutron-api.service[103688]: DEBUG neutron.api.extensions [None req-77e13f5d-ca80-4e17-804c-927e447cf5b3 None None] Ext name="Vlantransparent" alias="vlan-transparent" description="Provides Vlan Transparent Networks" updated="2015-03-23T09:00:00-00:00" {{(pid=103688) _check_extension /opt/stack/neutron/neutron/api/extensions.py:415}}
Jun 09 02:38:32.950807 np0000179084 devstack@neutron-api.service[103689]: DEBUG oslo_concurrency.processutils [None req-362a92da-3a4f-4973-b0a0-d06a39c25241 None None] Running cmd (subprocess): ovsdb-client transact ssl:199.204.45.72:6641 --timeout 180 -p /opt/stack/data/CA/int-ca/private/devstack-cert.key -c /opt/stack/data/CA/int-ca/devstack-cert.crt -C /opt/stack/data/CA/int-ca/ca-chain.pem ["OVN_Northbound", {"op": "wait", "timeout": 0, "table": "Port_Group", "where": [["name", "==", "neutron_pg_drop"]], "until": "==", "rows": []}, {"op": "insert", "table": "ACL", "row": {"action": "drop", "direction": "to-lport", "match": "outport == @neutron_pg_drop && ip", "priority": 1001}, "uuid-name": "droptoport"}, {"op": "insert", "table": "ACL", "row": {"action": "drop", "direction": "from-lport", "match": "inport == @neutron_pg_drop && ip", "priority": 1001}, "uuid-name": "dropfromport"}, {"op": "insert", "table": "Port_Group", "row": {"name": "neutron_pg_drop", "acls": ["set", [["named-uuid", "droptoport"], ["named-uuid", "dropfromport"]]]}}] {{(pid=103689) execute /opt/stack/data/venv/lib/python3.12/site-packages/oslo_concurrency/processutils.py:440}}
Jun 09 02:38:32.950864 np0000179084 devstack@neutron-api.service[103690]: DEBUG neutron.api.extensions [None req-6cb5aa36-926f-4138-8282-a8bc60d847f4 None None] Extended resource: floatingips {{(pid=103690) __init__ /opt/stack/neutron/neutron/api/extensions.py:156}}
Jun 09 02:38:32.950947 np0000179084 devstack@neutron-api.service[103688]: INFO neutron.api.extensions [None req-77e13f5d-ca80-4e17-804c-927e447cf5b3 None None] Loaded extension: vlan-transparent
Jun 09 02:38:32.951370 np0000179084 devstack@neutron-api.service[103690]: DEBUG neutron.api.extensions [None req-6cb5aa36-926f-4138-8282-a8bc60d847f4 None None] Extended resource: l3-routers {{(pid=103690) __init__ /opt/stack/neutron/neutron/api/extensions.py:156}}
Jun 09 02:38:32.952084 np0000179084 devstack@neutron-api.service[103690]: DEBUG neutron.api.extensions [None req-6cb5aa36-926f-4138-8282-a8bc60d847f4 None None] Extended resource: l3-agents {{(pid=103690) __init__ /opt/stack/neutron/neutron/api/extensions.py:156}}
Jun 09 02:38:32.952627 np0000179084 devstack@neutron-api.service[103688]: INFO neutron.quota.resource_registry [None req-77e13f5d-ca80-4e17-804c-927e447cf5b3 None None] Creating instance of TrackedResource for resource:network
Jun 09 02:38:32.952701 np0000179084 devstack@neutron-api.service[103690]: DEBUG neutron.api.extensions [None req-6cb5aa36-926f-4138-8282-a8bc60d847f4 None None] Extended resource: network-ip-availabilities {{(pid=103690) __init__ /opt/stack/neutron/neutron/api/extensions.py:156}}
Jun 09 02:38:32.952867 np0000179084 devstack@neutron-api.service[103688]: INFO neutron.quota.resource_registry [None req-77e13f5d-ca80-4e17-804c-927e447cf5b3 None None] Creating instance of TrackedResource for resource:subnet
Jun 09 02:38:32.953001 np0000179084 devstack@neutron-api.service[103688]: INFO neutron.quota.resource_registry [None req-77e13f5d-ca80-4e17-804c-927e447cf5b3 None None] Creating instance of TrackedResource for resource:subnetpool
Jun 09 02:38:32.953135 np0000179084 devstack@neutron-api.service[103688]: INFO neutron.quota.resource_registry [None req-77e13f5d-ca80-4e17-804c-927e447cf5b3 None None] Creating instance of TrackedResource for resource:port
Jun 09 02:38:32.953265 np0000179084 devstack@neutron-api.service[103690]: DEBUG neutron.api.extensions [None req-6cb5aa36-926f-4138-8282-a8bc60d847f4 None None] Extended resource: network-ip-availabilities {{(pid=103690) __init__ /opt/stack/neutron/neutron/api/extensions.py:156}}
Jun 09 02:38:32.953813 np0000179084 devstack@neutron-api.service[103690]: DEBUG neutron.api.extensions [None req-6cb5aa36-926f-4138-8282-a8bc60d847f4 None None] Extended resource: bindings {{(pid=103690) __init__ /opt/stack/neutron/neutron/api/extensions.py:156}}
Jun 09 02:38:32.954557 np0000179084 devstack@neutron-api.service[103688]: DEBUG neutron.api.v2.resource_helper [None req-77e13f5d-ca80-4e17-804c-927e447cf5b3 None None] Service L3_ROUTER_NAT assigned prefix: {{(pid=103688) build_resource_info /opt/stack/neutron/neutron/api/v2/resource_helper.py:77}}
Jun 09 02:38:32.954626 np0000179084 devstack@neutron-api.service[103690]: DEBUG neutron.api.extensions [None req-6cb5aa36-926f-4138-8282-a8bc60d847f4 None None] Extended resource: quotas {{(pid=103690) __init__ /opt/stack/neutron/neutron/api/extensions.py:156}}
Jun 09 02:38:32.954920 np0000179084 devstack@neutron-api.service[103688]: DEBUG neutron.api.v2.resource_helper [None req-77e13f5d-ca80-4e17-804c-927e447cf5b3 None None] Service FLAVORS assigned prefix: {{(pid=103688) build_resource_info /opt/stack/neutron/neutron/api/v2/resource_helper.py:77}}
Jun 09 02:38:32.955280 np0000179084 devstack@neutron-api.service[103690]: DEBUG neutron.api.extensions [None req-6cb5aa36-926f-4138-8282-a8bc60d847f4 None None] Extended resource: quotas {{(pid=103690) __init__ /opt/stack/neutron/neutron/api/extensions.py:156}}
Jun 09 02:38:32.955792 np0000179084 devstack@neutron-api.service[103688]: DEBUG neutron.api.v2.resource_helper [None req-77e13f5d-ca80-4e17-804c-927e447cf5b3 None None] Service L3_ROUTER_NAT assigned prefix: {{(pid=103688) build_resource_info /opt/stack/neutron/neutron/api/v2/resource_helper.py:77}}
Jun 09 02:38:32.956027 np0000179084 devstack@neutron-api.service[103690]: DEBUG neutron.api.extensions [None req-6cb5aa36-926f-4138-8282-a8bc60d847f4 None None] Extended resource: rbac-policies {{(pid=103690) __init__ /opt/stack/neutron/neutron/api/extensions.py:156}}
Jun 09 02:38:32.956312 np0000179084 devstack@neutron-api.service[103688]: DEBUG neutron.api.v2.resource_helper [None req-77e13f5d-ca80-4e17-804c-927e447cf5b3 None None] Service L3_ROUTER_NAT assigned prefix: {{(pid=103688) build_resource_info /opt/stack/neutron/neutron/api/v2/resource_helper.py:77}}
Jun 09 02:38:32.957773 np0000179084 devstack@neutron-api.service[103688]: INFO neutron.quota.resource_registry [None req-77e13f5d-ca80-4e17-804c-927e447cf5b3 None None] Creating instance of TrackedResource for resource:router
Jun 09 02:38:32.957911 np0000179084 devstack@neutron-api.service[103690]: DEBUG neutron.api.extensions [None req-6cb5aa36-926f-4138-8282-a8bc60d847f4 None None] Extended resource: default-security-group-rules {{(pid=103690) __init__ /opt/stack/neutron/neutron/api/extensions.py:156}}
Jun 09 02:38:32.957989 np0000179084 devstack@neutron-api.service[103688]: INFO neutron.quota.resource_registry [None req-77e13f5d-ca80-4e17-804c-927e447cf5b3 None None] Creating instance of TrackedResource for resource:floatingip
Jun 09 02:38:32.958070 np0000179084 devstack@neutron-api.service[103690]: DEBUG neutron.api.extensions [None req-6cb5aa36-926f-4138-8282-a8bc60d847f4 None None] Extended resource: security-groups {{(pid=103690) __init__ /opt/stack/neutron/neutron/api/extensions.py:156}}
Jun 09 02:38:32.958070 np0000179084 devstack@neutron-api.service[103690]: DEBUG neutron.api.extensions [None req-6cb5aa36-926f-4138-8282-a8bc60d847f4 None None] Extended resource: security-group-rules {{(pid=103690) __init__ /opt/stack/neutron/neutron/api/extensions.py:156}}
Jun 09 02:38:32.958157 np0000179084 devstack@neutron-api.service[103688]: INFO neutron.quota.resource_registry [None req-77e13f5d-ca80-4e17-804c-927e447cf5b3 None None] Creating instance of CountableResource for resource:rbac_policy
Jun 09 02:38:32.958381 np0000179084 devstack@neutron-api.service[103688]: INFO neutron.quota.resource_registry [None req-77e13f5d-ca80-4e17-804c-927e447cf5b3 None None] Creating instance of TrackedResource for resource:security_group
Jun 09 02:38:32.958710 np0000179084 devstack@neutron-api.service[103690]: DEBUG neutron.api.extensions [None req-6cb5aa36-926f-4138-8282-a8bc60d847f4 None None] Extended resource: service-providers {{(pid=103690) __init__ /opt/stack/neutron/neutron/api/extensions.py:156}}
Jun 09 02:38:32.958792 np0000179084 devstack@neutron-api.service[103688]: INFO neutron.quota.resource_registry [None req-77e13f5d-ca80-4e17-804c-927e447cf5b3 None None] Creating instance of TrackedResource for resource:security_group_rule
Jun 09 02:38:32.959281 np0000179084 devstack@neutron-api.service[103690]: DEBUG neutron.api.extensions [None req-6cb5aa36-926f-4138-8282-a8bc60d847f4 None None] Extended resource: subnetpools {{(pid=103690) __init__ /opt/stack/neutron/neutron/api/extensions.py:156}}
Jun 09 02:38:32.959360 np0000179084 devstack@neutron-api.service[103688]: DEBUG neutron.api.v2.resource_helper [None req-77e13f5d-ca80-4e17-804c-927e447cf5b3 None None] Service CORE assigned prefix: {{(pid=103688) build_resource_info /opt/stack/neutron/neutron/api/v2/resource_helper.py:77}}
Jun 09 02:38:32.959440 np0000179084 devstack@neutron-api.service[103688]: INFO neutron.quota.resource_registry [None req-77e13f5d-ca80-4e17-804c-927e447cf5b3 None None] Creating instance of TrackedResource for resource:subnetpool
Jun 09 02:38:32.960638 np0000179084 devstack@neutron-api.service[103688]: WARNING neutron.quota.resource_registry [None req-77e13f5d-ca80-4e17-804c-927e447cf5b3 None None] subnetpool is already registered
Jun 09 02:38:32.960700 np0000179084 devstack@neutron-api.service[103690]: DEBUG neutron.api.extensions [None req-6cb5aa36-926f-4138-8282-a8bc60d847f4 None None] Extended resource: subnetpools {{(pid=103690) __init__ /opt/stack/neutron/neutron/api/extensions.py:156}}
Jun 09 02:38:32.960764 np0000179084 devstack@neutron-api.service[103688]: DEBUG neutron.api.v2.resource_helper [None req-77e13f5d-ca80-4e17-804c-927e447cf5b3 None None] Service CORE assigned prefix: {{(pid=103688) build_resource_info /opt/stack/neutron/neutron/api/v2/resource_helper.py:77}}
Jun 09 02:38:32.960764 np0000179084 devstack@neutron-api.service[103688]: INFO neutron.quota.resource_registry [None req-77e13f5d-ca80-4e17-804c-927e447cf5b3 None None] Creating instance of TrackedResource for resource:subnetpool
Jun 09 02:38:32.960764 np0000179084 devstack@neutron-api.service[103688]: WARNING neutron.quota.resource_registry [None req-77e13f5d-ca80-4e17-804c-927e447cf5b3 None None] subnetpool is already registered
Jun 09 02:38:32.960953 np0000179084 devstack@neutron-api.service[103690]: DEBUG neutron.api.extensions [None req-6cb5aa36-926f-4138-8282-a8bc60d847f4 None None] Extended resource: tags {{(pid=103690) __init__ /opt/stack/neutron/neutron/api/extensions.py:156}}
Jun 09 02:38:32.961327 np0000179084 devstack@neutron-api.service[103690]: DEBUG neutron.api.extensions [None req-6cb5aa36-926f-4138-8282-a8bc60d847f4 None None] Extended resource: tags {{(pid=103690) __init__ /opt/stack/neutron/neutron/api/extensions.py:156}}
Jun 09 02:38:32.962091 np0000179084 devstack@neutron-api.service[103690]: DEBUG neutron.api.extensions [None req-6cb5aa36-926f-4138-8282-a8bc60d847f4 None None] Extended resource: tags {{(pid=103690) __init__ /opt/stack/neutron/neutron/api/extensions.py:156}}
Jun 09 02:38:32.962539 np0000179084 devstack@neutron-api.service[103688]: DEBUG neutron.api.v2.resource_helper [None req-77e13f5d-ca80-4e17-804c-927e447cf5b3 None None] Service L3_ROUTER_NAT assigned prefix: {{(pid=103688) build_resource_info /opt/stack/neutron/neutron/api/v2/resource_helper.py:77}}
Jun 09 02:38:32.962881 np0000179084 devstack@neutron-api.service[103688]: DEBUG neutron.api.v2.resource_helper [None req-77e13f5d-ca80-4e17-804c-927e447cf5b3 None None] Service FLAVORS assigned prefix: {{(pid=103688) build_resource_info /opt/stack/neutron/neutron/api/v2/resource_helper.py:77}}
Jun 09 02:38:32.962972 np0000179084 devstack@neutron-api.service[103690]: DEBUG neutron.api.extensions [None req-6cb5aa36-926f-4138-8282-a8bc60d847f4 None None] Extended resource: tags {{(pid=103690) __init__ /opt/stack/neutron/neutron/api/extensions.py:156}}
Jun 09 02:38:32.963692 np0000179084 devstack@neutron-api.service[103688]: DEBUG neutron.api.v2.resource_helper [None req-77e13f5d-ca80-4e17-804c-927e447cf5b3 None None] Service L3_ROUTER_NAT assigned prefix: {{(pid=103688) build_resource_info /opt/stack/neutron/neutron/api/v2/resource_helper.py:77}}
Jun 09 02:38:32.963811 np0000179084 devstack@neutron-api.service[103690]: DEBUG neutron.api.extensions [None req-6cb5aa36-926f-4138-8282-a8bc60d847f4 None None] Extended resource: tags {{(pid=103690) __init__ /opt/stack/neutron/neutron/api/extensions.py:156}}
Jun 09 02:38:32.964111 np0000179084 devstack@neutron-api.service[103688]: DEBUG neutron.api.v2.resource_helper [None req-77e13f5d-ca80-4e17-804c-927e447cf5b3 None None] Service L3_ROUTER_NAT assigned prefix: {{(pid=103688) build_resource_info /opt/stack/neutron/neutron/api/v2/resource_helper.py:77}}
Jun 09 02:38:32.964264 np0000179084 devstack@neutron-api.service[103688]: INFO neutron.quota.resource_registry [None req-77e13f5d-ca80-4e17-804c-927e447cf5b3 None None] Creating instance of TrackedResource for resource:router
Jun 09 02:38:32.964359 np0000179084 devstack@neutron-api.service[103688]: WARNING neutron.quota.resource_registry [None req-77e13f5d-ca80-4e17-804c-927e447cf5b3 None None] router is already registered
Jun 09 02:38:32.964768 np0000179084 devstack@neutron-api.service[103690]: DEBUG neutron.api.extensions [None req-6cb5aa36-926f-4138-8282-a8bc60d847f4 None None] Extended resource: tags {{(pid=103690) __init__ /opt/stack/neutron/neutron/api/extensions.py:156}}
Jun 09 02:38:32.964863 np0000179084 devstack@neutron-api.service[103688]: INFO neutron.quota.resource_registry [None req-77e13f5d-ca80-4e17-804c-927e447cf5b3 None None] Creating instance of TrackedResource for resource:floatingip
Jun 09 02:38:32.964863 np0000179084 devstack@neutron-api.service[103688]: WARNING neutron.quota.resource_registry [None req-77e13f5d-ca80-4e17-804c-927e447cf5b3 None None] floatingip is already registered
Jun 09 02:38:32.965405 np0000179084 devstack@neutron-api.service[103690]: DEBUG neutron.api.extensions [None req-6cb5aa36-926f-4138-8282-a8bc60d847f4 None None] Extended resource: tags {{(pid=103690) __init__ /opt/stack/neutron/neutron/api/extensions.py:156}}
Jun 09 02:38:32.965749 np0000179084 devstack@neutron-api.service[103688]: INFO neutron.quota.resource_registry [None req-77e13f5d-ca80-4e17-804c-927e447cf5b3 None None] Creating instance of CountableResource for resource:rbac_policy
Jun 09 02:38:32.965852 np0000179084 devstack@neutron-api.service[103688]: WARNING neutron.quota.resource_registry [None req-77e13f5d-ca80-4e17-804c-927e447cf5b3 None None] rbac_policy is already registered
Jun 09 02:38:32.966259 np0000179084 devstack@neutron-api.service[103690]: DEBUG neutron.api.extensions [None req-6cb5aa36-926f-4138-8282-a8bc60d847f4 None None] Extended resource: tags {{(pid=103690) __init__ /opt/stack/neutron/neutron/api/extensions.py:156}}
Jun 09 02:38:32.966530 np0000179084 devstack@neutron-api.service[103688]: INFO neutron.quota.resource_registry [None req-77e13f5d-ca80-4e17-804c-927e447cf5b3 None None] Creating instance of TrackedResource for resource:security_group
Jun 09 02:38:32.966634 np0000179084 devstack@neutron-api.service[103688]: WARNING neutron.quota.resource_registry [None req-77e13f5d-ca80-4e17-804c-927e447cf5b3 None None] security_group is already registered
Jun 09 02:38:32.966991 np0000179084 devstack@neutron-api.service[103688]: INFO neutron.quota.resource_registry [None req-77e13f5d-ca80-4e17-804c-927e447cf5b3 None None] Creating instance of TrackedResource for resource:security_group_rule
Jun 09 02:38:32.967053 np0000179084 devstack@neutron-api.service[103690]: DEBUG neutron.api.extensions [None req-6cb5aa36-926f-4138-8282-a8bc60d847f4 None None] Extended resource: tags {{(pid=103690) __init__ /opt/stack/neutron/neutron/api/extensions.py:156}}
Jun 09 02:38:32.967136 np0000179084 devstack@neutron-api.service[103688]: WARNING neutron.quota.resource_registry [None req-77e13f5d-ca80-4e17-804c-927e447cf5b3 None None] security_group_rule is already registered
Jun 09 02:38:32.967730 np0000179084 devstack@neutron-api.service[103688]: DEBUG neutron.api.v2.resource_helper [None req-77e13f5d-ca80-4e17-804c-927e447cf5b3 None None] Service CORE assigned prefix: {{(pid=103688) build_resource_info /opt/stack/neutron/neutron/api/v2/resource_helper.py:77}}
Jun 09 02:38:32.967824 np0000179084 devstack@neutron-api.service[103688]: INFO neutron.quota.resource_registry [None req-77e13f5d-ca80-4e17-804c-927e447cf5b3 None None] Creating instance of TrackedResource for resource:subnetpool
Jun 09 02:38:32.967888 np0000179084 devstack@neutron-api.service[103690]: DEBUG neutron.api.extensions [None req-6cb5aa36-926f-4138-8282-a8bc60d847f4 None None] Extended resource: tags {{(pid=103690) __init__ /opt/stack/neutron/neutron/api/extensions.py:156}}
Jun 09 02:38:32.967931 np0000179084 devstack@neutron-api.service[103688]: WARNING neutron.quota.resource_registry [None req-77e13f5d-ca80-4e17-804c-927e447cf5b3 None None] subnetpool is already registered
Jun 09 02:38:32.968423 np0000179084 devstack@neutron-api.service[103688]: DEBUG neutron.api.v2.resource_helper [None req-77e13f5d-ca80-4e17-804c-927e447cf5b3 None None] Service CORE assigned prefix: {{(pid=103688) build_resource_info /opt/stack/neutron/neutron/api/v2/resource_helper.py:77}}
Jun 09 02:38:32.968423 np0000179084 devstack@neutron-api.service[103688]: INFO neutron.quota.resource_registry [None req-77e13f5d-ca80-4e17-804c-927e447cf5b3 None None] Creating instance of TrackedResource for resource:subnetpool
Jun 09 02:38:32.968561 np0000179084 devstack@neutron-api.service[103688]: WARNING neutron.quota.resource_registry [None req-77e13f5d-ca80-4e17-804c-927e447cf5b3 None None] subnetpool is already registered
Jun 09 02:38:32.968886 np0000179084 devstack@neutron-api.service[103688]: DEBUG neutron.api.extensions [None req-77e13f5d-ca80-4e17-804c-927e447cf5b3 None None] Extended resource: extensions {{(pid=103688) __init__ /opt/stack/neutron/neutron/api/extensions.py:156}}
Jun 09 02:38:32.969649 np0000179084 devstack@neutron-api.service[103688]: DEBUG neutron.api.extensions [None req-77e13f5d-ca80-4e17-804c-927e447cf5b3 None None] Extended resource: address-groups {{(pid=103688) __init__ /opt/stack/neutron/neutron/api/extensions.py:156}}
Jun 09 02:38:32.970523 np0000179084 devstack@neutron-api.service[103688]: DEBUG neutron.api.extensions [None req-77e13f5d-ca80-4e17-804c-927e447cf5b3 None None] Extended resource: address-scopes {{(pid=103688) __init__ /opt/stack/neutron/neutron/api/extensions.py:156}}
Jun 09 02:38:32.970896 np0000179084 devstack@neutron-api.service[103688]: DEBUG neutron.api.extensions [None req-77e13f5d-ca80-4e17-804c-927e447cf5b3 None None] Extended resource: agents {{(pid=103688) __init__ /opt/stack/neutron/neutron/api/extensions.py:156}}
Jun 09 02:38:32.971560 np0000179084 devstack@neutron-api.service[103688]: DEBUG neutron.api.extensions [None req-77e13f5d-ca80-4e17-804c-927e447cf5b3 None None] Extended resource: auto-allocated-topology {{(pid=103688) __init__ /opt/stack/neutron/neutron/api/extensions.py:156}}
Jun 09 02:38:32.972229 np0000179084 devstack@neutron-api.service[103688]: DEBUG neutron.api.extensions [None req-77e13f5d-ca80-4e17-804c-927e447cf5b3 None None] Extended resource: availability_zones {{(pid=103688) __init__ /opt/stack/neutron/neutron/api/extensions.py:156}}
Jun 09 02:38:32.972747 np0000179084 devstack@neutron-api.service[103688]: DEBUG neutron.api.extensions [None req-77e13f5d-ca80-4e17-804c-927e447cf5b3 None None] Extended resource: dhcp-networks {{(pid=103688) __init__ /opt/stack/neutron/neutron/api/extensions.py:156}}
Jun 09 02:38:32.973395 np0000179084 devstack@neutron-api.service[103688]: DEBUG neutron.api.extensions [None req-77e13f5d-ca80-4e17-804c-927e447cf5b3 None None] Extended resource: dhcp-agents {{(pid=103688) __init__ /opt/stack/neutron/neutron/api/extensions.py:156}}
Jun 09 02:38:32.974054 np0000179084 devstack@neutron-api.service[103688]: DEBUG neutron.api.extensions [None req-77e13f5d-ca80-4e17-804c-927e447cf5b3 None None] Extended resource: routers {{(pid=103688) __init__ /opt/stack/neutron/neutron/api/extensions.py:156}}
Jun 09 02:38:32.975071 np0000179084 devstack@neutron-api.service[103688]: DEBUG neutron.api.extensions [None req-77e13f5d-ca80-4e17-804c-927e447cf5b3 None None] Extended resource: flavors {{(pid=103688) __init__ /opt/stack/neutron/neutron/api/extensions.py:156}}
Jun 09 02:38:32.975580 np0000179084 devstack@neutron-api.service[103688]: DEBUG neutron.api.extensions [None req-77e13f5d-ca80-4e17-804c-927e447cf5b3 None None] Extended resource: service_profiles {{(pid=103688) __init__ /opt/stack/neutron/neutron/api/extensions.py:156}}
Jun 09 02:38:32.976157 np0000179084 devstack@neutron-api.service[103688]: DEBUG neutron.api.extensions [None req-77e13f5d-ca80-4e17-804c-927e447cf5b3 None None] Extended resource: next_providers {{(pid=103688) __init__ /opt/stack/neutron/neutron/api/extensions.py:156}}
Jun 09 02:38:32.976938 np0000179084 devstack@neutron-api.service[103688]: DEBUG neutron.api.extensions [None req-77e13f5d-ca80-4e17-804c-927e447cf5b3 None None] Extended resource: service_profiles {{(pid=103688) __init__ /opt/stack/neutron/neutron/api/extensions.py:156}}
Jun 09 02:38:32.977567 np0000179084 devstack@neutron-api.service[103688]: DEBUG neutron.api.extensions [None req-77e13f5d-ca80-4e17-804c-927e447cf5b3 None None] Extended resource: floatingip-pools {{(pid=103688) __init__ /opt/stack/neutron/neutron/api/extensions.py:156}}
Jun 09 02:38:32.978056 np0000179084 devstack@neutron-api.service[103688]: DEBUG neutron.api.extensions [None req-77e13f5d-ca80-4e17-804c-927e447cf5b3 None None] Extended resource: routers {{(pid=103688) __init__ /opt/stack/neutron/neutron/api/extensions.py:156}}
Jun 09 02:38:32.978226 np0000179084 devstack@neutron-api.service[103690]: DEBUG neutron_lib.callbacks.manager [None req-6cb5aa36-926f-4138-8282-a8bc60d847f4 None None] Publish callbacks ['neutron.plugins.ml2.drivers.ovn.mech_driver.mech_driver.OVNMechanismDriver.pre_fork_initialize-848722'] for process (None), before_spawn {{(pid=103690) _notify_loop /opt/stack/data/venv/lib/python3.12/site-packages/neutron_lib/callbacks/manager.py:184}}
Jun 09 02:38:32.978622 np0000179084 devstack@neutron-api.service[103690]: DEBUG oslo_concurrency.processutils [None req-6cb5aa36-926f-4138-8282-a8bc60d847f4 None None] Running cmd (subprocess): ovsdb-client transact ssl:199.204.45.72:6641 --timeout 180 -p /opt/stack/data/CA/int-ca/private/devstack-cert.key -c /opt/stack/data/CA/int-ca/devstack-cert.crt -C /opt/stack/data/CA/int-ca/ca-chain.pem ["OVN_Northbound", {"op": "wait", "timeout": 0, "table": "Port_Group", "where": [["name", "==", "neutron_pg_drop"]], "until": "==", "rows": []}, {"op": "insert", "table": "ACL", "row": {"action": "drop", "direction": "to-lport", "match": "outport == @neutron_pg_drop && ip", "priority": 1001}, "uuid-name": "droptoport"}, {"op": "insert", "table": "ACL", "row": {"action": "drop", "direction": "from-lport", "match": "inport == @neutron_pg_drop && ip", "priority": 1001}, "uuid-name": "dropfromport"}, {"op": "insert", "table": "Port_Group", "row": {"name": "neutron_pg_drop", "acls": ["set", [["named-uuid", "droptoport"], ["named-uuid", "dropfromport"]]]}}] {{(pid=103690) execute /opt/stack/data/venv/lib/python3.12/site-packages/oslo_concurrency/processutils.py:440}}
Jun 09 02:38:32.979065 np0000179084 devstack@neutron-api.service[103688]: DEBUG neutron.api.extensions [None req-77e13f5d-ca80-4e17-804c-927e447cf5b3 None None] Extended resource: floatingips {{(pid=103688) __init__ /opt/stack/neutron/neutron/api/extensions.py:156}}
Jun 09 02:38:32.979627 np0000179084 devstack@neutron-api.service[103688]: DEBUG neutron.api.extensions [None req-77e13f5d-ca80-4e17-804c-927e447cf5b3 None None] Extended resource: l3-routers {{(pid=103688) __init__ /opt/stack/neutron/neutron/api/extensions.py:156}}
Jun 09 02:38:32.980265 np0000179084 devstack@neutron-api.service[103688]: DEBUG neutron.api.extensions [None req-77e13f5d-ca80-4e17-804c-927e447cf5b3 None None] Extended resource: l3-agents {{(pid=103688) __init__ /opt/stack/neutron/neutron/api/extensions.py:156}}
Jun 09 02:38:32.981438 np0000179084 devstack@neutron-api.service[103688]: DEBUG neutron.api.extensions [None req-77e13f5d-ca80-4e17-804c-927e447cf5b3 None None] Extended resource: network-ip-availabilities {{(pid=103688) __init__ /opt/stack/neutron/neutron/api/extensions.py:156}}
Jun 09 02:38:32.981965 np0000179084 devstack@neutron-api.service[103688]: DEBUG neutron.api.extensions [None req-77e13f5d-ca80-4e17-804c-927e447cf5b3 None None] Extended resource: network-ip-availabilities {{(pid=103688) __init__ /opt/stack/neutron/neutron/api/extensions.py:156}}
Jun 09 02:38:32.982780 np0000179084 devstack@neutron-api.service[103688]: DEBUG neutron.api.extensions [None req-77e13f5d-ca80-4e17-804c-927e447cf5b3 None None] Extended resource: bindings {{(pid=103688) __init__ /opt/stack/neutron/neutron/api/extensions.py:156}}
Jun 09 02:38:32.983499 np0000179084 devstack@neutron-api.service[103688]: DEBUG neutron.api.extensions [None req-77e13f5d-ca80-4e17-804c-927e447cf5b3 None None] Extended resource: quotas {{(pid=103688) __init__ /opt/stack/neutron/neutron/api/extensions.py:156}}
Jun 09 02:38:32.984218 np0000179084 devstack@neutron-api.service[103688]: DEBUG neutron.api.extensions [None req-77e13f5d-ca80-4e17-804c-927e447cf5b3 None None] Extended resource: quotas {{(pid=103688) __init__ /opt/stack/neutron/neutron/api/extensions.py:156}}
Jun 09 02:38:32.984962 np0000179084 devstack@neutron-api.service[103688]: DEBUG neutron.api.extensions [None req-77e13f5d-ca80-4e17-804c-927e447cf5b3 None None] Extended resource: rbac-policies {{(pid=103688) __init__ /opt/stack/neutron/neutron/api/extensions.py:156}}
Jun 09 02:38:32.985524 np0000179084 devstack@neutron-api.service[103688]: DEBUG neutron.api.extensions [None req-77e13f5d-ca80-4e17-804c-927e447cf5b3 None None] Extended resource: default-security-group-rules {{(pid=103688) __init__ /opt/stack/neutron/neutron/api/extensions.py:156}}
Jun 09 02:38:32.986068 np0000179084 devstack@neutron-api.service[103688]: DEBUG neutron.api.extensions [None req-77e13f5d-ca80-4e17-804c-927e447cf5b3 None None] Extended resource: security-groups {{(pid=103688) __init__ /opt/stack/neutron/neutron/api/extensions.py:156}}
Jun 09 02:38:32.986578 np0000179084 devstack@neutron-api.service[103688]: DEBUG neutron.api.extensions [None req-77e13f5d-ca80-4e17-804c-927e447cf5b3 None None] Extended resource: security-group-rules {{(pid=103688) __init__ /opt/stack/neutron/neutron/api/extensions.py:156}}
Jun 09 02:38:32.987223 np0000179084 devstack@neutron-api.service[103688]: DEBUG neutron.api.extensions [None req-77e13f5d-ca80-4e17-804c-927e447cf5b3 None None] Extended resource: service-providers {{(pid=103688) __init__ /opt/stack/neutron/neutron/api/extensions.py:156}}
Jun 09 02:38:32.987354 np0000179084 devstack@neutron-api.service[103689]: DEBUG oslo_concurrency.processutils [None req-362a92da-3a4f-4973-b0a0-d06a39c25241 None None] CMD "ovsdb-client transact ssl:199.204.45.72:6641 --timeout 180 -p /opt/stack/data/CA/int-ca/private/devstack-cert.key -c /opt/stack/data/CA/int-ca/devstack-cert.crt -C /opt/stack/data/CA/int-ca/ca-chain.pem ["OVN_Northbound", {"op": "wait", "timeout": 0, "table": "Port_Group", "where": [["name", "==", "neutron_pg_drop"]], "until": "==", "rows": []}, {"op": "insert", "table": "ACL", "row": {"action": "drop", "direction": "to-lport", "match": "outport == @neutron_pg_drop && ip", "priority": 1001}, "uuid-name": "droptoport"}, {"op": "insert", "table": "ACL", "row": {"action": "drop", "direction": "from-lport", "match": "inport == @neutron_pg_drop && ip", "priority": 1001}, "uuid-name": "dropfromport"}, {"op": "insert", "table": "Port_Group", "row": {"name": "neutron_pg_drop", "acls": ["set", [["named-uuid", "droptoport"], ["named-uuid", "dropfromport"]]]}}]" returned: 0 in 0.036s {{(pid=103689) execute /opt/stack/data/venv/lib/python3.12/site-packages/oslo_concurrency/processutils.py:468}}
Jun 09 02:38:32.987738 np0000179084 devstack@neutron-api.service[103688]: DEBUG neutron.api.extensions [None req-77e13f5d-ca80-4e17-804c-927e447cf5b3 None None] Extended resource: subnetpools {{(pid=103688) __init__ /opt/stack/neutron/neutron/api/extensions.py:156}}
Jun 09 02:38:32.988301 np0000179084 devstack@neutron-api.service[103688]: DEBUG neutron.api.extensions [None req-77e13f5d-ca80-4e17-804c-927e447cf5b3 None None] Extended resource: subnetpools {{(pid=103688) __init__ /opt/stack/neutron/neutron/api/extensions.py:156}}
Jun 09 02:38:32.988986 np0000179084 devstack@neutron-api.service[103688]: DEBUG neutron.api.extensions [None req-77e13f5d-ca80-4e17-804c-927e447cf5b3 None None] Extended resource: tags {{(pid=103688) __init__ /opt/stack/neutron/neutron/api/extensions.py:156}}
Jun 09 02:38:32.989751 np0000179084 devstack@neutron-api.service[103688]: DEBUG neutron.api.extensions [None req-77e13f5d-ca80-4e17-804c-927e447cf5b3 None None] Extended resource: tags {{(pid=103688) __init__ /opt/stack/neutron/neutron/api/extensions.py:156}}
Jun 09 02:38:32.990441 np0000179084 devstack@neutron-api.service[103689]: DEBUG neutron_lib.callbacks.manager [None req-362a92da-3a4f-4973-b0a0-d06a39c25241 None None] Publish callbacks ['neutron.plugins.ml2.drivers.ovn.mech_driver.mech_driver.OVNMechanismDriver.post_fork_initialize-848714', 'neutron.services.pvlan.drivers.ovn.driver._initialize_pvlan_pg_drop-7709826336438', 'neutron.services.ovn_l3.plugin.OVNL3RouterPlugin._post_fork_initialize-3425701'] for process (None), after_init {{(pid=103689) _notify_loop /opt/stack/data/venv/lib/python3.12/site-packages/neutron_lib/callbacks/manager.py:184}}
Jun 09 02:38:32.990520 np0000179084 devstack@neutron-api.service[103688]: DEBUG neutron.api.extensions [None req-77e13f5d-ca80-4e17-804c-927e447cf5b3 None None] Extended resource: tags {{(pid=103688) __init__ /opt/stack/neutron/neutron/api/extensions.py:156}}
Jun 09 02:38:32.991237 np0000179084 devstack@neutron-api.service[103689]: DEBUG oslo_concurrency.lockutils [None req-362a92da-3a4f-4973-b0a0-d06a39c25241 None None] Acquiring lock "singleton_lock" {{(pid=103689) lock /opt/stack/data/venv/lib/python3.12/site-packages/oslo_concurrency/lockutils.py:395}}
Jun 09 02:38:32.991388 np0000179084 devstack@neutron-api.service[103688]: DEBUG neutron.api.extensions [None req-77e13f5d-ca80-4e17-804c-927e447cf5b3 None None] Extended resource: tags {{(pid=103688) __init__ /opt/stack/neutron/neutron/api/extensions.py:156}}
Jun 09 02:38:32.991479 np0000179084 devstack@neutron-api.service[103689]: DEBUG oslo_concurrency.lockutils [None req-362a92da-3a4f-4973-b0a0-d06a39c25241 None None] Acquired lock "singleton_lock" {{(pid=103689) lock /opt/stack/data/venv/lib/python3.12/site-packages/oslo_concurrency/lockutils.py:398}}
Jun 09 02:38:32.991875 np0000179084 devstack@neutron-api.service[103689]: DEBUG oslo_concurrency.lockutils [None req-362a92da-3a4f-4973-b0a0-d06a39c25241 None None] Releasing lock "singleton_lock" {{(pid=103689) lock /opt/stack/data/venv/lib/python3.12/site-packages/oslo_concurrency/lockutils.py:418}}
Jun 09 02:38:32.992168 np0000179084 devstack@neutron-api.service[103688]: DEBUG neutron.api.extensions [None req-77e13f5d-ca80-4e17-804c-927e447cf5b3 None None] Extended resource: tags {{(pid=103688) __init__ /opt/stack/neutron/neutron/api/extensions.py:156}}
Jun 09 02:38:32.993008 np0000179084 devstack@neutron-api.service[103688]: DEBUG neutron.api.extensions [None req-77e13f5d-ca80-4e17-804c-927e447cf5b3 None None] Extended resource: tags {{(pid=103688) __init__ /opt/stack/neutron/neutron/api/extensions.py:156}}
Jun 09 02:38:32.993855 np0000179084 devstack@neutron-api.service[103688]: DEBUG neutron.api.extensions [None req-77e13f5d-ca80-4e17-804c-927e447cf5b3 None None] Extended resource: tags {{(pid=103688) __init__ /opt/stack/neutron/neutron/api/extensions.py:156}}
Jun 09 02:38:32.994627 np0000179084 devstack@neutron-api.service[103688]: DEBUG neutron.api.extensions [None req-77e13f5d-ca80-4e17-804c-927e447cf5b3 None None] Extended resource: tags {{(pid=103688) __init__ /opt/stack/neutron/neutron/api/extensions.py:156}}
Jun 09 02:38:32.995356 np0000179084 devstack@neutron-api.service[103689]: DEBUG neutron.plugins.ml2.drivers.ovn.mech_driver.mech_driver [None req-362a92da-3a4f-4973-b0a0-d06a39c25241 None None] Hash Ring setup using WSGI start time 2026-06-09 02:38:25+00:00 {{(pid=103689) _init_hash_ring /opt/stack/neutron/neutron/plugins/ml2/drivers/ovn/mech_driver/mech_driver.py:404}}
Jun 09 02:38:32.995439 np0000179084 devstack@neutron-api.service[103688]: DEBUG neutron.api.extensions [None req-77e13f5d-ca80-4e17-804c-927e447cf5b3 None None] Extended resource: tags {{(pid=103688) __init__ /opt/stack/neutron/neutron/api/extensions.py:156}}
Jun 09 02:38:32.996262 np0000179084 devstack@neutron-api.service[103688]: DEBUG neutron.api.extensions [None req-77e13f5d-ca80-4e17-804c-927e447cf5b3 None None] Extended resource: tags {{(pid=103688) __init__ /opt/stack/neutron/neutron/api/extensions.py:156}}
Jun 09 02:38:33.003684 np0000179084 devstack@neutron-api.service[103689]: INFO neutron.db.ovn_hash_ring_db [None req-362a92da-3a4f-4973-b0a0-d06a39c25241 None None] Nodes from host "np0000179084" and group "mechanism_driver" removed from the Hash Ring created at 2026-06-09 02:38:25+00:00
Jun 09 02:38:33.006122 np0000179084 devstack@neutron-api.service[103688]: DEBUG neutron_lib.callbacks.manager [None req-77e13f5d-ca80-4e17-804c-927e447cf5b3 None None] Publish callbacks ['neutron.plugins.ml2.drivers.ovn.mech_driver.mech_driver.OVNMechanismDriver.pre_fork_initialize-906210'] for process (None), before_spawn {{(pid=103688) _notify_loop /opt/stack/data/venv/lib/python3.12/site-packages/neutron_lib/callbacks/manager.py:184}}
Jun 09 02:38:33.006548 np0000179084 devstack@neutron-api.service[103688]: DEBUG oslo_concurrency.processutils [None req-77e13f5d-ca80-4e17-804c-927e447cf5b3 None None] Running cmd (subprocess): ovsdb-client transact ssl:199.204.45.72:6641 --timeout 180 -p /opt/stack/data/CA/int-ca/private/devstack-cert.key -c /opt/stack/data/CA/int-ca/devstack-cert.crt -C /opt/stack/data/CA/int-ca/ca-chain.pem ["OVN_Northbound", {"op": "wait", "timeout": 0, "table": "Port_Group", "where": [["name", "==", "neutron_pg_drop"]], "until": "==", "rows": []}, {"op": "insert", "table": "ACL", "row": {"action": "drop", "direction": "to-lport", "match": "outport == @neutron_pg_drop && ip", "priority": 1001}, "uuid-name": "droptoport"}, {"op": "insert", "table": "ACL", "row": {"action": "drop", "direction": "from-lport", "match": "inport == @neutron_pg_drop && ip", "priority": 1001}, "uuid-name": "dropfromport"}, {"op": "insert", "table": "Port_Group", "row": {"name": "neutron_pg_drop", "acls": ["set", [["named-uuid", "droptoport"], ["named-uuid", "dropfromport"]]]}}] {{(pid=103688) execute /opt/stack/data/venv/lib/python3.12/site-packages/oslo_concurrency/processutils.py:440}}
Jun 09 02:38:33.007340 np0000179084 devstack@neutron-api.service[103689]: INFO neutron.db.ovn_hash_ring_db [None req-362a92da-3a4f-4973-b0a0-d06a39c25241 None None] Node cc2c121edc245fa68016c56935416f1b from host "np0000179084" and group "mechanism_driver" added to the Hash Ring
Jun 09 02:38:33.010408 np0000179084 devstack@neutron-api.service[103689]: DEBUG neutron.plugins.ml2.drivers.ovn.mech_driver.mech_driver [None req-362a92da-3a4f-4973-b0a0-d06a39c25241 None None] Hash Ring setup, this worker has detected 2 OVN hash ring registers in the database {{(pid=103689) _init_hash_ring /opt/stack/neutron/neutron/plugins/ml2/drivers/ovn/mech_driver/mech_driver.py:414}}
Jun 09 02:38:33.020385 np0000179084 devstack@neutron-api.service[103690]: DEBUG oslo_concurrency.processutils [None req-6cb5aa36-926f-4138-8282-a8bc60d847f4 None None] CMD "ovsdb-client transact ssl:199.204.45.72:6641 --timeout 180 -p /opt/stack/data/CA/int-ca/private/devstack-cert.key -c /opt/stack/data/CA/int-ca/devstack-cert.crt -C /opt/stack/data/CA/int-ca/ca-chain.pem ["OVN_Northbound", {"op": "wait", "timeout": 0, "table": "Port_Group", "where": [["name", "==", "neutron_pg_drop"]], "until": "==", "rows": []}, {"op": "insert", "table": "ACL", "row": {"action": "drop", "direction": "to-lport", "match": "outport == @neutron_pg_drop && ip", "priority": 1001}, "uuid-name": "droptoport"}, {"op": "insert", "table": "ACL", "row": {"action": "drop", "direction": "from-lport", "match": "inport == @neutron_pg_drop && ip", "priority": 1001}, "uuid-name": "dropfromport"}, {"op": "insert", "table": "Port_Group", "row": {"name": "neutron_pg_drop", "acls": ["set", [["named-uuid", "droptoport"], ["named-uuid", "dropfromport"]]]}}]" returned: 0 in 0.040s {{(pid=103690) execute /opt/stack/data/venv/lib/python3.12/site-packages/oslo_concurrency/processutils.py:468}}
Jun 09 02:38:33.021172 np0000179084 devstack@neutron-api.service[103690]: DEBUG neutron_lib.callbacks.manager [None req-6cb5aa36-926f-4138-8282-a8bc60d847f4 None None] Publish callbacks ['neutron.plugins.ml2.drivers.ovn.mech_driver.mech_driver.OVNMechanismDriver.post_fork_initialize-848778', 'neutron.services.pvlan.drivers.ovn.driver._initialize_pvlan_pg_drop-7709826331198', 'neutron.services.ovn_l3.plugin.OVNL3RouterPlugin._post_fork_initialize-1557412'] for process (None), after_init {{(pid=103690) _notify_loop /opt/stack/data/venv/lib/python3.12/site-packages/neutron_lib/callbacks/manager.py:184}}
Jun 09 02:38:33.021362 np0000179084 devstack@neutron-api.service[103689]: DEBUG neutron.plugins.ml2.drivers.ovn.mech_driver.ovsdb.maintenance [None req-362a92da-3a4f-4973-b0a0-d06a39c25241 None None] Periodic task found: HashRingHealthCheckPeriodics.touch_hash_ring_node {{(pid=103689) add_periodics /opt/stack/neutron/neutron/plugins/ml2/drivers/ovn/mech_driver/ovsdb/maintenance.py:148}}
Jun 09 02:38:33.022448 np0000179084 devstack@neutron-api.service[103690]: DEBUG oslo_concurrency.lockutils [None req-6cb5aa36-926f-4138-8282-a8bc60d847f4 None None] Acquiring lock "singleton_lock" {{(pid=103690) lock /opt/stack/data/venv/lib/python3.12/site-packages/oslo_concurrency/lockutils.py:395}}
Jun 09 02:38:33.022448 np0000179084 devstack@neutron-api.service[103690]: DEBUG oslo_concurrency.lockutils [None req-6cb5aa36-926f-4138-8282-a8bc60d847f4 None None] Acquired lock "singleton_lock" {{(pid=103690) lock /opt/stack/data/venv/lib/python3.12/site-packages/oslo_concurrency/lockutils.py:398}}
Jun 09 02:38:33.022627 np0000179084 devstack@neutron-api.service[103690]: DEBUG oslo_concurrency.lockutils [None req-6cb5aa36-926f-4138-8282-a8bc60d847f4 None None] Releasing lock "singleton_lock" {{(pid=103690) lock /opt/stack/data/venv/lib/python3.12/site-packages/oslo_concurrency/lockutils.py:418}}
Jun 09 02:38:33.023136 np0000179084 devstack@neutron-api.service[103689]: INFO neutron.plugins.ml2.drivers.ovn.mech_driver.mech_driver [None req-362a92da-3a4f-4973-b0a0-d06a39c25241 None None] Hash Ring probing thread for node cc2c121edc245fa68016c56935416f1b has started
Jun 09 02:38:33.023758 np0000179084 devstack@neutron-api.service[103689]: INFO neutron.plugins.ml2.drivers.ovn.mech_driver.ovsdb.impl_idl_ovn [None req-362a92da-3a4f-4973-b0a0-d06a39c25241 None None] Getting OvsdbNbOvnIdl for WorkerService with retry
Jun 09 02:38:33.025044 np0000179084 devstack@neutron-api.service[103690]: DEBUG neutron.plugins.ml2.drivers.ovn.mech_driver.mech_driver [None req-6cb5aa36-926f-4138-8282-a8bc60d847f4 None None] Hash Ring setup using WSGI start time 2026-06-09 02:38:25+00:00 {{(pid=103690) _init_hash_ring /opt/stack/neutron/neutron/plugins/ml2/drivers/ovn/mech_driver/mech_driver.py:404}}
Jun 09 02:38:33.030658 np0000179084 devstack@neutron-api.service[103690]: INFO neutron.db.ovn_hash_ring_db [None req-6cb5aa36-926f-4138-8282-a8bc60d847f4 None None] Nodes from host "np0000179084" and group "mechanism_driver" removed from the Hash Ring created at 2026-06-09 02:38:25+00:00
Jun 09 02:38:33.033638 np0000179084 devstack@neutron-api.service[103690]: INFO neutron.db.ovn_hash_ring_db [None req-6cb5aa36-926f-4138-8282-a8bc60d847f4 None None] Node 6ca520fced3f553aa5255480de7c05a3 from host "np0000179084" and group "mechanism_driver" added to the Hash Ring
Jun 09 02:38:33.037310 np0000179084 devstack@neutron-api.service[103690]: DEBUG neutron.plugins.ml2.drivers.ovn.mech_driver.mech_driver [None req-6cb5aa36-926f-4138-8282-a8bc60d847f4 None None] Hash Ring setup, this worker has detected 3 OVN hash ring registers in the database {{(pid=103690) _init_hash_ring /opt/stack/neutron/neutron/plugins/ml2/drivers/ovn/mech_driver/mech_driver.py:414}}
Jun 09 02:38:33.042746 np0000179084 devstack@neutron-api.service[103690]: DEBUG neutron.plugins.ml2.drivers.ovn.mech_driver.ovsdb.maintenance [None req-6cb5aa36-926f-4138-8282-a8bc60d847f4 None None] Periodic task found: HashRingHealthCheckPeriodics.touch_hash_ring_node {{(pid=103690) add_periodics /opt/stack/neutron/neutron/plugins/ml2/drivers/ovn/mech_driver/ovsdb/maintenance.py:148}}
Jun 09 02:38:33.044029 np0000179084 devstack@neutron-api.service[103690]: INFO neutron.plugins.ml2.drivers.ovn.mech_driver.mech_driver [None req-6cb5aa36-926f-4138-8282-a8bc60d847f4 None None] Hash Ring probing thread for node 6ca520fced3f553aa5255480de7c05a3 has started
Jun 09 02:38:33.044676 np0000179084 devstack@neutron-api.service[103690]: INFO neutron.plugins.ml2.drivers.ovn.mech_driver.ovsdb.impl_idl_ovn [None req-6cb5aa36-926f-4138-8282-a8bc60d847f4 None None] Getting OvsdbNbOvnIdl for WorkerService with retry
Jun 09 02:38:33.046733 np0000179084 devstack@neutron-api.service[103688]: DEBUG oslo_concurrency.processutils [None req-77e13f5d-ca80-4e17-804c-927e447cf5b3 None None] CMD "ovsdb-client transact ssl:199.204.45.72:6641 --timeout 180 -p /opt/stack/data/CA/int-ca/private/devstack-cert.key -c /opt/stack/data/CA/int-ca/devstack-cert.crt -C /opt/stack/data/CA/int-ca/ca-chain.pem ["OVN_Northbound", {"op": "wait", "timeout": 0, "table": "Port_Group", "where": [["name", "==", "neutron_pg_drop"]], "until": "==", "rows": []}, {"op": "insert", "table": "ACL", "row": {"action": "drop", "direction": "to-lport", "match": "outport == @neutron_pg_drop && ip", "priority": 1001}, "uuid-name": "droptoport"}, {"op": "insert", "table": "ACL", "row": {"action": "drop", "direction": "from-lport", "match": "inport == @neutron_pg_drop && ip", "priority": 1001}, "uuid-name": "dropfromport"}, {"op": "insert", "table": "Port_Group", "row": {"name": "neutron_pg_drop", "acls": ["set", [["named-uuid", "droptoport"], ["named-uuid", "dropfromport"]]]}}]" returned: 0 in 0.040s {{(pid=103688) execute /opt/stack/data/venv/lib/python3.12/site-packages/oslo_concurrency/processutils.py:468}}
Jun 09 02:38:33.047574 np0000179084 devstack@neutron-api.service[103688]: DEBUG neutron_lib.callbacks.manager [None req-77e13f5d-ca80-4e17-804c-927e447cf5b3 None None] Publish callbacks ['neutron.plugins.ml2.drivers.ovn.mech_driver.mech_driver.OVNMechanismDriver.post_fork_initialize-903222', 'neutron.services.pvlan.drivers.ovn.driver._initialize_pvlan_pg_drop-7709826277306', 'neutron.services.ovn_l3.plugin.OVNL3RouterPlugin._post_fork_initialize-316460'] for process (None), after_init {{(pid=103688) _notify_loop /opt/stack/data/venv/lib/python3.12/site-packages/neutron_lib/callbacks/manager.py:184}}
Jun 09 02:38:33.048300 np0000179084 devstack@neutron-api.service[103688]: DEBUG oslo_concurrency.lockutils [None req-77e13f5d-ca80-4e17-804c-927e447cf5b3 None None] Acquiring lock "singleton_lock" {{(pid=103688) lock /opt/stack/data/venv/lib/python3.12/site-packages/oslo_concurrency/lockutils.py:395}}
Jun 09 02:38:33.048503 np0000179084 devstack@neutron-api.service[103688]: DEBUG oslo_concurrency.lockutils [None req-77e13f5d-ca80-4e17-804c-927e447cf5b3 None None] Acquired lock "singleton_lock" {{(pid=103688) lock /opt/stack/data/venv/lib/python3.12/site-packages/oslo_concurrency/lockutils.py:398}}
Jun 09 02:38:33.048945 np0000179084 devstack@neutron-api.service[103688]: DEBUG oslo_concurrency.lockutils [None req-77e13f5d-ca80-4e17-804c-927e447cf5b3 None None] Releasing lock "singleton_lock" {{(pid=103688) lock /opt/stack/data/venv/lib/python3.12/site-packages/oslo_concurrency/lockutils.py:418}}
Jun 09 02:38:33.052257 np0000179084 devstack@neutron-api.service[103688]: DEBUG neutron.plugins.ml2.drivers.ovn.mech_driver.mech_driver [None req-77e13f5d-ca80-4e17-804c-927e447cf5b3 None None] Hash Ring setup using WSGI start time 2026-06-09 02:38:25+00:00 {{(pid=103688) _init_hash_ring /opt/stack/neutron/neutron/plugins/ml2/drivers/ovn/mech_driver/mech_driver.py:404}}
Jun 09 02:38:33.059656 np0000179084 devstack@neutron-api.service[103688]: INFO neutron.db.ovn_hash_ring_db [None req-77e13f5d-ca80-4e17-804c-927e447cf5b3 None None] Nodes from host "np0000179084" and group "mechanism_driver" removed from the Hash Ring created at 2026-06-09 02:38:25+00:00
Jun 09 02:38:33.062454 np0000179084 devstack@neutron-api.service[103688]: INFO neutron.db.ovn_hash_ring_db [None req-77e13f5d-ca80-4e17-804c-927e447cf5b3 None None] Node 0be042ad495654258d110d59c15f93b6 from host "np0000179084" and group "mechanism_driver" added to the Hash Ring
