May 06 03:48:47.869185 np0000172160 neutron-periodic-workers[105179]: DEBUG cotyledon.oslo_config_glue [-] database.backend = sqlalchemy {{(pid=105179) log_opt_values /opt/stack/data/venv/lib/python3.12/site-packages/oslo_config/cfg.py:3006}}
May 06 03:48:47.869185 np0000172160 neutron-periodic-workers[105179]: DEBUG cotyledon.oslo_config_glue [-] database.connection = **** {{(pid=105179) log_opt_values /opt/stack/data/venv/lib/python3.12/site-packages/oslo_config/cfg.py:3006}}
May 06 03:48:47.869285 np0000172160 neutron-periodic-workers[105179]: DEBUG cotyledon.oslo_config_glue [-] database.connection_debug = 0 {{(pid=105179) log_opt_values /opt/stack/data/venv/lib/python3.12/site-packages/oslo_config/cfg.py:3006}}
May 06 03:48:47.869285 np0000172160 neutron-periodic-workers[105179]: DEBUG cotyledon.oslo_config_glue [-] database.connection_parameters = {{(pid=105179) log_opt_values /opt/stack/data/venv/lib/python3.12/site-packages/oslo_config/cfg.py:3006}}
May 06 03:48:47.869377 np0000172160 neutron-periodic-workers[105179]: DEBUG cotyledon.oslo_config_glue [-] database.connection_recycle_time = 3600 {{(pid=105179) log_opt_values /opt/stack/data/venv/lib/python3.12/site-packages/oslo_config/cfg.py:3006}}
May 06 03:48:47.869377 np0000172160 neutron-periodic-workers[105179]: DEBUG cotyledon.oslo_config_glue [-] database.connection_trace = False {{(pid=105179) log_opt_values /opt/stack/data/venv/lib/python3.12/site-packages/oslo_config/cfg.py:3006}}
May 06 03:48:47.869377 np0000172160 neutron-periodic-workers[105179]: DEBUG cotyledon.oslo_config_glue [-] database.db_inc_retry_interval = True {{(pid=105179) log_opt_values /opt/stack/data/venv/lib/python3.12/site-packages/oslo_config/cfg.py:3006}}
May 06 03:48:47.869511 np0000172160 neutron-periodic-workers[105179]: DEBUG cotyledon.oslo_config_glue [-] database.db_max_retries = 20 {{(pid=105179) log_opt_values /opt/stack/data/venv/lib/python3.12/site-packages/oslo_config/cfg.py:3006}}
May 06 03:48:47.869511 np0000172160 neutron-periodic-workers[105179]: DEBUG cotyledon.oslo_config_glue [-] database.db_max_retry_interval = 10 {{(pid=105179) log_opt_values /opt/stack/data/venv/lib/python3.12/site-packages/oslo_config/cfg.py:3006}}
May 06 03:48:47.869511 np0000172160 neutron-periodic-workers[105179]: DEBUG cotyledon.oslo_config_glue [-] database.db_retry_interval = 1 {{(pid=105179) log_opt_values /opt/stack/data/venv/lib/python3.12/site-packages/oslo_config/cfg.py:3006}}
May 06 03:48:47.869511 np0000172160 neutron-periodic-workers[105179]: DEBUG cotyledon.oslo_config_glue [-] database.max_overflow = 50 {{(pid=105179) log_opt_values /opt/stack/data/venv/lib/python3.12/site-packages/oslo_config/cfg.py:3006}}
May 06 03:48:47.869663 np0000172160 neutron-periodic-workers[105179]: DEBUG cotyledon.oslo_config_glue [-] database.max_pool_size = 5 {{(pid=105179) log_opt_values /opt/stack/data/venv/lib/python3.12/site-packages/oslo_config/cfg.py:3006}}
May 06 03:48:47.869663 np0000172160 neutron-periodic-workers[105179]: DEBUG cotyledon.oslo_config_glue [-] database.max_retries = 10 {{(pid=105179) log_opt_values /opt/stack/data/venv/lib/python3.12/site-packages/oslo_config/cfg.py:3006}}
May 06 03:48:47.869663 np0000172160 neutron-periodic-workers[105179]: DEBUG cotyledon.oslo_config_glue [-] database.mysql_sql_mode = TRADITIONAL {{(pid=105179) log_opt_values /opt/stack/data/venv/lib/python3.12/site-packages/oslo_config/cfg.py:3006}}
May 06 03:48:47.869740 np0000172160 neutron-periodic-workers[105179]: DEBUG cotyledon.oslo_config_glue [-] database.mysql_wsrep_sync_wait = None {{(pid=105179) log_opt_values /opt/stack/data/venv/lib/python3.12/site-packages/oslo_config/cfg.py:3006}}
May 06 03:48:47.869740 np0000172160 neutron-periodic-workers[105179]: DEBUG cotyledon.oslo_config_glue [-] database.pool_timeout = None {{(pid=105179) log_opt_values /opt/stack/data/venv/lib/python3.12/site-packages/oslo_config/cfg.py:3006}}
May 06 03:48:47.869794 np0000172160 neutron-periodic-workers[105179]: DEBUG cotyledon.oslo_config_glue [-] database.retry_interval = 10 {{(pid=105179) log_opt_values /opt/stack/data/venv/lib/python3.12/site-packages/oslo_config/cfg.py:3006}}
May 06 03:48:47.869794 np0000172160 neutron-periodic-workers[105179]: DEBUG cotyledon.oslo_config_glue [-] database.slave_connection = **** {{(pid=105179) log_opt_values /opt/stack/data/venv/lib/python3.12/site-packages/oslo_config/cfg.py:3006}}
May 06 03:48:47.869850 np0000172160 neutron-periodic-workers[105179]: DEBUG cotyledon.oslo_config_glue [-] database.sqlite_synchronous = True {{(pid=105179) log_opt_values /opt/stack/data/venv/lib/python3.12/site-packages/oslo_config/cfg.py:3006}}
May 06 03:48:47.869877 np0000172160 neutron-periodic-workers[105179]: DEBUG cotyledon.oslo_config_glue [-] database.synchronous_reader = True {{(pid=105179) log_opt_values /opt/stack/data/venv/lib/python3.12/site-packages/oslo_config/cfg.py:3006}}
May 06 03:48:47.869904 np0000172160 neutron-periodic-workers[105179]: DEBUG cotyledon.oslo_config_glue [-] database.use_db_reconnect = False {{(pid=105179) log_opt_values /opt/stack/data/venv/lib/python3.12/site-packages/oslo_config/cfg.py:3006}}
May 06 03:48:47.869979 np0000172160 neutron-periodic-workers[105179]: DEBUG cotyledon.oslo_config_glue [-] ovn.bfd_min_rx = 1000 {{(pid=105179) log_opt_values /opt/stack/data/venv/lib/python3.12/site-packages/oslo_config/cfg.py:3006}}
May 06 03:48:47.870018 np0000172160 neutron-periodic-workers[105179]: DEBUG cotyledon.oslo_config_glue [-] ovn.bfd_min_tx = 100 {{(pid=105179) log_opt_values /opt/stack/data/venv/lib/python3.12/site-packages/oslo_config/cfg.py:3006}}
May 06 03:48:47.870099 np0000172160 neutron-periodic-workers[105179]: DEBUG cotyledon.oslo_config_glue [-] ovn.bfd_mult = 3 {{(pid=105179) log_opt_values /opt/stack/data/venv/lib/python3.12/site-packages/oslo_config/cfg.py:3006}}
May 06 03:48:47.870099 np0000172160 neutron-periodic-workers[105179]: DEBUG cotyledon.oslo_config_glue [-] ovn.broadcast_arps_to_all_routers = True {{(pid=105179) log_opt_values /opt/stack/data/venv/lib/python3.12/site-packages/oslo_config/cfg.py:3006}}
May 06 03:48:47.870099 np0000172160 neutron-periodic-workers[105179]: DEBUG cotyledon.oslo_config_glue [-] ovn.dhcp_default_lease_time = 43200 {{(pid=105179) log_opt_values /opt/stack/data/venv/lib/python3.12/site-packages/oslo_config/cfg.py:3006}}
May 06 03:48:47.870248 np0000172160 neutron-periodic-workers[105179]: DEBUG cotyledon.oslo_config_glue [-] ovn.disable_ovn_dhcp_for_baremetal_ports = False {{(pid=105179) log_opt_values /opt/stack/data/venv/lib/python3.12/site-packages/oslo_config/cfg.py:3006}}
May 06 03:48:47.870248 np0000172160 neutron-periodic-workers[105179]: DEBUG cotyledon.oslo_config_glue [-] ovn.dns_records_ovn_owned = False {{(pid=105179) log_opt_values /opt/stack/data/venv/lib/python3.12/site-packages/oslo_config/cfg.py:3006}}
May 06 03:48:47.870248 np0000172160 neutron-periodic-workers[105179]: DEBUG cotyledon.oslo_config_glue [-] ovn.dns_servers = [] {{(pid=105179) log_opt_values /opt/stack/data/venv/lib/python3.12/site-packages/oslo_config/cfg.py:3006}}
May 06 03:48:47.870367 np0000172160 neutron-periodic-workers[105179]: DEBUG cotyledon.oslo_config_glue [-] ovn.enable_distributed_floating_ip = False {{(pid=105179) log_opt_values /opt/stack/data/venv/lib/python3.12/site-packages/oslo_config/cfg.py:3006}}
May 06 03:48:47.870367 np0000172160 neutron-periodic-workers[105179]: DEBUG cotyledon.oslo_config_glue [-] ovn.fdb_age_threshold = 300 {{(pid=105179) log_opt_values /opt/stack/data/venv/lib/python3.12/site-packages/oslo_config/cfg.py:3006}}
May 06 03:48:47.870367 np0000172160 neutron-periodic-workers[105179]: DEBUG cotyledon.oslo_config_glue [-] ovn.ha_failover_strategy = normal {{(pid=105179) log_opt_values /opt/stack/data/venv/lib/python3.12/site-packages/oslo_config/cfg.py:3006}}
May 06 03:48:47.870367 np0000172160 neutron-periodic-workers[105179]: DEBUG cotyledon.oslo_config_glue [-] ovn.live_migration_activation_strategy = rarp {{(pid=105179) log_opt_values /opt/stack/data/venv/lib/python3.12/site-packages/oslo_config/cfg.py:3006}}
May 06 03:48:47.870576 np0000172160 neutron-periodic-workers[105179]: DEBUG cotyledon.oslo_config_glue [-] ovn.localnet_learn_fdb = False {{(pid=105179) log_opt_values /opt/stack/data/venv/lib/python3.12/site-packages/oslo_config/cfg.py:3006}}
May 06 03:48:47.870576 np0000172160 neutron-periodic-workers[105179]: DEBUG cotyledon.oslo_config_glue [-] ovn.mac_binding_age_threshold = 300 {{(pid=105179) log_opt_values /opt/stack/data/venv/lib/python3.12/site-packages/oslo_config/cfg.py:3006}}
May 06 03:48:47.870576 np0000172160 neutron-periodic-workers[105179]: DEBUG cotyledon.oslo_config_glue [-] ovn.neutron_sync_mode = log {{(pid=105179) log_opt_values /opt/stack/data/venv/lib/python3.12/site-packages/oslo_config/cfg.py:3006}}
May 06 03:48:47.870576 np0000172160 neutron-periodic-workers[105179]: DEBUG cotyledon.oslo_config_glue [-] ovn.ovn_dhcp4_global_options = {} {{(pid=105179) log_opt_values /opt/stack/data/venv/lib/python3.12/site-packages/oslo_config/cfg.py:3006}}
May 06 03:48:47.870576 np0000172160 neutron-periodic-workers[105179]: DEBUG cotyledon.oslo_config_glue [-] ovn.ovn_dhcp6_global_options = {} {{(pid=105179) log_opt_values /opt/stack/data/venv/lib/python3.12/site-packages/oslo_config/cfg.py:3006}}
May 06 03:48:47.870792 np0000172160 neutron-periodic-workers[105179]: DEBUG cotyledon.oslo_config_glue [-] ovn.ovn_l3_scheduler = leastloaded {{(pid=105179) log_opt_values /opt/stack/data/venv/lib/python3.12/site-packages/oslo_config/cfg.py:3006}}
May 06 03:48:47.870792 np0000172160 neutron-periodic-workers[105179]: DEBUG cotyledon.oslo_config_glue [-] ovn.ovn_metadata_enabled = True {{(pid=105179) log_opt_values /opt/stack/data/venv/lib/python3.12/site-packages/oslo_config/cfg.py:3006}}
May 06 03:48:47.870792 np0000172160 neutron-periodic-workers[105179]: DEBUG cotyledon.oslo_config_glue [-] ovn.ovn_nb_ca_cert = /opt/stack/data/CA/int-ca/ca-chain.pem {{(pid=105179) log_opt_values /opt/stack/data/venv/lib/python3.12/site-packages/oslo_config/cfg.py:3006}}
May 06 03:48:47.870792 np0000172160 neutron-periodic-workers[105179]: DEBUG cotyledon.oslo_config_glue [-] ovn.ovn_nb_certificate = /opt/stack/data/CA/int-ca/devstack-cert.crt {{(pid=105179) log_opt_values /opt/stack/data/venv/lib/python3.12/site-packages/oslo_config/cfg.py:3006}}
May 06 03:48:47.870792 np0000172160 neutron-periodic-workers[105179]: DEBUG cotyledon.oslo_config_glue [-] ovn.ovn_nb_connection = ['ssl:199.204.45.115:6641'] {{(pid=105179) log_opt_values /opt/stack/data/venv/lib/python3.12/site-packages/oslo_config/cfg.py:3006}}
May 06 03:48:47.870987 np0000172160 neutron-periodic-workers[105179]: DEBUG cotyledon.oslo_config_glue [-] ovn.ovn_nb_private_key = /opt/stack/data/CA/int-ca/private/devstack-cert.key {{(pid=105179) log_opt_values /opt/stack/data/venv/lib/python3.12/site-packages/oslo_config/cfg.py:3006}}
May 06 03:48:47.870987 np0000172160 neutron-periodic-workers[105179]: DEBUG cotyledon.oslo_config_glue [-] ovn.ovn_router_indirect_snat = False {{(pid=105179) log_opt_values /opt/stack/data/venv/lib/python3.12/site-packages/oslo_config/cfg.py:3006}}
May 06 03:48:47.870987 np0000172160 neutron-periodic-workers[105179]: DEBUG cotyledon.oslo_config_glue [-] ovn.ovn_sb_ca_cert = /opt/stack/data/CA/int-ca/ca-chain.pem {{(pid=105179) log_opt_values /opt/stack/data/venv/lib/python3.12/site-packages/oslo_config/cfg.py:3006}}
May 06 03:48:47.870987 np0000172160 neutron-periodic-workers[105179]: DEBUG cotyledon.oslo_config_glue [-] ovn.ovn_sb_certificate = /opt/stack/data/CA/int-ca/devstack-cert.crt {{(pid=105179) log_opt_values /opt/stack/data/venv/lib/python3.12/site-packages/oslo_config/cfg.py:3006}}
May 06 03:48:47.870987 np0000172160 neutron-periodic-workers[105179]: DEBUG cotyledon.oslo_config_glue [-] ovn.ovn_sb_connection = ['ssl:199.204.45.115:6642'] {{(pid=105179) log_opt_values /opt/stack/data/venv/lib/python3.12/site-packages/oslo_config/cfg.py:3006}}
May 06 03:48:47.870987 np0000172160 neutron-periodic-workers[105179]: DEBUG cotyledon.oslo_config_glue [-] ovn.ovn_sb_private_key = /opt/stack/data/CA/int-ca/private/devstack-cert.key {{(pid=105179) log_opt_values /opt/stack/data/venv/lib/python3.12/site-packages/oslo_config/cfg.py:3006}}
May 06 03:48:47.871133 np0000172160 neutron-periodic-workers[105179]: DEBUG cotyledon.oslo_config_glue [-] ovn.ovs_create_tap = False {{(pid=105179) log_opt_values /opt/stack/data/venv/lib/python3.12/site-packages/oslo_config/cfg.py:3006}}
May 06 03:48:47.871133 np0000172160 neutron-periodic-workers[105179]: DEBUG cotyledon.oslo_config_glue [-] ovn.ovsdb_connection_timeout = 180 {{(pid=105179) log_opt_values /opt/stack/data/venv/lib/python3.12/site-packages/oslo_config/cfg.py:3006}}
May 06 03:48:47.871133 np0000172160 neutron-periodic-workers[105179]: DEBUG cotyledon.oslo_config_glue [-] ovn.ovsdb_log_level = INFO {{(pid=105179) log_opt_values /opt/stack/data/venv/lib/python3.12/site-packages/oslo_config/cfg.py:3006}}
May 06 03:48:47.871133 np0000172160 neutron-periodic-workers[105179]: DEBUG cotyledon.oslo_config_glue [-] ovn.ovsdb_probe_interval = 60000 {{(pid=105179) log_opt_values /opt/stack/data/venv/lib/python3.12/site-packages/oslo_config/cfg.py:3006}}
May 06 03:48:47.871251 np0000172160 neutron-periodic-workers[105179]: DEBUG cotyledon.oslo_config_glue [-] ovn.ovsdb_retry_max_interval = 180 {{(pid=105179) log_opt_values /opt/stack/data/venv/lib/python3.12/site-packages/oslo_config/cfg.py:3006}}
May 06 03:48:47.871251 np0000172160 neutron-periodic-workers[105179]: DEBUG cotyledon.oslo_config_glue [-] ovn.stateless_nat_enabled = False {{(pid=105179) log_opt_values /opt/stack/data/venv/lib/python3.12/site-packages/oslo_config/cfg.py:3006}}
May 06 03:48:47.871302 np0000172160 neutron-periodic-workers[105179]: DEBUG cotyledon.oslo_config_glue [-] ovn.vhost_sock_dir = /var/run/openvswitch {{(pid=105179) log_opt_values /opt/stack/data/venv/lib/python3.12/site-packages/oslo_config/cfg.py:3006}}
May 06 03:48:47.871336 np0000172160 neutron-periodic-workers[105179]: DEBUG cotyledon.oslo_config_glue [-] OVS.bridge_mac_table_size = 50000 {{(pid=105179) log_opt_values /opt/stack/data/venv/lib/python3.12/site-packages/oslo_config/cfg.py:3006}}
May 06 03:48:47.871364 np0000172160 neutron-periodic-workers[105179]: DEBUG cotyledon.oslo_config_glue [-] OVS.igmp_flood = False {{(pid=105179) log_opt_values /opt/stack/data/venv/lib/python3.12/site-packages/oslo_config/cfg.py:3006}}
May 06 03:48:47.871445 np0000172160 neutron-periodic-workers[105179]: DEBUG cotyledon.oslo_config_glue [-] OVS.igmp_flood_reports = True {{(pid=105179) log_opt_values /opt/stack/data/venv/lib/python3.12/site-packages/oslo_config/cfg.py:3006}}
May 06 03:48:47.871480 np0000172160 neutron-periodic-workers[105179]: DEBUG cotyledon.oslo_config_glue [-] OVS.igmp_flood_unregistered = False {{(pid=105179) log_opt_values /opt/stack/data/venv/lib/python3.12/site-packages/oslo_config/cfg.py:3006}}
May 06 03:48:47.871528 np0000172160 neutron-periodic-workers[105179]: DEBUG cotyledon.oslo_config_glue [-] OVS.igmp_snooping_enable = False {{(pid=105179) log_opt_values /opt/stack/data/venv/lib/python3.12/site-packages/oslo_config/cfg.py:3006}}
May 06 03:48:47.871528 np0000172160 neutron-periodic-workers[105179]: DEBUG cotyledon.oslo_config_glue [-] OVS.ovsdb_timeout = 10 {{(pid=105179) log_opt_values /opt/stack/data/venv/lib/python3.12/site-packages/oslo_config/cfg.py:3006}}
May 06 03:48:47.871632 np0000172160 neutron-periodic-workers[105179]: DEBUG cotyledon.oslo_config_glue [-] ovn_nb_global.fdb_removal_limit = 0 {{(pid=105179) log_opt_values /opt/stack/data/venv/lib/python3.12/site-packages/oslo_config/cfg.py:3006}}
May 06 03:48:47.871632 np0000172160 neutron-periodic-workers[105179]: DEBUG cotyledon.oslo_config_glue [-] ovn_nb_global.ignore_lsp_down = False {{(pid=105179) log_opt_values /opt/stack/data/venv/lib/python3.12/site-packages/oslo_config/cfg.py:3006}}
May 06 03:48:47.871722 np0000172160 neutron-periodic-workers[105179]: DEBUG cotyledon.oslo_config_glue [-] ovn_nb_global.mac_binding_removal_limit = 0 {{(pid=105179) log_opt_values /opt/stack/data/venv/lib/python3.12/site-packages/oslo_config/cfg.py:3006}}
May 06 03:48:47.871722 np0000172160 neutron-periodic-workers[105179]: DEBUG cotyledon.oslo_config_glue [-] ******************************************************************************** {{(pid=105179) log_opt_values /opt/stack/data/venv/lib/python3.12/site-packages/oslo_config/cfg.py:3013}}
May 06 03:48:47.871834 np0000172160 neutron-periodic-workers[105179]: DEBUG cotyledon._service_worker [-] Run service ServiceWrapper(0) [105179] {{(pid=105179) wait_forever /opt/stack/data/venv/lib/python3.12/site-packages/cotyledon/_service_worker.py:218}}
May 06 03:48:57.534175 np0000172160 neutron-periodic-workers[104352]: DEBUG dbcounter [-] [104352] Writing DB stats neutron:SELECT=4 {{(pid=104352) stat_writer /opt/stack/data/venv/lib/python3.12/site-packages/dbcounter.py:115}}
May 06 03:49:26.831365 np0000172160 neutron-periodic-workers[105160]: DEBUG oslo_db.sqlalchemy.engines [None req-de1a2f71-a638-4512-a136-210f9f364f9f None None] Parent process 104352 forked (105160) with an open database connection, which is being discarded and recreated. {{(pid=105160) checkout /opt/stack/data/venv/lib/python3.12/site-packages/oslo_db/sqlalchemy/engines.py:402}}
May 06 03:49:26.839096 np0000172160 neutron-periodic-workers[105160]: DEBUG dbcounter [-] [105160] Writer thread running {{(pid=105160) stat_writer /opt/stack/data/venv/lib/python3.12/site-packages/dbcounter.py:102}}
May 06 03:49:26.851701 np0000172160 neutron-periodic-workers[105160]: DEBUG oslo.service.backend._threading.loopingcall [None req-de1a2f71-a638-4512-a136-210f9f364f9f None None] Fixed interval looping call 'neutron.plugins.ml2.plugin.DhcpAgentSchedulerDbMixin.remove_networks_from_down_agents' sleeping for 36.97 seconds {{(pid=105160) _run_loop /opt/stack/data/venv/lib/python3.12/site-packages/oslo_service/backend/_threading/loopingcall.py:125}}
May 06 03:49:36.850634 np0000172160 neutron-periodic-workers[105160]: DEBUG dbcounter [-] [105160] Writing DB stats neutron:SELECT=3 {{(pid=105160) stat_writer /opt/stack/data/venv/lib/python3.12/site-packages/dbcounter.py:115}}
May 06 03:49:58.853272 np0000172160 neutron-periodic-workers[105164]: DEBUG dbcounter [-] [105164] Writer thread running {{(pid=105164) stat_writer /opt/stack/data/venv/lib/python3.12/site-packages/dbcounter.py:102}}
May 06 03:49:58.860230 np0000172160 neutron-periodic-workers[105164]: DEBUG neutron.db.agents_db [None req-e53326be-d2b3-4e7d-8e27-ad0fd3a60bea None None] Agent healthcheck: found 0 active agents {{(pid=105164) agent_health_check /opt/stack/neutron/neutron/db/agents_db.py:317}}
May 06 03:49:58.860230 np0000172160 neutron-periodic-workers[105164]: DEBUG oslo.service.backend._threading.loopingcall [None req-e53326be-d2b3-4e7d-8e27-ad0fd3a60bea None None] Fixed interval looping call 'neutron.plugins.ml2.plugin.AgentDbMixin.agent_health_check' sleeping for 36.98 seconds {{(pid=105164) _run_loop /opt/stack/data/venv/lib/python3.12/site-packages/oslo_service/backend/_threading/loopingcall.py:125}}
May 06 03:50:03.829928 np0000172160 neutron-periodic-workers[105160]: DEBUG oslo.service.backend._threading.loopingcall [None req-de1a2f71-a638-4512-a136-210f9f364f9f None None] Fixed interval looping call 'neutron.plugins.ml2.plugin.DhcpAgentSchedulerDbMixin.remove_networks_from_down_agents' sleeping for 36.99 seconds {{(pid=105160) _run_loop /opt/stack/data/venv/lib/python3.12/site-packages/oslo_service/backend/_threading/loopingcall.py:125}}
May 06 03:50:08.854007 np0000172160 neutron-periodic-workers[105164]: DEBUG dbcounter [-] [105164] Writing DB stats neutron:SELECT=1 {{(pid=105164) stat_writer /opt/stack/data/venv/lib/python3.12/site-packages/dbcounter.py:115}}
May 06 03:50:13.829539 np0000172160 neutron-periodic-workers[105160]: DEBUG dbcounter [-] [105160] Writing DB stats neutron:SELECT=3 {{(pid=105160) stat_writer /opt/stack/data/venv/lib/python3.12/site-packages/dbcounter.py:115}}
May 06 03:50:35.843688 np0000172160 neutron-periodic-workers[105164]: DEBUG neutron.db.agents_db [None req-e53326be-d2b3-4e7d-8e27-ad0fd3a60bea None None] Agent healthcheck: found 0 active agents {{(pid=105164) agent_health_check /opt/stack/neutron/neutron/db/agents_db.py:317}}
May 06 03:50:35.844352 np0000172160 neutron-periodic-workers[105164]: DEBUG oslo.service.backend._threading.loopingcall [None req-e53326be-d2b3-4e7d-8e27-ad0fd3a60bea None None] Fixed interval looping call 'neutron.plugins.ml2.plugin.AgentDbMixin.agent_health_check' sleeping for 36.99 seconds {{(pid=105164) _run_loop /opt/stack/data/venv/lib/python3.12/site-packages/oslo_service/backend/_threading/loopingcall.py:125}}
May 06 03:50:38.904462 np0000172160 neutron-periodic-workers[105179]: DEBUG dbcounter [-] [105179] Writer thread running {{(pid=105179) stat_writer /opt/stack/data/venv/lib/python3.12/site-packages/dbcounter.py:102}}
May 06 03:50:38.914801 np0000172160 neutron-periodic-workers[105179]: DEBUG oslo.service.backend._threading.loopingcall [None req-536c4488-ea3b-4ffd-acac-14c03f26f995 None None] Fixed interval looping call 'neutron.services.ovn_l3.plugin.L3_NAT_dbonly_mixin._clean_garbage' sleeping for 299.96 seconds {{(pid=105179) _run_loop /opt/stack/data/venv/lib/python3.12/site-packages/oslo_service/backend/_threading/loopingcall.py:125}}
May 06 03:50:40.830146 np0000172160 neutron-periodic-workers[105160]: DEBUG oslo.service.backend._threading.loopingcall [None req-de1a2f71-a638-4512-a136-210f9f364f9f None None] Fixed interval looping call 'neutron.plugins.ml2.plugin.DhcpAgentSchedulerDbMixin.remove_networks_from_down_agents' sleeping for 36.99 seconds {{(pid=105160) _run_loop /opt/stack/data/venv/lib/python3.12/site-packages/oslo_service/backend/_threading/loopingcall.py:125}}
May 06 03:50:45.841500 np0000172160 neutron-periodic-workers[105164]: DEBUG dbcounter [-] [105164] Writing DB stats neutron:SELECT=1 {{(pid=105164) stat_writer /opt/stack/data/venv/lib/python3.12/site-packages/dbcounter.py:115}}
May 06 03:50:47.872060 np0000172160 neutron-periodic-workers[105171]: DEBUG dbcounter [-] [105171] Writer thread running {{(pid=105171) stat_writer /opt/stack/data/venv/lib/python3.12/site-packages/dbcounter.py:102}}
May 06 03:50:47.873784 np0000172160 neutron-periodic-workers[105171]: DEBUG oslo.service.backend._threading.loopingcall [None req-0d9bd89f-263f-4f20-aa41-f2d6d6b50ce5 None None] Fixed interval looping call 'neutron.db.quota.driver_nolock.DbQuotaNoLockDriver._remove_expired_reservations' sleeping for 119.98 seconds {{(pid=105171) _run_loop /opt/stack/data/venv/lib/python3.12/site-packages/oslo_service/backend/_threading/loopingcall.py:125}}
May 06 03:50:48.905127 np0000172160 neutron-periodic-workers[105179]: DEBUG dbcounter [-] [105179] Writing DB stats neutron:SELECT=1 {{(pid=105179) stat_writer /opt/stack/data/venv/lib/python3.12/site-packages/dbcounter.py:115}}
May 06 03:50:50.829471 np0000172160 neutron-periodic-workers[105160]: DEBUG dbcounter [-] [105160] Writing DB stats neutron:SELECT=3 {{(pid=105160) stat_writer /opt/stack/data/venv/lib/python3.12/site-packages/dbcounter.py:115}}
May 06 03:50:57.873063 np0000172160 neutron-periodic-workers[105171]: DEBUG dbcounter [-] [105171] Writing DB stats neutron:DELETE=1 {{(pid=105171) stat_writer /opt/stack/data/venv/lib/python3.12/site-packages/dbcounter.py:115}}
May 06 03:51:12.840931 np0000172160 neutron-periodic-workers[105164]: DEBUG neutron.db.agents_db [None req-e53326be-d2b3-4e7d-8e27-ad0fd3a60bea None None] Agent healthcheck: found 0 active agents {{(pid=105164) agent_health_check /opt/stack/neutron/neutron/db/agents_db.py:317}}
May 06 03:51:12.841523 np0000172160 neutron-periodic-workers[105164]: DEBUG oslo.service.backend._threading.loopingcall [None req-e53326be-d2b3-4e7d-8e27-ad0fd3a60bea None None] Fixed interval looping call 'neutron.plugins.ml2.plugin.AgentDbMixin.agent_health_check' sleeping for 36.99 seconds {{(pid=105164) _run_loop /opt/stack/data/venv/lib/python3.12/site-packages/oslo_service/backend/_threading/loopingcall.py:125}}
May 06 03:51:17.831795 np0000172160 neutron-periodic-workers[105160]: DEBUG oslo.service.backend._threading.loopingcall [None req-de1a2f71-a638-4512-a136-210f9f364f9f None None] Fixed interval looping call 'neutron.plugins.ml2.plugin.DhcpAgentSchedulerDbMixin.remove_networks_from_down_agents' sleeping for 36.99 seconds {{(pid=105160) _run_loop /opt/stack/data/venv/lib/python3.12/site-packages/oslo_service/backend/_threading/loopingcall.py:125}}
May 06 03:51:22.839423 np0000172160 neutron-periodic-workers[105164]: DEBUG dbcounter [-] [105164] Writing DB stats neutron:SELECT=1 {{(pid=105164) stat_writer /opt/stack/data/venv/lib/python3.12/site-packages/dbcounter.py:115}}
May 06 03:51:27.830392 np0000172160 neutron-periodic-workers[105160]: DEBUG dbcounter [-] [105160] Writing DB stats neutron:SELECT=3 {{(pid=105160) stat_writer /opt/stack/data/venv/lib/python3.12/site-packages/dbcounter.py:115}}
May 06 03:51:49.837121 np0000172160 neutron-periodic-workers[105164]: DEBUG neutron.db.agents_db [None req-e53326be-d2b3-4e7d-8e27-ad0fd3a60bea None None] Agent healthcheck: found 0 active agents {{(pid=105164) agent_health_check /opt/stack/neutron/neutron/db/agents_db.py:317}}
May 06 03:51:49.837121 np0000172160 neutron-periodic-workers[105164]: DEBUG oslo.service.backend._threading.loopingcall [None req-e53326be-d2b3-4e7d-8e27-ad0fd3a60bea None None] Fixed interval looping call 'neutron.plugins.ml2.plugin.AgentDbMixin.agent_health_check' sleeping for 36.99 seconds {{(pid=105164) _run_loop /opt/stack/data/venv/lib/python3.12/site-packages/oslo_service/backend/_threading/loopingcall.py:125}}
May 06 03:51:54.831660 np0000172160 neutron-periodic-workers[105160]: DEBUG oslo.service.backend._threading.loopingcall [None req-de1a2f71-a638-4512-a136-210f9f364f9f None None] Fixed interval looping call 'neutron.plugins.ml2.plugin.DhcpAgentSchedulerDbMixin.remove_networks_from_down_agents' sleeping for 36.99 seconds {{(pid=105160) _run_loop /opt/stack/data/venv/lib/python3.12/site-packages/oslo_service/backend/_threading/loopingcall.py:125}}
May 06 03:51:59.834798 np0000172160 neutron-periodic-workers[105164]: DEBUG dbcounter [-] [105164] Writing DB stats neutron:SELECT=1 {{(pid=105164) stat_writer /opt/stack/data/venv/lib/python3.12/site-packages/dbcounter.py:115}}
May 06 03:52:04.830018 np0000172160 neutron-periodic-workers[105160]: DEBUG dbcounter [-] [105160] Writing DB stats neutron:SELECT=3 {{(pid=105160) stat_writer /opt/stack/data/venv/lib/python3.12/site-packages/dbcounter.py:115}}
May 06 03:52:26.832237 np0000172160 neutron-periodic-workers[105164]: DEBUG neutron.db.agents_db [None req-e53326be-d2b3-4e7d-8e27-ad0fd3a60bea None None] Agent healthcheck: found 0 active agents {{(pid=105164) agent_health_check /opt/stack/neutron/neutron/db/agents_db.py:317}}
May 06 03:52:26.832766 np0000172160 neutron-periodic-workers[105164]: DEBUG oslo.service.backend._threading.loopingcall [None req-e53326be-d2b3-4e7d-8e27-ad0fd3a60bea None None] Fixed interval looping call 'neutron.plugins.ml2.plugin.AgentDbMixin.agent_health_check' sleeping for 36.99 seconds {{(pid=105164) _run_loop /opt/stack/data/venv/lib/python3.12/site-packages/oslo_service/backend/_threading/loopingcall.py:125}}
May 06 03:52:31.833046 np0000172160 neutron-periodic-workers[105160]: DEBUG oslo.service.backend._threading.loopingcall [None req-de1a2f71-a638-4512-a136-210f9f364f9f None None] Fixed interval looping call 'neutron.plugins.ml2.plugin.DhcpAgentSchedulerDbMixin.remove_networks_from_down_agents' sleeping for 36.99 seconds {{(pid=105160) _run_loop /opt/stack/data/venv/lib/python3.12/site-packages/oslo_service/backend/_threading/loopingcall.py:125}}
May 06 03:52:36.830509 np0000172160 neutron-periodic-workers[105164]: DEBUG dbcounter [-] [105164] Writing DB stats neutron:SELECT=1 {{(pid=105164) stat_writer /opt/stack/data/venv/lib/python3.12/site-packages/dbcounter.py:115}}
May 06 03:52:41.830622 np0000172160 neutron-periodic-workers[105160]: DEBUG dbcounter [-] [105160] Writing DB stats neutron:SELECT=3 {{(pid=105160) stat_writer /opt/stack/data/venv/lib/python3.12/site-packages/dbcounter.py:115}}
May 06 03:52:47.860335 np0000172160 neutron-periodic-workers[105171]: DEBUG oslo.service.backend._threading.loopingcall [None req-0d9bd89f-263f-4f20-aa41-f2d6d6b50ce5 None None] Fixed interval looping call 'neutron.db.quota.driver_nolock.DbQuotaNoLockDriver._remove_expired_reservations' sleeping for 119.99 seconds {{(pid=105171) _run_loop /opt/stack/data/venv/lib/python3.12/site-packages/oslo_service/backend/_threading/loopingcall.py:125}}
May 06 03:52:57.858460 np0000172160 neutron-periodic-workers[105171]: DEBUG dbcounter [-] [105171] Writing DB stats neutron:DELETE=1 {{(pid=105171) stat_writer /opt/stack/data/venv/lib/python3.12/site-packages/dbcounter.py:115}}
May 06 03:53:03.827363 np0000172160 neutron-periodic-workers[105164]: DEBUG neutron.db.agents_db [None req-e53326be-d2b3-4e7d-8e27-ad0fd3a60bea None None] Agent healthcheck: found 0 active agents {{(pid=105164) agent_health_check /opt/stack/neutron/neutron/db/agents_db.py:317}}
May 06 03:53:03.827908 np0000172160 neutron-periodic-workers[105164]: DEBUG oslo.service.backend._threading.loopingcall [None req-e53326be-d2b3-4e7d-8e27-ad0fd3a60bea None None] Fixed interval looping call 'neutron.plugins.ml2.plugin.AgentDbMixin.agent_health_check' sleeping for 37.00 seconds {{(pid=105164) _run_loop /opt/stack/data/venv/lib/python3.12/site-packages/oslo_service/backend/_threading/loopingcall.py:125}}
May 06 03:53:08.834162 np0000172160 neutron-periodic-workers[105160]: DEBUG oslo.service.backend._threading.loopingcall [None req-de1a2f71-a638-4512-a136-210f9f364f9f None None] Fixed interval looping call 'neutron.plugins.ml2.plugin.DhcpAgentSchedulerDbMixin.remove_networks_from_down_agents' sleeping for 36.99 seconds {{(pid=105160) _run_loop /opt/stack/data/venv/lib/python3.12/site-packages/oslo_service/backend/_threading/loopingcall.py:125}}
May 06 03:53:13.825975 np0000172160 neutron-periodic-workers[105164]: DEBUG dbcounter [-] [105164] Writing DB stats neutron:SELECT=1 {{(pid=105164) stat_writer /opt/stack/data/venv/lib/python3.12/site-packages/dbcounter.py:115}}
May 06 03:53:18.833688 np0000172160 neutron-periodic-workers[105160]: DEBUG dbcounter [-] [105160] Writing DB stats neutron:SELECT=3 {{(pid=105160) stat_writer /opt/stack/data/venv/lib/python3.12/site-packages/dbcounter.py:115}}
May 06 03:53:40.833236 np0000172160 neutron-periodic-workers[105164]: DEBUG neutron.db.agents_db [None req-e53326be-d2b3-4e7d-8e27-ad0fd3a60bea None None] Agent healthcheck: found 0 active agents {{(pid=105164) agent_health_check /opt/stack/neutron/neutron/db/agents_db.py:317}}
May 06 03:53:40.833950 np0000172160 neutron-periodic-workers[105164]: DEBUG oslo.service.backend._threading.loopingcall [None req-e53326be-d2b3-4e7d-8e27-ad0fd3a60bea None None] Fixed interval looping call 'neutron.plugins.ml2.plugin.AgentDbMixin.agent_health_check' sleeping for 36.99 seconds {{(pid=105164) _run_loop /opt/stack/data/venv/lib/python3.12/site-packages/oslo_service/backend/_threading/loopingcall.py:125}}
May 06 03:53:45.835466 np0000172160 neutron-periodic-workers[105160]: DEBUG oslo.service.backend._threading.loopingcall [None req-de1a2f71-a638-4512-a136-210f9f364f9f None None] Fixed interval looping call 'neutron.plugins.ml2.plugin.DhcpAgentSchedulerDbMixin.remove_networks_from_down_agents' sleeping for 36.99 seconds {{(pid=105160) _run_loop /opt/stack/data/venv/lib/python3.12/site-packages/oslo_service/backend/_threading/loopingcall.py:125}}
May 06 03:53:50.831433 np0000172160 neutron-periodic-workers[105164]: DEBUG dbcounter [-] [105164] Writing DB stats neutron:SELECT=1 {{(pid=105164) stat_writer /opt/stack/data/venv/lib/python3.12/site-packages/dbcounter.py:115}}
May 06 03:53:55.834474 np0000172160 neutron-periodic-workers[105160]: DEBUG dbcounter [-] [105160] Writing DB stats neutron:SELECT=3 {{(pid=105160) stat_writer /opt/stack/data/venv/lib/python3.12/site-packages/dbcounter.py:115}}
May 06 03:54:17.827463 np0000172160 neutron-periodic-workers[105164]: DEBUG neutron.db.agents_db [None req-e53326be-d2b3-4e7d-8e27-ad0fd3a60bea None None] Agent healthcheck: found 0 active agents {{(pid=105164) agent_health_check /opt/stack/neutron/neutron/db/agents_db.py:317}}
May 06 03:54:17.827463 np0000172160 neutron-periodic-workers[105164]: DEBUG oslo.service.backend._threading.loopingcall [None req-e53326be-d2b3-4e7d-8e27-ad0fd3a60bea None None] Fixed interval looping call 'neutron.plugins.ml2.plugin.AgentDbMixin.agent_health_check' sleeping for 37.00 seconds {{(pid=105164) _run_loop /opt/stack/data/venv/lib/python3.12/site-packages/oslo_service/backend/_threading/loopingcall.py:125}}
May 06 03:54:22.833429 np0000172160 neutron-periodic-workers[105160]: DEBUG oslo.service.backend._threading.loopingcall [None req-de1a2f71-a638-4512-a136-210f9f364f9f None None] Fixed interval looping call 'neutron.plugins.ml2.plugin.DhcpAgentSchedulerDbMixin.remove_networks_from_down_agents' sleeping for 36.99 seconds {{(pid=105160) _run_loop /opt/stack/data/venv/lib/python3.12/site-packages/oslo_service/backend/_threading/loopingcall.py:125}}
May 06 03:54:27.826325 np0000172160 neutron-periodic-workers[105164]: DEBUG dbcounter [-] [105164] Writing DB stats neutron:SELECT=1 {{(pid=105164) stat_writer /opt/stack/data/venv/lib/python3.12/site-packages/dbcounter.py:115}}
May 06 03:54:32.832628 np0000172160 neutron-periodic-workers[105160]: DEBUG dbcounter [-] [105160] Writing DB stats neutron:SELECT=3 {{(pid=105160) stat_writer /opt/stack/data/venv/lib/python3.12/site-packages/dbcounter.py:115}}
May 06 03:54:47.855313 np0000172160 neutron-periodic-workers[105171]: DEBUG oslo.service.backend._threading.loopingcall [None req-0d9bd89f-263f-4f20-aa41-f2d6d6b50ce5 None None] Fixed interval looping call 'neutron.db.quota.driver_nolock.DbQuotaNoLockDriver._remove_expired_reservations' sleeping for 120.00 seconds {{(pid=105171) _run_loop /opt/stack/data/venv/lib/python3.12/site-packages/oslo_service/backend/_threading/loopingcall.py:125}}
May 06 03:54:54.832112 np0000172160 neutron-periodic-workers[105164]: DEBUG neutron.db.agents_db [None req-e53326be-d2b3-4e7d-8e27-ad0fd3a60bea None None] Agent healthcheck: found 0 active agents {{(pid=105164) agent_health_check /opt/stack/neutron/neutron/db/agents_db.py:317}}
May 06 03:54:54.832112 np0000172160 neutron-periodic-workers[105164]: DEBUG oslo.service.backend._threading.loopingcall [None req-e53326be-d2b3-4e7d-8e27-ad0fd3a60bea None None] Fixed interval looping call 'neutron.plugins.ml2.plugin.AgentDbMixin.agent_health_check' sleeping for 37.00 seconds {{(pid=105164) _run_loop /opt/stack/data/venv/lib/python3.12/site-packages/oslo_service/backend/_threading/loopingcall.py:125}}
May 06 03:54:57.854116 np0000172160 neutron-periodic-workers[105171]: DEBUG dbcounter [-] [105171] Writing DB stats neutron:DELETE=1 {{(pid=105171) stat_writer /opt/stack/data/venv/lib/python3.12/site-packages/dbcounter.py:115}}
May 06 03:54:59.830318 np0000172160 neutron-periodic-workers[105160]: DEBUG oslo.service.backend._threading.loopingcall [None req-de1a2f71-a638-4512-a136-210f9f364f9f None None] Fixed interval looping call 'neutron.plugins.ml2.plugin.DhcpAgentSchedulerDbMixin.remove_networks_from_down_agents' sleeping for 36.99 seconds {{(pid=105160) _run_loop /opt/stack/data/venv/lib/python3.12/site-packages/oslo_service/backend/_threading/loopingcall.py:125}}
May 06 03:55:04.830770 np0000172160 neutron-periodic-workers[105164]: DEBUG dbcounter [-] [105164] Writing DB stats neutron:SELECT=1 {{(pid=105164) stat_writer /opt/stack/data/venv/lib/python3.12/site-packages/dbcounter.py:115}}
May 06 03:55:09.829342 np0000172160 neutron-periodic-workers[105160]: DEBUG dbcounter [-] [105160] Writing DB stats neutron:SELECT=3 {{(pid=105160) stat_writer /opt/stack/data/venv/lib/python3.12/site-packages/dbcounter.py:115}}
May 06 03:55:31.836139 np0000172160 neutron-periodic-workers[105164]: DEBUG neutron.db.agents_db [None req-e53326be-d2b3-4e7d-8e27-ad0fd3a60bea None None] Agent healthcheck: found 0 active agents {{(pid=105164) agent_health_check /opt/stack/neutron/neutron/db/agents_db.py:317}}
May 06 03:55:31.836753 np0000172160 neutron-periodic-workers[105164]: DEBUG oslo.service.backend._threading.loopingcall [None req-e53326be-d2b3-4e7d-8e27-ad0fd3a60bea None None] Fixed interval looping call 'neutron.plugins.ml2.plugin.AgentDbMixin.agent_health_check' sleeping for 37.00 seconds {{(pid=105164) _run_loop /opt/stack/data/venv/lib/python3.12/site-packages/oslo_service/backend/_threading/loopingcall.py:125}}
May 06 03:55:36.894456 np0000172160 neutron-periodic-workers[105160]: DEBUG oslo.service.backend._threading.loopingcall [None req-de1a2f71-a638-4512-a136-210f9f364f9f None None] Fixed interval looping call 'neutron.plugins.ml2.plugin.DhcpAgentSchedulerDbMixin.remove_networks_from_down_agents' sleeping for 36.99 seconds {{(pid=105160) _run_loop /opt/stack/data/venv/lib/python3.12/site-packages/oslo_service/backend/_threading/loopingcall.py:125}}
May 06 03:55:38.884773 np0000172160 neutron-periodic-workers[105179]: DEBUG oslo.service.backend._threading.loopingcall [None req-536c4488-ea3b-4ffd-acac-14c03f26f995 None None] Fixed interval looping call 'neutron.services.ovn_l3.plugin.L3_NAT_dbonly_mixin._clean_garbage' sleeping for 299.99 seconds {{(pid=105179) _run_loop /opt/stack/data/venv/lib/python3.12/site-packages/oslo_service/backend/_threading/loopingcall.py:125}}
May 06 03:55:41.834971 np0000172160 neutron-periodic-workers[105164]: DEBUG dbcounter [-] [105164] Writing DB stats neutron:SELECT=1 {{(pid=105164) stat_writer /opt/stack/data/venv/lib/python3.12/site-packages/dbcounter.py:115}}
May 06 03:55:46.894298 np0000172160 neutron-periodic-workers[105160]: DEBUG dbcounter [-] [105160] Writing DB stats neutron:SELECT=3 {{(pid=105160) stat_writer /opt/stack/data/venv/lib/python3.12/site-packages/dbcounter.py:115}}
May 06 03:55:48.879137 np0000172160 neutron-periodic-workers[105179]: DEBUG dbcounter [-] [105179] Writing DB stats neutron:SELECT=1 {{(pid=105179) stat_writer /opt/stack/data/venv/lib/python3.12/site-packages/dbcounter.py:115}}
May 06 03:56:08.840413 np0000172160 neutron-periodic-workers[105164]: DEBUG neutron.db.agents_db [None req-e53326be-d2b3-4e7d-8e27-ad0fd3a60bea None None] Agent healthcheck: found 0 active agents {{(pid=105164) agent_health_check /opt/stack/neutron/neutron/db/agents_db.py:317}}
May 06 03:56:08.841139 np0000172160 neutron-periodic-workers[105164]: DEBUG oslo.service.backend._threading.loopingcall [None req-e53326be-d2b3-4e7d-8e27-ad0fd3a60bea None None] Fixed interval looping call 'neutron.plugins.ml2.plugin.AgentDbMixin.agent_health_check' sleeping for 37.00 seconds {{(pid=105164) _run_loop /opt/stack/data/venv/lib/python3.12/site-packages/oslo_service/backend/_threading/loopingcall.py:125}}
May 06 03:56:13.894330 np0000172160 neutron-periodic-workers[105160]: DEBUG oslo.service.backend._threading.loopingcall [None req-de1a2f71-a638-4512-a136-210f9f364f9f None None] Fixed interval looping call 'neutron.plugins.ml2.plugin.DhcpAgentSchedulerDbMixin.remove_networks_from_down_agents' sleeping for 36.99 seconds {{(pid=105160) _run_loop /opt/stack/data/venv/lib/python3.12/site-packages/oslo_service/backend/_threading/loopingcall.py:125}}
May 06 03:56:18.839808 np0000172160 neutron-periodic-workers[105164]: DEBUG dbcounter [-] [105164] Writing DB stats neutron:SELECT=1 {{(pid=105164) stat_writer /opt/stack/data/venv/lib/python3.12/site-packages/dbcounter.py:115}}
May 06 03:56:23.893912 np0000172160 neutron-periodic-workers[105160]: DEBUG dbcounter [-] [105160] Writing DB stats neutron:SELECT=3 {{(pid=105160) stat_writer /opt/stack/data/venv/lib/python3.12/site-packages/dbcounter.py:115}}
May 06 03:56:45.845626 np0000172160 neutron-periodic-workers[105164]: DEBUG neutron.db.agents_db [None req-e53326be-d2b3-4e7d-8e27-ad0fd3a60bea None None] Agent healthcheck: found 0 active agents {{(pid=105164) agent_health_check /opt/stack/neutron/neutron/db/agents_db.py:317}}
May 06 03:56:45.845967 np0000172160 neutron-periodic-workers[105164]: DEBUG oslo.service.backend._threading.loopingcall [None req-e53326be-d2b3-4e7d-8e27-ad0fd3a60bea None None] Fixed interval looping call 'neutron.plugins.ml2.plugin.AgentDbMixin.agent_health_check' sleeping for 37.00 seconds {{(pid=105164) _run_loop /opt/stack/data/venv/lib/python3.12/site-packages/oslo_service/backend/_threading/loopingcall.py:125}}
May 06 03:56:47.860368 np0000172160 neutron-periodic-workers[105171]: DEBUG oslo.service.backend._threading.loopingcall [None req-0d9bd89f-263f-4f20-aa41-f2d6d6b50ce5 None None] Fixed interval looping call 'neutron.db.quota.driver_nolock.DbQuotaNoLockDriver._remove_expired_reservations' sleeping for 120.00 seconds {{(pid=105171) _run_loop /opt/stack/data/venv/lib/python3.12/site-packages/oslo_service/backend/_threading/loopingcall.py:125}}
May 06 03:56:50.893380 np0000172160 neutron-periodic-workers[105160]: DEBUG oslo.service.backend._threading.loopingcall [None req-de1a2f71-a638-4512-a136-210f9f364f9f None None] Fixed interval looping call 'neutron.plugins.ml2.plugin.DhcpAgentSchedulerDbMixin.remove_networks_from_down_agents' sleeping for 36.99 seconds {{(pid=105160) _run_loop /opt/stack/data/venv/lib/python3.12/site-packages/oslo_service/backend/_threading/loopingcall.py:125}}
May 06 03:56:55.844958 np0000172160 neutron-periodic-workers[105164]: DEBUG dbcounter [-] [105164] Writing DB stats neutron:SELECT=1 {{(pid=105164) stat_writer /opt/stack/data/venv/lib/python3.12/site-packages/dbcounter.py:115}}
May 06 03:56:57.858897 np0000172160 neutron-periodic-workers[105171]: DEBUG dbcounter [-] [105171] Writing DB stats neutron:DELETE=1 {{(pid=105171) stat_writer /opt/stack/data/venv/lib/python3.12/site-packages/dbcounter.py:115}}
May 06 03:57:00.892677 np0000172160 neutron-periodic-workers[105160]: DEBUG dbcounter [-] [105160] Writing DB stats neutron:SELECT=3 {{(pid=105160) stat_writer /opt/stack/data/venv/lib/python3.12/site-packages/dbcounter.py:115}}
May 06 03:57:22.852084 np0000172160 neutron-periodic-workers[105164]: DEBUG neutron.db.agents_db [None req-e53326be-d2b3-4e7d-8e27-ad0fd3a60bea None None] Agent healthcheck: found 0 active agents {{(pid=105164) agent_health_check /opt/stack/neutron/neutron/db/agents_db.py:317}}
May 06 03:57:22.853195 np0000172160 neutron-periodic-workers[105164]: DEBUG oslo.service.backend._threading.loopingcall [None req-e53326be-d2b3-4e7d-8e27-ad0fd3a60bea None None] Fixed interval looping call 'neutron.plugins.ml2.plugin.AgentDbMixin.agent_health_check' sleeping for 36.99 seconds {{(pid=105164) _run_loop /opt/stack/data/venv/lib/python3.12/site-packages/oslo_service/backend/_threading/loopingcall.py:125}}
May 06 03:57:27.895747 np0000172160 neutron-periodic-workers[105160]: DEBUG oslo.service.backend._threading.loopingcall [None req-de1a2f71-a638-4512-a136-210f9f364f9f None None] Fixed interval looping call 'neutron.plugins.ml2.plugin.DhcpAgentSchedulerDbMixin.remove_networks_from_down_agents' sleeping for 36.99 seconds {{(pid=105160) _run_loop /opt/stack/data/venv/lib/python3.12/site-packages/oslo_service/backend/_threading/loopingcall.py:125}}
May 06 03:57:32.850204 np0000172160 neutron-periodic-workers[105164]: DEBUG dbcounter [-] [105164] Writing DB stats neutron:SELECT=1 {{(pid=105164) stat_writer /opt/stack/data/venv/lib/python3.12/site-packages/dbcounter.py:115}}
May 06 03:57:37.893791 np0000172160 neutron-periodic-workers[105160]: DEBUG dbcounter [-] [105160] Writing DB stats neutron:SELECT=3 {{(pid=105160) stat_writer /opt/stack/data/venv/lib/python3.12/site-packages/dbcounter.py:115}}
May 06 03:57:59.853156 np0000172160 neutron-periodic-workers[105164]: DEBUG neutron.db.agents_db [None req-e53326be-d2b3-4e7d-8e27-ad0fd3a60bea None None] Agent healthcheck: found 0 active agents {{(pid=105164) agent_health_check /opt/stack/neutron/neutron/db/agents_db.py:317}}
May 06 03:57:59.853961 np0000172160 neutron-periodic-workers[105164]: DEBUG oslo.service.backend._threading.loopingcall [None req-e53326be-d2b3-4e7d-8e27-ad0fd3a60bea None None] Fixed interval looping call 'neutron.plugins.ml2.plugin.AgentDbMixin.agent_health_check' sleeping for 36.99 seconds {{(pid=105164) _run_loop /opt/stack/data/venv/lib/python3.12/site-packages/oslo_service/backend/_threading/loopingcall.py:125}}
May 06 03:58:04.895446 np0000172160 neutron-periodic-workers[105160]: DEBUG oslo.service.backend._threading.loopingcall [None req-de1a2f71-a638-4512-a136-210f9f364f9f None None] Fixed interval looping call 'neutron.plugins.ml2.plugin.DhcpAgentSchedulerDbMixin.remove_networks_from_down_agents' sleeping for 36.99 seconds {{(pid=105160) _run_loop /opt/stack/data/venv/lib/python3.12/site-packages/oslo_service/backend/_threading/loopingcall.py:125}}
May 06 03:58:09.850667 np0000172160 neutron-periodic-workers[105164]: DEBUG dbcounter [-] [105164] Writing DB stats neutron:SELECT=1 {{(pid=105164) stat_writer /opt/stack/data/venv/lib/python3.12/site-packages/dbcounter.py:115}}
May 06 03:58:14.893822 np0000172160 neutron-periodic-workers[105160]: DEBUG dbcounter [-] [105160] Writing DB stats neutron:SELECT=3 {{(pid=105160) stat_writer /opt/stack/data/venv/lib/python3.12/site-packages/dbcounter.py:115}}
May 06 03:58:36.850171 np0000172160 neutron-periodic-workers[105164]: DEBUG neutron.db.agents_db [None req-e53326be-d2b3-4e7d-8e27-ad0fd3a60bea None None] Agent healthcheck: found 0 active agents {{(pid=105164) agent_health_check /opt/stack/neutron/neutron/db/agents_db.py:317}}
May 06 03:58:36.852433 np0000172160 neutron-periodic-workers[105164]: DEBUG oslo.service.backend._threading.loopingcall [None req-e53326be-d2b3-4e7d-8e27-ad0fd3a60bea None None] Fixed interval looping call 'neutron.plugins.ml2.plugin.AgentDbMixin.agent_health_check' sleeping for 36.99 seconds {{(pid=105164) _run_loop /opt/stack/data/venv/lib/python3.12/site-packages/oslo_service/backend/_threading/loopingcall.py:125}}
May 06 03:58:41.896534 np0000172160 neutron-periodic-workers[105160]: DEBUG oslo.service.backend._threading.loopingcall [None req-de1a2f71-a638-4512-a136-210f9f364f9f None None] Fixed interval looping call 'neutron.plugins.ml2.plugin.DhcpAgentSchedulerDbMixin.remove_networks_from_down_agents' sleeping for 36.99 seconds {{(pid=105160) _run_loop /opt/stack/data/venv/lib/python3.12/site-packages/oslo_service/backend/_threading/loopingcall.py:125}}
May 06 03:58:46.848708 np0000172160 neutron-periodic-workers[105164]: DEBUG dbcounter [-] [105164] Writing DB stats neutron:SELECT=1 {{(pid=105164) stat_writer /opt/stack/data/venv/lib/python3.12/site-packages/dbcounter.py:115}}
May 06 03:58:47.867293 np0000172160 neutron-periodic-workers[105171]: DEBUG oslo.service.backend._threading.loopingcall [None req-0d9bd89f-263f-4f20-aa41-f2d6d6b50ce5 None None] Fixed interval looping call 'neutron.db.quota.driver_nolock.DbQuotaNoLockDriver._remove_expired_reservations' sleeping for 119.99 seconds {{(pid=105171) _run_loop /opt/stack/data/venv/lib/python3.12/site-packages/oslo_service/backend/_threading/loopingcall.py:125}}
May 06 03:58:51.895965 np0000172160 neutron-periodic-workers[105160]: DEBUG dbcounter [-] [105160] Writing DB stats neutron:SELECT=3 {{(pid=105160) stat_writer /opt/stack/data/venv/lib/python3.12/site-packages/dbcounter.py:115}}
May 06 03:58:57.865604 np0000172160 neutron-periodic-workers[105171]: DEBUG dbcounter [-] [105171] Writing DB stats neutron:DELETE=1 {{(pid=105171) stat_writer /opt/stack/data/venv/lib/python3.12/site-packages/dbcounter.py:115}}
May 06 03:59:13.843961 np0000172160 neutron-periodic-workers[105164]: DEBUG neutron.db.agents_db [None req-e53326be-d2b3-4e7d-8e27-ad0fd3a60bea None None] Agent healthcheck: found 0 active agents {{(pid=105164) agent_health_check /opt/stack/neutron/neutron/db/agents_db.py:317}}
May 06 03:59:13.843961 np0000172160 neutron-periodic-workers[105164]: DEBUG oslo.service.backend._threading.loopingcall [None req-e53326be-d2b3-4e7d-8e27-ad0fd3a60bea None None] Fixed interval looping call 'neutron.plugins.ml2.plugin.AgentDbMixin.agent_health_check' sleeping for 37.00 seconds {{(pid=105164) _run_loop /opt/stack/data/venv/lib/python3.12/site-packages/oslo_service/backend/_threading/loopingcall.py:125}}
May 06 03:59:18.895933 np0000172160 neutron-periodic-workers[105160]: DEBUG oslo.service.backend._threading.loopingcall [None req-de1a2f71-a638-4512-a136-210f9f364f9f None None] Fixed interval looping call 'neutron.plugins.ml2.plugin.DhcpAgentSchedulerDbMixin.remove_networks_from_down_agents' sleeping for 36.99 seconds {{(pid=105160) _run_loop /opt/stack/data/venv/lib/python3.12/site-packages/oslo_service/backend/_threading/loopingcall.py:125}}
May 06 03:59:23.843796 np0000172160 neutron-periodic-workers[105164]: DEBUG dbcounter [-] [105164] Writing DB stats neutron:SELECT=1 {{(pid=105164) stat_writer /opt/stack/data/venv/lib/python3.12/site-packages/dbcounter.py:115}}
May 06 03:59:28.895719 np0000172160 neutron-periodic-workers[105160]: DEBUG dbcounter [-] [105160] Writing DB stats neutron:SELECT=3 {{(pid=105160) stat_writer /opt/stack/data/venv/lib/python3.12/site-packages/dbcounter.py:115}}
May 06 03:59:50.847303 np0000172160 neutron-periodic-workers[105164]: DEBUG neutron.db.agents_db [None req-e53326be-d2b3-4e7d-8e27-ad0fd3a60bea None None] Agent healthcheck: found 0 active agents {{(pid=105164) agent_health_check /opt/stack/neutron/neutron/db/agents_db.py:317}}
