2026-04-14 17:09:45.432 8 INFO cinder.api.openstack.wsgi [None req-6c166207-f57b-4b18-82d7-e583c7238e1a c81bf286376c418a8a4273fd5b4fd0da 4066d2bdd55e468184c548a51f266ab0 - - default default] http://10.0.0.28:8776/ returned with HTTP 300
2026-04-14 17:09:55.430 7 INFO cinder.api.openstack.wsgi [None req-fef0ecce-3822-4552-92d6-d1cbc199eb94 c81bf286376c418a8a4273fd5b4fd0da 4066d2bdd55e468184c548a51f266ab0 - - default default] GET http://10.0.0.28:8776/
2026-04-14 17:09:55.430 8 INFO cinder.api.openstack.wsgi [None req-6c166207-f57b-4b18-82d7-e583c7238e1a c81bf286376c418a8a4273fd5b4fd0da 4066d2bdd55e468184c548a51f266ab0 - - default default] GET http://10.0.0.28:8776/
2026-04-14 17:09:55.431 8 INFO cinder.api.openstack.wsgi [None req-6c166207-f57b-4b18-82d7-e583c7238e1a c81bf286376c418a8a4273fd5b4fd0da 4066d2bdd55e468184c548a51f266ab0 - - default default] http://10.0.0.28:8776/ returned with HTTP 300
2026-04-14 17:09:55.431 7 INFO cinder.api.openstack.wsgi [None req-fef0ecce-3822-4552-92d6-d1cbc199eb94 c81bf286376c418a8a4273fd5b4fd0da 4066d2bdd55e468184c548a51f266ab0 - - default default] http://10.0.0.28:8776/ returned with HTTP 300
2026-04-14 17:10:01.914 8 INFO cinder.api.openstack.wsgi [None req-87e31d6d-f78f-4335-8574-86bf65fba2db c81bf286376c418a8a4273fd5b4fd0da 4066d2bdd55e468184c548a51f266ab0 - - default default] GET http://cinder-api.openstack.svc.cluster.local:8776/v3/4066d2bdd55e468184c548a51f266ab0/snapshots?all_tenants=true
2026-04-14 17:10:01.925 8 INFO cinder.volume.api [None req-87e31d6d-f78f-4335-8574-86bf65fba2db c81bf286376c418a8a4273fd5b4fd0da 4066d2bdd55e468184c548a51f266ab0 - - default default] Get all snapshots completed successfully.
2026-04-14 17:10:01.926 8 INFO cinder.api.openstack.wsgi [None req-87e31d6d-f78f-4335-8574-86bf65fba2db c81bf286376c418a8a4273fd5b4fd0da 4066d2bdd55e468184c548a51f266ab0 - - default default] http://cinder-api.openstack.svc.cluster.local:8776/v3/4066d2bdd55e468184c548a51f266ab0/snapshots?all_tenants=true returned with HTTP 200 [pid: 8|app: 0|req: 453/907] 10.0.0.71 () {28 vars in 672 bytes} [Tue Apr 14 17:10:01 2026] GET /v3/4066d2bdd55e468184c548a51f266ab0/snapshots?all_tenants=true => generated 17 bytes in 324 msecs (HTTP/1.1 200) 7 headers in 284 bytes (1 switches on core 0)
2026-04-14 17:10:01.941 7 INFO cinder.api.openstack.wsgi [None req-ffe28949-d680-48aa-93b6-85d3ca922317 c81bf286376c418a8a4273fd5b4fd0da 4066d2bdd55e468184c548a51f266ab0 - - default default] GET http://cinder-api.openstack.svc.cluster.local:8776/v3/4066d2bdd55e468184c548a51f266ab0/os-services
2026-04-14 17:10:01.947 7 INFO cinder.api.openstack.wsgi [None req-ffe28949-d680-48aa-93b6-85d3ca922317 c81bf286376c418a8a4273fd5b4fd0da 4066d2bdd55e468184c548a51f266ab0 - - default default] http://cinder-api.openstack.svc.cluster.local:8776/v3/4066d2bdd55e468184c548a51f266ab0/os-services returned with HTTP 200 [pid: 7|app: 0|req: 455/908] 10.0.0.71 () {28 vars in 643 bytes} [Tue Apr 14 17:10:01 2026] GET /v3/4066d2bdd55e468184c548a51f266ab0/os-services => generated 646 bytes in 13 msecs (HTTP/1.1 200) 7 headers in 285 bytes (1 switches on core 0)
2026-04-14 17:10:01.999 8 INFO cinder.api.openstack.wsgi [None req-d00c80f0-f97c-40dc-afe0-84d8752c653b c81bf286376c418a8a4273fd5b4fd0da 4066d2bdd55e468184c548a51f266ab0 - - default default] GET http://cinder-api.openstack.svc.cluster.local:8776/v3/4066d2bdd55e468184c548a51f266ab0/os-quota-sets/1af5228dbef248deb124b64659160466?usage=true
2026-04-14 17:10:02.037 8 INFO cinder.api.openstack.wsgi [None req-d00c80f0-f97c-40dc-afe0-84d8752c653b c81bf286376c418a8a4273fd5b4fd0da 4066d2bdd55e468184c548a51f266ab0 - - default default] http://cinder-api.openstack.svc.cluster.local:8776/v3/4066d2bdd55e468184c548a51f266ab0/os-quota-sets/1af5228dbef248deb124b64659160466?usage=true returned with HTTP 200 [pid: 8|app: 0|req: 454/909] 10.0.0.71 () {28 vars in 734 bytes} [Tue Apr 14 17:10:01 2026] GET /v3/4066d2bdd55e468184c548a51f266ab0/os-quota-sets/1af5228dbef248deb124b64659160466?usage=true => generated 845 bytes in 47 msecs (HTTP/1.1 200) 7 headers in 285 bytes (1 switches on core 0)
2026-04-14 17:10:02.052 7 INFO cinder.api.openstack.wsgi [None req-60fd1e54-9478-4018-9a80-7d0d150f9545 c81bf286376c418a8a4273fd5b4fd0da 4066d2bdd55e468184c548a51f266ab0 - - default default] GET http://cinder-api.openstack.svc.cluster.local:8776/v3/4066d2bdd55e468184c548a51f266ab0/os-quota-sets/4066d2bdd55e468184c548a51f266ab0?usage=true
2026-04-14 17:10:02.090 7 INFO cinder.api.openstack.wsgi [None req-60fd1e54-9478-4018-9a80-7d0d150f9545 c81bf286376c418a8a4273fd5b4fd0da 4066d2bdd55e468184c548a51f266ab0 - - default default] http://cinder-api.openstack.svc.cluster.local:8776/v3/4066d2bdd55e468184c548a51f266ab0/os-quota-sets/4066d2bdd55e468184c548a51f266ab0?usage=true returned with HTTP 200 [pid: 7|app: 0|req: 456/910] 10.0.0.71 () {28 vars in 734 bytes} [Tue Apr 14 17:10:02 2026] GET /v3/4066d2bdd55e468184c548a51f266ab0/os-quota-sets/4066d2bdd55e468184c548a51f266ab0?usage=true => generated 845 bytes in 50 msecs (HTTP/1.1 200) 7 headers in 285 bytes (1 switches on core 0)
2026-04-14 17:10:02.102 8 INFO cinder.api.openstack.wsgi [None req-d74315d9-6a22-44e9-97e7-044f477d21d7 c81bf286376c418a8a4273fd5b4fd0da 4066d2bdd55e468184c548a51f266ab0 - - default default] GET http://cinder-api.openstack.svc.cluster.local:8776/v3/4066d2bdd55e468184c548a51f266ab0/os-quota-sets/4ccc35cac29f45e5a0c8ce08b6200fa3?usage=true
2026-04-14 17:10:02.128 8 INFO cinder.api.openstack.wsgi [None req-d74315d9-6a22-44e9-97e7-044f477d21d7 c81bf286376c418a8a4273fd5b4fd0da 4066d2bdd55e468184c548a51f266ab0 - - default default] http://cinder-api.openstack.svc.cluster.local:8776/v3/4066d2bdd55e468184c548a51f266ab0/os-quota-sets/4ccc35cac29f45e5a0c8ce08b6200fa3?usage=true returned with HTTP 200 [pid: 8|app: 0|req: 455/911] 10.0.0.71 () {28 vars in 734 bytes} [Tue Apr 14 17:10:02 2026] GET /v3/4066d2bdd55e468184c548a51f266ab0/os-quota-sets/4ccc35cac29f45e5a0c8ce08b6200fa3?usage=true => generated 847 bytes in 34 msecs (HTTP/1.1 200) 7 headers in 285 bytes (1 switches on core 0)
2026-04-14 17:10:02.140 7 INFO cinder.api.openstack.wsgi [None req-720d20d9-7a1e-4194-8d5b-cedadf9b9e5e c81bf286376c418a8a4273fd5b4fd0da 4066d2bdd55e468184c548a51f266ab0 - - default default] GET http://cinder-api.openstack.svc.cluster.local:8776/v3/4066d2bdd55e468184c548a51f266ab0/volumes/detail?all_tenants=true
2026-04-14 17:10:02.152 7 INFO cinder.volume.api [None req-720d20d9-7a1e-4194-8d5b-cedadf9b9e5e c81bf286376c418a8a4273fd5b4fd0da 4066d2bdd55e468184c548a51f266ab0 - - default default] Get all volumes completed successfully.
2026-04-14 17:10:02.154 7 INFO cinder.api.openstack.wsgi [None req-720d20d9-7a1e-4194-8d5b-cedadf9b9e5e c81bf286376c418a8a4273fd5b4fd0da 4066d2bdd55e468184c548a51f266ab0 - - default default] http://cinder-api.openstack.svc.cluster.local:8776/v3/4066d2bdd55e468184c548a51f266ab0/volumes/detail?all_tenants=true returned with HTTP 200 [pid: 7|app: 0|req: 457/912] 10.0.0.71 () {28 vars in 682 bytes} [Tue Apr 14 17:10:02 2026] GET /v3/4066d2bdd55e468184c548a51f266ab0/volumes/detail?all_tenants=true => generated 15 bytes in 22 msecs (HTTP/1.1 200) 7 headers in 284 bytes (1 switches on core 0)
2026-04-14 17:10:02.167 8 INFO cinder.api.openstack.wsgi [None req-0dfa1955-6fb6-4ceb-9208-0bad22be920c c81bf286376c418a8a4273fd5b4fd0da 4066d2bdd55e468184c548a51f266ab0 - - default default] GET http://cinder-api.openstack.svc.cluster.local:8776/v3/4066d2bdd55e468184c548a51f266ab0/scheduler-stats/get_pools?detail=true
2026-04-14 17:10:02.187 8 INFO cinder.api.openstack.wsgi [None req-0dfa1955-6fb6-4ceb-9208-0bad22be920c c81bf286376c418a8a4273fd5b4fd0da 4066d2bdd55e468184c548a51f266ab0 - - default default] http://cinder-api.openstack.svc.cluster.local:8776/v3/4066d2bdd55e468184c548a51f266ab0/scheduler-stats/get_pools?detail=true returned with HTTP 200 [pid: 8|app: 0|req: 456/913] 10.0.0.71 () {28 vars in 694 bytes} [Tue Apr 14 17:10:02 2026] GET /v3/4066d2bdd55e468184c548a51f266ab0/scheduler-stats/get_pools?detail=true => generated 670 bytes in 30 msecs (HTTP/1.1 200) 7 headers in 285 bytes (1 switches on core 0)
2026-04-14 17:10:02.200 7 INFO cinder.api.openstack.wsgi [None req-b4bbe2ba-7ef8-4580-9e1e-8bbdd8829423 c81bf286376c418a8a4273fd5b4fd0da 4066d2bdd55e468184c548a51f266ab0 - - default default] GET http://cinder-api.openstack.svc.cluster.local:8776/v3/4066d2bdd55e468184c548a51f266ab0/volumes/detail?all_tenants=true
2026-04-14 17:10:02.211 7 INFO cinder.volume.api [None req-b4bbe2ba-7ef8-4580-9e1e-8bbdd8829423 c81bf286376c418a8a4273fd5b4fd0da 4066d2bdd55e468184c548a51f266ab0 - - default default] Get all volumes completed successfully.
2026-04-14 17:10:02.214 7 INFO cinder.api.openstack.wsgi [None req-b4bbe2ba-7ef8-4580-9e1e-8bbdd8829423 c81bf286376c418a8a4273fd5b4fd0da 4066d2bdd55e468184c548a51f266ab0 - - default default] http://cinder-api.openstack.svc.cluster.local:8776/v3/4066d2bdd55e468184c548a51f266ab0/volumes/detail?all_tenants=true returned with HTTP 200 [pid: 7|app: 0|req: 458/914] 10.0.0.71 () {28 vars in 682 bytes} [Tue Apr 14 17:10:02 2026] GET /v3/4066d2bdd55e468184c548a51f266ab0/volumes/detail?all_tenants=true => generated 15 bytes in 22 msecs (HTTP/1.1 200) 7 headers in 284 bytes (1 switches on core 0)
2026-04-14 17:10:05.430 7 INFO cinder.api.openstack.wsgi [None req-b4bbe2ba-7ef8-4580-9e1e-8bbdd8829423 c81bf286376c418a8a4273fd5b4fd0da 4066d2bdd55e468184c548a51f266ab0 - - default default] GET http://10.0.0.28:8776/
2026-04-14 17:10:05.430 8 INFO cinder.api.openstack.wsgi [None req-0dfa1955-6fb6-4ceb-9208-0bad22be920c c81bf286376c418a8a4273fd5b4fd0da 4066d2bdd55e468184c548a51f266ab0 - - default default] GET http://10.0.0.28:8776/
2026-04-14 17:10:05.431 7 INFO cinder.api.openstack.wsgi [None req-b4bbe2ba-7ef8-4580-9e1e-8bbdd8829423 c81bf286376c418a8a4273fd5b4fd0da 4066d2bdd55e468184c548a51f266ab0 - - default default] http://10.0.0.28:8776/ returned with HTTP 300
2026-04-14 17:10:05.432 8 INFO cinder.api.openstack.wsgi [None req-0dfa1955-6fb6-4ceb-9208-0bad22be920c c81bf286376c418a8a4273fd5b4fd0da 4066d2bdd55e468184c548a51f266ab0 - - default default] http://10.0.0.28:8776/ returned with HTTP 300
2026-04-14 17:10:15.430 7 INFO cinder.api.openstack.wsgi [None req-b4bbe2ba-7ef8-4580-9e1e-8bbdd8829423 c81bf286376c418a8a4273fd5b4fd0da 4066d2bdd55e468184c548a51f266ab0 - - default default] GET http://10.0.0.28:8776/
2026-04-14 17:10:15.431 8 INFO cinder.api.openstack.wsgi [None req-0dfa1955-6fb6-4ceb-9208-0bad22be920c c81bf286376c418a8a4273fd5b4fd0da 4066d2bdd55e468184c548a51f266ab0 - - default default] GET http://10.0.0.28:8776/
2026-04-14 17:10:15.431 7 INFO cinder.api.openstack.wsgi [None req-b4bbe2ba-7ef8-4580-9e1e-8bbdd8829423 c81bf286376c418a8a4273fd5b4fd0da 4066d2bdd55e468184c548a51f266ab0 - - default default] http://10.0.0.28:8776/ returned with HTTP 300
2026-04-14 17:10:15.433 8 INFO cinder.api.openstack.wsgi [None req-0dfa1955-6fb6-4ceb-9208-0bad22be920c c81bf286376c418a8a4273fd5b4fd0da 4066d2bdd55e468184c548a51f266ab0 - - default default] http://10.0.0.28:8776/ returned with HTTP 300
2026-04-14 17:10:25.430 8 INFO cinder.api.openstack.wsgi [None req-0dfa1955-6fb6-4ceb-9208-0bad22be920c c81bf286376c418a8a4273fd5b4fd0da 4066d2bdd55e468184c548a51f266ab0 - - default default] GET http://10.0.0.28:8776/
2026-04-14 17:10:25.430 7 INFO cinder.api.openstack.wsgi [None req-b4bbe2ba-7ef8-4580-9e1e-8bbdd8829423 c81bf286376c418a8a4273fd5b4fd0da 4066d2bdd55e468184c548a51f266ab0 - - default default] GET http://10.0.0.28:8776/
2026-04-14 17:10:25.431 8 INFO cinder.api.openstack.wsgi [None req-0dfa1955-6fb6-4ceb-9208-0bad22be920c c81bf286376c418a8a4273fd5b4fd0da 4066d2bdd55e468184c548a51f266ab0 - - default default] http://10.0.0.28:8776/ returned with HTTP 300
2026-04-14 17:10:25.432 7 INFO cinder.api.openstack.wsgi [None req-b4bbe2ba-7ef8-4580-9e1e-8bbdd8829423 c81bf286376c418a8a4273fd5b4fd0da 4066d2bdd55e468184c548a51f266ab0 - - default default] http://10.0.0.28:8776/ returned with HTTP 300
2026-04-14 17:10:35.430 8 INFO cinder.api.openstack.wsgi [None req-0dfa1955-6fb6-4ceb-9208-0bad22be920c c81bf286376c418a8a4273fd5b4fd0da 4066d2bdd55e468184c548a51f266ab0 - - default default] GET http://10.0.0.28:8776/
2026-04-14 17:10:35.432 7 INFO cinder.api.openstack.wsgi [None req-b4bbe2ba-7ef8-4580-9e1e-8bbdd8829423 c81bf286376c418a8a4273fd5b4fd0da 4066d2bdd55e468184c548a51f266ab0 - - default default] GET http://10.0.0.28:8776/
2026-04-14 17:10:35.433 7 INFO cinder.api.openstack.wsgi [None req-b4bbe2ba-7ef8-4580-9e1e-8bbdd8829423 c81bf286376c418a8a4273fd5b4fd0da 4066d2bdd55e468184c548a51f266ab0 - - default default] http://10.0.0.28:8776/ returned with HTTP 300
2026-04-14 17:10:35.435 8 INFO cinder.api.openstack.wsgi [None req-0dfa1955-6fb6-4ceb-9208-0bad22be920c c81bf286376c418a8a4273fd5b4fd0da 4066d2bdd55e468184c548a51f266ab0 - - default default] http://10.0.0.28:8776/ returned with HTTP 300
2026-04-14 17:10:45.431 7 INFO cinder.api.openstack.wsgi [None req-b4bbe2ba-7ef8-4580-9e1e-8bbdd8829423 c81bf286376c418a8a4273fd5b4fd0da 4066d2bdd55e468184c548a51f266ab0 - - default default] GET http://10.0.0.28:8776/
2026-04-14 17:10:45.433 7 INFO cinder.api.openstack.wsgi [None req-b4bbe2ba-7ef8-4580-9e1e-8bbdd8829423 c81bf286376c418a8a4273fd5b4fd0da 4066d2bdd55e468184c548a51f266ab0 - - default default] http://10.0.0.28:8776/ returned with HTTP 300
2026-04-14 17:10:45.433 8 INFO cinder.api.openstack.wsgi [None req-0dfa1955-6fb6-4ceb-9208-0bad22be920c c81bf286376c418a8a4273fd5b4fd0da 4066d2bdd55e468184c548a51f266ab0 - - default default] GET http://10.0.0.28:8776/
2026-04-14 17:10:45.434 8 INFO cinder.api.openstack.wsgi [None req-0dfa1955-6fb6-4ceb-9208-0bad22be920c c81bf286376c418a8a4273fd5b4fd0da 4066d2bdd55e468184c548a51f266ab0 - - default default] http://10.0.0.28:8776/ returned with HTTP 300
2026-04-14 17:10:55.430 7 INFO cinder.api.openstack.wsgi [None req-b4bbe2ba-7ef8-4580-9e1e-8bbdd8829423 c81bf286376c418a8a4273fd5b4fd0da 4066d2bdd55e468184c548a51f266ab0 - - default default] GET http://10.0.0.28:8776/
2026-04-14 17:10:55.430 8 INFO cinder.api.openstack.wsgi [None req-0dfa1955-6fb6-4ceb-9208-0bad22be920c c81bf286376c418a8a4273fd5b4fd0da 4066d2bdd55e468184c548a51f266ab0 - - default default] GET http://10.0.0.28:8776/
2026-04-14 17:10:55.432 7 INFO cinder.api.openstack.wsgi [None req-b4bbe2ba-7ef8-4580-9e1e-8bbdd8829423 c81bf286376c418a8a4273fd5b4fd0da 4066d2bdd55e468184c548a51f266ab0 - - default default] http://10.0.0.28:8776/ returned with HTTP 300
2026-04-14 17:10:55.432 8 INFO cinder.api.openstack.wsgi [None req-0dfa1955-6fb6-4ceb-9208-0bad22be920c c81bf286376c418a8a4273fd5b4fd0da 4066d2bdd55e468184c548a51f266ab0 - - default default] http://10.0.0.28:8776/ returned with HTTP 300
2026-04-14 17:11:01.664 7 INFO cinder.api.openstack.wsgi [None req-92c6609f-a1d1-4d53-b783-25dc4b2b22ff c81bf286376c418a8a4273fd5b4fd0da 4066d2bdd55e468184c548a51f266ab0 - - default default] GET http://cinder-api.openstack.svc.cluster.local:8776/v3/4066d2bdd55e468184c548a51f266ab0/scheduler-stats/get_pools?detail=true
2026-04-14 17:11:01.682 7 INFO cinder.api.openstack.wsgi [None req-92c6609f-a1d1-4d53-b783-25dc4b2b22ff c81bf286376c418a8a4273fd5b4fd0da 4066d2bdd55e468184c548a51f266ab0 - - default default] http://cinder-api.openstack.svc.cluster.local:8776/v3/4066d2bdd55e468184c548a51f266ab0/scheduler-stats/get_pools?detail=true returned with HTTP 200 [pid: 7|app: 0|req: 465/927] 10.0.0.71 () {28 vars in 694 bytes} [Tue Apr 14 17:11:01 2026] GET /v3/4066d2bdd55e468184c548a51f266ab0/scheduler-stats/get_pools?detail=true => generated 670 bytes in 160 msecs (HTTP/1.1 200) 7 headers in 285 bytes (1 switches on core 0)
2026-04-14 17:11:01.696 8 INFO cinder.api.openstack.wsgi [None req-c5cbdd2d-8541-442c-aba4-b5e04925ddfd c81bf286376c418a8a4273fd5b4fd0da 4066d2bdd55e468184c548a51f266ab0 - - default default] GET http://cinder-api.openstack.svc.cluster.local:8776/v3/4066d2bdd55e468184c548a51f266ab0/volumes/detail?all_tenants=true
2026-04-14 17:11:01.713 8 INFO cinder.volume.api [None req-c5cbdd2d-8541-442c-aba4-b5e04925ddfd c81bf286376c418a8a4273fd5b4fd0da 4066d2bdd55e468184c548a51f266ab0 - - default default] Get all volumes completed successfully.
2026-04-14 17:11:01.715 8 INFO cinder.api.openstack.wsgi [None req-c5cbdd2d-8541-442c-aba4-b5e04925ddfd c81bf286376c418a8a4273fd5b4fd0da 4066d2bdd55e468184c548a51f266ab0 - - default default] http://cinder-api.openstack.svc.cluster.local:8776/v3/4066d2bdd55e468184c548a51f266ab0/volumes/detail?all_tenants=true returned with HTTP 200 [pid: 8|app: 0|req: 463/928] 10.0.0.71 () {28 vars in 682 bytes} [Tue Apr 14 17:11:01 2026] GET /v3/4066d2bdd55e468184c548a51f266ab0/volumes/detail?all_tenants=true => generated 15 bytes in 27 msecs (HTTP/1.1 200) 7 headers in 284 bytes (1 switches on core 0)
2026-04-14 17:11:01.787 7 INFO cinder.api.openstack.wsgi [None req-8e3b113f-f215-4399-9806-16ae8ea6f39d c81bf286376c418a8a4273fd5b4fd0da 4066d2bdd55e468184c548a51f266ab0 - - default default] GET http://cinder-api.openstack.svc.cluster.local:8776/v3/4066d2bdd55e468184c548a51f266ab0/os-quota-sets/1af5228dbef248deb124b64659160466?usage=true
2026-04-14 17:11:01.825 7 INFO cinder.api.openstack.wsgi [None req-8e3b113f-f215-4399-9806-16ae8ea6f39d c81bf286376c418a8a4273fd5b4fd0da 4066d2bdd55e468184c548a51f266ab0 - - default default] http://cinder-api.openstack.svc.cluster.local:8776/v3/4066d2bdd55e468184c548a51f266ab0/os-quota-sets/1af5228dbef248deb124b64659160466?usage=true returned with HTTP 200 [pid: 7|app: 0|req: 466/929] 10.0.0.71 () {28 vars in 734 bytes} [Tue Apr 14 17:11:01 2026] GET /v3/4066d2bdd55e468184c548a51f266ab0/os-quota-sets/1af5228dbef248deb124b64659160466?usage=true => generated 845 bytes in 52 msecs (HTTP/1.1 200) 7 headers in 285 bytes (1 switches on core 0)
2026-04-14 17:11:01.839 8 INFO cinder.api.openstack.wsgi [None req-cbb7c77e-9b9c-401a-9f83-f67dacacbdfb c81bf286376c418a8a4273fd5b4fd0da 4066d2bdd55e468184c548a51f266ab0 - - default default] GET http://cinder-api.openstack.svc.cluster.local:8776/v3/4066d2bdd55e468184c548a51f266ab0/os-quota-sets/3f215ec5599e4e4fb41ae98eb1f7b415?usage=true
2026-04-14 17:11:01.873 8 INFO cinder.api.openstack.wsgi [None req-cbb7c77e-9b9c-401a-9f83-f67dacacbdfb c81bf286376c418a8a4273fd5b4fd0da 4066d2bdd55e468184c548a51f266ab0 - - default default] http://cinder-api.openstack.svc.cluster.local:8776/v3/4066d2bdd55e468184c548a51f266ab0/os-quota-sets/3f215ec5599e4e4fb41ae98eb1f7b415?usage=true returned with HTTP 200 [pid: 8|app: 0|req: 464/930] 10.0.0.71 () {28 vars in 734 bytes} [Tue Apr 14 17:11:01 2026] GET /v3/4066d2bdd55e468184c548a51f266ab0/os-quota-sets/3f215ec5599e4e4fb41ae98eb1f7b415?usage=true => generated 847 bytes in 44 msecs (HTTP/1.1 200) 7 headers in 285 bytes (1 switches on core 0)
2026-04-14 17:11:01.891 7 INFO cinder.api.openstack.wsgi [None req-4b3faadb-ed1b-4127-b220-58eb46b705f1 c81bf286376c418a8a4273fd5b4fd0da 4066d2bdd55e468184c548a51f266ab0 - - default default] GET http://cinder-api.openstack.svc.cluster.local:8776/v3/4066d2bdd55e468184c548a51f266ab0/os-quota-sets/4066d2bdd55e468184c548a51f266ab0?usage=true
2026-04-14 17:11:01.927 7 INFO cinder.api.openstack.wsgi [None req-4b3faadb-ed1b-4127-b220-58eb46b705f1 c81bf286376c418a8a4273fd5b4fd0da 4066d2bdd55e468184c548a51f266ab0 - - default default] http://cinder-api.openstack.svc.cluster.local:8776/v3/4066d2bdd55e468184c548a51f266ab0/os-quota-sets/4066d2bdd55e468184c548a51f266ab0?usage=true returned with HTTP 200 [pid: 7|app: 0|req: 467/931] 10.0.0.71 () {28 vars in 734 bytes} [Tue Apr 14 17:11:01 2026] GET /v3/4066d2bdd55e468184c548a51f266ab0/os-quota-sets/4066d2bdd55e468184c548a51f266ab0?usage=true => generated 845 bytes in 48 msecs (HTTP/1.1 200) 7 headers in 285 bytes (1 switches on core 0)
2026-04-14 17:11:01.944 8 INFO cinder.api.openstack.wsgi [None req-59895287-035f-4f91-94eb-8eb77f39151c c81bf286376c418a8a4273fd5b4fd0da 4066d2bdd55e468184c548a51f266ab0 - - default default] GET http://cinder-api.openstack.svc.cluster.local:8776/v3/4066d2bdd55e468184c548a51f266ab0/os-quota-sets/4ccc35cac29f45e5a0c8ce08b6200fa3?usage=true
2026-04-14 17:11:01.969 8 INFO cinder.api.openstack.wsgi [None req-59895287-035f-4f91-94eb-8eb77f39151c c81bf286376c418a8a4273fd5b4fd0da 4066d2bdd55e468184c548a51f266ab0 - - default default] http://cinder-api.openstack.svc.cluster.local:8776/v3/4066d2bdd55e468184c548a51f266ab0/os-quota-sets/4ccc35cac29f45e5a0c8ce08b6200fa3?usage=true returned with HTTP 200 [pid: 8|app: 0|req: 465/932] 10.0.0.71 () {28 vars in 734 bytes} [Tue Apr 14 17:11:01 2026] GET /v3/4066d2bdd55e468184c548a51f266ab0/os-quota-sets/4ccc35cac29f45e5a0c8ce08b6200fa3?usage=true => generated 847 bytes in 38 msecs (HTTP/1.1 200) 7 headers in 285 bytes (1 switches on core 0)
2026-04-14 17:11:01.984 7 INFO cinder.api.openstack.wsgi [None req-3be26ab6-7a9d-40a7-ba4a-059cfbdf31b0 c81bf286376c418a8a4273fd5b4fd0da 4066d2bdd55e468184c548a51f266ab0 - - default default] GET http://cinder-api.openstack.svc.cluster.local:8776/v3/4066d2bdd55e468184c548a51f266ab0/os-quota-sets/6303ae8215d44a519787599cb630d708?usage=true
2026-04-14 17:11:02.019 7 INFO cinder.api.openstack.wsgi [None req-3be26ab6-7a9d-40a7-ba4a-059cfbdf31b0 c81bf286376c418a8a4273fd5b4fd0da 4066d2bdd55e468184c548a51f266ab0 - - default default] http://cinder-api.openstack.svc.cluster.local:8776/v3/4066d2bdd55e468184c548a51f266ab0/os-quota-sets/6303ae8215d44a519787599cb630d708?usage=true returned with HTTP 200 [pid: 7|app: 0|req: 468/933] 10.0.0.71 () {28 vars in 734 bytes} [Tue Apr 14 17:11:01 2026] GET /v3/4066d2bdd55e468184c548a51f266ab0/os-quota-sets/6303ae8215d44a519787599cb630d708?usage=true => generated 847 bytes in 46 msecs (HTTP/1.1 200) 7 headers in 285 bytes (1 switches on core 0)
2026-04-14 17:11:02.038 8 INFO cinder.api.openstack.wsgi [None req-eb44ae4d-e9a1-4d80-bab8-d52466b8f05a c81bf286376c418a8a4273fd5b4fd0da 4066d2bdd55e468184c548a51f266ab0 - - default default] GET http://cinder-api.openstack.svc.cluster.local:8776/v3/4066d2bdd55e468184c548a51f266ab0/os-quota-sets/9c50652b713e42d09b523ac009ff8e82?usage=true
2026-04-14 17:11:02.062 8 INFO cinder.api.openstack.wsgi [None req-eb44ae4d-e9a1-4d80-bab8-d52466b8f05a c81bf286376c418a8a4273fd5b4fd0da 4066d2bdd55e468184c548a51f266ab0 - - default default] http://cinder-api.openstack.svc.cluster.local:8776/v3/4066d2bdd55e468184c548a51f266ab0/os-quota-sets/9c50652b713e42d09b523ac009ff8e82?usage=true returned with HTTP 200 [pid: 8|app: 0|req: 466/934] 10.0.0.71 () {28 vars in 734 bytes} [Tue Apr 14 17:11:02 2026] GET /v3/4066d2bdd55e468184c548a51f266ab0/os-quota-sets/9c50652b713e42d09b523ac009ff8e82?usage=true => generated 847 bytes in 37 msecs (HTTP/1.1 200) 7 headers in 285 bytes (1 switches on core 0)
2026-04-14 17:11:02.078 7 INFO cinder.api.openstack.wsgi [None req-3e8fd1a8-ef75-4a86-a2ad-1226a3a10038 c81bf286376c418a8a4273fd5b4fd0da 4066d2bdd55e468184c548a51f266ab0 - - default default] GET http://cinder-api.openstack.svc.cluster.local:8776/v3/4066d2bdd55e468184c548a51f266ab0/os-quota-sets/a56d193ba7c949b39abccd81333c234e?usage=true
2026-04-14 17:11:02.102 7 INFO cinder.api.openstack.wsgi [None req-3e8fd1a8-ef75-4a86-a2ad-1226a3a10038 c81bf286376c418a8a4273fd5b4fd0da 4066d2bdd55e468184c548a51f266ab0 - - default default] http://cinder-api.openstack.svc.cluster.local:8776/v3/4066d2bdd55e468184c548a51f266ab0/os-quota-sets/a56d193ba7c949b39abccd81333c234e?usage=true returned with HTTP 200 [pid: 7|app: 0|req: 469/935] 10.0.0.71 () {28 vars in 734 bytes} [Tue Apr 14 17:11:02 2026] GET /v3/4066d2bdd55e468184c548a51f266ab0/os-quota-sets/a56d193ba7c949b39abccd81333c234e?usage=true => generated 847 bytes in 36 msecs (HTTP/1.1 200) 7 headers in 285 bytes (1 switches on core 0)
2026-04-14 17:11:02.117 8 INFO cinder.api.openstack.wsgi [None req-07598991-ffcf-4db7-a102-2922825b0999 c81bf286376c418a8a4273fd5b4fd0da 4066d2bdd55e468184c548a51f266ab0 - - default default] GET http://cinder-api.openstack.svc.cluster.local:8776/v3/4066d2bdd55e468184c548a51f266ab0/os-quota-sets/b5fa100345b2496e98f63e98fbe657d3?usage=true
2026-04-14 17:11:02.144 8 INFO cinder.api.openstack.wsgi [None req-07598991-ffcf-4db7-a102-2922825b0999 c81bf286376c418a8a4273fd5b4fd0da 4066d2bdd55e468184c548a51f266ab0 - - default default] http://cinder-api.openstack.svc.cluster.local:8776/v3/4066d2bdd55e468184c548a51f266ab0/os-quota-sets/b5fa100345b2496e98f63e98fbe657d3?usage=true returned with HTTP 200 [pid: 8|app: 0|req: 467/936] 10.0.0.71 () {28 vars in 734 bytes} [Tue Apr 14 17:11:02 2026] GET /v3/4066d2bdd55e468184c548a51f266ab0/os-quota-sets/b5fa100345b2496e98f63e98fbe657d3?usage=true => generated 847 bytes in 39 msecs (HTTP/1.1 200) 7 headers in 285 bytes (1 switches on core 0)
2026-04-14 17:11:02.159 7 INFO cinder.api.openstack.wsgi [None req-a318ec1d-85b0-493c-8990-800446ed6d59 c81bf286376c418a8a4273fd5b4fd0da 4066d2bdd55e468184c548a51f266ab0 - - default default] GET http://cinder-api.openstack.svc.cluster.local:8776/v3/4066d2bdd55e468184c548a51f266ab0/os-quota-sets/c32d3f6111c6422381f58f612e88e340?usage=true
2026-04-14 17:11:02.186 7 INFO cinder.api.openstack.wsgi [None req-a318ec1d-85b0-493c-8990-800446ed6d59 c81bf286376c418a8a4273fd5b4fd0da 4066d2bdd55e468184c548a51f266ab0 - - default default] http://cinder-api.openstack.svc.cluster.local:8776/v3/4066d2bdd55e468184c548a51f266ab0/os-quota-sets/c32d3f6111c6422381f58f612e88e340?usage=true returned with HTTP 200 [pid: 7|app: 0|req: 470/937] 10.0.0.71 () {28 vars in 734 bytes} [Tue Apr 14 17:11:02 2026] GET /v3/4066d2bdd55e468184c548a51f266ab0/os-quota-sets/c32d3f6111c6422381f58f612e88e340?usage=true => generated 847 bytes in 37 msecs (HTTP/1.1 200) 7 headers in 285 bytes (1 switches on core 0)
2026-04-14 17:11:02.202 8 INFO cinder.api.openstack.wsgi [None req-6de4440c-bec9-48c2-809d-8f27e2af9cb0 c81bf286376c418a8a4273fd5b4fd0da 4066d2bdd55e468184c548a51f266ab0 - - default default] GET http://cinder-api.openstack.svc.cluster.local:8776/v3/4066d2bdd55e468184c548a51f266ab0/os-quota-sets/d2cc2892c39a419c8641d34b755f308e?usage=true
2026-04-14 17:11:02.230 8 INFO cinder.api.openstack.wsgi [None req-6de4440c-bec9-48c2-809d-8f27e2af9cb0 c81bf286376c418a8a4273fd5b4fd0da 4066d2bdd55e468184c548a51f266ab0 - - default default] http://cinder-api.openstack.svc.cluster.local:8776/v3/4066d2bdd55e468184c548a51f266ab0/os-quota-sets/d2cc2892c39a419c8641d34b755f308e?usage=true returned with HTTP 200 [pid: 8|app: 0|req: 468/938] 10.0.0.71 () {28 vars in 734 bytes} [Tue Apr 14 17:11:02 2026] GET /v3/4066d2bdd55e468184c548a51f266ab0/os-quota-sets/d2cc2892c39a419c8641d34b755f308e?usage=true => generated 847 bytes in 41 msecs (HTTP/1.1 200) 7 headers in 285 bytes (1 switches on core 0)
2026-04-14 17:11:02.245 7 INFO cinder.api.openstack.wsgi [None req-93ac4c58-b6ce-4d65-b22f-8a7537e98474 c81bf286376c418a8a4273fd5b4fd0da 4066d2bdd55e468184c548a51f266ab0 - - default default] GET http://cinder-api.openstack.svc.cluster.local:8776/v3/4066d2bdd55e468184c548a51f266ab0/os-quota-sets/f85fc2bf6d4d4b2189b21aaa7a3944f9?usage=true
2026-04-14 17:11:02.273 7 INFO cinder.api.openstack.wsgi [None req-93ac4c58-b6ce-4d65-b22f-8a7537e98474 c81bf286376c418a8a4273fd5b4fd0da 4066d2bdd55e468184c548a51f266ab0 - - default default] http://cinder-api.openstack.svc.cluster.local:8776/v3/4066d2bdd55e468184c548a51f266ab0/os-quota-sets/f85fc2bf6d4d4b2189b21aaa7a3944f9?usage=true returned with HTTP 200 [pid: 7|app: 0|req: 471/939] 10.0.0.71 () {28 vars in 734 bytes} [Tue Apr 14 17:11:02 2026] GET /v3/4066d2bdd55e468184c548a51f266ab0/os-quota-sets/f85fc2bf6d4d4b2189b21aaa7a3944f9?usage=true => generated 847 bytes in 37 msecs (HTTP/1.1 200) 7 headers in 285 bytes (1 switches on core 0)
2026-04-14 17:11:02.290 8 INFO cinder.api.openstack.wsgi [None req-735096d0-7af2-4680-996d-9b7a54b6695d c81bf286376c418a8a4273fd5b4fd0da 4066d2bdd55e468184c548a51f266ab0 - - default default] GET http://cinder-api.openstack.svc.cluster.local:8776/v3/4066d2bdd55e468184c548a51f266ab0/os-services
2026-04-14 17:11:02.297 8 INFO cinder.api.openstack.wsgi [None req-735096d0-7af2-4680-996d-9b7a54b6695d c81bf286376c418a8a4273fd5b4fd0da 4066d2bdd55e468184c548a51f266ab0 - - default default] http://cinder-api.openstack.svc.cluster.local:8776/v3/4066d2bdd55e468184c548a51f266ab0/os-services returned with HTTP 200 [pid: 8|app: 0|req: 469/940] 10.0.0.71 () {28 vars in 643 bytes} [Tue Apr 14 17:11:02 2026] GET /v3/4066d2bdd55e468184c548a51f266ab0/os-services => generated 646 bytes in 19 msecs (HTTP/1.1 200) 7 headers in 285 bytes (1 switches on core 0)
2026-04-14 17:11:02.311 7 INFO cinder.api.openstack.wsgi [None req-ec6747c3-5e6a-4e19-81e6-cba974f9ab9e c81bf286376c418a8a4273fd5b4fd0da 4066d2bdd55e468184c548a51f266ab0 - - default default] GET http://cinder-api.openstack.svc.cluster.local:8776/v3/4066d2bdd55e468184c548a51f266ab0/volumes/detail?all_tenants=true
2026-04-14 17:11:02.325 7 INFO cinder.volume.api [None req-ec6747c3-5e6a-4e19-81e6-cba974f9ab9e c81bf286376c418a8a4273fd5b4fd0da 4066d2bdd55e468184c548a51f266ab0 - - default default] Get all volumes completed successfully.
2026-04-14 17:11:02.328 7 INFO cinder.api.openstack.wsgi [None req-ec6747c3-5e6a-4e19-81e6-cba974f9ab9e c81bf286376c418a8a4273fd5b4fd0da 4066d2bdd55e468184c548a51f266ab0 - - default default] http://cinder-api.openstack.svc.cluster.local:8776/v3/4066d2bdd55e468184c548a51f266ab0/volumes/detail?all_tenants=true returned with HTTP 200 [pid: 7|app: 0|req: 472/941] 10.0.0.71 () {28 vars in 682 bytes} [Tue Apr 14 17:11:02 2026] GET /v3/4066d2bdd55e468184c548a51f266ab0/volumes/detail?all_tenants=true => generated 15 bytes in 27 msecs (HTTP/1.1 200) 7 headers in 284 bytes (1 switches on core 0)
2026-04-14 17:11:02.345 8 INFO cinder.api.openstack.wsgi [None req-b6efe5fd-8f37-470b-af6f-63a28fccce87 c81bf286376c418a8a4273fd5b4fd0da 4066d2bdd55e468184c548a51f266ab0 - - default default] GET http://cinder-api.openstack.svc.cluster.local:8776/v3/4066d2bdd55e468184c548a51f266ab0/snapshots?all_tenants=true
2026-04-14 17:11:02.355 8 INFO cinder.volume.api [None req-b6efe5fd-8f37-470b-af6f-63a28fccce87 c81bf286376c418a8a4273fd5b4fd0da 4066d2bdd55e468184c548a51f266ab0 - - default default] Get all snapshots completed successfully.
2026-04-14 17:11:02.356 8 INFO cinder.api.openstack.wsgi [None req-b6efe5fd-8f37-470b-af6f-63a28fccce87 c81bf286376c418a8a4273fd5b4fd0da 4066d2bdd55e468184c548a51f266ab0 - - default default] http://cinder-api.openstack.svc.cluster.local:8776/v3/4066d2bdd55e468184c548a51f266ab0/snapshots?all_tenants=true returned with HTTP 200 [pid: 8|app: 0|req: 470/942] 10.0.0.71 () {28 vars in 672 bytes} [Tue Apr 14 17:11:02 2026] GET /v3/4066d2bdd55e468184c548a51f266ab0/snapshots?all_tenants=true => generated 17 bytes in 24 msecs (HTTP/1.1 200) 7 headers in 284 bytes (1 switches on core 0)
2026-04-14 17:11:03.944 7 INFO cinder.api.openstack.wsgi [None req-5c3db4a5-b175-4499-9d80-3bad1521d700 c81bf286376c418a8a4273fd5b4fd0da 4066d2bdd55e468184c548a51f266ab0 - - default default] POST http://cinder-api.openstack.svc.cluster.local:8776/v3/4066d2bdd55e468184c548a51f266ab0/volumes
2026-04-14 17:11:04.124 7 INFO cinder.api.v3.volumes [None req-5c3db4a5-b175-4499-9d80-3bad1521d700 c81bf286376c418a8a4273fd5b4fd0da 4066d2bdd55e468184c548a51f266ab0 - - default default] Create volume of 16 GB
2026-04-14 17:11:04.133 7 INFO cinder.volume.api [None req-5c3db4a5-b175-4499-9d80-3bad1521d700 c81bf286376c418a8a4273fd5b4fd0da 4066d2bdd55e468184c548a51f266ab0 - - default default] Availability Zones retrieved successfully.
2026-04-14 17:11:04.370 7 INFO cinder.volume.api [None req-5c3db4a5-b175-4499-9d80-3bad1521d700 c81bf286376c418a8a4273fd5b4fd0da 4066d2bdd55e468184c548a51f266ab0 - - default default] Create volume request issued successfully.
2026-04-14 17:11:04.371 7 INFO cinder.api.openstack.wsgi [None req-5c3db4a5-b175-4499-9d80-3bad1521d700 c81bf286376c418a8a4273fd5b4fd0da 4066d2bdd55e468184c548a51f266ab0 - - default default] http://cinder-api.openstack.svc.cluster.local:8776/v3/4066d2bdd55e468184c548a51f266ab0/volumes returned with HTTP 202 [pid: 7|app: 0|req: 473/943] 199.204.45.72 () {34 vars in 732 bytes} [Tue Apr 14 17:11:03 2026] POST /v3/4066d2bdd55e468184c548a51f266ab0/volumes => generated 846 bytes in 493 msecs (HTTP/1.1 202) 7 headers in 291 bytes (1 switches on core 0)
2026-04-14 17:11:04.387 8 INFO cinder.api.openstack.wsgi [req-5c3db4a5-b175-4499-9d80-3bad1521d700 req-67ba10d0-7e7d-460a-bdfd-0b3a88b57691 c81bf286376c418a8a4273fd5b4fd0da 4066d2bdd55e468184c548a51f266ab0 - - default default] GET http://cinder-api.openstack.svc.cluster.local:8776/v3/4066d2bdd55e468184c548a51f266ab0/volumes/c2e35202-5294-448b-9add-ed84c7332b69 /var/lib/openstack/lib/python3.10/site-packages/oslo_context/context.py:100: DeprecationWarning: Policy enforcement is depending on the value of is_admin. This key is deprecated. Please update your policy file to use the standard policy values. warnings.warn('Policy enforcement is depending on the value of '
2026-04-14 17:11:04.426 8 INFO cinder.volume.api [req-5c3db4a5-b175-4499-9d80-3bad1521d700 req-67ba10d0-7e7d-460a-bdfd-0b3a88b57691 c81bf286376c418a8a4273fd5b4fd0da 4066d2bdd55e468184c548a51f266ab0 - - default default] Volume info retrieved successfully.
2026-04-14 17:11:04.433 8 INFO cinder.api.openstack.wsgi [req-5c3db4a5-b175-4499-9d80-3bad1521d700 req-67ba10d0-7e7d-460a-bdfd-0b3a88b57691 c81bf286376c418a8a4273fd5b4fd0da 4066d2bdd55e468184c548a51f266ab0 - - default default] http://cinder-api.openstack.svc.cluster.local:8776/v3/4066d2bdd55e468184c548a51f266ab0/volumes/c2e35202-5294-448b-9add-ed84c7332b69 returned with HTTP 200 [pid: 8|app: 0|req: 471/944] 199.204.45.72 () {32 vars in 823 bytes} [Tue Apr 14 17:11:04 2026] GET /v3/4066d2bdd55e468184c548a51f266ab0/volumes/c2e35202-5294-448b-9add-ed84c7332b69 => generated 1025 bytes in 54 msecs (HTTP/1.1 200) 7 headers in 286 bytes (1 switches on core 0)
2026-04-14 17:11:05.430 7 INFO cinder.api.openstack.wsgi [None req-5c3db4a5-b175-4499-9d80-3bad1521d700 c81bf286376c418a8a4273fd5b4fd0da 4066d2bdd55e468184c548a51f266ab0 - - default default] GET http://10.0.0.28:8776/
2026-04-14 17:11:05.430 8 INFO cinder.api.openstack.wsgi [req-5c3db4a5-b175-4499-9d80-3bad1521d700 req-67ba10d0-7e7d-460a-bdfd-0b3a88b57691 c81bf286376c418a8a4273fd5b4fd0da 4066d2bdd55e468184c548a51f266ab0 - - default default] GET http://10.0.0.28:8776/
2026-04-14 17:11:05.431 7 INFO cinder.api.openstack.wsgi [None req-5c3db4a5-b175-4499-9d80-3bad1521d700 c81bf286376c418a8a4273fd5b4fd0da 4066d2bdd55e468184c548a51f266ab0 - - default default] http://10.0.0.28:8776/ returned with HTTP 300
2026-04-14 17:11:05.432 8 INFO cinder.api.openstack.wsgi [req-5c3db4a5-b175-4499-9d80-3bad1521d700 req-67ba10d0-7e7d-460a-bdfd-0b3a88b57691 c81bf286376c418a8a4273fd5b4fd0da 4066d2bdd55e468184c548a51f266ab0 - - default default] http://10.0.0.28:8776/ returned with HTTP 300 /var/lib/openstack/lib/python3.10/site-packages/pycadf/identifier.py:71: UserWarning: Invalid uuid: cinderv3. To ensure interoperability, identifiers should be a valid uuid. warnings.warn(('Invalid uuid: %s. To ensure interoperability, '
2026-04-14 17:11:09.459 7 INFO cinder.api.openstack.wsgi [req-5c3db4a5-b175-4499-9d80-3bad1521d700 req-e5fb453e-ed39-4fb5-ab91-6f3c0092eff2 c81bf286376c418a8a4273fd5b4fd0da 4066d2bdd55e468184c548a51f266ab0 - - default default] GET http://cinder-api.openstack.svc.cluster.local:8776/v3/4066d2bdd55e468184c548a51f266ab0/volumes/c2e35202-5294-448b-9add-ed84c7332b69 /var/lib/openstack/lib/python3.10/site-packages/oslo_context/context.py:100: DeprecationWarning: Policy enforcement is depending on the value of is_admin. This key is deprecated. Please update your policy file to use the standard policy values. warnings.warn('Policy enforcement is depending on the value of '
2026-04-14 17:11:09.475 7 INFO cinder.volume.api [req-5c3db4a5-b175-4499-9d80-3bad1521d700 req-e5fb453e-ed39-4fb5-ab91-6f3c0092eff2 c81bf286376c418a8a4273fd5b4fd0da 4066d2bdd55e468184c548a51f266ab0 - - default default] Volume info retrieved successfully.
2026-04-14 17:11:09.481 7 INFO cinder.api.openstack.wsgi [req-5c3db4a5-b175-4499-9d80-3bad1521d700 req-e5fb453e-ed39-4fb5-ab91-6f3c0092eff2 c81bf286376c418a8a4273fd5b4fd0da 4066d2bdd55e468184c548a51f266ab0 - - default default] http://cinder-api.openstack.svc.cluster.local:8776/v3/4066d2bdd55e468184c548a51f266ab0/volumes/c2e35202-5294-448b-9add-ed84c7332b69 returned with HTTP 200 [pid: 7|app: 0|req: 475/947] 199.204.45.72 () {32 vars in 823 bytes} [Tue Apr 14 17:11:09 2026] GET /v3/4066d2bdd55e468184c548a51f266ab0/volumes/c2e35202-5294-448b-9add-ed84c7332b69 => generated 1489 bytes in 31 msecs (HTTP/1.1 200) 7 headers in 286 bytes (1 switches on core 0) /var/lib/openstack/lib/python3.10/site-packages/pycadf/identifier.py:71: UserWarning: Invalid uuid: cinderv3. To ensure interoperability, identifiers should be a valid uuid. warnings.warn(('Invalid uuid: %s. To ensure interoperability, '
2026-04-14 17:11:09.914 8 INFO cinder.api.openstack.wsgi [req-df754704-dcef-4bf4-8b8d-7bdd68f06a3b req-051dd3d7-cfec-4ca4-acf5-c66cddeff13b c81bf286376c418a8a4273fd5b4fd0da 4066d2bdd55e468184c548a51f266ab0 - - default default] GET http://cinder-api.openstack.svc.cluster.local:8776/v3/4066d2bdd55e468184c548a51f266ab0/volumes/c2e35202-5294-448b-9add-ed84c7332b69 /var/lib/openstack/lib/python3.10/site-packages/oslo_context/context.py:100: DeprecationWarning: Policy enforcement is depending on the value of is_admin. This key is deprecated. Please update your policy file to use the standard policy values. warnings.warn('Policy enforcement is depending on the value of '
2026-04-14 17:11:09.930 8 INFO cinder.volume.api [req-df754704-dcef-4bf4-8b8d-7bdd68f06a3b req-051dd3d7-cfec-4ca4-acf5-c66cddeff13b c81bf286376c418a8a4273fd5b4fd0da 4066d2bdd55e468184c548a51f266ab0 - - default default] Volume info retrieved successfully.
2026-04-14 17:11:09.937 8 INFO cinder.api.openstack.wsgi [req-df754704-dcef-4bf4-8b8d-7bdd68f06a3b req-051dd3d7-cfec-4ca4-acf5-c66cddeff13b c81bf286376c418a8a4273fd5b4fd0da 4066d2bdd55e468184c548a51f266ab0 - - default default] http://cinder-api.openstack.svc.cluster.local:8776/v3/4066d2bdd55e468184c548a51f266ab0/volumes/c2e35202-5294-448b-9add-ed84c7332b69 returned with HTTP 200 [pid: 8|app: 0|req: 473/948] 10.0.0.83 () {34 vars in 1026 bytes} [Tue Apr 14 17:11:09 2026] GET /v3/4066d2bdd55e468184c548a51f266ab0/volumes/c2e35202-5294-448b-9add-ed84c7332b69 => generated 1489 bytes in 34 msecs (HTTP/1.1 200) 7 headers in 286 bytes (1 switches on core 0) /var/lib/openstack/lib/python3.10/site-packages/pycadf/identifier.py:71: UserWarning: Invalid uuid: cinderv3. To ensure interoperability, identifiers should be a valid uuid. warnings.warn(('Invalid uuid: %s. To ensure interoperability, '
2026-04-14 17:11:10.493 7 INFO cinder.api.openstack.wsgi [req-df754704-dcef-4bf4-8b8d-7bdd68f06a3b req-d409d382-c7f7-4fc9-9b3c-32dabe1753bb c81bf286376c418a8a4273fd5b4fd0da 4066d2bdd55e468184c548a51f266ab0 - - default default] GET http://cinder-api.openstack.svc.cluster.local:8776/v3/4066d2bdd55e468184c548a51f266ab0/volumes/c2e35202-5294-448b-9add-ed84c7332b69 /var/lib/openstack/lib/python3.10/site-packages/oslo_context/context.py:100: DeprecationWarning: Policy enforcement is depending on the value of is_admin. This key is deprecated. Please update your policy file to use the standard policy values. warnings.warn('Policy enforcement is depending on the value of '
2026-04-14 17:11:10.509 7 INFO cinder.volume.api [req-df754704-dcef-4bf4-8b8d-7bdd68f06a3b req-d409d382-c7f7-4fc9-9b3c-32dabe1753bb c81bf286376c418a8a4273fd5b4fd0da 4066d2bdd55e468184c548a51f266ab0 - - default default] Volume info retrieved successfully.
2026-04-14 17:11:10.514 7 INFO cinder.api.openstack.wsgi [req-df754704-dcef-4bf4-8b8d-7bdd68f06a3b req-d409d382-c7f7-4fc9-9b3c-32dabe1753bb c81bf286376c418a8a4273fd5b4fd0da 4066d2bdd55e468184c548a51f266ab0 - - default default] http://cinder-api.openstack.svc.cluster.local:8776/v3/4066d2bdd55e468184c548a51f266ab0/volumes/c2e35202-5294-448b-9add-ed84c7332b69 returned with HTTP 200 [pid: 7|app: 0|req: 476/949] 10.0.0.83 () {34 vars in 1026 bytes} [Tue Apr 14 17:11:10 2026] GET /v3/4066d2bdd55e468184c548a51f266ab0/volumes/c2e35202-5294-448b-9add-ed84c7332b69 => generated 1489 bytes in 28 msecs (HTTP/1.1 200) 7 headers in 286 bytes (1 switches on core 0)
2026-04-14 17:11:10.527 8 INFO cinder.api.openstack.wsgi [req-df754704-dcef-4bf4-8b8d-7bdd68f06a3b req-051dd3d7-cfec-4ca4-acf5-c66cddeff13b c81bf286376c418a8a4273fd5b4fd0da 4066d2bdd55e468184c548a51f266ab0 - - default default] GET http://cinder-api.openstack.svc.cluster.local:8776/
2026-04-14 17:11:10.528 8 INFO cinder.api.openstack.wsgi [req-df754704-dcef-4bf4-8b8d-7bdd68f06a3b req-051dd3d7-cfec-4ca4-acf5-c66cddeff13b c81bf286376c418a8a4273fd5b4fd0da 4066d2bdd55e468184c548a51f266ab0 - - default default] http://cinder-api.openstack.svc.cluster.local:8776/ returned with HTTP 300 [pid: 8|app: 0|req: 474/950] 10.0.0.83 () {32 vars in 827 bytes} [Tue Apr 14 17:11:10 2026] GET / => generated 411 bytes in 3 msecs (HTTP/1.1 300) 5 headers in 169 bytes (1 switches on core 0) /var/lib/openstack/lib/python3.10/site-packages/pycadf/identifier.py:71: UserWarning: Invalid uuid: cinderv3. To ensure interoperability, identifiers should be a valid uuid. warnings.warn(('Invalid uuid: %s. To ensure interoperability, '
2026-04-14 17:11:10.548 7 INFO cinder.api.openstack.wsgi [req-df754704-dcef-4bf4-8b8d-7bdd68f06a3b req-eb01af81-b151-4372-8853-f0808dbae47c c81bf286376c418a8a4273fd5b4fd0da 4066d2bdd55e468184c548a51f266ab0 - - default default] POST http://cinder-api.openstack.svc.cluster.local:8776/v3/4066d2bdd55e468184c548a51f266ab0/attachments /var/lib/openstack/lib/python3.10/site-packages/oslo_context/context.py:100: DeprecationWarning: Policy enforcement is depending on the value of is_admin. This key is deprecated. Please update your policy file to use the standard policy values. warnings.warn('Policy enforcement is depending on the value of '
2026-04-14 17:11:10.601 7 INFO cinder.api.openstack.wsgi [req-df754704-dcef-4bf4-8b8d-7bdd68f06a3b req-eb01af81-b151-4372-8853-f0808dbae47c c81bf286376c418a8a4273fd5b4fd0da 4066d2bdd55e468184c548a51f266ab0 - - default default] http://cinder-api.openstack.svc.cluster.local:8776/v3/4066d2bdd55e468184c548a51f266ab0/attachments returned with HTTP 200 [pid: 7|app: 0|req: 477/951] 10.0.0.83 () {40 vars in 1055 bytes} [Tue Apr 14 17:11:10 2026] POST /v3/4066d2bdd55e468184c548a51f266ab0/attachments => generated 273 bytes in 75 msecs (HTTP/1.1 200) 7 headers in 286 bytes (1 switches on core 0) /var/lib/openstack/lib/python3.10/site-packages/pycadf/identifier.py:71: UserWarning: Invalid uuid: cinderv3. To ensure interoperability, identifiers should be a valid uuid. warnings.warn(('Invalid uuid: %s. To ensure interoperability, '
2026-04-14 17:11:11.279 8 INFO cinder.api.openstack.wsgi [req-5c3db4a5-b175-4499-9d80-3bad1521d700 req-a52a177b-ca38-49dc-8569-0ac135130bef c81bf286376c418a8a4273fd5b4fd0da 4066d2bdd55e468184c548a51f266ab0 - - default default] GET http://cinder-api.openstack.svc.cluster.local:8776/v3/4066d2bdd55e468184c548a51f266ab0/volumes/c2e35202-5294-448b-9add-ed84c7332b69 /var/lib/openstack/lib/python3.10/site-packages/oslo_context/context.py:100: DeprecationWarning: Policy enforcement is depending on the value of is_admin. This key is deprecated. Please update your policy file to use the standard policy values. warnings.warn('Policy enforcement is depending on the value of '
2026-04-14 17:11:11.336 8 INFO cinder.volume.api [req-5c3db4a5-b175-4499-9d80-3bad1521d700 req-a52a177b-ca38-49dc-8569-0ac135130bef c81bf286376c418a8a4273fd5b4fd0da 4066d2bdd55e468184c548a51f266ab0 - - default default] Volume info retrieved successfully.
2026-04-14 17:11:11.343 8 INFO cinder.api.openstack.wsgi [req-5c3db4a5-b175-4499-9d80-3bad1521d700 req-a52a177b-ca38-49dc-8569-0ac135130bef c81bf286376c418a8a4273fd5b4fd0da 4066d2bdd55e468184c548a51f266ab0 - - default default] http://cinder-api.openstack.svc.cluster.local:8776/v3/4066d2bdd55e468184c548a51f266ab0/volumes/c2e35202-5294-448b-9add-ed84c7332b69 returned with HTTP 200 [pid: 8|app: 0|req: 475/952] 199.204.45.72 () {32 vars in 823 bytes} [Tue Apr 14 17:11:11 2026] GET /v3/4066d2bdd55e468184c548a51f266ab0/volumes/c2e35202-5294-448b-9add-ed84c7332b69 => generated 1488 bytes in 75 msecs (HTTP/1.1 200) 7 headers in 286 bytes (1 switches on core 0)
2026-04-14 17:11:11.715 7 INFO cinder.api.openstack.wsgi [req-df754704-dcef-4bf4-8b8d-7bdd68f06a3b req-eb01af81-b151-4372-8853-f0808dbae47c c81bf286376c418a8a4273fd5b4fd0da 4066d2bdd55e468184c548a51f266ab0 - - default default] GET http://cinder-api.openstack.svc.cluster.local:8776/
2026-04-14 17:11:11.716 7 INFO cinder.api.openstack.wsgi [req-df754704-dcef-4bf4-8b8d-7bdd68f06a3b req-eb01af81-b151-4372-8853-f0808dbae47c c81bf286376c418a8a4273fd5b4fd0da 4066d2bdd55e468184c548a51f266ab0 - - default default] http://cinder-api.openstack.svc.cluster.local:8776/ returned with HTTP 300 [pid: 7|app: 0|req: 478/953] 199.204.45.72 () {32 vars in 838 bytes} [Tue Apr 14 17:11:11 2026] GET / => generated 411 bytes in 3 msecs (HTTP/1.1 300) 5 headers in 169 bytes (1 switches on core 0) /var/lib/openstack/lib/python3.10/site-packages/pycadf/identifier.py:71: UserWarning: Invalid uuid: cinderv3. To ensure interoperability, identifiers should be a valid uuid. warnings.warn(('Invalid uuid: %s. To ensure interoperability, '
2026-04-14 17:11:11.731 8 INFO cinder.api.openstack.wsgi [req-df754704-dcef-4bf4-8b8d-7bdd68f06a3b req-9bb76e46-3ab9-4cb4-a894-75e2f4b3ee16 c81bf286376c418a8a4273fd5b4fd0da 4066d2bdd55e468184c548a51f266ab0 - - default default] GET http://cinder-api.openstack.svc.cluster.local:8776/v3/4066d2bdd55e468184c548a51f266ab0/volumes/c2e35202-5294-448b-9add-ed84c7332b69 /var/lib/openstack/lib/python3.10/site-packages/oslo_context/context.py:100: DeprecationWarning: Policy enforcement is depending on the value of is_admin. This key is deprecated. Please update your policy file to use the standard policy values. warnings.warn('Policy enforcement is depending on the value of '
2026-04-14 17:11:11.759 8 INFO cinder.volume.api [req-df754704-dcef-4bf4-8b8d-7bdd68f06a3b req-9bb76e46-3ab9-4cb4-a894-75e2f4b3ee16 c81bf286376c418a8a4273fd5b4fd0da 4066d2bdd55e468184c548a51f266ab0 - - default default] Volume info retrieved successfully.
2026-04-14 17:11:11.767 8 INFO cinder.api.openstack.wsgi [req-df754704-dcef-4bf4-8b8d-7bdd68f06a3b req-9bb76e46-3ab9-4cb4-a894-75e2f4b3ee16 c81bf286376c418a8a4273fd5b4fd0da 4066d2bdd55e468184c548a51f266ab0 - - default default] http://cinder-api.openstack.svc.cluster.local:8776/v3/4066d2bdd55e468184c548a51f266ab0/volumes/c2e35202-5294-448b-9add-ed84c7332b69 returned with HTTP 200 [pid: 8|app: 0|req: 476/954] 199.204.45.72 () {36 vars in 1071 bytes} [Tue Apr 14 17:11:11 2026] GET /v3/4066d2bdd55e468184c548a51f266ab0/volumes/c2e35202-5294-448b-9add-ed84c7332b69 => generated 1608 bytes in 44 msecs (HTTP/1.1 200) 7 headers in 287 bytes (1 switches on core 0) /var/lib/openstack/lib/python3.10/site-packages/pycadf/identifier.py:71: UserWarning: Invalid uuid: cinderv3. To ensure interoperability, identifiers should be a valid uuid. warnings.warn(('Invalid uuid: %s. To ensure interoperability, '
2026-04-14 17:11:11.850 7 INFO cinder.api.openstack.wsgi [req-df754704-dcef-4bf4-8b8d-7bdd68f06a3b req-f4ab6ba4-a31d-49a2-ad34-e5eec76e1480 c81bf286376c418a8a4273fd5b4fd0da 4066d2bdd55e468184c548a51f266ab0 - - default default] PUT http://cinder-api.openstack.svc.cluster.local:8776/v3/4066d2bdd55e468184c548a51f266ab0/attachments/68ded2a9-f3e2-4523-898a-11e1cf2cba5c /var/lib/openstack/lib/python3.10/site-packages/oslo_context/context.py:100: DeprecationWarning: Policy enforcement is depending on the value of is_admin. This key is deprecated. Please update your policy file to use the standard policy values. warnings.warn('Policy enforcement is depending on the value of '
2026-04-14 17:11:12.575 7 INFO cinder.api.openstack.wsgi [req-df754704-dcef-4bf4-8b8d-7bdd68f06a3b req-f4ab6ba4-a31d-49a2-ad34-e5eec76e1480 c81bf286376c418a8a4273fd5b4fd0da 4066d2bdd55e468184c548a51f266ab0 - - default default] http://cinder-api.openstack.svc.cluster.local:8776/v3/4066d2bdd55e468184c548a51f266ab0/attachments/68ded2a9-f3e2-4523-898a-11e1cf2cba5c returned with HTTP 200 [pid: 7|app: 0|req: 479/955] 199.204.45.72 () {40 vars in 1132 bytes} [Tue Apr 14 17:11:11 2026] PUT /v3/4066d2bdd55e468184c548a51f266ab0/attachments/68ded2a9-f3e2-4523-898a-11e1cf2cba5c => generated 775 bytes in 738 msecs (HTTP/1.1 200) 7 headers in 286 bytes (1 switches on core 0) /var/lib/openstack/lib/python3.10/site-packages/pycadf/identifier.py:71: UserWarning: Invalid uuid: cinderv3. To ensure interoperability, identifiers should be a valid uuid. warnings.warn(('Invalid uuid: %s. To ensure interoperability, '
2026-04-14 17:11:12.630 8 INFO cinder.api.openstack.wsgi [req-df754704-dcef-4bf4-8b8d-7bdd68f06a3b req-439513e3-2e50-43ab-a55d-32785c6b9d7f c81bf286376c418a8a4273fd5b4fd0da 4066d2bdd55e468184c548a51f266ab0 - - default default] POST http://cinder-api.openstack.svc.cluster.local:8776/v3/4066d2bdd55e468184c548a51f266ab0/attachments/68ded2a9-f3e2-4523-898a-11e1cf2cba5c/action /var/lib/openstack/lib/python3.10/site-packages/oslo_context/context.py:100: DeprecationWarning: Policy enforcement is depending on the value of is_admin. This key is deprecated. Please update your policy file to use the standard policy values. warnings.warn('Policy enforcement is depending on the value of '
