2026-05-05 23:35:02.234 8 INFO placement.requestlog [None req-df35e91e-2322-437a-8cea-7b3832366a02 96206781dff043fbb6dbf9e4ee737ac5 4352df00a9194c72a3c9c311d030e820 - - 94442627a998430f8454c623e142f7c1 94442627a998430f8454c623e142f7c1] 10.0.0.176 "GET /resource_providers/46ead828-c293-4537-8ec6-f669ac160d7b/aggregates" status: 404 len: 235 microversion: 1.1 [pid: 8|app: 0|req: 539/1079] 10.0.0.176 () {32 vars in 825 bytes} [Tue May 5 23:35:02 2026] GET /resource_providers/46ead828-c293-4537-8ec6-f669ac160d7b/aggregates => generated 235 bytes in 10 msecs (HTTP/1.1 404) 5 headers in 202 bytes (1 switches on core 0)
2026-05-05 23:35:02.238 7 INFO placement.requestlog [None req-4adb9008-ff0b-4b3b-9caf-3c37966d1ead 96206781dff043fbb6dbf9e4ee737ac5 4352df00a9194c72a3c9c311d030e820 - - 94442627a998430f8454c623e142f7c1 94442627a998430f8454c623e142f7c1] 10.0.0.176 "GET /resource_providers/46ead828-c293-4537-8ec6-f669ac160d7b/aggregates" status: 404 len: 235 microversion: 1.1 [pid: 7|app: 0|req: 541/1080] 10.0.0.176 () {32 vars in 825 bytes} [Tue May 5 23:35:02 2026] GET /resource_providers/46ead828-c293-4537-8ec6-f669ac160d7b/aggregates => generated 235 bytes in 14 msecs (HTTP/1.1 404) 5 headers in 202 bytes (1 switches on core 0)
2026-05-05 23:35:02.264 8 INFO placement.requestlog [None req-b7202d54-d062-4c8d-b6b6-ae4d9732586e 96206781dff043fbb6dbf9e4ee737ac5 4352df00a9194c72a3c9c311d030e820 - - 94442627a998430f8454c623e142f7c1 94442627a998430f8454c623e142f7c1] 10.0.0.176 "DELETE /resource_providers/46ead828-c293-4537-8ec6-f669ac160d7b" status: 404 len: 246 microversion: 1.1 [pid: 8|app: 0|req: 540/1081] 10.0.0.176 () {34 vars in 825 bytes} [Tue May 5 23:35:02 2026] DELETE /resource_providers/46ead828-c293-4537-8ec6-f669ac160d7b => generated 246 bytes in 16 msecs (HTTP/1.1 404) 6 headers in 231 bytes (1 switches on core 0)
2026-05-05 23:35:02.267 7 INFO placement.requestlog [None req-aa355dd6-d0d8-451d-b80a-3d06dbff5b03 96206781dff043fbb6dbf9e4ee737ac5 4352df00a9194c72a3c9c311d030e820 - - 94442627a998430f8454c623e142f7c1 94442627a998430f8454c623e142f7c1] 10.0.0.176 "DELETE /resource_providers/46ead828-c293-4537-8ec6-f669ac160d7b" status: 404 len: 246 microversion: 1.1 [pid: 7|app: 0|req: 542/1082] 10.0.0.176 () {34 vars in 825 bytes} [Tue May 5 23:35:02 2026] DELETE /resource_providers/46ead828-c293-4537-8ec6-f669ac160d7b => generated 246 bytes in 12 msecs (HTTP/1.1 404) 6 headers in 231 bytes (1 switches on core 0)
2026-05-05 23:35:06.544 8 INFO placement.requestlog [req-69ed2370-49b7-4952-84db-80eb4f7cc400 req-6e0e394c-60e6-43e6-aad8-9082dbc9d64f f0b674a19e1043d684f06e1aecf7d145 4352df00a9194c72a3c9c311d030e820 - - 94442627a998430f8454c623e142f7c1 94442627a998430f8454c623e142f7c1] 10.0.0.86 "GET /allocation_candidates?limit=1000&resources=DISK_GB%3A1%2CMEMORY_MB%3A512%2CVCPU%3A1&root_required=%21COMPUTE_STATUS_DISABLED" status: 200 len: 2220 microversion: 1.36 [pid: 8|app: 0|req: 541/1083] 10.0.0.86 () {34 vars in 1011 bytes} [Tue May 5 23:35:06 2026] GET /allocation_candidates?limit=1000&resources=DISK_GB%3A1%2CMEMORY_MB%3A512%2CVCPU%3A1&root_required=%21COMPUTE_STATUS_DISABLED => generated 2220 bytes in 66 msecs (HTTP/1.1 200) 8 headers in 297 bytes (1 switches on core 0)
2026-05-05 23:35:06.578 7 INFO placement.requestlog [req-69ed2370-49b7-4952-84db-80eb4f7cc400 req-2958cb6e-f83b-4950-aab3-bd62a5e44a39 f0b674a19e1043d684f06e1aecf7d145 4352df00a9194c72a3c9c311d030e820 - - 94442627a998430f8454c623e142f7c1 94442627a998430f8454c623e142f7c1] 10.0.0.86 "GET /allocations/f1ce3c42-3831-4e4e-8f1a-9c370af75009" status: 200 len: 19 microversion: 1.28 [pid: 7|app: 0|req: 543/1084] 10.0.0.86 () {34 vars in 860 bytes} [Tue May 5 23:35:06 2026] GET /allocations/f1ce3c42-3831-4e4e-8f1a-9c370af75009 => generated 19 bytes in 12 msecs (HTTP/1.1 200) 8 headers in 295 bytes (1 switches on core 0)
2026-05-05 23:35:06.643 8 INFO placement.requestlog [req-69ed2370-49b7-4952-84db-80eb4f7cc400 req-b1bd7e40-74f6-4fc6-9460-feaacec6c7f3 f0b674a19e1043d684f06e1aecf7d145 4352df00a9194c72a3c9c311d030e820 - - 94442627a998430f8454c623e142f7c1 94442627a998430f8454c623e142f7c1] 10.0.0.86 "PUT /allocations/f1ce3c42-3831-4e4e-8f1a-9c370af75009" status: 204 len: 0 microversion: 1.36 [pid: 8|app: 0|req: 542/1085] 10.0.0.86 () {38 vars in 913 bytes} [Tue May 5 23:35:06 2026] PUT /allocations/f1ce3c42-3831-4e4e-8f1a-9c370af75009 => generated 0 bytes in 60 msecs (HTTP/1.1 204) 5 headers in 199 bytes (1 switches on core 0)
2026-05-05 23:35:06.915 7 INFO placement.requestlog [req-69ed2370-49b7-4952-84db-80eb4f7cc400 req-4f231423-25b0-4feb-b45c-58098b0806e8 f0b674a19e1043d684f06e1aecf7d145 4352df00a9194c72a3c9c311d030e820 - - 94442627a998430f8454c623e142f7c1 94442627a998430f8454c623e142f7c1] 199.204.45.72 "GET /allocations/f1ce3c42-3831-4e4e-8f1a-9c370af75009" status: 200 len: 258 microversion: 1.28 [pid: 7|app: 0|req: 544/1086] 199.204.45.72 () {34 vars in 862 bytes} [Tue May 5 23:35:06 2026] GET /allocations/f1ce3c42-3831-4e4e-8f1a-9c370af75009 => generated 258 bytes in 15 msecs (HTTP/1.1 200) 8 headers in 296 bytes (1 switches on core 0)
2026-05-05 23:35:07.024 8 INFO placement.requestlog [req-69ed2370-49b7-4952-84db-80eb4f7cc400 req-2b82b9ce-0793-4268-86b8-4c0b34384328 f0b674a19e1043d684f06e1aecf7d145 4352df00a9194c72a3c9c311d030e820 - - 94442627a998430f8454c623e142f7c1 94442627a998430f8454c623e142f7c1] 199.204.45.72 "GET /resource_providers/581d2275-93f1-4eed-ba49-6b4e4f42e6de/allocations" status: 200 len: 540 microversion: 1.0 [pid: 8|app: 0|req: 543/1087] 199.204.45.72 () {32 vars in 856 bytes} [Tue May 5 23:35:07 2026] GET /resource_providers/581d2275-93f1-4eed-ba49-6b4e4f42e6de/allocations => generated 540 bytes in 18 msecs (HTTP/1.1 200) 6 headers in 224 bytes (1 switches on core 0)
2026-05-05 23:35:07.043 7 INFO placement.requestlog [req-69ed2370-49b7-4952-84db-80eb4f7cc400 req-9699afc5-fed9-4be0-8e1a-c6c23b3b65fc f0b674a19e1043d684f06e1aecf7d145 4352df00a9194c72a3c9c311d030e820 - - 94442627a998430f8454c623e142f7c1 94442627a998430f8454c623e142f7c1] 199.204.45.72 "GET /allocations/f1ce3c42-3831-4e4e-8f1a-9c370af75009" status: 200 len: 258 microversion: 1.28 [pid: 7|app: 0|req: 545/1088] 199.204.45.72 () {34 vars in 862 bytes} [Tue May 5 23:35:07 2026] GET /allocations/f1ce3c42-3831-4e4e-8f1a-9c370af75009 => generated 258 bytes in 13 msecs (HTTP/1.1 200) 8 headers in 296 bytes (1 switches on core 0)
2026-05-05 23:35:07.066 8 INFO placement.requestlog [req-69ed2370-49b7-4952-84db-80eb4f7cc400 req-5a5893a2-fcca-4e7c-88b7-b82af4844aca f0b674a19e1043d684f06e1aecf7d145 4352df00a9194c72a3c9c311d030e820 - - 94442627a998430f8454c623e142f7c1 94442627a998430f8454c623e142f7c1] 199.204.45.72 "GET /allocations/a4685da4-d970-4e59-9589-d1a6593d3e0c" status: 200 len: 258 microversion: 1.28 [pid: 8|app: 0|req: 544/1089] 199.204.45.72 () {34 vars in 862 bytes} [Tue May 5 23:35:07 2026] GET /allocations/a4685da4-d970-4e59-9589-d1a6593d3e0c => generated 258 bytes in 15 msecs (HTTP/1.1 200) 8 headers in 296 bytes (1 switches on core 0)
2026-05-05 23:35:07.090 7 INFO placement.requestlog [req-69ed2370-49b7-4952-84db-80eb4f7cc400 req-8a7c3fe1-f1f0-45d2-b7c2-9bf3bfacc273 f0b674a19e1043d684f06e1aecf7d145 4352df00a9194c72a3c9c311d030e820 - - 94442627a998430f8454c623e142f7c1 94442627a998430f8454c623e142f7c1] 199.204.45.72 "GET /allocations/96576383-afbf-48b7-8a06-ee12e6473198" status: 200 len: 258 microversion: 1.28 [pid: 7|app: 0|req: 546/1090] 199.204.45.72 () {34 vars in 862 bytes} [Tue May 5 23:35:07 2026] GET /allocations/96576383-afbf-48b7-8a06-ee12e6473198 => generated 258 bytes in 16 msecs (HTTP/1.1 200) 8 headers in 296 bytes (1 switches on core 0)
2026-05-05 23:35:07.112 8 INFO placement.requestlog [req-69ed2370-49b7-4952-84db-80eb4f7cc400 req-316c1ec2-833c-4eff-bd1e-e809e9072804 f0b674a19e1043d684f06e1aecf7d145 4352df00a9194c72a3c9c311d030e820 - - 94442627a998430f8454c623e142f7c1 94442627a998430f8454c623e142f7c1] 199.204.45.72 "GET /allocations/ecf71b3d-eb4c-4125-8c68-2ddeb1b316e7" status: 200 len: 245 microversion: 1.28 [pid: 8|app: 0|req: 545/1091] 199.204.45.72 () {34 vars in 862 bytes} [Tue May 5 23:35:07 2026] GET /allocations/ecf71b3d-eb4c-4125-8c68-2ddeb1b316e7 => generated 245 bytes in 15 msecs (HTTP/1.1 200) 8 headers in 296 bytes (1 switches on core 0)
2026-05-05 23:35:07.134 7 INFO placement.requestlog [req-69ed2370-49b7-4952-84db-80eb4f7cc400 req-f375d399-1163-422b-aee3-0e47b69d9613 f0b674a19e1043d684f06e1aecf7d145 4352df00a9194c72a3c9c311d030e820 - - 94442627a998430f8454c623e142f7c1 94442627a998430f8454c623e142f7c1] 199.204.45.72 "GET /allocations/48c88c13-6ac7-41b4-8a6b-29c6235b8cae" status: 200 len: 258 microversion: 1.28 [pid: 7|app: 0|req: 547/1092] 199.204.45.72 () {34 vars in 862 bytes} [Tue May 5 23:35:07 2026] GET /allocations/48c88c13-6ac7-41b4-8a6b-29c6235b8cae => generated 258 bytes in 14 msecs (HTTP/1.1 200) 8 headers in 296 bytes (1 switches on core 0)
2026-05-05 23:35:11.782 8 INFO placement.requestlog [None req-66f56245-6d4a-4cc2-a8d3-fbd8ac3502b3 96206781dff043fbb6dbf9e4ee737ac5 4352df00a9194c72a3c9c311d030e820 - - 94442627a998430f8454c623e142f7c1 94442627a998430f8454c623e142f7c1] 10.0.0.176 "GET /resource_providers/c87312dd-333e-4700-9630-1e1ab1c9796a/aggregates" status: 404 len: 235 microversion: 1.1 [pid: 8|app: 0|req: 546/1093] 10.0.0.176 () {32 vars in 825 bytes} [Tue May 5 23:35:11 2026] GET /resource_providers/c87312dd-333e-4700-9630-1e1ab1c9796a/aggregates => generated 235 bytes in 14 msecs (HTTP/1.1 404) 5 headers in 202 bytes (1 switches on core 0)
2026-05-05 23:35:11.783 7 INFO placement.requestlog [None req-d6d441c1-42ff-4b44-89f0-7901810fea52 96206781dff043fbb6dbf9e4ee737ac5 4352df00a9194c72a3c9c311d030e820 - - 94442627a998430f8454c623e142f7c1 94442627a998430f8454c623e142f7c1] 10.0.0.176 "GET /resource_providers/c87312dd-333e-4700-9630-1e1ab1c9796a/aggregates" status: 404 len: 235 microversion: 1.1 [pid: 7|app: 0|req: 548/1094] 10.0.0.176 () {32 vars in 825 bytes} [Tue May 5 23:35:11 2026] GET /resource_providers/c87312dd-333e-4700-9630-1e1ab1c9796a/aggregates => generated 235 bytes in 11 msecs (HTTP/1.1 404) 5 headers in 202 bytes (1 switches on core 0)
2026-05-05 23:35:11.792 8 INFO placement.requestlog [None req-3034fc96-7954-4a43-a191-405269773763 - - - - - -] 10.0.0.159 "GET /" status: 200 len: 136 microversion: 1.0
2026-05-05 23:35:11.794 7 INFO placement.requestlog [None req-5b594ca4-fd98-4996-a03a-ac65e664c4cd - - - - - -] 10.0.0.159 "GET /" status: 200 len: 136 microversion: 1.0
2026-05-05 23:35:11.811 7 INFO placement.requestlog [None req-bc2b143e-0f5e-4a81-ba18-4f35796a5574 96206781dff043fbb6dbf9e4ee737ac5 4352df00a9194c72a3c9c311d030e820 - - 94442627a998430f8454c623e142f7c1 94442627a998430f8454c623e142f7c1] 10.0.0.176 "DELETE /resource_providers/c87312dd-333e-4700-9630-1e1ab1c9796a" status: 404 len: 246 microversion: 1.1 [pid: 7|app: 0|req: 550/1097] 10.0.0.176 () {34 vars in 825 bytes} [Tue May 5 23:35:11 2026] DELETE /resource_providers/c87312dd-333e-4700-9630-1e1ab1c9796a => generated 246 bytes in 16 msecs (HTTP/1.1 404) 6 headers in 231 bytes (1 switches on core 0)
2026-05-05 23:35:11.813 8 INFO placement.requestlog [None req-d7fe0f9a-4433-4c9f-b93d-34d183bf01db 96206781dff043fbb6dbf9e4ee737ac5 4352df00a9194c72a3c9c311d030e820 - - 94442627a998430f8454c623e142f7c1 94442627a998430f8454c623e142f7c1] 10.0.0.176 "DELETE /resource_providers/c87312dd-333e-4700-9630-1e1ab1c9796a" status: 404 len: 246 microversion: 1.1 [pid: 8|app: 0|req: 548/1098] 10.0.0.176 () {34 vars in 825 bytes} [Tue May 5 23:35:11 2026] DELETE /resource_providers/c87312dd-333e-4700-9630-1e1ab1c9796a => generated 246 bytes in 23 msecs (HTTP/1.1 404) 6 headers in 231 bytes (1 switches on core 0)
2026-05-05 23:35:21.792 8 INFO placement.requestlog [None req-55fe57a6-c173-4ff5-b225-455b4b4764ca - - - - - -] 10.0.0.159 "GET /" status: 200 len: 136 microversion: 1.0
2026-05-05 23:35:21.793 7 INFO placement.requestlog [None req-50519053-1b03-44ce-b0aa-8a6aeced63ed - - - - - -] 10.0.0.159 "GET /" status: 200 len: 136 microversion: 1.0
2026-05-05 23:35:26.169 8 INFO placement.requestlog [req-2abe3532-f83e-4d46-9552-0c1de8a6c4ee req-5689f5d7-0e8c-431c-a8a2-331fa51ccea8 f0b674a19e1043d684f06e1aecf7d145 4352df00a9194c72a3c9c311d030e820 - - 94442627a998430f8454c623e142f7c1 94442627a998430f8454c623e142f7c1] 199.204.45.72 "GET /resource_providers/581d2275-93f1-4eed-ba49-6b4e4f42e6de/allocations" status: 200 len: 540 microversion: 1.0 [pid: 8|app: 0|req: 550/1101] 199.204.45.72 () {32 vars in 856 bytes} [Tue May 5 23:35:26 2026] GET /resource_providers/581d2275-93f1-4eed-ba49-6b4e4f42e6de/allocations => generated 540 bytes in 25 msecs (HTTP/1.1 200) 6 headers in 224 bytes (1 switches on core 0)
2026-05-05 23:35:26.192 7 INFO placement.requestlog [req-2abe3532-f83e-4d46-9552-0c1de8a6c4ee req-8b999ced-4080-4c0d-a811-6bf58881f907 f0b674a19e1043d684f06e1aecf7d145 4352df00a9194c72a3c9c311d030e820 - - 94442627a998430f8454c623e142f7c1 94442627a998430f8454c623e142f7c1] 199.204.45.72 "GET /allocations/f1ce3c42-3831-4e4e-8f1a-9c370af75009" status: 200 len: 258 microversion: 1.28 [pid: 7|app: 0|req: 552/1102] 199.204.45.72 () {34 vars in 862 bytes} [Tue May 5 23:35:26 2026] GET /allocations/f1ce3c42-3831-4e4e-8f1a-9c370af75009 => generated 258 bytes in 16 msecs (HTTP/1.1 200) 8 headers in 296 bytes (1 switches on core 0)
2026-05-05 23:35:26.219 8 INFO placement.requestlog [req-2abe3532-f83e-4d46-9552-0c1de8a6c4ee req-58cc40b8-e61a-4825-8cdc-26fa45aa7ba7 f0b674a19e1043d684f06e1aecf7d145 4352df00a9194c72a3c9c311d030e820 - - 94442627a998430f8454c623e142f7c1 94442627a998430f8454c623e142f7c1] 199.204.45.72 "GET /allocations/a4685da4-d970-4e59-9589-d1a6593d3e0c" status: 200 len: 258 microversion: 1.28 [pid: 8|app: 0|req: 551/1103] 199.204.45.72 () {34 vars in 862 bytes} [Tue May 5 23:35:26 2026] GET /allocations/a4685da4-d970-4e59-9589-d1a6593d3e0c => generated 258 bytes in 19 msecs (HTTP/1.1 200) 8 headers in 296 bytes (1 switches on core 0)
2026-05-05 23:35:26.246 7 INFO placement.requestlog [req-2abe3532-f83e-4d46-9552-0c1de8a6c4ee req-b5565746-a3b7-464d-afb6-6ffdc18face6 f0b674a19e1043d684f06e1aecf7d145 4352df00a9194c72a3c9c311d030e820 - - 94442627a998430f8454c623e142f7c1 94442627a998430f8454c623e142f7c1] 199.204.45.72 "GET /allocations/96576383-afbf-48b7-8a06-ee12e6473198" status: 200 len: 258 microversion: 1.28 [pid: 7|app: 0|req: 553/1104] 199.204.45.72 () {34 vars in 862 bytes} [Tue May 5 23:35:26 2026] GET /allocations/96576383-afbf-48b7-8a06-ee12e6473198 => generated 258 bytes in 18 msecs (HTTP/1.1 200) 8 headers in 296 bytes (1 switches on core 0)
2026-05-05 23:35:26.270 8 INFO placement.requestlog [req-2abe3532-f83e-4d46-9552-0c1de8a6c4ee req-1c79f624-ac06-4cd7-ba52-4585f24b5eb5 f0b674a19e1043d684f06e1aecf7d145 4352df00a9194c72a3c9c311d030e820 - - 94442627a998430f8454c623e142f7c1 94442627a998430f8454c623e142f7c1] 199.204.45.72 "GET /allocations/ecf71b3d-eb4c-4125-8c68-2ddeb1b316e7" status: 200 len: 245 microversion: 1.28 [pid: 8|app: 0|req: 552/1105] 199.204.45.72 () {34 vars in 862 bytes} [Tue May 5 23:35:26 2026] GET /allocations/ecf71b3d-eb4c-4125-8c68-2ddeb1b316e7 => generated 245 bytes in 15 msecs (HTTP/1.1 200) 8 headers in 296 bytes (1 switches on core 0)
2026-05-05 23:35:26.297 7 INFO placement.requestlog [req-2abe3532-f83e-4d46-9552-0c1de8a6c4ee req-0978f12f-7a3c-4f2a-8726-41e87b010322 f0b674a19e1043d684f06e1aecf7d145 4352df00a9194c72a3c9c311d030e820 - - 94442627a998430f8454c623e142f7c1 94442627a998430f8454c623e142f7c1] 199.204.45.72 "GET /allocations/48c88c13-6ac7-41b4-8a6b-29c6235b8cae" status: 200 len: 258 microversion: 1.28 [pid: 7|app: 0|req: 554/1106] 199.204.45.72 () {34 vars in 862 bytes} [Tue May 5 23:35:26 2026] GET /allocations/48c88c13-6ac7-41b4-8a6b-29c6235b8cae => generated 258 bytes in 20 msecs (HTTP/1.1 200) 8 headers in 296 bytes (1 switches on core 0)
2026-05-05 23:35:26.382 8 INFO placement.requestlog [req-2abe3532-f83e-4d46-9552-0c1de8a6c4ee req-859a0bdd-3edc-44c8-a5ca-e857e1c0469b f0b674a19e1043d684f06e1aecf7d145 4352df00a9194c72a3c9c311d030e820 - - 94442627a998430f8454c623e142f7c1 94442627a998430f8454c623e142f7c1] 199.204.45.72 "DELETE /allocations/f1ce3c42-3831-4e4e-8f1a-9c370af75009" status: 204 len: 0 microversion: 1.0 [pid: 8|app: 0|req: 553/1107] 199.204.45.72 () {34 vars in 840 bytes} [Tue May 5 23:35:26 2026] DELETE /allocations/f1ce3c42-3831-4e4e-8f1a-9c370af75009 => generated 0 bytes in 30 msecs (HTTP/1.1 204) 5 headers in 198 bytes (1 switches on core 0)
2026-05-05 23:35:29.120 7 INFO placement.requestlog [req-d8e718ad-b45e-4b43-ae36-aaa3386dc47a req-53c766f8-a11f-453e-b68f-185d27fbe27b f0b674a19e1043d684f06e1aecf7d145 4352df00a9194c72a3c9c311d030e820 - - 94442627a998430f8454c623e142f7c1 94442627a998430f8454c623e142f7c1] 199.204.45.72 "GET /resource_providers/581d2275-93f1-4eed-ba49-6b4e4f42e6de/allocations" status: 200 len: 440 microversion: 1.0 [pid: 7|app: 0|req: 555/1108] 199.204.45.72 () {32 vars in 856 bytes} [Tue May 5 23:35:29 2026] GET /resource_providers/581d2275-93f1-4eed-ba49-6b4e4f42e6de/allocations => generated 440 bytes in 22 msecs (HTTP/1.1 200) 6 headers in 224 bytes (1 switches on core 0)
2026-05-05 23:35:29.143 8 INFO placement.requestlog [req-d8e718ad-b45e-4b43-ae36-aaa3386dc47a req-4e4c94d9-451d-4639-9361-ad47e7db5ac9 f0b674a19e1043d684f06e1aecf7d145 4352df00a9194c72a3c9c311d030e820 - - 94442627a998430f8454c623e142f7c1 94442627a998430f8454c623e142f7c1] 199.204.45.72 "GET /allocations/96576383-afbf-48b7-8a06-ee12e6473198" status: 200 len: 258 microversion: 1.28 [pid: 8|app: 0|req: 554/1109] 199.204.45.72 () {34 vars in 862 bytes} [Tue May 5 23:35:29 2026] GET /allocations/96576383-afbf-48b7-8a06-ee12e6473198 => generated 258 bytes in 19 msecs (HTTP/1.1 200) 8 headers in 296 bytes (1 switches on core 0)
2026-05-05 23:35:29.166 7 INFO placement.requestlog [req-d8e718ad-b45e-4b43-ae36-aaa3386dc47a req-c8166876-4f39-4521-8eee-a7acefb16647 f0b674a19e1043d684f06e1aecf7d145 4352df00a9194c72a3c9c311d030e820 - - 94442627a998430f8454c623e142f7c1 94442627a998430f8454c623e142f7c1] 199.204.45.72 "GET /allocations/ecf71b3d-eb4c-4125-8c68-2ddeb1b316e7" status: 200 len: 245 microversion: 1.28 [pid: 7|app: 0|req: 556/1110] 199.204.45.72 () {34 vars in 862 bytes} [Tue May 5 23:35:29 2026] GET /allocations/ecf71b3d-eb4c-4125-8c68-2ddeb1b316e7 => generated 245 bytes in 14 msecs (HTTP/1.1 200) 8 headers in 296 bytes (1 switches on core 0)
2026-05-05 23:35:29.187 8 INFO placement.requestlog [req-d8e718ad-b45e-4b43-ae36-aaa3386dc47a req-6e514180-eb36-4ef8-bd43-1048720eeb7b f0b674a19e1043d684f06e1aecf7d145 4352df00a9194c72a3c9c311d030e820 - - 94442627a998430f8454c623e142f7c1 94442627a998430f8454c623e142f7c1] 199.204.45.72 "GET /allocations/48c88c13-6ac7-41b4-8a6b-29c6235b8cae" status: 200 len: 258 microversion: 1.28 [pid: 8|app: 0|req: 555/1111] 199.204.45.72 () {34 vars in 862 bytes} [Tue May 5 23:35:29 2026] GET /allocations/48c88c13-6ac7-41b4-8a6b-29c6235b8cae => generated 258 bytes in 14 msecs (HTTP/1.1 200) 8 headers in 296 bytes (1 switches on core 0)
2026-05-05 23:35:29.221 7 INFO placement.requestlog [req-d8e718ad-b45e-4b43-ae36-aaa3386dc47a req-cf352771-b289-401c-bf7a-8afcc744b801 f0b674a19e1043d684f06e1aecf7d145 4352df00a9194c72a3c9c311d030e820 - - 94442627a998430f8454c623e142f7c1 94442627a998430f8454c623e142f7c1] 199.204.45.72 "GET /allocations/a4685da4-d970-4e59-9589-d1a6593d3e0c" status: 200 len: 258 microversion: 1.28 [pid: 7|app: 0|req: 557/1112] 199.204.45.72 () {34 vars in 862 bytes} [Tue May 5 23:35:29 2026] GET /allocations/a4685da4-d970-4e59-9589-d1a6593d3e0c => generated 258 bytes in 29 msecs (HTTP/1.1 200) 8 headers in 296 bytes (1 switches on core 0)
2026-05-05 23:35:29.321 8 INFO placement.requestlog [req-d8e718ad-b45e-4b43-ae36-aaa3386dc47a req-14f44bad-e681-48f5-aeac-04feaf60b0af f0b674a19e1043d684f06e1aecf7d145 4352df00a9194c72a3c9c311d030e820 - - 94442627a998430f8454c623e142f7c1 94442627a998430f8454c623e142f7c1] 199.204.45.72 "DELETE /allocations/48c88c13-6ac7-41b4-8a6b-29c6235b8cae" status: 204 len: 0 microversion: 1.0 [pid: 8|app: 0|req: 556/1113] 199.204.45.72 () {34 vars in 840 bytes} [Tue May 5 23:35:29 2026] DELETE /allocations/48c88c13-6ac7-41b4-8a6b-29c6235b8cae => generated 0 bytes in 26 msecs (HTTP/1.1 204) 5 headers in 198 bytes (1 switches on core 0)
2026-05-05 23:35:31.793 7 INFO placement.requestlog [None req-9bf33ddb-dc87-45fd-89c5-f8d14afb9dc9 - - - - - -] 10.0.0.159 "GET /" status: 200 len: 136 microversion: 1.0
2026-05-05 23:35:31.793 8 INFO placement.requestlog [None req-7d5846ef-df39-4ff7-972b-678e3293682c - - - - - -] 10.0.0.159 "GET /" status: 200 len: 136 microversion: 1.0
2026-05-05 23:35:32.937 8 INFO placement.requestlog [None req-9eaea281-5e47-4908-a52a-260d6dff7f10 96206781dff043fbb6dbf9e4ee737ac5 4352df00a9194c72a3c9c311d030e820 - - 94442627a998430f8454c623e142f7c1 94442627a998430f8454c623e142f7c1] 10.0.0.176 "GET /resource_providers/88d7f0e9-57e1-4e30-8e99-f5718ca5fb72/aggregates" status: 404 len: 235 microversion: 1.1
2026-05-05 23:35:32.937 7 INFO placement.requestlog [None req-32a10990-9df9-4c26-af40-3a5f434799f8 96206781dff043fbb6dbf9e4ee737ac5 4352df00a9194c72a3c9c311d030e820 - - 94442627a998430f8454c623e142f7c1 94442627a998430f8454c623e142f7c1] 10.0.0.176 "GET /resource_providers/88d7f0e9-57e1-4e30-8e99-f5718ca5fb72/aggregates" status: 404 len: 235 microversion: 1.1 [pid: 7|app: 0|req: 559/1116] 10.0.0.176 () {32 vars in 825 bytes} [Tue May 5 23:35:32 2026] GET /resource_providers/88d7f0e9-57e1-4e30-8e99-f5718ca5fb72/aggregates => generated 235 bytes in 11 msecs (HTTP/1.1 404) 5 headers in 202 bytes (1 switches on core 0) [pid: 8|app: 0|req: 558/1117] 10.0.0.176 () {32 vars in 825 bytes} [Tue May 5 23:35:32 2026] GET /resource_providers/88d7f0e9-57e1-4e30-8e99-f5718ca5fb72/aggregates => generated 235 bytes in 10 msecs (HTTP/1.1 404) 5 headers in 202 bytes (1 switches on core 0)
2026-05-05 23:35:32.962 8 INFO placement.requestlog [None req-0ea1d1ea-c8f8-439b-bcc5-6fee0fed4349 96206781dff043fbb6dbf9e4ee737ac5 4352df00a9194c72a3c9c311d030e820 - - 94442627a998430f8454c623e142f7c1 94442627a998430f8454c623e142f7c1] 10.0.0.176 "DELETE /resource_providers/88d7f0e9-57e1-4e30-8e99-f5718ca5fb72" status: 404 len: 246 microversion: 1.1 [pid: 8|app: 0|req: 559/1118] 10.0.0.176 () {34 vars in 825 bytes} [Tue May 5 23:35:32 2026] DELETE /resource_providers/88d7f0e9-57e1-4e30-8e99-f5718ca5fb72 => generated 246 bytes in 14 msecs (HTTP/1.1 404) 6 headers in 231 bytes (1 switches on core 0)
2026-05-05 23:35:32.966 7 INFO placement.requestlog [None req-a100a41f-d48c-46d4-a1d3-0c893dfca72a 96206781dff043fbb6dbf9e4ee737ac5 4352df00a9194c72a3c9c311d030e820 - - 94442627a998430f8454c623e142f7c1 94442627a998430f8454c623e142f7c1] 10.0.0.176 "DELETE /resource_providers/88d7f0e9-57e1-4e30-8e99-f5718ca5fb72" status: 404 len: 246 microversion: 1.1 [pid: 7|app: 0|req: 560/1119] 10.0.0.176 () {34 vars in 825 bytes} [Tue May 5 23:35:32 2026] DELETE /resource_providers/88d7f0e9-57e1-4e30-8e99-f5718ca5fb72 => generated 246 bytes in 18 msecs (HTTP/1.1 404) 6 headers in 231 bytes (1 switches on core 0)
2026-05-05 23:35:39.535 8 INFO placement.requestlog [req-99883d69-d5cf-43dd-a730-c7ede60b5797 req-3e8c9872-f113-402d-80d4-acd2f5a6aba6 f0b674a19e1043d684f06e1aecf7d145 4352df00a9194c72a3c9c311d030e820 - - 94442627a998430f8454c623e142f7c1 94442627a998430f8454c623e142f7c1] 199.204.45.72 "GET /resource_providers/581d2275-93f1-4eed-ba49-6b4e4f42e6de/allocations" status: 200 len: 340 microversion: 1.0 [pid: 8|app: 0|req: 560/1120] 199.204.45.72 () {32 vars in 856 bytes} [Tue May 5 23:35:39 2026] GET /resource_providers/581d2275-93f1-4eed-ba49-6b4e4f42e6de/allocations => generated 340 bytes in 18 msecs (HTTP/1.1 200) 6 headers in 224 bytes (1 switches on core 0)
2026-05-05 23:35:39.570 7 INFO placement.requestlog [req-99883d69-d5cf-43dd-a730-c7ede60b5797 req-03972f17-9393-490c-91f4-19e98e132d08 f0b674a19e1043d684f06e1aecf7d145 4352df00a9194c72a3c9c311d030e820 - - 94442627a998430f8454c623e142f7c1 94442627a998430f8454c623e142f7c1] 199.204.45.72 "GET /resource_providers/581d2275-93f1-4eed-ba49-6b4e4f42e6de/allocations" status: 200 len: 340 microversion: 1.0 [pid: 7|app: 0|req: 561/1121] 199.204.45.72 () {32 vars in 856 bytes} [Tue May 5 23:35:39 2026] GET /resource_providers/581d2275-93f1-4eed-ba49-6b4e4f42e6de/allocations => generated 340 bytes in 26 msecs (HTTP/1.1 200) 6 headers in 224 bytes (1 switches on core 0)
2026-05-05 23:35:39.592 8 INFO placement.requestlog [req-99883d69-d5cf-43dd-a730-c7ede60b5797 req-8d6a27ca-7d42-4de7-ae8e-ce99f2d38135 f0b674a19e1043d684f06e1aecf7d145 4352df00a9194c72a3c9c311d030e820 - - 94442627a998430f8454c623e142f7c1 94442627a998430f8454c623e142f7c1] 199.204.45.72 "GET /allocations/96576383-afbf-48b7-8a06-ee12e6473198" status: 200 len: 258 microversion: 1.28 [pid: 8|app: 0|req: 561/1122] 199.204.45.72 () {34 vars in 862 bytes} [Tue May 5 23:35:39 2026] GET /allocations/96576383-afbf-48b7-8a06-ee12e6473198 => generated 258 bytes in 15 msecs (HTTP/1.1 200) 8 headers in 296 bytes (1 switches on core 0)
2026-05-05 23:35:39.617 7 INFO placement.requestlog [req-99883d69-d5cf-43dd-a730-c7ede60b5797 req-aa09f158-e908-490b-91e1-63c979b70ee0 f0b674a19e1043d684f06e1aecf7d145 4352df00a9194c72a3c9c311d030e820 - - 94442627a998430f8454c623e142f7c1 94442627a998430f8454c623e142f7c1] 199.204.45.72 "GET /allocations/ecf71b3d-eb4c-4125-8c68-2ddeb1b316e7" status: 200 len: 245 microversion: 1.28 [pid: 7|app: 0|req: 562/1123] 199.204.45.72 () {34 vars in 862 bytes} [Tue May 5 23:35:39 2026] GET /allocations/ecf71b3d-eb4c-4125-8c68-2ddeb1b316e7 => generated 245 bytes in 19 msecs (HTTP/1.1 200) 8 headers in 296 bytes (1 switches on core 0)
2026-05-05 23:35:39.641 8 INFO placement.requestlog [req-99883d69-d5cf-43dd-a730-c7ede60b5797 req-568da649-81d3-4c0c-bf93-b87b2e1de3c4 f0b674a19e1043d684f06e1aecf7d145 4352df00a9194c72a3c9c311d030e820 - - 94442627a998430f8454c623e142f7c1 94442627a998430f8454c623e142f7c1] 199.204.45.72 "GET /allocations/a4685da4-d970-4e59-9589-d1a6593d3e0c" status: 200 len: 258 microversion: 1.28 [pid: 8|app: 0|req: 562/1124] 199.204.45.72 () {34 vars in 862 bytes} [Tue May 5 23:35:39 2026] GET /allocations/a4685da4-d970-4e59-9589-d1a6593d3e0c => generated 258 bytes in 18 msecs (HTTP/1.1 200) 8 headers in 296 bytes (1 switches on core 0)
2026-05-05 23:35:41.793 8 INFO placement.requestlog [None req-29ca1ced-f276-4429-b9aa-feea1d665826 - - - - - -] 10.0.0.159 "GET /" status: 200 len: 136 microversion: 1.0
2026-05-05 23:35:41.795 7 INFO placement.requestlog [None req-1588b0d2-757c-4f71-89d5-b63b05c9ebfd - - - - - -] 10.0.0.159 "GET /" status: 200 len: 136 microversion: 1.0
2026-05-05 23:35:51.792 8 INFO placement.requestlog [None req-ace0191e-4717-4cb5-8357-4280c2aa35af - - - - - -] 10.0.0.159 "GET /" status: 200 len: 136 microversion: 1.0
2026-05-05 23:35:51.793 7 INFO placement.requestlog [None req-55d43f0b-f753-4958-bbf5-9e7eb60f4c14 - - - - - -] 10.0.0.159 "GET /" status: 200 len: 136 microversion: 1.0
2026-05-05 23:35:56.910 8 INFO placement.requestlog [req-55eb449d-f43b-4c71-ae34-7cce60fe20d8 req-c7c60e9c-0547-44d0-ba75-2ae81376e6c3 f0b674a19e1043d684f06e1aecf7d145 4352df00a9194c72a3c9c311d030e820 - - 94442627a998430f8454c623e142f7c1 94442627a998430f8454c623e142f7c1] 10.0.0.86 "GET /allocation_candidates?limit=1000&resources=DISK_GB%3A1%2CMEMORY_MB%3A512%2CVCPU%3A1&root_required=%21COMPUTE_STATUS_DISABLED" status: 200 len: 2220 microversion: 1.36 [pid: 8|app: 0|req: 565/1129] 10.0.0.86 () {34 vars in 1011 bytes} [Tue May 5 23:35:56 2026] GET /allocation_candidates?limit=1000&resources=DISK_GB%3A1%2CMEMORY_MB%3A512%2CVCPU%3A1&root_required=%21COMPUTE_STATUS_DISABLED => generated 2220 bytes in 244 msecs (HTTP/1.1 200) 8 headers in 297 bytes (1 switches on core 0)
2026-05-05 23:35:56.945 7 INFO placement.requestlog [req-55eb449d-f43b-4c71-ae34-7cce60fe20d8 req-fbeedd00-cfe0-43e1-bbce-83f4599c6fc8 f0b674a19e1043d684f06e1aecf7d145 4352df00a9194c72a3c9c311d030e820 - - 94442627a998430f8454c623e142f7c1 94442627a998430f8454c623e142f7c1] 10.0.0.86 "GET /allocations/a9b0f28a-6d85-4f8e-a08f-f593702811eb" status: 200 len: 19 microversion: 1.28 [pid: 7|app: 0|req: 565/1130] 10.0.0.86 () {34 vars in 860 bytes} [Tue May 5 23:35:56 2026] GET /allocations/a9b0f28a-6d85-4f8e-a08f-f593702811eb => generated 19 bytes in 11 msecs (HTTP/1.1 200) 8 headers in 295 bytes (1 switches on core 0)
2026-05-05 23:35:57.065 8 INFO placement.requestlog [req-55eb449d-f43b-4c71-ae34-7cce60fe20d8 req-24065351-3efe-492a-9ee8-877ef86af8b6 f0b674a19e1043d684f06e1aecf7d145 4352df00a9194c72a3c9c311d030e820 - - 94442627a998430f8454c623e142f7c1 94442627a998430f8454c623e142f7c1] 10.0.0.86 "PUT /allocations/a9b0f28a-6d85-4f8e-a08f-f593702811eb" status: 204 len: 0 microversion: 1.36 [pid: 8|app: 0|req: 566/1131] 10.0.0.86 () {38 vars in 913 bytes} [Tue May 5 23:35:56 2026] PUT /allocations/a9b0f28a-6d85-4f8e-a08f-f593702811eb => generated 0 bytes in 111 msecs (HTTP/1.1 204) 5 headers in 199 bytes (1 switches on core 0)
2026-05-05 23:35:57.414 7 INFO placement.requestlog [req-55eb449d-f43b-4c71-ae34-7cce60fe20d8 req-2a9126a5-b0d9-4e94-9e91-1ae2b7a8584a f0b674a19e1043d684f06e1aecf7d145 4352df00a9194c72a3c9c311d030e820 - - 94442627a998430f8454c623e142f7c1 94442627a998430f8454c623e142f7c1] 199.204.45.72 "GET /allocations/a9b0f28a-6d85-4f8e-a08f-f593702811eb" status: 200 len: 258 microversion: 1.28 [pid: 7|app: 0|req: 566/1132] 199.204.45.72 () {34 vars in 862 bytes} [Tue May 5 23:35:57 2026] GET /allocations/a9b0f28a-6d85-4f8e-a08f-f593702811eb => generated 258 bytes in 18 msecs (HTTP/1.1 200) 8 headers in 296 bytes (1 switches on core 0)
2026-05-05 23:35:57.533 8 INFO placement.requestlog [req-55eb449d-f43b-4c71-ae34-7cce60fe20d8 req-764f9a5e-f250-43ad-9695-2485d020e2a8 f0b674a19e1043d684f06e1aecf7d145 4352df00a9194c72a3c9c311d030e820 - - 94442627a998430f8454c623e142f7c1 94442627a998430f8454c623e142f7c1] 199.204.45.72 "GET /resource_providers/581d2275-93f1-4eed-ba49-6b4e4f42e6de/allocations" status: 200 len: 440 microversion: 1.0 [pid: 8|app: 0|req: 567/1133] 199.204.45.72 () {32 vars in 856 bytes} [Tue May 5 23:35:57 2026] GET /resource_providers/581d2275-93f1-4eed-ba49-6b4e4f42e6de/allocations => generated 440 bytes in 17 msecs (HTTP/1.1 200) 6 headers in 224 bytes (1 switches on core 0)
2026-05-05 23:35:57.560 7 INFO placement.requestlog [req-55eb449d-f43b-4c71-ae34-7cce60fe20d8 req-c93d1d28-dbb5-4a04-9b62-bec52bc59625 f0b674a19e1043d684f06e1aecf7d145 4352df00a9194c72a3c9c311d030e820 - - 94442627a998430f8454c623e142f7c1 94442627a998430f8454c623e142f7c1] 199.204.45.72 "GET /allocations/96576383-afbf-48b7-8a06-ee12e6473198" status: 200 len: 258 microversion: 1.28 [pid: 7|app: 0|req: 567/1134] 199.204.45.72 () {34 vars in 862 bytes} [Tue May 5 23:35:57 2026] GET /allocations/96576383-afbf-48b7-8a06-ee12e6473198 => generated 258 bytes in 16 msecs (HTTP/1.1 200) 8 headers in 296 bytes (1 switches on core 0)
2026-05-05 23:35:57.579 8 INFO placement.requestlog [req-55eb449d-f43b-4c71-ae34-7cce60fe20d8 req-b18b6626-bd6e-4566-8e70-e2252e480cd5 f0b674a19e1043d684f06e1aecf7d145 4352df00a9194c72a3c9c311d030e820 - - 94442627a998430f8454c623e142f7c1 94442627a998430f8454c623e142f7c1] 199.204.45.72 "GET /allocations/ecf71b3d-eb4c-4125-8c68-2ddeb1b316e7" status: 200 len: 245 microversion: 1.28 [pid: 8|app: 0|req: 568/1135] 199.204.45.72 () {34 vars in 862 bytes} [Tue May 5 23:35:57 2026] GET /allocations/ecf71b3d-eb4c-4125-8c68-2ddeb1b316e7 => generated 245 bytes in 12 msecs (HTTP/1.1 200) 8 headers in 296 bytes (1 switches on core 0)
2026-05-05 23:35:57.602 7 INFO placement.requestlog [req-55eb449d-f43b-4c71-ae34-7cce60fe20d8 req-6a1486c8-fb0d-496b-b220-5083ba289125 f0b674a19e1043d684f06e1aecf7d145 4352df00a9194c72a3c9c311d030e820 - - 94442627a998430f8454c623e142f7c1 94442627a998430f8454c623e142f7c1] 199.204.45.72 "GET /allocations/a9b0f28a-6d85-4f8e-a08f-f593702811eb" status: 200 len: 258 microversion: 1.28 [pid: 7|app: 0|req: 568/1136] 199.204.45.72 () {34 vars in 862 bytes} [Tue May 5 23:35:57 2026] GET /allocations/a9b0f28a-6d85-4f8e-a08f-f593702811eb => generated 258 bytes in 15 msecs (HTTP/1.1 200) 8 headers in 296 bytes (1 switches on core 0)
2026-05-05 23:35:57.626 8 INFO placement.requestlog [req-55eb449d-f43b-4c71-ae34-7cce60fe20d8 req-112cd72f-dcd3-4ee6-b123-384246fa5b61 f0b674a19e1043d684f06e1aecf7d145 4352df00a9194c72a3c9c311d030e820 - - 94442627a998430f8454c623e142f7c1 94442627a998430f8454c623e142f7c1] 199.204.45.72 "GET /allocations/a4685da4-d970-4e59-9589-d1a6593d3e0c" status: 200 len: 258 microversion: 1.28 [pid: 8|app: 0|req: 569/1137] 199.204.45.72 () {34 vars in 862 bytes} [Tue May 5 23:35:57 2026] GET /allocations/a4685da4-d970-4e59-9589-d1a6593d3e0c => generated 258 bytes in 17 msecs (HTTP/1.1 200) 8 headers in 296 bytes (1 switches on core 0)
2026-05-05 23:36:01.792 7 INFO placement.requestlog [None req-13a5af26-f70b-40fb-8e4b-1d6b4762d7de - - - - - -] 10.0.0.159 "GET /" status: 200 len: 136 microversion: 1.0
2026-05-05 23:36:01.792 8 INFO placement.requestlog [None req-f123286e-4e29-4bcf-a9b7-d247420a1452 - - - - - -] 10.0.0.159 "GET /" status: 200 len: 136 microversion: 1.0
2026-05-05 23:36:11.792 7 INFO placement.requestlog [None req-ce3c62d0-34d6-4b4f-a91a-ebf9ffb0ac57 - - - - - -] 10.0.0.159 "GET /" status: 200 len: 136 microversion: 1.0
2026-05-05 23:36:11.793 8 INFO placement.requestlog [None req-c4b468ab-d48f-4961-b416-c3fd6dcccab2 - - - - - -] 10.0.0.159 "GET /" status: 200 len: 136 microversion: 1.0
2026-05-05 23:36:21.792 7 INFO placement.requestlog [None req-950f98d2-21f4-4ea1-b77c-87cc90f04e26 - - - - - -] 10.0.0.159 "GET /" status: 200 len: 136 microversion: 1.0
2026-05-05 23:36:21.792 8 INFO placement.requestlog [None req-bd2409fe-5754-43ba-931f-9501a80ad573 - - - - - -] 10.0.0.159 "GET /" status: 200 len: 136 microversion: 1.0
2026-05-05 23:36:23.763 7 INFO placement.requestlog [req-1a9b6906-ac20-4fa5-8f28-aaebb0e6ebc8 req-65a8fe92-d673-4025-a0ed-a257b83c8c5a f0b674a19e1043d684f06e1aecf7d145 4352df00a9194c72a3c9c311d030e820 - - 94442627a998430f8454c623e142f7c1 94442627a998430f8454c623e142f7c1] 199.204.45.72 "GET /resource_providers/581d2275-93f1-4eed-ba49-6b4e4f42e6de/allocations" status: 200 len: 440 microversion: 1.0 [pid: 7|app: 0|req: 572/1144] 199.204.45.72 () {32 vars in 856 bytes} [Tue May 5 23:36:23 2026] GET /resource_providers/581d2275-93f1-4eed-ba49-6b4e4f42e6de/allocations => generated 440 bytes in 28 msecs (HTTP/1.1 200) 6 headers in 224 bytes (1 switches on core 0)
2026-05-05 23:36:23.786 8 INFO placement.requestlog [req-1a9b6906-ac20-4fa5-8f28-aaebb0e6ebc8 req-86e9dcf4-f678-417f-aa22-06d6d41be5e7 f0b674a19e1043d684f06e1aecf7d145 4352df00a9194c72a3c9c311d030e820 - - 94442627a998430f8454c623e142f7c1 94442627a998430f8454c623e142f7c1] 199.204.45.72 "GET /allocations/96576383-afbf-48b7-8a06-ee12e6473198" status: 200 len: 258 microversion: 1.28 [pid: 8|app: 0|req: 573/1145] 199.204.45.72 () {34 vars in 862 bytes} [Tue May 5 23:36:23 2026] GET /allocations/96576383-afbf-48b7-8a06-ee12e6473198 => generated 258 bytes in 14 msecs (HTTP/1.1 200) 8 headers in 296 bytes (1 switches on core 0)
2026-05-05 23:36:23.810 7 INFO placement.requestlog [req-1a9b6906-ac20-4fa5-8f28-aaebb0e6ebc8 req-31628a02-9f0e-4ad0-a6ef-7df356edb518 f0b674a19e1043d684f06e1aecf7d145 4352df00a9194c72a3c9c311d030e820 - - 94442627a998430f8454c623e142f7c1 94442627a998430f8454c623e142f7c1] 199.204.45.72 "GET /allocations/ecf71b3d-eb4c-4125-8c68-2ddeb1b316e7" status: 200 len: 245 microversion: 1.28 [pid: 7|app: 0|req: 573/1146] 199.204.45.72 () {34 vars in 862 bytes} [Tue May 5 23:36:23 2026] GET /allocations/ecf71b3d-eb4c-4125-8c68-2ddeb1b316e7 => generated 245 bytes in 18 msecs (HTTP/1.1 200) 8 headers in 296 bytes (1 switches on core 0)
2026-05-05 23:36:23.835 8 INFO placement.requestlog [req-1a9b6906-ac20-4fa5-8f28-aaebb0e6ebc8 req-15da1900-2133-47f3-9139-5265c843b652 f0b674a19e1043d684f06e1aecf7d145 4352df00a9194c72a3c9c311d030e820 - - 94442627a998430f8454c623e142f7c1 94442627a998430f8454c623e142f7c1] 199.204.45.72 "GET /allocations/a9b0f28a-6d85-4f8e-a08f-f593702811eb" status: 200 len: 258 microversion: 1.28 [pid: 8|app: 0|req: 574/1147] 199.204.45.72 () {34 vars in 862 bytes} [Tue May 5 23:36:23 2026] GET /allocations/a9b0f28a-6d85-4f8e-a08f-f593702811eb => generated 258 bytes in 16 msecs (HTTP/1.1 200) 8 headers in 296 bytes (1 switches on core 0)
2026-05-05 23:36:23.858 7 INFO placement.requestlog [req-1a9b6906-ac20-4fa5-8f28-aaebb0e6ebc8 req-384896ea-beda-4ab7-b4fd-9e570f777e3b f0b674a19e1043d684f06e1aecf7d145 4352df00a9194c72a3c9c311d030e820 - - 94442627a998430f8454c623e142f7c1 94442627a998430f8454c623e142f7c1] 199.204.45.72 "GET /allocations/a4685da4-d970-4e59-9589-d1a6593d3e0c" status: 200 len: 258 microversion: 1.28 [pid: 7|app: 0|req: 574/1148] 199.204.45.72 () {34 vars in 862 bytes} [Tue May 5 23:36:23 2026] GET /allocations/a4685da4-d970-4e59-9589-d1a6593d3e0c => generated 258 bytes in 15 msecs (HTTP/1.1 200) 8 headers in 296 bytes (1 switches on core 0)
2026-05-05 23:36:24.007 8 INFO placement.requestlog [req-1a9b6906-ac20-4fa5-8f28-aaebb0e6ebc8 req-78068f08-d081-454c-bcae-259dcef0c68e f0b674a19e1043d684f06e1aecf7d145 4352df00a9194c72a3c9c311d030e820 - - 94442627a998430f8454c623e142f7c1 94442627a998430f8454c623e142f7c1] 199.204.45.72 "DELETE /allocations/a9b0f28a-6d85-4f8e-a08f-f593702811eb" status: 204 len: 0 microversion: 1.0 [pid: 8|app: 0|req: 575/1149] 199.204.45.72 () {34 vars in 840 bytes} [Tue May 5 23:36:23 2026] DELETE /allocations/a9b0f28a-6d85-4f8e-a08f-f593702811eb => generated 0 bytes in 30 msecs (HTTP/1.1 204) 5 headers in 198 bytes (1 switches on core 0)
2026-05-05 23:36:29.902 8 INFO placement.requestlog [None req-9ae2b1ac-346c-4670-a74b-d335e509b6b7 96206781dff043fbb6dbf9e4ee737ac5 4352df00a9194c72a3c9c311d030e820 - - 94442627a998430f8454c623e142f7c1 94442627a998430f8454c623e142f7c1] 10.0.0.176 "GET /resource_providers/c8b68b12-a125-4c2d-b2aa-b10f0f2170b9/aggregates" status: 404 len: 235 microversion: 1.1 [pid: 8|app: 0|req: 576/1150] 10.0.0.176 () {32 vars in 825 bytes} [Tue May 5 23:36:29 2026] GET /resource_providers/c8b68b12-a125-4c2d-b2aa-b10f0f2170b9/aggregates => generated 235 bytes in 53 msecs (HTTP/1.1 404) 5 headers in 202 bytes (1 switches on core 0)
2026-05-05 23:36:29.915 7 INFO placement.requestlog [None req-4468bc08-ec82-4277-9e79-e27406e31548 96206781dff043fbb6dbf9e4ee737ac5 4352df00a9194c72a3c9c311d030e820 - - 94442627a998430f8454c623e142f7c1 94442627a998430f8454c623e142f7c1] 10.0.0.176 "GET /resource_providers/c8b68b12-a125-4c2d-b2aa-b10f0f2170b9/aggregates" status: 404 len: 235 microversion: 1.1 [pid: 7|app: 0|req: 575/1151] 10.0.0.176 () {32 vars in 825 bytes} [Tue May 5 23:36:29 2026] GET /resource_providers/c8b68b12-a125-4c2d-b2aa-b10f0f2170b9/aggregates => generated 235 bytes in 67 msecs (HTTP/1.1 404) 5 headers in 202 bytes (1 switches on core 0)
2026-05-05 23:36:29.918 8 INFO placement.requestlog [None req-0699e649-afdd-4874-8989-f2a44dc9e782 96206781dff043fbb6dbf9e4ee737ac5 4352df00a9194c72a3c9c311d030e820 - - 94442627a998430f8454c623e142f7c1 94442627a998430f8454c623e142f7c1] 10.0.0.176 "DELETE /resource_providers/c8b68b12-a125-4c2d-b2aa-b10f0f2170b9" status: 404 len: 246 microversion: 1.1 [pid: 8|app: 0|req: 577/1152] 10.0.0.176 () {34 vars in 825 bytes} [Tue May 5 23:36:29 2026] DELETE /resource_providers/c8b68b12-a125-4c2d-b2aa-b10f0f2170b9 => generated 246 bytes in 9 msecs (HTTP/1.1 404) 6 headers in 231 bytes (1 switches on core 0)
2026-05-05 23:36:29.932 7 INFO placement.requestlog [None req-5277d383-84ed-4faf-b58a-05f20b688244 96206781dff043fbb6dbf9e4ee737ac5 4352df00a9194c72a3c9c311d030e820 - - 94442627a998430f8454c623e142f7c1 94442627a998430f8454c623e142f7c1] 10.0.0.176 "DELETE /resource_providers/c8b68b12-a125-4c2d-b2aa-b10f0f2170b9" status: 404 len: 246 microversion: 1.1 [pid: 7|app: 0|req: 576/1153] 10.0.0.176 () {34 vars in 825 bytes} [Tue May 5 23:36:29 2026] DELETE /resource_providers/c8b68b12-a125-4c2d-b2aa-b10f0f2170b9 => generated 246 bytes in 10 msecs (HTTP/1.1 404) 6 headers in 231 bytes (1 switches on core 0)
2026-05-05 23:36:31.792 7 INFO placement.requestlog [None req-5d3b1d26-30ad-4e3e-80ac-c5b33a078035 - - - - - -] 10.0.0.159 "GET /" status: 200 len: 136 microversion: 1.0
2026-05-05 23:36:31.793 8 INFO placement.requestlog [None req-7fd66849-f144-43f5-99f9-a10835d4a888 - - - - - -] 10.0.0.159 "GET /" status: 200 len: 136 microversion: 1.0
2026-05-05 23:36:33.236 7 INFO placement.requestlog [None req-6e746f9f-57f3-4dad-8d3f-2e8d402346a3 96206781dff043fbb6dbf9e4ee737ac5 4352df00a9194c72a3c9c311d030e820 - - 94442627a998430f8454c623e142f7c1 94442627a998430f8454c623e142f7c1] 10.0.0.176 "GET /resource_providers/8be791f9-ced8-4e38-89e1-2e755218abd8/aggregates" status: 404 len: 235 microversion: 1.1 [pid: 7|app: 0|req: 578/1156] 10.0.0.176 () {32 vars in 825 bytes} [Tue May 5 23:36:33 2026] GET /resource_providers/8be791f9-ced8-4e38-89e1-2e755218abd8/aggregates => generated 235 bytes in 12 msecs (HTTP/1.1 404) 5 headers in 202 bytes (1 switches on core 0)
2026-05-05 23:36:33.239 8 INFO placement.requestlog [None req-52ac561f-576b-4832-a9aa-23ca9f8f63ad 96206781dff043fbb6dbf9e4ee737ac5 4352df00a9194c72a3c9c311d030e820 - - 94442627a998430f8454c623e142f7c1 94442627a998430f8454c623e142f7c1] 10.0.0.176 "GET /resource_providers/8be791f9-ced8-4e38-89e1-2e755218abd8/aggregates" status: 404 len: 235 microversion: 1.1 [pid: 8|app: 0|req: 579/1157] 10.0.0.176 () {32 vars in 825 bytes} [Tue May 5 23:36:33 2026] GET /resource_providers/8be791f9-ced8-4e38-89e1-2e755218abd8/aggregates => generated 235 bytes in 15 msecs (HTTP/1.1 404) 5 headers in 202 bytes (1 switches on core 0)
2026-05-05 23:36:33.263 7 INFO placement.requestlog [None req-544326d5-b378-4aa3-865c-6883b76d055d 96206781dff043fbb6dbf9e4ee737ac5 4352df00a9194c72a3c9c311d030e820 - - 94442627a998430f8454c623e142f7c1 94442627a998430f8454c623e142f7c1] 10.0.0.176 "DELETE /resource_providers/8be791f9-ced8-4e38-89e1-2e755218abd8" status: 404 len: 246 microversion: 1.1 [pid: 7|app: 0|req: 579/1158] 10.0.0.176 () {34 vars in 825 bytes} [Tue May 5 23:36:33 2026] DELETE /resource_providers/8be791f9-ced8-4e38-89e1-2e755218abd8 => generated 246 bytes in 11 msecs (HTTP/1.1 404) 6 headers in 231 bytes (1 switches on core 0)
2026-05-05 23:36:33.277 8 INFO placement.requestlog [None req-a33de73b-744f-4b4f-bb93-41fdeb6f1f87 96206781dff043fbb6dbf9e4ee737ac5 4352df00a9194c72a3c9c311d030e820 - - 94442627a998430f8454c623e142f7c1 94442627a998430f8454c623e142f7c1] 10.0.0.176 "DELETE /resource_providers/8be791f9-ced8-4e38-89e1-2e755218abd8" status: 404 len: 246 microversion: 1.1 [pid: 8|app: 0|req: 580/1159] 10.0.0.176 () {34 vars in 825 bytes} [Tue May 5 23:36:33 2026] DELETE /resource_providers/8be791f9-ced8-4e38-89e1-2e755218abd8 => generated 246 bytes in 19 msecs (HTTP/1.1 404) 6 headers in 231 bytes (1 switches on core 0)
2026-05-05 23:36:41.691 7 INFO placement.requestlog [req-343853f5-9023-4d03-a166-7b521227a396 req-9a3ad10e-7f1e-47b1-9326-e826e18c43d7 f0b674a19e1043d684f06e1aecf7d145 4352df00a9194c72a3c9c311d030e820 - - 94442627a998430f8454c623e142f7c1 94442627a998430f8454c623e142f7c1] 199.204.45.72 "GET /resource_providers/581d2275-93f1-4eed-ba49-6b4e4f42e6de/allocations" status: 200 len: 340 microversion: 1.0 [pid: 7|app: 0|req: 580/1160] 199.204.45.72 () {32 vars in 856 bytes} [Tue May 5 23:36:41 2026] GET /resource_providers/581d2275-93f1-4eed-ba49-6b4e4f42e6de/allocations => generated 340 bytes in 17 msecs (HTTP/1.1 200) 6 headers in 224 bytes (1 switches on core 0)
2026-05-05 23:36:41.718 8 INFO placement.requestlog [req-343853f5-9023-4d03-a166-7b521227a396 req-5a0939dc-3234-46a4-a67d-882fa174815d f0b674a19e1043d684f06e1aecf7d145 4352df00a9194c72a3c9c311d030e820 - - 94442627a998430f8454c623e142f7c1 94442627a998430f8454c623e142f7c1] 199.204.45.72 "GET /resource_providers/581d2275-93f1-4eed-ba49-6b4e4f42e6de/allocations" status: 200 len: 340 microversion: 1.0 [pid: 8|app: 0|req: 581/1161] 199.204.45.72 () {32 vars in 856 bytes} [Tue May 5 23:36:41 2026] GET /resource_providers/581d2275-93f1-4eed-ba49-6b4e4f42e6de/allocations => generated 340 bytes in 21 msecs (HTTP/1.1 200) 6 headers in 224 bytes (1 switches on core 0)
2026-05-05 23:36:41.748 7 INFO placement.requestlog [req-343853f5-9023-4d03-a166-7b521227a396 req-649b6419-b1ae-409f-9a11-5b12995e6f08 f0b674a19e1043d684f06e1aecf7d145 4352df00a9194c72a3c9c311d030e820 - - 94442627a998430f8454c623e142f7c1 94442627a998430f8454c623e142f7c1] 199.204.45.72 "GET /allocations/96576383-afbf-48b7-8a06-ee12e6473198" status: 200 len: 258 microversion: 1.28 [pid: 7|app: 0|req: 581/1162] 199.204.45.72 () {34 vars in 862 bytes} [Tue May 5 23:36:41 2026] GET /allocations/96576383-afbf-48b7-8a06-ee12e6473198 => generated 258 bytes in 17 msecs (HTTP/1.1 200) 8 headers in 296 bytes (1 switches on core 0)
2026-05-05 23:36:41.778 8 INFO placement.requestlog [req-343853f5-9023-4d03-a166-7b521227a396 req-7ca7d90f-4c7b-4a9a-97b2-4bdc86097ec1 f0b674a19e1043d684f06e1aecf7d145 4352df00a9194c72a3c9c311d030e820 - - 94442627a998430f8454c623e142f7c1 94442627a998430f8454c623e142f7c1] 199.204.45.72 "GET /allocations/ecf71b3d-eb4c-4125-8c68-2ddeb1b316e7" status: 200 len: 245 microversion: 1.28 [pid: 8|app: 0|req: 582/1163] 199.204.45.72 () {34 vars in 862 bytes} [Tue May 5 23:36:41 2026] GET /allocations/ecf71b3d-eb4c-4125-8c68-2ddeb1b316e7 => generated 245 bytes in 20 msecs (HTTP/1.1 200) 8 headers in 296 bytes (1 switches on core 0)
2026-05-05 23:36:41.792 8 INFO placement.requestlog [None req-aa2ba23b-a986-4d9c-b20a-2a8994ac4a8d - - - - - -] 10.0.0.159 "GET /" status: 200 len: 136 microversion: 1.0
2026-05-05 23:36:41.793 8 INFO placement.requestlog [None req-8f8e6770-19f7-4ade-a3f3-f19d38f807af - - - - - -] 10.0.0.159 "GET /" status: 200 len: 136 microversion: 1.0
2026-05-05 23:36:41.808 7 INFO placement.requestlog [req-343853f5-9023-4d03-a166-7b521227a396 req-31bcc999-10d6-40d4-91dd-e6ba4e9d41c7 f0b674a19e1043d684f06e1aecf7d145 4352df00a9194c72a3c9c311d030e820 - - 94442627a998430f8454c623e142f7c1 94442627a998430f8454c623e142f7c1] 199.204.45.72 "GET /allocations/a4685da4-d970-4e59-9589-d1a6593d3e0c" status: 200 len: 258 microversion: 1.28 [pid: 7|app: 0|req: 582/1166] 199.204.45.72 () {34 vars in 862 bytes} [Tue May 5 23:36:41 2026] GET /allocations/a4685da4-d970-4e59-9589-d1a6593d3e0c => generated 258 bytes in 26 msecs (HTTP/1.1 200) 8 headers in 296 bytes (1 switches on core 0)
2026-05-05 23:36:51.792 8 INFO placement.requestlog [None req-a980c3a2-762c-4453-93f7-41d6e28a3cdb - - - - - -] 10.0.0.159 "GET /" status: 200 len: 136 microversion: 1.0
2026-05-05 23:36:51.792 7 INFO placement.requestlog [None req-5e4e9700-6b8f-4faf-9e41-a31749736d24 - - - - - -] 10.0.0.159 "GET /" status: 200 len: 136 microversion: 1.0
2026-05-05 23:37:01.793 8 INFO placement.requestlog [None req-7bf14ce1-9768-43bb-abde-e2f2deba749f - - - - - -] 10.0.0.159 "GET /" status: 200 len: 136 microversion: 1.0
2026-05-05 23:37:01.793 7 INFO placement.requestlog [None req-e68d8ec9-6139-413e-9d34-755d1832b626 - - - - - -] 10.0.0.159 "GET /" status: 200 len: 136 microversion: 1.0
2026-05-05 23:37:11.792 8 INFO placement.requestlog [None req-f02a4b1b-ebee-40b2-be02-7a8608fa02cc - - - - - -] 10.0.0.159 "GET /" status: 200 len: 136 microversion: 1.0
2026-05-05 23:37:11.793 7 INFO placement.requestlog [None req-c3a78792-1c40-41a9-b900-b37a0bb4f900 - - - - - -] 10.0.0.159 "GET /" status: 200 len: 136 microversion: 1.0
2026-05-05 23:37:14.080 8 INFO placement.requestlog [req-933303ce-be5c-41c6-8cee-c1deaa1f9a43 req-4339cdbd-81c4-4a7c-a70a-a00f186e5eea f0b674a19e1043d684f06e1aecf7d145 4352df00a9194c72a3c9c311d030e820 - - 94442627a998430f8454c623e142f7c1 94442627a998430f8454c623e142f7c1] 199.204.45.72 "GET /resource_providers/581d2275-93f1-4eed-ba49-6b4e4f42e6de/allocations" status: 200 len: 340 microversion: 1.0 [pid: 8|app: 0|req: 588/1173] 199.204.45.72 () {32 vars in 856 bytes} [Tue May 5 23:37:14 2026] GET /resource_providers/581d2275-93f1-4eed-ba49-6b4e4f42e6de/allocations => generated 340 bytes in 20 msecs (HTTP/1.1 200) 6 headers in 224 bytes (1 switches on core 0)
2026-05-05 23:37:14.106 7 INFO placement.requestlog [req-933303ce-be5c-41c6-8cee-c1deaa1f9a43 req-f52d274a-1bea-403a-8a32-b76580d0e6b6 f0b674a19e1043d684f06e1aecf7d145 4352df00a9194c72a3c9c311d030e820 - - 94442627a998430f8454c623e142f7c1 94442627a998430f8454c623e142f7c1] 199.204.45.72 "GET /allocations/96576383-afbf-48b7-8a06-ee12e6473198" status: 200 len: 258 microversion: 1.28 [pid: 7|app: 0|req: 586/1174] 199.204.45.72 () {34 vars in 862 bytes} [Tue May 5 23:37:14 2026] GET /allocations/96576383-afbf-48b7-8a06-ee12e6473198 => generated 258 bytes in 16 msecs (HTTP/1.1 200) 8 headers in 296 bytes (1 switches on core 0)
2026-05-05 23:37:14.131 8 INFO placement.requestlog [req-933303ce-be5c-41c6-8cee-c1deaa1f9a43 req-485ac906-52b9-4347-8226-88b7c7b99c8f f0b674a19e1043d684f06e1aecf7d145 4352df00a9194c72a3c9c311d030e820 - - 94442627a998430f8454c623e142f7c1 94442627a998430f8454c623e142f7c1] 199.204.45.72 "GET /allocations/ecf71b3d-eb4c-4125-8c68-2ddeb1b316e7" status: 200 len: 245 microversion: 1.28 [pid: 8|app: 0|req: 589/1175] 199.204.45.72 () {34 vars in 862 bytes} [Tue May 5 23:37:14 2026] GET /allocations/ecf71b3d-eb4c-4125-8c68-2ddeb1b316e7 => generated 245 bytes in 16 msecs (HTTP/1.1 200) 8 headers in 296 bytes (1 switches on core 0)
2026-05-05 23:37:14.155 7 INFO placement.requestlog [req-933303ce-be5c-41c6-8cee-c1deaa1f9a43 req-be4b10ed-9793-4396-99e7-c8c1d5d66ac9 f0b674a19e1043d684f06e1aecf7d145 4352df00a9194c72a3c9c311d030e820 - - 94442627a998430f8454c623e142f7c1 94442627a998430f8454c623e142f7c1] 199.204.45.72 "GET /allocations/a4685da4-d970-4e59-9589-d1a6593d3e0c" status: 200 len: 258 microversion: 1.28 [pid: 7|app: 0|req: 587/1176] 199.204.45.72 () {34 vars in 862 bytes} [Tue May 5 23:37:14 2026] GET /allocations/a4685da4-d970-4e59-9589-d1a6593d3e0c => generated 258 bytes in 17 msecs (HTTP/1.1 200) 8 headers in 296 bytes (1 switches on core 0)
