Apr 25 14:50:04.947216 np0000170188 devstack@neutron-api.service[104153]: DEBUG ovsdbapp.backend.ovs_idl [None req-90f44b2f-b2ac-4341-80f2-b2062e61f204 None None] Created lookup_table index Chassis.name {{(pid=104153) autocreate_indices /opt/stack/data/venv/lib/python3.12/site-packages/ovsdbapp/backend/ovs_idl/__init__.py:87}}
Apr 25 14:50:04.947354 np0000170188 devstack@neutron-api.service[104153]: DEBUG ovsdbapp.backend.ovs_idl [None req-90f44b2f-b2ac-4341-80f2-b2062e61f204 None None] Created lookup_table index Port_Binding.logical_port {{(pid=104153) autocreate_indices /opt/stack/data/venv/lib/python3.12/site-packages/ovsdbapp/backend/ovs_idl/__init__.py:87}}
Apr 25 14:50:04.947457 np0000170188 devstack@neutron-api.service[104153]: DEBUG ovsdbapp.backend.ovs_idl [None req-90f44b2f-b2ac-4341-80f2-b2062e61f204 None None] Created schema index Chassis_Private.name {{(pid=104153) autocreate_indices /opt/stack/data/venv/lib/python3.12/site-packages/ovsdbapp/backend/ovs_idl/__init__.py:106}}
Apr 25 14:50:04.947552 np0000170188 devstack@neutron-api.service[104153]: DEBUG ovsdbapp.backend.ovs_idl [None req-90f44b2f-b2ac-4341-80f2-b2062e61f204 None None] Created schema index Datapath_Binding.tunnel_key {{(pid=104153) autocreate_indices /opt/stack/data/venv/lib/python3.12/site-packages/ovsdbapp/backend/ovs_idl/__init__.py:106}}
Apr 25 14:50:04.949861 np0000170188 devstack@neutron-api.service[104153]: INFO ovsdbapp.backend.ovs_idl.vlog [None req-90f44b2f-b2ac-4341-80f2-b2062e61f204 None None] ssl:199.204.45.19:6642: connecting...
Apr 25 14:50:04.954881 np0000170188 devstack@neutron-api.service[104153]: INFO ovsdbapp.backend.ovs_idl.vlog [None req-90f44b2f-b2ac-4341-80f2-b2062e61f204 None None] ssl:199.204.45.19:6642: connected
Apr 25 14:50:04.962458 np0000170188 devstack@neutron-api.service[104152]: DEBUG neutron.common.ovn.hash_ring_manager [None req-62e97b6a-c78c-4b10-a09c-997964d998c6 None None] Allow caching, nodes 4>=4 {{(pid=104152) _wait_startup_before_caching /opt/stack/neutron/neutron/common/ovn/hash_ring_manager.py:65}}
Apr 25 14:50:04.966042 np0000170188 devstack@neutron-api.service[104152]: DEBUG neutron.common.ovn.hash_ring_manager [None req-62e97b6a-c78c-4b10-a09c-997964d998c6 None None] Hash Ring loaded. 4 active nodes. 0 offline nodes {{(pid=104152) _load_hash_ring /opt/stack/neutron/neutron/common/ovn/hash_ring_manager.py:102}}
Apr 25 14:50:04.966234 np0000170188 devstack@neutron-api.service[104152]: DEBUG neutron.plugins.ml2.drivers.ovn.mech_driver.ovsdb.ovsdb_monitor [None req-62e97b6a-c78c-4b10-a09c-997964d998c6 None None] ChassisOVNAgentWriteEvent : Matched Chassis_Private, create, None None {{(pid=104152) matches /opt/stack/neutron/neutron/plugins/ml2/drivers/ovn/mech_driver/ovsdb/ovsdb_monitor.py:64}}
Apr 25 14:50:04.966336 np0000170188 devstack@neutron-api.service[104152]: DEBUG neutron.plugins.ml2.drivers.ovn.mech_driver.ovsdb.ovsdb_monitor [None req-62e97b6a-c78c-4b10-a09c-997964d998c6 None None] ChassisAgentWriteEvent : Matched Chassis_Private, create, None None {{(pid=104152) matches /opt/stack/neutron/neutron/plugins/ml2/drivers/ovn/mech_driver/ovsdb/ovsdb_monitor.py:64}}
Apr 25 14:50:04.968583 np0000170188 devstack@neutron-api.service[104152]: INFO neutron.plugins.ml2.drivers.ovn.mech_driver.mech_driver [None req-62e97b6a-c78c-4b10-a09c-997964d998c6 None None] WorkerService process has finished the post initialization
Apr 25 14:50:04.970222 np0000170188 devstack@neutron-api.service[104152]: WSGI app 0 (mountpoint='') ready in 7 seconds on interpreter 0x7d7ada0a3668 pid: 104152 (default app)
Apr 25 14:50:04.978479 np0000170188 devstack@neutron-api.service[104151]: DEBUG ovsdbapp.backend.ovs_idl [None req-b879ac7a-04ce-4615-a315-a4dea3d74ddf None None] Created lookup_table index Logical_Switch.name {{(pid=104151) autocreate_indices /opt/stack/data/venv/lib/python3.12/site-packages/ovsdbapp/backend/ovs_idl/__init__.py:87}}
Apr 25 14:50:04.978621 np0000170188 devstack@neutron-api.service[104151]: DEBUG ovsdbapp.backend.ovs_idl [None req-b879ac7a-04ce-4615-a315-a4dea3d74ddf None None] Created lookup_table index Logical_Router.name {{(pid=104151) autocreate_indices /opt/stack/data/venv/lib/python3.12/site-packages/ovsdbapp/backend/ovs_idl/__init__.py:87}}
Apr 25 14:50:04.978678 np0000170188 devstack@neutron-api.service[104151]: DEBUG ovsdbapp.backend.ovs_idl [None req-b879ac7a-04ce-4615-a315-a4dea3d74ddf None None] Created lookup_table index Load_Balancer.name {{(pid=104151) autocreate_indices /opt/stack/data/venv/lib/python3.12/site-packages/ovsdbapp/backend/ovs_idl/__init__.py:87}}
Apr 25 14:50:04.978790 np0000170188 devstack@neutron-api.service[104151]: DEBUG ovsdbapp.backend.ovs_idl [None req-b879ac7a-04ce-4615-a315-a4dea3d74ddf None None] Created schema index Copp.name {{(pid=104151) autocreate_indices /opt/stack/data/venv/lib/python3.12/site-packages/ovsdbapp/backend/ovs_idl/__init__.py:106}}
Apr 25 14:50:04.978904 np0000170188 devstack@neutron-api.service[104151]: DEBUG ovsdbapp.backend.ovs_idl [None req-b879ac7a-04ce-4615-a315-a4dea3d74ddf None None] Created schema index Meter.name {{(pid=104151) autocreate_indices /opt/stack/data/venv/lib/python3.12/site-packages/ovsdbapp/backend/ovs_idl/__init__.py:106}}
Apr 25 14:50:04.978989 np0000170188 devstack@neutron-api.service[104151]: DEBUG ovsdbapp.backend.ovs_idl [None req-b879ac7a-04ce-4615-a315-a4dea3d74ddf None None] Created schema index Load_Balancer_Group.name {{(pid=104151) autocreate_indices /opt/stack/data/venv/lib/python3.12/site-packages/ovsdbapp/backend/ovs_idl/__init__.py:106}}
Apr 25 14:50:04.979058 np0000170188 devstack@neutron-api.service[104151]: DEBUG ovsdbapp.backend.ovs_idl [None req-b879ac7a-04ce-4615-a315-a4dea3d74ddf None None] Created schema index HA_Chassis_Group.name {{(pid=104151) autocreate_indices /opt/stack/data/venv/lib/python3.12/site-packages/ovsdbapp/backend/ovs_idl/__init__.py:106}}
Apr 25 14:50:04.979196 np0000170188 devstack@neutron-api.service[104151]: DEBUG ovsdbapp.backend.ovs_idl [None req-b879ac7a-04ce-4615-a315-a4dea3d74ddf None None] Created schema index Address_Set.name {{(pid=104151) autocreate_indices /opt/stack/data/venv/lib/python3.12/site-packages/ovsdbapp/backend/ovs_idl/__init__.py:106}}
Apr 25 14:50:04.979240 np0000170188 devstack@neutron-api.service[104151]: DEBUG ovsdbapp.backend.ovs_idl [None req-b879ac7a-04ce-4615-a315-a4dea3d74ddf None None] Created schema index Connection.target {{(pid=104151) autocreate_indices /opt/stack/data/venv/lib/python3.12/site-packages/ovsdbapp/backend/ovs_idl/__init__.py:106}}
Apr 25 14:50:04.979339 np0000170188 devstack@neutron-api.service[104151]: DEBUG ovsdbapp.backend.ovs_idl [None req-b879ac7a-04ce-4615-a315-a4dea3d74ddf None None] Created schema index Gateway_Chassis.name {{(pid=104151) autocreate_indices /opt/stack/data/venv/lib/python3.12/site-packages/ovsdbapp/backend/ovs_idl/__init__.py:106}}
Apr 25 14:50:04.979421 np0000170188 devstack@neutron-api.service[104151]: DEBUG ovsdbapp.backend.ovs_idl [None req-b879ac7a-04ce-4615-a315-a4dea3d74ddf None None] Created schema index Mirror.name {{(pid=104151) autocreate_indices /opt/stack/data/venv/lib/python3.12/site-packages/ovsdbapp/backend/ovs_idl/__init__.py:106}}
Apr 25 14:50:04.979573 np0000170188 devstack@neutron-api.service[104151]: DEBUG ovsdbapp.backend.ovs_idl [None req-b879ac7a-04ce-4615-a315-a4dea3d74ddf None None] Created schema index Chassis_Template_Var.chassis {{(pid=104151) autocreate_indices /opt/stack/data/venv/lib/python3.12/site-packages/ovsdbapp/backend/ovs_idl/__init__.py:106}}
Apr 25 14:50:04.979681 np0000170188 devstack@neutron-api.service[104151]: DEBUG ovsdbapp.backend.ovs_idl [None req-b879ac7a-04ce-4615-a315-a4dea3d74ddf None None] Created schema index Logical_Router_Port.name {{(pid=104151) autocreate_indices /opt/stack/data/venv/lib/python3.12/site-packages/ovsdbapp/backend/ovs_idl/__init__.py:106}}
Apr 25 14:50:04.979681 np0000170188 devstack@neutron-api.service[104151]: DEBUG ovsdbapp.backend.ovs_idl [None req-b879ac7a-04ce-4615-a315-a4dea3d74ddf None None] Created schema index Port_Group.name {{(pid=104151) autocreate_indices /opt/stack/data/venv/lib/python3.12/site-packages/ovsdbapp/backend/ovs_idl/__init__.py:106}}
Apr 25 14:50:04.979757 np0000170188 devstack@neutron-api.service[104151]: DEBUG ovsdbapp.backend.ovs_idl [None req-b879ac7a-04ce-4615-a315-a4dea3d74ddf None None] Created schema index Logical_Switch_Port.name {{(pid=104151) autocreate_indices /opt/stack/data/venv/lib/python3.12/site-packages/ovsdbapp/backend/ovs_idl/__init__.py:106}}
Apr 25 14:50:04.983014 np0000170188 devstack@neutron-api.service[104151]: INFO ovsdbapp.backend.ovs_idl.vlog [None req-b879ac7a-04ce-4615-a315-a4dea3d74ddf None None] ssl:199.204.45.19:6641: connecting...
Apr 25 14:50:04.989528 np0000170188 devstack@neutron-api.service[104151]: INFO ovsdbapp.backend.ovs_idl.vlog [None req-b879ac7a-04ce-4615-a315-a4dea3d74ddf None None] ssl:199.204.45.19:6641: connected
Apr 25 14:50:04.989766 np0000170188 devstack@neutron-api.service[104153]: DEBUG neutron.common.ovn.hash_ring_manager [None req-90f44b2f-b2ac-4341-80f2-b2062e61f204 None None] Allow caching, nodes 4>=4 {{(pid=104153) _wait_startup_before_caching /opt/stack/neutron/neutron/common/ovn/hash_ring_manager.py:65}}
Apr 25 14:50:04.993589 np0000170188 devstack@neutron-api.service[104153]: DEBUG neutron.common.ovn.hash_ring_manager [None req-90f44b2f-b2ac-4341-80f2-b2062e61f204 None None] Hash Ring loaded. 4 active nodes. 0 offline nodes {{(pid=104153) _load_hash_ring /opt/stack/neutron/neutron/common/ovn/hash_ring_manager.py:102}}
Apr 25 14:50:04.993849 np0000170188 devstack@neutron-api.service[104153]: DEBUG neutron.plugins.ml2.drivers.ovn.mech_driver.ovsdb.ovsdb_monitor [None req-90f44b2f-b2ac-4341-80f2-b2062e61f204 None None] ChassisOVNAgentWriteEvent : Matched Chassis_Private, create, None None {{(pid=104153) matches /opt/stack/neutron/neutron/plugins/ml2/drivers/ovn/mech_driver/ovsdb/ovsdb_monitor.py:64}}
Apr 25 14:50:04.993996 np0000170188 devstack@neutron-api.service[104153]: DEBUG neutron.plugins.ml2.drivers.ovn.mech_driver.ovsdb.ovsdb_monitor [None req-90f44b2f-b2ac-4341-80f2-b2062e61f204 None None] ChassisAgentWriteEvent : Matched Chassis_Private, create, None None {{(pid=104153) matches /opt/stack/neutron/neutron/plugins/ml2/drivers/ovn/mech_driver/ovsdb/ovsdb_monitor.py:64}}
Apr 25 14:50:04.994736 np0000170188 devstack@neutron-api.service[104153]: DEBUG neutron.plugins.ml2.drivers.ovn.mech_driver.ovsdb.ovsdb_monitor [None req-90f44b2f-b2ac-4341-80f2-b2062e61f204 None None] Hash Ring: Node e5549c8160b85911936f8956dff0a7a9 (host: np0000170188) handling event "create" for row 13e55521-d711-45ca-aa91-a9cd9d37031d (table: Chassis_Private) {{(pid=104153) notify /opt/stack/neutron/neutron/plugins/ml2/drivers/ovn/mech_driver/ovsdb/ovsdb_monitor.py:914}}
Apr 25 14:50:04.997494 np0000170188 devstack@neutron-api.service[104153]: INFO neutron.plugins.ml2.drivers.ovn.mech_driver.mech_driver [None req-90f44b2f-b2ac-4341-80f2-b2062e61f204 None None] WorkerService process has finished the post initialization
Apr 25 14:50:04.999150 np0000170188 devstack@neutron-api.service[104153]: WSGI app 0 (mountpoint='') ready in 7 seconds on interpreter 0x7d7ada0a3668 pid: 104153 (default app)
Apr 25 14:50:05.023379 np0000170188 devstack@neutron-api.service[104151]: DEBUG neutron.common.ovn.hash_ring_manager [None req-b879ac7a-04ce-4615-a315-a4dea3d74ddf None None] Allow caching, nodes 4>=4 {{(pid=104151) _wait_startup_before_caching /opt/stack/neutron/neutron/common/ovn/hash_ring_manager.py:65}}
Apr 25 14:50:05.029229 np0000170188 devstack@neutron-api.service[104151]: DEBUG neutron.common.ovn.hash_ring_manager [None req-b879ac7a-04ce-4615-a315-a4dea3d74ddf None None] Hash Ring loaded. 4 active nodes. 0 offline nodes {{(pid=104151) _load_hash_ring /opt/stack/neutron/neutron/common/ovn/hash_ring_manager.py:102}}
Apr 25 14:50:05.029496 np0000170188 devstack@neutron-api.service[104151]: DEBUG neutron.plugins.ml2.drivers.ovn.mech_driver.ovsdb.ovsdb_monitor [None req-b879ac7a-04ce-4615-a315-a4dea3d74ddf None None] Hash Ring: Node 733c46dfe79d5dbbb51c6ba7c830d38c (host: np0000170188) handling event "create" for row bdd30e52-2186-4738-88d0-86c18d32e918 (table: ACL) {{(pid=104151) notify /opt/stack/neutron/neutron/plugins/ml2/drivers/ovn/mech_driver/ovsdb/ovsdb_monitor.py:914}}
Apr 25 14:50:05.029671 np0000170188 devstack@neutron-api.service[104151]: DEBUG neutron.plugins.ml2.drivers.ovn.mech_driver.ovsdb.ovsdb_monitor [None req-b879ac7a-04ce-4615-a315-a4dea3d74ddf None None] Hash Ring: Node 733c46dfe79d5dbbb51c6ba7c830d38c (host: np0000170188) handling event "create" for row 397bdb5a-ed6a-4f0b-a9bc-2c8b9cea71cf (table: Connection) {{(pid=104151) notify /opt/stack/neutron/neutron/plugins/ml2/drivers/ovn/mech_driver/ovsdb/ovsdb_monitor.py:914}}
Apr 25 14:50:05.029823 np0000170188 devstack@neutron-api.service[104151]: DEBUG neutron.plugins.ml2.drivers.ovn.mech_driver.ovsdb.ovsdb_monitor [None req-b879ac7a-04ce-4615-a315-a4dea3d74ddf None None] Hash Ring: Node 733c46dfe79d5dbbb51c6ba7c830d38c (host: np0000170188) handling event "create" for row a8e0f3a2-972f-49f5-a8eb-09ceed595a23 (table: NB_Global) {{(pid=104151) notify /opt/stack/neutron/neutron/plugins/ml2/drivers/ovn/mech_driver/ovsdb/ovsdb_monitor.py:914}}
Apr 25 14:50:05.029990 np0000170188 devstack@neutron-api.service[104151]: DEBUG neutron.plugins.ml2.drivers.ovn.mech_driver.ovsdb.ovsdb_monitor [None req-b879ac7a-04ce-4615-a315-a4dea3d74ddf None None] Hash Ring: Node 733c46dfe79d5dbbb51c6ba7c830d38c (host: np0000170188) handling event "create" for row ef14543a-8994-401c-aa14-11fd675894ca (table: Port_Group) {{(pid=104151) notify /opt/stack/neutron/neutron/plugins/ml2/drivers/ovn/mech_driver/ovsdb/ovsdb_monitor.py:914}}
Apr 25 14:50:05.031092 np0000170188 devstack@neutron-api.service[104151]: INFO neutron.plugins.ml2.drivers.ovn.mech_driver.ovsdb.impl_idl_ovn [None req-b879ac7a-04ce-4615-a315-a4dea3d74ddf None None] Getting OvsdbSbOvnIdl for WorkerService with retry
Apr 25 14:50:05.062849 np0000170188 devstack@neutron-api.service[104151]: DEBUG ovsdbapp.backend.ovs_idl [None req-b879ac7a-04ce-4615-a315-a4dea3d74ddf None None] Created lookup_table index Chassis.name {{(pid=104151) autocreate_indices /opt/stack/data/venv/lib/python3.12/site-packages/ovsdbapp/backend/ovs_idl/__init__.py:87}}
Apr 25 14:50:05.062985 np0000170188 devstack@neutron-api.service[104151]: DEBUG ovsdbapp.backend.ovs_idl [None req-b879ac7a-04ce-4615-a315-a4dea3d74ddf None None] Created lookup_table index Port_Binding.logical_port {{(pid=104151) autocreate_indices /opt/stack/data/venv/lib/python3.12/site-packages/ovsdbapp/backend/ovs_idl/__init__.py:87}}
Apr 25 14:50:05.063033 np0000170188 devstack@neutron-api.service[104151]: DEBUG ovsdbapp.backend.ovs_idl [None req-b879ac7a-04ce-4615-a315-a4dea3d74ddf None None] Created schema index Chassis_Private.name {{(pid=104151) autocreate_indices /opt/stack/data/venv/lib/python3.12/site-packages/ovsdbapp/backend/ovs_idl/__init__.py:106}}
Apr 25 14:50:05.063199 np0000170188 devstack@neutron-api.service[104151]: DEBUG ovsdbapp.backend.ovs_idl [None req-b879ac7a-04ce-4615-a315-a4dea3d74ddf None None] Created schema index Datapath_Binding.tunnel_key {{(pid=104151) autocreate_indices /opt/stack/data/venv/lib/python3.12/site-packages/ovsdbapp/backend/ovs_idl/__init__.py:106}}
Apr 25 14:50:05.065021 np0000170188 devstack@neutron-api.service[104151]: INFO ovsdbapp.backend.ovs_idl.vlog [None req-b879ac7a-04ce-4615-a315-a4dea3d74ddf None None] ssl:199.204.45.19:6642: connecting...
Apr 25 14:50:05.072078 np0000170188 devstack@neutron-api.service[104151]: INFO ovsdbapp.backend.ovs_idl.vlog [None req-b879ac7a-04ce-4615-a315-a4dea3d74ddf None None] ssl:199.204.45.19:6642: connected
Apr 25 14:50:05.105620 np0000170188 devstack@neutron-api.service[104151]: DEBUG neutron.common.ovn.hash_ring_manager [None req-b879ac7a-04ce-4615-a315-a4dea3d74ddf None None] Allow caching, nodes 4>=4 {{(pid=104151) _wait_startup_before_caching /opt/stack/neutron/neutron/common/ovn/hash_ring_manager.py:65}}
Apr 25 14:50:05.112541 np0000170188 devstack@neutron-api.service[104151]: DEBUG neutron.common.ovn.hash_ring_manager [None req-b879ac7a-04ce-4615-a315-a4dea3d74ddf None None] Hash Ring loaded. 4 active nodes. 0 offline nodes {{(pid=104151) _load_hash_ring /opt/stack/neutron/neutron/common/ovn/hash_ring_manager.py:102}}
Apr 25 14:50:05.112737 np0000170188 devstack@neutron-api.service[104151]: DEBUG neutron.plugins.ml2.drivers.ovn.mech_driver.ovsdb.ovsdb_monitor [None req-b879ac7a-04ce-4615-a315-a4dea3d74ddf None None] Hash Ring: Node 733c46dfe79d5dbbb51c6ba7c830d38c (host: np0000170188) handling event "create" for row eda527a5-c310-49b8-b08d-481933ae922d (table: Chassis) {{(pid=104151) notify /opt/stack/neutron/neutron/plugins/ml2/drivers/ovn/mech_driver/ovsdb/ovsdb_monitor.py:914}}
Apr 25 14:50:05.113577 np0000170188 devstack@neutron-api.service[104151]: DEBUG ovsdbapp.backend.ovs_idl.event [None req-b879ac7a-04ce-4615-a315-a4dea3d74ddf None None] Matched CREATE: ChassisBandwidthConfigEvent(events=('create', 'update'), table='Chassis', conditions=None, old_conditions=None), priority=20 to row=Chassis(uuid=eda527a5-c310-49b8-b08d-481933ae922d, encaps=[8081e38a-7c4b-4f0e-8313-491c2c54f7f0], external_ids={}, hostname='np0000170188', name='15f02b43-5789-4d15-a78b-6fcd214ef498', nb_cfg=0, other_config={'ct-commit-nat-v2': 'true', 'ct-commit-to-zone': 'true', 'ct-next-zone': 'true', 'ct-no-masked-label': 'true', 'ct-state-save': 'true', 'datapath-type': 'system', 'fdb-timestamp': 'true', 'iface-types': 'afxdp,afxdp-nonpmd,bareudp,erspan,geneve,gre,gtpu,internal,ip6erspan,ip6gre,lisp,patch,srv6,stt,system,tap,vxlan', 'is-interconn': 'false', 'ls-dpg-column': 'true', 'mac-binding-timestamp': 'true', 'ovn-bridge-mappings': 'public:br-ex', 'ovn-chassis-mac-mappings': '', 'ovn-cms-options': 'enable-chassis-as-gw', 'ovn-ct-lb-related': 'true', 'ovn-enable-lflow-cache': 'true', 'ovn-limit-lflow-cache': '', 'ovn-memlimit-lflow-cache-kb': '', 'ovn-monitor-all': 'false', 'ovn-trim-limit-lflow-cache': '', 'ovn-trim-timeout-ms': '', 'ovn-trim-wmark-perc-lflow-cache': '', 'port-up-notif': 'true'}, transport_zones=[], vtep_logical_switches=[]) old= {{(pid=104151) matches /opt/stack/data/venv/lib/python3.12/site-packages/ovsdbapp/backend/ovs_idl/event.py:55}}
Apr 25 14:50:05.114105 np0000170188 devstack@neutron-api.service[104151]: DEBUG neutron.plugins.ml2.drivers.ovn.mech_driver.ovsdb.ovsdb_monitor [None req-b879ac7a-04ce-4615-a315-a4dea3d74ddf None None] ChassisAgentWriteEvent : Matched Chassis_Private, create, None None {{(pid=104151) matches /opt/stack/neutron/neutron/plugins/ml2/drivers/ovn/mech_driver/ovsdb/ovsdb_monitor.py:64}}
Apr 25 14:50:05.114263 np0000170188 devstack@neutron-api.service[104151]: DEBUG neutron.plugins.ml2.drivers.ovn.mech_driver.ovsdb.ovsdb_monitor [None req-b879ac7a-04ce-4615-a315-a4dea3d74ddf None None] ChassisOVNAgentWriteEvent : Matched Chassis_Private, create, None None {{(pid=104151) matches /opt/stack/neutron/neutron/plugins/ml2/drivers/ovn/mech_driver/ovsdb/ovsdb_monitor.py:64}}
Apr 25 14:50:05.114535 np0000170188 devstack@neutron-api.service[104151]: DEBUG neutron.plugins.ml2.drivers.ovn.mech_driver.ovsdb.ovsdb_monitor [None req-b879ac7a-04ce-4615-a315-a4dea3d74ddf None None] Hash Ring: Node 733c46dfe79d5dbbb51c6ba7c830d38c (host: np0000170188) handling event "create" for row 8081e38a-7c4b-4f0e-8313-491c2c54f7f0 (table: Encap) {{(pid=104151) notify /opt/stack/neutron/neutron/plugins/ml2/drivers/ovn/mech_driver/ovsdb/ovsdb_monitor.py:914}}
Apr 25 14:50:05.116160 np0000170188 devstack@neutron-api.service[104151]: INFO neutron.plugins.ml2.drivers.ovn.mech_driver.mech_driver [None req-b879ac7a-04ce-4615-a315-a4dea3d74ddf None None] WorkerService process has finished the post initialization
Apr 25 14:50:05.117575 np0000170188 devstack@neutron-api.service[104151]: INFO neutron.plugins.ml2.drivers.ovn.mech_driver.ovsdb.extensions.qos [-] Starting OVNClientQosExtension
Apr 25 14:50:05.117833 np0000170188 devstack@neutron-api.service[104151]: INFO neutron.plugins.ml2.drivers.ovn.mech_driver.ovsdb.extensions.placement [-] Starting OVNClientPlacementExtension
Apr 25 14:50:05.120235 np0000170188 devstack@neutron-api.service[104151]: WSGI app 0 (mountpoint='') ready in 8 seconds on interpreter 0x7d7ada0a3668 pid: 104151 (default app)
Apr 25 14:50:06.490764 np0000170188 devstack@neutron-api.service[104151]: DEBUG neutron.plugins.ml2.drivers.ovn.mech_driver.ovsdb.ovsdb_monitor [-] Hash Ring: Node 733c46dfe79d5dbbb51c6ba7c830d38c (host: np0000170188) handling event "update" for row 397bdb5a-ed6a-4f0b-a9bc-2c8b9cea71cf (table: Connection) {{(pid=104151) notify /opt/stack/neutron/neutron/plugins/ml2/drivers/ovn/mech_driver/ovsdb/ovsdb_monitor.py:914}}
Apr 25 14:50:06.493866 np0000170188 devstack@neutron-api.service[104152]: DEBUG neutron.common.ovn.hash_ring_manager [-] Allow caching, nodes 4>=4 {{(pid=104152) _wait_startup_before_caching /opt/stack/neutron/neutron/common/ovn/hash_ring_manager.py:65}}
Apr 25 14:50:06.496078 np0000170188 devstack@neutron-api.service[104153]: DEBUG neutron.common.ovn.hash_ring_manager [-] Allow caching, nodes 4>=4 {{(pid=104153) _wait_startup_before_caching /opt/stack/neutron/neutron/common/ovn/hash_ring_manager.py:65}}
Apr 25 14:50:06.496467 np0000170188 devstack@neutron-api.service[104153]: DEBUG neutron.plugins.ml2.drivers.ovn.mech_driver.ovsdb.ovsdb_monitor [-] Hash Ring: Node e5549c8160b85911936f8956dff0a7a9 (host: np0000170188) handling event "update" for row 397bdb5a-ed6a-4f0b-a9bc-2c8b9cea71cf (table: Connection) {{(pid=104153) notify /opt/stack/neutron/neutron/plugins/ml2/drivers/ovn/mech_driver/ovsdb/ovsdb_monitor.py:914}}
Apr 25 14:50:06.497893 np0000170188 devstack@neutron-api.service[104150]: DEBUG neutron.common.ovn.hash_ring_manager [-] Allow caching, nodes 4>=4 {{(pid=104150) _wait_startup_before_caching /opt/stack/neutron/neutron/common/ovn/hash_ring_manager.py:65}}
Apr 25 14:50:06.498236 np0000170188 devstack@neutron-api.service[104150]: DEBUG neutron.plugins.ml2.drivers.ovn.mech_driver.ovsdb.ovsdb_monitor [-] Hash Ring: Node 4f27f123c3c456909e66f7c6d190129e (host: np0000170188) handling event "update" for row 397bdb5a-ed6a-4f0b-a9bc-2c8b9cea71cf (table: Connection) {{(pid=104150) notify /opt/stack/neutron/neutron/plugins/ml2/drivers/ovn/mech_driver/ovsdb/ovsdb_monitor.py:914}}
Apr 25 14:50:08.992185 np0000170188 devstack@neutron-api.service[104151]: DEBUG neutron.plugins.ml2.drivers.ovn.mech_driver.ovsdb.ovsdb_monitor [-] Hash Ring: Node 733c46dfe79d5dbbb51c6ba7c830d38c (host: np0000170188) handling event "update" for row 397bdb5a-ed6a-4f0b-a9bc-2c8b9cea71cf (table: Connection) {{(pid=104151) notify /opt/stack/neutron/neutron/plugins/ml2/drivers/ovn/mech_driver/ovsdb/ovsdb_monitor.py:914}}
Apr 25 14:50:08.992492 np0000170188 devstack@neutron-api.service[104153]: DEBUG neutron.plugins.ml2.drivers.ovn.mech_driver.ovsdb.ovsdb_monitor [-] Hash Ring: Node e5549c8160b85911936f8956dff0a7a9 (host: np0000170188) handling event "update" for row 397bdb5a-ed6a-4f0b-a9bc-2c8b9cea71cf (table: Connection) {{(pid=104153) notify /opt/stack/neutron/neutron/plugins/ml2/drivers/ovn/mech_driver/ovsdb/ovsdb_monitor.py:914}}
Apr 25 14:50:08.992750 np0000170188 devstack@neutron-api.service[104150]: DEBUG neutron.plugins.ml2.drivers.ovn.mech_driver.ovsdb.ovsdb_monitor [-] Hash Ring: Node 4f27f123c3c456909e66f7c6d190129e (host: np0000170188) handling event "update" for row 397bdb5a-ed6a-4f0b-a9bc-2c8b9cea71cf (table: Connection) {{(pid=104150) notify /opt/stack/neutron/neutron/plugins/ml2/drivers/ovn/mech_driver/ovsdb/ovsdb_monitor.py:914}}
Apr 25 14:50:11.570156 np0000170188 devstack@neutron-api.service[104150]: DEBUG neutron.api.wsgi [None req-8cf105ba-74af-41fc-aaa0-7b083e2a2bdb admin admin] Missing Content-Type {{(pid=104150) get_content_type /opt/stack/neutron/neutron/api/wsgi.py:80}}
Apr 25 14:50:11.570877 np0000170188 devstack@neutron-api.service[104150]: DEBUG neutron.api.wsgi [None req-8cf105ba-74af-41fc-aaa0-7b083e2a2bdb admin admin] https://199.204.45.19/networking/v2.0/extensions returned with HTTP 200 {{(pid=104150) __call__ /opt/stack/neutron/neutron/api/wsgi.py:540}}
Apr 25 14:50:11.570877 np0000170188 devstack@neutron-api.service[104150]: [pid: 104150|app: 0|req: 2/2] 199.204.45.19 () {64 vars in 1316 bytes} [Sat Apr 25 14:50:11 2026] GET /networking/v2.0/extensions => generated 15209 bytes in 423 msecs (HTTP/1.1 200) 4 headers in 159 bytes (1 switches on core 0)
Apr 25 14:50:11.999644 np0000170188 devstack@neutron-api.service[104152]: DEBUG neutron.api.v2.base [None req-9e56b029-405d-40b0-9a10-0d7a903f7e65 admin admin] Request body: {'subnetpool': {'default_prefixlen': 26, 'is_default': True, 'shared': True, 'prefixes': ['10.1.0.0/20'], 'name': 'shared-default-subnetpool-v4'}} {{(pid=104152) prepare_request_body /opt/stack/neutron/neutron/api/v2/base.py:727}}
Apr 25 14:50:12.208341 np0000170188 devstack@neutron-api.service[104152]: DEBUG neutron.policy [None req-9e56b029-405d-40b0-9a10-0d7a903f7e65 admin admin] Loaded default policies from ['neutron'] under neutron.policies entry points {{(pid=104152) register_rules /opt/stack/neutron/neutron/policy.py:65}}
Apr 25 14:50:12.371523 np0000170188 devstack@neutron-api.service[104152]: DEBUG neutron_lib.callbacks.manager [None req-9e56b029-405d-40b0-9a10-0d7a903f7e65 admin admin] Publish callbacks ['neutron.objects.securitygroup.RbacNeutronDbObjectMixin.validate_rbac_policy_change-2037754108954', 'neutron.objects.address_group.RbacNeutronDbObjectMixin.validate_rbac_policy_change-2037754594032', 'neutron.objects.network.RbacNeutronDbObjectMixin.validate_rbac_policy_change-2037754591671', 'neutron.objects.qos.policy.RbacNeutronDbObjectMixin.validate_rbac_policy_change-2037754578098', 'neutron.objects.subnetpool.RbacNeutronDbObjectMixin.validate_rbac_policy_change-2037754567612', 'neutron.objects.address_scope.RbacNeutronDbObjectMixin.validate_rbac_policy_change-2037754578179', 'neutron.plugins.ml2.plugin.External_net_db_mixin._process_ext_policy_create-8005792', 'neutron.plugins.ml2.plugin.NeutronDbPluginV2.validate_network_rbac_policy_change-7996864'] for rbac-policy (None), before_create {{(pid=104152) _notify_loop /opt/stack/data/venv/lib/python3.12/site-packages/neutron_lib/callbacks/manager.py:184}}
Apr 25 14:50:12.425518 np0000170188 devstack@neutron-api.service[104152]: DEBUG neutron_lib.callbacks.manager [None req-9e56b029-405d-40b0-9a10-0d7a903f7e65 admin admin] Publish callbacks [] for subnetpool (None), before_response {{(pid=104152) _notify_loop /opt/stack/data/venv/lib/python3.12/site-packages/neutron_lib/callbacks/manager.py:184}}
Apr 25 14:50:12.427272 np0000170188 devstack@neutron-api.service[104152]: [pid: 104152|app: 0|req: 1/3] 199.204.45.19 () {68 vars in 1360 bytes} [Sat Apr 25 14:50:11 2026] POST /networking/v2.0/subnetpools => generated 533 bytes in 566 msecs (HTTP/1.1 201) 4 headers in 162 bytes (1 switches on core 0)
Apr 25 14:50:12.767046 np0000170188 devstack@neutron-api.service[104153]: DEBUG neutron.api.v2.base [None req-949f1aff-8714-4fb5-8f8b-44e8400c77e0 admin admin] Request body: {'subnetpool': {'default_prefixlen': 64, 'is_default': True, 'shared': True, 'prefixes': ['fdc8:1d63:272a::/56'], 'name': 'shared-default-subnetpool-v6'}} {{(pid=104153) prepare_request_body /opt/stack/neutron/neutron/api/v2/base.py:727}}
Apr 25 14:50:12.943065 np0000170188 devstack@neutron-api.service[104153]: DEBUG neutron.policy [None req-949f1aff-8714-4fb5-8f8b-44e8400c77e0 admin admin] Loaded default policies from ['neutron'] under neutron.policies entry points {{(pid=104153) register_rules /opt/stack/neutron/neutron/policy.py:65}}
Apr 25 14:50:13.093575 np0000170188 devstack@neutron-api.service[104153]: DEBUG neutron_lib.callbacks.manager [None req-949f1aff-8714-4fb5-8f8b-44e8400c77e0 admin admin] Publish callbacks ['neutron.objects.securitygroup.RbacNeutronDbObjectMixin.validate_rbac_policy_change-2037754108954', 'neutron.objects.address_group.RbacNeutronDbObjectMixin.validate_rbac_policy_change-2037754594032', 'neutron.objects.network.RbacNeutronDbObjectMixin.validate_rbac_policy_change-2037754591671', 'neutron.objects.qos.policy.RbacNeutronDbObjectMixin.validate_rbac_policy_change-2037754578098', 'neutron.objects.subnetpool.RbacNeutronDbObjectMixin.validate_rbac_policy_change-2037754567612', 'neutron.objects.address_scope.RbacNeutronDbObjectMixin.validate_rbac_policy_change-2037754578179', 'neutron.plugins.ml2.plugin.External_net_db_mixin._process_ext_policy_create-126283', 'neutron.plugins.ml2.plugin.NeutronDbPluginV2.validate_network_rbac_policy_change-114991'] for rbac-policy (None), before_create {{(pid=104153) _notify_loop /opt/stack/data/venv/lib/python3.12/site-packages/neutron_lib/callbacks/manager.py:184}}
Apr 25 14:50:13.139509 np0000170188 devstack@neutron-api.service[104153]: DEBUG neutron_lib.callbacks.manager [None req-949f1aff-8714-4fb5-8f8b-44e8400c77e0 admin admin] Publish callbacks [] for subnetpool (None), before_response {{(pid=104153) _notify_loop /opt/stack/data/venv/lib/python3.12/site-packages/neutron_lib/callbacks/manager.py:184}}
Apr 25 14:50:13.140180 np0000170188 devstack@neutron-api.service[104153]: [pid: 104153|app: 0|req: 1/4] 199.204.45.19 () {68 vars in 1360 bytes} [Sat Apr 25 14:50:12 2026] POST /networking/v2.0/subnetpools => generated 543 bytes in 481 msecs (HTTP/1.1 201) 4 headers in 162 bytes (1 switches on core 0)
Apr 25 14:50:13.591865 np0000170188 devstack@neutron-api.service[104151]: DEBUG neutron.api.v2.base [None req-a8f0a8ed-32e3-476a-8c53-ea0b3c963b31 admin admin] Request body: {'network': {'admin_state_up': True, 'name': 'private'}} {{(pid=104151) prepare_request_body /opt/stack/neutron/neutron/api/v2/base.py:727}}
Apr 25 14:50:13.624176 np0000170188 devstack@neutron-api.service[104151]: DEBUG neutron.pecan_wsgi.hooks.quota_enforcement [None req-a8f0a8ed-32e3-476a-8c53-ea0b3c963b31 admin admin] Made reservation on behalf of 82f7b74497f241aa9b7f408edf508c93 for: {'network': 1} {{(pid=104151) before /opt/stack/neutron/neutron/pecan_wsgi/hooks/quota_enforcement.py:66}}
Apr 25 14:50:13.802193 np0000170188 devstack@neutron-api.service[104151]: DEBUG neutron.policy [None req-a8f0a8ed-32e3-476a-8c53-ea0b3c963b31 admin admin] Loaded default policies from ['neutron'] under neutron.policies entry points {{(pid=104151) register_rules /opt/stack/neutron/neutron/policy.py:65}}
Apr 25 14:50:13.906550 np0000170188 devstack@neutron-api.service[104151]: DEBUG neutron_lib.callbacks.manager [None req-a8f0a8ed-32e3-476a-8c53-ea0b3c963b31 admin admin] Publish callbacks ['neutron.plugins.ml2.plugin.SecurityGroupDbMixin._ensure_default_security_group_handler-384286'] for network (None), before_create {{(pid=104151) _notify_loop /opt/stack/data/venv/lib/python3.12/site-packages/neutron_lib/callbacks/manager.py:184}}
Apr 25 14:50:13.930320 np0000170188 devstack@neutron-api.service[104151]: DEBUG neutron_lib.callbacks.manager [None req-a8f0a8ed-32e3-476a-8c53-ea0b3c963b31 admin admin] Publish callbacks [] for security_group (None), before_create {{(pid=104151) _notify_loop /opt/stack/data/venv/lib/python3.12/site-packages/neutron_lib/callbacks/manager.py:184}}
Apr 25 14:50:14.031029 np0000170188 devstack@neutron-api.service[104151]: DEBUG neutron_lib.callbacks.manager [None req-a8f0a8ed-32e3-476a-8c53-ea0b3c963b31 admin admin] Publish callbacks ['neutron.plugins.ml2.drivers.ovn.mech_driver.mech_driver.OVNMechanismDriver._create_security_group_precommit-1945647'] for security_group (2eac7a9a-1585-4e8d-9942-4cc213e1d810), precommit_create {{(pid=104151) _notify_loop /opt/stack/data/venv/lib/python3.12/site-packages/neutron_lib/callbacks/manager.py:184}}
Apr 25 14:50:14.031206 np0000170188 devstack@neutron-api.service[104151]: DEBUG neutron.db.ovn_revision_numbers_db [None req-a8f0a8ed-32e3-476a-8c53-ea0b3c963b31 admin admin] create_initial_revision uuid=2eac7a9a-1585-4e8d-9942-4cc213e1d810, type=security_groups, rev=-1 {{(pid=104151) create_initial_revision /opt/stack/neutron/neutron/db/ovn_revision_numbers_db.py:98}}
Apr 25 14:50:14.034160 np0000170188 devstack@neutron-api.service[104151]: DEBUG neutron.db.ovn_revision_numbers_db [None req-a8f0a8ed-32e3-476a-8c53-ea0b3c963b31 admin admin] create_initial_revision uuid=09fd9706-3310-4034-a9e3-dcafde6c5a4d, type=security_group_rules, rev=-1 {{(pid=104151) create_initial_revision /opt/stack/neutron/neutron/db/ovn_revision_numbers_db.py:98}}
Apr 25 14:50:14.035275 np0000170188 devstack@neutron-api.service[104151]: DEBUG neutron.db.ovn_revision_numbers_db [None req-a8f0a8ed-32e3-476a-8c53-ea0b3c963b31 admin admin] create_initial_revision uuid=8b76c720-a15f-4962-9c0c-667b221d1c80, type=security_group_rules, rev=-1 {{(pid=104151) create_initial_revision /opt/stack/neutron/neutron/db/ovn_revision_numbers_db.py:98}}
Apr 25 14:50:14.036460 np0000170188 devstack@neutron-api.service[104151]: DEBUG neutron.db.ovn_revision_numbers_db [None req-a8f0a8ed-32e3-476a-8c53-ea0b3c963b31 admin admin] create_initial_revision uuid=ddc38f14-2174-4ecc-bdd1-0a9fe9d5a72c, type=security_group_rules, rev=-1 {{(pid=104151) create_initial_revision /opt/stack/neutron/neutron/db/ovn_revision_numbers_db.py:98}}
Apr 25 14:50:14.037595 np0000170188 devstack@neutron-api.service[104151]: DEBUG neutron.db.ovn_revision_numbers_db [None req-a8f0a8ed-32e3-476a-8c53-ea0b3c963b31 admin admin] create_initial_revision uuid=f7f3d874-2ed4-4768-856f-eaeb0562df74, type=security_group_rules, rev=-1 {{(pid=104151) create_initial_revision /opt/stack/neutron/neutron/db/ovn_revision_numbers_db.py:98}}
Apr 25 14:50:14.044856 np0000170188 devstack@neutron-api.service[104151]: DEBUG neutron_lib.callbacks.manager [None req-a8f0a8ed-32e3-476a-8c53-ea0b3c963b31 admin admin] Publish callbacks ['neutron.plugins.ml2.drivers.ovn.mech_driver.mech_driver.OVNMechanismDriver._create_security_group-1945637', 'neutron.plugins.ml2.ovo_rpc._ObjectChangeHandler.handle_event-3029883'] for security_group (2eac7a9a-1585-4e8d-9942-4cc213e1d810), after_create {{(pid=104151) _notify_loop /opt/stack/data/venv/lib/python3.12/site-packages/neutron_lib/callbacks/manager.py:184}}
Apr 25 14:50:14.046610 np0000170188 devstack@neutron-api.service[104151]: DEBUG ovsdbapp.backend.ovs_idl.transaction [-] Running txn n=1 command(idx=0): PgAddCommand(_result=None, name=pg_2eac7a9a_1585_4e8d_9942_4cc213e1d810, may_exist=False, columns={'acls': [], 'external_ids': {'neutron:security_group_id': '2eac7a9a-1585-4e8d-9942-4cc213e1d810'}}) {{(pid=104151) do_commit /opt/stack/data/venv/lib/python3.12/site-packages/ovsdbapp/backend/ovs_idl/transaction.py:89}}
Apr 25 14:50:14.054133 np0000170188 devstack@neutron-api.service[104151]: DEBUG ovsdbapp.backend.ovs_idl.transaction [-] Running txn n=1 command(idx=1): PgAclAddCommand(_result=None, entity=pg_2eac7a9a_1585_4e8d_9942_4cc213e1d810, direction=to-lport, priority=1002, match=outport == @pg_2eac7a9a_1585_4e8d_9942_4cc213e1d810 && ip6 && ip6.src == $pg_2eac7a9a_1585_4e8d_9942_4cc213e1d810_ip6, action=allow-related, log=False, may_exist=True, severity=[], name=[], meter=[], external_ids={'neutron:security_group_rule_id': '09fd9706-3310-4034-a9e3-dcafde6c5a4d'}) {{(pid=104151) do_commit /opt/stack/data/venv/lib/python3.12/site-packages/ovsdbapp/backend/ovs_idl/transaction.py:89}}
Apr 25 14:50:14.054857 np0000170188 devstack@neutron-api.service[104151]: DEBUG ovsdbapp.backend.ovs_idl.transaction [-] Running txn n=1 command(idx=2): PgAclAddCommand(_result=None, entity=pg_2eac7a9a_1585_4e8d_9942_4cc213e1d810, direction=from-lport, priority=1002, match=inport == @pg_2eac7a9a_1585_4e8d_9942_4cc213e1d810 && ip6, action=allow-related, log=False, may_exist=True, severity=[], name=[], meter=[], external_ids={'neutron:security_group_rule_id': '8b76c720-a15f-4962-9c0c-667b221d1c80'}) {{(pid=104151) do_commit /opt/stack/data/venv/lib/python3.12/site-packages/ovsdbapp/backend/ovs_idl/transaction.py:89}}
Apr 25 14:50:14.055370 np0000170188 devstack@neutron-api.service[104151]: DEBUG ovsdbapp.backend.ovs_idl.transaction [-] Running txn n=1 command(idx=3): PgAclAddCommand(_result=None, entity=pg_2eac7a9a_1585_4e8d_9942_4cc213e1d810, direction=to-lport, priority=1002, match=outport == @pg_2eac7a9a_1585_4e8d_9942_4cc213e1d810 && ip4 && ip4.src == $pg_2eac7a9a_1585_4e8d_9942_4cc213e1d810_ip4, action=allow-related, log=False, may_exist=True, severity=[], name=[], meter=[], external_ids={'neutron:security_group_rule_id': 'ddc38f14-2174-4ecc-bdd1-0a9fe9d5a72c'}) {{(pid=104151) do_commit /opt/stack/data/venv/lib/python3.12/site-packages/ovsdbapp/backend/ovs_idl/transaction.py:89}}
Apr 25 14:50:14.055927 np0000170188 devstack@neutron-api.service[104151]: DEBUG ovsdbapp.backend.ovs_idl.transaction [-] Running txn n=1 command(idx=4): PgAclAddCommand(_result=None, entity=pg_2eac7a9a_1585_4e8d_9942_4cc213e1d810, direction=from-lport, priority=1002, match=inport == @pg_2eac7a9a_1585_4e8d_9942_4cc213e1d810 && ip4, action=allow-related, log=False, may_exist=True, severity=[], name=[], meter=[], external_ids={'neutron:security_group_rule_id': 'f7f3d874-2ed4-4768-856f-eaeb0562df74'}) {{(pid=104151) do_commit /opt/stack/data/venv/lib/python3.12/site-packages/ovsdbapp/backend/ovs_idl/transaction.py:89}}
Apr 25 14:50:14.064848 np0000170188 devstack@neutron-api.service[104152]: DEBUG neutron.plugins.ml2.drivers.ovn.mech_driver.ovsdb.ovsdb_monitor [-] Hash Ring: Node 5832ba02817056e9b70a7cb48f384adc (host: np0000170188) handling event "create" for row 0d22add3-2098-40c3-80b1-4a6a2e308d02 (table: ACL) {{(pid=104152) notify /opt/stack/neutron/neutron/plugins/ml2/drivers/ovn/mech_driver/ovsdb/ovsdb_monitor.py:914}}
Apr 25 14:50:14.065341 np0000170188 devstack@neutron-api.service[104152]: DEBUG neutron.plugins.ml2.drivers.ovn.mech_driver.ovsdb.ovsdb_monitor [-] Hash Ring: Node 5832ba02817056e9b70a7cb48f384adc (host: np0000170188) handling event "create" for row 1a92843d-26c2-42a3-9e9d-a724eb4148a0 (table: ACL) {{(pid=104152) notify /opt/stack/neutron/neutron/plugins/ml2/drivers/ovn/mech_driver/ovsdb/ovsdb_monitor.py:914}}
Apr 25 14:50:14.065341 np0000170188 devstack@neutron-api.service[104152]: DEBUG neutron.plugins.ml2.drivers.ovn.mech_driver.ovsdb.ovsdb_monitor [-] Hash Ring: Node 5832ba02817056e9b70a7cb48f384adc (host: np0000170188) handling event "create" for row 922f4364-e918-411f-b7c5-48b10145372f (table: ACL) {{(pid=104152) notify /opt/stack/neutron/neutron/plugins/ml2/drivers/ovn/mech_driver/ovsdb/ovsdb_monitor.py:914}}
Apr 25 14:50:14.066736 np0000170188 devstack@neutron-api.service[104150]: DEBUG neutron.plugins.ml2.drivers.ovn.mech_driver.ovsdb.ovsdb_monitor [-] Hash Ring: Node 4f27f123c3c456909e66f7c6d190129e (host: np0000170188) handling event "create" for row 0d22add3-2098-40c3-80b1-4a6a2e308d02 (table: ACL) {{(pid=104150) notify /opt/stack/neutron/neutron/plugins/ml2/drivers/ovn/mech_driver/ovsdb/ovsdb_monitor.py:914}}
Apr 25 14:50:14.067048 np0000170188 devstack@neutron-api.service[104153]: DEBUG neutron.plugins.ml2.drivers.ovn.mech_driver.ovsdb.ovsdb_monitor [-] Hash Ring: Node e5549c8160b85911936f8956dff0a7a9 (host: np0000170188) handling event "create" for row 6eb87358-27e7-4cbd-a07d-330125272e7d (table: ACL) {{(pid=104153) notify /opt/stack/neutron/neutron/plugins/ml2/drivers/ovn/mech_driver/ovsdb/ovsdb_monitor.py:914}}
Apr 25 14:50:14.067343 np0000170188 devstack@neutron-api.service[104150]: DEBUG neutron.plugins.ml2.drivers.ovn.mech_driver.ovsdb.ovsdb_monitor [-] Hash Ring: Node 4f27f123c3c456909e66f7c6d190129e (host: np0000170188) handling event "create" for row 1a92843d-26c2-42a3-9e9d-a724eb4148a0 (table: ACL) {{(pid=104150) notify /opt/stack/neutron/neutron/plugins/ml2/drivers/ovn/mech_driver/ovsdb/ovsdb_monitor.py:914}}
Apr 25 14:50:14.067402 np0000170188 devstack@neutron-api.service[104153]: DEBUG neutron.plugins.ml2.drivers.ovn.mech_driver.ovsdb.ovsdb_monitor [-] Hash Ring: Node e5549c8160b85911936f8956dff0a7a9 (host: np0000170188) handling event "create" for row a8d1cc1e-eb24-4558-bc51-28dcc9b9319f (table: Port_Group) {{(pid=104153) notify /opt/stack/neutron/neutron/plugins/ml2/drivers/ovn/mech_driver/ovsdb/ovsdb_monitor.py:914}}
Apr 25 14:50:14.067448 np0000170188 devstack@neutron-api.service[104150]: DEBUG neutron.plugins.ml2.drivers.ovn.mech_driver.ovsdb.ovsdb_monitor [-] Hash Ring: Node 4f27f123c3c456909e66f7c6d190129e (host: np0000170188) handling event "create" for row 6eb87358-27e7-4cbd-a07d-330125272e7d (table: ACL) {{(pid=104150) notify /opt/stack/neutron/neutron/plugins/ml2/drivers/ovn/mech_driver/ovsdb/ovsdb_monitor.py:914}}
Apr 25 14:50:14.067575 np0000170188 devstack@neutron-api.service[104150]: DEBUG neutron.plugins.ml2.drivers.ovn.mech_driver.ovsdb.ovsdb_monitor [-] Hash Ring: Node 4f27f123c3c456909e66f7c6d190129e (host: np0000170188) handling event "create" for row 922f4364-e918-411f-b7c5-48b10145372f (table: ACL) {{(pid=104150) notify /opt/stack/neutron/neutron/plugins/ml2/drivers/ovn/mech_driver/ovsdb/ovsdb_monitor.py:914}}
Apr 25 14:50:14.067826 np0000170188 devstack@neutron-api.service[104150]: DEBUG neutron.plugins.ml2.drivers.ovn.mech_driver.ovsdb.ovsdb_monitor [-] Hash Ring: Node 4f27f123c3c456909e66f7c6d190129e (host: np0000170188) handling event "create" for row a8d1cc1e-eb24-4558-bc51-28dcc9b9319f (table: Port_Group) {{(pid=104150) notify /opt/stack/neutron/neutron/plugins/ml2/drivers/ovn/mech_driver/ovsdb/ovsdb_monitor.py:914}}
Apr 25 14:50:14.096965 np0000170188 devstack@neutron-api.service[104151]: INFO neutron.db.ovn_revision_numbers_db [None req-a8f0a8ed-32e3-476a-8c53-ea0b3c963b31 admin admin] Successfully bumped revision number for resource 2eac7a9a-1585-4e8d-9942-4cc213e1d810 (type: security_groups) to 1
Apr 25 14:50:14.115992 np0000170188 devstack@neutron-api.service[104151]: INFO neutron.db.ovn_revision_numbers_db [None req-a8f0a8ed-32e3-476a-8c53-ea0b3c963b31 admin admin] Successfully bumped revision number for resource 09fd9706-3310-4034-a9e3-dcafde6c5a4d (type: security_group_rules) to 0
Apr 25 14:50:14.128713 np0000170188 devstack@neutron-api.service[104151]: INFO neutron.db.ovn_revision_numbers_db [None req-a8f0a8ed-32e3-476a-8c53-ea0b3c963b31 admin admin] Successfully bumped revision number for resource 8b76c720-a15f-4962-9c0c-667b221d1c80 (type: security_group_rules) to 0
Apr 25 14:50:14.140723 np0000170188 devstack@neutron-api.service[104151]: INFO neutron.db.ovn_revision_numbers_db [None req-a8f0a8ed-32e3-476a-8c53-ea0b3c963b31 admin admin] Successfully bumped revision number for resource ddc38f14-2174-4ecc-bdd1-0a9fe9d5a72c (type: security_group_rules) to 0
Apr 25 14:50:14.154073 np0000170188 devstack@neutron-api.service[104151]: INFO neutron.db.ovn_revision_numbers_db [None req-a8f0a8ed-32e3-476a-8c53-ea0b3c963b31 admin admin] Successfully bumped revision number for resource f7f3d874-2ed4-4768-856f-eaeb0562df74 (type: security_group_rules) to 0
Apr 25 14:50:14.179549 np0000170188 devstack@neutron-api.service[104151]: DEBUG neutron.api.rpc.handlers.resources_rpc [None req-a8f0a8ed-32e3-476a-8c53-ea0b3c963b31 admin admin] Pushing event updated for resources: {'SecurityGroup': ['ID=2eac7a9a-1585-4e8d-9942-4cc213e1d810,revision_number=1']} {{(pid=104151) push /opt/stack/neutron/neutron/api/rpc/handlers/resources_rpc.py:237}}
Apr 25 14:50:14.188268 np0000170188 devstack@neutron-api.service[104151]: DEBUG ovsdbapp.backend.ovs_idl.transaction [-] Running txn n=1 command(idx=0): CheckLivenessCommand(_result=None) {{(pid=104151) do_commit /opt/stack/data/venv/lib/python3.12/site-packages/ovsdbapp/backend/ovs_idl/transaction.py:89}}
Apr 25 14:50:14.191336 np0000170188 devstack@neutron-api.service[104150]: DEBUG neutron.plugins.ml2.drivers.ovn.mech_driver.ovsdb.ovsdb_monitor [-] Hash Ring: Node 4f27f123c3c456909e66f7c6d190129e (host: np0000170188) handling event "update" for row a8e0f3a2-972f-49f5-a8eb-09ceed595a23 (table: NB_Global) {{(pid=104150) notify /opt/stack/neutron/neutron/plugins/ml2/drivers/ovn/mech_driver/ovsdb/ovsdb_monitor.py:914}}
Apr 25 14:50:14.192014 np0000170188 devstack@neutron-api.service[104151]: DEBUG neutron.plugins.ml2.drivers.ovn.mech_driver.ovsdb.ovsdb_monitor [-] Hash Ring: Node 733c46dfe79d5dbbb51c6ba7c830d38c (host: np0000170188) handling event "update" for row a8e0f3a2-972f-49f5-a8eb-09ceed595a23 (table: NB_Global) {{(pid=104151) notify /opt/stack/neutron/neutron/plugins/ml2/drivers/ovn/mech_driver/ovsdb/ovsdb_monitor.py:914}}
Apr 25 14:50:14.192724 np0000170188 devstack@neutron-api.service[104152]: DEBUG neutron.plugins.ml2.drivers.ovn.mech_driver.ovsdb.ovsdb_monitor [-] Hash Ring: Node 5832ba02817056e9b70a7cb48f384adc (host: np0000170188) handling event "update" for row a8e0f3a2-972f-49f5-a8eb-09ceed595a23 (table: NB_Global) {{(pid=104152) notify /opt/stack/neutron/neutron/plugins/ml2/drivers/ovn/mech_driver/ovsdb/ovsdb_monitor.py:914}}
Apr 25 14:50:14.194899 np0000170188 devstack@neutron-api.service[104150]: DEBUG neutron.plugins.ml2.drivers.ovn.mech_driver.ovsdb.ovsdb_monitor [-] Hash Ring: Node 4f27f123c3c456909e66f7c6d190129e (host: np0000170188) handling event "update" for row a8e0f3a2-972f-49f5-a8eb-09ceed595a23 (table: NB_Global) {{(pid=104150) notify /opt/stack/neutron/neutron/plugins/ml2/drivers/ovn/mech_driver/ovsdb/ovsdb_monitor.py:914}}
Apr 25 14:50:14.196245 np0000170188 devstack@neutron-api.service[104150]: DEBUG neutron.plugins.ml2.drivers.ovn.mech_driver.ovsdb.ovsdb_monitor [-] Hash Ring: Node 4f27f123c3c456909e66f7c6d190129e (host: np0000170188) handling event "update" for row a8e0f3a2-972f-49f5-a8eb-09ceed595a23 (table: NB_Global) {{(pid=104150) notify /opt/stack/neutron/neutron/plugins/ml2/drivers/ovn/mech_driver/ovsdb/ovsdb_monitor.py:914}}
Apr 25 14:50:14.197270 np0000170188 devstack@neutron-api.service[104151]: DEBUG neutron.api.rpc.callbacks.version_manager [None req-a8f0a8ed-32e3-476a-8c53-ea0b3c963b31 admin admin] Tracked resource versions report:
Apr 25 14:50:14.197270 np0000170188 devstack@neutron-api.service[104151]: pushed versions:
Apr 25 14:50:14.197270 np0000170188 devstack@neutron-api.service[104151]: { 'AddressGroup': {'1.2'},
Apr 25 14:50:14.197270 np0000170188 devstack@neutron-api.service[104151]: 'Agent': {'1.1'},
Apr 25 14:50:14.197270 np0000170188 devstack@neutron-api.service[104151]: 'ConntrackHelper': {'1.0'},
Apr 25 14:50:14.197270 np0000170188 devstack@neutron-api.service[104151]: 'LocalIPAssociation': {'1.0'},
Apr 25 14:50:14.197270 np0000170188 devstack@neutron-api.service[104151]: 'Log': {'1.0'},
Apr 25 14:50:14.197270 np0000170188 devstack@neutron-api.service[104151]: 'NDPProxy': {'1.0'},
Apr 25 14:50:14.197270 np0000170188 devstack@neutron-api.service[104151]: 'Network': {'1.2'},
Apr 25 14:50:14.197270 np0000170188 devstack@neutron-api.service[104151]: 'Port': {'1.10'},
Apr 25 14:50:14.197270 np0000170188 devstack@neutron-api.service[104151]: 'PortForwarding': {'1.3'},
Apr 25 14:50:14.197270 np0000170188 devstack@neutron-api.service[104151]: 'QosPolicy': {'1.10'},
Apr 25 14:50:14.197270 np0000170188 devstack@neutron-api.service[104151]: 'SecurityGroup': {'1.6'},
Apr 25 14:50:14.197270 np0000170188 devstack@neutron-api.service[104151]: 'SecurityGroupRule': {'1.3'},
Apr 25 14:50:14.197270 np0000170188 devstack@neutron-api.service[104151]: 'SubPort': {'1.0'},
Apr 25 14:50:14.197270 np0000170188 devstack@neutron-api.service[104151]: 'Subnet': {'1.2'},
Apr 25 14:50:14.197270 np0000170188 devstack@neutron-api.service[104151]: 'Trunk': {'1.1'}}
Apr 25 14:50:14.197270 np0000170188 devstack@neutron-api.service[104151]: consumer versions:
Apr 25 14:50:14.197270 np0000170188 devstack@neutron-api.service[104151]: {}
Apr 25 14:50:14.197270 np0000170188 devstack@neutron-api.service[104151]: {{(pid=104151) report /opt/stack/neutron/neutron/api/rpc/callbacks/version_manager.py:183}}
Apr 25 14:50:14.198396 np0000170188 devstack@neutron-api.service[104153]: DEBUG neutron.plugins.ml2.drivers.ovn.mech_driver.ovsdb.ovsdb_monitor [-] ChassisAgentWriteEvent : Matched Chassis_Private, update, None None {{(pid=104153) matches /opt/stack/neutron/neutron/plugins/ml2/drivers/ovn/mech_driver/ovsdb/ovsdb_monitor.py:64}}
Apr 25 14:50:14.198567 np0000170188 devstack@neutron-api.service[104153]: DEBUG neutron.plugins.ml2.drivers.ovn.mech_driver.ovsdb.ovsdb_monitor [-] Hash Ring: Node e5549c8160b85911936f8956dff0a7a9 (host: np0000170188) handling event "update" for row 13e55521-d711-45ca-aa91-a9cd9d37031d (table: Chassis_Private) {{(pid=104153) notify /opt/stack/neutron/neutron/plugins/ml2/drivers/ovn/mech_driver/ovsdb/ovsdb_monitor.py:914}}
Apr 25 14:50:14.198889 np0000170188 devstack@neutron-api.service[104152]: DEBUG neutron.plugins.ml2.drivers.ovn.mech_driver.ovsdb.ovsdb_monitor [-] ChassisAgentWriteEvent : Matched Chassis_Private, update, None None {{(pid=104152) matches /opt/stack/neutron/neutron/plugins/ml2/drivers/ovn/mech_driver/ovsdb/ovsdb_monitor.py:64}}
Apr 25 14:50:14.200213 np0000170188 devstack@neutron-api.service[104152]: DEBUG neutron.plugins.ml2.drivers.ovn.mech_driver.ovsdb.ovsdb_monitor [-] Hash Ring: Node 5832ba02817056e9b70a7cb48f384adc (host: np0000170188) handling event "update" for row a8e0f3a2-972f-49f5-a8eb-09ceed595a23 (table: NB_Global) {{(pid=104152) notify /opt/stack/neutron/neutron/plugins/ml2/drivers/ovn/mech_driver/ovsdb/ovsdb_monitor.py:914}}
Apr 25 14:50:14.200391 np0000170188 devstack@neutron-api.service[104150]: DEBUG neutron.plugins.ml2.drivers.ovn.mech_driver.ovsdb.ovsdb_monitor [-] ChassisAgentWriteEvent : Matched Chassis_Private, update, None None {{(pid=104150) matches /opt/stack/neutron/neutron/plugins/ml2/drivers/ovn/mech_driver/ovsdb/ovsdb_monitor.py:64}}
