May 28 01:26:29.756642 np0000177115 systemd[1]: Starting devstack@n-api-meta.service - Devstack devstack@n-api-meta.service...
May 28 01:26:29.763584 np0000177115 devstack@n-api-meta.service[108430]: [uWSGI] getting INI configuration from /etc/nova/nova-metadata-uwsgi.ini
May 28 01:26:29.766077 np0000177115 devstack@n-api-meta.service[108430]: *** Starting uWSGI 2.0.24-debian (64bit) on [Thu May 28 01:26:29 2026] ***
May 28 01:26:29.766077 np0000177115 devstack@n-api-meta.service[108430]: compiled with version: 13.2.0 on 17 April 2024 16:23:48
May 28 01:26:29.766077 np0000177115 devstack@n-api-meta.service[108430]: os: Linux-6.8.0-117-generic #117-Ubuntu SMP PREEMPT_DYNAMIC Tue May 5 19:26:24 UTC 2026
May 28 01:26:29.766077 np0000177115 devstack@n-api-meta.service[108430]: nodename: np0000177115
May 28 01:26:29.766077 np0000177115 devstack@n-api-meta.service[108430]: machine: x86_64
May 28 01:26:29.766077 np0000177115 devstack@n-api-meta.service[108430]: clock source: unix
May 28 01:26:29.766077 np0000177115 devstack@n-api-meta.service[108430]: pcre jit disabled
May 28 01:26:29.766077 np0000177115 devstack@n-api-meta.service[108430]: detected number of CPU cores: 16
May 28 01:26:29.766077 np0000177115 devstack@n-api-meta.service[108430]: current working directory: /
May 28 01:26:29.766077 np0000177115 devstack@n-api-meta.service[108430]: detected binary path: /usr/bin/uwsgi-core
May 28 01:26:29.766077 np0000177115 devstack@n-api-meta.service[108430]: your processes number limit is 256917
May 28 01:26:29.766077 np0000177115 devstack@n-api-meta.service[108430]: your memory page size is 4096 bytes
May 28 01:26:29.766077 np0000177115 devstack@n-api-meta.service[108430]: detected max file descriptor number: 2048
May 28 01:26:29.766077 np0000177115 devstack@n-api-meta.service[108430]: lock engine: pthread robust mutexes
May 28 01:26:29.767291 np0000177115 devstack@n-api-meta.service[108430]: thunder lock: enabled
May 28 01:26:29.767291 np0000177115 devstack@n-api-meta.service[108430]: uWSGI http bound on 0.0.0.0:8775 fd 5
May 28 01:26:29.767291 np0000177115 devstack@n-api-meta.service[108430]: uwsgi socket 0 bound to TCP address 127.0.0.1:34337 (port auto-assigned) fd 4
May 28 01:26:29.767291 np0000177115 devstack@n-api-meta.service[108430]: Python version: 3.12.3 (main, Mar 23 2026, 19:04:32) [GCC 13.3.0]
May 28 01:26:29.767291 np0000177115 devstack@n-api-meta.service[108430]: PEP 405 virtualenv detected: /opt/stack/data/venv
May 28 01:26:29.767291 np0000177115 devstack@n-api-meta.service[108430]: Set PythonHome to /opt/stack/data/venv
May 28 01:26:29.800386 np0000177115 devstack@n-api-meta.service[108430]: Python main interpreter initialized at 0x76a206ca3668
May 28 01:26:29.800386 np0000177115 devstack@n-api-meta.service[108430]: python threads support enabled
May 28 01:26:29.800386 np0000177115 devstack@n-api-meta.service[108430]: your server socket listen backlog is limited to 100 connections
May 28 01:26:29.800386 np0000177115 devstack@n-api-meta.service[108430]: your mercy for graceful operations on workers is 80 seconds
May 28 01:26:29.800911 np0000177115 devstack@n-api-meta.service[108430]: mapped 671795 bytes (656 KB) for 4 cores
May 28 01:26:29.801053 np0000177115 devstack@n-api-meta.service[108430]: *** Operational MODE: preforking ***
May 28 01:26:29.801174 np0000177115 devstack@n-api-meta.service[108430]: *** uWSGI is running in multiple interpreter mode ***
May 28 01:26:29.801174 np0000177115 devstack@n-api-meta.service[108430]: spawned uWSGI master process (pid: 108430)
May 28 01:26:29.801548 np0000177115 systemd[1]: Started devstack@n-api-meta.service - Devstack devstack@n-api-meta.service.
May 28 01:26:29.801898 np0000177115 devstack@n-api-meta.service[108430]: spawned uWSGI worker 1 (pid: 108431, cores: 1)
May 28 01:26:29.802523 np0000177115 devstack@n-api-meta.service[108430]: spawned uWSGI worker 2 (pid: 108432, cores: 1)
May 28 01:26:29.803100 np0000177115 devstack@n-api-meta.service[108430]: spawned uWSGI worker 3 (pid: 108433, cores: 1)
May 28 01:26:29.803847 np0000177115 devstack@n-api-meta.service[108430]: spawned uWSGI worker 4 (pid: 108434, cores: 1)
May 28 01:26:29.804331 np0000177115 devstack@n-api-meta.service[108430]: spawned uWSGI http 1 (pid: 108435)
May 28 01:26:29.804331 np0000177115 devstack@n-api-meta.service[108430]: running "unix_signal:15 gracefully_kill_them_all" (master-start)...
May 28 01:26:31.576223 np0000177115 devstack@n-api-meta.service[108432]: INFO dbcounter [None req-176b2ea1-0114-441e-9eaa-a80f5c197ffe None None] Registered counter for database nova_api
May 28 01:26:31.627089 np0000177115 devstack@n-api-meta.service[108432]: DEBUG oslo_db.sqlalchemy.engines [None req-176b2ea1-0114-441e-9eaa-a80f5c197ffe None None] MySQL server mode set to STRICT_TRANS_TABLES,STRICT_ALL_TABLES,NO_ZERO_IN_DATE,NO_ZERO_DATE,ERROR_FOR_DIVISION_BY_ZERO,TRADITIONAL,NO_ENGINE_SUBSTITUTION {{(pid=108432) _check_effective_sql_mode /opt/stack/data/venv/lib/python3.12/site-packages/oslo_db/sqlalchemy/engines.py:325}}
May 28 01:26:31.649146 np0000177115 devstack@n-api-meta.service[108434]: INFO dbcounter [None req-4619c667-2986-4926-b437-9e51d24fc095 None None] Registered counter for database nova_api
May 28 01:26:31.652942 np0000177115 devstack@n-api-meta.service[108431]: INFO dbcounter [None req-66be6867-a16e-4d12-b801-00f2445bf7b2 None None] Registered counter for database nova_api
May 28 01:26:31.659541 np0000177115 devstack@n-api-meta.service[108432]: DEBUG dbcounter [-] [108432] Writer thread running {{(pid=108432) stat_writer /opt/stack/data/venv/lib/python3.12/site-packages/dbcounter.py:102}}
May 28 01:26:31.662186 np0000177115 devstack@n-api-meta.service[108432]: DEBUG nova.context [None req-176b2ea1-0114-441e-9eaa-a80f5c197ffe None None] Found 2 cells: 00000000-0000-0000-0000-000000000000(cell0),b9a211c2-b1fc-4917-a36d-0e4f8da39d57(cell1) {{(pid=108432) load_cells /opt/stack/nova/nova/context.py:509}}
May 28 01:26:31.662401 np0000177115 devstack@n-api-meta.service[108432]: INFO nova.utils [None req-176b2ea1-0114-441e-9eaa-a80f5c197ffe None None] The cell worker thread pool MainProcess.cell_worker is initialized
May 28 01:26:31.664283 np0000177115 devstack@n-api-meta.service[108432]: DEBUG oslo_concurrency.lockutils [None req-176b2ea1-0114-441e-9eaa-a80f5c197ffe None None] Acquiring lock "00000000-0000-0000-0000-000000000000" by "nova.context.set_target_cell..get_or_set_cached_cell_and_set_connections" {{(pid=108432) inner /opt/stack/data/venv/lib/python3.12/site-packages/oslo_concurrency/lockutils.py:511}}
May 28 01:26:31.664458 np0000177115 devstack@n-api-meta.service[108432]: DEBUG oslo_concurrency.lockutils [None req-176b2ea1-0114-441e-9eaa-a80f5c197ffe None None] Lock "00000000-0000-0000-0000-000000000000" acquired by "nova.context.set_target_cell..get_or_set_cached_cell_and_set_connections" :: waited 0.000s {{(pid=108432) inner /opt/stack/data/venv/lib/python3.12/site-packages/oslo_concurrency/lockutils.py:524}}
May 28 01:26:31.664811 np0000177115 devstack@n-api-meta.service[108432]: DEBUG oslo_concurrency.lockutils [None req-176b2ea1-0114-441e-9eaa-a80f5c197ffe None None] Lock "00000000-0000-0000-0000-000000000000" "released" by "nova.context.set_target_cell..get_or_set_cached_cell_and_set_connections" :: held 0.000s {{(pid=108432) inner /opt/stack/data/venv/lib/python3.12/site-packages/oslo_concurrency/lockutils.py:543}}
May 28 01:26:31.665703 np0000177115 devstack@n-api-meta.service[108432]: DEBUG oslo_concurrency.lockutils [None req-176b2ea1-0114-441e-9eaa-a80f5c197ffe None None] Acquiring lock "b9a211c2-b1fc-4917-a36d-0e4f8da39d57" by "nova.context.set_target_cell..get_or_set_cached_cell_and_set_connections" {{(pid=108432) inner /opt/stack/data/venv/lib/python3.12/site-packages/oslo_concurrency/lockutils.py:511}}
May 28 01:26:31.665837 np0000177115 devstack@n-api-meta.service[108432]: DEBUG oslo_concurrency.lockutils [None req-176b2ea1-0114-441e-9eaa-a80f5c197ffe None None] Lock "b9a211c2-b1fc-4917-a36d-0e4f8da39d57" acquired by "nova.context.set_target_cell..get_or_set_cached_cell_and_set_connections" :: waited 0.000s {{(pid=108432) inner /opt/stack/data/venv/lib/python3.12/site-packages/oslo_concurrency/lockutils.py:524}}
May 28 01:26:31.666810 np0000177115 devstack@n-api-meta.service[108432]: DEBUG oslo_concurrency.lockutils [None req-176b2ea1-0114-441e-9eaa-a80f5c197ffe None None] Lock "b9a211c2-b1fc-4917-a36d-0e4f8da39d57" "released" by "nova.context.set_target_cell..get_or_set_cached_cell_and_set_connections" :: held 0.001s {{(pid=108432) inner /opt/stack/data/venv/lib/python3.12/site-packages/oslo_concurrency/lockutils.py:543}}
May 28 01:26:31.672326 np0000177115 devstack@n-api-meta.service[108432]: INFO dbcounter [None req-176b2ea1-0114-441e-9eaa-a80f5c197ffe None None] Registered counter for database nova_cell0
May 28 01:26:31.679626 np0000177115 devstack@n-api-meta.service[108432]: INFO dbcounter [None req-176b2ea1-0114-441e-9eaa-a80f5c197ffe None None] Registered counter for database nova_cell1
May 28 01:26:31.701026 np0000177115 devstack@n-api-meta.service[108434]: DEBUG oslo_db.sqlalchemy.engines [None req-4619c667-2986-4926-b437-9e51d24fc095 None None] MySQL server mode set to STRICT_TRANS_TABLES,STRICT_ALL_TABLES,NO_ZERO_IN_DATE,NO_ZERO_DATE,ERROR_FOR_DIVISION_BY_ZERO,TRADITIONAL,NO_ENGINE_SUBSTITUTION {{(pid=108434) _check_effective_sql_mode /opt/stack/data/venv/lib/python3.12/site-packages/oslo_db/sqlalchemy/engines.py:325}}
May 28 01:26:31.705380 np0000177115 devstack@n-api-meta.service[108431]: DEBUG oslo_db.sqlalchemy.engines [None req-66be6867-a16e-4d12-b801-00f2445bf7b2 None None] MySQL server mode set to STRICT_TRANS_TABLES,STRICT_ALL_TABLES,NO_ZERO_IN_DATE,NO_ZERO_DATE,ERROR_FOR_DIVISION_BY_ZERO,TRADITIONAL,NO_ENGINE_SUBSTITUTION {{(pid=108431) _check_effective_sql_mode /opt/stack/data/venv/lib/python3.12/site-packages/oslo_db/sqlalchemy/engines.py:325}}
May 28 01:26:31.738392 np0000177115 devstack@n-api-meta.service[108434]: DEBUG dbcounter [-] [108434] Writer thread running {{(pid=108434) stat_writer /opt/stack/data/venv/lib/python3.12/site-packages/dbcounter.py:102}}
May 28 01:26:31.738453 np0000177115 devstack@n-api-meta.service[108431]: DEBUG dbcounter [-] [108431] Writer thread running {{(pid=108431) stat_writer /opt/stack/data/venv/lib/python3.12/site-packages/dbcounter.py:102}}
May 28 01:26:31.739992 np0000177115 devstack@n-api-meta.service[108434]: DEBUG nova.context [None req-4619c667-2986-4926-b437-9e51d24fc095 None None] Found 2 cells: 00000000-0000-0000-0000-000000000000(cell0),b9a211c2-b1fc-4917-a36d-0e4f8da39d57(cell1) {{(pid=108434) load_cells /opt/stack/nova/nova/context.py:509}}
May 28 01:26:31.740611 np0000177115 devstack@n-api-meta.service[108434]: INFO nova.utils [None req-4619c667-2986-4926-b437-9e51d24fc095 None None] The cell worker thread pool MainProcess.cell_worker is initialized
May 28 01:26:31.740683 np0000177115 devstack@n-api-meta.service[108431]: DEBUG nova.context [None req-66be6867-a16e-4d12-b801-00f2445bf7b2 None None] Found 2 cells: 00000000-0000-0000-0000-000000000000(cell0),b9a211c2-b1fc-4917-a36d-0e4f8da39d57(cell1) {{(pid=108431) load_cells /opt/stack/nova/nova/context.py:509}}
May 28 01:26:31.740683 np0000177115 devstack@n-api-meta.service[108431]: INFO nova.utils [None req-66be6867-a16e-4d12-b801-00f2445bf7b2 None None] The cell worker thread pool MainProcess.cell_worker is initialized
May 28 01:26:31.742514 np0000177115 devstack@n-api-meta.service[108431]: DEBUG oslo_concurrency.lockutils [None req-66be6867-a16e-4d12-b801-00f2445bf7b2 None None] Acquiring lock "00000000-0000-0000-0000-000000000000" by "nova.context.set_target_cell..get_or_set_cached_cell_and_set_connections" {{(pid=108431) inner /opt/stack/data/venv/lib/python3.12/site-packages/oslo_concurrency/lockutils.py:511}}
May 28 01:26:31.742684 np0000177115 devstack@n-api-meta.service[108434]: DEBUG oslo_concurrency.lockutils [None req-4619c667-2986-4926-b437-9e51d24fc095 None None] Acquiring lock "00000000-0000-0000-0000-000000000000" by "nova.context.set_target_cell..get_or_set_cached_cell_and_set_connections" {{(pid=108434) inner /opt/stack/data/venv/lib/python3.12/site-packages/oslo_concurrency/lockutils.py:511}}
May 28 01:26:31.742748 np0000177115 devstack@n-api-meta.service[108431]: DEBUG oslo_concurrency.lockutils [None req-66be6867-a16e-4d12-b801-00f2445bf7b2 None None] Lock "00000000-0000-0000-0000-000000000000" acquired by "nova.context.set_target_cell..get_or_set_cached_cell_and_set_connections" :: waited 0.000s {{(pid=108431) inner /opt/stack/data/venv/lib/python3.12/site-packages/oslo_concurrency/lockutils.py:524}}
May 28 01:26:31.742916 np0000177115 devstack@n-api-meta.service[108434]: DEBUG oslo_concurrency.lockutils [None req-4619c667-2986-4926-b437-9e51d24fc095 None None] Lock "00000000-0000-0000-0000-000000000000" acquired by "nova.context.set_target_cell..get_or_set_cached_cell_and_set_connections" :: waited 0.000s {{(pid=108434) inner /opt/stack/data/venv/lib/python3.12/site-packages/oslo_concurrency/lockutils.py:524}}
May 28 01:26:31.743060 np0000177115 devstack@n-api-meta.service[108431]: DEBUG oslo_concurrency.lockutils [None req-66be6867-a16e-4d12-b801-00f2445bf7b2 None None] Lock "00000000-0000-0000-0000-000000000000" "released" by "nova.context.set_target_cell..get_or_set_cached_cell_and_set_connections" :: held 0.000s {{(pid=108431) inner /opt/stack/data/venv/lib/python3.12/site-packages/oslo_concurrency/lockutils.py:543}}
May 28 01:26:31.743432 np0000177115 devstack@n-api-meta.service[108434]: DEBUG oslo_concurrency.lockutils [None req-4619c667-2986-4926-b437-9e51d24fc095 None None] Lock "00000000-0000-0000-0000-000000000000" "released" by "nova.context.set_target_cell..get_or_set_cached_cell_and_set_connections" :: held 0.000s {{(pid=108434) inner /opt/stack/data/venv/lib/python3.12/site-packages/oslo_concurrency/lockutils.py:543}}
May 28 01:26:31.743926 np0000177115 devstack@n-api-meta.service[108433]: INFO dbcounter [None req-a879628c-5d2b-4b73-a0b5-40e4110fd3da None None] Registered counter for database nova_api
May 28 01:26:31.744349 np0000177115 devstack@n-api-meta.service[108431]: DEBUG oslo_concurrency.lockutils [None req-66be6867-a16e-4d12-b801-00f2445bf7b2 None None] Acquiring lock "b9a211c2-b1fc-4917-a36d-0e4f8da39d57" by "nova.context.set_target_cell..get_or_set_cached_cell_and_set_connections" {{(pid=108431) inner /opt/stack/data/venv/lib/python3.12/site-packages/oslo_concurrency/lockutils.py:511}}
May 28 01:26:31.744349 np0000177115 devstack@n-api-meta.service[108431]: DEBUG oslo_concurrency.lockutils [None req-66be6867-a16e-4d12-b801-00f2445bf7b2 None None] Lock "b9a211c2-b1fc-4917-a36d-0e4f8da39d57" acquired by "nova.context.set_target_cell..get_or_set_cached_cell_and_set_connections" :: waited 0.000s {{(pid=108431) inner /opt/stack/data/venv/lib/python3.12/site-packages/oslo_concurrency/lockutils.py:524}}
May 28 01:26:31.744569 np0000177115 devstack@n-api-meta.service[108434]: DEBUG oslo_concurrency.lockutils [None req-4619c667-2986-4926-b437-9e51d24fc095 None None] Acquiring lock "b9a211c2-b1fc-4917-a36d-0e4f8da39d57" by "nova.context.set_target_cell..get_or_set_cached_cell_and_set_connections" {{(pid=108434) inner /opt/stack/data/venv/lib/python3.12/site-packages/oslo_concurrency/lockutils.py:511}}
May 28 01:26:31.744768 np0000177115 devstack@n-api-meta.service[108434]: DEBUG oslo_concurrency.lockutils [None req-4619c667-2986-4926-b437-9e51d24fc095 None None] Lock "b9a211c2-b1fc-4917-a36d-0e4f8da39d57" acquired by "nova.context.set_target_cell..get_or_set_cached_cell_and_set_connections" :: waited 0.000s {{(pid=108434) inner /opt/stack/data/venv/lib/python3.12/site-packages/oslo_concurrency/lockutils.py:524}}
May 28 01:26:31.745298 np0000177115 devstack@n-api-meta.service[108431]: DEBUG oslo_concurrency.lockutils [None req-66be6867-a16e-4d12-b801-00f2445bf7b2 None None] Lock "b9a211c2-b1fc-4917-a36d-0e4f8da39d57" "released" by "nova.context.set_target_cell..get_or_set_cached_cell_and_set_connections" :: held 0.001s {{(pid=108431) inner /opt/stack/data/venv/lib/python3.12/site-packages/oslo_concurrency/lockutils.py:543}}
May 28 01:26:31.745920 np0000177115 devstack@n-api-meta.service[108434]: DEBUG oslo_concurrency.lockutils [None req-4619c667-2986-4926-b437-9e51d24fc095 None None] Lock "b9a211c2-b1fc-4917-a36d-0e4f8da39d57" "released" by "nova.context.set_target_cell..get_or_set_cached_cell_and_set_connections" :: held 0.001s {{(pid=108434) inner /opt/stack/data/venv/lib/python3.12/site-packages/oslo_concurrency/lockutils.py:543}}
May 28 01:26:31.749022 np0000177115 devstack@n-api-meta.service[108431]: INFO dbcounter [None req-66be6867-a16e-4d12-b801-00f2445bf7b2 None None] Registered counter for database nova_cell0
May 28 01:26:31.751045 np0000177115 devstack@n-api-meta.service[108434]: INFO dbcounter [None req-4619c667-2986-4926-b437-9e51d24fc095 None None] Registered counter for database nova_cell0
May 28 01:26:31.758326 np0000177115 devstack@n-api-meta.service[108431]: INFO dbcounter [None req-66be6867-a16e-4d12-b801-00f2445bf7b2 None None] Registered counter for database nova_cell1
May 28 01:26:31.759294 np0000177115 devstack@n-api-meta.service[108432]: DEBUG oslo_db.sqlalchemy.engines [None req-176b2ea1-0114-441e-9eaa-a80f5c197ffe None None] MySQL server mode set to STRICT_TRANS_TABLES,STRICT_ALL_TABLES,NO_ZERO_IN_DATE,NO_ZERO_DATE,ERROR_FOR_DIVISION_BY_ZERO,TRADITIONAL,NO_ENGINE_SUBSTITUTION {{(pid=108432) _check_effective_sql_mode /opt/stack/data/venv/lib/python3.12/site-packages/oslo_db/sqlalchemy/engines.py:325}}
May 28 01:26:31.759537 np0000177115 devstack@n-api-meta.service[108434]: INFO dbcounter [None req-4619c667-2986-4926-b437-9e51d24fc095 None None] Registered counter for database nova_cell1
May 28 01:26:31.805608 np0000177115 devstack@n-api-meta.service[108433]: DEBUG oslo_db.sqlalchemy.engines [None req-a879628c-5d2b-4b73-a0b5-40e4110fd3da None None] MySQL server mode set to STRICT_TRANS_TABLES,STRICT_ALL_TABLES,NO_ZERO_IN_DATE,NO_ZERO_DATE,ERROR_FOR_DIVISION_BY_ZERO,TRADITIONAL,NO_ENGINE_SUBSTITUTION {{(pid=108433) _check_effective_sql_mode /opt/stack/data/venv/lib/python3.12/site-packages/oslo_db/sqlalchemy/engines.py:325}}
May 28 01:26:31.838690 np0000177115 devstack@n-api-meta.service[108434]: DEBUG oslo_db.sqlalchemy.engines [None req-4619c667-2986-4926-b437-9e51d24fc095 None None] MySQL server mode set to STRICT_TRANS_TABLES,STRICT_ALL_TABLES,NO_ZERO_IN_DATE,NO_ZERO_DATE,ERROR_FOR_DIVISION_BY_ZERO,TRADITIONAL,NO_ENGINE_SUBSTITUTION {{(pid=108434) _check_effective_sql_mode /opt/stack/data/venv/lib/python3.12/site-packages/oslo_db/sqlalchemy/engines.py:325}}
May 28 01:26:31.844226 np0000177115 devstack@n-api-meta.service[108434]: DEBUG oslo_db.sqlalchemy.engines [None req-4619c667-2986-4926-b437-9e51d24fc095 None None] MySQL server mode set to STRICT_TRANS_TABLES,STRICT_ALL_TABLES,NO_ZERO_IN_DATE,NO_ZERO_DATE,ERROR_FOR_DIVISION_BY_ZERO,TRADITIONAL,NO_ENGINE_SUBSTITUTION {{(pid=108434) _check_effective_sql_mode /opt/stack/data/venv/lib/python3.12/site-packages/oslo_db/sqlalchemy/engines.py:325}}
May 28 01:26:31.846233 np0000177115 devstack@n-api-meta.service[108433]: DEBUG dbcounter [-] [108433] Writer thread running {{(pid=108433) stat_writer /opt/stack/data/venv/lib/python3.12/site-packages/dbcounter.py:102}}
May 28 01:26:31.847358 np0000177115 devstack@n-api-meta.service[108431]: DEBUG oslo_db.sqlalchemy.engines [None req-66be6867-a16e-4d12-b801-00f2445bf7b2 None None] MySQL server mode set to STRICT_TRANS_TABLES,STRICT_ALL_TABLES,NO_ZERO_IN_DATE,NO_ZERO_DATE,ERROR_FOR_DIVISION_BY_ZERO,TRADITIONAL,NO_ENGINE_SUBSTITUTION {{(pid=108431) _check_effective_sql_mode /opt/stack/data/venv/lib/python3.12/site-packages/oslo_db/sqlalchemy/engines.py:325}}
May 28 01:26:31.849756 np0000177115 devstack@n-api-meta.service[108433]: DEBUG nova.context [None req-a879628c-5d2b-4b73-a0b5-40e4110fd3da None None] Found 2 cells: 00000000-0000-0000-0000-000000000000(cell0),b9a211c2-b1fc-4917-a36d-0e4f8da39d57(cell1) {{(pid=108433) load_cells /opt/stack/nova/nova/context.py:509}}
May 28 01:26:31.850023 np0000177115 devstack@n-api-meta.service[108433]: INFO nova.utils [None req-a879628c-5d2b-4b73-a0b5-40e4110fd3da None None] The cell worker thread pool MainProcess.cell_worker is initialized
May 28 01:26:31.852177 np0000177115 devstack@n-api-meta.service[108433]: DEBUG oslo_concurrency.lockutils [None req-a879628c-5d2b-4b73-a0b5-40e4110fd3da None None] Acquiring lock "00000000-0000-0000-0000-000000000000" by "nova.context.set_target_cell..get_or_set_cached_cell_and_set_connections" {{(pid=108433) inner /opt/stack/data/venv/lib/python3.12/site-packages/oslo_concurrency/lockutils.py:511}}
May 28 01:26:31.852469 np0000177115 devstack@n-api-meta.service[108433]: DEBUG oslo_concurrency.lockutils [None req-a879628c-5d2b-4b73-a0b5-40e4110fd3da None None] Lock "00000000-0000-0000-0000-000000000000" acquired by "nova.context.set_target_cell..get_or_set_cached_cell_and_set_connections" :: waited 0.000s {{(pid=108433) inner /opt/stack/data/venv/lib/python3.12/site-packages/oslo_concurrency/lockutils.py:524}}
May 28 01:26:31.853050 np0000177115 devstack@n-api-meta.service[108433]: DEBUG oslo_concurrency.lockutils [None req-a879628c-5d2b-4b73-a0b5-40e4110fd3da None None] Lock "00000000-0000-0000-0000-000000000000" "released" by "nova.context.set_target_cell..get_or_set_cached_cell_and_set_connections" :: held 0.001s {{(pid=108433) inner /opt/stack/data/venv/lib/python3.12/site-packages/oslo_concurrency/lockutils.py:543}}
May 28 01:26:31.853118 np0000177115 devstack@n-api-meta.service[108432]: DEBUG dbcounter [-] [108432] Writer thread running {{(pid=108432) stat_writer /opt/stack/data/venv/lib/python3.12/site-packages/dbcounter.py:102}}
May 28 01:26:31.854062 np0000177115 devstack@n-api-meta.service[108432]: DEBUG oslo_db.sqlalchemy.engines [None req-176b2ea1-0114-441e-9eaa-a80f5c197ffe None None] MySQL server mode set to STRICT_TRANS_TABLES,STRICT_ALL_TABLES,NO_ZERO_IN_DATE,NO_ZERO_DATE,ERROR_FOR_DIVISION_BY_ZERO,TRADITIONAL,NO_ENGINE_SUBSTITUTION {{(pid=108432) _check_effective_sql_mode /opt/stack/data/venv/lib/python3.12/site-packages/oslo_db/sqlalchemy/engines.py:325}}
May 28 01:26:31.854113 np0000177115 devstack@n-api-meta.service[108433]: DEBUG oslo_concurrency.lockutils [None req-a879628c-5d2b-4b73-a0b5-40e4110fd3da None None] Acquiring lock "b9a211c2-b1fc-4917-a36d-0e4f8da39d57" by "nova.context.set_target_cell..get_or_set_cached_cell_and_set_connections" {{(pid=108433) inner /opt/stack/data/venv/lib/python3.12/site-packages/oslo_concurrency/lockutils.py:511}}
May 28 01:26:31.854407 np0000177115 devstack@n-api-meta.service[108433]: DEBUG oslo_concurrency.lockutils [None req-a879628c-5d2b-4b73-a0b5-40e4110fd3da None None] Lock "b9a211c2-b1fc-4917-a36d-0e4f8da39d57" acquired by "nova.context.set_target_cell..get_or_set_cached_cell_and_set_connections" :: waited 0.000s {{(pid=108433) inner /opt/stack/data/venv/lib/python3.12/site-packages/oslo_concurrency/lockutils.py:524}}
May 28 01:26:31.856276 np0000177115 devstack@n-api-meta.service[108433]: DEBUG oslo_concurrency.lockutils [None req-a879628c-5d2b-4b73-a0b5-40e4110fd3da None None] Lock "b9a211c2-b1fc-4917-a36d-0e4f8da39d57" "released" by "nova.context.set_target_cell..get_or_set_cached_cell_and_set_connections" :: held 0.002s {{(pid=108433) inner /opt/stack/data/venv/lib/python3.12/site-packages/oslo_concurrency/lockutils.py:543}}
May 28 01:26:31.860300 np0000177115 devstack@n-api-meta.service[108433]: INFO dbcounter [None req-a879628c-5d2b-4b73-a0b5-40e4110fd3da None None] Registered counter for database nova_cell0
May 28 01:26:31.868076 np0000177115 devstack@n-api-meta.service[108432]: DEBUG dbcounter [-] [108432] Writer thread running {{(pid=108432) stat_writer /opt/stack/data/venv/lib/python3.12/site-packages/dbcounter.py:102}}
May 28 01:26:31.868414 np0000177115 devstack@n-api-meta.service[108433]: INFO dbcounter [None req-a879628c-5d2b-4b73-a0b5-40e4110fd3da None None] Registered counter for database nova_cell1
May 28 01:26:31.872301 np0000177115 devstack@n-api-meta.service[108432]: INFO dbcounter [None req-176b2ea1-0114-441e-9eaa-a80f5c197ffe None None] Registered counter for database nova_cell0
May 28 01:26:31.874051 np0000177115 devstack@n-api-meta.service[108431]: DEBUG oslo_db.sqlalchemy.engines [None req-66be6867-a16e-4d12-b801-00f2445bf7b2 None None] MySQL server mode set to STRICT_TRANS_TABLES,STRICT_ALL_TABLES,NO_ZERO_IN_DATE,NO_ZERO_DATE,ERROR_FOR_DIVISION_BY_ZERO,TRADITIONAL,NO_ENGINE_SUBSTITUTION {{(pid=108431) _check_effective_sql_mode /opt/stack/data/venv/lib/python3.12/site-packages/oslo_db/sqlalchemy/engines.py:325}}
May 28 01:26:31.918578 np0000177115 devstack@n-api-meta.service[108432]: DEBUG oslo_db.sqlalchemy.engines [None req-176b2ea1-0114-441e-9eaa-a80f5c197ffe None None] MySQL server mode set to STRICT_TRANS_TABLES,STRICT_ALL_TABLES,NO_ZERO_IN_DATE,NO_ZERO_DATE,ERROR_FOR_DIVISION_BY_ZERO,TRADITIONAL,NO_ENGINE_SUBSTITUTION {{(pid=108432) _check_effective_sql_mode /opt/stack/data/venv/lib/python3.12/site-packages/oslo_db/sqlalchemy/engines.py:325}}
May 28 01:26:31.931656 np0000177115 devstack@n-api-meta.service[108432]: DEBUG dbcounter [-] [108432] Writer thread running {{(pid=108432) stat_writer /opt/stack/data/venv/lib/python3.12/site-packages/dbcounter.py:102}}
May 28 01:26:31.936022 np0000177115 devstack@n-api-meta.service[108431]: DEBUG dbcounter [-] [108431] Writer thread running {{(pid=108431) stat_writer /opt/stack/data/venv/lib/python3.12/site-packages/dbcounter.py:102}}
May 28 01:26:31.945141 np0000177115 devstack@n-api-meta.service[108431]: DEBUG dbcounter [-] [108431] Writer thread running {{(pid=108431) stat_writer /opt/stack/data/venv/lib/python3.12/site-packages/dbcounter.py:102}}
May 28 01:26:31.945194 np0000177115 devstack@n-api-meta.service[108433]: DEBUG oslo_db.sqlalchemy.engines [None req-a879628c-5d2b-4b73-a0b5-40e4110fd3da None None] MySQL server mode set to STRICT_TRANS_TABLES,STRICT_ALL_TABLES,NO_ZERO_IN_DATE,NO_ZERO_DATE,ERROR_FOR_DIVISION_BY_ZERO,TRADITIONAL,NO_ENGINE_SUBSTITUTION {{(pid=108433) _check_effective_sql_mode /opt/stack/data/venv/lib/python3.12/site-packages/oslo_db/sqlalchemy/engines.py:325}}
May 28 01:26:31.946423 np0000177115 devstack@n-api-meta.service[108434]: DEBUG dbcounter [-] [108434] Writer thread running {{(pid=108434) stat_writer /opt/stack/data/venv/lib/python3.12/site-packages/dbcounter.py:102}}
May 28 01:26:31.948546 np0000177115 devstack@n-api-meta.service[108434]: DEBUG dbcounter [-] [108434] Writer thread running {{(pid=108434) stat_writer /opt/stack/data/venv/lib/python3.12/site-packages/dbcounter.py:102}}
May 28 01:26:31.950526 np0000177115 devstack@n-api-meta.service[108433]: DEBUG oslo_db.sqlalchemy.engines [None req-a879628c-5d2b-4b73-a0b5-40e4110fd3da None None] MySQL server mode set to STRICT_TRANS_TABLES,STRICT_ALL_TABLES,NO_ZERO_IN_DATE,NO_ZERO_DATE,ERROR_FOR_DIVISION_BY_ZERO,TRADITIONAL,NO_ENGINE_SUBSTITUTION {{(pid=108433) _check_effective_sql_mode /opt/stack/data/venv/lib/python3.12/site-packages/oslo_db/sqlalchemy/engines.py:325}}
May 28 01:26:31.950624 np0000177115 devstack@n-api-meta.service[108431]: INFO dbcounter [None req-66be6867-a16e-4d12-b801-00f2445bf7b2 None None] Registered counter for database nova_cell0
May 28 01:26:31.953548 np0000177115 devstack@n-api-meta.service[108434]: INFO dbcounter [None req-4619c667-2986-4926-b437-9e51d24fc095 None None] Registered counter for database nova_cell0
May 28 01:26:31.981141 np0000177115 devstack@n-api-meta.service[108432]: WARNING nova.api.metadata.handler [None req-176b2ea1-0114-441e-9eaa-a80f5c197ffe None None] metadata_proxy_shared_secret is not configured, the metadata information returned by the proxy cannot be trusted
May 28 01:26:31.983700 np0000177115 devstack@n-api-meta.service[108432]: DEBUG nova.api.openstack.wsgi_app [None req-176b2ea1-0114-441e-9eaa-a80f5c197ffe None None] ******************************************************************************** {{(pid=108432) log_opt_values /opt/stack/data/venv/lib/python3.12/site-packages/oslo_config/cfg.py:3229}}
May 28 01:26:31.983981 np0000177115 devstack@n-api-meta.service[108432]: DEBUG nova.api.openstack.wsgi_app [None req-176b2ea1-0114-441e-9eaa-a80f5c197ffe None None] Configuration options gathered from: {{(pid=108432) log_opt_values /opt/stack/data/venv/lib/python3.12/site-packages/oslo_config/cfg.py:3230}}
May 28 01:26:31.983981 np0000177115 devstack@n-api-meta.service[108432]: DEBUG nova.api.openstack.wsgi_app [None req-176b2ea1-0114-441e-9eaa-a80f5c197ffe None None] command line args: [] {{(pid=108432) log_opt_values /opt/stack/data/venv/lib/python3.12/site-packages/oslo_config/cfg.py:3231}}
May 28 01:26:31.984110 np0000177115 devstack@n-api-meta.service[108432]: DEBUG nova.api.openstack.wsgi_app [None req-176b2ea1-0114-441e-9eaa-a80f5c197ffe None None] config files: ['/etc/nova/api-paste.ini', '/etc/nova/nova.conf'] {{(pid=108432) log_opt_values /opt/stack/data/venv/lib/python3.12/site-packages/oslo_config/cfg.py:3232}}
May 28 01:26:31.984110 np0000177115 devstack@n-api-meta.service[108432]: DEBUG nova.api.openstack.wsgi_app [None req-176b2ea1-0114-441e-9eaa-a80f5c197ffe None None] ================================================================================ {{(pid=108432) log_opt_values /opt/stack/data/venv/lib/python3.12/site-packages/oslo_config/cfg.py:3237}}
May 28 01:26:31.986316 np0000177115 devstack@n-api-meta.service[108432]: DEBUG nova.api.openstack.wsgi_app [None req-176b2ea1-0114-441e-9eaa-a80f5c197ffe None None] allow_resize_to_same_host = True {{(pid=108432) log_opt_values /opt/stack/data/venv/lib/python3.12/site-packages/oslo_config/cfg.py:3245}}
May 28 01:26:31.986316 np0000177115 devstack@n-api-meta.service[108432]: DEBUG nova.api.openstack.wsgi_app [None req-176b2ea1-0114-441e-9eaa-a80f5c197ffe None None] arq_binding_timeout = 300 {{(pid=108432) log_opt_values /opt/stack/data/venv/lib/python3.12/site-packages/oslo_config/cfg.py:3245}}
May 28 01:26:31.986316 np0000177115 devstack@n-api-meta.service[108432]: DEBUG nova.api.openstack.wsgi_app [None req-176b2ea1-0114-441e-9eaa-a80f5c197ffe None None] block_device_allocate_retries = 60 {{(pid=108432) log_opt_values /opt/stack/data/venv/lib/python3.12/site-packages/oslo_config/cfg.py:3245}}
May 28 01:26:31.986316 np0000177115 devstack@n-api-meta.service[108432]: DEBUG nova.api.openstack.wsgi_app [None req-176b2ea1-0114-441e-9eaa-a80f5c197ffe None None] block_device_allocate_retries_interval = 3 {{(pid=108432) log_opt_values /opt/stack/data/venv/lib/python3.12/site-packages/oslo_config/cfg.py:3245}}
May 28 01:26:31.986316 np0000177115 devstack@n-api-meta.service[108432]: DEBUG nova.api.openstack.wsgi_app [None req-176b2ea1-0114-441e-9eaa-a80f5c197ffe None None] cell_worker_thread_pool_size = 5 {{(pid=108432) log_opt_values /opt/stack/data/venv/lib/python3.12/site-packages/oslo_config/cfg.py:3245}}
May 28 01:26:31.986316 np0000177115 devstack@n-api-meta.service[108432]: DEBUG nova.api.openstack.wsgi_app [None req-176b2ea1-0114-441e-9eaa-a80f5c197ffe None None] cert = self.pem {{(pid=108432) log_opt_values /opt/stack/data/venv/lib/python3.12/site-packages/oslo_config/cfg.py:3245}}
May 28 01:26:31.986316 np0000177115 devstack@n-api-meta.service[108432]: DEBUG nova.api.openstack.wsgi_app [None req-176b2ea1-0114-441e-9eaa-a80f5c197ffe None None] compute_driver = libvirt.LibvirtDriver {{(pid=108432) log_opt_values /opt/stack/data/venv/lib/python3.12/site-packages/oslo_config/cfg.py:3245}}
May 28 01:26:31.986832 np0000177115 devstack@n-api-meta.service[108432]: DEBUG nova.api.openstack.wsgi_app [None req-176b2ea1-0114-441e-9eaa-a80f5c197ffe None None] compute_monitors = [] {{(pid=108432) log_opt_values /opt/stack/data/venv/lib/python3.12/site-packages/oslo_config/cfg.py:3245}}
May 28 01:26:31.986832 np0000177115 devstack@n-api-meta.service[108432]: DEBUG nova.api.openstack.wsgi_app [None req-176b2ea1-0114-441e-9eaa-a80f5c197ffe None None] config_dir = [] {{(pid=108432) log_opt_values /opt/stack/data/venv/lib/python3.12/site-packages/oslo_config/cfg.py:3245}}
May 28 01:26:31.986832 np0000177115 devstack@n-api-meta.service[108432]: DEBUG nova.api.openstack.wsgi_app [None req-176b2ea1-0114-441e-9eaa-a80f5c197ffe None None] config_drive_format = iso9660 {{(pid=108432) log_opt_values /opt/stack/data/venv/lib/python3.12/site-packages/oslo_config/cfg.py:3245}}
May 28 01:26:31.986832 np0000177115 devstack@n-api-meta.service[108432]: DEBUG nova.api.openstack.wsgi_app [None req-176b2ea1-0114-441e-9eaa-a80f5c197ffe None None] config_file = ['/etc/nova/api-paste.ini', '/etc/nova/nova.conf'] {{(pid=108432) log_opt_values /opt/stack/data/venv/lib/python3.12/site-packages/oslo_config/cfg.py:3245}}
May 28 01:26:31.986832 np0000177115 devstack@n-api-meta.service[108432]: DEBUG nova.api.openstack.wsgi_app [None req-176b2ea1-0114-441e-9eaa-a80f5c197ffe None None] config_source = [] {{(pid=108432) log_opt_values /opt/stack/data/venv/lib/python3.12/site-packages/oslo_config/cfg.py:3245}}
May 28 01:26:31.986832 np0000177115 devstack@n-api-meta.service[108432]: DEBUG nova.api.openstack.wsgi_app [None req-176b2ea1-0114-441e-9eaa-a80f5c197ffe None None] console_host = np0000177115 {{(pid=108432) log_opt_values /opt/stack/data/venv/lib/python3.12/site-packages/oslo_config/cfg.py:3245}}
May 28 01:26:31.986832 np0000177115 devstack@n-api-meta.service[108432]: DEBUG nova.api.openstack.wsgi_app [None req-176b2ea1-0114-441e-9eaa-a80f5c197ffe None None] control_exchange = nova {{(pid=108432) log_opt_values /opt/stack/data/venv/lib/python3.12/site-packages/oslo_config/cfg.py:3245}}
May 28 01:26:31.987197 np0000177115 devstack@n-api-meta.service[108432]: DEBUG nova.api.openstack.wsgi_app [None req-176b2ea1-0114-441e-9eaa-a80f5c197ffe None None] cpu_allocation_ratio = None {{(pid=108432) log_opt_values /opt/stack/data/venv/lib/python3.12/site-packages/oslo_config/cfg.py:3245}}
May 28 01:26:31.987197 np0000177115 devstack@n-api-meta.service[108432]: DEBUG nova.api.openstack.wsgi_app [None req-176b2ea1-0114-441e-9eaa-a80f5c197ffe None None] daemon = False {{(pid=108432) log_opt_values /opt/stack/data/venv/lib/python3.12/site-packages/oslo_config/cfg.py:3245}}
May 28 01:26:31.987197 np0000177115 devstack@n-api-meta.service[108432]: DEBUG nova.api.openstack.wsgi_app [None req-176b2ea1-0114-441e-9eaa-a80f5c197ffe None None] debug = True {{(pid=108432) log_opt_values /opt/stack/data/venv/lib/python3.12/site-packages/oslo_config/cfg.py:3245}}
May 28 01:26:31.987197 np0000177115 devstack@n-api-meta.service[108432]: DEBUG nova.api.openstack.wsgi_app [None req-176b2ea1-0114-441e-9eaa-a80f5c197ffe None None] default_access_ip_network_name = None {{(pid=108432) log_opt_values /opt/stack/data/venv/lib/python3.12/site-packages/oslo_config/cfg.py:3245}}
May 28 01:26:31.987197 np0000177115 devstack@n-api-meta.service[108432]: DEBUG nova.api.openstack.wsgi_app [None req-176b2ea1-0114-441e-9eaa-a80f5c197ffe None None] default_availability_zone = nova {{(pid=108432) log_opt_values /opt/stack/data/venv/lib/python3.12/site-packages/oslo_config/cfg.py:3245}}
May 28 01:26:31.987197 np0000177115 devstack@n-api-meta.service[108432]: DEBUG nova.api.openstack.wsgi_app [None req-176b2ea1-0114-441e-9eaa-a80f5c197ffe None None] default_ephemeral_format = ext4 {{(pid=108432) log_opt_values /opt/stack/data/venv/lib/python3.12/site-packages/oslo_config/cfg.py:3245}}
May 28 01:26:31.987197 np0000177115 devstack@n-api-meta.service[108432]: DEBUG nova.api.openstack.wsgi_app [None req-176b2ea1-0114-441e-9eaa-a80f5c197ffe None None] default_green_pool_size = 1000 {{(pid=108432) log_opt_values /opt/stack/data/venv/lib/python3.12/site-packages/oslo_config/cfg.py:3245}}
May 28 01:26:31.987610 np0000177115 devstack@n-api-meta.service[108432]: DEBUG nova.api.openstack.wsgi_app [None req-176b2ea1-0114-441e-9eaa-a80f5c197ffe None None] default_log_levels = ['amqp=WARN', 'boto=WARN', 'sqlalchemy=WARN', 'suds=INFO', 'oslo.messaging=INFO', 'oslo_messaging=INFO', 'iso8601=WARN', 'requests.packages.urllib3.connectionpool=WARN', 'urllib3.connectionpool=WARN', 'websocket=WARN', 'requests.packages.urllib3.util.retry=WARN', 'urllib3.util.retry=WARN', 'keystonemiddleware=WARN', 'routes.middleware=WARN', 'stevedore=WARN', 'taskflow=WARN', 'keystoneauth=WARN', 'oslo.cache=INFO', 'oslo_policy=INFO', 'dogpile.core.dogpile=INFO', 'glanceclient=WARN', 'oslo.privsep.daemon=INFO'] {{(pid=108432) log_opt_values /opt/stack/data/venv/lib/python3.12/site-packages/oslo_config/cfg.py:3245}}
May 28 01:26:31.987610 np0000177115 devstack@n-api-meta.service[108432]: DEBUG nova.api.openstack.wsgi_app [None req-176b2ea1-0114-441e-9eaa-a80f5c197ffe None None] default_schedule_zone = None {{(pid=108432) log_opt_values /opt/stack/data/venv/lib/python3.12/site-packages/oslo_config/cfg.py:3245}}
May 28 01:26:31.987610 np0000177115 devstack@n-api-meta.service[108432]: DEBUG nova.api.openstack.wsgi_app [None req-176b2ea1-0114-441e-9eaa-a80f5c197ffe None None] default_thread_pool_size = 10 {{(pid=108432) log_opt_values /opt/stack/data/venv/lib/python3.12/site-packages/oslo_config/cfg.py:3245}}
May 28 01:26:31.987610 np0000177115 devstack@n-api-meta.service[108432]: DEBUG nova.api.openstack.wsgi_app [None req-176b2ea1-0114-441e-9eaa-a80f5c197ffe None None] disk_allocation_ratio = None {{(pid=108432) log_opt_values /opt/stack/data/venv/lib/python3.12/site-packages/oslo_config/cfg.py:3245}}
May 28 01:26:31.987914 np0000177115 devstack@n-api-meta.service[108432]: DEBUG nova.api.openstack.wsgi_app [None req-176b2ea1-0114-441e-9eaa-a80f5c197ffe None None] enable_new_services = True {{(pid=108432) log_opt_values /opt/stack/data/venv/lib/python3.12/site-packages/oslo_config/cfg.py:3245}}
May 28 01:26:31.987914 np0000177115 devstack@n-api-meta.service[108432]: DEBUG nova.api.openstack.wsgi_app [None req-176b2ea1-0114-441e-9eaa-a80f5c197ffe None None] flat_injected = False {{(pid=108432) log_opt_values /opt/stack/data/venv/lib/python3.12/site-packages/oslo_config/cfg.py:3245}}
May 28 01:26:31.987914 np0000177115 devstack@n-api-meta.service[108432]: DEBUG nova.api.openstack.wsgi_app [None req-176b2ea1-0114-441e-9eaa-a80f5c197ffe None None] force_config_drive = False {{(pid=108432) log_opt_values /opt/stack/data/venv/lib/python3.12/site-packages/oslo_config/cfg.py:3245}}
May 28 01:26:31.988079 np0000177115 devstack@n-api-meta.service[108432]: DEBUG nova.api.openstack.wsgi_app [None req-176b2ea1-0114-441e-9eaa-a80f5c197ffe None None] force_raw_images = True {{(pid=108432) log_opt_values /opt/stack/data/venv/lib/python3.12/site-packages/oslo_config/cfg.py:3245}}
May 28 01:26:31.988146 np0000177115 devstack@n-api-meta.service[108432]: DEBUG nova.api.openstack.wsgi_app [None req-176b2ea1-0114-441e-9eaa-a80f5c197ffe None None] graceful_shutdown_timeout = 5 {{(pid=108432) log_opt_values /opt/stack/data/venv/lib/python3.12/site-packages/oslo_config/cfg.py:3245}}
May 28 01:26:31.988387 np0000177115 devstack@n-api-meta.service[108432]: DEBUG nova.api.openstack.wsgi_app [None req-176b2ea1-0114-441e-9eaa-a80f5c197ffe None None] heal_instance_info_cache_interval = -1 {{(pid=108432) log_opt_values /opt/stack/data/venv/lib/python3.12/site-packages/oslo_config/cfg.py:3245}}
May 28 01:26:31.988500 np0000177115 devstack@n-api-meta.service[108432]: DEBUG nova.api.openstack.wsgi_app [None req-176b2ea1-0114-441e-9eaa-a80f5c197ffe None None] host = np0000177115 {{(pid=108432) log_opt_values /opt/stack/data/venv/lib/python3.12/site-packages/oslo_config/cfg.py:3245}}
May 28 01:26:31.988638 np0000177115 devstack@n-api-meta.service[108432]: DEBUG nova.api.openstack.wsgi_app [None req-176b2ea1-0114-441e-9eaa-a80f5c197ffe None None] initial_cpu_allocation_ratio = 4.0 {{(pid=108432) log_opt_values /opt/stack/data/venv/lib/python3.12/site-packages/oslo_config/cfg.py:3245}}
May 28 01:26:31.988764 np0000177115 devstack@n-api-meta.service[108432]: DEBUG nova.api.openstack.wsgi_app [None req-176b2ea1-0114-441e-9eaa-a80f5c197ffe None None] initial_disk_allocation_ratio = 1.0 {{(pid=108432) log_opt_values /opt/stack/data/venv/lib/python3.12/site-packages/oslo_config/cfg.py:3245}}
May 28 01:26:31.988900 np0000177115 devstack@n-api-meta.service[108432]: DEBUG nova.api.openstack.wsgi_app [None req-176b2ea1-0114-441e-9eaa-a80f5c197ffe None None] initial_ram_allocation_ratio = 1.0 {{(pid=108432) log_opt_values /opt/stack/data/venv/lib/python3.12/site-packages/oslo_config/cfg.py:3245}}
May 28 01:26:31.989095 np0000177115 devstack@n-api-meta.service[108432]: DEBUG nova.api.openstack.wsgi_app [None req-176b2ea1-0114-441e-9eaa-a80f5c197ffe None None] injected_network_template = /opt/stack/nova/nova/virt/interfaces.template {{(pid=108432) log_opt_values /opt/stack/data/venv/lib/python3.12/site-packages/oslo_config/cfg.py:3245}}
May 28 01:26:31.989209 np0000177115 devstack@n-api-meta.service[108432]: DEBUG nova.api.openstack.wsgi_app [None req-176b2ea1-0114-441e-9eaa-a80f5c197ffe None None] instance_build_timeout = 0 {{(pid=108432) log_opt_values /opt/stack/data/venv/lib/python3.12/site-packages/oslo_config/cfg.py:3245}}
May 28 01:26:31.989370 np0000177115 devstack@n-api-meta.service[108432]: DEBUG nova.api.openstack.wsgi_app [None req-176b2ea1-0114-441e-9eaa-a80f5c197ffe None None] instance_delete_interval = 300 {{(pid=108432) log_opt_values /opt/stack/data/venv/lib/python3.12/site-packages/oslo_config/cfg.py:3245}}
May 28 01:26:31.989519 np0000177115 devstack@n-api-meta.service[108432]: DEBUG nova.api.openstack.wsgi_app [None req-176b2ea1-0114-441e-9eaa-a80f5c197ffe None None] instance_format = [instance: %(uuid)s] {{(pid=108432) log_opt_values /opt/stack/data/venv/lib/python3.12/site-packages/oslo_config/cfg.py:3245}}
May 28 01:26:31.989649 np0000177115 devstack@n-api-meta.service[108432]: DEBUG nova.api.openstack.wsgi_app [None req-176b2ea1-0114-441e-9eaa-a80f5c197ffe None None] instance_name_template = instance-%08x {{(pid=108432) log_opt_values /opt/stack/data/venv/lib/python3.12/site-packages/oslo_config/cfg.py:3245}}
May 28 01:26:31.989774 np0000177115 devstack@n-api-meta.service[108432]: DEBUG nova.api.openstack.wsgi_app [None req-176b2ea1-0114-441e-9eaa-a80f5c197ffe None None] instance_usage_audit = False {{(pid=108432) log_opt_values /opt/stack/data/venv/lib/python3.12/site-packages/oslo_config/cfg.py:3245}}
May 28 01:26:31.989917 np0000177115 devstack@n-api-meta.service[108432]: DEBUG nova.api.openstack.wsgi_app [None req-176b2ea1-0114-441e-9eaa-a80f5c197ffe None None] instance_usage_audit_period = month {{(pid=108432) log_opt_values /opt/stack/data/venv/lib/python3.12/site-packages/oslo_config/cfg.py:3245}}
May 28 01:26:31.990114 np0000177115 devstack@n-api-meta.service[108432]: DEBUG nova.api.openstack.wsgi_app [None req-176b2ea1-0114-441e-9eaa-a80f5c197ffe None None] instance_uuid_format = [instance: %(uuid)s] {{(pid=108432) log_opt_values /opt/stack/data/venv/lib/python3.12/site-packages/oslo_config/cfg.py:3245}}
May 28 01:26:31.990266 np0000177115 devstack@n-api-meta.service[108432]: DEBUG nova.api.openstack.wsgi_app [None req-176b2ea1-0114-441e-9eaa-a80f5c197ffe None None] instances_path = /opt/stack/data/nova/instances {{(pid=108432) log_opt_values /opt/stack/data/venv/lib/python3.12/site-packages/oslo_config/cfg.py:3245}}
May 28 01:26:31.990485 np0000177115 devstack@n-api-meta.service[108432]: DEBUG nova.api.openstack.wsgi_app [None req-176b2ea1-0114-441e-9eaa-a80f5c197ffe None None] internal_service_availability_zone = internal {{(pid=108432) log_opt_values /opt/stack/data/venv/lib/python3.12/site-packages/oslo_config/cfg.py:3245}}
May 28 01:26:31.990603 np0000177115 devstack@n-api-meta.service[108432]: DEBUG nova.api.openstack.wsgi_app [None req-176b2ea1-0114-441e-9eaa-a80f5c197ffe None None] key = None {{(pid=108432) log_opt_values /opt/stack/data/venv/lib/python3.12/site-packages/oslo_config/cfg.py:3245}}
May 28 01:26:31.990735 np0000177115 devstack@n-api-meta.service[108432]: DEBUG nova.api.openstack.wsgi_app [None req-176b2ea1-0114-441e-9eaa-a80f5c197ffe None None] live_migration_retry_count = 30 {{(pid=108432) log_opt_values /opt/stack/data/venv/lib/python3.12/site-packages/oslo_config/cfg.py:3245}}
May 28 01:26:31.990874 np0000177115 devstack@n-api-meta.service[108432]: DEBUG nova.api.openstack.wsgi_app [None req-176b2ea1-0114-441e-9eaa-a80f5c197ffe None None] log_color = False {{(pid=108432) log_opt_values /opt/stack/data/venv/lib/python3.12/site-packages/oslo_config/cfg.py:3245}}
May 28 01:26:31.991006 np0000177115 devstack@n-api-meta.service[108432]: DEBUG nova.api.openstack.wsgi_app [None req-176b2ea1-0114-441e-9eaa-a80f5c197ffe None None] log_config_append = None {{(pid=108432) log_opt_values /opt/stack/data/venv/lib/python3.12/site-packages/oslo_config/cfg.py:3245}}
May 28 01:26:31.991140 np0000177115 devstack@n-api-meta.service[108432]: DEBUG nova.api.openstack.wsgi_app [None req-176b2ea1-0114-441e-9eaa-a80f5c197ffe None None] log_date_format = %Y-%m-%d %H:%M:%S {{(pid=108432) log_opt_values /opt/stack/data/venv/lib/python3.12/site-packages/oslo_config/cfg.py:3245}}
May 28 01:26:31.991309 np0000177115 devstack@n-api-meta.service[108432]: DEBUG nova.api.openstack.wsgi_app [None req-176b2ea1-0114-441e-9eaa-a80f5c197ffe None None] log_dir = None {{(pid=108432) log_opt_values /opt/stack/data/venv/lib/python3.12/site-packages/oslo_config/cfg.py:3245}}
May 28 01:26:31.991432 np0000177115 devstack@n-api-meta.service[108432]: DEBUG nova.api.openstack.wsgi_app [None req-176b2ea1-0114-441e-9eaa-a80f5c197ffe None None] log_file = None {{(pid=108432) log_opt_values /opt/stack/data/venv/lib/python3.12/site-packages/oslo_config/cfg.py:3245}}
May 28 01:26:31.991535 np0000177115 devstack@n-api-meta.service[108432]: DEBUG nova.api.openstack.wsgi_app [None req-176b2ea1-0114-441e-9eaa-a80f5c197ffe None None] log_options = True {{(pid=108432) log_opt_values /opt/stack/data/venv/lib/python3.12/site-packages/oslo_config/cfg.py:3245}}
May 28 01:26:31.991691 np0000177115 devstack@n-api-meta.service[108432]: DEBUG nova.api.openstack.wsgi_app [None req-176b2ea1-0114-441e-9eaa-a80f5c197ffe None None] log_rotate_interval = 1 {{(pid=108432) log_opt_values /opt/stack/data/venv/lib/python3.12/site-packages/oslo_config/cfg.py:3245}}
May 28 01:26:31.991830 np0000177115 devstack@n-api-meta.service[108432]: DEBUG nova.api.openstack.wsgi_app [None req-176b2ea1-0114-441e-9eaa-a80f5c197ffe None None] log_rotate_interval_type = days {{(pid=108432) log_opt_values /opt/stack/data/venv/lib/python3.12/site-packages/oslo_config/cfg.py:3245}}
May 28 01:26:31.991964 np0000177115 devstack@n-api-meta.service[108432]: DEBUG nova.api.openstack.wsgi_app [None req-176b2ea1-0114-441e-9eaa-a80f5c197ffe None None] log_rotation_type = none {{(pid=108432) log_opt_values /opt/stack/data/venv/lib/python3.12/site-packages/oslo_config/cfg.py:3245}}
May 28 01:26:31.992066 np0000177115 devstack@n-api-meta.service[108432]: DEBUG nova.api.openstack.wsgi_app [None req-176b2ea1-0114-441e-9eaa-a80f5c197ffe None None] logging_context_format_string = %(color)s%(levelname)s %(name)s [%(global_request_id)s %(request_id)s %(project_name)s %(user_name)s%(color)s] %(instance)s%(color)s%(message)s {{(pid=108432) log_opt_values /opt/stack/data/venv/lib/python3.12/site-packages/oslo_config/cfg.py:3245}}
May 28 01:26:31.992169 np0000177115 devstack@n-api-meta.service[108432]: DEBUG nova.api.openstack.wsgi_app [None req-176b2ea1-0114-441e-9eaa-a80f5c197ffe None None] logging_debug_format_suffix = {{(pid=%(process)d) %(funcName)s %(pathname)s:%(lineno)d}} {{(pid=108432) log_opt_values /opt/stack/data/venv/lib/python3.12/site-packages/oslo_config/cfg.py:3245}}
May 28 01:26:31.992332 np0000177115 devstack@n-api-meta.service[108432]: DEBUG nova.api.openstack.wsgi_app [None req-176b2ea1-0114-441e-9eaa-a80f5c197ffe None None] logging_default_format_string = %(color)s%(levelname)s %(name)s [-%(color)s] %(instance)s%(color)s%(message)s {{(pid=108432) log_opt_values /opt/stack/data/venv/lib/python3.12/site-packages/oslo_config/cfg.py:3245}}
May 28 01:26:31.992463 np0000177115 devstack@n-api-meta.service[108432]: DEBUG nova.api.openstack.wsgi_app [None req-176b2ea1-0114-441e-9eaa-a80f5c197ffe None None] logging_exception_prefix = ERROR %(name)s %(instance)s {{(pid=108432) log_opt_values /opt/stack/data/venv/lib/python3.12/site-packages/oslo_config/cfg.py:3245}}
May 28 01:26:31.992565 np0000177115 devstack@n-api-meta.service[108432]: DEBUG nova.api.openstack.wsgi_app [None req-176b2ea1-0114-441e-9eaa-a80f5c197ffe None None] logging_user_identity_format = %(user)s %(project)s %(domain)s %(system_scope)s %(user_domain)s %(project_domain)s {{(pid=108432) log_opt_values /opt/stack/data/venv/lib/python3.12/site-packages/oslo_config/cfg.py:3245}}
May 28 01:26:31.992693 np0000177115 devstack@n-api-meta.service[108432]: DEBUG nova.api.openstack.wsgi_app [None req-176b2ea1-0114-441e-9eaa-a80f5c197ffe None None] long_rpc_timeout = 1800 {{(pid=108432) log_opt_values /opt/stack/data/venv/lib/python3.12/site-packages/oslo_config/cfg.py:3245}}
May 28 01:26:31.992821 np0000177115 devstack@n-api-meta.service[108432]: DEBUG nova.api.openstack.wsgi_app [None req-176b2ea1-0114-441e-9eaa-a80f5c197ffe None None] manager_shutdown_timeout = 160 {{(pid=108432) log_opt_values /opt/stack/data/venv/lib/python3.12/site-packages/oslo_config/cfg.py:3245}}
May 28 01:26:31.993020 np0000177115 devstack@n-api-meta.service[108432]: DEBUG nova.api.openstack.wsgi_app [None req-176b2ea1-0114-441e-9eaa-a80f5c197ffe None None] max_concurrent_builds = 10 {{(pid=108432) log_opt_values /opt/stack/data/venv/lib/python3.12/site-packages/oslo_config/cfg.py:3245}}
May 28 01:26:31.993150 np0000177115 devstack@n-api-meta.service[108432]: DEBUG nova.api.openstack.wsgi_app [None req-176b2ea1-0114-441e-9eaa-a80f5c197ffe None None] max_concurrent_live_migrations = 1 {{(pid=108432) log_opt_values /opt/stack/data/venv/lib/python3.12/site-packages/oslo_config/cfg.py:3245}}
