May 28 01:25:53.544356 np0000177115 devstack@neutron-api.service[103310]: DEBUG neutron.api.extensions [None req-c3288968-dcb9-412c-85d6-4c50b7a1ce9d None None] Loading extension file: empty_string_filtering.py {{(pid=103310) _load_all_extensions_from_path /opt/stack/neutron/neutron/api/extensions.py:449}}
May 28 01:25:53.544402 np0000177115 devstack@neutron-api.service[103309]: DEBUG neutron.api.extensions [None req-e2450be1-7f09-4eee-892d-f0b790ea8be0 None None] Loading extension file: floatingip_pools.py {{(pid=103309) _load_all_extensions_from_path /opt/stack/neutron/neutron/api/extensions.py:449}}
May 28 01:25:53.544631 np0000177115 devstack@neutron-api.service[103309]: DEBUG neutron.api.extensions [None req-e2450be1-7f09-4eee-892d-f0b790ea8be0 None None] Ext name="Floating IP Pools Extension" alias="floatingip-pools" description="Provides a floating IP pools API." updated="2018-03-21T10:00:00-00:00" {{(pid=103309) _check_extension /opt/stack/neutron/neutron/api/extensions.py:415}}
May 28 01:25:53.544763 np0000177115 devstack@neutron-api.service[103308]: DEBUG neutron_lib.callbacks.manager [None req-418d750e-ea92-4331-9b1f-5bdefef02ed1 None None] Subscribe: > router before_delete 55550000, False {{(pid=103308) subscribe /opt/stack/data/venv/lib/python3.12/site-packages/neutron_lib/callbacks/manager.py:52}}
May 28 01:25:53.544823 np0000177115 devstack@neutron-api.service[103309]: INFO neutron.api.extensions [None req-e2450be1-7f09-4eee-892d-f0b790ea8be0 None None] Loaded extension: floatingip-pools
May 28 01:25:53.544890 np0000177115 devstack@neutron-api.service[103309]: DEBUG neutron.api.extensions [None req-e2450be1-7f09-4eee-892d-f0b790ea8be0 None None] Loading extension file: ip_allocation.py {{(pid=103309) _load_all_extensions_from_path /opt/stack/neutron/neutron/api/extensions.py:449}}
May 28 01:25:53.544952 np0000177115 devstack@neutron-api.service[103308]: DEBUG neutron_lib.callbacks.manager [None req-418d750e-ea92-4331-9b1f-5bdefef02ed1 None None] Subscribe: port before_update 55550000, False {{(pid=103308) subscribe /opt/stack/data/venv/lib/python3.12/site-packages/neutron_lib/callbacks/manager.py:52}}
May 28 01:25:53.545016 np0000177115 devstack@neutron-api.service[103310]: DEBUG neutron.api.extensions [None req-c3288968-dcb9-412c-85d6-4c50b7a1ce9d None None] Ext name="Empty String Filtering Extension" alias="empty-string-filtering" description="Allow filtering by attributes with empty string value" updated="2018-05-01T10:00:00-00:00" {{(pid=103310) _check_extension /opt/stack/neutron/neutron/api/extensions.py:415}}
May 28 01:25:53.545069 np0000177115 devstack@neutron-api.service[103308]: DEBUG neutron_lib.callbacks.manager [None req-418d750e-ea92-4331-9b1f-5bdefef02ed1 None None] Subscribe: port after_update 55550000, False {{(pid=103308) subscribe /opt/stack/data/venv/lib/python3.12/site-packages/neutron_lib/callbacks/manager.py:52}}
May 28 01:25:53.545098 np0000177115 devstack@neutron-api.service[103309]: DEBUG neutron.api.extensions [None req-e2450be1-7f09-4eee-892d-f0b790ea8be0 None None] Ext name="IP Allocation" alias="ip_allocation" description="IP allocation extension." updated="2016-06-10T23:00:00-00:00" {{(pid=103309) _check_extension /opt/stack/neutron/neutron/api/extensions.py:415}}
May 28 01:25:53.545125 np0000177115 devstack@neutron-api.service[103308]: DEBUG neutron_lib.callbacks.manager [None req-418d750e-ea92-4331-9b1f-5bdefef02ed1 None None] Subscribe: > port precommit_delete 55550000, False {{(pid=103308) subscribe /opt/stack/data/venv/lib/python3.12/site-packages/neutron_lib/callbacks/manager.py:52}}
May 28 01:25:53.545284 np0000177115 devstack@neutron-api.service[103309]: INFO neutron.api.extensions [None req-e2450be1-7f09-4eee-892d-f0b790ea8be0 None None] Extension ip_allocation not supported by any of loaded plugins
May 28 01:25:53.545329 np0000177115 devstack@neutron-api.service[103308]: DEBUG neutron_lib.callbacks.manager [None req-418d750e-ea92-4331-9b1f-5bdefef02ed1 None None] Subscribe: port before_update 55550000, False {{(pid=103308) subscribe /opt/stack/data/venv/lib/python3.12/site-packages/neutron_lib/callbacks/manager.py:52}}
May 28 01:25:53.545400 np0000177115 devstack@neutron-api.service[103309]: DEBUG neutron.api.extensions [None req-e2450be1-7f09-4eee-892d-f0b790ea8be0 None None] Loading extension file: ip_substring_port_filtering.py {{(pid=103309) _load_all_extensions_from_path /opt/stack/neutron/neutron/api/extensions.py:449}}
May 28 01:25:53.545536 np0000177115 devstack@neutron-api.service[103308]: DEBUG neutron_lib.callbacks.manager [None req-418d750e-ea92-4331-9b1f-5bdefef02ed1 None None] Subscribe: port before_delete 55550000, False {{(pid=103308) subscribe /opt/stack/data/venv/lib/python3.12/site-packages/neutron_lib/callbacks/manager.py:52}}
May 28 01:25:53.545571 np0000177115 devstack@neutron-api.service[103310]: INFO neutron.api.extensions [None req-c3288968-dcb9-412c-85d6-4c50b7a1ce9d None None] Loaded extension: empty-string-filtering
May 28 01:25:53.545595 np0000177115 devstack@neutron-api.service[103308]: DEBUG neutron_lib.callbacks.manager [None req-418d750e-ea92-4331-9b1f-5bdefef02ed1 None None] Subscribe: > router precommit_create 55550000, False {{(pid=103308) subscribe /opt/stack/data/venv/lib/python3.12/site-packages/neutron_lib/callbacks/manager.py:52}}
May 28 01:25:53.545595 np0000177115 devstack@neutron-api.service[103308]: DEBUG neutron_lib.callbacks.manager [None req-418d750e-ea92-4331-9b1f-5bdefef02ed1 None None] Subscribe: > router precommit_create 55550000, False {{(pid=103308) subscribe /opt/stack/data/venv/lib/python3.12/site-packages/neutron_lib/callbacks/manager.py:52}}
May 28 01:25:53.545657 np0000177115 devstack@neutron-api.service[103309]: DEBUG neutron.api.extensions [None req-e2450be1-7f09-4eee-892d-f0b790ea8be0 None None] Ext name="IP address substring filtering" alias="ip-substring-filtering" description="Provides IP address substring filtering when listing ports" updated="2017-11-28T09:00:00-00:00" {{(pid=103309) _check_extension /opt/stack/neutron/neutron/api/extensions.py:415}}
May 28 01:25:53.545699 np0000177115 devstack@neutron-api.service[103310]: DEBUG neutron.api.extensions [None req-c3288968-dcb9-412c-85d6-4c50b7a1ce9d None None] Loading extension file: evpn.py {{(pid=103310) _load_all_extensions_from_path /opt/stack/neutron/neutron/api/extensions.py:449}}
May 28 01:25:53.545725 np0000177115 devstack@neutron-api.service[103308]: DEBUG neutron_lib.callbacks.manager [None req-418d750e-ea92-4331-9b1f-5bdefef02ed1 None None] Subscribe: > router precommit_update 55550000, False {{(pid=103308) subscribe /opt/stack/data/venv/lib/python3.12/site-packages/neutron_lib/callbacks/manager.py:52}}
May 28 01:25:53.545830 np0000177115 devstack@neutron-api.service[103309]: INFO neutron.api.extensions [None req-e2450be1-7f09-4eee-892d-f0b790ea8be0 None None] Extension ip-substring-filtering not supported by any of loaded plugins
May 28 01:25:53.545912 np0000177115 devstack@neutron-api.service[103308]: DEBUG neutron_lib.callbacks.manager [None req-418d750e-ea92-4331-9b1f-5bdefef02ed1 None None] Subscribe: subnet after_update 55550000, False {{(pid=103308) subscribe /opt/stack/data/venv/lib/python3.12/site-packages/neutron_lib/callbacks/manager.py:52}}
May 28 01:25:53.545983 np0000177115 devstack@neutron-api.service[103309]: DEBUG neutron.api.extensions [None req-e2450be1-7f09-4eee-892d-f0b790ea8be0 None None] Loading extension file: l2_adjacency.py {{(pid=103309) _load_all_extensions_from_path /opt/stack/neutron/neutron/api/extensions.py:449}}
May 28 01:25:53.546049 np0000177115 devstack@neutron-api.service[103308]: DEBUG neutron.quota.resource_registry [None req-418d750e-ea92-4331-9b1f-5bdefef02ed1 None None] Tracking information for resource: router configured {{(pid=103308) set_tracked_resource /opt/stack/neutron/neutron/quota/resource_registry.py:203}}
May 28 01:25:53.546110 np0000177115 devstack@neutron-api.service[103309]: DEBUG neutron.api.extensions [None req-e2450be1-7f09-4eee-892d-f0b790ea8be0 None None] Ext name="L2 Adjacency" alias="l2_adjacency" description="Display L2 Adjacency for Neutron Networks." updated="2016-04-12T16:00:00-00:00" {{(pid=103309) _check_extension /opt/stack/neutron/neutron/api/extensions.py:415}}
May 28 01:25:53.546161 np0000177115 devstack@neutron-api.service[103308]: DEBUG neutron.quota.resource_registry [None req-418d750e-ea92-4331-9b1f-5bdefef02ed1 None None] Tracking information for resource: floatingip configured {{(pid=103308) set_tracked_resource /opt/stack/neutron/neutron/quota/resource_registry.py:203}}
May 28 01:25:53.546190 np0000177115 devstack@neutron-api.service[103310]: DEBUG neutron.api.extensions [None req-c3288968-dcb9-412c-85d6-4c50b7a1ce9d None None] Ext name="EVPN" alias="evpn" description="Router extension to support EVPN Type-5 route advertisement" updated="2026-04-28T00:00:00-00:00" {{(pid=103310) _check_extension /opt/stack/neutron/neutron/api/extensions.py:415}}
May 28 01:25:53.546272 np0000177115 devstack@neutron-api.service[103308]: INFO neutron.services.ovn_l3.plugin [None req-418d750e-ea92-4331-9b1f-5bdefef02ed1 None None] Starting OVNL3RouterPlugin
May 28 01:25:53.546315 np0000177115 devstack@neutron-api.service[103309]: INFO neutron.api.extensions [None req-e2450be1-7f09-4eee-892d-f0b790ea8be0 None None] Extension l2_adjacency not supported by any of loaded plugins
May 28 01:25:53.546346 np0000177115 devstack@neutron-api.service[103310]: INFO neutron.api.extensions [None req-c3288968-dcb9-412c-85d6-4c50b7a1ce9d None None] Extension evpn not supported by any of loaded plugins
May 28 01:25:53.546373 np0000177115 devstack@neutron-api.service[103309]: DEBUG neutron.api.extensions [None req-e2450be1-7f09-4eee-892d-f0b790ea8be0 None None] Loading extension file: l3.py {{(pid=103309) _load_all_extensions_from_path /opt/stack/neutron/neutron/api/extensions.py:449}}
May 28 01:25:53.546472 np0000177115 devstack@neutron-api.service[103310]: DEBUG neutron.api.extensions [None req-c3288968-dcb9-412c-85d6-4c50b7a1ce9d None None] Loading extension file: expose_l3_conntrack_helper.py {{(pid=103310) _load_all_extensions_from_path /opt/stack/neutron/neutron/api/extensions.py:449}}
May 28 01:25:53.546505 np0000177115 devstack@neutron-api.service[103308]: DEBUG neutron_lib.callbacks.manager [None req-418d750e-ea92-4331-9b1f-5bdefef02ed1 None None] Subscribe: > port_forwarding_plugin after_init 55550000, False {{(pid=103308) subscribe /opt/stack/data/venv/lib/python3.12/site-packages/neutron_lib/callbacks/manager.py:52}}
May 28 01:25:53.546687 np0000177115 devstack@neutron-api.service[103308]: DEBUG neutron_lib.callbacks.manager [None req-418d750e-ea92-4331-9b1f-5bdefef02ed1 None None] Subscribe: > router before_create 55550100, False {{(pid=103308) subscribe /opt/stack/data/venv/lib/python3.12/site-packages/neutron_lib/callbacks/manager.py:52}}
May 28 01:25:53.546768 np0000177115 devstack@neutron-api.service[103310]: DEBUG neutron.api.extensions [None req-c3288968-dcb9-412c-85d6-4c50b7a1ce9d None None] Ext name="Expose CT target rules for conntrack helper" alias="expose-l3-conntrack-helper" description="Expose allow adding CT target rules for conntrack helper" updated="2019-04-04T10:00:00-00:00" {{(pid=103310) _check_extension /opt/stack/neutron/neutron/api/extensions.py:415}}
May 28 01:25:53.546833 np0000177115 devstack@neutron-api.service[103309]: DEBUG neutron.api.extensions [None req-e2450be1-7f09-4eee-892d-f0b790ea8be0 None None] Ext name="Neutron L3 Router" alias="router" description="Router abstraction for basic L3 forwarding between L2 Neutron networks and access to external networks via a NAT gateway." updated="2012-07-20T10:00:00-00:00" {{(pid=103309) _check_extension /opt/stack/neutron/neutron/api/extensions.py:415}}
May 28 01:25:53.546863 np0000177115 devstack@neutron-api.service[103308]: DEBUG neutron_lib.callbacks.manager [None req-418d750e-ea92-4331-9b1f-5bdefef02ed1 None None] Subscribe: > router precommit_delete 55550100, False {{(pid=103308) subscribe /opt/stack/data/venv/lib/python3.12/site-packages/neutron_lib/callbacks/manager.py:52}}
May 28 01:25:53.546940 np0000177115 devstack@neutron-api.service[103308]: DEBUG neutron_lib.callbacks.manager [None req-418d750e-ea92-4331-9b1f-5bdefef02ed1 None None] Subscribe: > router precommit_create 55550100, False {{(pid=103308) subscribe /opt/stack/data/venv/lib/python3.12/site-packages/neutron_lib/callbacks/manager.py:52}}
May 28 01:25:53.546976 np0000177115 devstack@neutron-api.service[103310]: INFO neutron.api.extensions [None req-c3288968-dcb9-412c-85d6-4c50b7a1ce9d None None] Extension expose-l3-conntrack-helper not supported by any of loaded plugins
May 28 01:25:53.547004 np0000177115 devstack@neutron-api.service[103309]: INFO neutron.api.extensions [None req-e2450be1-7f09-4eee-892d-f0b790ea8be0 None None] Loaded extension: router
May 28 01:25:53.547028 np0000177115 devstack@neutron-api.service[103310]: DEBUG neutron.api.extensions [None req-c3288968-dcb9-412c-85d6-4c50b7a1ce9d None None] Loading extension file: expose_port_forwarding_in_fip.py {{(pid=103310) _load_all_extensions_from_path /opt/stack/neutron/neutron/api/extensions.py:449}}
May 28 01:25:53.547055 np0000177115 devstack@neutron-api.service[103308]: DEBUG neutron_lib.callbacks.manager [None req-418d750e-ea92-4331-9b1f-5bdefef02ed1 None None] Subscribe: > router precommit_update 55550100, False {{(pid=103308) subscribe /opt/stack/data/venv/lib/python3.12/site-packages/neutron_lib/callbacks/manager.py:52}}
May 28 01:25:53.547080 np0000177115 devstack@neutron-api.service[103309]: DEBUG neutron.api.extensions [None req-e2450be1-7f09-4eee-892d-f0b790ea8be0 None None] Loading extension file: l3_conntrack_helper.py {{(pid=103309) _load_all_extensions_from_path /opt/stack/neutron/neutron/api/extensions.py:449}}
May 28 01:25:53.547322 np0000177115 devstack@neutron-api.service[103310]: DEBUG neutron.api.extensions [None req-c3288968-dcb9-412c-85d6-4c50b7a1ce9d None None] Ext name="Expose Floating IP port forwardings" alias="expose-port-forwarding-in-fip" description="Expose port forwarding fields in floating IP response" updated="2018-06-28T16:00:00-00:00" {{(pid=103310) _check_extension /opt/stack/neutron/neutron/api/extensions.py:415}}
May 28 01:25:53.547490 np0000177115 devstack@neutron-api.service[103310]: INFO neutron.api.extensions [None req-c3288968-dcb9-412c-85d6-4c50b7a1ce9d None None] Extension expose-port-forwarding-in-fip not supported by any of loaded plugins
May 28 01:25:53.547583 np0000177115 devstack@neutron-api.service[103310]: DEBUG neutron.api.extensions [None req-c3288968-dcb9-412c-85d6-4c50b7a1ce9d None None] Loading extension file: external_net.py {{(pid=103310) _load_all_extensions_from_path /opt/stack/neutron/neutron/api/extensions.py:449}}
May 28 01:25:53.547655 np0000177115 devstack@neutron-api.service[103309]: DEBUG neutron.api.extensions [None req-e2450be1-7f09-4eee-892d-f0b790ea8be0 None None] Ext name="L3 Conntrack helper" alias="l3-conntrack-helper" description="Allow adding CT target rules for conntrack helper" updated="2019-04-04T10:00:00-00:00" {{(pid=103309) _check_extension /opt/stack/neutron/neutron/api/extensions.py:415}}
May 28 01:25:53.547830 np0000177115 devstack@neutron-api.service[103309]: INFO neutron.api.extensions [None req-e2450be1-7f09-4eee-892d-f0b790ea8be0 None None] Extension l3-conntrack-helper not supported by any of loaded plugins
May 28 01:25:53.547863 np0000177115 devstack@neutron-api.service[103310]: DEBUG neutron.api.extensions [None req-c3288968-dcb9-412c-85d6-4c50b7a1ce9d None None] Ext name="Neutron external network" alias="external-net" description="Adds external network attribute to network resource." updated="2013-01-14T10:00:00-00:00" {{(pid=103310) _check_extension /opt/stack/neutron/neutron/api/extensions.py:415}}
May 28 01:25:53.547933 np0000177115 devstack@neutron-api.service[103309]: DEBUG neutron.api.extensions [None req-e2450be1-7f09-4eee-892d-f0b790ea8be0 None None] Loading extension file: l3_enable_default_route_bfd.py {{(pid=103309) _load_all_extensions_from_path /opt/stack/neutron/neutron/api/extensions.py:449}}
May 28 01:25:53.548035 np0000177115 devstack@neutron-api.service[103310]: INFO neutron.api.extensions [None req-c3288968-dcb9-412c-85d6-4c50b7a1ce9d None None] Loaded extension: external-net
May 28 01:25:53.548127 np0000177115 devstack@neutron-api.service[103310]: DEBUG neutron.api.extensions [None req-c3288968-dcb9-412c-85d6-4c50b7a1ce9d None None] Loading extension file: extra_dhcp_opt.py {{(pid=103310) _load_all_extensions_from_path /opt/stack/neutron/neutron/api/extensions.py:449}}
May 28 01:25:53.548161 np0000177115 devstack@neutron-api.service[103309]: DEBUG neutron.api.extensions [None req-e2450be1-7f09-4eee-892d-f0b790ea8be0 None None] Ext name="Enable Default Route BFD" alias="enable-default-route-bfd" description="Enables configurable BFD behavior for default routes" updated="2023-02-27T00:00:00-00:00" {{(pid=103309) _check_extension /opt/stack/neutron/neutron/api/extensions.py:415}}
May 28 01:25:53.548357 np0000177115 devstack@neutron-api.service[103309]: INFO neutron.api.extensions [None req-e2450be1-7f09-4eee-892d-f0b790ea8be0 None None] Loaded extension: enable-default-route-bfd
May 28 01:25:53.548436 np0000177115 devstack@neutron-api.service[103310]: DEBUG neutron.api.extensions [None req-c3288968-dcb9-412c-85d6-4c50b7a1ce9d None None] Ext name="Neutron Extra DHCP options" alias="extra_dhcp_opt" description="Extra options configuration for DHCP. For example PXE boot options to DHCP clients can be specified (e.g. tftp-server, server-ip-address, bootfile-name)" updated="2013-03-17T12:00:00-00:00" {{(pid=103310) _check_extension /opt/stack/neutron/neutron/api/extensions.py:415}}
May 28 01:25:53.548490 np0000177115 devstack@neutron-api.service[103309]: DEBUG neutron.api.extensions [None req-e2450be1-7f09-4eee-892d-f0b790ea8be0 None None] Loading extension file: l3_enable_default_route_ecmp.py {{(pid=103309) _load_all_extensions_from_path /opt/stack/neutron/neutron/api/extensions.py:449}}
May 28 01:25:53.548596 np0000177115 devstack@neutron-api.service[103310]: INFO neutron.api.extensions [None req-c3288968-dcb9-412c-85d6-4c50b7a1ce9d None None] Loaded extension: extra_dhcp_opt
May 28 01:25:53.548682 np0000177115 devstack@neutron-api.service[103309]: DEBUG neutron.api.extensions [None req-e2450be1-7f09-4eee-892d-f0b790ea8be0 None None] Ext name="Enable Default Route ECMP" alias="enable-default-route-ecmp" description="Enables configurable ECMP behavior for default routes" updated="2023-02-27T00:00:00-00:00" {{(pid=103309) _check_extension /opt/stack/neutron/neutron/api/extensions.py:415}}
May 28 01:25:53.548731 np0000177115 devstack@neutron-api.service[103310]: DEBUG neutron.api.extensions [None req-c3288968-dcb9-412c-85d6-4c50b7a1ce9d None None] Loading extension file: extraroute.py {{(pid=103310) _load_all_extensions_from_path /opt/stack/neutron/neutron/api/extensions.py:449}}
May 28 01:25:53.548851 np0000177115 devstack@neutron-api.service[103309]: INFO neutron.api.extensions [None req-e2450be1-7f09-4eee-892d-f0b790ea8be0 None None] Loaded extension: enable-default-route-ecmp
May 28 01:25:53.548943 np0000177115 devstack@neutron-api.service[103309]: DEBUG neutron.api.extensions [None req-e2450be1-7f09-4eee-892d-f0b790ea8be0 None None] Loading extension file: l3_ext_gw_mode.py {{(pid=103309) _load_all_extensions_from_path /opt/stack/neutron/neutron/api/extensions.py:449}}
May 28 01:25:53.548974 np0000177115 devstack@neutron-api.service[103310]: DEBUG neutron.api.extensions [None req-c3288968-dcb9-412c-85d6-4c50b7a1ce9d None None] Ext name="Neutron Extra Route" alias="extraroute" description="Extra routes configuration for L3 router" updated="2013-02-01T10:00:00-00:00" {{(pid=103310) _check_extension /opt/stack/neutron/neutron/api/extensions.py:415}}
May 28 01:25:53.549335 np0000177115 devstack@neutron-api.service[103310]: INFO neutron.api.extensions [None req-c3288968-dcb9-412c-85d6-4c50b7a1ce9d None None] Loaded extension: extraroute
May 28 01:25:53.549373 np0000177115 devstack@neutron-api.service[103309]: DEBUG neutron.api.extensions [None req-e2450be1-7f09-4eee-892d-f0b790ea8be0 None None] Ext name="Neutron L3 Configurable external gateway mode" alias="ext-gw-mode" description="Extension of the router abstraction for specifying whether SNAT should occur on the external gateway" updated="2013-03-28T10:00:00-00:00" {{(pid=103309) _check_extension /opt/stack/neutron/neutron/api/extensions.py:415}}
May 28 01:25:53.549451 np0000177115 devstack@neutron-api.service[103310]: DEBUG neutron.api.extensions [None req-c3288968-dcb9-412c-85d6-4c50b7a1ce9d None None] Loading extension file: extraroute_atomic.py {{(pid=103310) _load_all_extensions_from_path /opt/stack/neutron/neutron/api/extensions.py:449}}
May 28 01:25:53.549529 np0000177115 devstack@neutron-api.service[103309]: INFO neutron.api.extensions [None req-e2450be1-7f09-4eee-892d-f0b790ea8be0 None None] Loaded extension: ext-gw-mode
May 28 01:25:53.549629 np0000177115 devstack@neutron-api.service[103309]: DEBUG neutron.api.extensions [None req-e2450be1-7f09-4eee-892d-f0b790ea8be0 None None] Loading extension file: l3_ext_ha_mode.py {{(pid=103309) _load_all_extensions_from_path /opt/stack/neutron/neutron/api/extensions.py:449}}
May 28 01:25:53.549765 np0000177115 devstack@neutron-api.service[103310]: DEBUG neutron.api.extensions [None req-c3288968-dcb9-412c-85d6-4c50b7a1ce9d None None] Ext name="Atomically add/remove extra routes" alias="extraroute-atomic" description="Edit extra routes of a router on server side by atomically adding/removing extra routes" updated="2019-07-10T00:00:00+00:00" {{(pid=103310) _check_extension /opt/stack/neutron/neutron/api/extensions.py:415}}
May 28 01:25:53.549911 np0000177115 devstack@neutron-api.service[103309]: DEBUG neutron.api.extensions [None req-e2450be1-7f09-4eee-892d-f0b790ea8be0 None None] Ext name="HA Router extension" alias="l3-ha" description="Adds HA capability to routers." updated="2014-04-26T00:00:00-00:00" {{(pid=103309) _check_extension /opt/stack/neutron/neutron/api/extensions.py:415}}
May 28 01:25:53.549948 np0000177115 devstack@neutron-api.service[103310]: INFO neutron.api.extensions [None req-c3288968-dcb9-412c-85d6-4c50b7a1ce9d None None] Loaded extension: extraroute-atomic
May 28 01:25:53.550052 np0000177115 devstack@neutron-api.service[103310]: DEBUG neutron.api.extensions [None req-c3288968-dcb9-412c-85d6-4c50b7a1ce9d None None] Loading extension file: filter_validation.py {{(pid=103310) _load_all_extensions_from_path /opt/stack/neutron/neutron/api/extensions.py:449}}
May 28 01:25:53.550084 np0000177115 devstack@neutron-api.service[103309]: INFO neutron.api.extensions [None req-e2450be1-7f09-4eee-892d-f0b790ea8be0 None None] Loaded extension: l3-ha
May 28 01:25:53.550157 np0000177115 devstack@neutron-api.service[103309]: DEBUG neutron.api.extensions [None req-e2450be1-7f09-4eee-892d-f0b790ea8be0 None None] Loading extension file: l3_ext_ndp_proxy.py {{(pid=103309) _load_all_extensions_from_path /opt/stack/neutron/neutron/api/extensions.py:449}}
May 28 01:25:53.550381 np0000177115 devstack@neutron-api.service[103310]: DEBUG neutron.api.extensions [None req-c3288968-dcb9-412c-85d6-4c50b7a1ce9d None None] Ext name="Filter parameters validation" alias="filter-validation" description="Provides validation on filter parameters." updated="2018-07-04T10:00:00-00:00" {{(pid=103310) _check_extension /opt/stack/neutron/neutron/api/extensions.py:415}}
May 28 01:25:53.550418 np0000177115 devstack@neutron-api.service[103309]: DEBUG neutron.api.extensions [None req-e2450be1-7f09-4eee-892d-f0b790ea8be0 None None] Ext name="Router support to enable NDP proxy" alias="l3-ext-ndp-proxy" description="Router extension to enable ndp proxy" updated="2020-08-25T00:00:00-00:00" {{(pid=103309) _check_extension /opt/stack/neutron/neutron/api/extensions.py:415}}
May 28 01:25:53.550574 np0000177115 devstack@neutron-api.service[103310]: INFO neutron.api.extensions [None req-c3288968-dcb9-412c-85d6-4c50b7a1ce9d None None] Loaded extension: filter-validation
May 28 01:25:53.550638 np0000177115 devstack@neutron-api.service[103309]: INFO neutron.api.extensions [None req-e2450be1-7f09-4eee-892d-f0b790ea8be0 None None] Extension l3-ext-ndp-proxy not supported by any of loaded plugins
May 28 01:25:53.550638 np0000177115 devstack@neutron-api.service[103309]: DEBUG neutron.api.extensions [None req-e2450be1-7f09-4eee-892d-f0b790ea8be0 None None] Loading extension file: l3_extra_gws.py {{(pid=103309) _load_all_extensions_from_path /opt/stack/neutron/neutron/api/extensions.py:449}}
May 28 01:25:53.550722 np0000177115 devstack@neutron-api.service[103308]: DEBUG neutron.services.provider_configuration [None req-418d750e-ea92-4331-9b1f-5bdefef02ed1 None None] Service providers = [] {{(pid=103308) parse_service_provider_opt /opt/stack/neutron/neutron/services/provider_configuration.py:170}}
May 28 01:25:53.550750 np0000177115 devstack@neutron-api.service[103310]: DEBUG neutron.api.extensions [None req-c3288968-dcb9-412c-85d6-4c50b7a1ce9d None None] Loading extension file: fip_pf_description.py {{(pid=103310) _load_all_extensions_from_path /opt/stack/neutron/neutron/api/extensions.py:449}}
May 28 01:25:53.550775 np0000177115 devstack@neutron-api.service[103308]: DEBUG neutron.db.servicetype_db [None req-418d750e-ea92-4331-9b1f-5bdefef02ed1 None None] Adding provider configuration for service L3_ROUTER_NAT {{(pid=103308) add_provider_configuration /opt/stack/neutron/neutron/db/servicetype_db.py:45}}
May 28 01:25:53.550869 np0000177115 devstack@neutron-api.service[103309]: DEBUG neutron.api.extensions [None req-e2450be1-7f09-4eee-892d-f0b790ea8be0 None None] Ext name="Neutron L3 External Gateway Multihoming" alias="external-gateway-multihoming" description="Allow multiple external gateway ports per router" updated="2023-01-18T00:00:00-00:00" {{(pid=103309) _check_extension /opt/stack/neutron/neutron/api/extensions.py:415}}
May 28 01:25:53.551035 np0000177115 devstack@neutron-api.service[103309]: INFO neutron.api.extensions [None req-e2450be1-7f09-4eee-892d-f0b790ea8be0 None None] Loaded extension: external-gateway-multihoming
May 28 01:25:53.551125 np0000177115 devstack@neutron-api.service[103309]: DEBUG neutron.api.extensions [None req-e2450be1-7f09-4eee-892d-f0b790ea8be0 None None] Loading extension file: l3_flavors.py {{(pid=103309) _load_all_extensions_from_path /opt/stack/neutron/neutron/api/extensions.py:449}}
May 28 01:25:53.551254 np0000177115 devstack@neutron-api.service[103310]: DEBUG neutron.api.extensions [None req-c3288968-dcb9-412c-85d6-4c50b7a1ce9d None None] Ext name="Floating IP Port Forwarding new attribute description" alias="floating-ip-port-forwarding-description" description="Add a description field to Port Forwarding rules" updated="2019-11-01T10:00:00-00:00" {{(pid=103310) _check_extension /opt/stack/neutron/neutron/api/extensions.py:415}}
May 28 01:25:53.551368 np0000177115 devstack@neutron-api.service[103309]: DEBUG neutron.api.extensions [None req-e2450be1-7f09-4eee-892d-f0b790ea8be0 None None] Ext name="Router Flavor Extension" alias="l3-flavors" description="Flavor support for routers." updated="2016-05-17T00:00:00-00:00" {{(pid=103309) _check_extension /opt/stack/neutron/neutron/api/extensions.py:415}}
May 28 01:25:53.551430 np0000177115 devstack@neutron-api.service[103310]: INFO neutron.api.extensions [None req-c3288968-dcb9-412c-85d6-4c50b7a1ce9d None None] Extension floating-ip-port-forwarding-description not supported by any of loaded plugins
May 28 01:25:53.551528 np0000177115 devstack@neutron-api.service[103310]: DEBUG neutron.api.extensions [None req-c3288968-dcb9-412c-85d6-4c50b7a1ce9d None None] Loading extension file: fip_pf_detail.py {{(pid=103310) _load_all_extensions_from_path /opt/stack/neutron/neutron/api/extensions.py:449}}
May 28 01:25:53.551559 np0000177115 devstack@neutron-api.service[103309]: INFO neutron.api.extensions [None req-e2450be1-7f09-4eee-892d-f0b790ea8be0 None None] Loaded extension: l3-flavors
May 28 01:25:53.551621 np0000177115 devstack@neutron-api.service[103309]: DEBUG neutron.api.extensions [None req-e2450be1-7f09-4eee-892d-f0b790ea8be0 None None] Loading extension file: l3_ndp_proxy.py {{(pid=103309) _load_all_extensions_from_path /opt/stack/neutron/neutron/api/extensions.py:449}}
May 28 01:25:53.551772 np0000177115 devstack@neutron-api.service[103310]: DEBUG neutron.api.extensions [None req-c3288968-dcb9-412c-85d6-4c50b7a1ce9d None None] Ext name="Floating IP port forwarding detail" alias="floating-ip-port-forwarding-detail" description="Allow list floating ip return more port forwarding data, include'id' and 'internal_port_id'" updated="2022-05-06T10:00:00-00:00" {{(pid=103310) _check_extension /opt/stack/neutron/neutron/api/extensions.py:415}}
May 28 01:25:53.551919 np0000177115 devstack@neutron-api.service[103309]: DEBUG neutron.api.extensions [None req-e2450be1-7f09-4eee-892d-f0b790ea8be0 None None] Ext name="name" alias="l3-ndp-proxy" description="description" updated="2021-06-29T10:00:00-00:00" {{(pid=103309) _check_extension /opt/stack/neutron/neutron/api/extensions.py:415}}
May 28 01:25:53.551954 np0000177115 devstack@neutron-api.service[103310]: INFO neutron.api.extensions [None req-c3288968-dcb9-412c-85d6-4c50b7a1ce9d None None] Loaded extension: floating-ip-port-forwarding-detail
May 28 01:25:53.552018 np0000177115 devstack@neutron-api.service[103308]: DEBUG neutron_lib.callbacks.manager [None req-418d750e-ea92-4331-9b1f-5bdefef02ed1 None None] Subscribe: > router precommit_create 55549900, False {{(pid=103308) subscribe /opt/stack/data/venv/lib/python3.12/site-packages/neutron_lib/callbacks/manager.py:52}}
May 28 01:25:53.552082 np0000177115 devstack@neutron-api.service[103310]: DEBUG neutron.api.extensions [None req-c3288968-dcb9-412c-85d6-4c50b7a1ce9d None None] Loading extension file: fip_pf_port_range.py {{(pid=103310) _load_all_extensions_from_path /opt/stack/neutron/neutron/api/extensions.py:449}}
May 28 01:25:53.552134 np0000177115 devstack@neutron-api.service[103309]: INFO neutron.api.extensions [None req-e2450be1-7f09-4eee-892d-f0b790ea8be0 None None] Extension l3-ndp-proxy not supported by any of loaded plugins
May 28 01:25:53.552166 np0000177115 devstack@neutron-api.service[103308]: DEBUG neutron_lib.callbacks.manager [None req-418d750e-ea92-4331-9b1f-5bdefef02ed1 None None] Subscribe: > router_interface after_create 55550000, False {{(pid=103308) subscribe /opt/stack/data/venv/lib/python3.12/site-packages/neutron_lib/callbacks/manager.py:52}}
May 28 01:25:53.552194 np0000177115 devstack@neutron-api.service[103309]: DEBUG neutron.api.extensions [None req-e2450be1-7f09-4eee-892d-f0b790ea8be0 None None] Loading extension file: l3_port_ip_change_not_allowed.py {{(pid=103309) _load_all_extensions_from_path /opt/stack/neutron/neutron/api/extensions.py:449}}
May 28 01:25:53.552223 np0000177115 devstack@neutron-api.service[103308]: DEBUG neutron_lib.callbacks.manager [None req-418d750e-ea92-4331-9b1f-5bdefef02ed1 None None] Subscribe: > floatingip after_create 55550000, False {{(pid=103308) subscribe /opt/stack/data/venv/lib/python3.12/site-packages/neutron_lib/callbacks/manager.py:52}}
May 28 01:25:53.552318 np0000177115 devstack@neutron-api.service[103310]: DEBUG neutron.api.extensions [None req-c3288968-dcb9-412c-85d6-4c50b7a1ce9d None None] Ext name="Floating IP Port Forwarding support port ranges" alias="floating-ip-port-forwarding-port-ranges" description="Add support to port ranges" updated="2020-07-01T10:00:00-00:00" {{(pid=103310) _check_extension /opt/stack/neutron/neutron/api/extensions.py:415}}
May 28 01:25:53.552356 np0000177115 devstack@neutron-api.service[103308]: DEBUG neutron_lib.callbacks.manager [None req-418d750e-ea92-4331-9b1f-5bdefef02ed1 None None] Subscribe: > floatingip precommit_create 55550000, False {{(pid=103308) subscribe /opt/stack/data/venv/lib/python3.12/site-packages/neutron_lib/callbacks/manager.py:52}}
May 28 01:25:53.552423 np0000177115 devstack@neutron-api.service[103309]: DEBUG neutron.api.extensions [None req-e2450be1-7f09-4eee-892d-f0b790ea8be0 None None] Ext name="Prevent L3 router ports IP address change extension" alias="l3-port-ip-change-not-allowed" description="Prevent change of IP address for some L3 router ports" updated="2018-10-09T10:00:00-00:00" {{(pid=103309) _check_extension /opt/stack/neutron/neutron/api/extensions.py:415}}
May 28 01:25:53.552478 np0000177115 devstack@neutron-api.service[103308]: DEBUG neutron_lib.callbacks.manager [None req-418d750e-ea92-4331-9b1f-5bdefef02ed1 None None] Subscribe: > floatingip precommit_update 55550000, False {{(pid=103308) subscribe /opt/stack/data/venv/lib/python3.12/site-packages/neutron_lib/callbacks/manager.py:52}}
May 28 01:25:53.552540 np0000177115 devstack@neutron-api.service[103308]: DEBUG neutron_lib.callbacks.manager [None req-418d750e-ea92-4331-9b1f-5bdefef02ed1 None None] Subscribe: > floatingip after_delete 55550000, False {{(pid=103308) subscribe /opt/stack/data/venv/lib/python3.12/site-packages/neutron_lib/callbacks/manager.py:52}}
May 28 01:25:53.552578 np0000177115 devstack@neutron-api.service[103309]: INFO neutron.api.extensions [None req-e2450be1-7f09-4eee-892d-f0b790ea8be0 None None] Extension l3-port-ip-change-not-allowed not supported by any of loaded plugins
May 28 01:25:53.552654 np0000177115 devstack@neutron-api.service[103308]: DEBUG neutron_lib.callbacks.manager [None req-418d750e-ea92-4331-9b1f-5bdefef02ed1 None None] Subscribe: > floatingip after_status_update 55550000, False {{(pid=103308) subscribe /opt/stack/data/venv/lib/python3.12/site-packages/neutron_lib/callbacks/manager.py:52}}
May 28 01:25:53.552687 np0000177115 devstack@neutron-api.service[103309]: DEBUG neutron.api.extensions [None req-e2450be1-7f09-4eee-892d-f0b790ea8be0 None None] Loading extension file: l3agentscheduler.py {{(pid=103309) _load_all_extensions_from_path /opt/stack/neutron/neutron/api/extensions.py:449}}
May 28 01:25:53.552780 np0000177115 devstack@neutron-api.service[103308]: DEBUG neutron_lib.callbacks.manager [None req-418d750e-ea92-4331-9b1f-5bdefef02ed1 None None] Subscribe: > floatingip after_update 55550000, False {{(pid=103308) subscribe /opt/stack/data/venv/lib/python3.12/site-packages/neutron_lib/callbacks/manager.py:52}}
May 28 01:25:53.552817 np0000177115 devstack@neutron-api.service[103310]: INFO neutron.api.extensions [None req-c3288968-dcb9-412c-85d6-4c50b7a1ce9d None None] Extension floating-ip-port-forwarding-port-ranges not supported by any of loaded plugins
May 28 01:25:53.552888 np0000177115 devstack@neutron-api.service[103308]: DEBUG neutron_lib.callbacks.manager [None req-418d750e-ea92-4331-9b1f-5bdefef02ed1 None None] Subscribe: > port_forwarding after_create 55550000, False {{(pid=103308) subscribe /opt/stack/data/venv/lib/python3.12/site-packages/neutron_lib/callbacks/manager.py:52}}
May 28 01:25:53.552957 np0000177115 devstack@neutron-api.service[103310]: DEBUG neutron.api.extensions [None req-c3288968-dcb9-412c-85d6-4c50b7a1ce9d None None] Loading extension file: fip_port_details.py {{(pid=103310) _load_all_extensions_from_path /opt/stack/neutron/neutron/api/extensions.py:449}}
May 28 01:25:53.552990 np0000177115 devstack@neutron-api.service[103308]: DEBUG neutron_lib.callbacks.manager [None req-418d750e-ea92-4331-9b1f-5bdefef02ed1 None None] Subscribe: > router_interface after_delete 55550000, False {{(pid=103308) subscribe /opt/stack/data/venv/lib/python3.12/site-packages/neutron_lib/callbacks/manager.py:52}}
May 28 01:25:53.553092 np0000177115 devstack@neutron-api.service[103308]: DEBUG neutron_lib.callbacks.manager [None req-418d750e-ea92-4331-9b1f-5bdefef02ed1 None None] Subscribe: > router after_create 55550000, False {{(pid=103308) subscribe /opt/stack/data/venv/lib/python3.12/site-packages/neutron_lib/callbacks/manager.py:52}}
May 28 01:25:53.553197 np0000177115 devstack@neutron-api.service[103308]: DEBUG neutron_lib.callbacks.manager [None req-418d750e-ea92-4331-9b1f-5bdefef02ed1 None None] Subscribe: > router precommit_create 55550000, False {{(pid=103308) subscribe /opt/stack/data/venv/lib/python3.12/site-packages/neutron_lib/callbacks/manager.py:52}}
May 28 01:25:53.553230 np0000177115 devstack@neutron-api.service[103309]: DEBUG neutron.api.extensions [None req-e2450be1-7f09-4eee-892d-f0b790ea8be0 None None] Ext name="L3 Agent Scheduler" alias="l3_agent_scheduler" description="Schedule routers among l3 agents" updated="2013-02-07T10:00:00-00:00" {{(pid=103309) _check_extension /opt/stack/neutron/neutron/api/extensions.py:415}}
May 28 01:25:53.553331 np0000177115 devstack@neutron-api.service[103308]: DEBUG neutron_lib.callbacks.manager [None req-418d750e-ea92-4331-9b1f-5bdefef02ed1 None None] Subscribe: > router after_delete 55550000, False {{(pid=103308) subscribe /opt/stack/data/venv/lib/python3.12/site-packages/neutron_lib/callbacks/manager.py:52}}
May 28 01:25:53.553393 np0000177115 devstack@neutron-api.service[103309]: INFO neutron.api.extensions [None req-e2450be1-7f09-4eee-892d-f0b790ea8be0 None None] Extension l3_agent_scheduler not supported by any of loaded plugins
May 28 01:25:53.553426 np0000177115 devstack@neutron-api.service[103308]: DEBUG neutron_lib.callbacks.manager [None req-418d750e-ea92-4331-9b1f-5bdefef02ed1 None None] Subscribe: > router after_update 55550000, False {{(pid=103308) subscribe /opt/stack/data/venv/lib/python3.12/site-packages/neutron_lib/callbacks/manager.py:52}}
May 28 01:25:53.553497 np0000177115 devstack@neutron-api.service[103309]: DEBUG neutron.api.extensions [None req-e2450be1-7f09-4eee-892d-f0b790ea8be0 None None] Loading extension file: local_ip.py {{(pid=103309) _load_all_extensions_from_path /opt/stack/neutron/neutron/api/extensions.py:449}}
May 28 01:25:53.553554 np0000177115 devstack@neutron-api.service[103308]: DEBUG neutron.services.service_base [None req-418d750e-ea92-4331-9b1f-5bdefef02ed1 None None] Loaded 'neutron.services.ovn_l3.service_providers.ovn.OvnDriver' provider for service L3_ROUTER_NAT {{(pid=103308) load_drivers /opt/stack/neutron/neutron/services/service_base.py:49}}
May 28 01:25:53.553587 np0000177115 devstack@neutron-api.service[103310]: DEBUG neutron.api.extensions [None req-c3288968-dcb9-412c-85d6-4c50b7a1ce9d None None] Ext name="Floating IP Port Details Extension" alias="fip-port-details" description="Add port_details attribute to Floating IP resource" updated="2018-04-09T10:00:00-00:00" {{(pid=103310) _check_extension /opt/stack/neutron/neutron/api/extensions.py:415}}
May 28 01:25:53.553656 np0000177115 devstack@neutron-api.service[103308]: DEBUG neutron_lib.callbacks.manager [None req-418d750e-ea92-4331-9b1f-5bdefef02ed1 None None] Subscribe: > process after_init 55550001, True {{(pid=103308) subscribe /opt/stack/data/venv/lib/python3.12/site-packages/neutron_lib/callbacks/manager.py:52}}
May 28 01:25:53.553798 np0000177115 devstack@neutron-api.service[103308]: DEBUG neutron.manager [None req-418d750e-ea92-4331-9b1f-5bdefef02ed1 None None] Successfully loaded L3_ROUTER_NAT plugin. Description: L3 Router Service Plugin for basic L3 forwarding using OVN {{(pid=103308) _create_and_add_service_plugin /opt/stack/neutron/neutron/manager.py:239}}
May 28 01:25:53.553839 np0000177115 devstack@neutron-api.service[103309]: DEBUG neutron.api.extensions [None req-e2450be1-7f09-4eee-892d-f0b790ea8be0 None None] Ext name="Local IP" alias="local_ip" description="Support Node Local Virtual IP" updated="2021-07-26T10:00:00-00:00" {{(pid=103309) _check_extension /opt/stack/neutron/neutron/api/extensions.py:415}}
May 28 01:25:53.553903 np0000177115 devstack@neutron-api.service[103308]: INFO neutron.manager [None req-418d750e-ea92-4331-9b1f-5bdefef02ed1 None None] Loading Plugin: auto_allocate
May 28 01:25:53.553974 np0000177115 devstack@neutron-api.service[103309]: INFO neutron.api.extensions [None req-e2450be1-7f09-4eee-892d-f0b790ea8be0 None None] Extension local_ip not supported by any of loaded plugins
May 28 01:25:53.554069 np0000177115 devstack@neutron-api.service[103309]: DEBUG neutron.api.extensions [None req-e2450be1-7f09-4eee-892d-f0b790ea8be0 None None] Loading extension file: logging.py {{(pid=103309) _load_all_extensions_from_path /opt/stack/neutron/neutron/api/extensions.py:449}}
May 28 01:25:53.554192 np0000177115 devstack@neutron-api.service[103310]: INFO neutron.api.extensions [None req-c3288968-dcb9-412c-85d6-4c50b7a1ce9d None None] Loaded extension: fip-port-details
May 28 01:25:53.554323 np0000177115 devstack@neutron-api.service[103310]: DEBUG neutron.api.extensions [None req-c3288968-dcb9-412c-85d6-4c50b7a1ce9d None None] Loading extension file: flavors.py {{(pid=103310) _load_all_extensions_from_path /opt/stack/neutron/neutron/api/extensions.py:449}}
May 28 01:25:53.554390 np0000177115 devstack@neutron-api.service[103309]: DEBUG neutron.api.extensions [None req-e2450be1-7f09-4eee-892d-f0b790ea8be0 None None] Ext name="Logging API Extension" alias="logging" description="Provides a logging API for resources such as security group and firewall." updated="2017-01-01T10:00:00-00:00" {{(pid=103309) _check_extension /opt/stack/neutron/neutron/api/extensions.py:415}}
May 28 01:25:53.554555 np0000177115 devstack@neutron-api.service[103309]: INFO neutron.api.extensions [None req-e2450be1-7f09-4eee-892d-f0b790ea8be0 None None] Extension logging not supported by any of loaded plugins
May 28 01:25:53.554624 np0000177115 devstack@neutron-api.service[103310]: DEBUG neutron.api.extensions [None req-c3288968-dcb9-412c-85d6-4c50b7a1ce9d None None] Ext name="Neutron Service Flavors" alias="flavors" description="Flavor specification for Neutron advanced services." updated="2015-09-17T10:00:00-00:00" {{(pid=103310) _check_extension /opt/stack/neutron/neutron/api/extensions.py:415}}
May 28 01:25:53.554657 np0000177115 devstack@neutron-api.service[103309]: DEBUG neutron.api.extensions [None req-e2450be1-7f09-4eee-892d-f0b790ea8be0 None None] Loading extension file: metering.py {{(pid=103309) _load_all_extensions_from_path /opt/stack/neutron/neutron/api/extensions.py:449}}
May 28 01:25:53.554803 np0000177115 devstack@neutron-api.service[103308]: DEBUG neutron_lib.callbacks.manager [None req-418d750e-ea92-4331-9b1f-5bdefef02ed1 None None] Subscribe: network precommit_update 55550000, False {{(pid=103308) subscribe /opt/stack/data/venv/lib/python3.12/site-packages/neutron_lib/callbacks/manager.py:52}}
May 28 01:25:53.554843 np0000177115 devstack@neutron-api.service[103310]: INFO neutron.api.extensions [None req-c3288968-dcb9-412c-85d6-4c50b7a1ce9d None None] Loaded extension: flavors
May 28 01:25:53.554906 np0000177115 devstack@neutron-api.service[103310]: DEBUG neutron.api.extensions [None req-c3288968-dcb9-412c-85d6-4c50b7a1ce9d None None] Loading extension file: floating_ip_port_forwarding.py {{(pid=103310) _load_all_extensions_from_path /opt/stack/neutron/neutron/api/extensions.py:449}}
May 28 01:25:53.554959 np0000177115 devstack@neutron-api.service[103308]: DEBUG neutron_lib.callbacks.manager [None req-418d750e-ea92-4331-9b1f-5bdefef02ed1 None None] Subscribe: network precommit_create 55550000, False {{(pid=103308) subscribe /opt/stack/data/venv/lib/python3.12/site-packages/neutron_lib/callbacks/manager.py:52}}
May 28 01:25:53.555096 np0000177115 devstack@neutron-api.service[103309]: DEBUG neutron.api.extensions [None req-e2450be1-7f09-4eee-892d-f0b790ea8be0 None None] Ext name="Neutron Metering" alias="metering" description="Neutron Metering extension." updated="2013-06-12T10:00:00-00:00" {{(pid=103309) _check_extension /opt/stack/neutron/neutron/api/extensions.py:415}}
May 28 01:25:53.555123 np0000177115 devstack@neutron-api.service[103308]: DEBUG neutron.manager [None req-418d750e-ea92-4331-9b1f-5bdefef02ed1 None None] Successfully loaded auto-allocated-topology plugin. Description: Auto Allocated Topology - aka get me a network. {{(pid=103308) _create_and_add_service_plugin /opt/stack/neutron/neutron/manager.py:239}}
May 28 01:25:53.555206 np0000177115 devstack@neutron-api.service[103308]: INFO neutron.manager [None req-418d750e-ea92-4331-9b1f-5bdefef02ed1 None None] Loading Plugin: tag
May 28 01:25:53.555314 np0000177115 devstack@neutron-api.service[103309]: INFO neutron.api.extensions [None req-e2450be1-7f09-4eee-892d-f0b790ea8be0 None None] Extension metering not supported by any of loaded plugins
May 28 01:25:53.555393 np0000177115 devstack@neutron-api.service[103310]: DEBUG neutron.api.extensions [None req-c3288968-dcb9-412c-85d6-4c50b7a1ce9d None None] Ext name="Floating IP Port Forwarding" alias="floating-ip-port-forwarding" description="Allow port forwarding from floating IP port to an internal port" updated="2018-01-19T10:00:00-00:00" {{(pid=103310) _check_extension /opt/stack/neutron/neutron/api/extensions.py:415}}
May 28 01:25:53.555456 np0000177115 devstack@neutron-api.service[103309]: DEBUG neutron.api.extensions [None req-e2450be1-7f09-4eee-892d-f0b790ea8be0 None None] Loading extension file: metering_source_and_destination_fields.py {{(pid=103309) _load_all_extensions_from_path /opt/stack/neutron/neutron/api/extensions.py:449}}
May 28 01:25:53.555514 np0000177115 devstack@neutron-api.service[103310]: INFO neutron.api.extensions [None req-c3288968-dcb9-412c-85d6-4c50b7a1ce9d None None] Extension floating-ip-port-forwarding not supported by any of loaded plugins
May 28 01:25:53.555581 np0000177115 devstack@neutron-api.service[103310]: DEBUG neutron.api.extensions [None req-c3288968-dcb9-412c-85d6-4c50b7a1ce9d None None] Loading extension file: floatingip_pools.py {{(pid=103310) _load_all_extensions_from_path /opt/stack/neutron/neutron/api/extensions.py:449}}
May 28 01:25:53.555635 np0000177115 devstack@neutron-api.service[103309]: DEBUG neutron.api.extensions [None req-e2450be1-7f09-4eee-892d-f0b790ea8be0 None None] Ext name="Neutron Metering with source and destination filtering" alias="metering_source_and_destination_fields" description="Neutron Metering extension that enables the use of source and destination IP prefixes to create metering label rules." updated="2020-08-21T08:12:00-00:00" {{(pid=103309) _check_extension /opt/stack/neutron/neutron/api/extensions.py:415}}
May 28 01:25:53.555790 np0000177115 devstack@neutron-api.service[103309]: INFO neutron.api.extensions [None req-e2450be1-7f09-4eee-892d-f0b790ea8be0 None None] Extension metering_source_and_destination_fields not supported by any of loaded plugins
May 28 01:25:53.555866 np0000177115 devstack@neutron-api.service[103310]: DEBUG neutron.api.extensions [None req-c3288968-dcb9-412c-85d6-4c50b7a1ce9d None None] Ext name="Floating IP Pools Extension" alias="floatingip-pools" description="Provides a floating IP pools API." updated="2018-03-21T10:00:00-00:00" {{(pid=103310) _check_extension /opt/stack/neutron/neutron/api/extensions.py:415}}
May 28 01:25:53.555925 np0000177115 devstack@neutron-api.service[103309]: DEBUG neutron.api.extensions [None req-e2450be1-7f09-4eee-892d-f0b790ea8be0 None None] Loading extension file: multiprovidernet.py {{(pid=103309) _load_all_extensions_from_path /opt/stack/neutron/neutron/api/extensions.py:449}}
May 28 01:25:53.556044 np0000177115 devstack@neutron-api.service[103310]: INFO neutron.api.extensions [None req-c3288968-dcb9-412c-85d6-4c50b7a1ce9d None None] Loaded extension: floatingip-pools
May 28 01:25:53.556108 np0000177115 devstack@neutron-api.service[103309]: DEBUG neutron.api.extensions [None req-e2450be1-7f09-4eee-892d-f0b790ea8be0 None None] Ext name="Multi Provider Network" alias="multi-provider" description="Expose mapping of virtual networks to multiple physical networks" updated="2013-06-27T10:00:00-00:00" {{(pid=103309) _check_extension /opt/stack/neutron/neutron/api/extensions.py:415}}
May 28 01:25:53.556142 np0000177115 devstack@neutron-api.service[103310]: DEBUG neutron.api.extensions [None req-c3288968-dcb9-412c-85d6-4c50b7a1ce9d None None] Loading extension file: ip_allocation.py {{(pid=103310) _load_all_extensions_from_path /opt/stack/neutron/neutron/api/extensions.py:449}}
May 28 01:25:53.556294 np0000177115 devstack@neutron-api.service[103309]: INFO neutron.api.extensions [None req-e2450be1-7f09-4eee-892d-f0b790ea8be0 None None] Loaded extension: multi-provider
May 28 01:25:53.556384 np0000177115 devstack@neutron-api.service[103309]: DEBUG neutron.api.extensions [None req-e2450be1-7f09-4eee-892d-f0b790ea8be0 None None] Loading extension file: netmtu.py {{(pid=103309) _load_all_extensions_from_path /opt/stack/neutron/neutron/api/extensions.py:449}}
May 28 01:25:53.556416 np0000177115 devstack@neutron-api.service[103310]: DEBUG neutron.api.extensions [None req-c3288968-dcb9-412c-85d6-4c50b7a1ce9d None None] Ext name="IP Allocation" alias="ip_allocation" description="IP allocation extension." updated="2016-06-10T23:00:00-00:00" {{(pid=103310) _check_extension /opt/stack/neutron/neutron/api/extensions.py:415}}
May 28 01:25:53.556589 np0000177115 devstack@neutron-api.service[103310]: INFO neutron.api.extensions [None req-c3288968-dcb9-412c-85d6-4c50b7a1ce9d None None] Extension ip_allocation not supported by any of loaded plugins
May 28 01:25:53.556622 np0000177115 devstack@neutron-api.service[103309]: DEBUG neutron.api.extensions [None req-e2450be1-7f09-4eee-892d-f0b790ea8be0 None None] Ext name="Network MTU" alias="net-mtu" description="Provides MTU attribute for a network resource." updated="2015-03-25T10:00:00-00:00" {{(pid=103309) _check_extension /opt/stack/neutron/neutron/api/extensions.py:415}}
May 28 01:25:53.556687 np0000177115 devstack@neutron-api.service[103310]: DEBUG neutron.api.extensions [None req-c3288968-dcb9-412c-85d6-4c50b7a1ce9d None None] Loading extension file: ip_substring_port_filtering.py {{(pid=103310) _load_all_extensions_from_path /opt/stack/neutron/neutron/api/extensions.py:449}}
