Apr 11 18:59:56.131260 np0000165239 devstack@neutron-api.service[104140]: DEBUG neutron.common.ovn.hash_ring_manager [None req-6007f425-869f-4708-8035-39f4fb311c52 None None] Allow caching, nodes 4>=4 {{(pid=104140) _wait_startup_before_caching /opt/stack/neutron/neutron/common/ovn/hash_ring_manager.py:65}}
Apr 11 18:59:56.136443 np0000165239 devstack@neutron-api.service[104140]: DEBUG neutron.common.ovn.hash_ring_manager [None req-6007f425-869f-4708-8035-39f4fb311c52 None None] Hash Ring loaded. 4 active nodes. 0 offline nodes {{(pid=104140) _load_hash_ring /opt/stack/neutron/neutron/common/ovn/hash_ring_manager.py:102}}
Apr 11 18:59:56.137715 np0000165239 devstack@neutron-api.service[104140]: INFO neutron.plugins.ml2.drivers.ovn.mech_driver.ovsdb.impl_idl_ovn [None req-6007f425-869f-4708-8035-39f4fb311c52 None None] Getting OvsdbSbOvnIdl for WorkerService with retry
Apr 11 18:59:56.141352 np0000165239 devstack@neutron-api.service[104143]: DEBUG neutron.common.ovn.hash_ring_manager [None req-dd9bed88-29f5-4b54-aa2e-ad22ab1756cf None None] Allow caching, nodes 4>=4 {{(pid=104143) _wait_startup_before_caching /opt/stack/neutron/neutron/common/ovn/hash_ring_manager.py:65}}
Apr 11 18:59:56.148457 np0000165239 devstack@neutron-api.service[104143]: DEBUG neutron.common.ovn.hash_ring_manager [None req-dd9bed88-29f5-4b54-aa2e-ad22ab1756cf None None] Hash Ring loaded. 4 active nodes. 0 offline nodes {{(pid=104143) _load_hash_ring /opt/stack/neutron/neutron/common/ovn/hash_ring_manager.py:102}}
Apr 11 18:59:56.148755 np0000165239 devstack@neutron-api.service[104143]: DEBUG neutron.plugins.ml2.drivers.ovn.mech_driver.ovsdb.ovsdb_monitor [None req-dd9bed88-29f5-4b54-aa2e-ad22ab1756cf None None] Hash Ring: Node f042222c33e65c139441f068b7f2f28d (host: np0000165239) handling event "create" for row f1099dab-349f-4d35-a35a-a8dcddbe55de (table: ACL) {{(pid=104143) notify /opt/stack/neutron/neutron/plugins/ml2/drivers/ovn/mech_driver/ovsdb/ovsdb_monitor.py:914}}
Apr 11 18:59:56.148919 np0000165239 devstack@neutron-api.service[104143]: DEBUG neutron.plugins.ml2.drivers.ovn.mech_driver.ovsdb.ovsdb_monitor [None req-dd9bed88-29f5-4b54-aa2e-ad22ab1756cf None None] Hash Ring: Node f042222c33e65c139441f068b7f2f28d (host: np0000165239) handling event "create" for row a0816352-2f1f-4d7c-8ee7-5c149960bf81 (table: Connection) {{(pid=104143) notify /opt/stack/neutron/neutron/plugins/ml2/drivers/ovn/mech_driver/ovsdb/ovsdb_monitor.py:914}}
Apr 11 18:59:56.149087 np0000165239 devstack@neutron-api.service[104143]: DEBUG neutron.plugins.ml2.drivers.ovn.mech_driver.ovsdb.ovsdb_monitor [None req-dd9bed88-29f5-4b54-aa2e-ad22ab1756cf None None] Hash Ring: Node f042222c33e65c139441f068b7f2f28d (host: np0000165239) handling event "create" for row 71224b1e-d2a2-4d1f-a981-339f4c6de924 (table: Port_Group) {{(pid=104143) notify /opt/stack/neutron/neutron/plugins/ml2/drivers/ovn/mech_driver/ovsdb/ovsdb_monitor.py:914}}
Apr 11 18:59:56.149993 np0000165239 devstack@neutron-api.service[104143]: INFO neutron.plugins.ml2.drivers.ovn.mech_driver.ovsdb.impl_idl_ovn [None req-dd9bed88-29f5-4b54-aa2e-ad22ab1756cf None None] Getting OvsdbSbOvnIdl for WorkerService with retry
Apr 11 18:59:56.162251 np0000165239 devstack@neutron-api.service[104142]: DEBUG neutron.common.ovn.hash_ring_manager [None req-1815d098-1d08-4fa7-b414-65422eee8ab6 None None] Allow caching, nodes 4>=4 {{(pid=104142) _wait_startup_before_caching /opt/stack/neutron/neutron/common/ovn/hash_ring_manager.py:65}}
Apr 11 18:59:56.167935 np0000165239 devstack@neutron-api.service[104142]: DEBUG neutron.common.ovn.hash_ring_manager [None req-1815d098-1d08-4fa7-b414-65422eee8ab6 None None] Hash Ring loaded. 4 active nodes. 0 offline nodes {{(pid=104142) _load_hash_ring /opt/stack/neutron/neutron/common/ovn/hash_ring_manager.py:102}}
Apr 11 18:59:56.168191 np0000165239 devstack@neutron-api.service[104142]: DEBUG neutron.plugins.ml2.drivers.ovn.mech_driver.ovsdb.ovsdb_monitor [None req-1815d098-1d08-4fa7-b414-65422eee8ab6 None None] Hash Ring: Node 4916633fdadc51c482fda926e8793fb4 (host: np0000165239) handling event "create" for row 8b768c9f-9af5-4e84-8ea1-d657a53b4794 (table: NB_Global) {{(pid=104142) notify /opt/stack/neutron/neutron/plugins/ml2/drivers/ovn/mech_driver/ovsdb/ovsdb_monitor.py:914}}
Apr 11 18:59:56.168372 np0000165239 devstack@neutron-api.service[104142]: DEBUG neutron.plugins.ml2.drivers.ovn.mech_driver.ovsdb.ovsdb_monitor [None req-1815d098-1d08-4fa7-b414-65422eee8ab6 None None] Hash Ring: Node 4916633fdadc51c482fda926e8793fb4 (host: np0000165239) handling event "create" for row a17d064c-7115-49a0-be38-367e866ea0ae (table: SSL) {{(pid=104142) notify /opt/stack/neutron/neutron/plugins/ml2/drivers/ovn/mech_driver/ovsdb/ovsdb_monitor.py:914}}
Apr 11 18:59:56.169600 np0000165239 devstack@neutron-api.service[104142]: INFO neutron.plugins.ml2.drivers.ovn.mech_driver.ovsdb.impl_idl_ovn [None req-1815d098-1d08-4fa7-b414-65422eee8ab6 None None] Getting OvsdbSbOvnIdl for WorkerService with retry
Apr 11 18:59:56.173400 np0000165239 devstack@neutron-api.service[104140]: DEBUG ovsdbapp.backend.ovs_idl [None req-6007f425-869f-4708-8035-39f4fb311c52 None None] Created lookup_table index Chassis.name {{(pid=104140) autocreate_indices /opt/stack/data/venv/lib/python3.12/site-packages/ovsdbapp/backend/ovs_idl/__init__.py:87}}
Apr 11 18:59:56.173496 np0000165239 devstack@neutron-api.service[104140]: DEBUG ovsdbapp.backend.ovs_idl [None req-6007f425-869f-4708-8035-39f4fb311c52 None None] Created lookup_table index Port_Binding.logical_port {{(pid=104140) autocreate_indices /opt/stack/data/venv/lib/python3.12/site-packages/ovsdbapp/backend/ovs_idl/__init__.py:87}}
Apr 11 18:59:56.173594 np0000165239 devstack@neutron-api.service[104140]: DEBUG ovsdbapp.backend.ovs_idl [None req-6007f425-869f-4708-8035-39f4fb311c52 None None] Created schema index Chassis_Private.name {{(pid=104140) autocreate_indices /opt/stack/data/venv/lib/python3.12/site-packages/ovsdbapp/backend/ovs_idl/__init__.py:106}}
Apr 11 18:59:56.173685 np0000165239 devstack@neutron-api.service[104140]: DEBUG ovsdbapp.backend.ovs_idl [None req-6007f425-869f-4708-8035-39f4fb311c52 None None] Created schema index Datapath_Binding.tunnel_key {{(pid=104140) autocreate_indices /opt/stack/data/venv/lib/python3.12/site-packages/ovsdbapp/backend/ovs_idl/__init__.py:106}}
Apr 11 18:59:56.175469 np0000165239 devstack@neutron-api.service[104140]: INFO ovsdbapp.backend.ovs_idl.vlog [None req-6007f425-869f-4708-8035-39f4fb311c52 None None] ssl:199.204.45.155:6642: connecting...
Apr 11 18:59:56.179642 np0000165239 devstack@neutron-api.service[104140]: INFO ovsdbapp.backend.ovs_idl.vlog [None req-6007f425-869f-4708-8035-39f4fb311c52 None None] ssl:199.204.45.155:6642: connected
Apr 11 18:59:56.187154 np0000165239 devstack@neutron-api.service[104143]: DEBUG ovsdbapp.backend.ovs_idl [None req-dd9bed88-29f5-4b54-aa2e-ad22ab1756cf None None] Created lookup_table index Chassis.name {{(pid=104143) autocreate_indices /opt/stack/data/venv/lib/python3.12/site-packages/ovsdbapp/backend/ovs_idl/__init__.py:87}}
Apr 11 18:59:56.187241 np0000165239 devstack@neutron-api.service[104143]: DEBUG ovsdbapp.backend.ovs_idl [None req-dd9bed88-29f5-4b54-aa2e-ad22ab1756cf None None] Created lookup_table index Port_Binding.logical_port {{(pid=104143) autocreate_indices /opt/stack/data/venv/lib/python3.12/site-packages/ovsdbapp/backend/ovs_idl/__init__.py:87}}
Apr 11 18:59:56.187820 np0000165239 devstack@neutron-api.service[104143]: DEBUG ovsdbapp.backend.ovs_idl [None req-dd9bed88-29f5-4b54-aa2e-ad22ab1756cf None None] Created schema index Chassis_Private.name {{(pid=104143) autocreate_indices /opt/stack/data/venv/lib/python3.12/site-packages/ovsdbapp/backend/ovs_idl/__init__.py:106}}
Apr 11 18:59:56.187820 np0000165239 devstack@neutron-api.service[104143]: DEBUG ovsdbapp.backend.ovs_idl [None req-dd9bed88-29f5-4b54-aa2e-ad22ab1756cf None None] Created schema index Datapath_Binding.tunnel_key {{(pid=104143) autocreate_indices /opt/stack/data/venv/lib/python3.12/site-packages/ovsdbapp/backend/ovs_idl/__init__.py:106}}
Apr 11 18:59:56.189738 np0000165239 devstack@neutron-api.service[104143]: INFO ovsdbapp.backend.ovs_idl.vlog [None req-dd9bed88-29f5-4b54-aa2e-ad22ab1756cf None None] ssl:199.204.45.155:6642: connecting...
Apr 11 18:59:56.193441 np0000165239 devstack@neutron-api.service[104143]: INFO ovsdbapp.backend.ovs_idl.vlog [None req-dd9bed88-29f5-4b54-aa2e-ad22ab1756cf None None] ssl:199.204.45.155:6642: connected
Apr 11 18:59:56.206208 np0000165239 devstack@neutron-api.service[104142]: DEBUG ovsdbapp.backend.ovs_idl [None req-1815d098-1d08-4fa7-b414-65422eee8ab6 None None] Created lookup_table index Chassis.name {{(pid=104142) autocreate_indices /opt/stack/data/venv/lib/python3.12/site-packages/ovsdbapp/backend/ovs_idl/__init__.py:87}}
Apr 11 18:59:56.206309 np0000165239 devstack@neutron-api.service[104142]: DEBUG ovsdbapp.backend.ovs_idl [None req-1815d098-1d08-4fa7-b414-65422eee8ab6 None None] Created lookup_table index Port_Binding.logical_port {{(pid=104142) autocreate_indices /opt/stack/data/venv/lib/python3.12/site-packages/ovsdbapp/backend/ovs_idl/__init__.py:87}}
Apr 11 18:59:56.206419 np0000165239 devstack@neutron-api.service[104142]: DEBUG ovsdbapp.backend.ovs_idl [None req-1815d098-1d08-4fa7-b414-65422eee8ab6 None None] Created schema index Chassis_Private.name {{(pid=104142) autocreate_indices /opt/stack/data/venv/lib/python3.12/site-packages/ovsdbapp/backend/ovs_idl/__init__.py:106}}
Apr 11 18:59:56.206518 np0000165239 devstack@neutron-api.service[104142]: DEBUG ovsdbapp.backend.ovs_idl [None req-1815d098-1d08-4fa7-b414-65422eee8ab6 None None] Created schema index Datapath_Binding.tunnel_key {{(pid=104142) autocreate_indices /opt/stack/data/venv/lib/python3.12/site-packages/ovsdbapp/backend/ovs_idl/__init__.py:106}}
Apr 11 18:59:56.208562 np0000165239 devstack@neutron-api.service[104142]: INFO ovsdbapp.backend.ovs_idl.vlog [None req-1815d098-1d08-4fa7-b414-65422eee8ab6 None None] ssl:199.204.45.155:6642: connecting...
Apr 11 18:59:56.213661 np0000165239 devstack@neutron-api.service[104140]: DEBUG neutron.common.ovn.hash_ring_manager [None req-6007f425-869f-4708-8035-39f4fb311c52 None None] Allow caching, nodes 4>=4 {{(pid=104140) _wait_startup_before_caching /opt/stack/neutron/neutron/common/ovn/hash_ring_manager.py:65}}
Apr 11 18:59:56.214102 np0000165239 devstack@neutron-api.service[104142]: INFO ovsdbapp.backend.ovs_idl.vlog [None req-1815d098-1d08-4fa7-b414-65422eee8ab6 None None] ssl:199.204.45.155:6642: connected
Apr 11 18:59:56.219248 np0000165239 devstack@neutron-api.service[104140]: DEBUG neutron.common.ovn.hash_ring_manager [None req-6007f425-869f-4708-8035-39f4fb311c52 None None] Hash Ring loaded. 4 active nodes. 0 offline nodes {{(pid=104140) _load_hash_ring /opt/stack/neutron/neutron/common/ovn/hash_ring_manager.py:102}}
Apr 11 18:59:56.219565 np0000165239 devstack@neutron-api.service[104140]: DEBUG neutron.plugins.ml2.drivers.ovn.mech_driver.ovsdb.ovsdb_monitor [None req-6007f425-869f-4708-8035-39f4fb311c52 None None] ChassisOVNAgentWriteEvent : Matched Chassis_Private, create, None None {{(pid=104140) matches /opt/stack/neutron/neutron/plugins/ml2/drivers/ovn/mech_driver/ovsdb/ovsdb_monitor.py:64}}
Apr 11 18:59:56.219715 np0000165239 devstack@neutron-api.service[104140]: DEBUG neutron.plugins.ml2.drivers.ovn.mech_driver.ovsdb.ovsdb_monitor [None req-6007f425-869f-4708-8035-39f4fb311c52 None None] ChassisAgentWriteEvent : Matched Chassis_Private, create, None None {{(pid=104140) matches /opt/stack/neutron/neutron/plugins/ml2/drivers/ovn/mech_driver/ovsdb/ovsdb_monitor.py:64}}
Apr 11 18:59:56.220141 np0000165239 devstack@neutron-api.service[104140]: DEBUG neutron.plugins.ml2.drivers.ovn.mech_driver.ovsdb.ovsdb_monitor [None req-6007f425-869f-4708-8035-39f4fb311c52 None None] Hash Ring: Node 605bf25c5ec85c10b2161b47f9f1ba0f (host: np0000165239) handling event "create" for row 55cc6985-90c4-4d6e-867c-fd74e9861c88 (table: Chassis_Private) {{(pid=104140) notify /opt/stack/neutron/neutron/plugins/ml2/drivers/ovn/mech_driver/ovsdb/ovsdb_monitor.py:914}}
Apr 11 18:59:56.222856 np0000165239 devstack@neutron-api.service[104140]: INFO neutron.plugins.ml2.drivers.ovn.mech_driver.mech_driver [None req-6007f425-869f-4708-8035-39f4fb311c52 None None] WorkerService process has finished the post initialization
Apr 11 18:59:56.222904 np0000165239 devstack@neutron-api.service[104143]: DEBUG neutron.common.ovn.hash_ring_manager [None req-dd9bed88-29f5-4b54-aa2e-ad22ab1756cf None None] Allow caching, nodes 4>=4 {{(pid=104143) _wait_startup_before_caching /opt/stack/neutron/neutron/common/ovn/hash_ring_manager.py:65}}
Apr 11 18:59:56.224548 np0000165239 devstack@neutron-api.service[104140]: WSGI app 0 (mountpoint='') ready in 8 seconds on interpreter 0x7833164a3668 pid: 104140 (default app)
Apr 11 18:59:56.227560 np0000165239 devstack@neutron-api.service[104143]: DEBUG neutron.common.ovn.hash_ring_manager [None req-dd9bed88-29f5-4b54-aa2e-ad22ab1756cf None None] Hash Ring loaded. 4 active nodes. 0 offline nodes {{(pid=104143) _load_hash_ring /opt/stack/neutron/neutron/common/ovn/hash_ring_manager.py:102}}
Apr 11 18:59:56.227820 np0000165239 devstack@neutron-api.service[104143]: DEBUG neutron.plugins.ml2.drivers.ovn.mech_driver.ovsdb.ovsdb_monitor [None req-dd9bed88-29f5-4b54-aa2e-ad22ab1756cf None None] ChassisOVNAgentWriteEvent : Matched Chassis_Private, create, None None {{(pid=104143) matches /opt/stack/neutron/neutron/plugins/ml2/drivers/ovn/mech_driver/ovsdb/ovsdb_monitor.py:64}}
Apr 11 18:59:56.227967 np0000165239 devstack@neutron-api.service[104143]: DEBUG neutron.plugins.ml2.drivers.ovn.mech_driver.ovsdb.ovsdb_monitor [None req-dd9bed88-29f5-4b54-aa2e-ad22ab1756cf None None] ChassisAgentWriteEvent : Matched Chassis_Private, create, None None {{(pid=104143) matches /opt/stack/neutron/neutron/plugins/ml2/drivers/ovn/mech_driver/ovsdb/ovsdb_monitor.py:64}}
Apr 11 18:59:56.230811 np0000165239 devstack@neutron-api.service[104143]: INFO neutron.plugins.ml2.drivers.ovn.mech_driver.mech_driver [None req-dd9bed88-29f5-4b54-aa2e-ad22ab1756cf None None] WorkerService process has finished the post initialization
Apr 11 18:59:56.232354 np0000165239 devstack@neutron-api.service[104143]: WSGI app 0 (mountpoint='') ready in 8 seconds on interpreter 0x7833164a3668 pid: 104143 (default app)
Apr 11 18:59:56.243584 np0000165239 devstack@neutron-api.service[104142]: DEBUG neutron.common.ovn.hash_ring_manager [None req-1815d098-1d08-4fa7-b414-65422eee8ab6 None None] Allow caching, nodes 4>=4 {{(pid=104142) _wait_startup_before_caching /opt/stack/neutron/neutron/common/ovn/hash_ring_manager.py:65}}
Apr 11 18:59:56.247178 np0000165239 devstack@neutron-api.service[104142]: DEBUG neutron.common.ovn.hash_ring_manager [None req-1815d098-1d08-4fa7-b414-65422eee8ab6 None None] Hash Ring loaded. 4 active nodes. 0 offline nodes {{(pid=104142) _load_hash_ring /opt/stack/neutron/neutron/common/ovn/hash_ring_manager.py:102}}
Apr 11 18:59:56.247277 np0000165239 devstack@neutron-api.service[104142]: DEBUG neutron.plugins.ml2.drivers.ovn.mech_driver.ovsdb.ovsdb_monitor [None req-1815d098-1d08-4fa7-b414-65422eee8ab6 None None] Hash Ring: Node 4916633fdadc51c482fda926e8793fb4 (host: np0000165239) handling event "create" for row 48c72320-7054-4497-91a9-aef23828cf89 (table: Chassis) {{(pid=104142) notify /opt/stack/neutron/neutron/plugins/ml2/drivers/ovn/mech_driver/ovsdb/ovsdb_monitor.py:914}}
Apr 11 18:59:56.248087 np0000165239 devstack@neutron-api.service[104142]: DEBUG ovsdbapp.backend.ovs_idl.event [None req-1815d098-1d08-4fa7-b414-65422eee8ab6 None None] Matched CREATE: ChassisBandwidthConfigEvent(events=('create', 'update'), table='Chassis', conditions=None, old_conditions=None), priority=20 to row=Chassis(uuid=48c72320-7054-4497-91a9-aef23828cf89, encaps=[81af1a11-04ea-4f7b-815a-eecaf7e38e08], external_ids={}, hostname='np0000165239', name='c31a95c4-4f92-4679-9f3c-e1029fb6f078', nb_cfg=0, other_config={'ct-commit-nat-v2': 'true', 'ct-commit-to-zone': 'true', 'ct-next-zone': 'true', 'ct-no-masked-label': 'true', 'ct-state-save': 'true', 'datapath-type': 'system', 'fdb-timestamp': 'true', 'iface-types': 'afxdp,afxdp-nonpmd,bareudp,erspan,geneve,gre,gtpu,internal,ip6erspan,ip6gre,lisp,patch,srv6,stt,system,tap,vxlan', 'is-interconn': 'false', 'ls-dpg-column': 'true', 'mac-binding-timestamp': 'true', 'ovn-bridge-mappings': 'public:br-ex', 'ovn-chassis-mac-mappings': '', 'ovn-cms-options': 'enable-chassis-as-gw', 'ovn-ct-lb-related': 'true', 'ovn-enable-lflow-cache': 'true', 'ovn-limit-lflow-cache': '', 'ovn-memlimit-lflow-cache-kb': '', 'ovn-monitor-all': 'false', 'ovn-trim-limit-lflow-cache': '', 'ovn-trim-timeout-ms': '', 'ovn-trim-wmark-perc-lflow-cache': '', 'port-up-notif': 'true'}, transport_zones=[], vtep_logical_switches=[]) old= {{(pid=104142) matches /opt/stack/data/venv/lib/python3.12/site-packages/ovsdbapp/backend/ovs_idl/event.py:55}}
Apr 11 18:59:56.248617 np0000165239 devstack@neutron-api.service[104142]: DEBUG neutron.plugins.ml2.drivers.ovn.mech_driver.ovsdb.ovsdb_monitor [None req-1815d098-1d08-4fa7-b414-65422eee8ab6 None None] ChassisAgentWriteEvent : Matched Chassis_Private, create, None None {{(pid=104142) matches /opt/stack/neutron/neutron/plugins/ml2/drivers/ovn/mech_driver/ovsdb/ovsdb_monitor.py:64}}
Apr 11 18:59:56.248758 np0000165239 devstack@neutron-api.service[104142]: DEBUG neutron.plugins.ml2.drivers.ovn.mech_driver.ovsdb.ovsdb_monitor [None req-1815d098-1d08-4fa7-b414-65422eee8ab6 None None] ChassisOVNAgentWriteEvent : Matched Chassis_Private, create, None None {{(pid=104142) matches /opt/stack/neutron/neutron/plugins/ml2/drivers/ovn/mech_driver/ovsdb/ovsdb_monitor.py:64}}
Apr 11 18:59:56.249069 np0000165239 devstack@neutron-api.service[104142]: DEBUG neutron.plugins.ml2.drivers.ovn.mech_driver.ovsdb.ovsdb_monitor [None req-1815d098-1d08-4fa7-b414-65422eee8ab6 None None] Hash Ring: Node 4916633fdadc51c482fda926e8793fb4 (host: np0000165239) handling event "create" for row 81af1a11-04ea-4f7b-815a-eecaf7e38e08 (table: Encap) {{(pid=104142) notify /opt/stack/neutron/neutron/plugins/ml2/drivers/ovn/mech_driver/ovsdb/ovsdb_monitor.py:914}}
Apr 11 18:59:56.250204 np0000165239 devstack@neutron-api.service[104142]: INFO neutron.plugins.ml2.drivers.ovn.mech_driver.mech_driver [None req-1815d098-1d08-4fa7-b414-65422eee8ab6 None None] WorkerService process has finished the post initialization
Apr 11 18:59:56.251994 np0000165239 devstack@neutron-api.service[104142]: INFO neutron.plugins.ml2.drivers.ovn.mech_driver.ovsdb.extensions.qos [-] Starting OVNClientQosExtension
Apr 11 18:59:56.252441 np0000165239 devstack@neutron-api.service[104142]: INFO neutron.plugins.ml2.drivers.ovn.mech_driver.ovsdb.extensions.placement [-] Starting OVNClientPlacementExtension
Apr 11 18:59:56.252826 np0000165239 devstack@neutron-api.service[104142]: WSGI app 0 (mountpoint='') ready in 8 seconds on interpreter 0x7833164a3668 pid: 104142 (default app)
Apr 11 18:59:58.005593 np0000165239 devstack@neutron-api.service[104143]: DEBUG neutron.plugins.ml2.drivers.ovn.mech_driver.ovsdb.ovsdb_monitor [-] Hash Ring: Node f042222c33e65c139441f068b7f2f28d (host: np0000165239) handling event "update" for row a0816352-2f1f-4d7c-8ee7-5c149960bf81 (table: Connection) {{(pid=104143) notify /opt/stack/neutron/neutron/plugins/ml2/drivers/ovn/mech_driver/ovsdb/ovsdb_monitor.py:914}}
Apr 11 18:59:58.011567 np0000165239 devstack@neutron-api.service[104141]: DEBUG neutron.common.ovn.hash_ring_manager [-] Allow caching, nodes 4>=4 {{(pid=104141) _wait_startup_before_caching /opt/stack/neutron/neutron/common/ovn/hash_ring_manager.py:65}}
Apr 11 18:59:58.011861 np0000165239 devstack@neutron-api.service[104141]: DEBUG neutron.plugins.ml2.drivers.ovn.mech_driver.ovsdb.ovsdb_monitor [-] Hash Ring: Node 842121c8afbe54a98896dd2ca6a96346 (host: np0000165239) handling event "update" for row a0816352-2f1f-4d7c-8ee7-5c149960bf81 (table: Connection) {{(pid=104141) notify /opt/stack/neutron/neutron/plugins/ml2/drivers/ovn/mech_driver/ovsdb/ovsdb_monitor.py:914}}
Apr 11 19:00:00.508519 np0000165239 devstack@neutron-api.service[104141]: DEBUG neutron.plugins.ml2.drivers.ovn.mech_driver.ovsdb.ovsdb_monitor [-] Hash Ring: Node 842121c8afbe54a98896dd2ca6a96346 (host: np0000165239) handling event "update" for row a0816352-2f1f-4d7c-8ee7-5c149960bf81 (table: Connection) {{(pid=104141) notify /opt/stack/neutron/neutron/plugins/ml2/drivers/ovn/mech_driver/ovsdb/ovsdb_monitor.py:914}}
Apr 11 19:00:00.509102 np0000165239 devstack@neutron-api.service[104143]: DEBUG neutron.plugins.ml2.drivers.ovn.mech_driver.ovsdb.ovsdb_monitor [-] Hash Ring: Node f042222c33e65c139441f068b7f2f28d (host: np0000165239) handling event "update" for row a0816352-2f1f-4d7c-8ee7-5c149960bf81 (table: Connection) {{(pid=104143) notify /opt/stack/neutron/neutron/plugins/ml2/drivers/ovn/mech_driver/ovsdb/ovsdb_monitor.py:914}}
Apr 11 19:00:01.592184 np0000165239 devstack@neutron-api.service[104141]: DEBUG neutron.api.wsgi [None req-90b596b2-9af8-4d07-aa71-76490ae8bc34 admin admin] Missing Content-Type {{(pid=104141) get_content_type /opt/stack/neutron/neutron/api/wsgi.py:85}}
Apr 11 19:00:01.592844 np0000165239 devstack@neutron-api.service[104141]: DEBUG neutron.api.wsgi [None req-90b596b2-9af8-4d07-aa71-76490ae8bc34 admin admin] https://199.204.45.155/networking/v2.0/extensions returned with HTTP 200 {{(pid=104141) __call__ /opt/stack/neutron/neutron/api/wsgi.py:545}}
Apr 11 19:00:01.592844 np0000165239 devstack@neutron-api.service[104141]: [pid: 104141|app: 0|req: 2/2] 199.204.45.155 () {64 vars in 1323 bytes} [Sat Apr 11 19:00:01 2026] GET /networking/v2.0/extensions => generated 15208 bytes in 392 msecs (HTTP/1.1 200) 4 headers in 159 bytes (1 switches on core 0)
Apr 11 19:00:02.011505 np0000165239 devstack@neutron-api.service[104140]: DEBUG neutron.api.v2.base [None req-545f1f00-a544-4956-a257-96df6338be5a admin admin] Request body: {'subnetpool': {'default_prefixlen': 26, 'shared': True, 'is_default': True, 'name': 'shared-default-subnetpool-v4', 'prefixes': ['10.1.0.0/20']}} {{(pid=104140) prepare_request_body /opt/stack/neutron/neutron/api/v2/base.py:729}}
Apr 11 19:00:02.211487 np0000165239 devstack@neutron-api.service[104140]: DEBUG neutron.policy [None req-545f1f00-a544-4956-a257-96df6338be5a admin admin] Loaded default policies from ['neutron'] under neutron.policies entry points {{(pid=104140) register_rules /opt/stack/neutron/neutron/policy.py:65}}
Apr 11 19:00:02.360202 np0000165239 devstack@neutron-api.service[104140]: DEBUG neutron_lib.callbacks.manager [None req-545f1f00-a544-4956-a257-96df6338be5a admin admin] Publish callbacks ['neutron.objects.securitygroup.RbacNeutronDbObjectMixin.validate_rbac_policy_change-2585421994739', 'neutron.objects.address_group.RbacNeutronDbObjectMixin.validate_rbac_policy_change-2585422032188', 'neutron.objects.network.RbacNeutronDbObjectMixin.validate_rbac_policy_change-2585422942743', 'neutron.objects.qos.policy.RbacNeutronDbObjectMixin.validate_rbac_policy_change-2585422938409', 'neutron.objects.subnetpool.RbacNeutronDbObjectMixin.validate_rbac_policy_change-2585422957928', 'neutron.objects.address_scope.RbacNeutronDbObjectMixin.validate_rbac_policy_change-2585422957757', 'neutron.plugins.ml2.plugin.External_net_db_mixin._process_ext_policy_create-938574', 'neutron.plugins.ml2.plugin.NeutronDbPluginV2.validate_network_rbac_policy_change-944790'] for rbac-policy (None), before_create {{(pid=104140) _notify_loop /opt/stack/data/venv/lib/python3.12/site-packages/neutron_lib/callbacks/manager.py:184}}
Apr 11 19:00:02.400386 np0000165239 devstack@neutron-api.service[104140]: DEBUG neutron_lib.callbacks.manager [None req-545f1f00-a544-4956-a257-96df6338be5a admin admin] Publish callbacks [] for subnetpool (None), before_response {{(pid=104140) _notify_loop /opt/stack/data/venv/lib/python3.12/site-packages/neutron_lib/callbacks/manager.py:184}}
Apr 11 19:00:02.400997 np0000165239 devstack@neutron-api.service[104140]: [pid: 104140|app: 0|req: 1/3] 199.204.45.155 () {68 vars in 1367 bytes} [Sat Apr 11 19:00:01 2026] POST /networking/v2.0/subnetpools => generated 533 bytes in 494 msecs (HTTP/1.1 201) 4 headers in 162 bytes (1 switches on core 0)
Apr 11 19:00:02.728099 np0000165239 devstack@neutron-api.service[104143]: DEBUG neutron.api.v2.base [None req-631f252f-7ce9-497a-aea9-325aac55381f admin admin] Request body: {'subnetpool': {'default_prefixlen': 64, 'shared': True, 'is_default': True, 'name': 'shared-default-subnetpool-v6', 'prefixes': ['fd93:b17e:0938::/56']}} {{(pid=104143) prepare_request_body /opt/stack/neutron/neutron/api/v2/base.py:729}}
Apr 11 19:00:02.915231 np0000165239 devstack@neutron-api.service[104143]: DEBUG neutron.policy [None req-631f252f-7ce9-497a-aea9-325aac55381f admin admin] Loaded default policies from ['neutron'] under neutron.policies entry points {{(pid=104143) register_rules /opt/stack/neutron/neutron/policy.py:65}}
Apr 11 19:00:03.063043 np0000165239 devstack@neutron-api.service[104143]: DEBUG neutron_lib.callbacks.manager [None req-631f252f-7ce9-497a-aea9-325aac55381f admin admin] Publish callbacks ['neutron.objects.securitygroup.RbacNeutronDbObjectMixin.validate_rbac_policy_change-2585421990831', 'neutron.objects.address_group.RbacNeutronDbObjectMixin.validate_rbac_policy_change-2585422024920', 'neutron.objects.network.RbacNeutronDbObjectMixin.validate_rbac_policy_change-2585422946272', 'neutron.objects.qos.policy.RbacNeutronDbObjectMixin.validate_rbac_policy_change-2585422940266', 'neutron.objects.subnetpool.RbacNeutronDbObjectMixin.validate_rbac_policy_change-2585422960509', 'neutron.objects.address_scope.RbacNeutronDbObjectMixin.validate_rbac_policy_change-2585422960270', 'neutron.plugins.ml2.plugin.External_net_db_mixin._process_ext_policy_create-32913860', 'neutron.plugins.ml2.plugin.NeutronDbPluginV2.validate_network_rbac_policy_change-32953748'] for rbac-policy (None), before_create {{(pid=104143) _notify_loop /opt/stack/data/venv/lib/python3.12/site-packages/neutron_lib/callbacks/manager.py:184}}
Apr 11 19:00:03.109609 np0000165239 devstack@neutron-api.service[104143]: DEBUG neutron_lib.callbacks.manager [None req-631f252f-7ce9-497a-aea9-325aac55381f admin admin] Publish callbacks [] for subnetpool (None), before_response {{(pid=104143) _notify_loop /opt/stack/data/venv/lib/python3.12/site-packages/neutron_lib/callbacks/manager.py:184}}
Apr 11 19:00:03.110626 np0000165239 devstack@neutron-api.service[104143]: [pid: 104143|app: 0|req: 1/4] 199.204.45.155 () {68 vars in 1367 bytes} [Sat Apr 11 19:00:02 2026] POST /networking/v2.0/subnetpools => generated 542 bytes in 495 msecs (HTTP/1.1 201) 4 headers in 162 bytes (1 switches on core 0)
Apr 11 19:00:03.517849 np0000165239 devstack@neutron-api.service[104142]: DEBUG neutron.api.v2.base [None req-90563837-e7c8-4070-81bb-b1c683751d5b admin admin] Request body: {'network': {'admin_state_up': True, 'name': 'private'}} {{(pid=104142) prepare_request_body /opt/stack/neutron/neutron/api/v2/base.py:729}}
Apr 11 19:00:03.547688 np0000165239 devstack@neutron-api.service[104142]: DEBUG neutron.pecan_wsgi.hooks.quota_enforcement [None req-90563837-e7c8-4070-81bb-b1c683751d5b admin admin] Made reservation on behalf of d440b2e876ca4eb383a2c565841c0f80 for: {'network': 1} {{(pid=104142) before /opt/stack/neutron/neutron/pecan_wsgi/hooks/quota_enforcement.py:66}}
Apr 11 19:00:03.766576 np0000165239 devstack@neutron-api.service[104142]: DEBUG neutron.policy [None req-90563837-e7c8-4070-81bb-b1c683751d5b admin admin] Loaded default policies from ['neutron'] under neutron.policies entry points {{(pid=104142) register_rules /opt/stack/neutron/neutron/policy.py:65}}
Apr 11 19:00:03.879887 np0000165239 devstack@neutron-api.service[104142]: DEBUG neutron_lib.callbacks.manager [None req-90563837-e7c8-4070-81bb-b1c683751d5b admin admin] Publish callbacks ['neutron.plugins.ml2.plugin.SecurityGroupDbMixin._ensure_default_security_group_handler-290210'] for network (None), before_create {{(pid=104142) _notify_loop /opt/stack/data/venv/lib/python3.12/site-packages/neutron_lib/callbacks/manager.py:184}}
Apr 11 19:00:03.901508 np0000165239 devstack@neutron-api.service[104142]: DEBUG neutron_lib.callbacks.manager [None req-90563837-e7c8-4070-81bb-b1c683751d5b admin admin] Publish callbacks [] for security_group (None), before_create {{(pid=104142) _notify_loop /opt/stack/data/venv/lib/python3.12/site-packages/neutron_lib/callbacks/manager.py:184}}
Apr 11 19:00:04.003719 np0000165239 devstack@neutron-api.service[104142]: DEBUG neutron_lib.callbacks.manager [None req-90563837-e7c8-4070-81bb-b1c683751d5b admin admin] Publish callbacks ['neutron.plugins.ml2.drivers.ovn.mech_driver.mech_driver.OVNMechanismDriver._create_security_group_precommit-326868'] for security_group (8a346a21-b91a-424c-8140-60afb2efbbce), precommit_create {{(pid=104142) _notify_loop /opt/stack/data/venv/lib/python3.12/site-packages/neutron_lib/callbacks/manager.py:184}}
Apr 11 19:00:04.003923 np0000165239 devstack@neutron-api.service[104142]: DEBUG neutron.db.ovn_revision_numbers_db [None req-90563837-e7c8-4070-81bb-b1c683751d5b admin admin] create_initial_revision uuid=8a346a21-b91a-424c-8140-60afb2efbbce, type=security_groups, rev=-1 {{(pid=104142) create_initial_revision /opt/stack/neutron/neutron/db/ovn_revision_numbers_db.py:98}}
Apr 11 19:00:04.006953 np0000165239 devstack@neutron-api.service[104142]: DEBUG neutron.db.ovn_revision_numbers_db [None req-90563837-e7c8-4070-81bb-b1c683751d5b admin admin] create_initial_revision uuid=04b15904-29f7-457f-899a-7832a94e8832, type=security_group_rules, rev=-1 {{(pid=104142) create_initial_revision /opt/stack/neutron/neutron/db/ovn_revision_numbers_db.py:98}}
Apr 11 19:00:04.008232 np0000165239 devstack@neutron-api.service[104142]: DEBUG neutron.db.ovn_revision_numbers_db [None req-90563837-e7c8-4070-81bb-b1c683751d5b admin admin] create_initial_revision uuid=53b7d1c6-495d-4ec7-b7b5-867781405bb2, type=security_group_rules, rev=-1 {{(pid=104142) create_initial_revision /opt/stack/neutron/neutron/db/ovn_revision_numbers_db.py:98}}
Apr 11 19:00:04.009248 np0000165239 devstack@neutron-api.service[104142]: DEBUG neutron.db.ovn_revision_numbers_db [None req-90563837-e7c8-4070-81bb-b1c683751d5b admin admin] create_initial_revision uuid=5cac36db-4786-490f-b636-f78404c355ef, type=security_group_rules, rev=-1 {{(pid=104142) create_initial_revision /opt/stack/neutron/neutron/db/ovn_revision_numbers_db.py:98}}
Apr 11 19:00:04.010217 np0000165239 devstack@neutron-api.service[104142]: DEBUG neutron.db.ovn_revision_numbers_db [None req-90563837-e7c8-4070-81bb-b1c683751d5b admin admin] create_initial_revision uuid=e7140d97-a56c-45bf-b3ef-6503b85438ba, type=security_group_rules, rev=-1 {{(pid=104142) create_initial_revision /opt/stack/neutron/neutron/db/ovn_revision_numbers_db.py:98}}
Apr 11 19:00:04.017763 np0000165239 devstack@neutron-api.service[104142]: DEBUG neutron_lib.callbacks.manager [None req-90563837-e7c8-4070-81bb-b1c683751d5b admin admin] Publish callbacks ['neutron.plugins.ml2.drivers.ovn.mech_driver.mech_driver.OVNMechanismDriver._create_security_group-326878', 'neutron.plugins.ml2.ovo_rpc._ObjectChangeHandler.handle_event-2755942'] for security_group (8a346a21-b91a-424c-8140-60afb2efbbce), after_create {{(pid=104142) _notify_loop /opt/stack/data/venv/lib/python3.12/site-packages/neutron_lib/callbacks/manager.py:184}}
Apr 11 19:00:04.018489 np0000165239 devstack@neutron-api.service[104142]: DEBUG ovsdbapp.backend.ovs_idl.transaction [-] Running txn n=1 command(idx=0): PgAddCommand(_result=None, name=pg_8a346a21_b91a_424c_8140_60afb2efbbce, may_exist=False, columns={'acls': [], 'external_ids': {'neutron:security_group_id': '8a346a21-b91a-424c-8140-60afb2efbbce'}}) {{(pid=104142) do_commit /opt/stack/data/venv/lib/python3.12/site-packages/ovsdbapp/backend/ovs_idl/transaction.py:89}}
Apr 11 19:00:04.019879 np0000165239 devstack@neutron-api.service[104142]: DEBUG ovsdbapp.backend.ovs_idl.transaction [-] Running txn n=1 command(idx=1): PgAclAddCommand(_result=None, entity=pg_8a346a21_b91a_424c_8140_60afb2efbbce, direction=to-lport, priority=1002, match=outport == @pg_8a346a21_b91a_424c_8140_60afb2efbbce && ip4 && ip4.src == $pg_8a346a21_b91a_424c_8140_60afb2efbbce_ip4, action=allow-related, log=False, may_exist=True, severity=[], name=[], meter=[], external_ids={'neutron:security_group_rule_id': '04b15904-29f7-457f-899a-7832a94e8832'}) {{(pid=104142) do_commit /opt/stack/data/venv/lib/python3.12/site-packages/ovsdbapp/backend/ovs_idl/transaction.py:89}}
Apr 11 19:00:04.020253 np0000165239 devstack@neutron-api.service[104142]: DEBUG ovsdbapp.backend.ovs_idl.transaction [-] Running txn n=1 command(idx=2): PgAclAddCommand(_result=None, entity=pg_8a346a21_b91a_424c_8140_60afb2efbbce, direction=to-lport, priority=1002, match=outport == @pg_8a346a21_b91a_424c_8140_60afb2efbbce && ip6 && ip6.src == $pg_8a346a21_b91a_424c_8140_60afb2efbbce_ip6, action=allow-related, log=False, may_exist=True, severity=[], name=[], meter=[], external_ids={'neutron:security_group_rule_id': '53b7d1c6-495d-4ec7-b7b5-867781405bb2'}) {{(pid=104142) do_commit /opt/stack/data/venv/lib/python3.12/site-packages/ovsdbapp/backend/ovs_idl/transaction.py:89}}
Apr 11 19:00:04.020582 np0000165239 devstack@neutron-api.service[104142]: DEBUG ovsdbapp.backend.ovs_idl.transaction [-] Running txn n=1 command(idx=3): PgAclAddCommand(_result=None, entity=pg_8a346a21_b91a_424c_8140_60afb2efbbce, direction=from-lport, priority=1002, match=inport == @pg_8a346a21_b91a_424c_8140_60afb2efbbce && ip6, action=allow-related, log=False, may_exist=True, severity=[], name=[], meter=[], external_ids={'neutron:security_group_rule_id': '5cac36db-4786-490f-b636-f78404c355ef'}) {{(pid=104142) do_commit /opt/stack/data/venv/lib/python3.12/site-packages/ovsdbapp/backend/ovs_idl/transaction.py:89}}
Apr 11 19:00:04.020872 np0000165239 devstack@neutron-api.service[104142]: DEBUG ovsdbapp.backend.ovs_idl.transaction [-] Running txn n=1 command(idx=4): PgAclAddCommand(_result=None, entity=pg_8a346a21_b91a_424c_8140_60afb2efbbce, direction=from-lport, priority=1002, match=inport == @pg_8a346a21_b91a_424c_8140_60afb2efbbce && ip4, action=allow-related, log=False, may_exist=True, severity=[], name=[], meter=[], external_ids={'neutron:security_group_rule_id': 'e7140d97-a56c-45bf-b3ef-6503b85438ba'}) {{(pid=104142) do_commit /opt/stack/data/venv/lib/python3.12/site-packages/ovsdbapp/backend/ovs_idl/transaction.py:89}}
Apr 11 19:00:04.082060 np0000165239 devstack@neutron-api.service[104141]: DEBUG neutron.plugins.ml2.drivers.ovn.mech_driver.ovsdb.ovsdb_monitor [-] Hash Ring: Node 842121c8afbe54a98896dd2ca6a96346 (host: np0000165239) handling event "create" for row 0caa78ec-a57d-4a3d-bc42-e109fb66544e (table: ACL) {{(pid=104141) notify /opt/stack/neutron/neutron/plugins/ml2/drivers/ovn/mech_driver/ovsdb/ovsdb_monitor.py:914}}
Apr 11 19:00:04.082785 np0000165239 devstack@neutron-api.service[104141]: DEBUG neutron.plugins.ml2.drivers.ovn.mech_driver.ovsdb.ovsdb_monitor [-] Hash Ring: Node 842121c8afbe54a98896dd2ca6a96346 (host: np0000165239) handling event "create" for row 646b47f5-a256-4301-bd49-4c3d4e7dc87b (table: ACL) {{(pid=104141) notify /opt/stack/neutron/neutron/plugins/ml2/drivers/ovn/mech_driver/ovsdb/ovsdb_monitor.py:914}}
Apr 11 19:00:04.082785 np0000165239 devstack@neutron-api.service[104141]: DEBUG neutron.plugins.ml2.drivers.ovn.mech_driver.ovsdb.ovsdb_monitor [-] Hash Ring: Node 842121c8afbe54a98896dd2ca6a96346 (host: np0000165239) handling event "create" for row 676fb7a9-22d9-4bc4-94a0-5dc709e34e6d (table: ACL) {{(pid=104141) notify /opt/stack/neutron/neutron/plugins/ml2/drivers/ovn/mech_driver/ovsdb/ovsdb_monitor.py:914}}
Apr 11 19:00:04.082785 np0000165239 devstack@neutron-api.service[104141]: DEBUG neutron.plugins.ml2.drivers.ovn.mech_driver.ovsdb.ovsdb_monitor [-] Hash Ring: Node 842121c8afbe54a98896dd2ca6a96346 (host: np0000165239) handling event "create" for row 9a42fc46-9638-46f3-ba98-7a592270fa6c (table: ACL) {{(pid=104141) notify /opt/stack/neutron/neutron/plugins/ml2/drivers/ovn/mech_driver/ovsdb/ovsdb_monitor.py:914}}
Apr 11 19:00:04.082785 np0000165239 devstack@neutron-api.service[104141]: DEBUG neutron.plugins.ml2.drivers.ovn.mech_driver.ovsdb.ovsdb_monitor [-] Hash Ring: Node 842121c8afbe54a98896dd2ca6a96346 (host: np0000165239) handling event "create" for row 7ae59ffc-ce64-4b83-a55b-cdbd1f942665 (table: Port_Group) {{(pid=104141) notify /opt/stack/neutron/neutron/plugins/ml2/drivers/ovn/mech_driver/ovsdb/ovsdb_monitor.py:914}}
Apr 11 19:00:04.084367 np0000165239 devstack@neutron-api.service[104143]: DEBUG neutron.plugins.ml2.drivers.ovn.mech_driver.ovsdb.ovsdb_monitor [-] Hash Ring: Node f042222c33e65c139441f068b7f2f28d (host: np0000165239) handling event "create" for row 676fb7a9-22d9-4bc4-94a0-5dc709e34e6d (table: ACL) {{(pid=104143) notify /opt/stack/neutron/neutron/plugins/ml2/drivers/ovn/mech_driver/ovsdb/ovsdb_monitor.py:914}}
Apr 11 19:00:04.084877 np0000165239 devstack@neutron-api.service[104142]: DEBUG neutron.plugins.ml2.drivers.ovn.mech_driver.ovsdb.ovsdb_monitor [-] Hash Ring: Node 4916633fdadc51c482fda926e8793fb4 (host: np0000165239) handling event "create" for row 7ae59ffc-ce64-4b83-a55b-cdbd1f942665 (table: Port_Group) {{(pid=104142) notify /opt/stack/neutron/neutron/plugins/ml2/drivers/ovn/mech_driver/ovsdb/ovsdb_monitor.py:914}}
Apr 11 19:00:04.084966 np0000165239 devstack@neutron-api.service[104143]: DEBUG neutron.plugins.ml2.drivers.ovn.mech_driver.ovsdb.ovsdb_monitor [-] Hash Ring: Node f042222c33e65c139441f068b7f2f28d (host: np0000165239) handling event "create" for row 9a42fc46-9638-46f3-ba98-7a592270fa6c (table: ACL) {{(pid=104143) notify /opt/stack/neutron/neutron/plugins/ml2/drivers/ovn/mech_driver/ovsdb/ovsdb_monitor.py:914}}
Apr 11 19:00:04.085033 np0000165239 devstack@neutron-api.service[104140]: DEBUG neutron.plugins.ml2.drivers.ovn.mech_driver.ovsdb.ovsdb_monitor [-] Hash Ring: Node 605bf25c5ec85c10b2161b47f9f1ba0f (host: np0000165239) handling event "create" for row 646b47f5-a256-4301-bd49-4c3d4e7dc87b (table: ACL) {{(pid=104140) notify /opt/stack/neutron/neutron/plugins/ml2/drivers/ovn/mech_driver/ovsdb/ovsdb_monitor.py:914}}
Apr 11 19:00:04.119427 np0000165239 devstack@neutron-api.service[104142]: INFO neutron.db.ovn_revision_numbers_db [None req-90563837-e7c8-4070-81bb-b1c683751d5b admin admin] Successfully bumped revision number for resource 8a346a21-b91a-424c-8140-60afb2efbbce (type: security_groups) to 1
Apr 11 19:00:04.137373 np0000165239 devstack@neutron-api.service[104142]: INFO neutron.db.ovn_revision_numbers_db [None req-90563837-e7c8-4070-81bb-b1c683751d5b admin admin] Successfully bumped revision number for resource 04b15904-29f7-457f-899a-7832a94e8832 (type: security_group_rules) to 0
Apr 11 19:00:04.151003 np0000165239 devstack@neutron-api.service[104142]: INFO neutron.db.ovn_revision_numbers_db [None req-90563837-e7c8-4070-81bb-b1c683751d5b admin admin] Successfully bumped revision number for resource 53b7d1c6-495d-4ec7-b7b5-867781405bb2 (type: security_group_rules) to 0
Apr 11 19:00:04.164171 np0000165239 devstack@neutron-api.service[104142]: INFO neutron.db.ovn_revision_numbers_db [None req-90563837-e7c8-4070-81bb-b1c683751d5b admin admin] Successfully bumped revision number for resource 5cac36db-4786-490f-b636-f78404c355ef (type: security_group_rules) to 0
Apr 11 19:00:04.176664 np0000165239 devstack@neutron-api.service[104142]: INFO neutron.db.ovn_revision_numbers_db [None req-90563837-e7c8-4070-81bb-b1c683751d5b admin admin] Successfully bumped revision number for resource e7140d97-a56c-45bf-b3ef-6503b85438ba (type: security_group_rules) to 0
Apr 11 19:00:04.199784 np0000165239 devstack@neutron-api.service[104142]: DEBUG neutron.api.rpc.handlers.resources_rpc [None req-90563837-e7c8-4070-81bb-b1c683751d5b admin admin] Pushing event updated for resources: {'SecurityGroup': ['ID=8a346a21-b91a-424c-8140-60afb2efbbce,revision_number=1']} {{(pid=104142) push /opt/stack/neutron/neutron/api/rpc/handlers/resources_rpc.py:237}}
Apr 11 19:00:04.209533 np0000165239 devstack@neutron-api.service[104142]: DEBUG ovsdbapp.backend.ovs_idl.transaction [-] Running txn n=1 command(idx=0): CheckLivenessCommand(_result=None) {{(pid=104142) do_commit /opt/stack/data/venv/lib/python3.12/site-packages/ovsdbapp/backend/ovs_idl/transaction.py:89}}
Apr 11 19:00:04.213648 np0000165239 devstack@neutron-api.service[104142]: DEBUG neutron.plugins.ml2.drivers.ovn.mech_driver.ovsdb.ovsdb_monitor [-] Hash Ring: Node 4916633fdadc51c482fda926e8793fb4 (host: np0000165239) handling event "update" for row 8b768c9f-9af5-4e84-8ea1-d657a53b4794 (table: NB_Global) {{(pid=104142) notify /opt/stack/neutron/neutron/plugins/ml2/drivers/ovn/mech_driver/ovsdb/ovsdb_monitor.py:914}}
Apr 11 19:00:04.218056 np0000165239 devstack@neutron-api.service[104141]: DEBUG neutron.plugins.ml2.drivers.ovn.mech_driver.ovsdb.ovsdb_monitor [-] Hash Ring: Node 842121c8afbe54a98896dd2ca6a96346 (host: np0000165239) handling event "update" for row 8b768c9f-9af5-4e84-8ea1-d657a53b4794 (table: NB_Global) {{(pid=104141) notify /opt/stack/neutron/neutron/plugins/ml2/drivers/ovn/mech_driver/ovsdb/ovsdb_monitor.py:914}}
Apr 11 19:00:04.218056 np0000165239 devstack@neutron-api.service[104141]: DEBUG neutron.plugins.ml2.drivers.ovn.mech_driver.ovsdb.ovsdb_monitor [-] Hash Ring: Node 842121c8afbe54a98896dd2ca6a96346 (host: np0000165239) handling event "update" for row 8b768c9f-9af5-4e84-8ea1-d657a53b4794 (table: NB_Global) {{(pid=104141) notify /opt/stack/neutron/neutron/plugins/ml2/drivers/ovn/mech_driver/ovsdb/ovsdb_monitor.py:914}}
Apr 11 19:00:04.218793 np0000165239 devstack@neutron-api.service[104143]: DEBUG neutron.plugins.ml2.drivers.ovn.mech_driver.ovsdb.ovsdb_monitor [-] ChassisAgentWriteEvent : Matched Chassis_Private, update, None None {{(pid=104143) matches /opt/stack/neutron/neutron/plugins/ml2/drivers/ovn/mech_driver/ovsdb/ovsdb_monitor.py:64}}
Apr 11 19:00:04.219046 np0000165239 devstack@neutron-api.service[104141]: DEBUG neutron.plugins.ml2.drivers.ovn.mech_driver.ovsdb.ovsdb_monitor [-] ChassisAgentWriteEvent : Matched Chassis_Private, update, None None {{(pid=104141) matches /opt/stack/neutron/neutron/plugins/ml2/drivers/ovn/mech_driver/ovsdb/ovsdb_monitor.py:64}}
Apr 11 19:00:04.219202 np0000165239 devstack@neutron-api.service[104142]: DEBUG neutron.api.rpc.callbacks.version_manager [None req-90563837-e7c8-4070-81bb-b1c683751d5b admin admin] Tracked resource versions report:
Apr 11 19:00:04.219202 np0000165239 devstack@neutron-api.service[104142]: pushed versions:
Apr 11 19:00:04.219202 np0000165239 devstack@neutron-api.service[104142]: { 'AddressGroup': {'1.2'},
Apr 11 19:00:04.219202 np0000165239 devstack@neutron-api.service[104142]: 'Agent': {'1.1'},
Apr 11 19:00:04.219202 np0000165239 devstack@neutron-api.service[104142]: 'ConntrackHelper': {'1.0'},
Apr 11 19:00:04.219202 np0000165239 devstack@neutron-api.service[104142]: 'LocalIPAssociation': {'1.0'},
Apr 11 19:00:04.219202 np0000165239 devstack@neutron-api.service[104142]: 'Log': {'1.0'},
Apr 11 19:00:04.219202 np0000165239 devstack@neutron-api.service[104142]: 'NDPProxy': {'1.0'},
Apr 11 19:00:04.219202 np0000165239 devstack@neutron-api.service[104142]: 'Network': {'1.2'},
Apr 11 19:00:04.219202 np0000165239 devstack@neutron-api.service[104142]: 'Port': {'1.10'},
Apr 11 19:00:04.219202 np0000165239 devstack@neutron-api.service[104142]: 'PortForwarding': {'1.3'},
Apr 11 19:00:04.219202 np0000165239 devstack@neutron-api.service[104142]: 'QosPolicy': {'1.10'},
Apr 11 19:00:04.219202 np0000165239 devstack@neutron-api.service[104142]: 'SecurityGroup': {'1.6'},
Apr 11 19:00:04.219202 np0000165239 devstack@neutron-api.service[104142]: 'SecurityGroupRule': {'1.3'},
Apr 11 19:00:04.219202 np0000165239 devstack@neutron-api.service[104142]: 'SubPort': {'1.0'},
Apr 11 19:00:04.219202 np0000165239 devstack@neutron-api.service[104142]: 'Subnet': {'1.2'},
Apr 11 19:00:04.219202 np0000165239 devstack@neutron-api.service[104142]: 'Trunk': {'1.1'}}
Apr 11 19:00:04.219202 np0000165239 devstack@neutron-api.service[104142]: consumer versions:
Apr 11 19:00:04.219202 np0000165239 devstack@neutron-api.service[104142]: {}
Apr 11 19:00:04.219202 np0000165239 devstack@neutron-api.service[104142]: {{(pid=104142) report /opt/stack/neutron/neutron/api/rpc/callbacks/version_manager.py:183}}
Apr 11 19:00:04.220790 np0000165239 devstack@neutron-api.service[104140]: DEBUG neutron.plugins.ml2.drivers.ovn.mech_driver.ovsdb.ovsdb_monitor [-] ChassisAgentWriteEvent : Matched Chassis_Private, update, None None {{(pid=104140) matches /opt/stack/neutron/neutron/plugins/ml2/drivers/ovn/mech_driver/ovsdb/ovsdb_monitor.py:64}}
Apr 11 19:00:04.220790 np0000165239 devstack@neutron-api.service[104140]: DEBUG neutron.plugins.ml2.drivers.ovn.mech_driver.ovsdb.ovsdb_monitor [-] Hash Ring: Node 605bf25c5ec85c10b2161b47f9f1ba0f (host: np0000165239) handling event "update" for row 55cc6985-90c4-4d6e-867c-fd74e9861c88 (table: Chassis_Private) {{(pid=104140) notify /opt/stack/neutron/neutron/plugins/ml2/drivers/ovn/mech_driver/ovsdb/ovsdb_monitor.py:914}}
Apr 11 19:00:04.221360 np0000165239 devstack@neutron-api.service[104141]: DEBUG neutron.plugins.ml2.drivers.ovn.mech_driver.ovsdb.ovsdb_monitor [-] Hash Ring: Node 842121c8afbe54a98896dd2ca6a96346 (host: np0000165239) handling event "update" for row 8b768c9f-9af5-4e84-8ea1-d657a53b4794 (table: NB_Global) {{(pid=104141) notify /opt/stack/neutron/neutron/plugins/ml2/drivers/ovn/mech_driver/ovsdb/ovsdb_monitor.py:914}}
Apr 11 19:00:04.222945 np0000165239 devstack@neutron-api.service[104141]: DEBUG neutron.plugins.ml2.drivers.ovn.mech_driver.ovsdb.ovsdb_monitor [-] Hash Ring: Node 842121c8afbe54a98896dd2ca6a96346 (host: np0000165239) handling event "update" for row 8b768c9f-9af5-4e84-8ea1-d657a53b4794 (table: NB_Global) {{(pid=104141) notify /opt/stack/neutron/neutron/plugins/ml2/drivers/ovn/mech_driver/ovsdb/ovsdb_monitor.py:914}}
Apr 11 19:00:04.224247 np0000165239 devstack@neutron-api.service[104140]: DEBUG neutron.plugins.ml2.drivers.ovn.mech_driver.ovsdb.ovsdb_monitor [-] ChassisOVNAgentWriteEvent : Matched Chassis_Private, update, None None {{(pid=104140) matches /opt/stack/neutron/neutron/plugins/ml2/drivers/ovn/mech_driver/ovsdb/ovsdb_monitor.py:64}}
Apr 11 19:00:04.224580 np0000165239 devstack@neutron-api.service[104140]: DEBUG neutron.plugins.ml2.drivers.ovn.mech_driver.ovsdb.ovsdb_monitor [-] Hash Ring: Node 605bf25c5ec85c10b2161b47f9f1ba0f (host: np0000165239) handling event "update" for row 55cc6985-90c4-4d6e-867c-fd74e9861c88 (table: Chassis_Private) {{(pid=104140) notify /opt/stack/neutron/neutron/plugins/ml2/drivers/ovn/mech_driver/ovsdb/ovsdb_monitor.py:914}}
Apr 11 19:00:04.224682 np0000165239 devstack@neutron-api.service[104143]: DEBUG neutron.plugins.ml2.drivers.ovn.mech_driver.ovsdb.ovsdb_monitor [-] ChassisOVNAgentWriteEvent : Matched Chassis_Private, update, None None {{(pid=104143) matches /opt/stack/neutron/neutron/plugins/ml2/drivers/ovn/mech_driver/ovsdb/ovsdb_monitor.py:64}}
Apr 11 19:00:04.225572 np0000165239 devstack@neutron-api.service[104141]: DEBUG neutron.common.ovn.hash_ring_manager [-] Allow caching, nodes 4>=4 {{(pid=104141) _wait_startup_before_caching /opt/stack/neutron/neutron/common/ovn/hash_ring_manager.py:65}}
Apr 11 19:00:04.225773 np0000165239 devstack@neutron-api.service[104141]: DEBUG neutron.plugins.ml2.drivers.ovn.mech_driver.ovsdb.ovsdb_monitor [-] Hash Ring: Node 842121c8afbe54a98896dd2ca6a96346 (host: np0000165239) handling event "update" for row 55cc6985-90c4-4d6e-867c-fd74e9861c88 (table: Chassis_Private) {{(pid=104141) notify /opt/stack/neutron/neutron/plugins/ml2/drivers/ovn/mech_driver/ovsdb/ovsdb_monitor.py:914}}
Apr 11 19:00:04.226266 np0000165239 devstack@neutron-api.service[104142]: DEBUG neutron.plugins.ml2.drivers.ovn.mech_driver.ovsdb.ovsdb_monitor [-] Hash Ring: Node 4916633fdadc51c482fda926e8793fb4 (host: np0000165239) handling event "update" for row 8b768c9f-9af5-4e84-8ea1-d657a53b4794 (table: NB_Global) {{(pid=104142) notify /opt/stack/neutron/neutron/plugins/ml2/drivers/ovn/mech_driver/ovsdb/ovsdb_monitor.py:914}}
Apr 11 19:00:04.226725 np0000165239 devstack@neutron-api.service[104141]: DEBUG neutron.plugins.ml2.drivers.ovn.mech_driver.ovsdb.ovsdb_monitor [-] ChassisOVNAgentWriteEvent : Matched Chassis_Private, update, None None {{(pid=104141) matches /opt/stack/neutron/neutron/plugins/ml2/drivers/ovn/mech_driver/ovsdb/ovsdb_monitor.py:64}}
Apr 11 19:00:04.226875 np0000165239 devstack@neutron-api.service[104142]: DEBUG neutron.plugins.ml2.drivers.ovn.mech_driver.ovsdb.ovsdb_monitor [-] ChassisAgentWriteEvent : Matched Chassis_Private, update, None None {{(pid=104142) matches /opt/stack/neutron/neutron/plugins/ml2/drivers/ovn/mech_driver/ovsdb/ovsdb_monitor.py:64}}
Apr 11 19:00:04.227101 np0000165239 devstack@neutron-api.service[104141]: DEBUG neutron.plugins.ml2.drivers.ovn.mech_driver.ovsdb.ovsdb_monitor [-] Hash Ring: Node 842121c8afbe54a98896dd2ca6a96346 (host: np0000165239) handling event "update" for row 55cc6985-90c4-4d6e-867c-fd74e9861c88 (table: Chassis_Private) {{(pid=104141) notify /opt/stack/neutron/neutron/plugins/ml2/drivers/ovn/mech_driver/ovsdb/ovsdb_monitor.py:914}}
Apr 11 19:00:04.228833 np0000165239 devstack@neutron-api.service[104142]: DEBUG neutron.plugins.ml2.drivers.ovn.mech_driver.ovsdb.ovsdb_monitor [-] Hash Ring: Node 4916633fdadc51c482fda926e8793fb4 (host: np0000165239) handling event "update" for row 8b768c9f-9af5-4e84-8ea1-d657a53b4794 (table: NB_Global) {{(pid=104142) notify /opt/stack/neutron/neutron/plugins/ml2/drivers/ovn/mech_driver/ovsdb/ovsdb_monitor.py:914}}
