2026-05-28 23:13:27.266 7 INFO cinder.api.openstack.wsgi [None req-c9d1a9a0-bbbd-4232-8e8d-ea6cd8fd8f94 e4aa3fb471a74501874a56b17c8309e9 18600092a7214dd695453fd545f57713 - - default default] http://cinder-api.openstack.svc.cluster.local:8776/v3/18600092a7214dd695453fd545f57713/os-quota-sets/affbef8673874df280197898746d87c7?usage=true returned with HTTP 200 [pid: 7|app: 0|req: 434/867] 10.0.0.64 () {28 vars in 735 bytes} [Thu May 28 23:13:27 2026] GET /v3/18600092a7214dd695453fd545f57713/os-quota-sets/affbef8673874df280197898746d87c7?usage=true => generated 847 bytes in 43 msecs (HTTP/1.1 200) 7 headers in 285 bytes (1 switches on core 0)
2026-05-28 23:13:27.282 8 INFO cinder.api.openstack.wsgi [None req-a107ce95-b16f-462f-b6bc-4e065d5609df e4aa3fb471a74501874a56b17c8309e9 18600092a7214dd695453fd545f57713 - - default default] GET http://cinder-api.openstack.svc.cluster.local:8776/v3/18600092a7214dd695453fd545f57713/os-quota-sets/b3b6a4af2db84cd48a22cd339dee6bb6?usage=true
2026-05-28 23:13:27.318 8 INFO cinder.api.openstack.wsgi [None req-a107ce95-b16f-462f-b6bc-4e065d5609df e4aa3fb471a74501874a56b17c8309e9 18600092a7214dd695453fd545f57713 - - default default] http://cinder-api.openstack.svc.cluster.local:8776/v3/18600092a7214dd695453fd545f57713/os-quota-sets/b3b6a4af2db84cd48a22cd339dee6bb6?usage=true returned with HTTP 200 [pid: 8|app: 0|req: 434/868] 10.0.0.64 () {28 vars in 735 bytes} [Thu May 28 23:13:27 2026] GET /v3/18600092a7214dd695453fd545f57713/os-quota-sets/b3b6a4af2db84cd48a22cd339dee6bb6?usage=true => generated 847 bytes in 46 msecs (HTTP/1.1 200) 7 headers in 285 bytes (1 switches on core 0)
2026-05-28 23:13:27.334 7 INFO cinder.api.openstack.wsgi [None req-b19998b9-e25e-40e0-ae26-098f3bab2e72 e4aa3fb471a74501874a56b17c8309e9 18600092a7214dd695453fd545f57713 - - default default] GET http://cinder-api.openstack.svc.cluster.local:8776/v3/18600092a7214dd695453fd545f57713/os-quota-sets/d7459a14c0524c119f8230b709469766?usage=true
2026-05-28 23:13:27.367 7 INFO cinder.api.openstack.wsgi [None req-b19998b9-e25e-40e0-ae26-098f3bab2e72 e4aa3fb471a74501874a56b17c8309e9 18600092a7214dd695453fd545f57713 - - default default] http://cinder-api.openstack.svc.cluster.local:8776/v3/18600092a7214dd695453fd545f57713/os-quota-sets/d7459a14c0524c119f8230b709469766?usage=true returned with HTTP 200 [pid: 7|app: 0|req: 435/869] 10.0.0.64 () {28 vars in 735 bytes} [Thu May 28 23:13:27 2026] GET /v3/18600092a7214dd695453fd545f57713/os-quota-sets/d7459a14c0524c119f8230b709469766?usage=true => generated 847 bytes in 42 msecs (HTTP/1.1 200) 7 headers in 285 bytes (1 switches on core 0)
2026-05-28 23:13:27.384 8 INFO cinder.api.openstack.wsgi [None req-af990395-17b0-42bf-ba5a-f0c6649c9af7 e4aa3fb471a74501874a56b17c8309e9 18600092a7214dd695453fd545f57713 - - default default] GET http://cinder-api.openstack.svc.cluster.local:8776/v3/18600092a7214dd695453fd545f57713/os-quota-sets/e6abe15d831a410e8078c0aeeb443fd5?usage=true
2026-05-28 23:13:27.408 8 INFO cinder.api.openstack.wsgi [None req-af990395-17b0-42bf-ba5a-f0c6649c9af7 e4aa3fb471a74501874a56b17c8309e9 18600092a7214dd695453fd545f57713 - - default default] http://cinder-api.openstack.svc.cluster.local:8776/v3/18600092a7214dd695453fd545f57713/os-quota-sets/e6abe15d831a410e8078c0aeeb443fd5?usage=true returned with HTTP 200 [pid: 8|app: 0|req: 435/870] 10.0.0.64 () {28 vars in 735 bytes} [Thu May 28 23:13:27 2026] GET /v3/18600092a7214dd695453fd545f57713/os-quota-sets/e6abe15d831a410e8078c0aeeb443fd5?usage=true => generated 847 bytes in 34 msecs (HTTP/1.1 200) 7 headers in 285 bytes (1 switches on core 0)
2026-05-28 23:13:27.426 7 INFO cinder.api.openstack.wsgi [None req-168bc24a-4b0e-4f2c-8d2a-88f8ef803bd8 e4aa3fb471a74501874a56b17c8309e9 18600092a7214dd695453fd545f57713 - - default default] GET http://cinder-api.openstack.svc.cluster.local:8776/v3/18600092a7214dd695453fd545f57713/os-quota-sets/fec54e4ed4f647f09f768fd0d2349d07?usage=true
2026-05-28 23:13:27.451 7 INFO cinder.api.openstack.wsgi [None req-168bc24a-4b0e-4f2c-8d2a-88f8ef803bd8 e4aa3fb471a74501874a56b17c8309e9 18600092a7214dd695453fd545f57713 - - default default] http://cinder-api.openstack.svc.cluster.local:8776/v3/18600092a7214dd695453fd545f57713/os-quota-sets/fec54e4ed4f647f09f768fd0d2349d07?usage=true returned with HTTP 200 [pid: 7|app: 0|req: 436/871] 10.0.0.64 () {28 vars in 735 bytes} [Thu May 28 23:13:27 2026] GET /v3/18600092a7214dd695453fd545f57713/os-quota-sets/fec54e4ed4f647f09f768fd0d2349d07?usage=true => generated 847 bytes in 34 msecs (HTTP/1.1 200) 7 headers in 285 bytes (1 switches on core 0)
2026-05-28 23:13:27.463 8 INFO cinder.api.openstack.wsgi [None req-d009f52d-8f31-4b8b-ab15-77bb3f2eee40 e4aa3fb471a74501874a56b17c8309e9 18600092a7214dd695453fd545f57713 - - default default] GET http://cinder-api.openstack.svc.cluster.local:8776/v3/18600092a7214dd695453fd545f57713/snapshots?all_tenants=true
2026-05-28 23:13:27.469 8 INFO cinder.volume.api [None req-d009f52d-8f31-4b8b-ab15-77bb3f2eee40 e4aa3fb471a74501874a56b17c8309e9 18600092a7214dd695453fd545f57713 - - default default] Get all snapshots completed successfully.
2026-05-28 23:13:27.470 8 INFO cinder.api.openstack.wsgi [None req-d009f52d-8f31-4b8b-ab15-77bb3f2eee40 e4aa3fb471a74501874a56b17c8309e9 18600092a7214dd695453fd545f57713 - - default default] http://cinder-api.openstack.svc.cluster.local:8776/v3/18600092a7214dd695453fd545f57713/snapshots?all_tenants=true returned with HTTP 200 [pid: 8|app: 0|req: 436/872] 10.0.0.64 () {28 vars in 673 bytes} [Thu May 28 23:13:27 2026] GET /v3/18600092a7214dd695453fd545f57713/snapshots?all_tenants=true => generated 17 bytes in 14 msecs (HTTP/1.1 200) 7 headers in 284 bytes (1 switches on core 0)
2026-05-28 23:13:27.479 7 INFO cinder.api.openstack.wsgi [None req-1881ccb4-1a4f-4ab5-a2cf-2ff5f7fe7525 e4aa3fb471a74501874a56b17c8309e9 18600092a7214dd695453fd545f57713 - - default default] GET http://cinder-api.openstack.svc.cluster.local:8776/v3/18600092a7214dd695453fd545f57713/volumes/detail?all_tenants=true
2026-05-28 23:13:27.487 7 INFO cinder.volume.api [None req-1881ccb4-1a4f-4ab5-a2cf-2ff5f7fe7525 e4aa3fb471a74501874a56b17c8309e9 18600092a7214dd695453fd545f57713 - - default default] Get all volumes completed successfully.
2026-05-28 23:13:27.489 7 INFO cinder.api.openstack.wsgi [None req-1881ccb4-1a4f-4ab5-a2cf-2ff5f7fe7525 e4aa3fb471a74501874a56b17c8309e9 18600092a7214dd695453fd545f57713 - - default default] http://cinder-api.openstack.svc.cluster.local:8776/v3/18600092a7214dd695453fd545f57713/volumes/detail?all_tenants=true returned with HTTP 200 [pid: 7|app: 0|req: 437/873] 10.0.0.64 () {28 vars in 683 bytes} [Thu May 28 23:13:27 2026] GET /v3/18600092a7214dd695453fd545f57713/volumes/detail?all_tenants=true => generated 15 bytes in 17 msecs (HTTP/1.1 200) 7 headers in 284 bytes (1 switches on core 0)
2026-05-28 23:13:27.503 8 INFO cinder.api.openstack.wsgi [None req-0772341e-dea5-43a3-9ba2-94bf599a2782 e4aa3fb471a74501874a56b17c8309e9 18600092a7214dd695453fd545f57713 - - default default] GET http://cinder-api.openstack.svc.cluster.local:8776/v3/18600092a7214dd695453fd545f57713/os-services
2026-05-28 23:13:27.509 8 INFO cinder.api.openstack.wsgi [None req-0772341e-dea5-43a3-9ba2-94bf599a2782 e4aa3fb471a74501874a56b17c8309e9 18600092a7214dd695453fd545f57713 - - default default] http://cinder-api.openstack.svc.cluster.local:8776/v3/18600092a7214dd695453fd545f57713/os-services returned with HTTP 200 [pid: 8|app: 0|req: 437/874] 10.0.0.64 () {28 vars in 644 bytes} [Thu May 28 23:13:27 2026] GET /v3/18600092a7214dd695453fd545f57713/os-services => generated 646 bytes in 16 msecs (HTTP/1.1 200) 7 headers in 285 bytes (1 switches on core 0)
2026-05-28 23:13:34.715 7 INFO cinder.api.openstack.wsgi [None req-1881ccb4-1a4f-4ab5-a2cf-2ff5f7fe7525 e4aa3fb471a74501874a56b17c8309e9 18600092a7214dd695453fd545f57713 - - default default] GET http://10.0.0.66:8776/
2026-05-28 23:13:34.715 8 INFO cinder.api.openstack.wsgi [None req-0772341e-dea5-43a3-9ba2-94bf599a2782 e4aa3fb471a74501874a56b17c8309e9 18600092a7214dd695453fd545f57713 - - default default] GET http://10.0.0.66:8776/
2026-05-28 23:13:34.717 7 INFO cinder.api.openstack.wsgi [None req-1881ccb4-1a4f-4ab5-a2cf-2ff5f7fe7525 e4aa3fb471a74501874a56b17c8309e9 18600092a7214dd695453fd545f57713 - - default default] http://10.0.0.66:8776/ returned with HTTP 300
2026-05-28 23:13:34.717 8 INFO cinder.api.openstack.wsgi [None req-0772341e-dea5-43a3-9ba2-94bf599a2782 e4aa3fb471a74501874a56b17c8309e9 18600092a7214dd695453fd545f57713 - - default default] http://10.0.0.66:8776/ returned with HTTP 300
2026-05-28 23:13:35.072 8 INFO cinder.api.openstack.wsgi [None req-945ea220-01e9-411d-a0e7-486a387fb772 9fe8af80fc174fbaaaede40f777fc142 3629418a38f04d739ab3d8876b6c46c9 - - default default] POST http://cinder-api.openstack.svc.cluster.local:8776/v3/3629418a38f04d739ab3d8876b6c46c9/volumes
2026-05-28 23:13:35.075 8 INFO cinder.api.v3.volumes [None req-945ea220-01e9-411d-a0e7-486a387fb772 9fe8af80fc174fbaaaede40f777fc142 3629418a38f04d739ab3d8876b6c46c9 - - default default] Create volume of 1 GB
2026-05-28 23:13:35.081 8 INFO cinder.volume.api [None req-945ea220-01e9-411d-a0e7-486a387fb772 9fe8af80fc174fbaaaede40f777fc142 3629418a38f04d739ab3d8876b6c46c9 - - default default] Availability Zones retrieved successfully.
2026-05-28 23:13:35.250 8 INFO cinder.volume.api [None req-945ea220-01e9-411d-a0e7-486a387fb772 9fe8af80fc174fbaaaede40f777fc142 3629418a38f04d739ab3d8876b6c46c9 - - default default] Create volume request issued successfully.
2026-05-28 23:13:35.251 8 INFO cinder.api.openstack.wsgi [None req-945ea220-01e9-411d-a0e7-486a387fb772 9fe8af80fc174fbaaaede40f777fc142 3629418a38f04d739ab3d8876b6c46c9 - - default default] http://cinder-api.openstack.svc.cluster.local:8776/v3/3629418a38f04d739ab3d8876b6c46c9/volumes returned with HTTP 202 [pid: 8|app: 0|req: 439/877] 10.0.0.235 () {34 vars in 722 bytes} [Thu May 28 23:13:34 2026] POST /v3/3629418a38f04d739ab3d8876b6c46c9/volumes => generated 860 bytes in 326 msecs (HTTP/1.1 202) 7 headers in 291 bytes (1 switches on core 0)
2026-05-28 23:13:35.272 7 INFO cinder.api.openstack.wsgi [None req-c3a36ad0-3efc-4d78-945c-43f4e3f41764 9fe8af80fc174fbaaaede40f777fc142 3629418a38f04d739ab3d8876b6c46c9 - - default default] GET http://cinder-api.openstack.svc.cluster.local:8776/v3/3629418a38f04d739ab3d8876b6c46c9/volumes/23cb3f90-9cf8-4a34-89c2-4ec20df25572 /var/lib/openstack/lib/python3.12/site-packages/oslo_context/context.py:101: DeprecationWarning: Policy enforcement is depending on the value of is_admin. This key is deprecated. Please update your policy file to use the standard policy values. warnings.warn(
2026-05-28 23:13:35.289 7 INFO cinder.volume.api [None req-c3a36ad0-3efc-4d78-945c-43f4e3f41764 9fe8af80fc174fbaaaede40f777fc142 3629418a38f04d739ab3d8876b6c46c9 - - default default] Volume info retrieved successfully.
2026-05-28 23:13:35.294 7 INFO cinder.api.openstack.wsgi [None req-c3a36ad0-3efc-4d78-945c-43f4e3f41764 9fe8af80fc174fbaaaede40f777fc142 3629418a38f04d739ab3d8876b6c46c9 - - default default] http://cinder-api.openstack.svc.cluster.local:8776/v3/3629418a38f04d739ab3d8876b6c46c9/volumes/23cb3f90-9cf8-4a34-89c2-4ec20df25572 returned with HTTP 200 [pid: 7|app: 0|req: 439/878] 10.0.0.235 () {32 vars in 775 bytes} [Thu May 28 23:13:35 2026] GET /v3/3629418a38f04d739ab3d8876b6c46c9/volumes/23cb3f90-9cf8-4a34-89c2-4ec20df25572 => generated 928 bytes in 31 msecs (HTTP/1.1 200) 7 headers in 285 bytes (1 switches on core 0) /var/lib/openstack/lib/python3.12/site-packages/pycadf/identifier.py:70: UserWarning: Invalid uuid: cinderv3. To ensure interoperability, identifiers should be a valid uuid. warnings.warn(('Invalid uuid: %s. To ensure interoperability, '
2026-05-28 23:13:36.319 8 INFO cinder.api.openstack.wsgi [None req-dfdde753-c9e2-4da4-acce-605a94976414 9fe8af80fc174fbaaaede40f777fc142 3629418a38f04d739ab3d8876b6c46c9 - - default default] GET http://cinder-api.openstack.svc.cluster.local:8776/v3/3629418a38f04d739ab3d8876b6c46c9/volumes/23cb3f90-9cf8-4a34-89c2-4ec20df25572 /var/lib/openstack/lib/python3.12/site-packages/oslo_context/context.py:101: DeprecationWarning: Policy enforcement is depending on the value of is_admin. This key is deprecated. Please update your policy file to use the standard policy values. warnings.warn(
2026-05-28 23:13:36.335 8 INFO cinder.volume.api [None req-dfdde753-c9e2-4da4-acce-605a94976414 9fe8af80fc174fbaaaede40f777fc142 3629418a38f04d739ab3d8876b6c46c9 - - default default] Volume info retrieved successfully.
2026-05-28 23:13:36.340 8 INFO cinder.api.openstack.wsgi [None req-dfdde753-c9e2-4da4-acce-605a94976414 9fe8af80fc174fbaaaede40f777fc142 3629418a38f04d739ab3d8876b6c46c9 - - default default] http://cinder-api.openstack.svc.cluster.local:8776/v3/3629418a38f04d739ab3d8876b6c46c9/volumes/23cb3f90-9cf8-4a34-89c2-4ec20df25572 returned with HTTP 200 [pid: 8|app: 0|req: 440/879] 10.0.0.235 () {32 vars in 775 bytes} [Thu May 28 23:13:36 2026] GET /v3/3629418a38f04d739ab3d8876b6c46c9/volumes/23cb3f90-9cf8-4a34-89c2-4ec20df25572 => generated 953 bytes in 29 msecs (HTTP/1.1 200) 7 headers in 285 bytes (1 switches on core 0)
2026-05-28 23:13:44.715 7 INFO cinder.api.openstack.wsgi [None req-c3a36ad0-3efc-4d78-945c-43f4e3f41764 9fe8af80fc174fbaaaede40f777fc142 3629418a38f04d739ab3d8876b6c46c9 - - default default] GET http://10.0.0.66:8776/
2026-05-28 23:13:44.715 8 INFO cinder.api.openstack.wsgi [None req-dfdde753-c9e2-4da4-acce-605a94976414 9fe8af80fc174fbaaaede40f777fc142 3629418a38f04d739ab3d8876b6c46c9 - - default default] GET http://10.0.0.66:8776/
2026-05-28 23:13:44.715 7 INFO cinder.api.openstack.wsgi [None req-c3a36ad0-3efc-4d78-945c-43f4e3f41764 9fe8af80fc174fbaaaede40f777fc142 3629418a38f04d739ab3d8876b6c46c9 - - default default] http://10.0.0.66:8776/ returned with HTTP 300
2026-05-28 23:13:44.715 8 INFO cinder.api.openstack.wsgi [None req-dfdde753-c9e2-4da4-acce-605a94976414 9fe8af80fc174fbaaaede40f777fc142 3629418a38f04d739ab3d8876b6c46c9 - - default default] http://10.0.0.66:8776/ returned with HTTP 300 /var/lib/openstack/lib/python3.12/site-packages/pycadf/identifier.py:70: UserWarning: Invalid uuid: cinderv3. To ensure interoperability, identifiers should be a valid uuid. warnings.warn(('Invalid uuid: %s. To ensure interoperability, '
2026-05-28 23:13:49.683 7 INFO cinder.api.openstack.wsgi [None req-1ab25f55-6340-488f-9da8-76e89f340332 9fe8af80fc174fbaaaede40f777fc142 3629418a38f04d739ab3d8876b6c46c9 - - default default] POST http://cinder-api.openstack.svc.cluster.local:8776/v3/3629418a38f04d739ab3d8876b6c46c9/volumes/23cb3f90-9cf8-4a34-89c2-4ec20df25572/action /var/lib/openstack/lib/python3.12/site-packages/oslo_context/context.py:101: DeprecationWarning: Policy enforcement is depending on the value of is_admin. This key is deprecated. Please update your policy file to use the standard policy values. warnings.warn(
2026-05-28 23:13:49.696 7 INFO cinder.volume.api [None req-1ab25f55-6340-488f-9da8-76e89f340332 9fe8af80fc174fbaaaede40f777fc142 3629418a38f04d739ab3d8876b6c46c9 - - default default] Volume info retrieved successfully.
2026-05-28 23:13:49.710 7 INFO cinder.volume.api [None req-1ab25f55-6340-488f-9da8-76e89f340332 9fe8af80fc174fbaaaede40f777fc142 3629418a38f04d739ab3d8876b6c46c9 - - default default] Update volume admin metadata completed successfully.
2026-05-28 23:13:50.216 7 INFO cinder.volume.api [None req-1ab25f55-6340-488f-9da8-76e89f340332 9fe8af80fc174fbaaaede40f777fc142 3629418a38f04d739ab3d8876b6c46c9 - - default default] Attach volume completed successfully.
2026-05-28 23:13:50.216 7 INFO cinder.api.openstack.wsgi [None req-1ab25f55-6340-488f-9da8-76e89f340332 9fe8af80fc174fbaaaede40f777fc142 3629418a38f04d739ab3d8876b6c46c9 - - default default] http://cinder-api.openstack.svc.cluster.local:8776/v3/3629418a38f04d739ab3d8876b6c46c9/volumes/23cb3f90-9cf8-4a34-89c2-4ec20df25572/action returned with HTTP 202 [pid: 7|app: 0|req: 441/882] 10.0.0.235 () {34 vars in 810 bytes} [Thu May 28 23:13:49 2026] POST /v3/3629418a38f04d739ab3d8876b6c46c9/volumes/23cb3f90-9cf8-4a34-89c2-4ec20df25572/action => generated 0 bytes in 542 msecs (HTTP/1.1 202) 7 headers in 289 bytes (1 switches on core 0) /var/lib/openstack/lib/python3.12/site-packages/pycadf/identifier.py:70: UserWarning: Invalid uuid: cinderv3. To ensure interoperability, identifiers should be a valid uuid. warnings.warn(('Invalid uuid: %s. To ensure interoperability, '
2026-05-28 23:13:50.230 8 INFO cinder.api.openstack.wsgi [None req-943811d8-b1c6-4b62-9022-5843d7442fc2 9fe8af80fc174fbaaaede40f777fc142 3629418a38f04d739ab3d8876b6c46c9 - - default default] GET http://cinder-api.openstack.svc.cluster.local:8776/v3/3629418a38f04d739ab3d8876b6c46c9/volumes/23cb3f90-9cf8-4a34-89c2-4ec20df25572 /var/lib/openstack/lib/python3.12/site-packages/oslo_context/context.py:101: DeprecationWarning: Policy enforcement is depending on the value of is_admin. This key is deprecated. Please update your policy file to use the standard policy values. warnings.warn(
2026-05-28 23:13:50.253 8 INFO cinder.volume.api [None req-943811d8-b1c6-4b62-9022-5843d7442fc2 9fe8af80fc174fbaaaede40f777fc142 3629418a38f04d739ab3d8876b6c46c9 - - default default] Volume info retrieved successfully.
2026-05-28 23:13:50.257 8 INFO cinder.api.openstack.wsgi [None req-943811d8-b1c6-4b62-9022-5843d7442fc2 9fe8af80fc174fbaaaede40f777fc142 3629418a38f04d739ab3d8876b6c46c9 - - default default] http://cinder-api.openstack.svc.cluster.local:8776/v3/3629418a38f04d739ab3d8876b6c46c9/volumes/23cb3f90-9cf8-4a34-89c2-4ec20df25572 returned with HTTP 200 [pid: 8|app: 0|req: 442/883] 10.0.0.235 () {32 vars in 775 bytes} [Thu May 28 23:13:50 2026] GET /v3/3629418a38f04d739ab3d8876b6c46c9/volumes/23cb3f90-9cf8-4a34-89c2-4ec20df25572 => generated 1287 bytes in 33 msecs (HTTP/1.1 200) 7 headers in 286 bytes (1 switches on core 0) /var/lib/openstack/lib/python3.12/site-packages/pycadf/identifier.py:70: UserWarning: Invalid uuid: cinderv3. To ensure interoperability, identifiers should be a valid uuid. warnings.warn(('Invalid uuid: %s. To ensure interoperability, '
2026-05-28 23:13:50.278 7 INFO cinder.api.openstack.wsgi [None req-7c7c351a-586e-40e3-b014-9eb79602b95d 9fe8af80fc174fbaaaede40f777fc142 3629418a38f04d739ab3d8876b6c46c9 - - default default] POST http://cinder-api.openstack.svc.cluster.local:8776/v3/3629418a38f04d739ab3d8876b6c46c9/volumes/23cb3f90-9cf8-4a34-89c2-4ec20df25572/action /var/lib/openstack/lib/python3.12/site-packages/oslo_context/context.py:101: DeprecationWarning: Policy enforcement is depending on the value of is_admin. This key is deprecated. Please update your policy file to use the standard policy values. warnings.warn(
2026-05-28 23:13:50.294 7 INFO cinder.volume.api [None req-7c7c351a-586e-40e3-b014-9eb79602b95d 9fe8af80fc174fbaaaede40f777fc142 3629418a38f04d739ab3d8876b6c46c9 - - default default] Volume info retrieved successfully.
2026-05-28 23:13:50.798 7 INFO cinder.volume.api [None req-7c7c351a-586e-40e3-b014-9eb79602b95d 9fe8af80fc174fbaaaede40f777fc142 3629418a38f04d739ab3d8876b6c46c9 - - default default] Detach volume completed successfully.
2026-05-28 23:13:50.798 7 INFO cinder.api.openstack.wsgi [None req-7c7c351a-586e-40e3-b014-9eb79602b95d 9fe8af80fc174fbaaaede40f777fc142 3629418a38f04d739ab3d8876b6c46c9 - - default default] http://cinder-api.openstack.svc.cluster.local:8776/v3/3629418a38f04d739ab3d8876b6c46c9/volumes/23cb3f90-9cf8-4a34-89c2-4ec20df25572/action returned with HTTP 202 [pid: 7|app: 0|req: 442/884] 10.0.0.235 () {34 vars in 810 bytes} [Thu May 28 23:13:50 2026] POST /v3/3629418a38f04d739ab3d8876b6c46c9/volumes/23cb3f90-9cf8-4a34-89c2-4ec20df25572/action => generated 0 bytes in 529 msecs (HTTP/1.1 202) 7 headers in 289 bytes (1 switches on core 0) /var/lib/openstack/lib/python3.12/site-packages/pycadf/identifier.py:70: UserWarning: Invalid uuid: cinderv3. To ensure interoperability, identifiers should be a valid uuid. warnings.warn(('Invalid uuid: %s. To ensure interoperability, '
2026-05-28 23:13:50.814 8 INFO cinder.api.openstack.wsgi [None req-ce933f89-4970-4c29-93e7-f453d9efd97f 9fe8af80fc174fbaaaede40f777fc142 3629418a38f04d739ab3d8876b6c46c9 - - default default] GET http://cinder-api.openstack.svc.cluster.local:8776/v3/3629418a38f04d739ab3d8876b6c46c9/volumes/23cb3f90-9cf8-4a34-89c2-4ec20df25572 /var/lib/openstack/lib/python3.12/site-packages/oslo_context/context.py:101: DeprecationWarning: Policy enforcement is depending on the value of is_admin. This key is deprecated. Please update your policy file to use the standard policy values. warnings.warn(
2026-05-28 23:13:50.832 8 INFO cinder.volume.api [None req-ce933f89-4970-4c29-93e7-f453d9efd97f 9fe8af80fc174fbaaaede40f777fc142 3629418a38f04d739ab3d8876b6c46c9 - - default default] Volume info retrieved successfully.
2026-05-28 23:13:50.841 8 INFO cinder.api.openstack.wsgi [None req-ce933f89-4970-4c29-93e7-f453d9efd97f 9fe8af80fc174fbaaaede40f777fc142 3629418a38f04d739ab3d8876b6c46c9 - - default default] http://cinder-api.openstack.svc.cluster.local:8776/v3/3629418a38f04d739ab3d8876b6c46c9/volumes/23cb3f90-9cf8-4a34-89c2-4ec20df25572 returned with HTTP 200 [pid: 8|app: 0|req: 443/885] 10.0.0.235 () {32 vars in 775 bytes} [Thu May 28 23:13:50 2026] GET /v3/3629418a38f04d739ab3d8876b6c46c9/volumes/23cb3f90-9cf8-4a34-89c2-4ec20df25572 => generated 972 bytes in 34 msecs (HTTP/1.1 200) 7 headers in 285 bytes (1 switches on core 0)
2026-05-28 23:13:54.715 7 INFO cinder.api.openstack.wsgi [None req-7c7c351a-586e-40e3-b014-9eb79602b95d 9fe8af80fc174fbaaaede40f777fc142 3629418a38f04d739ab3d8876b6c46c9 - - default default] GET http://10.0.0.66:8776/
2026-05-28 23:13:54.715 7 INFO cinder.api.openstack.wsgi [None req-7c7c351a-586e-40e3-b014-9eb79602b95d 9fe8af80fc174fbaaaede40f777fc142 3629418a38f04d739ab3d8876b6c46c9 - - default default] http://10.0.0.66:8776/ returned with HTTP 300
2026-05-28 23:13:54.716 8 INFO cinder.api.openstack.wsgi [None req-ce933f89-4970-4c29-93e7-f453d9efd97f 9fe8af80fc174fbaaaede40f777fc142 3629418a38f04d739ab3d8876b6c46c9 - - default default] GET http://10.0.0.66:8776/
2026-05-28 23:13:54.717 8 INFO cinder.api.openstack.wsgi [None req-ce933f89-4970-4c29-93e7-f453d9efd97f 9fe8af80fc174fbaaaede40f777fc142 3629418a38f04d739ab3d8876b6c46c9 - - default default] http://10.0.0.66:8776/ returned with HTTP 300 /var/lib/openstack/lib/python3.12/site-packages/pycadf/identifier.py:70: UserWarning: Invalid uuid: cinderv3. To ensure interoperability, identifiers should be a valid uuid. warnings.warn(('Invalid uuid: %s. To ensure interoperability, '
2026-05-28 23:13:57.809 7 INFO cinder.api.openstack.wsgi [None req-3b648bfb-3ad1-4dcf-b162-b477e321c296 9fe8af80fc174fbaaaede40f777fc142 3629418a38f04d739ab3d8876b6c46c9 - - default default] GET http://cinder-api.openstack.svc.cluster.local:8776/v3/3629418a38f04d739ab3d8876b6c46c9/volumes/23cb3f90-9cf8-4a34-89c2-4ec20df25572 /var/lib/openstack/lib/python3.12/site-packages/oslo_context/context.py:101: DeprecationWarning: Policy enforcement is depending on the value of is_admin. This key is deprecated. Please update your policy file to use the standard policy values. warnings.warn(
2026-05-28 23:13:57.833 7 INFO cinder.volume.api [None req-3b648bfb-3ad1-4dcf-b162-b477e321c296 9fe8af80fc174fbaaaede40f777fc142 3629418a38f04d739ab3d8876b6c46c9 - - default default] Volume info retrieved successfully.
2026-05-28 23:13:57.840 7 INFO cinder.api.openstack.wsgi [None req-3b648bfb-3ad1-4dcf-b162-b477e321c296 9fe8af80fc174fbaaaede40f777fc142 3629418a38f04d739ab3d8876b6c46c9 - - default default] http://cinder-api.openstack.svc.cluster.local:8776/v3/3629418a38f04d739ab3d8876b6c46c9/volumes/23cb3f90-9cf8-4a34-89c2-4ec20df25572 returned with HTTP 200 [pid: 7|app: 0|req: 444/888] 10.0.0.235 () {32 vars in 775 bytes} [Thu May 28 23:13:57 2026] GET /v3/3629418a38f04d739ab3d8876b6c46c9/volumes/23cb3f90-9cf8-4a34-89c2-4ec20df25572 => generated 972 bytes in 39 msecs (HTTP/1.1 200) 7 headers in 285 bytes (1 switches on core 0) /var/lib/openstack/lib/python3.12/site-packages/pycadf/identifier.py:70: UserWarning: Invalid uuid: cinderv3. To ensure interoperability, identifiers should be a valid uuid. warnings.warn(('Invalid uuid: %s. To ensure interoperability, '
2026-05-28 23:13:57.863 8 INFO cinder.api.openstack.wsgi [None req-a686c570-bbff-4119-a23d-af6d8b128028 9fe8af80fc174fbaaaede40f777fc142 3629418a38f04d739ab3d8876b6c46c9 - - default default] DELETE http://cinder-api.openstack.svc.cluster.local:8776/v3/3629418a38f04d739ab3d8876b6c46c9/volumes/23cb3f90-9cf8-4a34-89c2-4ec20df25572
2026-05-28 23:13:57.863 8 INFO cinder.api.v3.volumes [None req-a686c570-bbff-4119-a23d-af6d8b128028 9fe8af80fc174fbaaaede40f777fc142 3629418a38f04d739ab3d8876b6c46c9 - - default default] Delete volume with id: 23cb3f90-9cf8-4a34-89c2-4ec20df25572 /var/lib/openstack/lib/python3.12/site-packages/oslo_context/context.py:101: DeprecationWarning: Policy enforcement is depending on the value of is_admin. This key is deprecated. Please update your policy file to use the standard policy values. warnings.warn(
2026-05-28 23:13:57.871 8 INFO cinder.volume.api [None req-a686c570-bbff-4119-a23d-af6d8b128028 9fe8af80fc174fbaaaede40f777fc142 3629418a38f04d739ab3d8876b6c46c9 - - default default] Volume info retrieved successfully.
2026-05-28 23:13:57.894 8 INFO cinder.volume.api [None req-a686c570-bbff-4119-a23d-af6d8b128028 9fe8af80fc174fbaaaede40f777fc142 3629418a38f04d739ab3d8876b6c46c9 - - default default] Delete volume request issued successfully.
2026-05-28 23:13:57.894 8 INFO cinder.api.openstack.wsgi [None req-a686c570-bbff-4119-a23d-af6d8b128028 9fe8af80fc174fbaaaede40f777fc142 3629418a38f04d739ab3d8876b6c46c9 - - default default] http://cinder-api.openstack.svc.cluster.local:8776/v3/3629418a38f04d739ab3d8876b6c46c9/volumes/23cb3f90-9cf8-4a34-89c2-4ec20df25572 returned with HTTP 202 [pid: 8|app: 0|req: 445/889] 10.0.0.235 () {32 vars in 778 bytes} [Thu May 28 23:13:57 2026] DELETE /v3/3629418a38f04d739ab3d8876b6c46c9/volumes/23cb3f90-9cf8-4a34-89c2-4ec20df25572 => generated 0 bytes in 39 msecs (HTTP/1.1 202) 6 headers in 233 bytes (1 switches on core 0) /var/lib/openstack/lib/python3.12/site-packages/pycadf/identifier.py:70: UserWarning: Invalid uuid: cinderv3. To ensure interoperability, identifiers should be a valid uuid. warnings.warn(('Invalid uuid: %s. To ensure interoperability, '
2026-05-28 23:13:57.906 7 INFO cinder.api.openstack.wsgi [None req-453f41f8-be75-44ca-a597-fe0f4e46c7c9 9fe8af80fc174fbaaaede40f777fc142 3629418a38f04d739ab3d8876b6c46c9 - - default default] GET http://cinder-api.openstack.svc.cluster.local:8776/v3/3629418a38f04d739ab3d8876b6c46c9/volumes/23cb3f90-9cf8-4a34-89c2-4ec20df25572 /var/lib/openstack/lib/python3.12/site-packages/oslo_context/context.py:101: DeprecationWarning: Policy enforcement is depending on the value of is_admin. This key is deprecated. Please update your policy file to use the standard policy values. warnings.warn(
2026-05-28 23:13:57.922 7 INFO cinder.volume.api [None req-453f41f8-be75-44ca-a597-fe0f4e46c7c9 9fe8af80fc174fbaaaede40f777fc142 3629418a38f04d739ab3d8876b6c46c9 - - default default] Volume info retrieved successfully.
2026-05-28 23:13:57.930 7 INFO cinder.api.openstack.wsgi [None req-453f41f8-be75-44ca-a597-fe0f4e46c7c9 9fe8af80fc174fbaaaede40f777fc142 3629418a38f04d739ab3d8876b6c46c9 - - default default] http://cinder-api.openstack.svc.cluster.local:8776/v3/3629418a38f04d739ab3d8876b6c46c9/volumes/23cb3f90-9cf8-4a34-89c2-4ec20df25572 returned with HTTP 200 [pid: 7|app: 0|req: 445/890] 10.0.0.235 () {32 vars in 775 bytes} [Thu May 28 23:13:57 2026] GET /v3/3629418a38f04d739ab3d8876b6c46c9/volumes/23cb3f90-9cf8-4a34-89c2-4ec20df25572 => generated 971 bytes in 30 msecs (HTTP/1.1 200) 7 headers in 285 bytes (1 switches on core 0) /var/lib/openstack/lib/python3.12/site-packages/pycadf/identifier.py:70: UserWarning: Invalid uuid: cinderv3. To ensure interoperability, identifiers should be a valid uuid. warnings.warn(('Invalid uuid: %s. To ensure interoperability, '
2026-05-28 23:13:58.953 8 INFO cinder.api.openstack.wsgi [None req-f4d2ed7f-2bc9-4f3c-878c-87e38e388c2d 9fe8af80fc174fbaaaede40f777fc142 3629418a38f04d739ab3d8876b6c46c9 - - default default] GET http://cinder-api.openstack.svc.cluster.local:8776/v3/3629418a38f04d739ab3d8876b6c46c9/volumes/23cb3f90-9cf8-4a34-89c2-4ec20df25572
2026-05-28 23:13:58.961 8 INFO cinder.api.openstack.wsgi [None req-f4d2ed7f-2bc9-4f3c-878c-87e38e388c2d 9fe8af80fc174fbaaaede40f777fc142 3629418a38f04d739ab3d8876b6c46c9 - - default default] http://cinder-api.openstack.svc.cluster.local:8776/v3/3629418a38f04d739ab3d8876b6c46c9/volumes/23cb3f90-9cf8-4a34-89c2-4ec20df25572 returned with HTTP 404 [pid: 8|app: 0|req: 446/891] 10.0.0.235 () {32 vars in 775 bytes} [Thu May 28 23:13:58 2026] GET /v3/3629418a38f04d739ab3d8876b6c46c9/volumes/23cb3f90-9cf8-4a34-89c2-4ec20df25572 => generated 109 bytes in 14 msecs (HTTP/1.1 404) 7 headers in 292 bytes (1 switches on core 0)
2026-05-28 23:14:04.715 7 INFO cinder.api.openstack.wsgi [None req-453f41f8-be75-44ca-a597-fe0f4e46c7c9 9fe8af80fc174fbaaaede40f777fc142 3629418a38f04d739ab3d8876b6c46c9 - - default default] GET http://10.0.0.66:8776/
2026-05-28 23:14:04.716 7 INFO cinder.api.openstack.wsgi [None req-453f41f8-be75-44ca-a597-fe0f4e46c7c9 9fe8af80fc174fbaaaede40f777fc142 3629418a38f04d739ab3d8876b6c46c9 - - default default] http://10.0.0.66:8776/ returned with HTTP 300
2026-05-28 23:14:04.717 8 INFO cinder.api.openstack.wsgi [None req-f4d2ed7f-2bc9-4f3c-878c-87e38e388c2d 9fe8af80fc174fbaaaede40f777fc142 3629418a38f04d739ab3d8876b6c46c9 - - default default] GET http://10.0.0.66:8776/
2026-05-28 23:14:04.718 8 INFO cinder.api.openstack.wsgi [None req-f4d2ed7f-2bc9-4f3c-878c-87e38e388c2d 9fe8af80fc174fbaaaede40f777fc142 3629418a38f04d739ab3d8876b6c46c9 - - default default] http://10.0.0.66:8776/ returned with HTTP 300 /var/lib/openstack/lib/python3.12/site-packages/pycadf/identifier.py:70: UserWarning: Invalid uuid: cinderv3. To ensure interoperability, identifiers should be a valid uuid. warnings.warn(('Invalid uuid: %s. To ensure interoperability, '
2026-05-28 23:14:05.013 7 INFO cinder.api.openstack.wsgi [req-93d4aaa1-4fbc-4ff8-8de2-fc60f5b1481c req-bdc4d9bc-516d-450b-bb41-7ab3c1e21175 fe7ff0380d9741f68dc783212c5c9cc1 95c51141f6ef4eea80b6b33b888199a2 - - default default] GET http://cinder-api.openstack.svc.cluster.local:8776/v3/95c51141f6ef4eea80b6b33b888199a2/attachments?instance_id=41b5a7fb-1d78-4fb3-a834-be80e271a201
2026-05-28 23:14:05.029 7 INFO cinder.api.openstack.wsgi [req-93d4aaa1-4fbc-4ff8-8de2-fc60f5b1481c req-bdc4d9bc-516d-450b-bb41-7ab3c1e21175 fe7ff0380d9741f68dc783212c5c9cc1 95c51141f6ef4eea80b6b33b888199a2 - - default default] http://cinder-api.openstack.svc.cluster.local:8776/v3/95c51141f6ef4eea80b6b33b888199a2/attachments?instance_id=41b5a7fb-1d78-4fb3-a834-be80e271a201 returned with HTTP 200 [pid: 7|app: 0|req: 447/894] 199.19.213.122 () {36 vars in 1104 bytes} [Thu May 28 23:14:05 2026] GET /v3/95c51141f6ef4eea80b6b33b888199a2/attachments?instance_id=41b5a7fb-1d78-4fb3-a834-be80e271a201 => generated 19 bytes in 25 msecs (HTTP/1.1 200) 7 headers in 285 bytes (1 switches on core 0)
2026-05-28 23:14:14.714 8 INFO cinder.api.openstack.wsgi [None req-f4d2ed7f-2bc9-4f3c-878c-87e38e388c2d 9fe8af80fc174fbaaaede40f777fc142 3629418a38f04d739ab3d8876b6c46c9 - - default default] GET http://10.0.0.66:8776/
2026-05-28 23:14:14.715 7 INFO cinder.api.openstack.wsgi [req-93d4aaa1-4fbc-4ff8-8de2-fc60f5b1481c req-bdc4d9bc-516d-450b-bb41-7ab3c1e21175 fe7ff0380d9741f68dc783212c5c9cc1 95c51141f6ef4eea80b6b33b888199a2 - - default default] GET http://10.0.0.66:8776/
2026-05-28 23:14:14.716 7 INFO cinder.api.openstack.wsgi [req-93d4aaa1-4fbc-4ff8-8de2-fc60f5b1481c req-bdc4d9bc-516d-450b-bb41-7ab3c1e21175 fe7ff0380d9741f68dc783212c5c9cc1 95c51141f6ef4eea80b6b33b888199a2 - - default default] http://10.0.0.66:8776/ returned with HTTP 300
2026-05-28 23:14:14.717 8 INFO cinder.api.openstack.wsgi [None req-f4d2ed7f-2bc9-4f3c-878c-87e38e388c2d 9fe8af80fc174fbaaaede40f777fc142 3629418a38f04d739ab3d8876b6c46c9 - - default default] http://10.0.0.66:8776/ returned with HTTP 300
2026-05-28 23:14:24.715 7 INFO cinder.api.openstack.wsgi [req-93d4aaa1-4fbc-4ff8-8de2-fc60f5b1481c req-bdc4d9bc-516d-450b-bb41-7ab3c1e21175 fe7ff0380d9741f68dc783212c5c9cc1 95c51141f6ef4eea80b6b33b888199a2 - - default default] GET http://10.0.0.66:8776/
2026-05-28 23:14:24.716 7 INFO cinder.api.openstack.wsgi [req-93d4aaa1-4fbc-4ff8-8de2-fc60f5b1481c req-bdc4d9bc-516d-450b-bb41-7ab3c1e21175 fe7ff0380d9741f68dc783212c5c9cc1 95c51141f6ef4eea80b6b33b888199a2 - - default default] http://10.0.0.66:8776/ returned with HTTP 300
2026-05-28 23:14:24.717 8 INFO cinder.api.openstack.wsgi [None req-f4d2ed7f-2bc9-4f3c-878c-87e38e388c2d 9fe8af80fc174fbaaaede40f777fc142 3629418a38f04d739ab3d8876b6c46c9 - - default default] GET http://10.0.0.66:8776/
2026-05-28 23:14:24.718 8 INFO cinder.api.openstack.wsgi [None req-f4d2ed7f-2bc9-4f3c-878c-87e38e388c2d 9fe8af80fc174fbaaaede40f777fc142 3629418a38f04d739ab3d8876b6c46c9 - - default default] http://10.0.0.66:8776/ returned with HTTP 300
2026-05-28 23:14:26.086 7 INFO cinder.api.openstack.wsgi [None req-c3fc93cd-8e78-4907-b96c-d935bc8d1c70 e4aa3fb471a74501874a56b17c8309e9 18600092a7214dd695453fd545f57713 - - default default] GET http://cinder-api.openstack.svc.cluster.local:8776/v3/18600092a7214dd695453fd545f57713/volumes/detail?all_tenants=true
2026-05-28 23:14:26.095 7 INFO cinder.volume.api [None req-c3fc93cd-8e78-4907-b96c-d935bc8d1c70 e4aa3fb471a74501874a56b17c8309e9 18600092a7214dd695453fd545f57713 - - default default] Get all volumes completed successfully.
2026-05-28 23:14:26.097 7 INFO cinder.api.openstack.wsgi [None req-c3fc93cd-8e78-4907-b96c-d935bc8d1c70 e4aa3fb471a74501874a56b17c8309e9 18600092a7214dd695453fd545f57713 - - default default] http://cinder-api.openstack.svc.cluster.local:8776/v3/18600092a7214dd695453fd545f57713/volumes/detail?all_tenants=true returned with HTTP 200 [pid: 7|app: 0|req: 450/899] 10.0.0.64 () {28 vars in 683 bytes} [Thu May 28 23:14:25 2026] GET /v3/18600092a7214dd695453fd545f57713/volumes/detail?all_tenants=true => generated 15 bytes in 130 msecs (HTTP/1.1 200) 7 headers in 284 bytes (1 switches on core 0)
2026-05-28 23:14:26.109 8 INFO cinder.api.openstack.wsgi [None req-ab7b2704-d9f6-48d2-b7f9-f48317ceaebb e4aa3fb471a74501874a56b17c8309e9 18600092a7214dd695453fd545f57713 - - default default] GET http://cinder-api.openstack.svc.cluster.local:8776/v3/18600092a7214dd695453fd545f57713/os-services
2026-05-28 23:14:26.114 8 INFO cinder.api.openstack.wsgi [None req-ab7b2704-d9f6-48d2-b7f9-f48317ceaebb e4aa3fb471a74501874a56b17c8309e9 18600092a7214dd695453fd545f57713 - - default default] http://cinder-api.openstack.svc.cluster.local:8776/v3/18600092a7214dd695453fd545f57713/os-services returned with HTTP 200 [pid: 8|app: 0|req: 450/900] 10.0.0.64 () {28 vars in 644 bytes} [Thu May 28 23:14:26 2026] GET /v3/18600092a7214dd695453fd545f57713/os-services => generated 646 bytes in 12 msecs (HTTP/1.1 200) 7 headers in 285 bytes (1 switches on core 0)
2026-05-28 23:14:26.124 7 INFO cinder.api.openstack.wsgi [None req-301e2c68-4d7a-474b-9509-07d4097a254e e4aa3fb471a74501874a56b17c8309e9 18600092a7214dd695453fd545f57713 - - default default] GET http://cinder-api.openstack.svc.cluster.local:8776/v3/18600092a7214dd695453fd545f57713/snapshots?all_tenants=true
2026-05-28 23:14:26.130 7 INFO cinder.volume.api [None req-301e2c68-4d7a-474b-9509-07d4097a254e e4aa3fb471a74501874a56b17c8309e9 18600092a7214dd695453fd545f57713 - - default default] Get all snapshots completed successfully.
2026-05-28 23:14:26.130 7 INFO cinder.api.openstack.wsgi [None req-301e2c68-4d7a-474b-9509-07d4097a254e e4aa3fb471a74501874a56b17c8309e9 18600092a7214dd695453fd545f57713 - - default default] http://cinder-api.openstack.svc.cluster.local:8776/v3/18600092a7214dd695453fd545f57713/snapshots?all_tenants=true returned with HTTP 200 [pid: 7|app: 0|req: 451/901] 10.0.0.64 () {28 vars in 673 bytes} [Thu May 28 23:14:26 2026] GET /v3/18600092a7214dd695453fd545f57713/snapshots?all_tenants=true => generated 17 bytes in 14 msecs (HTTP/1.1 200) 7 headers in 284 bytes (1 switches on core 0)
2026-05-28 23:14:26.140 8 INFO cinder.api.openstack.wsgi [None req-75a98458-b4e6-4011-b6a2-a5b5b96de563 e4aa3fb471a74501874a56b17c8309e9 18600092a7214dd695453fd545f57713 - - default default] GET http://cinder-api.openstack.svc.cluster.local:8776/v3/18600092a7214dd695453fd545f57713/volumes/detail?all_tenants=true
2026-05-28 23:14:26.149 8 INFO cinder.volume.api [None req-75a98458-b4e6-4011-b6a2-a5b5b96de563 e4aa3fb471a74501874a56b17c8309e9 18600092a7214dd695453fd545f57713 - - default default] Get all volumes completed successfully.
2026-05-28 23:14:26.152 8 INFO cinder.api.openstack.wsgi [None req-75a98458-b4e6-4011-b6a2-a5b5b96de563 e4aa3fb471a74501874a56b17c8309e9 18600092a7214dd695453fd545f57713 - - default default] http://cinder-api.openstack.svc.cluster.local:8776/v3/18600092a7214dd695453fd545f57713/volumes/detail?all_tenants=true returned with HTTP 200 [pid: 8|app: 0|req: 451/902] 10.0.0.64 () {28 vars in 683 bytes} [Thu May 28 23:14:26 2026] GET /v3/18600092a7214dd695453fd545f57713/volumes/detail?all_tenants=true => generated 15 bytes in 19 msecs (HTTP/1.1 200) 7 headers in 284 bytes (1 switches on core 0)
2026-05-28 23:14:26.166 7 INFO cinder.api.openstack.wsgi [None req-41125a98-66fa-4847-8285-111a721af7e7 e4aa3fb471a74501874a56b17c8309e9 18600092a7214dd695453fd545f57713 - - default default] GET http://cinder-api.openstack.svc.cluster.local:8776/v3/18600092a7214dd695453fd545f57713/scheduler-stats/get_pools?detail=true
2026-05-28 23:14:26.669 7 INFO cinder.api.openstack.wsgi [None req-41125a98-66fa-4847-8285-111a721af7e7 e4aa3fb471a74501874a56b17c8309e9 18600092a7214dd695453fd545f57713 - - default default] http://cinder-api.openstack.svc.cluster.local:8776/v3/18600092a7214dd695453fd545f57713/scheduler-stats/get_pools?detail=true returned with HTTP 200 [pid: 7|app: 0|req: 452/903] 10.0.0.64 () {28 vars in 695 bytes} [Thu May 28 23:14:26 2026] GET /v3/18600092a7214dd695453fd545f57713/scheduler-stats/get_pools?detail=true => generated 670 bytes in 512 msecs (HTTP/1.1 200) 7 headers in 285 bytes (1 switches on core 0)
2026-05-28 23:14:26.715 8 INFO cinder.api.openstack.wsgi [None req-a262ce4a-9916-4345-b9e5-cb851e7d8961 e4aa3fb471a74501874a56b17c8309e9 18600092a7214dd695453fd545f57713 - - default default] GET http://cinder-api.openstack.svc.cluster.local:8776/v3/18600092a7214dd695453fd545f57713/os-quota-sets/0078f472c1224f0cb67b7c413a9031e8?usage=true
2026-05-28 23:14:26.742 8 INFO cinder.api.openstack.wsgi [None req-a262ce4a-9916-4345-b9e5-cb851e7d8961 e4aa3fb471a74501874a56b17c8309e9 18600092a7214dd695453fd545f57713 - - default default] http://cinder-api.openstack.svc.cluster.local:8776/v3/18600092a7214dd695453fd545f57713/os-quota-sets/0078f472c1224f0cb67b7c413a9031e8?usage=true returned with HTTP 200 [pid: 8|app: 0|req: 452/904] 10.0.0.64 () {28 vars in 735 bytes} [Thu May 28 23:14:26 2026] GET /v3/18600092a7214dd695453fd545f57713/os-quota-sets/0078f472c1224f0cb67b7c413a9031e8?usage=true => generated 847 bytes in 37 msecs (HTTP/1.1 200) 7 headers in 285 bytes (1 switches on core 0)
2026-05-28 23:14:26.757 7 INFO cinder.api.openstack.wsgi [None req-16f0cbc3-55fd-4b40-afc5-69d28bcd9e9c e4aa3fb471a74501874a56b17c8309e9 18600092a7214dd695453fd545f57713 - - default default] GET http://cinder-api.openstack.svc.cluster.local:8776/v3/18600092a7214dd695453fd545f57713/os-quota-sets/18600092a7214dd695453fd545f57713?usage=true
2026-05-28 23:14:26.785 7 INFO cinder.api.openstack.wsgi [None req-16f0cbc3-55fd-4b40-afc5-69d28bcd9e9c e4aa3fb471a74501874a56b17c8309e9 18600092a7214dd695453fd545f57713 - - default default] http://cinder-api.openstack.svc.cluster.local:8776/v3/18600092a7214dd695453fd545f57713/os-quota-sets/18600092a7214dd695453fd545f57713?usage=true returned with HTTP 200 [pid: 7|app: 0|req: 453/905] 10.0.0.64 () {28 vars in 735 bytes} [Thu May 28 23:14:26 2026] GET /v3/18600092a7214dd695453fd545f57713/os-quota-sets/18600092a7214dd695453fd545f57713?usage=true => generated 845 bytes in 38 msecs (HTTP/1.1 200) 7 headers in 285 bytes (1 switches on core 0)
2026-05-28 23:14:26.795 8 INFO cinder.api.openstack.wsgi [None req-8a526c3e-4bb0-40bd-beae-ea56d874ed2d e4aa3fb471a74501874a56b17c8309e9 18600092a7214dd695453fd545f57713 - - default default] GET http://cinder-api.openstack.svc.cluster.local:8776/v3/18600092a7214dd695453fd545f57713/os-quota-sets/1c4ad0f1fd874c9f9263ff718edab200?usage=true
2026-05-28 23:14:26.820 8 INFO cinder.api.openstack.wsgi [None req-8a526c3e-4bb0-40bd-beae-ea56d874ed2d e4aa3fb471a74501874a56b17c8309e9 18600092a7214dd695453fd545f57713 - - default default] http://cinder-api.openstack.svc.cluster.local:8776/v3/18600092a7214dd695453fd545f57713/os-quota-sets/1c4ad0f1fd874c9f9263ff718edab200?usage=true returned with HTTP 200 [pid: 8|app: 0|req: 453/906] 10.0.0.64 () {28 vars in 735 bytes} [Thu May 28 23:14:26 2026] GET /v3/18600092a7214dd695453fd545f57713/os-quota-sets/1c4ad0f1fd874c9f9263ff718edab200?usage=true => generated 847 bytes in 30 msecs (HTTP/1.1 200) 7 headers in 285 bytes (1 switches on core 0)
2026-05-28 23:14:26.833 7 INFO cinder.api.openstack.wsgi [None req-5f562659-7ffc-4f7b-b794-69395af91cb8 e4aa3fb471a74501874a56b17c8309e9 18600092a7214dd695453fd545f57713 - - default default] GET http://cinder-api.openstack.svc.cluster.local:8776/v3/18600092a7214dd695453fd545f57713/os-quota-sets/262e5850d64b4dcc9d640cf7e31ddd26?usage=true
2026-05-28 23:14:26.855 7 INFO cinder.api.openstack.wsgi [None req-5f562659-7ffc-4f7b-b794-69395af91cb8 e4aa3fb471a74501874a56b17c8309e9 18600092a7214dd695453fd545f57713 - - default default] http://cinder-api.openstack.svc.cluster.local:8776/v3/18600092a7214dd695453fd545f57713/os-quota-sets/262e5850d64b4dcc9d640cf7e31ddd26?usage=true returned with HTTP 200 [pid: 7|app: 0|req: 454/907] 10.0.0.64 () {28 vars in 735 bytes} [Thu May 28 23:14:26 2026] GET /v3/18600092a7214dd695453fd545f57713/os-quota-sets/262e5850d64b4dcc9d640cf7e31ddd26?usage=true => generated 847 bytes in 31 msecs (HTTP/1.1 200) 7 headers in 285 bytes (1 switches on core 0)
2026-05-28 23:14:26.868 8 INFO cinder.api.openstack.wsgi [None req-56f34716-1a4d-47bf-8cd0-52aefc41d75e e4aa3fb471a74501874a56b17c8309e9 18600092a7214dd695453fd545f57713 - - default default] GET http://cinder-api.openstack.svc.cluster.local:8776/v3/18600092a7214dd695453fd545f57713/os-quota-sets/2bbdee35d40b4485a682e6ea5106c86f?usage=true
2026-05-28 23:14:26.890 8 INFO cinder.api.openstack.wsgi [None req-56f34716-1a4d-47bf-8cd0-52aefc41d75e e4aa3fb471a74501874a56b17c8309e9 18600092a7214dd695453fd545f57713 - - default default] http://cinder-api.openstack.svc.cluster.local:8776/v3/18600092a7214dd695453fd545f57713/os-quota-sets/2bbdee35d40b4485a682e6ea5106c86f?usage=true returned with HTTP 200 [pid: 8|app: 0|req: 454/908] 10.0.0.64 () {28 vars in 735 bytes} [Thu May 28 23:14:26 2026] GET /v3/18600092a7214dd695453fd545f57713/os-quota-sets/2bbdee35d40b4485a682e6ea5106c86f?usage=true => generated 847 bytes in 31 msecs (HTTP/1.1 200) 7 headers in 285 bytes (1 switches on core 0)
2026-05-28 23:14:26.905 7 INFO cinder.api.openstack.wsgi [None req-9b92e237-3389-44f1-885c-1953438d54c3 e4aa3fb471a74501874a56b17c8309e9 18600092a7214dd695453fd545f57713 - - default default] GET http://cinder-api.openstack.svc.cluster.local:8776/v3/18600092a7214dd695453fd545f57713/os-quota-sets/5f3138703fb64fdb838f05f36cfd6e43?usage=true
2026-05-28 23:14:26.924 7 INFO cinder.api.openstack.wsgi [None req-9b92e237-3389-44f1-885c-1953438d54c3 e4aa3fb471a74501874a56b17c8309e9 18600092a7214dd695453fd545f57713 - - default default] http://cinder-api.openstack.svc.cluster.local:8776/v3/18600092a7214dd695453fd545f57713/os-quota-sets/5f3138703fb64fdb838f05f36cfd6e43?usage=true returned with HTTP 200 [pid: 7|app: 0|req: 455/909] 10.0.0.64 () {28 vars in 735 bytes} [Thu May 28 23:14:26 2026] GET /v3/18600092a7214dd695453fd545f57713/os-quota-sets/5f3138703fb64fdb838f05f36cfd6e43?usage=true => generated 847 bytes in 28 msecs (HTTP/1.1 200) 7 headers in 285 bytes (1 switches on core 0)
2026-05-28 23:14:26.938 8 INFO cinder.api.openstack.wsgi [None req-74c22e3e-9ad0-46ff-bb50-82f0e000e4ea e4aa3fb471a74501874a56b17c8309e9 18600092a7214dd695453fd545f57713 - - default default] GET http://cinder-api.openstack.svc.cluster.local:8776/v3/18600092a7214dd695453fd545f57713/os-quota-sets/70e88da3e7ba4bd8a4df093d73208dc0?usage=true
2026-05-28 23:14:26.962 8 INFO cinder.api.openstack.wsgi [None req-74c22e3e-9ad0-46ff-bb50-82f0e000e4ea e4aa3fb471a74501874a56b17c8309e9 18600092a7214dd695453fd545f57713 - - default default] http://cinder-api.openstack.svc.cluster.local:8776/v3/18600092a7214dd695453fd545f57713/os-quota-sets/70e88da3e7ba4bd8a4df093d73208dc0?usage=true returned with HTTP 200 [pid: 8|app: 0|req: 455/910] 10.0.0.64 () {28 vars in 735 bytes} [Thu May 28 23:14:26 2026] GET /v3/18600092a7214dd695453fd545f57713/os-quota-sets/70e88da3e7ba4bd8a4df093d73208dc0?usage=true => generated 845 bytes in 31 msecs (HTTP/1.1 200) 7 headers in 285 bytes (1 switches on core 0)
2026-05-28 23:14:26.974 7 INFO cinder.api.openstack.wsgi [None req-38f93a33-40f8-4add-83b2-4cd0dc265792 e4aa3fb471a74501874a56b17c8309e9 18600092a7214dd695453fd545f57713 - - default default] GET http://cinder-api.openstack.svc.cluster.local:8776/v3/18600092a7214dd695453fd545f57713/os-quota-sets/71538dd3978e46c3bfd5af95d23b7887?usage=true
2026-05-28 23:14:27.001 7 INFO cinder.api.openstack.wsgi [None req-38f93a33-40f8-4add-83b2-4cd0dc265792 e4aa3fb471a74501874a56b17c8309e9 18600092a7214dd695453fd545f57713 - - default default] http://cinder-api.openstack.svc.cluster.local:8776/v3/18600092a7214dd695453fd545f57713/os-quota-sets/71538dd3978e46c3bfd5af95d23b7887?usage=true returned with HTTP 200 [pid: 7|app: 0|req: 456/911] 10.0.0.64 () {28 vars in 735 bytes} [Thu May 28 23:14:26 2026] GET /v3/18600092a7214dd695453fd545f57713/os-quota-sets/71538dd3978e46c3bfd5af95d23b7887?usage=true => generated 847 bytes in 36 msecs (HTTP/1.1 200) 7 headers in 285 bytes (1 switches on core 0)
2026-05-28 23:14:27.013 8 INFO cinder.api.openstack.wsgi [None req-385b76f9-62dc-45c6-98e0-ca8227b34c38 e4aa3fb471a74501874a56b17c8309e9 18600092a7214dd695453fd545f57713 - - default default] GET http://cinder-api.openstack.svc.cluster.local:8776/v3/18600092a7214dd695453fd545f57713/os-quota-sets/7de1443bb22c4650949306fbe85e19c1?usage=true
2026-05-28 23:14:27.036 8 INFO cinder.api.openstack.wsgi [None req-385b76f9-62dc-45c6-98e0-ca8227b34c38 e4aa3fb471a74501874a56b17c8309e9 18600092a7214dd695453fd545f57713 - - default default] http://cinder-api.openstack.svc.cluster.local:8776/v3/18600092a7214dd695453fd545f57713/os-quota-sets/7de1443bb22c4650949306fbe85e19c1?usage=true returned with HTTP 200 [pid: 8|app: 0|req: 456/912] 10.0.0.64 () {28 vars in 735 bytes} [Thu May 28 23:14:27 2026] GET /v3/18600092a7214dd695453fd545f57713/os-quota-sets/7de1443bb22c4650949306fbe85e19c1?usage=true => generated 847 bytes in 31 msecs (HTTP/1.1 200) 7 headers in 285 bytes (1 switches on core 0)
2026-05-28 23:14:27.046 7 INFO cinder.api.openstack.wsgi [None req-fcea8d56-01ab-44de-b962-0c4c2222bcfe e4aa3fb471a74501874a56b17c8309e9 18600092a7214dd695453fd545f57713 - - default default] GET http://cinder-api.openstack.svc.cluster.local:8776/v3/18600092a7214dd695453fd545f57713/os-quota-sets/95c51141f6ef4eea80b6b33b888199a2?usage=true
2026-05-28 23:14:27.065 7 INFO cinder.api.openstack.wsgi [None req-fcea8d56-01ab-44de-b962-0c4c2222bcfe e4aa3fb471a74501874a56b17c8309e9 18600092a7214dd695453fd545f57713 - - default default] http://cinder-api.openstack.svc.cluster.local:8776/v3/18600092a7214dd695453fd545f57713/os-quota-sets/95c51141f6ef4eea80b6b33b888199a2?usage=true returned with HTTP 200 [pid: 7|app: 0|req: 457/913] 10.0.0.64 () {28 vars in 735 bytes} [Thu May 28 23:14:27 2026] GET /v3/18600092a7214dd695453fd545f57713/os-quota-sets/95c51141f6ef4eea80b6b33b888199a2?usage=true => generated 847 bytes in 25 msecs (HTTP/1.1 200) 7 headers in 285 bytes (1 switches on core 0)
2026-05-28 23:14:27.075 8 INFO cinder.api.openstack.wsgi [None req-f9a3fe3b-47af-48e6-81cc-8a5a6a569bbd e4aa3fb471a74501874a56b17c8309e9 18600092a7214dd695453fd545f57713 - - default default] GET http://cinder-api.openstack.svc.cluster.local:8776/v3/18600092a7214dd695453fd545f57713/os-quota-sets/affbef8673874df280197898746d87c7?usage=true
2026-05-28 23:14:27.102 8 INFO cinder.api.openstack.wsgi [None req-f9a3fe3b-47af-48e6-81cc-8a5a6a569bbd e4aa3fb471a74501874a56b17c8309e9 18600092a7214dd695453fd545f57713 - - default default] http://cinder-api.openstack.svc.cluster.local:8776/v3/18600092a7214dd695453fd545f57713/os-quota-sets/affbef8673874df280197898746d87c7?usage=true returned with HTTP 200 [pid: 8|app: 0|req: 457/914] 10.0.0.64 () {28 vars in 735 bytes} [Thu May 28 23:14:27 2026] GET /v3/18600092a7214dd695453fd545f57713/os-quota-sets/affbef8673874df280197898746d87c7?usage=true => generated 847 bytes in 35 msecs (HTTP/1.1 200) 7 headers in 285 bytes (1 switches on core 0)
2026-05-28 23:14:27.114 7 INFO cinder.api.openstack.wsgi [None req-a6ec9281-a7ae-4aeb-94e1-8c8b480411c8 e4aa3fb471a74501874a56b17c8309e9 18600092a7214dd695453fd545f57713 - - default default] GET http://cinder-api.openstack.svc.cluster.local:8776/v3/18600092a7214dd695453fd545f57713/os-quota-sets/b3b6a4af2db84cd48a22cd339dee6bb6?usage=true
