Aug 12 22:18:28.728607 np0000189084 devstack@neutron-api.service[102214]: DEBUG ovsdbapp.backend.ovs_idl.event [-] Matched UPDATE: ChassisOVNAgentWriteEvent(events=('create', 'update'), table='Chassis_Private', conditions=None, old_conditions=None), priority=20 to row=Chassis_Private(uuid=16e4afee-9999-4346-b35c-4f38eab116fd, chassis=f4a8f9a1-5c38-45ff-8bce-06d2d6959678, external_ids={'neutron:ovn-bridge': 'br-int', 'neutron:ovn-neutron-agent-id': '07d3db74-1d38-5267-b2f2-3f5493fc5e45', 'neutron:ovn-neutron-agent-sb-cfg': '1'}, name='3a372073-643e-4e0c-aae6-7b7808ac4648', nb_cfg=1, nb_cfg_timestamp=1786573108711) old=Chassis_Private(uuid=16e4afee-9999-4346-b35c-4f38eab116fd, external_ids={'neutron:ovn-bridge': 'br-int', 'neutron:ovn-neutron-agent-id': '07d3db74-1d38-5267-b2f2-3f5493fc5e45', 'neutron:ovn-neutron-agent-sb-cfg': '0'}) {{(pid=102214) matches /opt/stack/data/venv/lib/python3.12/site-packages/ovsdbapp/backend/ovs_idl/event.py:55}}
Aug 12 22:18:28.728920 np0000189084 devstack@neutron-api.service[102214]: DEBUG neutron.plugins.ml2.drivers.ovn.mech_driver.ovsdb.ovsdb_monitor [-] Hash Ring: Node 40d118f6fb005c2880b9f20ddcf83858 (host: np0000189084) handling event "update" for row 16e4afee-9999-4346-b35c-4f38eab116fd (table: Chassis_Private) {{(pid=102214) notify /opt/stack/neutron/neutron/plugins/ml2/drivers/ovn/mech_driver/ovsdb/ovsdb_monitor.py:1099}}
Aug 12 22:18:28.730450 np0000189084 devstack@neutron-api.service[102216]: DEBUG ovsdbapp.backend.ovs_idl.event [-] Matched UPDATE: ChassisOVNAgentWriteEvent(events=('create', 'update'), table='Chassis_Private', conditions=None, old_conditions=None), priority=20 to row=Chassis_Private(uuid=16e4afee-9999-4346-b35c-4f38eab116fd, chassis=f4a8f9a1-5c38-45ff-8bce-06d2d6959678, external_ids={'neutron:ovn-bridge': 'br-int', 'neutron:ovn-neutron-agent-id': '07d3db74-1d38-5267-b2f2-3f5493fc5e45', 'neutron:ovn-neutron-agent-sb-cfg': '1'}, name='3a372073-643e-4e0c-aae6-7b7808ac4648', nb_cfg=1, nb_cfg_timestamp=1786573108711) old=Chassis_Private(uuid=16e4afee-9999-4346-b35c-4f38eab116fd, external_ids={'neutron:ovn-bridge': 'br-int', 'neutron:ovn-neutron-agent-id': '07d3db74-1d38-5267-b2f2-3f5493fc5e45', 'neutron:ovn-neutron-agent-sb-cfg': '0'}) {{(pid=102216) matches /opt/stack/data/venv/lib/python3.12/site-packages/ovsdbapp/backend/ovs_idl/event.py:55}}
Aug 12 22:18:28.786563 np0000189084 devstack@neutron-api.service[102216]: DEBUG neutron.plugins.ml2.drivers.helpers [None req-cd990c35-a07d-4191-9113-49b38c977248 admin admin] geneve segment allocate from pool success with {'geneve_vni': 3688} {{(pid=102216) allocate_partially_specified_segment /opt/stack/neutron/neutron/plugins/ml2/drivers/helpers.py:142}}
Aug 12 22:18:28.798974 np0000189084 devstack@neutron-api.service[102216]: DEBUG neutron_lib.callbacks.manager [None req-cd990c35-a07d-4191-9113-49b38c977248 admin admin] Publish callbacks ['neutron.services.segments.db._add_segment_host_mapping_for_segment-8620718691298', 'neutron.plugins.ml2.plugin.Ml2Plugin._handle_segment_change-2987555'] for segment (ec0be136-c0f0-4280-81d6-eeacfd4d2687), precommit_create {{(pid=102216) _notify_loop /opt/stack/data/venv/lib/python3.12/site-packages/neutron_lib/callbacks/manager.py:184}}
Aug 12 22:18:28.799223 np0000189084 devstack@neutron-api.service[102216]: INFO neutron.db.segments_db [None req-cd990c35-a07d-4191-9113-49b38c977248 admin admin] Added segment ec0be136-c0f0-4280-81d6-eeacfd4d2687 of type geneve for network 2b365340-92fe-4067-ad9a-cefdca54ba3b
Aug 12 22:18:28.855211 np0000189084 devstack@neutron-api.service[102216]: DEBUG neutron_lib.callbacks.manager [None req-cd990c35-a07d-4191-9113-49b38c977248 admin admin] Publish callbacks ['neutron.services.auto_allocate.db._ensure_external_network_default_value_callback-8620717504262'] for network (2b365340-92fe-4067-ad9a-cefdca54ba3b), precommit_create {{(pid=102216) _notify_loop /opt/stack/data/venv/lib/python3.12/site-packages/neutron_lib/callbacks/manager.py:184}}
Aug 12 22:18:28.874858 np0000189084 devstack@neutron-api.service[102216]: DEBUG neutron.plugins.ml2.drivers.ovn.mech_driver.mech_driver [None req-cd990c35-a07d-4191-9113-49b38c977248 admin admin] Validating network segment with type geneve, segmentation ID 3688, physical network None {{(pid=102216) _validate_network_segments /opt/stack/neutron/neutron/plugins/ml2/drivers/ovn/mech_driver/mech_driver.py:624}}
Aug 12 22:18:28.875046 np0000189084 devstack@neutron-api.service[102216]: DEBUG neutron.db.ovn_revision_numbers_db [None req-cd990c35-a07d-4191-9113-49b38c977248 admin admin] create_initial_revision uuid=2b365340-92fe-4067-ad9a-cefdca54ba3b, type=networks, rev=-1 {{(pid=102216) create_initial_revision /opt/stack/neutron/neutron/db/ovn_revision_numbers_db.py:98}}
Aug 12 22:18:28.902862 np0000189084 devstack@neutron-api.service[102216]: DEBUG neutron_lib.callbacks.manager [None req-cd990c35-a07d-4191-9113-49b38c977248 admin admin] Publish callbacks ['neutron.plugins.ml2.ovo_rpc._ObjectChangeHandler.handle_event-2094272'] for network (2b365340-92fe-4067-ad9a-cefdca54ba3b), after_create {{(pid=102216) _notify_loop /opt/stack/data/venv/lib/python3.12/site-packages/neutron_lib/callbacks/manager.py:184}}
Aug 12 22:18:28.956487 np0000189084 devstack@neutron-api.service[102216]: DEBUG neutron.api.rpc.handlers.resources_rpc [None req-cd990c35-a07d-4191-9113-49b38c977248 admin admin] Pushing event updated for resources: {'Network': ['ID=2b365340-92fe-4067-ad9a-cefdca54ba3b,revision_number=1']} {{(pid=102216) push /opt/stack/neutron/neutron/api/rpc/handlers/resources_rpc.py:237}}
Aug 12 22:18:28.966763 np0000189084 devstack@neutron-api.service[102216]: DEBUG ovsdbapp.backend.ovs_idl.transaction [-] Running txn n=1 command(idx=0): AddNetworkCommand(_result=None, network_uuid=2b365340-92fe-4067-ad9a-cefdca54ba3b, may_exist=True, columns={'external_ids': {'neutron:network_name': 'private', 'neutron:mtu': '1372', 'neutron:revision_number': '1', 'neutron:availability_zone_hints': '', 'neutron:provnet-network-type': 'geneve'}, 'other_config': {'mcast_snoop': 'false', 'mcast_flood_unregistered': 'false', 'vlan-passthru': 'false'}}) {{(pid=102216) do_commit /opt/stack/data/venv/lib/python3.12/site-packages/ovsdbapp/backend/ovs_idl/transaction.py:89}}
Aug 12 22:18:28.967628 np0000189084 devstack@neutron-api.service[102216]: DEBUG neutron.common.ovn.utils [-] OVS persist_uuid supported=True {{(pid=102216) ovs_persist_uuid_supported /opt/stack/neutron/neutron/common/ovn/utils.py:1565}}
Aug 12 22:18:28.975981 np0000189084 devstack@neutron-api.service[102215]: DEBUG neutron.plugins.ml2.drivers.ovn.mech_driver.ovsdb.ovsdb_monitor [-] Hash Ring: Node 5ea038c1a1c55c568ca40943777dc3f3 (host: np0000189084) handling event "create" for row 2b365340-92fe-4067-ad9a-cefdca54ba3b (table: Logical_Switch) {{(pid=102215) notify /opt/stack/neutron/neutron/plugins/ml2/drivers/ovn/mech_driver/ovsdb/ovsdb_monitor.py:1099}}
Aug 12 22:18:28.976268 np0000189084 devstack@neutron-api.service[102214]: DEBUG neutron.plugins.ml2.drivers.ovn.mech_driver.ovsdb.ovsdb_monitor [-] Hash Ring: Node 40d118f6fb005c2880b9f20ddcf83858 (host: np0000189084) handling event "create" for row 2b365340-92fe-4067-ad9a-cefdca54ba3b (table: Logical_Switch) {{(pid=102214) notify /opt/stack/neutron/neutron/plugins/ml2/drivers/ovn/mech_driver/ovsdb/ovsdb_monitor.py:1099}}
Aug 12 22:18:28.982790 np0000189084 devstack@neutron-api.service[102215]: DEBUG neutron.plugins.ml2.drivers.ovn.mech_driver.ovsdb.ovsdb_monitor [-] Hash Ring: Node 5ea038c1a1c55c568ca40943777dc3f3 (host: np0000189084) handling event "create" for row 2e67b730-a4fc-42e9-ae44-dde7f355381b (table: Datapath_Binding) {{(pid=102215) notify /opt/stack/neutron/neutron/plugins/ml2/drivers/ovn/mech_driver/ovsdb/ovsdb_monitor.py:1099}}
Aug 12 22:18:29.007333 np0000189084 devstack@neutron-api.service[102216]: INFO neutron.db.ovn_revision_numbers_db [None req-cd990c35-a07d-4191-9113-49b38c977248 admin admin] Successfully bumped revision number for resource 2b365340-92fe-4067-ad9a-cefdca54ba3b (type: networks) to 1
Aug 12 22:18:29.070535 np0000189084 devstack@neutron-api.service[102216]: DEBUG neutron_lib.callbacks.manager [None req-cd990c35-a07d-4191-9113-49b38c977248 admin admin] Publish callbacks ['neutron.plugins.ml2.plugin.SecurityGroupDbMixin._ensure_default_security_group_handler-1153735'] for port (None), before_create {{(pid=102216) _notify_loop /opt/stack/data/venv/lib/python3.12/site-packages/neutron_lib/callbacks/manager.py:184}}
Aug 12 22:18:29.549111 np0000189084 devstack@neutron-api.service[102216]: DEBUG neutron_lib.callbacks.manager [None req-cd990c35-a07d-4191-9113-49b38c977248 admin admin] Publish callbacks ['neutron.plugins.ml2.drivers.ovn.mech_driver.mech_driver.OVNMechanismDriver._validate_allowed_address_pairs-336950'] for allowed_address_pair (cb8ea6ee-bfc5-4933-b01e-78d67baa10d5), before_create {{(pid=102216) _notify_loop /opt/stack/data/venv/lib/python3.12/site-packages/neutron_lib/callbacks/manager.py:184}}
Aug 12 22:18:29.549705 np0000189084 devstack@neutron-api.service[102216]: DEBUG neutron_lib.callbacks.manager [None req-cd990c35-a07d-4191-9113-49b38c977248 admin admin] Publish callbacks [] for port (cb8ea6ee-bfc5-4933-b01e-78d67baa10d5), precommit_create {{(pid=102216) _notify_loop /opt/stack/data/venv/lib/python3.12/site-packages/neutron_lib/callbacks/manager.py:184}}
Aug 12 22:18:29.549911 np0000189084 devstack@neutron-api.service[102216]: DEBUG neutron.plugins.ml2.drivers.ovn.mech_driver.mech_driver [None req-cd990c35-a07d-4191-9113-49b38c977248 admin admin] No provisioning block for port cb8ea6ee-bfc5-4933-b01e-78d67baa10d5 since it does not have a host {{(pid=102216) _is_port_provisioning_required /opt/stack/neutron/neutron/plugins/ml2/drivers/ovn/mech_driver/mech_driver.py:877}}
Aug 12 22:18:29.550079 np0000189084 devstack@neutron-api.service[102216]: DEBUG neutron.db.ovn_revision_numbers_db [None req-cd990c35-a07d-4191-9113-49b38c977248 admin admin] create_initial_revision uuid=cb8ea6ee-bfc5-4933-b01e-78d67baa10d5, type=ports, rev=-1 {{(pid=102216) create_initial_revision /opt/stack/neutron/neutron/db/ovn_revision_numbers_db.py:98}}
Aug 12 22:18:29.617758 np0000189084 devstack@neutron-api.service[102216]: DEBUG neutron_lib.callbacks.manager [None req-cd990c35-a07d-4191-9113-49b38c977248 admin admin] Publish callbacks ['neutron.plugins.ml2.ovo_rpc._ObjectChangeHandler.handle_event-2094378'] for port (cb8ea6ee-bfc5-4933-b01e-78d67baa10d5), after_create {{(pid=102216) _notify_loop /opt/stack/data/venv/lib/python3.12/site-packages/neutron_lib/callbacks/manager.py:184}}
Aug 12 22:18:29.679224 np0000189084 devstack@neutron-api.service[102216]: DEBUG neutron.api.rpc.handlers.resources_rpc [None req-cd990c35-a07d-4191-9113-49b38c977248 admin admin] Pushing event updated for resources: {'Port': ['ID=cb8ea6ee-bfc5-4933-b01e-78d67baa10d5,revision_number=1']} {{(pid=102216) push /opt/stack/neutron/neutron/api/rpc/handlers/resources_rpc.py:237}}
Aug 12 22:18:29.728178 np0000189084 devstack@neutron-api.service[102215]: DEBUG neutron.plugins.ml2.drivers.ovn.mech_driver.ovsdb.ovsdb_monitor [-] Hash Ring: Node 5ea038c1a1c55c568ca40943777dc3f3 (host: np0000189084) handling event "update" for row adb55b37-7389-4df6-b6f9-db16b4789dd4 (table: Connection) {{(pid=102215) notify /opt/stack/neutron/neutron/plugins/ml2/drivers/ovn/mech_driver/ovsdb/ovsdb_monitor.py:1099}}
Aug 12 22:18:29.729671 np0000189084 devstack@neutron-api.service[102216]: DEBUG neutron.plugins.ml2.drivers.ovn.mech_driver.ovsdb.ovsdb_monitor [-] Hash Ring: Node 231bc47b269d5b278049c13ed4cfc1ee (host: np0000189084) handling event "update" for row adb55b37-7389-4df6-b6f9-db16b4789dd4 (table: Connection) {{(pid=102216) notify /opt/stack/neutron/neutron/plugins/ml2/drivers/ovn/mech_driver/ovsdb/ovsdb_monitor.py:1099}}
Aug 12 22:18:29.730953 np0000189084 devstack@neutron-api.service[102214]: DEBUG neutron.plugins.ml2.drivers.ovn.mech_driver.ovsdb.ovsdb_monitor [-] Hash Ring: Node 40d118f6fb005c2880b9f20ddcf83858 (host: np0000189084) handling event "update" for row adb55b37-7389-4df6-b6f9-db16b4789dd4 (table: Connection) {{(pid=102214) notify /opt/stack/neutron/neutron/plugins/ml2/drivers/ovn/mech_driver/ovsdb/ovsdb_monitor.py:1099}}
Aug 12 22:18:29.746796 np0000189084 devstack@neutron-api.service[102216]: DEBUG neutron.plugins.ml2.drivers.ovn.mech_driver.ovsdb.commands [None req-cd990c35-a07d-4191-9113-49b38c977248 admin admin] Converting tag [] to a tag_request {{(pid=102216) _tag_column_to_tag_request /opt/stack/neutron/neutron/plugins/ml2/drivers/ovn/mech_driver/ovsdb/commands.py:227}}
Aug 12 22:18:29.747671 np0000189084 devstack@neutron-api.service[102216]: DEBUG ovsdbapp.backend.ovs_idl.transaction [-] Running txn n=1 command(idx=0): AddLSwitchPortCommand(_result=None, lport=cb8ea6ee-bfc5-4933-b01e-78d67baa10d5, lswitch=neutron-2b365340-92fe-4067-ad9a-cefdca54ba3b, may_exist=True, network_uuid=2b365340-92fe-4067-ad9a-cefdca54ba3b, columns={'addresses': ['fa:16:3e:e1:cf:15'], 'external_ids': {'neutron:port_name': '', 'neutron:device_id': 'ovnmeta-2b365340-92fe-4067-ad9a-cefdca54ba3b', 'neutron:project_id': '18e56d5ec9774810b2c5d4549a29a88f', 'neutron:cidrs': '', 'neutron:device_owner': 'network:distributed', 'neutron:subnet_pool_addr_scope4': '', 'neutron:subnet_pool_addr_scope6': '', 'neutron:network_name': 'neutron-2b365340-92fe-4067-ad9a-cefdca54ba3b', 'neutron:security_group_ids': '', 'neutron:revision_number': '1', 'neutron:vnic_type': 'normal', 'neutron:port_capabilities': '', 'neutron:mtu': '1372'}, 'parent_name': [], 'enabled': True, 'options': {}, 'type': 'localport', 'port_security': [], 'dhcpv4_options': [], 'dhcpv6_options': [], 'tag_request': []}) {{(pid=102216) do_commit /opt/stack/data/venv/lib/python3.12/site-packages/ovsdbapp/backend/ovs_idl/transaction.py:89}}
Aug 12 22:18:29.748558 np0000189084 devstack@neutron-api.service[102216]: DEBUG ovsdbapp.backend.ovs_idl.transaction [-] Running txn n=1 command(idx=1): QoSDelCommand(_result=None, switch=neutron-2b365340-92fe-4067-ad9a-cefdca54ba3b, conditions=[('direction', '=', 'to-lport'), ('priority', '=', 2002), ('match', '=', 'outport == "cb8ea6ee-bfc5-4933-b01e-78d67baa10d5"')], if_exists=True) {{(pid=102216) do_commit /opt/stack/data/venv/lib/python3.12/site-packages/ovsdbapp/backend/ovs_idl/transaction.py:89}}
Aug 12 22:18:29.748831 np0000189084 devstack@neutron-api.service[102216]: DEBUG ovsdbapp.backend.ovs_idl.transaction [-] Running txn n=1 command(idx=2): QoSDelCommand(_result=None, switch=neutron-2b365340-92fe-4067-ad9a-cefdca54ba3b, conditions=[('direction', '=', 'from-lport'), ('priority', '=', 2002), ('match', '=', 'inport == "cb8ea6ee-bfc5-4933-b01e-78d67baa10d5"')], if_exists=True) {{(pid=102216) do_commit /opt/stack/data/venv/lib/python3.12/site-packages/ovsdbapp/backend/ovs_idl/transaction.py:89}}
Aug 12 22:18:29.759077 np0000189084 devstack@neutron-api.service[102215]: DEBUG neutron.plugins.ml2.drivers.ovn.mech_driver.ovsdb.ovsdb_monitor [-] Hash Ring: Node 5ea038c1a1c55c568ca40943777dc3f3 (host: np0000189084) handling event "update" for row 2b365340-92fe-4067-ad9a-cefdca54ba3b (table: Logical_Switch) {{(pid=102215) notify /opt/stack/neutron/neutron/plugins/ml2/drivers/ovn/mech_driver/ovsdb/ovsdb_monitor.py:1099}}
Aug 12 22:18:29.759682 np0000189084 devstack@neutron-api.service[102215]: DEBUG neutron.plugins.ml2.drivers.ovn.mech_driver.ovsdb.ovsdb_monitor [-] Hash Ring: Node 5ea038c1a1c55c568ca40943777dc3f3 (host: np0000189084) handling event "create" for row 2d66f116-e79b-4624-a4dd-7c07b0b96ad0 (table: Logical_Switch_Port) {{(pid=102215) notify /opt/stack/neutron/neutron/plugins/ml2/drivers/ovn/mech_driver/ovsdb/ovsdb_monitor.py:1099}}
Aug 12 22:18:29.760982 np0000189084 devstack@neutron-api.service[102215]: DEBUG ovsdbapp.backend.ovs_idl.event [-] Matched CREATE: LogicalSwitchPortCreateEvent(events=('create',), table='Logical_Switch_Port', conditions=[], old_conditions=None), priority=20 to row=Logical_Switch_Port(uuid=2d66f116-e79b-4624-a4dd-7c07b0b96ad0, addresses=['fa:16:3e:e1:cf:15'], dhcpv4_options=[], dhcpv6_options=[], dynamic_addresses=[], enabled=True, external_ids={'neutron:cidrs': '', 'neutron:device_id': 'ovnmeta-2b365340-92fe-4067-ad9a-cefdca54ba3b', 'neutron:device_owner': 'network:distributed', 'neutron:mtu': '1372', 'neutron:network_name': 'neutron-2b365340-92fe-4067-ad9a-cefdca54ba3b', 'neutron:port_capabilities': '', 'neutron:port_name': '', 'neutron:project_id': '18e56d5ec9774810b2c5d4549a29a88f', 'neutron:revision_number': '1', 'neutron:security_group_ids': '', 'neutron:subnet_pool_addr_scope4': '', 'neutron:subnet_pool_addr_scope6': '', 'neutron:vnic_type': 'normal'}, ha_chassis_group=[], mirror_rules=[], name='cb8ea6ee-bfc5-4933-b01e-78d67baa10d5', options={}, parent_name=[], port_security=[], tag=[], tag_request=[], type='localport', up=[]) old= {{(pid=102215) matches /opt/stack/data/venv/lib/python3.12/site-packages/ovsdbapp/backend/ovs_idl/event.py:55}}
Aug 12 22:18:29.761842 np0000189084 devstack@neutron-api.service[102215]: INFO neutron.plugins.ml2.drivers.ovn.mech_driver.mech_driver [-] OVN reports status down for port: cb8ea6ee-bfc5-4933-b01e-78d67baa10d5
Aug 12 22:18:29.762069 np0000189084 devstack@neutron-api.service[102214]: DEBUG neutron.plugins.ml2.drivers.ovn.mech_driver.ovsdb.ovsdb_monitor [-] Hash Ring: Node 40d118f6fb005c2880b9f20ddcf83858 (host: np0000189084) handling event "create" for row e48e2215-0166-4884-a241-612ae59b0c17 (table: Port_Binding) {{(pid=102214) notify /opt/stack/neutron/neutron/plugins/ml2/drivers/ovn/mech_driver/ovsdb/ovsdb_monitor.py:1099}}
Aug 12 22:18:29.763567 np0000189084 devstack@neutron-api.service[102214]: DEBUG neutron.plugins.ml2.drivers.ovn.mech_driver.ovsdb.ovsdb_monitor [-] Hash Ring: Node 40d118f6fb005c2880b9f20ddcf83858 (host: np0000189084) handling event "update" for row 2b365340-92fe-4067-ad9a-cefdca54ba3b (table: Logical_Switch) {{(pid=102214) notify /opt/stack/neutron/neutron/plugins/ml2/drivers/ovn/mech_driver/ovsdb/ovsdb_monitor.py:1099}}
Aug 12 22:18:29.763766 np0000189084 devstack@neutron-api.service[102214]: DEBUG neutron.plugins.ml2.drivers.ovn.mech_driver.ovsdb.ovsdb_monitor [-] Hash Ring: Node 40d118f6fb005c2880b9f20ddcf83858 (host: np0000189084) handling event "create" for row 2d66f116-e79b-4624-a4dd-7c07b0b96ad0 (table: Logical_Switch_Port) {{(pid=102214) notify /opt/stack/neutron/neutron/plugins/ml2/drivers/ovn/mech_driver/ovsdb/ovsdb_monitor.py:1099}}
Aug 12 22:18:29.765026 np0000189084 devstack@neutron-api.service[102215]: DEBUG neutron.plugins.ml2.drivers.ovn.mech_driver.ovsdb.ovsdb_monitor [-] Hash Ring: Node 5ea038c1a1c55c568ca40943777dc3f3 (host: np0000189084) handling event "create" for row e48e2215-0166-4884-a241-612ae59b0c17 (table: Port_Binding) {{(pid=102215) notify /opt/stack/neutron/neutron/plugins/ml2/drivers/ovn/mech_driver/ovsdb/ovsdb_monitor.py:1099}}
Aug 12 22:18:29.765104 np0000189084 devstack@neutron-api.service[102214]: DEBUG ovsdbapp.backend.ovs_idl.event [-] Matched CREATE: LogicalSwitchPortCreateEvent(events=('create',), table='Logical_Switch_Port', conditions=[], old_conditions=None), priority=20 to row=Logical_Switch_Port(uuid=2d66f116-e79b-4624-a4dd-7c07b0b96ad0, addresses=['fa:16:3e:e1:cf:15'], dhcpv4_options=[], dhcpv6_options=[], dynamic_addresses=[], enabled=True, external_ids={'neutron:cidrs': '', 'neutron:device_id': 'ovnmeta-2b365340-92fe-4067-ad9a-cefdca54ba3b', 'neutron:device_owner': 'network:distributed', 'neutron:mtu': '1372', 'neutron:network_name': 'neutron-2b365340-92fe-4067-ad9a-cefdca54ba3b', 'neutron:port_capabilities': '', 'neutron:port_name': '', 'neutron:project_id': '18e56d5ec9774810b2c5d4549a29a88f', 'neutron:revision_number': '1', 'neutron:security_group_ids': '', 'neutron:subnet_pool_addr_scope4': '', 'neutron:subnet_pool_addr_scope6': '', 'neutron:vnic_type': 'normal'}, ha_chassis_group=[], mirror_rules=[], name='cb8ea6ee-bfc5-4933-b01e-78d67baa10d5', options={}, parent_name=[], port_security=[], tag=[], tag_request=[], type='localport', up=[]) old= {{(pid=102214) matches /opt/stack/data/venv/lib/python3.12/site-packages/ovsdbapp/backend/ovs_idl/event.py:55}}
Aug 12 22:18:29.765903 np0000189084 devstack@neutron-api.service[102215]: DEBUG neutron.plugins.ml2.drivers.ovn.mech_driver.ovsdb.ovsdb_monitor [-] Hash Ring: Node 5ea038c1a1c55c568ca40943777dc3f3 (host: np0000189084) handling event "update" for row 2d66f116-e79b-4624-a4dd-7c07b0b96ad0 (table: Logical_Switch_Port) {{(pid=102215) notify /opt/stack/neutron/neutron/plugins/ml2/drivers/ovn/mech_driver/ovsdb/ovsdb_monitor.py:1099}}
Aug 12 22:18:29.766355 np0000189084 devstack@neutron-api.service[102214]: DEBUG neutron.plugins.ml2.drivers.ovn.mech_driver.ovsdb.ovsdb_monitor [-] Hash Ring: Node 40d118f6fb005c2880b9f20ddcf83858 (host: np0000189084) handling event "update" for row 2d66f116-e79b-4624-a4dd-7c07b0b96ad0 (table: Logical_Switch_Port) {{(pid=102214) notify /opt/stack/neutron/neutron/plugins/ml2/drivers/ovn/mech_driver/ovsdb/ovsdb_monitor.py:1099}}
Aug 12 22:18:29.767769 np0000189084 devstack@neutron-api.service[102214]: INFO neutron.plugins.ml2.drivers.ovn.mech_driver.mech_driver [-] OVN reports status down for port: cb8ea6ee-bfc5-4933-b01e-78d67baa10d5
Aug 12 22:18:29.801147 np0000189084 devstack@neutron-api.service[102216]: INFO neutron.db.ovn_revision_numbers_db [None req-cd990c35-a07d-4191-9113-49b38c977248 admin admin] Successfully bumped revision number for resource cb8ea6ee-bfc5-4933-b01e-78d67baa10d5 (type: ports) to 1
Aug 12 22:18:29.809933 np0000189084 devstack@neutron-api.service[102216]: DEBUG neutron.pecan_wsgi.hooks.policy_enforcement [None req-cd990c35-a07d-4191-9113-49b38c977248 admin admin] Attributes excluded by policy engine: ['standard_attr_id'] {{(pid=102216) _exclude_attributes_by_policy /opt/stack/neutron/neutron/pecan_wsgi/hooks/policy_enforcement.py:259}}
Aug 12 22:18:29.810335 np0000189084 devstack@neutron-api.service[102216]: DEBUG neutron_lib.callbacks.manager [None req-cd990c35-a07d-4191-9113-49b38c977248 admin admin] Publish callbacks [] for network (None), before_response {{(pid=102216) _notify_loop /opt/stack/data/venv/lib/python3.12/site-packages/neutron_lib/callbacks/manager.py:184}}
Aug 12 22:18:29.826993 np0000189084 devstack@neutron-api.service[102216]: [pid: 102216|app: 0|req: 1/5] 199.204.45.156 () {68 vars in 1357 bytes} [Wed Aug 12 22:18:27 2026] POST /networking/v2.0/networks => generated 680 bytes in 1828 msecs (HTTP/1.1 201) 4 headers in 162 bytes (1 switches on core 0)
Aug 12 22:18:29.832161 np0000189084 devstack@neutron-api.service[102214]: DEBUG neutron.db.provisioning_blocks [None req-c894c208-a062-4544-9c21-b7d1b1b1621d None None] Transition to ACTIVE for port object cb8ea6ee-bfc5-4933-b01e-78d67baa10d5 will not be triggered until provisioned by entity L2. {{(pid=102214) add_provisioning_component /opt/stack/neutron/neutron/db/provisioning_blocks.py:74}}
Aug 12 22:18:29.841086 np0000189084 devstack@neutron-api.service[102215]: DEBUG neutron_lib.db.api [None req-f7a81d00-3901-44be-9066-d50f7cefab03 None None] Retry wrapper got retriable exception: Failed to create a duplicate ProvisioningBlock: for attribute(s) ['provisioningblocks.PRIMARY'] with value(s) 14-L2 {{(pid=102215) wrapped /opt/stack/data/venv/lib/python3.12/site-packages/neutron_lib/db/api.py:185}}
Aug 12 22:18:29.841275 np0000189084 devstack@neutron-api.service[102215]: DEBUG oslo_db.api [None req-f7a81d00-3901-44be-9066-d50f7cefab03 None None] Performing DB retry for function neutron.db.provisioning_blocks.add_provisioning_component {{(pid=102215) wrapper /opt/stack/data/venv/lib/python3.12/site-packages/oslo_db/api.py:155}}
Aug 12 22:18:29.875101 np0000189084 devstack@neutron-api.service[102214]: DEBUG neutron.plugins.ml2.plugin [None req-c894c208-a062-4544-9c21-b7d1b1b1621d None None] Current status of the port cb8ea6ee-bfc5-4933-b01e-78d67baa10d5 is: DOWN; New status is: DOWN {{(pid=102214) _update_individual_port_db_status /opt/stack/neutron/neutron/plugins/ml2/plugin.py:2473}}
Aug 12 22:18:29.875884 np0000189084 devstack@neutron-api.service[102214]: INFO neutron.plugins.ml2.drivers.ovn.mech_driver.ovsdb.extensions.qos [None req-c894c208-a062-4544-9c21-b7d1b1b1621d None None] Starting OVNClientQosExtension
Aug 12 22:18:29.876035 np0000189084 devstack@neutron-api.service[102214]: INFO neutron.plugins.ml2.drivers.ovn.mech_driver.ovsdb.extensions.placement [None req-c894c208-a062-4544-9c21-b7d1b1b1621d None None] Starting OVNClientPlacementExtension
Aug 12 22:18:29.878211 np0000189084 devstack@neutron-api.service[102214]: DEBUG ovsdbapp.backend.ovs_idl.transaction [-] Running txn n=1 command(idx=0): DbRemoveCommand(_result=None, table=Logical_Switch_Port, record=cb8ea6ee-bfc5-4933-b01e-78d67baa10d5, column=external_ids, values=('neutron:host_id',), keyvalues={}, if_exists=True) {{(pid=102214) do_commit /opt/stack/data/venv/lib/python3.12/site-packages/ovsdbapp/backend/ovs_idl/transaction.py:89}}
Aug 12 22:18:30.373626 np0000189084 devstack@neutron-api.service[102215]: DEBUG neutron.db.provisioning_blocks [None req-f7a81d00-3901-44be-9066-d50f7cefab03 None None] Ignored duplicate provisioning block setup for port cb8ea6ee-bfc5-4933-b01e-78d67baa10d5 by entity L2. {{(pid=102215) add_provisioning_component /opt/stack/neutron/neutron/db/provisioning_blocks.py:69}}
Aug 12 22:18:30.492320 np0000189084 devstack@neutron-api.service[102215]: DEBUG neutron.policy [None req-65be2053-cf51-4604-91d3-b9a0d3301212 admin admin] Loaded default policies from ['neutron'] under neutron.policies entry points {{(pid=102215) register_rules /opt/stack/neutron/neutron/policy.py:65}}
Aug 12 22:18:30.631023 np0000189084 devstack@neutron-api.service[102215]: DEBUG neutron.pecan_wsgi.hooks.policy_enforcement [None req-65be2053-cf51-4604-91d3-b9a0d3301212 admin admin] Attributes excluded by policy engine: ['standard_attr_id'] {{(pid=102215) _exclude_attributes_by_policy /opt/stack/neutron/neutron/pecan_wsgi/hooks/policy_enforcement.py:259}}
Aug 12 22:18:30.632800 np0000189084 devstack@neutron-api.service[102215]: [pid: 102215|app: 0|req: 3/6] 199.204.45.156 () {64 vars in 1415 bytes} [Wed Aug 12 22:18:30 2026] GET /networking/v2.0/networks/2b365340-92fe-4067-ad9a-cefdca54ba3b => generated 661 bytes in 428 msecs (HTTP/1.1 200) 4 headers in 157 bytes (1 switches on core 0)
Aug 12 22:18:30.637342 np0000189084 devstack@neutron-api.service[102215]: DEBUG neutron.plugins.ml2.plugin [None req-f7a81d00-3901-44be-9066-d50f7cefab03 None None] Current status of the port cb8ea6ee-bfc5-4933-b01e-78d67baa10d5 is: DOWN; New status is: DOWN {{(pid=102215) _update_individual_port_db_status /opt/stack/neutron/neutron/plugins/ml2/plugin.py:2473}}
Aug 12 22:18:30.639658 np0000189084 devstack@neutron-api.service[102215]: DEBUG ovsdbapp.backend.ovs_idl.transaction [-] Running txn n=1 command(idx=0): DbRemoveCommand(_result=None, table=Logical_Switch_Port, record=cb8ea6ee-bfc5-4933-b01e-78d67baa10d5, column=external_ids, values=('neutron:host_id',), keyvalues={}, if_exists=True) {{(pid=102215) do_commit /opt/stack/data/venv/lib/python3.12/site-packages/ovsdbapp/backend/ovs_idl/transaction.py:89}}
Aug 12 22:18:30.652107 np0000189084 devstack@neutron-api.service[102214]: DEBUG neutron.api.wsgi [None req-98f4f875-9ae1-4411-b18a-a3bc98154ac9 admin admin] Missing Content-Type {{(pid=102214) get_content_type /opt/stack/neutron/neutron/api/wsgi.py:80}}
Aug 12 22:18:30.661966 np0000189084 devstack@neutron-api.service[102214]: [pid: 102214|app: 0|req: 2/7] 199.204.45.156 () {64 vars in 1424 bytes} [Wed Aug 12 22:18:30 2026] GET /networking/v2.0/subnetpools/a8ba856f-6e89-4a86-acba-35988d6dd993 => generated 533 bytes in 15 msecs (HTTP/1.1 200) 4 headers in 157 bytes (1 switches on core 0)
Aug 12 22:18:30.682554 np0000189084 devstack@neutron-api.service[102213]: DEBUG neutron.api.v2.base [None req-0d8a7ea9-ddb8-4f64-b9d7-5b9cb8f5cfe5 admin admin] Request body: {'subnet': {'name': 'private-subnet', 'network_id': '2b365340-92fe-4067-ad9a-cefdca54ba3b', 'gateway_ip': '10.1.0.1', 'subnetpool_id': 'a8ba856f-6e89-4a86-acba-35988d6dd993', 'ip_version': 4}} {{(pid=102213) prepare_request_body /opt/stack/neutron/neutron/api/v2/base.py:727}}
Aug 12 22:18:30.706033 np0000189084 devstack@neutron-api.service[102213]: DEBUG neutron.pecan_wsgi.hooks.quota_enforcement [None req-0d8a7ea9-ddb8-4f64-b9d7-5b9cb8f5cfe5 admin admin] Made reservation on behalf of 18e56d5ec9774810b2c5d4549a29a88f for: {'subnet': 1} {{(pid=102213) before /opt/stack/neutron/neutron/pecan_wsgi/hooks/quota_enforcement.py:66}}
Aug 12 22:18:30.712596 np0000189084 devstack@neutron-api.service[102213]: DEBUG neutron_lib.callbacks.manager [None req-0d8a7ea9-ddb8-4f64-b9d7-5b9cb8f5cfe5 admin admin] Publish callbacks [] for subnet (None), before_create {{(pid=102213) _notify_loop /opt/stack/data/venv/lib/python3.12/site-packages/neutron_lib/callbacks/manager.py:184}}
Aug 12 22:18:30.895422 np0000189084 devstack@neutron-api.service[102213]: DEBUG neutron.db.ovn_revision_numbers_db [None req-0d8a7ea9-ddb8-4f64-b9d7-5b9cb8f5cfe5 admin admin] create_initial_revision uuid=dffd2c4f-91e3-4f27-a5aa-bc2371989746, type=subnets, rev=-1 {{(pid=102213) create_initial_revision /opt/stack/neutron/neutron/db/ovn_revision_numbers_db.py:98}}
Aug 12 22:18:30.902734 np0000189084 devstack@neutron-api.service[102213]: DEBUG neutron_lib.callbacks.manager [None req-0d8a7ea9-ddb8-4f64-b9d7-5b9cb8f5cfe5 admin admin] Publish callbacks ['neutron.plugins.ml2.ovo_rpc._ObjectChangeHandler.handle_event-2092087'] for subnet (dffd2c4f-91e3-4f27-a5aa-bc2371989746), after_create {{(pid=102213) _notify_loop /opt/stack/data/venv/lib/python3.12/site-packages/neutron_lib/callbacks/manager.py:184}}
Aug 12 22:18:30.921502 np0000189084 devstack@neutron-api.service[102213]: DEBUG neutron.api.rpc.handlers.resources_rpc [None req-0d8a7ea9-ddb8-4f64-b9d7-5b9cb8f5cfe5 admin admin] Pushing event updated for resources: {'Subnet': ['ID=dffd2c4f-91e3-4f27-a5aa-bc2371989746,revision_number=0']} {{(pid=102213) push /opt/stack/neutron/neutron/api/rpc/handlers/resources_rpc.py:237}}
Aug 12 22:18:30.929086 np0000189084 devstack@neutron-api.service[102213]: DEBUG neutron.api.rpc.callbacks.version_manager [None req-0d8a7ea9-ddb8-4f64-b9d7-5b9cb8f5cfe5 admin admin] Tracked resource versions report:
Aug 12 22:18:30.929086 np0000189084 devstack@neutron-api.service[102213]: pushed versions:
Aug 12 22:18:30.929086 np0000189084 devstack@neutron-api.service[102213]: { 'AddressGroup': {'1.2'},
Aug 12 22:18:30.929086 np0000189084 devstack@neutron-api.service[102213]: 'Agent': {'1.1'},
Aug 12 22:18:30.929086 np0000189084 devstack@neutron-api.service[102213]: 'ConntrackHelper': {'1.0'},
Aug 12 22:18:30.929086 np0000189084 devstack@neutron-api.service[102213]: 'LocalIPAssociation': {'1.0'},
Aug 12 22:18:30.929086 np0000189084 devstack@neutron-api.service[102213]: 'Log': {'1.0'},
Aug 12 22:18:30.929086 np0000189084 devstack@neutron-api.service[102213]: 'NDPProxy': {'1.0'},
Aug 12 22:18:30.929086 np0000189084 devstack@neutron-api.service[102213]: 'Network': {'1.3'},
Aug 12 22:18:30.929086 np0000189084 devstack@neutron-api.service[102213]: 'Port': {'1.11'},
Aug 12 22:18:30.929086 np0000189084 devstack@neutron-api.service[102213]: 'PortForwarding': {'1.3'},
Aug 12 22:18:30.929086 np0000189084 devstack@neutron-api.service[102213]: 'QosPolicy': {'1.10'},
Aug 12 22:18:30.929086 np0000189084 devstack@neutron-api.service[102213]: 'SecurityGroup': {'1.6'},
Aug 12 22:18:30.929086 np0000189084 devstack@neutron-api.service[102213]: 'SecurityGroupRule': {'1.3'},
Aug 12 22:18:30.929086 np0000189084 devstack@neutron-api.service[102213]: 'SubPort': {'1.0'},
Aug 12 22:18:30.929086 np0000189084 devstack@neutron-api.service[102213]: 'Subnet': {'1.2'},
Aug 12 22:18:30.929086 np0000189084 devstack@neutron-api.service[102213]: 'Trunk': {'1.1'}}
Aug 12 22:18:30.929086 np0000189084 devstack@neutron-api.service[102213]: consumer versions:
Aug 12 22:18:30.929086 np0000189084 devstack@neutron-api.service[102213]: { OVN Neutron agent@np0000189084: {},
Aug 12 22:18:30.929086 np0000189084 devstack@neutron-api.service[102213]: OVN Controller Gateway agent@np0000189084: {}}
Aug 12 22:18:30.929086 np0000189084 devstack@neutron-api.service[102213]: {{(pid=102213) report /opt/stack/neutron/neutron/api/rpc/callbacks/version_manager.py:183}}
Aug 12 22:18:30.945183 np0000189084 devstack@neutron-api.service[102213]: INFO neutron.plugins.ml2.drivers.ovn.mech_driver.ovsdb.extensions.qos [None req-0d8a7ea9-ddb8-4f64-b9d7-5b9cb8f5cfe5 admin admin] Starting OVNClientQosExtension
Aug 12 22:18:30.945371 np0000189084 devstack@neutron-api.service[102213]: INFO neutron.plugins.ml2.drivers.ovn.mech_driver.ovsdb.extensions.placement [None req-0d8a7ea9-ddb8-4f64-b9d7-5b9cb8f5cfe5 admin admin] Starting OVNClientPlacementExtension
Aug 12 22:18:31.428437 np0000189084 devstack@neutron-api.service[102213]: DEBUG neutron_lib.callbacks.manager [None req-0d8a7ea9-ddb8-4f64-b9d7-5b9cb8f5cfe5 admin admin] Publish callbacks ['neutron.plugins.ml2.plugin.SecurityGroupDbMixin._ensure_default_security_group_handler-4058882', 'neutron.services.ovn_l3.plugin.OVNL3RouterPlugin._port_update-8620717500560', 'neutron.db.l3_db.L3_NAT_dbonly_mixin._prevent_internal_ip_change_for_fip-8620718566404'] for port (cb8ea6ee-bfc5-4933-b01e-78d67baa10d5), before_update {{(pid=102213) _notify_loop /opt/stack/data/venv/lib/python3.12/site-packages/neutron_lib/callbacks/manager.py:184}}
Aug 12 22:18:31.599992 np0000189084 devstack@neutron-api.service[102213]: DEBUG neutron.db.db_base_plugin_common [None req-0d8a7ea9-ddb8-4f64-b9d7-5b9cb8f5cfe5 admin admin] Allocated IP 10.1.0.2 (2b365340-92fe-4067-ad9a-cefdca54ba3b/dffd2c4f-91e3-4f27-a5aa-bc2371989746/cb8ea6ee-bfc5-4933-b01e-78d67baa10d5) {{(pid=102213) _store_ip_allocation /opt/stack/neutron/neutron/db/db_base_plugin_common.py:131}}
Aug 12 22:18:31.719469 np0000189084 devstack@neutron-api.service[102213]: DEBUG neutron_lib.callbacks.manager [None req-0d8a7ea9-ddb8-4f64-b9d7-5b9cb8f5cfe5 admin admin] Publish callbacks [] for port (cb8ea6ee-bfc5-4933-b01e-78d67baa10d5), precommit_update {{(pid=102213) _notify_loop /opt/stack/data/venv/lib/python3.12/site-packages/neutron_lib/callbacks/manager.py:184}}
Aug 12 22:18:31.720232 np0000189084 devstack@neutron-api.service[102213]: DEBUG neutron.plugins.ml2.drivers.ovn.mech_driver.mech_driver [None req-0d8a7ea9-ddb8-4f64-b9d7-5b9cb8f5cfe5 admin admin] No provisioning block for port cb8ea6ee-bfc5-4933-b01e-78d67baa10d5 since it does not have a host {{(pid=102213) _is_port_provisioning_required /opt/stack/neutron/neutron/plugins/ml2/drivers/ovn/mech_driver/mech_driver.py:877}}
Aug 12 22:18:31.737553 np0000189084 devstack@neutron-api.service[102213]: DEBUG neutron_lib.callbacks.manager [None req-0d8a7ea9-ddb8-4f64-b9d7-5b9cb8f5cfe5 admin admin] Publish callbacks ['neutron.plugins.ml2.ovo_rpc._ObjectChangeHandler.handle_event-2092408', 'neutron.services.ovn_l3.plugin.OVNL3RouterPlugin._port_update-8620717500560'] for port (cb8ea6ee-bfc5-4933-b01e-78d67baa10d5), after_update {{(pid=102213) _notify_loop /opt/stack/data/venv/lib/python3.12/site-packages/neutron_lib/callbacks/manager.py:184}}
Aug 12 22:18:31.794200 np0000189084 devstack@neutron-api.service[102213]: DEBUG neutron.api.rpc.handlers.resources_rpc [None req-0d8a7ea9-ddb8-4f64-b9d7-5b9cb8f5cfe5 admin admin] Pushing event updated for resources: {'Port': ['ID=cb8ea6ee-bfc5-4933-b01e-78d67baa10d5,revision_number=2']} {{(pid=102213) push /opt/stack/neutron/neutron/api/rpc/handlers/resources_rpc.py:237}}
Aug 12 22:18:31.962583 np0000189084 devstack@neutron-api.service[102213]: DEBUG neutron.plugins.ml2.drivers.ovn.mech_driver.ovsdb.commands [None req-0d8a7ea9-ddb8-4f64-b9d7-5b9cb8f5cfe5 admin admin] Converting tag [] to a tag_request {{(pid=102213) _tag_column_to_tag_request /opt/stack/neutron/neutron/plugins/ml2/drivers/ovn/mech_driver/ovsdb/commands.py:227}}
Aug 12 22:18:31.964161 np0000189084 devstack@neutron-api.service[102213]: DEBUG ovsdbapp.backend.ovs_idl.transaction [-] Running txn n=1 command(idx=0): CheckRevisionNumberCommand(_result=None, name=cb8ea6ee-bfc5-4933-b01e-78d67baa10d5, resource={'id': 'cb8ea6ee-bfc5-4933-b01e-78d67baa10d5', 'name': '', 'network_id': '2b365340-92fe-4067-ad9a-cefdca54ba3b', 'project_id': '18e56d5ec9774810b2c5d4549a29a88f', 'mac_address': 'fa:16:3e:e1:cf:15', 'admin_state_up': True, 'status': 'DOWN', 'device_id': 'ovnmeta-2b365340-92fe-4067-ad9a-cefdca54ba3b', 'device_owner': 'network:distributed', 'standard_attr_id': 14, 'fixed_ips': [{'subnet_id': 'dffd2c4f-91e3-4f27-a5aa-bc2371989746', 'ip_address': '10.1.0.2'}], 'allowed_address_pairs': [], 'extra_dhcp_opts': [], 'security_groups': [], 'description': '', 'binding:vnic_type': 'normal', 'binding:profile': {}, 'binding:host_id': '', 'binding:vif_type': 'unbound', 'binding:vif_details': {}, 'port_security_enabled': False, 'tags': [], 'created_at': '2026-08-12T22:18:29Z', 'updated_at': '2026-08-12T22:18:31Z', 'revision_number': 2, 'tenant_id': '18e56d5ec9774810b2c5d4549a29a88f', 'network': {'id': '2b365340-92fe-4067-ad9a-cefdca54ba3b', 'name': 'private', 'tenant_id': '18e56d5ec9774810b2c5d4549a29a88f', 'project_id': '18e56d5ec9774810b2c5d4549a29a88f', 'admin_state_up': True, 'mtu': 1372, 'status': 'ACTIVE', 'subnets': ['dffd2c4f-91e3-4f27-a5aa-bc2371989746'], 'standard_attr_id': 12, 'shared': False, 'availability_zone_hints': [], 'availability_zones': [], 'ipv4_address_scope': None, 'ipv6_address_scope': None, 'router:external': False, 'qinq': False, 'vlan_transparent': False, 'description': '', 'port_security_enabled': True, 'tags': [], 'created_at': '2026-08-12T22:18:28Z', 'updated_at': '2026-08-12T22:18:30Z', 'revision_number': 2, 'provider:network_type': 'geneve', 'provider:physical_network': None, 'provider:segmentation_id': 3688}}, resource_type=ports, if_exists=True) {{(pid=102213) do_commit /opt/stack/data/venv/lib/python3.12/site-packages/ovsdbapp/backend/ovs_idl/transaction.py:89}}
Aug 12 22:18:31.964870 np0000189084 devstack@neutron-api.service[102213]: DEBUG ovsdbapp.backend.ovs_idl.transaction [-] Running txn n=1 command(idx=1): AddDHCPOptionsCommand(_result=None, columns={'cidr': '10.1.0.0/26', 'options': {'server_id': '10.1.0.1', 'lease_time': '43200', 'mtu': '1372', 'router': '10.1.0.1', 'server_mac': 'fa:16:3e:05:92:aa', 'dns_server': '{127.0.0.53}', 'classless_static_route': '{169.254.169.254/32,10.1.0.2, 0.0.0.0/0,10.1.0.1}'}, 'external_ids': {'subnet_id': 'dffd2c4f-91e3-4f27-a5aa-bc2371989746', 'neutron:network_id': '2b365340-92fe-4067-ad9a-cefdca54ba3b', 'neutron:revision_number': '0'}}, may_exist=True, subnet_id=dffd2c4f-91e3-4f27-a5aa-bc2371989746, port_id=None, new_insert=False) {{(pid=102213) do_commit /opt/stack/data/venv/lib/python3.12/site-packages/ovsdbapp/backend/ovs_idl/transaction.py:89}}
Aug 12 22:18:31.965554 np0000189084 devstack@neutron-api.service[102213]: DEBUG ovsdbapp.backend.ovs_idl.transaction [-] Running txn n=1 command(idx=2): SetLSwitchPortCommand(_result=None, lport=cb8ea6ee-bfc5-4933-b01e-78d67baa10d5, external_ids_update=None, columns={'external_ids': {'neutron:port_name': '', 'neutron:device_id': 'ovnmeta-2b365340-92fe-4067-ad9a-cefdca54ba3b', 'neutron:project_id': '18e56d5ec9774810b2c5d4549a29a88f', 'neutron:cidrs': '10.1.0.2/26', 'neutron:device_owner': 'network:distributed', 'neutron:subnet_pool_addr_scope4': '', 'neutron:subnet_pool_addr_scope6': '', 'neutron:network_name': 'neutron-2b365340-92fe-4067-ad9a-cefdca54ba3b', 'neutron:security_group_ids': '', 'neutron:revision_number': '2', 'neutron:vnic_type': 'normal', 'neutron:port_capabilities': '', 'neutron:mtu': '1372'}, 'parent_name': [], 'options': {}, 'enabled': True, 'port_security': [], 'dhcpv4_options': [], 'dhcpv6_options': [], 'type': 'localport', 'addresses': ['fa:16:3e:e1:cf:15 10.1.0.2'], 'ha_chassis_group': [], 'tag_request': []}, if_exists=False) {{(pid=102213) do_commit /opt/stack/data/venv/lib/python3.12/site-packages/ovsdbapp/backend/ovs_idl/transaction.py:89}}
Aug 12 22:18:31.966829 np0000189084 devstack@neutron-api.service[102213]: DEBUG ovsdbapp.backend.ovs_idl.transaction [-] Running txn n=1 command(idx=3): PgDelPortCommand(_result=None, port_group=neutron_pg_drop, lsp=['cb8ea6ee-bfc5-4933-b01e-78d67baa10d5'], if_exists=False) {{(pid=102213) do_commit /opt/stack/data/venv/lib/python3.12/site-packages/ovsdbapp/backend/ovs_idl/transaction.py:89}}
Aug 12 22:18:31.972377 np0000189084 devstack@neutron-api.service[102216]: DEBUG neutron.plugins.ml2.drivers.ovn.mech_driver.ovsdb.ovsdb_monitor [-] Hash Ring: Node 231bc47b269d5b278049c13ed4cfc1ee (host: np0000189084) handling event "create" for row 4b540302-2927-4d08-9062-66d6cbb5c8b6 (table: DHCP_Options) {{(pid=102216) notify /opt/stack/neutron/neutron/plugins/ml2/drivers/ovn/mech_driver/ovsdb/ovsdb_monitor.py:1099}}
Aug 12 22:18:31.974168 np0000189084 devstack@neutron-api.service[102213]: DEBUG neutron.plugins.ml2.drivers.ovn.mech_driver.ovsdb.ovsdb_monitor [-] Hash Ring: Node 43d264b02dac50be92514d957c28e098 (host: np0000189084) handling event "create" for row 4b540302-2927-4d08-9062-66d6cbb5c8b6 (table: DHCP_Options) {{(pid=102213) notify /opt/stack/neutron/neutron/plugins/ml2/drivers/ovn/mech_driver/ovsdb/ovsdb_monitor.py:1099}}
Aug 12 22:18:31.975812 np0000189084 devstack@neutron-api.service[102215]: DEBUG neutron.plugins.ml2.drivers.ovn.mech_driver.ovsdb.ovsdb_monitor [-] Hash Ring: Node 5ea038c1a1c55c568ca40943777dc3f3 (host: np0000189084) handling event "create" for row 4b540302-2927-4d08-9062-66d6cbb5c8b6 (table: DHCP_Options) {{(pid=102215) notify /opt/stack/neutron/neutron/plugins/ml2/drivers/ovn/mech_driver/ovsdb/ovsdb_monitor.py:1099}}
Aug 12 22:18:31.976325 np0000189084 devstack@neutron-api.service[102215]: DEBUG neutron.plugins.ml2.drivers.ovn.mech_driver.ovsdb.ovsdb_monitor [-] Hash Ring: Node 5ea038c1a1c55c568ca40943777dc3f3 (host: np0000189084) handling event "update" for row 2d66f116-e79b-4624-a4dd-7c07b0b96ad0 (table: Logical_Switch_Port) {{(pid=102215) notify /opt/stack/neutron/neutron/plugins/ml2/drivers/ovn/mech_driver/ovsdb/ovsdb_monitor.py:1099}}
Aug 12 22:18:31.978892 np0000189084 devstack@neutron-api.service[102214]: DEBUG neutron.plugins.ml2.drivers.ovn.mech_driver.ovsdb.ovsdb_monitor [-] Hash Ring: Node 40d118f6fb005c2880b9f20ddcf83858 (host: np0000189084) handling event "update" for row 2d66f116-e79b-4624-a4dd-7c07b0b96ad0 (table: Logical_Switch_Port) {{(pid=102214) notify /opt/stack/neutron/neutron/plugins/ml2/drivers/ovn/mech_driver/ovsdb/ovsdb_monitor.py:1099}}
Aug 12 22:18:31.980017 np0000189084 devstack@neutron-api.service[102215]: DEBUG neutron.plugins.ml2.drivers.ovn.mech_driver.ovsdb.ovsdb_monitor [-] Hash Ring: Node 5ea038c1a1c55c568ca40943777dc3f3 (host: np0000189084) handling event "update" for row e48e2215-0166-4884-a241-612ae59b0c17 (table: Port_Binding) {{(pid=102215) notify /opt/stack/neutron/neutron/plugins/ml2/drivers/ovn/mech_driver/ovsdb/ovsdb_monitor.py:1099}}
Aug 12 22:18:31.980971 np0000189084 devstack@neutron-api.service[102214]: DEBUG neutron.plugins.ml2.drivers.ovn.mech_driver.ovsdb.ovsdb_monitor [-] Hash Ring: Node 40d118f6fb005c2880b9f20ddcf83858 (host: np0000189084) handling event "update" for row e48e2215-0166-4884-a241-612ae59b0c17 (table: Port_Binding) {{(pid=102214) notify /opt/stack/neutron/neutron/plugins/ml2/drivers/ovn/mech_driver/ovsdb/ovsdb_monitor.py:1099}}
Aug 12 22:18:32.012509 np0000189084 devstack@neutron-api.service[102213]: INFO neutron.db.ovn_revision_numbers_db [None req-0d8a7ea9-ddb8-4f64-b9d7-5b9cb8f5cfe5 admin admin] Successfully bumped revision number for resource cb8ea6ee-bfc5-4933-b01e-78d67baa10d5 (type: ports) to 2
Aug 12 22:18:32.024383 np0000189084 devstack@neutron-api.service[102213]: DEBUG neutron.plugins.ml2.plugin [None req-0d8a7ea9-ddb8-4f64-b9d7-5b9cb8f5cfe5 admin admin] In _notify_port_updated(), no bound segment for port cb8ea6ee-bfc5-4933-b01e-78d67baa10d5 on network 2b365340-92fe-4067-ad9a-cefdca54ba3b {{(pid=102213) _notify_port_updated /opt/stack/neutron/neutron/plugins/ml2/plugin.py:1041}}
Aug 12 22:18:32.058444 np0000189084 devstack@neutron-api.service[102213]: INFO neutron.db.ovn_revision_numbers_db [None req-0d8a7ea9-ddb8-4f64-b9d7-5b9cb8f5cfe5 admin admin] Successfully bumped revision number for resource dffd2c4f-91e3-4f27-a5aa-bc2371989746 (type: subnets) to 0
Aug 12 22:18:32.060074 np0000189084 devstack@neutron-api.service[102213]: DEBUG neutron.pecan_wsgi.hooks.policy_enforcement [None req-0d8a7ea9-ddb8-4f64-b9d7-5b9cb8f5cfe5 admin admin] Attributes excluded by policy engine: ['standard_attr_id', 'shared', 'network'] {{(pid=102213) _exclude_attributes_by_policy /opt/stack/neutron/neutron/pecan_wsgi/hooks/policy_enforcement.py:259}}
Aug 12 22:18:32.060443 np0000189084 devstack@neutron-api.service[102213]: DEBUG neutron_lib.callbacks.manager [None req-0d8a7ea9-ddb8-4f64-b9d7-5b9cb8f5cfe5 admin admin] Publish callbacks [] for subnet (None), before_response {{(pid=102213) _notify_loop /opt/stack/data/venv/lib/python3.12/site-packages/neutron_lib/callbacks/manager.py:184}}
Aug 12 22:18:32.073757 np0000189084 devstack@neutron-api.service[102213]: [pid: 102213|app: 0|req: 2/8] 199.204.45.156 () {68 vars in 1355 bytes} [Wed Aug 12 22:18:30 2026] POST /networking/v2.0/subnets => generated 666 bytes in 1397 msecs (HTTP/1.1 201) 4 headers in 162 bytes (1 switches on core 0)
Aug 12 22:18:32.230796 np0000189084 devstack@neutron-api.service[102215]: DEBUG neutron.plugins.ml2.drivers.ovn.mech_driver.ovsdb.ovsdb_monitor [-] Hash Ring: Node 5ea038c1a1c55c568ca40943777dc3f3 (host: np0000189084) handling event "update" for row adb55b37-7389-4df6-b6f9-db16b4789dd4 (table: Connection) {{(pid=102215) notify /opt/stack/neutron/neutron/plugins/ml2/drivers/ovn/mech_driver/ovsdb/ovsdb_monitor.py:1099}}
Aug 12 22:18:32.230999 np0000189084 devstack@neutron-api.service[102214]: DEBUG neutron.plugins.ml2.drivers.ovn.mech_driver.ovsdb.ovsdb_monitor [-] Hash Ring: Node 40d118f6fb005c2880b9f20ddcf83858 (host: np0000189084) handling event "update" for row adb55b37-7389-4df6-b6f9-db16b4789dd4 (table: Connection) {{(pid=102214) notify /opt/stack/neutron/neutron/plugins/ml2/drivers/ovn/mech_driver/ovsdb/ovsdb_monitor.py:1099}}
Aug 12 22:18:32.231902 np0000189084 devstack@neutron-api.service[102216]: DEBUG neutron.plugins.ml2.drivers.ovn.mech_driver.ovsdb.ovsdb_monitor [-] Hash Ring: Node 231bc47b269d5b278049c13ed4cfc1ee (host: np0000189084) handling event "update" for row adb55b37-7389-4df6-b6f9-db16b4789dd4 (table: Connection) {{(pid=102216) notify /opt/stack/neutron/neutron/plugins/ml2/drivers/ovn/mech_driver/ovsdb/ovsdb_monitor.py:1099}}
Aug 12 22:18:32.578582 np0000189084 devstack@neutron-api.service[102216]: DEBUG neutron.pecan_wsgi.hooks.policy_enforcement [None req-8af9573e-91a0-4bc0-8c35-f4b40769088f admin admin] Attributes excluded by policy engine: ['standard_attr_id'] {{(pid=102216) _exclude_attributes_by_policy /opt/stack/neutron/neutron/pecan_wsgi/hooks/policy_enforcement.py:259}}
Aug 12 22:18:32.579585 np0000189084 devstack@neutron-api.service[102216]: [pid: 102216|app: 0|req: 2/9] 199.204.45.156 () {64 vars in 1415 bytes} [Wed Aug 12 22:18:32 2026] GET /networking/v2.0/networks/2b365340-92fe-4067-ad9a-cefdca54ba3b => generated 699 bytes in 49 msecs (HTTP/1.1 200) 4 headers in 157 bytes (1 switches on core 0)
Aug 12 22:18:32.600478 np0000189084 devstack@neutron-api.service[102215]: DEBUG neutron.api.wsgi [None req-6ab11d23-a460-4fb3-ac9e-80d3e994070f admin admin] Missing Content-Type {{(pid=102215) get_content_type /opt/stack/neutron/neutron/api/wsgi.py:80}}
Aug 12 22:18:32.616039 np0000189084 devstack@neutron-api.service[102215]: [pid: 102215|app: 0|req: 4/10] 199.204.45.156 () {64 vars in 1424 bytes} [Wed Aug 12 22:18:32 2026] GET /networking/v2.0/subnetpools/ce7d2126-9964-43b8-a0d1-0fddeb352a24 => generated 543 bytes in 20 msecs (HTTP/1.1 200) 4 headers in 157 bytes (1 switches on core 0)
Aug 12 22:18:32.637623 np0000189084 devstack@neutron-api.service[102214]: DEBUG neutron.api.v2.base [None req-59c63d20-14e3-4a26-b42e-137c9e32a5e2 admin admin] Request body: {'subnet': {'name': 'ipv6-private-subnet', 'ipv6_ra_mode': 'slaac', 'network_id': '2b365340-92fe-4067-ad9a-cefdca54ba3b', 'subnetpool_id': 'ce7d2126-9964-43b8-a0d1-0fddeb352a24', 'ipv6_address_mode': 'slaac', 'ip_version': 6}} {{(pid=102214) prepare_request_body /opt/stack/neutron/neutron/api/v2/base.py:727}}
Aug 12 22:18:32.663488 np0000189084 devstack@neutron-api.service[102214]: DEBUG neutron.pecan_wsgi.hooks.quota_enforcement [None req-59c63d20-14e3-4a26-b42e-137c9e32a5e2 admin admin] Made reservation on behalf of 18e56d5ec9774810b2c5d4549a29a88f for: {'subnet': 1} {{(pid=102214) before /opt/stack/neutron/neutron/pecan_wsgi/hooks/quota_enforcement.py:66}}
Aug 12 22:18:32.667829 np0000189084 devstack@neutron-api.service[102214]: DEBUG neutron_lib.callbacks.manager [None req-59c63d20-14e3-4a26-b42e-137c9e32a5e2 admin admin] Publish callbacks [] for subnet (None), before_create {{(pid=102214) _notify_loop /opt/stack/data/venv/lib/python3.12/site-packages/neutron_lib/callbacks/manager.py:184}}
Aug 12 22:18:33.047537 np0000189084 devstack@neutron-api.service[102214]: DEBUG neutron.db.ovn_revision_numbers_db [None req-59c63d20-14e3-4a26-b42e-137c9e32a5e2 admin admin] create_initial_revision uuid=4d2db6de-f10e-4651-9b35-551fc79ba8de, type=subnets, rev=-1 {{(pid=102214) create_initial_revision /opt/stack/neutron/neutron/db/ovn_revision_numbers_db.py:98}}
Aug 12 22:18:33.135813 np0000189084 devstack@neutron-api.service[102214]: DEBUG neutron.objects.ports [None req-59c63d20-14e3-4a26-b42e-137c9e32a5e2 admin admin] Time-cost: Fetching 1 ports in 0 security groups {{(pid=102214) get_objects /opt/stack/neutron/neutron/objects/ports.py:506}}
