2026-05-24 08:28:57.730 7 INFO placement.requestlog [None req-99494909-d712-472e-893b-73654eb8b529 ec3ae756c81a4a859b9213a35b94fe25 38fd56f1b0d14ca2abe6367110279f29 - - d55e893b274a454a9d07c75a5e69a552 d55e893b274a454a9d07c75a5e69a552] 10.0.0.234 "GET /resource_providers/458ae631-718a-494b-9b35-88434a1383ce/aggregates" status: 404 len: 235 microversion: 1.1 [pid: 7|app: 0|req: 521/1041] 10.0.0.234 () {32 vars in 816 bytes} [Sun May 24 08:28:57 2026] GET /resource_providers/458ae631-718a-494b-9b35-88434a1383ce/aggregates => generated 235 bytes in 14 msecs (HTTP/1.1 404) 5 headers in 202 bytes (1 switches on core 0)
2026-05-24 08:28:57.749 8 INFO placement.requestlog [None req-4aadde29-4e9a-4048-aece-144d095e506d ec3ae756c81a4a859b9213a35b94fe25 38fd56f1b0d14ca2abe6367110279f29 - - d55e893b274a454a9d07c75a5e69a552 d55e893b274a454a9d07c75a5e69a552] 10.0.0.234 "DELETE /resource_providers/458ae631-718a-494b-9b35-88434a1383ce" status: 404 len: 246 microversion: 1.1 [pid: 8|app: 0|req: 521/1042] 10.0.0.234 () {34 vars in 816 bytes} [Sun May 24 08:28:57 2026] DELETE /resource_providers/458ae631-718a-494b-9b35-88434a1383ce => generated 246 bytes in 9 msecs (HTTP/1.1 404) 6 headers in 231 bytes (1 switches on core 0)
2026-05-24 08:28:57.755 7 INFO placement.requestlog [None req-0dabf9b7-b3c0-42e5-ae81-ca448eaba92f ec3ae756c81a4a859b9213a35b94fe25 38fd56f1b0d14ca2abe6367110279f29 - - d55e893b274a454a9d07c75a5e69a552 d55e893b274a454a9d07c75a5e69a552] 10.0.0.234 "DELETE /resource_providers/458ae631-718a-494b-9b35-88434a1383ce" status: 404 len: 246 microversion: 1.1 [pid: 7|app: 0|req: 522/1043] 10.0.0.234 () {34 vars in 816 bytes} [Sun May 24 08:28:57 2026] DELETE /resource_providers/458ae631-718a-494b-9b35-88434a1383ce => generated 246 bytes in 13 msecs (HTTP/1.1 404) 6 headers in 231 bytes (1 switches on core 0)
2026-05-24 08:28:57.824 8 INFO placement.requestlog [None req-4aec83a2-1045-4acd-80ff-a6666171719b - - - - - -] 10.0.0.152 "GET /" status: 200 len: 136 microversion: 1.0
2026-05-24 08:28:57.825 7 INFO placement.requestlog [None req-2cda1d52-5630-4a64-b181-07213fa6ffad - - - - - -] 10.0.0.152 "GET /" status: 200 len: 136 microversion: 1.0
2026-05-24 08:29:00.124 7 INFO placement.requestlog [None req-39efb082-503a-4524-a78d-0a596736a8c8 ec3ae756c81a4a859b9213a35b94fe25 38fd56f1b0d14ca2abe6367110279f29 - - d55e893b274a454a9d07c75a5e69a552 d55e893b274a454a9d07c75a5e69a552] 10.0.0.234 "GET /resource_providers/26496394-4d98-45e6-8973-dd7a2ad7089b/aggregates" status: 404 len: 235 microversion: 1.1 [pid: 7|app: 0|req: 524/1046] 10.0.0.234 () {32 vars in 816 bytes} [Sun May 24 08:29:00 2026] GET /resource_providers/26496394-4d98-45e6-8973-dd7a2ad7089b/aggregates => generated 235 bytes in 11 msecs (HTTP/1.1 404) 5 headers in 202 bytes (1 switches on core 0)
2026-05-24 08:29:00.124 8 INFO placement.requestlog [None req-7e20297a-0323-4c75-a197-67f91aa85c4b ec3ae756c81a4a859b9213a35b94fe25 38fd56f1b0d14ca2abe6367110279f29 - - d55e893b274a454a9d07c75a5e69a552 d55e893b274a454a9d07c75a5e69a552] 10.0.0.234 "GET /resource_providers/26496394-4d98-45e6-8973-dd7a2ad7089b/aggregates" status: 404 len: 235 microversion: 1.1 [pid: 8|app: 0|req: 523/1047] 10.0.0.234 () {32 vars in 816 bytes} [Sun May 24 08:29:00 2026] GET /resource_providers/26496394-4d98-45e6-8973-dd7a2ad7089b/aggregates => generated 235 bytes in 12 msecs (HTTP/1.1 404) 5 headers in 202 bytes (1 switches on core 0)
2026-05-24 08:29:00.155 7 INFO placement.requestlog [None req-921bc89e-5500-4509-bee5-7b40c870432d ec3ae756c81a4a859b9213a35b94fe25 38fd56f1b0d14ca2abe6367110279f29 - - d55e893b274a454a9d07c75a5e69a552 d55e893b274a454a9d07c75a5e69a552] 10.0.0.234 "DELETE /resource_providers/26496394-4d98-45e6-8973-dd7a2ad7089b" status: 404 len: 246 microversion: 1.1
2026-05-24 08:29:00.156 8 INFO placement.requestlog [None req-bfd9a872-d3d5-49cd-9e04-0189b5197345 ec3ae756c81a4a859b9213a35b94fe25 38fd56f1b0d14ca2abe6367110279f29 - - d55e893b274a454a9d07c75a5e69a552 d55e893b274a454a9d07c75a5e69a552] 10.0.0.234 "DELETE /resource_providers/26496394-4d98-45e6-8973-dd7a2ad7089b" status: 404 len: 246 microversion: 1.1 [pid: 7|app: 0|req: 525/1048] 10.0.0.234 () {34 vars in 816 bytes} [Sun May 24 08:29:00 2026] DELETE /resource_providers/26496394-4d98-45e6-8973-dd7a2ad7089b => generated 246 bytes in 13 msecs (HTTP/1.1 404) 6 headers in 231 bytes (1 switches on core 0) [pid: 8|app: 0|req: 524/1049] 10.0.0.234 () {34 vars in 816 bytes} [Sun May 24 08:29:00 2026] DELETE /resource_providers/26496394-4d98-45e6-8973-dd7a2ad7089b => generated 246 bytes in 12 msecs (HTTP/1.1 404) 6 headers in 231 bytes (1 switches on core 0)
2026-05-24 08:29:00.575 7 INFO placement.requestlog [None req-f630b6a2-1a39-46cd-9d7a-ca43fdf7338c ec3ae756c81a4a859b9213a35b94fe25 38fd56f1b0d14ca2abe6367110279f29 - - d55e893b274a454a9d07c75a5e69a552 d55e893b274a454a9d07c75a5e69a552] 10.0.0.234 "GET /resource_providers/3ffc1871-1143-4689-ae24-28cb7bab26ae/aggregates" status: 404 len: 235 microversion: 1.1 [pid: 7|app: 0|req: 526/1050] 10.0.0.234 () {32 vars in 816 bytes} [Sun May 24 08:29:00 2026] GET /resource_providers/3ffc1871-1143-4689-ae24-28cb7bab26ae/aggregates => generated 235 bytes in 11 msecs (HTTP/1.1 404) 5 headers in 202 bytes (1 switches on core 0)
2026-05-24 08:29:00.582 8 INFO placement.requestlog [None req-59255bc4-d63d-4a36-baec-9546d15cbf75 ec3ae756c81a4a859b9213a35b94fe25 38fd56f1b0d14ca2abe6367110279f29 - - d55e893b274a454a9d07c75a5e69a552 d55e893b274a454a9d07c75a5e69a552] 10.0.0.234 "GET /resource_providers/3ffc1871-1143-4689-ae24-28cb7bab26ae/aggregates" status: 404 len: 235 microversion: 1.1 [pid: 8|app: 0|req: 525/1051] 10.0.0.234 () {32 vars in 816 bytes} [Sun May 24 08:29:00 2026] GET /resource_providers/3ffc1871-1143-4689-ae24-28cb7bab26ae/aggregates => generated 235 bytes in 19 msecs (HTTP/1.1 404) 5 headers in 202 bytes (1 switches on core 0)
2026-05-24 08:29:00.602 8 INFO placement.requestlog [None req-a8a836c3-660e-4f28-9278-6c22d7b97f37 ec3ae756c81a4a859b9213a35b94fe25 38fd56f1b0d14ca2abe6367110279f29 - - d55e893b274a454a9d07c75a5e69a552 d55e893b274a454a9d07c75a5e69a552] 10.0.0.234 "DELETE /resource_providers/3ffc1871-1143-4689-ae24-28cb7bab26ae" status: 404 len: 246 microversion: 1.1 [pid: 8|app: 0|req: 526/1052] 10.0.0.234 () {34 vars in 816 bytes} [Sun May 24 08:29:00 2026] DELETE /resource_providers/3ffc1871-1143-4689-ae24-28cb7bab26ae => generated 246 bytes in 8 msecs (HTTP/1.1 404) 6 headers in 231 bytes (1 switches on core 0)
2026-05-24 08:29:00.612 7 INFO placement.requestlog [None req-50b78c55-b2da-4dc8-bcc9-fafab1b5b9da ec3ae756c81a4a859b9213a35b94fe25 38fd56f1b0d14ca2abe6367110279f29 - - d55e893b274a454a9d07c75a5e69a552 d55e893b274a454a9d07c75a5e69a552] 10.0.0.234 "DELETE /resource_providers/3ffc1871-1143-4689-ae24-28cb7bab26ae" status: 404 len: 246 microversion: 1.1 [pid: 7|app: 0|req: 527/1053] 10.0.0.234 () {34 vars in 816 bytes} [Sun May 24 08:29:00 2026] DELETE /resource_providers/3ffc1871-1143-4689-ae24-28cb7bab26ae => generated 246 bytes in 20 msecs (HTTP/1.1 404) 6 headers in 231 bytes (1 switches on core 0)
2026-05-24 08:29:07.825 7 INFO placement.requestlog [None req-ad731470-d0e4-48e6-8f6c-10b3ed3820be - - - - - -] 10.0.0.152 "GET /" status: 200 len: 136 microversion: 1.0
2026-05-24 08:29:07.826 8 INFO placement.requestlog [None req-e00f043c-4d79-450c-a9f7-a146171d85a3 - - - - - -] 10.0.0.152 "GET /" status: 200 len: 136 microversion: 1.0
2026-05-24 08:29:17.825 7 INFO placement.requestlog [None req-5604b025-a316-4a1a-8a5d-64e8f9b7aebe - - - - - -] 10.0.0.152 "GET /" status: 200 len: 136 microversion: 1.0
2026-05-24 08:29:17.827 8 INFO placement.requestlog [None req-fff9e655-eff3-462f-8586-6c861614f936 - - - - - -] 10.0.0.152 "GET /" status: 200 len: 136 microversion: 1.0
2026-05-24 08:29:19.836 7 INFO placement.requestlog [req-f1ad77dc-c77b-4389-b76f-22bf7228b168 req-4d1bd05d-71a4-4c1b-8e06-fc6b7f927e05 2419e1c17d98430ba95492924e75b411 38fd56f1b0d14ca2abe6367110279f29 - - d55e893b274a454a9d07c75a5e69a552 d55e893b274a454a9d07c75a5e69a552] 10.0.0.126 "GET /allocation_candidates?limit=1000&resources=DISK_GB%3A1%2CMEMORY_MB%3A512%2CVCPU%3A1&root_required=%21COMPUTE_STATUS_DISABLED" status: 200 len: 2783 microversion: 1.36 [pid: 7|app: 0|req: 530/1058] 10.0.0.126 () {34 vars in 1012 bytes} [Sun May 24 08:29:19 2026] GET /allocation_candidates?limit=1000&resources=DISK_GB%3A1%2CMEMORY_MB%3A512%2CVCPU%3A1&root_required=%21COMPUTE_STATUS_DISABLED => generated 2783 bytes in 48 msecs (HTTP/1.1 200) 8 headers in 297 bytes (1 switches on core 0)
2026-05-24 08:29:19.883 8 INFO placement.requestlog [req-f1ad77dc-c77b-4389-b76f-22bf7228b168 req-ec8b9fbb-20e2-4f9a-8b67-b4f467abfb35 2419e1c17d98430ba95492924e75b411 38fd56f1b0d14ca2abe6367110279f29 - - d55e893b274a454a9d07c75a5e69a552 d55e893b274a454a9d07c75a5e69a552] 10.0.0.126 "GET /allocations/e2e0e244-8d76-401f-bdaa-fe19e01b6447" status: 200 len: 19 microversion: 1.28 [pid: 8|app: 0|req: 529/1059] 10.0.0.126 () {34 vars in 861 bytes} [Sun May 24 08:29:19 2026] GET /allocations/e2e0e244-8d76-401f-bdaa-fe19e01b6447 => generated 19 bytes in 13 msecs (HTTP/1.1 200) 8 headers in 295 bytes (1 switches on core 0)
2026-05-24 08:29:19.943 7 INFO placement.requestlog [req-f1ad77dc-c77b-4389-b76f-22bf7228b168 req-9b0c9959-9383-44d9-a5c0-ebfbe32eb633 2419e1c17d98430ba95492924e75b411 38fd56f1b0d14ca2abe6367110279f29 - - d55e893b274a454a9d07c75a5e69a552 d55e893b274a454a9d07c75a5e69a552] 10.0.0.126 "PUT /allocations/e2e0e244-8d76-401f-bdaa-fe19e01b6447" status: 204 len: 0 microversion: 1.36 [pid: 7|app: 0|req: 531/1060] 10.0.0.126 () {38 vars in 914 bytes} [Sun May 24 08:29:19 2026] PUT /allocations/e2e0e244-8d76-401f-bdaa-fe19e01b6447 => generated 0 bytes in 53 msecs (HTTP/1.1 204) 5 headers in 199 bytes (1 switches on core 0)
2026-05-24 08:29:21.509 8 INFO placement.requestlog [req-f1ad77dc-c77b-4389-b76f-22bf7228b168 req-3d57bc30-ee5e-48f7-8d3b-ac8f9b3481a3 2419e1c17d98430ba95492924e75b411 38fd56f1b0d14ca2abe6367110279f29 - - d55e893b274a454a9d07c75a5e69a552 d55e893b274a454a9d07c75a5e69a552] 162.253.55.186 "GET /allocations/e2e0e244-8d76-401f-bdaa-fe19e01b6447" status: 200 len: 258 microversion: 1.28 [pid: 8|app: 0|req: 530/1061] 162.253.55.186 () {34 vars in 863 bytes} [Sun May 24 08:29:21 2026] GET /allocations/e2e0e244-8d76-401f-bdaa-fe19e01b6447 => generated 258 bytes in 20 msecs (HTTP/1.1 200) 8 headers in 296 bytes (1 switches on core 0)
2026-05-24 08:29:22.558 7 INFO placement.requestlog [req-f1ad77dc-c77b-4389-b76f-22bf7228b168 req-7e809773-3da6-4559-8241-c924603fdb4a 2419e1c17d98430ba95492924e75b411 38fd56f1b0d14ca2abe6367110279f29 - - d55e893b274a454a9d07c75a5e69a552 d55e893b274a454a9d07c75a5e69a552] 162.253.55.186 "GET /resource_providers/e73d2630-6a00-47bc-b151-34459d830faf/allocations" status: 200 len: 253 microversion: 1.0 [pid: 7|app: 0|req: 532/1062] 162.253.55.186 () {32 vars in 857 bytes} [Sun May 24 08:29:22 2026] GET /resource_providers/e73d2630-6a00-47bc-b151-34459d830faf/allocations => generated 253 bytes in 19 msecs (HTTP/1.1 200) 6 headers in 224 bytes (1 switches on core 0)
2026-05-24 08:29:22.578 8 INFO placement.requestlog [req-f1ad77dc-c77b-4389-b76f-22bf7228b168 req-474d24fb-eeb7-40a1-b0e1-a33fb4f116eb 2419e1c17d98430ba95492924e75b411 38fd56f1b0d14ca2abe6367110279f29 - - d55e893b274a454a9d07c75a5e69a552 d55e893b274a454a9d07c75a5e69a552] 162.253.55.186 "GET /allocations/f544759c-0731-4390-b985-bc91530c94e1" status: 200 len: 258 microversion: 1.28 [pid: 8|app: 0|req: 531/1063] 162.253.55.186 () {34 vars in 863 bytes} [Sun May 24 08:29:22 2026] GET /allocations/f544759c-0731-4390-b985-bc91530c94e1 => generated 258 bytes in 13 msecs (HTTP/1.1 200) 8 headers in 296 bytes (1 switches on core 0)
2026-05-24 08:29:22.599 7 INFO placement.requestlog [req-f1ad77dc-c77b-4389-b76f-22bf7228b168 req-b57417d0-84bf-4bb4-84e5-890aaba620b4 2419e1c17d98430ba95492924e75b411 38fd56f1b0d14ca2abe6367110279f29 - - d55e893b274a454a9d07c75a5e69a552 d55e893b274a454a9d07c75a5e69a552] 162.253.55.186 "GET /allocations/e2e0e244-8d76-401f-bdaa-fe19e01b6447" status: 200 len: 258 microversion: 1.28 [pid: 7|app: 0|req: 533/1064] 162.253.55.186 () {34 vars in 863 bytes} [Sun May 24 08:29:22 2026] GET /allocations/e2e0e244-8d76-401f-bdaa-fe19e01b6447 => generated 258 bytes in 15 msecs (HTTP/1.1 200) 8 headers in 296 bytes (1 switches on core 0)
2026-05-24 08:29:27.766 8 INFO placement.requestlog [None req-09b81bec-1467-430a-924a-4f7f7a109905 ec3ae756c81a4a859b9213a35b94fe25 38fd56f1b0d14ca2abe6367110279f29 - - d55e893b274a454a9d07c75a5e69a552 d55e893b274a454a9d07c75a5e69a552] 10.0.0.234 "GET /resource_providers/f6611180-cb15-43dc-84e8-a8a3283d6a21/aggregates" status: 404 len: 235 microversion: 1.1 [pid: 8|app: 0|req: 532/1065] 10.0.0.234 () {32 vars in 816 bytes} [Sun May 24 08:29:27 2026] GET /resource_providers/f6611180-cb15-43dc-84e8-a8a3283d6a21/aggregates => generated 235 bytes in 11 msecs (HTTP/1.1 404) 5 headers in 202 bytes (1 switches on core 0)
2026-05-24 08:29:27.774 7 INFO placement.requestlog [None req-c8f768a6-d75a-4f03-9bd7-d4e571d5040c ec3ae756c81a4a859b9213a35b94fe25 38fd56f1b0d14ca2abe6367110279f29 - - d55e893b274a454a9d07c75a5e69a552 d55e893b274a454a9d07c75a5e69a552] 10.0.0.234 "GET /resource_providers/f6611180-cb15-43dc-84e8-a8a3283d6a21/aggregates" status: 404 len: 235 microversion: 1.1 [pid: 7|app: 0|req: 534/1066] 10.0.0.234 () {32 vars in 816 bytes} [Sun May 24 08:29:27 2026] GET /resource_providers/f6611180-cb15-43dc-84e8-a8a3283d6a21/aggregates => generated 235 bytes in 11 msecs (HTTP/1.1 404) 5 headers in 202 bytes (1 switches on core 0)
2026-05-24 08:29:27.797 8 INFO placement.requestlog [None req-4619b6f2-8033-4ba1-9e75-52c5cea8da01 ec3ae756c81a4a859b9213a35b94fe25 38fd56f1b0d14ca2abe6367110279f29 - - d55e893b274a454a9d07c75a5e69a552 d55e893b274a454a9d07c75a5e69a552] 10.0.0.234 "DELETE /resource_providers/f6611180-cb15-43dc-84e8-a8a3283d6a21" status: 404 len: 246 microversion: 1.1 [pid: 8|app: 0|req: 533/1067] 10.0.0.234 () {34 vars in 816 bytes} [Sun May 24 08:29:27 2026] DELETE /resource_providers/f6611180-cb15-43dc-84e8-a8a3283d6a21 => generated 246 bytes in 13 msecs (HTTP/1.1 404) 6 headers in 231 bytes (1 switches on core 0)
2026-05-24 08:29:27.799 7 INFO placement.requestlog [None req-3388e272-3f7c-483d-8503-718c60b9735f ec3ae756c81a4a859b9213a35b94fe25 38fd56f1b0d14ca2abe6367110279f29 - - d55e893b274a454a9d07c75a5e69a552 d55e893b274a454a9d07c75a5e69a552] 10.0.0.234 "DELETE /resource_providers/f6611180-cb15-43dc-84e8-a8a3283d6a21" status: 404 len: 246 microversion: 1.1 [pid: 7|app: 0|req: 535/1068] 10.0.0.234 () {34 vars in 816 bytes} [Sun May 24 08:29:27 2026] DELETE /resource_providers/f6611180-cb15-43dc-84e8-a8a3283d6a21 => generated 246 bytes in 15 msecs (HTTP/1.1 404) 6 headers in 231 bytes (1 switches on core 0)
2026-05-24 08:29:27.825 7 INFO placement.requestlog [None req-481051de-9543-4b53-8956-f9f0e8deba34 - - - - - -] 10.0.0.152 "GET /" status: 200 len: 136 microversion: 1.0
2026-05-24 08:29:27.825 8 INFO placement.requestlog [None req-009ea67d-18c1-492d-86d9-515fb536db3c - - - - - -] 10.0.0.152 "GET /" status: 200 len: 136 microversion: 1.0
2026-05-24 08:29:35.075 7 INFO placement.requestlog [req-2e12c1b1-2a69-449e-a326-d994c1bb3d8e req-1f3fb015-6f01-48f0-87ef-b789033fca14 2419e1c17d98430ba95492924e75b411 38fd56f1b0d14ca2abe6367110279f29 - - d55e893b274a454a9d07c75a5e69a552 d55e893b274a454a9d07c75a5e69a552] 162.253.55.186 "GET /resource_providers/e73d2630-6a00-47bc-b151-34459d830faf/allocations" status: 200 len: 253 microversion: 1.0 [pid: 7|app: 0|req: 537/1071] 162.253.55.186 () {32 vars in 857 bytes} [Sun May 24 08:29:35 2026] GET /resource_providers/e73d2630-6a00-47bc-b151-34459d830faf/allocations => generated 253 bytes in 17 msecs (HTTP/1.1 200) 6 headers in 224 bytes (1 switches on core 0)
2026-05-24 08:29:35.101 8 INFO placement.requestlog [req-2e12c1b1-2a69-449e-a326-d994c1bb3d8e req-23e9eda4-4eb6-4991-bdfe-7e97c336fc60 2419e1c17d98430ba95492924e75b411 38fd56f1b0d14ca2abe6367110279f29 - - d55e893b274a454a9d07c75a5e69a552 d55e893b274a454a9d07c75a5e69a552] 162.253.55.186 "GET /resource_providers/e73d2630-6a00-47bc-b151-34459d830faf/allocations" status: 200 len: 253 microversion: 1.0 [pid: 8|app: 0|req: 535/1072] 162.253.55.186 () {32 vars in 857 bytes} [Sun May 24 08:29:35 2026] GET /resource_providers/e73d2630-6a00-47bc-b151-34459d830faf/allocations => generated 253 bytes in 18 msecs (HTTP/1.1 200) 6 headers in 224 bytes (1 switches on core 0)
2026-05-24 08:29:35.122 7 INFO placement.requestlog [req-2e12c1b1-2a69-449e-a326-d994c1bb3d8e req-f81d09a1-9285-4370-befa-dfed43a255e4 2419e1c17d98430ba95492924e75b411 38fd56f1b0d14ca2abe6367110279f29 - - d55e893b274a454a9d07c75a5e69a552 d55e893b274a454a9d07c75a5e69a552] 162.253.55.186 "GET /allocations/f544759c-0731-4390-b985-bc91530c94e1" status: 200 len: 258 microversion: 1.28 [pid: 7|app: 0|req: 538/1073] 162.253.55.186 () {34 vars in 863 bytes} [Sun May 24 08:29:35 2026] GET /allocations/f544759c-0731-4390-b985-bc91530c94e1 => generated 258 bytes in 15 msecs (HTTP/1.1 200) 8 headers in 296 bytes (1 switches on core 0)
2026-05-24 08:29:35.145 8 INFO placement.requestlog [req-2e12c1b1-2a69-449e-a326-d994c1bb3d8e req-3fdbb421-7f3b-4ee2-8aba-e1fe9c645246 2419e1c17d98430ba95492924e75b411 38fd56f1b0d14ca2abe6367110279f29 - - d55e893b274a454a9d07c75a5e69a552 d55e893b274a454a9d07c75a5e69a552] 162.253.55.186 "GET /allocations/e2e0e244-8d76-401f-bdaa-fe19e01b6447" status: 200 len: 258 microversion: 1.28 [pid: 8|app: 0|req: 536/1074] 162.253.55.186 () {34 vars in 863 bytes} [Sun May 24 08:29:35 2026] GET /allocations/e2e0e244-8d76-401f-bdaa-fe19e01b6447 => generated 258 bytes in 14 msecs (HTTP/1.1 200) 8 headers in 296 bytes (1 switches on core 0)
2026-05-24 08:29:37.824 8 INFO placement.requestlog [None req-8c26987c-4838-4ab8-85e1-807e3717fb06 - - - - - -] 10.0.0.152 "GET /" status: 200 len: 136 microversion: 1.0
2026-05-24 08:29:37.825 7 INFO placement.requestlog [None req-b868b450-6427-47b0-9112-739e9fdff571 - - - - - -] 10.0.0.152 "GET /" status: 200 len: 136 microversion: 1.0
2026-05-24 08:29:45.730 8 INFO placement.requestlog [None req-91c4bc1b-7c64-437c-95f5-0f26592a2b0a ec3ae756c81a4a859b9213a35b94fe25 38fd56f1b0d14ca2abe6367110279f29 - - d55e893b274a454a9d07c75a5e69a552 d55e893b274a454a9d07c75a5e69a552] 10.0.0.234 "GET /resource_providers/e306a378-94a9-4d13-a7b7-13267558a98b/aggregates" status: 404 len: 235 microversion: 1.1 [pid: 8|app: 0|req: 538/1077] 10.0.0.234 () {32 vars in 816 bytes} [Sun May 24 08:29:45 2026] GET /resource_providers/e306a378-94a9-4d13-a7b7-13267558a98b/aggregates => generated 235 bytes in 9 msecs (HTTP/1.1 404) 5 headers in 202 bytes (1 switches on core 0)
2026-05-24 08:29:45.737 7 INFO placement.requestlog [None req-dcec31c6-02d3-44eb-8b22-21e8c576020a ec3ae756c81a4a859b9213a35b94fe25 38fd56f1b0d14ca2abe6367110279f29 - - d55e893b274a454a9d07c75a5e69a552 d55e893b274a454a9d07c75a5e69a552] 10.0.0.234 "GET /resource_providers/e306a378-94a9-4d13-a7b7-13267558a98b/aggregates" status: 404 len: 235 microversion: 1.1 [pid: 7|app: 0|req: 540/1078] 10.0.0.234 () {32 vars in 816 bytes} [Sun May 24 08:29:45 2026] GET /resource_providers/e306a378-94a9-4d13-a7b7-13267558a98b/aggregates => generated 235 bytes in 14 msecs (HTTP/1.1 404) 5 headers in 202 bytes (1 switches on core 0)
2026-05-24 08:29:45.750 8 INFO placement.requestlog [None req-98e234e5-0392-4267-9471-8b4ffc0b8ec7 ec3ae756c81a4a859b9213a35b94fe25 38fd56f1b0d14ca2abe6367110279f29 - - d55e893b274a454a9d07c75a5e69a552 d55e893b274a454a9d07c75a5e69a552] 10.0.0.234 "DELETE /resource_providers/e306a378-94a9-4d13-a7b7-13267558a98b" status: 404 len: 246 microversion: 1.1 [pid: 8|app: 0|req: 539/1079] 10.0.0.234 () {34 vars in 816 bytes} [Sun May 24 08:29:45 2026] DELETE /resource_providers/e306a378-94a9-4d13-a7b7-13267558a98b => generated 246 bytes in 5 msecs (HTTP/1.1 404) 6 headers in 231 bytes (1 switches on core 0)
2026-05-24 08:29:45.757 7 INFO placement.requestlog [None req-1972fb9f-136f-4dff-b5f2-493689bc8db8 ec3ae756c81a4a859b9213a35b94fe25 38fd56f1b0d14ca2abe6367110279f29 - - d55e893b274a454a9d07c75a5e69a552 d55e893b274a454a9d07c75a5e69a552] 10.0.0.234 "DELETE /resource_providers/e306a378-94a9-4d13-a7b7-13267558a98b" status: 404 len: 246 microversion: 1.1 [pid: 7|app: 0|req: 541/1080] 10.0.0.234 () {34 vars in 816 bytes} [Sun May 24 08:29:45 2026] DELETE /resource_providers/e306a378-94a9-4d13-a7b7-13267558a98b => generated 246 bytes in 11 msecs (HTTP/1.1 404) 6 headers in 231 bytes (1 switches on core 0)
2026-05-24 08:29:47.825 8 INFO placement.requestlog [None req-4d702984-d607-411a-896d-8e06dcf54e91 - - - - - -] 10.0.0.152 "GET /" status: 200 len: 136 microversion: 1.0
2026-05-24 08:29:47.825 7 INFO placement.requestlog [None req-3f565b5d-6861-4a1e-aec6-660802460826 - - - - - -] 10.0.0.152 "GET /" status: 200 len: 136 microversion: 1.0
2026-05-24 08:29:49.645 8 INFO placement.requestlog [None req-46870187-003c-41c2-873e-1f8a2b406701 ec3ae756c81a4a859b9213a35b94fe25 38fd56f1b0d14ca2abe6367110279f29 - - d55e893b274a454a9d07c75a5e69a552 d55e893b274a454a9d07c75a5e69a552] 10.0.0.234 "GET /resource_providers/feb00b7c-fef9-4ecd-8641-a4d388b39049/aggregates" status: 404 len: 235 microversion: 1.1 [pid: 8|app: 0|req: 541/1083] 10.0.0.234 () {32 vars in 816 bytes} [Sun May 24 08:29:49 2026] GET /resource_providers/feb00b7c-fef9-4ecd-8641-a4d388b39049/aggregates => generated 235 bytes in 13 msecs (HTTP/1.1 404) 5 headers in 202 bytes (1 switches on core 0)
2026-05-24 08:29:49.648 7 INFO placement.requestlog [None req-47ddd4df-0d3e-4630-803d-288f1b276214 ec3ae756c81a4a859b9213a35b94fe25 38fd56f1b0d14ca2abe6367110279f29 - - d55e893b274a454a9d07c75a5e69a552 d55e893b274a454a9d07c75a5e69a552] 10.0.0.234 "GET /resource_providers/feb00b7c-fef9-4ecd-8641-a4d388b39049/aggregates" status: 404 len: 235 microversion: 1.1 [pid: 7|app: 0|req: 543/1084] 10.0.0.234 () {32 vars in 816 bytes} [Sun May 24 08:29:49 2026] GET /resource_providers/feb00b7c-fef9-4ecd-8641-a4d388b39049/aggregates => generated 235 bytes in 11 msecs (HTTP/1.1 404) 5 headers in 202 bytes (1 switches on core 0)
2026-05-24 08:29:49.666 7 INFO placement.requestlog [None req-3503ef24-caf8-4fa1-b175-d199e28f8f20 ec3ae756c81a4a859b9213a35b94fe25 38fd56f1b0d14ca2abe6367110279f29 - - d55e893b274a454a9d07c75a5e69a552 d55e893b274a454a9d07c75a5e69a552] 10.0.0.234 "DELETE /resource_providers/feb00b7c-fef9-4ecd-8641-a4d388b39049" status: 404 len: 246 microversion: 1.1 [pid: 7|app: 0|req: 544/1085] 10.0.0.234 () {34 vars in 816 bytes} [Sun May 24 08:29:49 2026] DELETE /resource_providers/feb00b7c-fef9-4ecd-8641-a4d388b39049 => generated 246 bytes in 6 msecs (HTTP/1.1 404) 6 headers in 231 bytes (1 switches on core 0)
2026-05-24 08:29:49.667 8 INFO placement.requestlog [None req-2fa94dae-888d-4999-b93c-5aebaaf21e00 ec3ae756c81a4a859b9213a35b94fe25 38fd56f1b0d14ca2abe6367110279f29 - - d55e893b274a454a9d07c75a5e69a552 d55e893b274a454a9d07c75a5e69a552] 10.0.0.234 "DELETE /resource_providers/feb00b7c-fef9-4ecd-8641-a4d388b39049" status: 404 len: 246 microversion: 1.1 [pid: 8|app: 0|req: 542/1086] 10.0.0.234 () {34 vars in 816 bytes} [Sun May 24 08:29:49 2026] DELETE /resource_providers/feb00b7c-fef9-4ecd-8641-a4d388b39049 => generated 246 bytes in 9 msecs (HTTP/1.1 404) 6 headers in 231 bytes (1 switches on core 0)
2026-05-24 08:29:54.501 7 INFO placement.requestlog [None req-24085a67-9af5-4120-a669-8f528823ba1c ec3ae756c81a4a859b9213a35b94fe25 38fd56f1b0d14ca2abe6367110279f29 - - d55e893b274a454a9d07c75a5e69a552 d55e893b274a454a9d07c75a5e69a552] 10.0.0.234 "GET /resource_providers/d05f955f-e780-4e44-baba-f071b34486eb/aggregates" status: 404 len: 235 microversion: 1.1 [pid: 7|app: 0|req: 545/1087] 10.0.0.234 () {32 vars in 816 bytes} [Sun May 24 08:29:54 2026] GET /resource_providers/d05f955f-e780-4e44-baba-f071b34486eb/aggregates => generated 235 bytes in 10 msecs (HTTP/1.1 404) 5 headers in 202 bytes (1 switches on core 0)
2026-05-24 08:29:54.505 8 INFO placement.requestlog [None req-f4ae3d71-27b0-4fff-b440-dfc6f19d513b ec3ae756c81a4a859b9213a35b94fe25 38fd56f1b0d14ca2abe6367110279f29 - - d55e893b274a454a9d07c75a5e69a552 d55e893b274a454a9d07c75a5e69a552] 10.0.0.234 "GET /resource_providers/d05f955f-e780-4e44-baba-f071b34486eb/aggregates" status: 404 len: 235 microversion: 1.1 [pid: 8|app: 0|req: 543/1088] 10.0.0.234 () {32 vars in 816 bytes} [Sun May 24 08:29:54 2026] GET /resource_providers/d05f955f-e780-4e44-baba-f071b34486eb/aggregates => generated 235 bytes in 14 msecs (HTTP/1.1 404) 5 headers in 202 bytes (1 switches on core 0)
2026-05-24 08:29:54.535 7 INFO placement.requestlog [None req-dbaceb5c-ae56-41e3-b4fd-edae88625d23 ec3ae756c81a4a859b9213a35b94fe25 38fd56f1b0d14ca2abe6367110279f29 - - d55e893b274a454a9d07c75a5e69a552 d55e893b274a454a9d07c75a5e69a552] 10.0.0.234 "DELETE /resource_providers/d05f955f-e780-4e44-baba-f071b34486eb" status: 404 len: 246 microversion: 1.1 [pid: 7|app: 0|req: 546/1089] 10.0.0.234 () {34 vars in 816 bytes} [Sun May 24 08:29:54 2026] DELETE /resource_providers/d05f955f-e780-4e44-baba-f071b34486eb => generated 246 bytes in 26 msecs (HTTP/1.1 404) 6 headers in 231 bytes (1 switches on core 0)
2026-05-24 08:29:54.537 8 INFO placement.requestlog [None req-11c71419-3a75-4dc7-9828-463200bea41d ec3ae756c81a4a859b9213a35b94fe25 38fd56f1b0d14ca2abe6367110279f29 - - d55e893b274a454a9d07c75a5e69a552 d55e893b274a454a9d07c75a5e69a552] 10.0.0.234 "DELETE /resource_providers/d05f955f-e780-4e44-baba-f071b34486eb" status: 404 len: 246 microversion: 1.1 [pid: 8|app: 0|req: 544/1090] 10.0.0.234 () {34 vars in 816 bytes} [Sun May 24 08:29:54 2026] DELETE /resource_providers/d05f955f-e780-4e44-baba-f071b34486eb => generated 246 bytes in 19 msecs (HTTP/1.1 404) 6 headers in 231 bytes (1 switches on core 0)
2026-05-24 08:29:55.218 7 INFO placement.requestlog [req-33c31061-53ac-455a-8bea-7b16f365be8a req-5f6b100a-3a07-4067-a2a8-e24049ae2231 2419e1c17d98430ba95492924e75b411 38fd56f1b0d14ca2abe6367110279f29 - - d55e893b274a454a9d07c75a5e69a552 d55e893b274a454a9d07c75a5e69a552] 162.253.55.186 "GET /resource_providers/e73d2630-6a00-47bc-b151-34459d830faf/allocations" status: 200 len: 253 microversion: 1.0 [pid: 7|app: 0|req: 547/1091] 162.253.55.186 () {32 vars in 857 bytes} [Sun May 24 08:29:55 2026] GET /resource_providers/e73d2630-6a00-47bc-b151-34459d830faf/allocations => generated 253 bytes in 17 msecs (HTTP/1.1 200) 6 headers in 224 bytes (1 switches on core 0)
2026-05-24 08:29:55.247 8 INFO placement.requestlog [req-33c31061-53ac-455a-8bea-7b16f365be8a req-f6f37c74-17d3-4d28-854a-246fa7912526 2419e1c17d98430ba95492924e75b411 38fd56f1b0d14ca2abe6367110279f29 - - d55e893b274a454a9d07c75a5e69a552 d55e893b274a454a9d07c75a5e69a552] 162.253.55.186 "GET /allocations/f544759c-0731-4390-b985-bc91530c94e1" status: 200 len: 258 microversion: 1.28 [pid: 8|app: 0|req: 545/1092] 162.253.55.186 () {34 vars in 863 bytes} [Sun May 24 08:29:55 2026] GET /allocations/f544759c-0731-4390-b985-bc91530c94e1 => generated 258 bytes in 22 msecs (HTTP/1.1 200) 8 headers in 296 bytes (1 switches on core 0)
2026-05-24 08:29:55.271 7 INFO placement.requestlog [req-33c31061-53ac-455a-8bea-7b16f365be8a req-fa10c7e9-005c-4133-8885-b7211ead4af0 2419e1c17d98430ba95492924e75b411 38fd56f1b0d14ca2abe6367110279f29 - - d55e893b274a454a9d07c75a5e69a552 d55e893b274a454a9d07c75a5e69a552] 162.253.55.186 "GET /allocations/e2e0e244-8d76-401f-bdaa-fe19e01b6447" status: 200 len: 258 microversion: 1.28 [pid: 7|app: 0|req: 548/1093] 162.253.55.186 () {34 vars in 863 bytes} [Sun May 24 08:29:55 2026] GET /allocations/e2e0e244-8d76-401f-bdaa-fe19e01b6447 => generated 258 bytes in 19 msecs (HTTP/1.1 200) 8 headers in 296 bytes (1 switches on core 0)
2026-05-24 08:29:56.330 8 INFO placement.requestlog [req-33c31061-53ac-455a-8bea-7b16f365be8a req-7cc69d62-50ff-460f-b734-954ca8396ec3 2419e1c17d98430ba95492924e75b411 38fd56f1b0d14ca2abe6367110279f29 - - d55e893b274a454a9d07c75a5e69a552 d55e893b274a454a9d07c75a5e69a552] 162.253.55.186 "DELETE /allocations/e2e0e244-8d76-401f-bdaa-fe19e01b6447" status: 204 len: 0 microversion: 1.0 [pid: 8|app: 0|req: 546/1094] 162.253.55.186 () {34 vars in 841 bytes} [Sun May 24 08:29:56 2026] DELETE /allocations/e2e0e244-8d76-401f-bdaa-fe19e01b6447 => generated 0 bytes in 26 msecs (HTTP/1.1 204) 5 headers in 198 bytes (1 switches on core 0)
2026-05-24 08:29:57.824 8 INFO placement.requestlog [None req-a4697dcf-81bc-4cbe-b63a-ef7c7c1fd3ee - - - - - -] 10.0.0.152 "GET /" status: 200 len: 136 microversion: 1.0
2026-05-24 08:29:57.824 7 INFO placement.requestlog [None req-e63cbf3c-3d10-4161-ad0b-3d1fb058b943 - - - - - -] 10.0.0.152 "GET /" status: 200 len: 136 microversion: 1.0
2026-05-24 08:30:01.890 8 INFO placement.requestlog [req-93a9ffb6-d535-4814-bdde-c57630a9a0d1 req-50832c06-c09d-46f4-bf2b-c16113982199 2419e1c17d98430ba95492924e75b411 38fd56f1b0d14ca2abe6367110279f29 - - d55e893b274a454a9d07c75a5e69a552 d55e893b274a454a9d07c75a5e69a552] 162.253.55.186 "GET /resource_providers/e73d2630-6a00-47bc-b151-34459d830faf/allocations" status: 200 len: 153 microversion: 1.0 [pid: 8|app: 0|req: 548/1097] 162.253.55.186 () {32 vars in 857 bytes} [Sun May 24 08:30:01 2026] GET /resource_providers/e73d2630-6a00-47bc-b151-34459d830faf/allocations => generated 153 bytes in 28 msecs (HTTP/1.1 200) 6 headers in 224 bytes (1 switches on core 0)
2026-05-24 08:30:01.908 7 INFO placement.requestlog [req-93a9ffb6-d535-4814-bdde-c57630a9a0d1 req-9dd46de3-e76e-439d-89fb-8545ae773e40 2419e1c17d98430ba95492924e75b411 38fd56f1b0d14ca2abe6367110279f29 - - d55e893b274a454a9d07c75a5e69a552 d55e893b274a454a9d07c75a5e69a552] 162.253.55.186 "GET /allocations/f544759c-0731-4390-b985-bc91530c94e1" status: 200 len: 258 microversion: 1.28 [pid: 7|app: 0|req: 550/1098] 162.253.55.186 () {34 vars in 863 bytes} [Sun May 24 08:30:01 2026] GET /allocations/f544759c-0731-4390-b985-bc91530c94e1 => generated 258 bytes in 9 msecs (HTTP/1.1 200) 8 headers in 296 bytes (1 switches on core 0)
2026-05-24 08:30:02.961 8 INFO placement.requestlog [req-93a9ffb6-d535-4814-bdde-c57630a9a0d1 req-c6d3285c-49dd-4741-a5d6-b7258563a219 2419e1c17d98430ba95492924e75b411 38fd56f1b0d14ca2abe6367110279f29 - - d55e893b274a454a9d07c75a5e69a552 d55e893b274a454a9d07c75a5e69a552] 162.253.55.186 "DELETE /allocations/f544759c-0731-4390-b985-bc91530c94e1" status: 204 len: 0 microversion: 1.0 [pid: 8|app: 0|req: 549/1099] 162.253.55.186 () {34 vars in 841 bytes} [Sun May 24 08:30:02 2026] DELETE /allocations/f544759c-0731-4390-b985-bc91530c94e1 => generated 0 bytes in 26 msecs (HTTP/1.1 204) 5 headers in 198 bytes (1 switches on core 0)
2026-05-24 08:30:03.399 8 INFO placement.requestlog [None req-ad643ec3-0f58-4327-bedd-68ebe4ebd547 ec3ae756c81a4a859b9213a35b94fe25 38fd56f1b0d14ca2abe6367110279f29 - - d55e893b274a454a9d07c75a5e69a552 d55e893b274a454a9d07c75a5e69a552] 10.0.0.234 "GET /resource_providers/2247e6b4-aef4-42a7-b066-e59bac6c1762/aggregates" status: 404 len: 235 microversion: 1.1
2026-05-24 08:30:03.401 7 INFO placement.requestlog [None req-74df2bca-1624-45be-bb56-254604e6463c ec3ae756c81a4a859b9213a35b94fe25 38fd56f1b0d14ca2abe6367110279f29 - - d55e893b274a454a9d07c75a5e69a552 d55e893b274a454a9d07c75a5e69a552] 10.0.0.234 "GET /resource_providers/2247e6b4-aef4-42a7-b066-e59bac6c1762/aggregates" status: 404 len: 235 microversion: 1.1 [pid: 7|app: 0|req: 551/1100] 10.0.0.234 () {32 vars in 816 bytes} [Sun May 24 08:30:03 2026] GET /resource_providers/2247e6b4-aef4-42a7-b066-e59bac6c1762/aggregates => generated 235 bytes in 168 msecs (HTTP/1.1 404) 5 headers in 202 bytes (1 switches on core 0) [pid: 8|app: 0|req: 550/1101] 10.0.0.234 () {32 vars in 816 bytes} [Sun May 24 08:30:03 2026] GET /resource_providers/2247e6b4-aef4-42a7-b066-e59bac6c1762/aggregates => generated 235 bytes in 165 msecs (HTTP/1.1 404) 5 headers in 202 bytes (1 switches on core 0)
2026-05-24 08:30:03.435 8 INFO placement.requestlog [None req-6801c592-5cf3-4eba-bd8e-fcf463d1247c ec3ae756c81a4a859b9213a35b94fe25 38fd56f1b0d14ca2abe6367110279f29 - - d55e893b274a454a9d07c75a5e69a552 d55e893b274a454a9d07c75a5e69a552] 10.0.0.234 "DELETE /resource_providers/2247e6b4-aef4-42a7-b066-e59bac6c1762" status: 404 len: 246 microversion: 1.1
2026-05-24 08:30:03.435 7 INFO placement.requestlog [None req-5e1fddf9-0690-460f-9641-426064f61808 ec3ae756c81a4a859b9213a35b94fe25 38fd56f1b0d14ca2abe6367110279f29 - - d55e893b274a454a9d07c75a5e69a552 d55e893b274a454a9d07c75a5e69a552] 10.0.0.234 "DELETE /resource_providers/2247e6b4-aef4-42a7-b066-e59bac6c1762" status: 404 len: 246 microversion: 1.1 [pid: 8|app: 0|req: 551/1102] 10.0.0.234 () {34 vars in 816 bytes} [Sun May 24 08:30:03 2026] DELETE /resource_providers/2247e6b4-aef4-42a7-b066-e59bac6c1762 => generated 246 bytes in 7 msecs (HTTP/1.1 404) 6 headers in 231 bytes (1 switches on core 0) [pid: 7|app: 0|req: 552/1103] 10.0.0.234 () {34 vars in 816 bytes} [Sun May 24 08:30:03 2026] DELETE /resource_providers/2247e6b4-aef4-42a7-b066-e59bac6c1762 => generated 246 bytes in 7 msecs (HTTP/1.1 404) 6 headers in 231 bytes (1 switches on core 0)
2026-05-24 08:30:03.774 7 INFO placement.requestlog [None req-82fcb595-0edd-4f78-8d58-ad95c72ef1bf ec3ae756c81a4a859b9213a35b94fe25 38fd56f1b0d14ca2abe6367110279f29 - - d55e893b274a454a9d07c75a5e69a552 d55e893b274a454a9d07c75a5e69a552] 10.0.0.234 "GET /resource_providers/140a5966-87f4-4728-b073-499b5712a344/aggregates" status: 404 len: 235 microversion: 1.1 [pid: 7|app: 0|req: 553/1104] 10.0.0.234 () {32 vars in 816 bytes} [Sun May 24 08:30:03 2026] GET /resource_providers/140a5966-87f4-4728-b073-499b5712a344/aggregates => generated 235 bytes in 7 msecs (HTTP/1.1 404) 5 headers in 202 bytes (1 switches on core 0)
2026-05-24 08:30:03.775 8 INFO placement.requestlog [None req-10265618-8956-4bd6-809a-c71e01a8bc6b ec3ae756c81a4a859b9213a35b94fe25 38fd56f1b0d14ca2abe6367110279f29 - - d55e893b274a454a9d07c75a5e69a552 d55e893b274a454a9d07c75a5e69a552] 10.0.0.234 "GET /resource_providers/140a5966-87f4-4728-b073-499b5712a344/aggregates" status: 404 len: 235 microversion: 1.1 [pid: 8|app: 0|req: 552/1105] 10.0.0.234 () {32 vars in 816 bytes} [Sun May 24 08:30:03 2026] GET /resource_providers/140a5966-87f4-4728-b073-499b5712a344/aggregates => generated 235 bytes in 13 msecs (HTTP/1.1 404) 5 headers in 202 bytes (1 switches on core 0)
2026-05-24 08:30:03.802 7 INFO placement.requestlog [None req-b6a8715f-5494-4616-b227-f54ba4dd1db9 ec3ae756c81a4a859b9213a35b94fe25 38fd56f1b0d14ca2abe6367110279f29 - - d55e893b274a454a9d07c75a5e69a552 d55e893b274a454a9d07c75a5e69a552] 10.0.0.234 "DELETE /resource_providers/140a5966-87f4-4728-b073-499b5712a344" status: 404 len: 246 microversion: 1.1 [pid: 7|app: 0|req: 554/1106] 10.0.0.234 () {34 vars in 816 bytes} [Sun May 24 08:30:03 2026] DELETE /resource_providers/140a5966-87f4-4728-b073-499b5712a344 => generated 246 bytes in 12 msecs (HTTP/1.1 404) 6 headers in 231 bytes (1 switches on core 0)
2026-05-24 08:30:03.806 8 INFO placement.requestlog [None req-f1e6867d-6033-46dc-8b12-654d7869421b ec3ae756c81a4a859b9213a35b94fe25 38fd56f1b0d14ca2abe6367110279f29 - - d55e893b274a454a9d07c75a5e69a552 d55e893b274a454a9d07c75a5e69a552] 10.0.0.234 "DELETE /resource_providers/140a5966-87f4-4728-b073-499b5712a344" status: 404 len: 246 microversion: 1.1 [pid: 8|app: 0|req: 553/1107] 10.0.0.234 () {34 vars in 816 bytes} [Sun May 24 08:30:03 2026] DELETE /resource_providers/140a5966-87f4-4728-b073-499b5712a344 => generated 246 bytes in 9 msecs (HTTP/1.1 404) 6 headers in 231 bytes (1 switches on core 0)
2026-05-24 08:30:05.827 7 INFO placement.requestlog [None req-3b1c2065-5e52-4720-ad7b-697ec124deee ec3ae756c81a4a859b9213a35b94fe25 38fd56f1b0d14ca2abe6367110279f29 - - d55e893b274a454a9d07c75a5e69a552 d55e893b274a454a9d07c75a5e69a552] 10.0.0.234 "GET /resource_providers/6698399a-2fa1-41c4-a286-ed4c6db76ca0/aggregates" status: 404 len: 235 microversion: 1.1 [pid: 7|app: 0|req: 555/1108] 10.0.0.234 () {32 vars in 816 bytes} [Sun May 24 08:30:05 2026] GET /resource_providers/6698399a-2fa1-41c4-a286-ed4c6db76ca0/aggregates => generated 235 bytes in 12 msecs (HTTP/1.1 404) 5 headers in 202 bytes (1 switches on core 0)
2026-05-24 08:30:05.833 8 INFO placement.requestlog [None req-95a43224-dafa-4248-b557-246ad4eb47a3 ec3ae756c81a4a859b9213a35b94fe25 38fd56f1b0d14ca2abe6367110279f29 - - d55e893b274a454a9d07c75a5e69a552 d55e893b274a454a9d07c75a5e69a552] 10.0.0.234 "GET /resource_providers/6698399a-2fa1-41c4-a286-ed4c6db76ca0/aggregates" status: 404 len: 235 microversion: 1.1 [pid: 8|app: 0|req: 554/1109] 10.0.0.234 () {32 vars in 816 bytes} [Sun May 24 08:30:05 2026] GET /resource_providers/6698399a-2fa1-41c4-a286-ed4c6db76ca0/aggregates => generated 235 bytes in 14 msecs (HTTP/1.1 404) 5 headers in 202 bytes (1 switches on core 0)
2026-05-24 08:30:05.842 7 INFO placement.requestlog [None req-a01c8695-dc1f-4941-a35c-cc11bfac63fc ec3ae756c81a4a859b9213a35b94fe25 38fd56f1b0d14ca2abe6367110279f29 - - d55e893b274a454a9d07c75a5e69a552 d55e893b274a454a9d07c75a5e69a552] 10.0.0.234 "DELETE /resource_providers/6698399a-2fa1-41c4-a286-ed4c6db76ca0" status: 404 len: 246 microversion: 1.1 [pid: 7|app: 0|req: 556/1110] 10.0.0.234 () {34 vars in 816 bytes} [Sun May 24 08:30:05 2026] DELETE /resource_providers/6698399a-2fa1-41c4-a286-ed4c6db76ca0 => generated 246 bytes in 7 msecs (HTTP/1.1 404) 6 headers in 231 bytes (1 switches on core 0)
2026-05-24 08:30:05.860 8 INFO placement.requestlog [None req-cc4f3051-5b4c-4adc-95db-7b71c60ba497 ec3ae756c81a4a859b9213a35b94fe25 38fd56f1b0d14ca2abe6367110279f29 - - d55e893b274a454a9d07c75a5e69a552 d55e893b274a454a9d07c75a5e69a552] 10.0.0.234 "DELETE /resource_providers/6698399a-2fa1-41c4-a286-ed4c6db76ca0" status: 404 len: 246 microversion: 1.1 [pid: 8|app: 0|req: 555/1111] 10.0.0.234 () {34 vars in 816 bytes} [Sun May 24 08:30:05 2026] DELETE /resource_providers/6698399a-2fa1-41c4-a286-ed4c6db76ca0 => generated 246 bytes in 8 msecs (HTTP/1.1 404) 6 headers in 231 bytes (1 switches on core 0)
2026-05-24 08:30:07.825 8 INFO placement.requestlog [None req-55525976-a3a2-4137-aed0-f476521b56be - - - - - -] 10.0.0.152 "GET /" status: 200 len: 136 microversion: 1.0
2026-05-24 08:30:07.825 7 INFO placement.requestlog [None req-cd675696-bb9a-45d0-92e9-d29e104ea69b - - - - - -] 10.0.0.152 "GET /" status: 200 len: 136 microversion: 1.0
2026-05-24 08:30:07.865 8 INFO placement.requestlog [None req-18c44ea0-fc91-478b-952f-05ce2a3a1291 ec3ae756c81a4a859b9213a35b94fe25 38fd56f1b0d14ca2abe6367110279f29 - - d55e893b274a454a9d07c75a5e69a552 d55e893b274a454a9d07c75a5e69a552] 10.0.0.234 "GET /resource_providers/b2868d13-4e7c-4b08-9a5d-59e12aa7c0af/aggregates" status: 404 len: 235 microversion: 1.1 [pid: 8|app: 0|req: 557/1114] 10.0.0.234 () {32 vars in 816 bytes} [Sun May 24 08:30:07 2026] GET /resource_providers/b2868d13-4e7c-4b08-9a5d-59e12aa7c0af/aggregates => generated 235 bytes in 9 msecs (HTTP/1.1 404) 5 headers in 202 bytes (1 switches on core 0)
2026-05-24 08:30:07.890 8 INFO placement.requestlog [None req-c4a7f87b-a8f5-4383-a65b-b146c63de002 ec3ae756c81a4a859b9213a35b94fe25 38fd56f1b0d14ca2abe6367110279f29 - - d55e893b274a454a9d07c75a5e69a552 d55e893b274a454a9d07c75a5e69a552] 10.0.0.234 "DELETE /resource_providers/b2868d13-4e7c-4b08-9a5d-59e12aa7c0af" status: 404 len: 246 microversion: 1.1 [pid: 8|app: 0|req: 558/1115] 10.0.0.234 () {34 vars in 816 bytes} [Sun May 24 08:30:07 2026] DELETE /resource_providers/b2868d13-4e7c-4b08-9a5d-59e12aa7c0af => generated 246 bytes in 10 msecs (HTTP/1.1 404) 6 headers in 231 bytes (1 switches on core 0)
2026-05-24 08:30:07.892 7 INFO placement.requestlog [None req-5aad9e36-62d3-4401-b0b7-60e888507f9c ec3ae756c81a4a859b9213a35b94fe25 38fd56f1b0d14ca2abe6367110279f29 - - d55e893b274a454a9d07c75a5e69a552 d55e893b274a454a9d07c75a5e69a552] 10.0.0.234 "GET /resource_providers/b2868d13-4e7c-4b08-9a5d-59e12aa7c0af/aggregates" status: 404 len: 235 microversion: 1.1 [pid: 7|app: 0|req: 558/1116] 10.0.0.234 () {32 vars in 816 bytes} [Sun May 24 08:30:07 2026] GET /resource_providers/b2868d13-4e7c-4b08-9a5d-59e12aa7c0af/aggregates => generated 235 bytes in 14 msecs (HTTP/1.1 404) 5 headers in 202 bytes (1 switches on core 0)
2026-05-24 08:30:07.906 8 INFO placement.requestlog [None req-49067ffd-78e1-43d0-96d5-1ff36a46386c ec3ae756c81a4a859b9213a35b94fe25 38fd56f1b0d14ca2abe6367110279f29 - - d55e893b274a454a9d07c75a5e69a552 d55e893b274a454a9d07c75a5e69a552] 10.0.0.234 "DELETE /resource_providers/b2868d13-4e7c-4b08-9a5d-59e12aa7c0af" status: 404 len: 246 microversion: 1.1 [pid: 8|app: 0|req: 559/1117] 10.0.0.234 () {34 vars in 816 bytes} [Sun May 24 08:30:07 2026] DELETE /resource_providers/b2868d13-4e7c-4b08-9a5d-59e12aa7c0af => generated 246 bytes in 6 msecs (HTTP/1.1 404) 6 headers in 231 bytes (1 switches on core 0)
2026-05-24 08:30:17.824 7 INFO placement.requestlog [None req-0eeef789-c339-474d-bb0c-e770bc4aa696 - - - - - -] 10.0.0.152 "GET /" status: 200 len: 136 microversion: 1.0
2026-05-24 08:30:17.825 8 INFO placement.requestlog [None req-93d33e56-a9d9-4389-85f0-7ee01bd23f81 - - - - - -] 10.0.0.152 "GET /" status: 200 len: 136 microversion: 1.0
2026-05-24 08:30:27.824 7 INFO placement.requestlog [None req-2d13ff18-2d9b-4fa3-a08c-f8ff817bdaed - - - - - -] 10.0.0.152 "GET /" status: 200 len: 136 microversion: 1.0
2026-05-24 08:30:27.825 8 INFO placement.requestlog [None req-ab6f5753-fc41-4c5c-aec9-feaa6320a49d - - - - - -] 10.0.0.152 "GET /" status: 200 len: 136 microversion: 1.0
2026-05-24 08:30:33.886 7 INFO placement.requestlog [None req-023e068e-8346-4c52-9f89-133fc06b130b ec3ae756c81a4a859b9213a35b94fe25 38fd56f1b0d14ca2abe6367110279f29 - - d55e893b274a454a9d07c75a5e69a552 d55e893b274a454a9d07c75a5e69a552] 10.0.0.234 "GET /resource_providers/86256b03-59a6-4a63-a54a-0d4716514ac1/aggregates" status: 404 len: 235 microversion: 1.1 [pid: 7|app: 0|req: 561/1122] 10.0.0.234 () {32 vars in 816 bytes} [Sun May 24 08:30:33 2026] GET /resource_providers/86256b03-59a6-4a63-a54a-0d4716514ac1/aggregates => generated 235 bytes in 101 msecs (HTTP/1.1 404) 5 headers in 202 bytes (1 switches on core 0)
2026-05-24 08:30:33.908 7 INFO placement.requestlog [None req-85a282a6-2797-4fae-a529-dd3379f6ef08 ec3ae756c81a4a859b9213a35b94fe25 38fd56f1b0d14ca2abe6367110279f29 - - d55e893b274a454a9d07c75a5e69a552 d55e893b274a454a9d07c75a5e69a552] 10.0.0.234 "DELETE /resource_providers/86256b03-59a6-4a63-a54a-0d4716514ac1" status: 404 len: 246 microversion: 1.1 [pid: 7|app: 0|req: 562/1123] 10.0.0.234 () {34 vars in 816 bytes} [Sun May 24 08:30:33 2026] DELETE /resource_providers/86256b03-59a6-4a63-a54a-0d4716514ac1 => generated 246 bytes in 9 msecs (HTTP/1.1 404) 6 headers in 231 bytes (1 switches on core 0)
2026-05-24 08:30:33.920 8 INFO placement.requestlog [None req-5ac6a272-5fcd-4833-be71-4c71f02c2daf ec3ae756c81a4a859b9213a35b94fe25 38fd56f1b0d14ca2abe6367110279f29 - - d55e893b274a454a9d07c75a5e69a552 d55e893b274a454a9d07c75a5e69a552] 10.0.0.234 "GET /resource_providers/86256b03-59a6-4a63-a54a-0d4716514ac1/aggregates" status: 404 len: 235 microversion: 1.1 [pid: 8|app: 0|req: 562/1124] 10.0.0.234 () {32 vars in 816 bytes} [Sun May 24 08:30:33 2026] GET /resource_providers/86256b03-59a6-4a63-a54a-0d4716514ac1/aggregates => generated 235 bytes in 130 msecs (HTTP/1.1 404) 5 headers in 202 bytes (1 switches on core 0)
2026-05-24 08:30:33.938 7 INFO placement.requestlog [None req-59129ef9-46b2-47c7-b31c-6d2446fdb5e3 ec3ae756c81a4a859b9213a35b94fe25 38fd56f1b0d14ca2abe6367110279f29 - - d55e893b274a454a9d07c75a5e69a552 d55e893b274a454a9d07c75a5e69a552] 10.0.0.234 "DELETE /resource_providers/86256b03-59a6-4a63-a54a-0d4716514ac1" status: 404 len: 246 microversion: 1.1 [pid: 7|app: 0|req: 563/1125] 10.0.0.234 () {34 vars in 816 bytes} [Sun May 24 08:30:33 2026] DELETE /resource_providers/86256b03-59a6-4a63-a54a-0d4716514ac1 => generated 246 bytes in 11 msecs (HTTP/1.1 404) 6 headers in 231 bytes (1 switches on core 0)
2026-05-24 08:30:34.222 8 INFO placement.requestlog [None req-7eadd893-bef9-4976-815b-21969b70aa99 ec3ae756c81a4a859b9213a35b94fe25 38fd56f1b0d14ca2abe6367110279f29 - - d55e893b274a454a9d07c75a5e69a552 d55e893b274a454a9d07c75a5e69a552] 10.0.0.234 "GET /resource_providers/76ffe7d0-09fa-44fb-bc4a-00e4d18d5973/aggregates" status: 404 len: 235 microversion: 1.1 [pid: 8|app: 0|req: 563/1126] 10.0.0.234 () {32 vars in 816 bytes} [Sun May 24 08:30:34 2026] GET /resource_providers/76ffe7d0-09fa-44fb-bc4a-00e4d18d5973/aggregates => generated 235 bytes in 10 msecs (HTTP/1.1 404) 5 headers in 202 bytes (1 switches on core 0)
2026-05-24 08:30:34.227 7 INFO placement.requestlog [None req-17641781-1204-4ffc-81fc-07286c0c1f7b ec3ae756c81a4a859b9213a35b94fe25 38fd56f1b0d14ca2abe6367110279f29 - - d55e893b274a454a9d07c75a5e69a552 d55e893b274a454a9d07c75a5e69a552] 10.0.0.234 "GET /resource_providers/76ffe7d0-09fa-44fb-bc4a-00e4d18d5973/aggregates" status: 404 len: 235 microversion: 1.1 [pid: 7|app: 0|req: 564/1127] 10.0.0.234 () {32 vars in 816 bytes} [Sun May 24 08:30:34 2026] GET /resource_providers/76ffe7d0-09fa-44fb-bc4a-00e4d18d5973/aggregates => generated 235 bytes in 12 msecs (HTTP/1.1 404) 5 headers in 202 bytes (1 switches on core 0)
2026-05-24 08:30:34.246 7 INFO placement.requestlog [None req-0ba3bbdf-bd1d-4d12-b608-ba7637f34c9a ec3ae756c81a4a859b9213a35b94fe25 38fd56f1b0d14ca2abe6367110279f29 - - d55e893b274a454a9d07c75a5e69a552 d55e893b274a454a9d07c75a5e69a552] 10.0.0.234 "DELETE /resource_providers/76ffe7d0-09fa-44fb-bc4a-00e4d18d5973" status: 404 len: 246 microversion: 1.1 [pid: 7|app: 0|req: 565/1128] 10.0.0.234 () {34 vars in 816 bytes} [Sun May 24 08:30:34 2026] DELETE /resource_providers/76ffe7d0-09fa-44fb-bc4a-00e4d18d5973 => generated 246 bytes in 6 msecs (HTTP/1.1 404) 6 headers in 231 bytes (1 switches on core 0)
2026-05-24 08:30:34.249 8 INFO placement.requestlog [None req-baf97f1d-0866-439a-9059-8dea7b1176ac ec3ae756c81a4a859b9213a35b94fe25 38fd56f1b0d14ca2abe6367110279f29 - - d55e893b274a454a9d07c75a5e69a552 d55e893b274a454a9d07c75a5e69a552] 10.0.0.234 "DELETE /resource_providers/76ffe7d0-09fa-44fb-bc4a-00e4d18d5973" status: 404 len: 246 microversion: 1.1 [pid: 8|app: 0|req: 564/1129] 10.0.0.234 () {34 vars in 816 bytes} [Sun May 24 08:30:34 2026] DELETE /resource_providers/76ffe7d0-09fa-44fb-bc4a-00e4d18d5973 => generated 246 bytes in 10 msecs (HTTP/1.1 404) 6 headers in 231 bytes (1 switches on core 0)
2026-05-24 08:30:35.826 7 INFO placement.requestlog [req-1e57b98e-8484-4b98-9e01-360fe1f897a3 req-9d2ec7ff-4242-43a6-a70d-81d54fdc15d1 2419e1c17d98430ba95492924e75b411 38fd56f1b0d14ca2abe6367110279f29 - - d55e893b274a454a9d07c75a5e69a552 d55e893b274a454a9d07c75a5e69a552] 162.253.55.186 "GET /resource_providers/e73d2630-6a00-47bc-b151-34459d830faf/allocations" status: 200 len: 55 microversion: 1.0 [pid: 7|app: 0|req: 566/1130] 162.253.55.186 () {32 vars in 857 bytes} [Sun May 24 08:30:35 2026] GET /resource_providers/e73d2630-6a00-47bc-b151-34459d830faf/allocations => generated 55 bytes in 17 msecs (HTTP/1.1 200) 6 headers in 223 bytes (1 switches on core 0)
2026-05-24 08:30:35.855 8 INFO placement.requestlog [req-1e57b98e-8484-4b98-9e01-360fe1f897a3 req-0e6c0f25-9e0e-4e03-bfd7-7856e4061442 2419e1c17d98430ba95492924e75b411 38fd56f1b0d14ca2abe6367110279f29 - - d55e893b274a454a9d07c75a5e69a552 d55e893b274a454a9d07c75a5e69a552] 162.253.55.186 "GET /resource_providers/e73d2630-6a00-47bc-b151-34459d830faf/allocations" status: 200 len: 55 microversion: 1.0 [pid: 8|app: 0|req: 565/1131] 162.253.55.186 () {32 vars in 857 bytes} [Sun May 24 08:30:35 2026] GET /resource_providers/e73d2630-6a00-47bc-b151-34459d830faf/allocations => generated 55 bytes in 18 msecs (HTTP/1.1 200) 6 headers in 223 bytes (1 switches on core 0)
2026-05-24 08:30:35.927 7 INFO placement.requestlog [None req-0dd0a790-9477-4746-917c-0d22d8cbe3bc ec3ae756c81a4a859b9213a35b94fe25 38fd56f1b0d14ca2abe6367110279f29 - - d55e893b274a454a9d07c75a5e69a552 d55e893b274a454a9d07c75a5e69a552] 10.0.0.234 "GET /resource_providers/03b8ab4e-c98f-42ea-aaaa-db2cb87071f8/aggregates" status: 404 len: 235 microversion: 1.1 [pid: 7|app: 0|req: 567/1132] 10.0.0.234 () {32 vars in 816 bytes} [Sun May 24 08:30:35 2026] GET /resource_providers/03b8ab4e-c98f-42ea-aaaa-db2cb87071f8/aggregates => generated 235 bytes in 10 msecs (HTTP/1.1 404) 5 headers in 202 bytes (1 switches on core 0)
2026-05-24 08:30:35.944 8 INFO placement.requestlog [None req-45aae347-a4d3-4b28-9f01-c3efc746ffb7 ec3ae756c81a4a859b9213a35b94fe25 38fd56f1b0d14ca2abe6367110279f29 - - d55e893b274a454a9d07c75a5e69a552 d55e893b274a454a9d07c75a5e69a552] 10.0.0.234 "DELETE /resource_providers/03b8ab4e-c98f-42ea-aaaa-db2cb87071f8" status: 404 len: 246 microversion: 1.1 [pid: 8|app: 0|req: 566/1133] 10.0.0.234 () {34 vars in 816 bytes} [Sun May 24 08:30:35 2026] DELETE /resource_providers/03b8ab4e-c98f-42ea-aaaa-db2cb87071f8 => generated 246 bytes in 11 msecs (HTTP/1.1 404) 6 headers in 231 bytes (1 switches on core 0)
2026-05-24 08:30:35.957 8 INFO placement.requestlog [None req-6cf34386-e691-48d0-9d26-b6cc1d4f1752 ec3ae756c81a4a859b9213a35b94fe25 38fd56f1b0d14ca2abe6367110279f29 - - d55e893b274a454a9d07c75a5e69a552 d55e893b274a454a9d07c75a5e69a552] 10.0.0.234 "GET /resource_providers/3c388225-3301-49cd-ab53-1351dea29819/aggregates" status: 404 len: 235 microversion: 1.1 [pid: 8|app: 0|req: 567/1134] 10.0.0.234 () {32 vars in 816 bytes} [Sun May 24 08:30:35 2026] GET /resource_providers/3c388225-3301-49cd-ab53-1351dea29819/aggregates => generated 235 bytes in 7 msecs (HTTP/1.1 404) 5 headers in 202 bytes (1 switches on core 0)
