2026-07-24 18:34:13.580 7 INFO placement.requestlog [None req-d0b6fd3e-aeba-452f-821a-de9b7b7d18cc - - - - - -] 10.0.0.92 "GET /" status: 200 len: 136 microversion: 1.0
2026-07-24 18:34:13.583 8 INFO placement.requestlog [None req-e4860cca-5f9f-4844-945e-bdd7184b80da - - - - - -] 10.0.0.92 "GET /" status: 200 len: 136 microversion: 1.0
2026-07-24 18:34:17.350 7 INFO placement.requestlog [req-4fa486d6-2188-4210-83c7-174761c01122 req-430e7447-8d54-4179-a4e2-f7c3bdc12d1f e30e5198b2cf4f0094695642a90cb64c 2d876cb96af342f0a5609cd5e6a4708d - - 5623b56d202742b79d0f6106728bb7b7 5623b56d202742b79d0f6106728bb7b7] 199.204.45.138 "GET /resource_providers/1d046cff-ac2a-4b3d-8720-f752588a307f/allocations" status: 200 len: 54 microversion: 1.0 [pid: 7|app: 0|req: 294/587] 199.204.45.138 () {32 vars in 857 bytes} [Fri Jul 24 18:34:17 2026] GET /resource_providers/1d046cff-ac2a-4b3d-8720-f752588a307f/allocations => generated 54 bytes in 31 msecs (HTTP/1.1 200) 6 headers in 223 bytes (1 switches on core 0)
2026-07-24 18:34:17.404 8 INFO placement.requestlog [req-4fa486d6-2188-4210-83c7-174761c01122 req-0ac109b0-1e87-41cd-bb71-3d96d02bbcac e30e5198b2cf4f0094695642a90cb64c 2d876cb96af342f0a5609cd5e6a4708d - - 5623b56d202742b79d0f6106728bb7b7 5623b56d202742b79d0f6106728bb7b7] 199.204.45.138 "GET /resource_providers/1d046cff-ac2a-4b3d-8720-f752588a307f/allocations" status: 200 len: 54 microversion: 1.0 [pid: 8|app: 0|req: 294/588] 199.204.45.138 () {32 vars in 857 bytes} [Fri Jul 24 18:34:17 2026] GET /resource_providers/1d046cff-ac2a-4b3d-8720-f752588a307f/allocations => generated 54 bytes in 38 msecs (HTTP/1.1 200) 6 headers in 223 bytes (1 switches on core 0)
2026-07-24 18:34:23.580 7 INFO placement.requestlog [None req-a352d503-4d57-4de8-8a2a-732b079a31e6 - - - - - -] 10.0.0.92 "GET /" status: 200 len: 136 microversion: 1.0
2026-07-24 18:34:23.580 8 INFO placement.requestlog [None req-723707d3-e0b9-4f0c-b758-f707cf82ecc8 - - - - - -] 10.0.0.92 "GET /" status: 200 len: 136 microversion: 1.0
2026-07-24 18:34:33.580 7 INFO placement.requestlog [None req-fa877755-3c8f-4568-88ed-a2ac95dc1873 - - - - - -] 10.0.0.92 "GET /" status: 200 len: 136 microversion: 1.0
2026-07-24 18:34:33.580 8 INFO placement.requestlog [None req-a062152b-7206-40f9-8021-47ab07c3fb6e - - - - - -] 10.0.0.92 "GET /" status: 200 len: 136 microversion: 1.0
2026-07-24 18:34:43.581 7 INFO placement.requestlog [None req-e9e03ea1-1e76-4bc3-a56a-97bf4a7fe5fb - - - - - -] 10.0.0.92 "GET /" status: 200 len: 136 microversion: 1.0
2026-07-24 18:34:43.581 8 INFO placement.requestlog [None req-5de0bfe4-aa9a-468b-a7c2-4f2715278566 - - - - - -] 10.0.0.92 "GET /" status: 200 len: 136 microversion: 1.0
2026-07-24 18:34:53.581 7 INFO placement.requestlog [None req-d4523d29-52ac-407b-9d3e-adf29ae75b46 - - - - - -] 10.0.0.92 "GET /" status: 200 len: 136 microversion: 1.0
2026-07-24 18:34:53.581 8 INFO placement.requestlog [None req-c6072a64-de3f-45d2-ba25-c41a26bd22e8 - - - - - -] 10.0.0.92 "GET /" status: 200 len: 136 microversion: 1.0
2026-07-24 18:35:03.579 7 INFO placement.requestlog [None req-67dd7637-893c-4f8e-bfbd-8cb94ff7822c - - - - - -] 10.0.0.92 "GET /" status: 200 len: 136 microversion: 1.0
2026-07-24 18:35:03.580 8 INFO placement.requestlog [None req-2078ddbd-adcf-4a24-9126-1f20c07cc20e - - - - - -] 10.0.0.92 "GET /" status: 200 len: 136 microversion: 1.0
2026-07-24 18:35:13.580 7 INFO placement.requestlog [None req-a30952a5-f184-43dd-81cf-bc47669d11d7 - - - - - -] 10.0.0.92 "GET /" status: 200 len: 136 microversion: 1.0
2026-07-24 18:35:13.581 8 INFO placement.requestlog [None req-1cf619b6-6ce5-438e-abb4-1521420bed12 - - - - - -] 10.0.0.92 "GET /" status: 200 len: 136 microversion: 1.0
2026-07-24 18:35:17.552 7 INFO placement.requestlog [req-76538893-3b9e-4c4c-8147-9f5778551731 req-e192f6f5-df21-43ef-afbb-7d131d682503 e30e5198b2cf4f0094695642a90cb64c 2d876cb96af342f0a5609cd5e6a4708d - - 5623b56d202742b79d0f6106728bb7b7 5623b56d202742b79d0f6106728bb7b7] 199.204.45.138 "GET /resource_providers/1d046cff-ac2a-4b3d-8720-f752588a307f/allocations" status: 200 len: 54 microversion: 1.0 [pid: 7|app: 0|req: 301/601] 199.204.45.138 () {32 vars in 857 bytes} [Fri Jul 24 18:35:17 2026] GET /resource_providers/1d046cff-ac2a-4b3d-8720-f752588a307f/allocations => generated 54 bytes in 18 msecs (HTTP/1.1 200) 6 headers in 223 bytes (1 switches on core 0)
2026-07-24 18:35:17.572 8 INFO placement.requestlog [req-76538893-3b9e-4c4c-8147-9f5778551731 req-b790d4e8-24b2-46c7-a539-337d07ab59e7 e30e5198b2cf4f0094695642a90cb64c 2d876cb96af342f0a5609cd5e6a4708d - - 5623b56d202742b79d0f6106728bb7b7 5623b56d202742b79d0f6106728bb7b7] 199.204.45.138 "GET /resource_providers/1d046cff-ac2a-4b3d-8720-f752588a307f/allocations" status: 200 len: 54 microversion: 1.0 [pid: 8|app: 0|req: 301/602] 199.204.45.138 () {32 vars in 857 bytes} [Fri Jul 24 18:35:17 2026] GET /resource_providers/1d046cff-ac2a-4b3d-8720-f752588a307f/allocations => generated 54 bytes in 15 msecs (HTTP/1.1 200) 6 headers in 223 bytes (1 switches on core 0)
2026-07-24 18:35:23.580 7 INFO placement.requestlog [None req-45efa733-feca-44ba-9f1d-1f9de799db77 - - - - - -] 10.0.0.92 "GET /" status: 200 len: 136 microversion: 1.0
2026-07-24 18:35:23.580 8 INFO placement.requestlog [None req-3b1b059f-4b38-457a-b338-bd75107b2e57 - - - - - -] 10.0.0.92 "GET /" status: 200 len: 136 microversion: 1.0
2026-07-24 18:35:33.580 8 INFO placement.requestlog [None req-4e5df8ff-5650-4464-bd09-0fcb617b33c0 - - - - - -] 10.0.0.92 "GET /" status: 200 len: 136 microversion: 1.0
2026-07-24 18:35:33.580 7 INFO placement.requestlog [None req-59c783c4-52c0-4846-8fa3-b520ca3238ff - - - - - -] 10.0.0.92 "GET /" status: 200 len: 136 microversion: 1.0
2026-07-24 18:35:43.580 8 INFO placement.requestlog [None req-851bed4b-7e73-4097-b049-25c4d56efe4a - - - - - -] 10.0.0.92 "GET /" status: 200 len: 136 microversion: 1.0
2026-07-24 18:35:43.581 7 INFO placement.requestlog [None req-6b6095b7-0a82-4127-b131-08d3df458da2 - - - - - -] 10.0.0.92 "GET /" status: 200 len: 136 microversion: 1.0
2026-07-24 18:35:53.580 8 INFO placement.requestlog [None req-1a02cae3-356a-4913-99df-1d9b0d9888c4 - - - - - -] 10.0.0.92 "GET /" status: 200 len: 136 microversion: 1.0
2026-07-24 18:35:53.580 7 INFO placement.requestlog [None req-b7aa678d-b427-40ed-a810-1015dd706807 - - - - - -] 10.0.0.92 "GET /" status: 200 len: 136 microversion: 1.0
2026-07-24 18:36:03.580 7 INFO placement.requestlog [None req-d47f8be7-88fa-422a-9e97-dac0778c67de - - - - - -] 10.0.0.92 "GET /" status: 200 len: 136 microversion: 1.0
2026-07-24 18:36:03.581 8 INFO placement.requestlog [None req-93adec17-a2c2-4a1a-bbc4-e5ea6cc1da9b - - - - - -] 10.0.0.92 "GET /" status: 200 len: 136 microversion: 1.0
2026-07-24 18:36:13.580 7 INFO placement.requestlog [None req-ecfc5c13-8629-4d8b-85e7-43b3ecd4a8c2 - - - - - -] 10.0.0.92 "GET /" status: 200 len: 136 microversion: 1.0
2026-07-24 18:36:13.580 8 INFO placement.requestlog [None req-a00ddd54-fdfe-4f85-9021-89e7f3295e8e - - - - - -] 10.0.0.92 "GET /" status: 200 len: 136 microversion: 1.0
2026-07-24 18:36:17.186 7 INFO placement.requestlog [req-99184a2f-7549-4527-9e8e-c8fe9a0fee3e req-b4826d95-90e6-4a94-8b35-e467fc203e06 e30e5198b2cf4f0094695642a90cb64c 2d876cb96af342f0a5609cd5e6a4708d - - 5623b56d202742b79d0f6106728bb7b7 5623b56d202742b79d0f6106728bb7b7] 199.204.45.138 "GET /resource_providers/1d046cff-ac2a-4b3d-8720-f752588a307f/allocations" status: 200 len: 54 microversion: 1.0 [pid: 7|app: 0|req: 308/615] 199.204.45.138 () {32 vars in 857 bytes} [Fri Jul 24 18:36:17 2026] GET /resource_providers/1d046cff-ac2a-4b3d-8720-f752588a307f/allocations => generated 54 bytes in 17 msecs (HTTP/1.1 200) 6 headers in 223 bytes (1 switches on core 0)
2026-07-24 18:36:17.210 8 INFO placement.requestlog [req-99184a2f-7549-4527-9e8e-c8fe9a0fee3e req-c1ec7fdd-191b-4a30-b917-9b29bab714fb e30e5198b2cf4f0094695642a90cb64c 2d876cb96af342f0a5609cd5e6a4708d - - 5623b56d202742b79d0f6106728bb7b7 5623b56d202742b79d0f6106728bb7b7] 199.204.45.138 "GET /resource_providers/1d046cff-ac2a-4b3d-8720-f752588a307f/allocations" status: 200 len: 54 microversion: 1.0 [pid: 8|app: 0|req: 308/616] 199.204.45.138 () {32 vars in 857 bytes} [Fri Jul 24 18:36:17 2026] GET /resource_providers/1d046cff-ac2a-4b3d-8720-f752588a307f/allocations => generated 54 bytes in 15 msecs (HTTP/1.1 200) 6 headers in 223 bytes (1 switches on core 0)
2026-07-24 18:36:23.580 7 INFO placement.requestlog [None req-09972888-7d4a-40e3-98fd-6c248d1de872 - - - - - -] 10.0.0.92 "GET /" status: 200 len: 136 microversion: 1.0
2026-07-24 18:36:23.580 8 INFO placement.requestlog [None req-e6bef3ed-5f38-4a88-9f48-466fd2f60346 - - - - - -] 10.0.0.92 "GET /" status: 200 len: 136 microversion: 1.0
2026-07-24 18:36:33.580 7 INFO placement.requestlog [None req-9925d53d-ebb6-482f-913c-ac9344a2ae97 - - - - - -] 10.0.0.92 "GET /" status: 200 len: 136 microversion: 1.0
2026-07-24 18:36:33.580 8 INFO placement.requestlog [None req-714a395b-c774-4c8c-844a-5957a969e469 - - - - - -] 10.0.0.92 "GET /" status: 200 len: 136 microversion: 1.0
2026-07-24 18:36:43.580 7 INFO placement.requestlog [None req-e740ff43-4a80-423f-b455-726401d364bb - - - - - -] 10.0.0.92 "GET /" status: 200 len: 136 microversion: 1.0
2026-07-24 18:36:43.581 8 INFO placement.requestlog [None req-872cc01b-edfa-4048-ab70-cf5818ae0f25 - - - - - -] 10.0.0.92 "GET /" status: 200 len: 136 microversion: 1.0
2026-07-24 18:36:53.584 7 INFO placement.requestlog [None req-5e65a61f-6f97-42ea-b500-81c817c91d9e - - - - - -] 10.0.0.92 "GET /" status: 200 len: 136 microversion: 1.0
2026-07-24 18:36:53.584 8 INFO placement.requestlog [None req-6fadf825-edf3-4224-aa22-3930cf6e864b - - - - - -] 10.0.0.92 "GET /" status: 200 len: 136 microversion: 1.0
2026-07-24 18:37:03.580 7 INFO placement.requestlog [None req-317d6c09-6bf6-4375-8ffa-0c29cbd5b272 - - - - - -] 10.0.0.92 "GET /" status: 200 len: 136 microversion: 1.0
2026-07-24 18:37:03.580 8 INFO placement.requestlog [None req-d1adefda-ea0f-4ca9-984d-bb17d1d3de21 - - - - - -] 10.0.0.92 "GET /" status: 200 len: 136 microversion: 1.0
2026-07-24 18:37:13.582 7 INFO placement.requestlog [None req-fbc9a1cd-80ec-4c03-a549-922fcfc4175d - - - - - -] 10.0.0.92 "GET /" status: 200 len: 136 microversion: 1.0
2026-07-24 18:37:13.582 8 INFO placement.requestlog [None req-6d2f2efe-f251-4244-96d2-c038f062fa0c - - - - - -] 10.0.0.92 "GET /" status: 200 len: 136 microversion: 1.0
2026-07-24 18:37:19.208 7 INFO placement.requestlog [req-e038c510-958a-42e0-856b-5ae9037ccc8c req-73b31cf9-32d8-43d1-b1c0-523792a35883 e30e5198b2cf4f0094695642a90cb64c 2d876cb96af342f0a5609cd5e6a4708d - - 5623b56d202742b79d0f6106728bb7b7 5623b56d202742b79d0f6106728bb7b7] 199.204.45.138 "GET /resource_providers/1d046cff-ac2a-4b3d-8720-f752588a307f/allocations" status: 200 len: 54 microversion: 1.0 [pid: 7|app: 0|req: 315/629] 199.204.45.138 () {32 vars in 857 bytes} [Fri Jul 24 18:37:19 2026] GET /resource_providers/1d046cff-ac2a-4b3d-8720-f752588a307f/allocations => generated 54 bytes in 18 msecs (HTTP/1.1 200) 6 headers in 223 bytes (1 switches on core 0)
2026-07-24 18:37:19.234 8 INFO placement.requestlog [req-e038c510-958a-42e0-856b-5ae9037ccc8c req-c74b8a3a-b02c-4dc4-9757-75c8212c54e1 e30e5198b2cf4f0094695642a90cb64c 2d876cb96af342f0a5609cd5e6a4708d - - 5623b56d202742b79d0f6106728bb7b7 5623b56d202742b79d0f6106728bb7b7] 199.204.45.138 "GET /resource_providers/1d046cff-ac2a-4b3d-8720-f752588a307f/allocations" status: 200 len: 54 microversion: 1.0 [pid: 8|app: 0|req: 315/630] 199.204.45.138 () {32 vars in 857 bytes} [Fri Jul 24 18:37:19 2026] GET /resource_providers/1d046cff-ac2a-4b3d-8720-f752588a307f/allocations => generated 54 bytes in 15 msecs (HTTP/1.1 200) 6 headers in 223 bytes (1 switches on core 0)
2026-07-24 18:37:23.581 7 INFO placement.requestlog [None req-17a92481-1500-4c9e-95a4-1721b9aaba16 - - - - - -] 10.0.0.92 "GET /" status: 200 len: 136 microversion: 1.0
2026-07-24 18:37:23.582 8 INFO placement.requestlog [None req-cced0336-fcb8-4b22-9d32-48559a00bd94 - - - - - -] 10.0.0.92 "GET /" status: 200 len: 136 microversion: 1.0
2026-07-24 18:37:33.581 7 INFO placement.requestlog [None req-83c34857-709f-455f-8cc6-21353e3d451e - - - - - -] 10.0.0.92 "GET /" status: 200 len: 136 microversion: 1.0
2026-07-24 18:37:33.581 8 INFO placement.requestlog [None req-d6689479-39a5-4bb4-85b0-6db8d63f4e7a - - - - - -] 10.0.0.92 "GET /" status: 200 len: 136 microversion: 1.0
2026-07-24 18:37:43.580 8 INFO placement.requestlog [None req-1b02925f-4976-44b5-9655-43327c0b755c - - - - - -] 10.0.0.92 "GET /" status: 200 len: 136 microversion: 1.0
2026-07-24 18:37:43.580 7 INFO placement.requestlog [None req-fec44bcc-08b9-49d4-a2df-26597f51836e - - - - - -] 10.0.0.92 "GET /" status: 200 len: 136 microversion: 1.0
2026-07-24 18:37:51.710 8 INFO placement.requestlog [None req-4a813d3f-70d1-485b-bcb4-6193b3390ed0 e3752bd82c5746189b2470cf761e33cc 2d876cb96af342f0a5609cd5e6a4708d - - 5623b56d202742b79d0f6106728bb7b7 5623b56d202742b79d0f6106728bb7b7] 10.0.0.208 "GET /resource_providers/aaa42b26-69d8-4e16-a9f9-fdfc43aa9f12/aggregates" status: 404 len: 235 microversion: 1.1 [pid: 8|app: 0|req: 319/637] 10.0.0.208 () {32 vars in 816 bytes} [Fri Jul 24 18:37:51 2026] GET /resource_providers/aaa42b26-69d8-4e16-a9f9-fdfc43aa9f12/aggregates => generated 235 bytes in 164 msecs (HTTP/1.1 404) 5 headers in 202 bytes (1 switches on core 0)
2026-07-24 18:37:51.733 8 INFO placement.requestlog [None req-792d4c21-2d28-4be2-b82b-ed991184e3fc e3752bd82c5746189b2470cf761e33cc 2d876cb96af342f0a5609cd5e6a4708d - - 5623b56d202742b79d0f6106728bb7b7 5623b56d202742b79d0f6106728bb7b7] 10.0.0.208 "DELETE /resource_providers/aaa42b26-69d8-4e16-a9f9-fdfc43aa9f12" status: 404 len: 246 microversion: 1.1 [pid: 8|app: 0|req: 320/638] 10.0.0.208 () {34 vars in 816 bytes} [Fri Jul 24 18:37:51 2026] DELETE /resource_providers/aaa42b26-69d8-4e16-a9f9-fdfc43aa9f12 => generated 246 bytes in 9 msecs (HTTP/1.1 404) 6 headers in 231 bytes (1 switches on core 0)
2026-07-24 18:37:51.758 7 INFO placement.requestlog [None req-998931c9-44aa-47b8-8b04-19010d6405b5 e3752bd82c5746189b2470cf761e33cc 2d876cb96af342f0a5609cd5e6a4708d - - 5623b56d202742b79d0f6106728bb7b7 5623b56d202742b79d0f6106728bb7b7] 10.0.0.208 "GET /resource_providers/aaa42b26-69d8-4e16-a9f9-fdfc43aa9f12/aggregates" status: 404 len: 235 microversion: 1.1 [pid: 7|app: 0|req: 319/639] 10.0.0.208 () {32 vars in 816 bytes} [Fri Jul 24 18:37:51 2026] GET /resource_providers/aaa42b26-69d8-4e16-a9f9-fdfc43aa9f12/aggregates => generated 235 bytes in 153 msecs (HTTP/1.1 404) 5 headers in 202 bytes (1 switches on core 0)
2026-07-24 18:37:51.776 8 INFO placement.requestlog [None req-fa67b6ce-0a32-48c0-a05b-f8a0c1d506ee e3752bd82c5746189b2470cf761e33cc 2d876cb96af342f0a5609cd5e6a4708d - - 5623b56d202742b79d0f6106728bb7b7 5623b56d202742b79d0f6106728bb7b7] 10.0.0.208 "DELETE /resource_providers/aaa42b26-69d8-4e16-a9f9-fdfc43aa9f12" status: 404 len: 246 microversion: 1.1 [pid: 8|app: 0|req: 321/640] 10.0.0.208 () {34 vars in 816 bytes} [Fri Jul 24 18:37:51 2026] DELETE /resource_providers/aaa42b26-69d8-4e16-a9f9-fdfc43aa9f12 => generated 246 bytes in 11 msecs (HTTP/1.1 404) 6 headers in 231 bytes (1 switches on core 0)
2026-07-24 18:37:53.580 8 INFO placement.requestlog [None req-c09ded1b-006a-4a03-b497-a7e1089a3552 - - - - - -] 10.0.0.92 "GET /" status: 200 len: 136 microversion: 1.0
2026-07-24 18:37:53.582 7 INFO placement.requestlog [None req-e37ec94d-eb64-438a-b4ba-49970a832084 - - - - - -] 10.0.0.92 "GET /" status: 200 len: 136 microversion: 1.0
2026-07-24 18:37:53.781 8 INFO placement.requestlog [None req-9993f817-ea27-4a99-9ecc-17c16b18d155 e3752bd82c5746189b2470cf761e33cc 2d876cb96af342f0a5609cd5e6a4708d - - 5623b56d202742b79d0f6106728bb7b7 5623b56d202742b79d0f6106728bb7b7] 10.0.0.208 "GET /resource_providers/44404f01-6691-46b1-b35e-a280c6aa62aa/aggregates" status: 404 len: 235 microversion: 1.1 [pid: 8|app: 0|req: 323/643] 10.0.0.208 () {32 vars in 816 bytes} [Fri Jul 24 18:37:53 2026] GET /resource_providers/44404f01-6691-46b1-b35e-a280c6aa62aa/aggregates => generated 235 bytes in 33 msecs (HTTP/1.1 404) 5 headers in 202 bytes (1 switches on core 0)
2026-07-24 18:37:53.807 7 INFO placement.requestlog [None req-58258a70-c17a-4636-9d7a-da3755184777 e3752bd82c5746189b2470cf761e33cc 2d876cb96af342f0a5609cd5e6a4708d - - 5623b56d202742b79d0f6106728bb7b7 5623b56d202742b79d0f6106728bb7b7] 10.0.0.208 "DELETE /resource_providers/44404f01-6691-46b1-b35e-a280c6aa62aa" status: 404 len: 246 microversion: 1.1 [pid: 7|app: 0|req: 321/644] 10.0.0.208 () {34 vars in 816 bytes} [Fri Jul 24 18:37:53 2026] DELETE /resource_providers/44404f01-6691-46b1-b35e-a280c6aa62aa => generated 246 bytes in 12 msecs (HTTP/1.1 404) 6 headers in 231 bytes (1 switches on core 0)
2026-07-24 18:37:53.809 8 INFO placement.requestlog [None req-1ceb1c09-9c28-4c0a-be67-de94f7164dcf e3752bd82c5746189b2470cf761e33cc 2d876cb96af342f0a5609cd5e6a4708d - - 5623b56d202742b79d0f6106728bb7b7 5623b56d202742b79d0f6106728bb7b7] 10.0.0.208 "GET /resource_providers/44404f01-6691-46b1-b35e-a280c6aa62aa/aggregates" status: 404 len: 235 microversion: 1.1 [pid: 8|app: 0|req: 324/645] 10.0.0.208 () {32 vars in 816 bytes} [Fri Jul 24 18:37:53 2026] GET /resource_providers/44404f01-6691-46b1-b35e-a280c6aa62aa/aggregates => generated 235 bytes in 12 msecs (HTTP/1.1 404) 5 headers in 202 bytes (1 switches on core 0)
2026-07-24 18:37:53.828 7 INFO placement.requestlog [None req-e32bb769-238c-4feb-a1c9-59816d8491e4 e3752bd82c5746189b2470cf761e33cc 2d876cb96af342f0a5609cd5e6a4708d - - 5623b56d202742b79d0f6106728bb7b7 5623b56d202742b79d0f6106728bb7b7] 10.0.0.208 "GET /resource_providers/dd5e27b3-2e32-44a9-83e8-1647b1977076/aggregates" status: 404 len: 235 microversion: 1.1 [pid: 7|app: 0|req: 322/646] 10.0.0.208 () {32 vars in 816 bytes} [Fri Jul 24 18:37:53 2026] GET /resource_providers/dd5e27b3-2e32-44a9-83e8-1647b1977076/aggregates => generated 235 bytes in 11 msecs (HTTP/1.1 404) 5 headers in 202 bytes (1 switches on core 0)
2026-07-24 18:37:53.833 8 INFO placement.requestlog [None req-833f6908-9004-4150-9725-930f86b2aa56 e3752bd82c5746189b2470cf761e33cc 2d876cb96af342f0a5609cd5e6a4708d - - 5623b56d202742b79d0f6106728bb7b7 5623b56d202742b79d0f6106728bb7b7] 10.0.0.208 "DELETE /resource_providers/44404f01-6691-46b1-b35e-a280c6aa62aa" status: 404 len: 246 microversion: 1.1 [pid: 8|app: 0|req: 325/647] 10.0.0.208 () {34 vars in 816 bytes} [Fri Jul 24 18:37:53 2026] DELETE /resource_providers/44404f01-6691-46b1-b35e-a280c6aa62aa => generated 246 bytes in 12 msecs (HTTP/1.1 404) 6 headers in 231 bytes (1 switches on core 0)
2026-07-24 18:37:53.841 7 INFO placement.requestlog [None req-660f312f-2103-4f2b-ac99-ad0c09d2317f e3752bd82c5746189b2470cf761e33cc 2d876cb96af342f0a5609cd5e6a4708d - - 5623b56d202742b79d0f6106728bb7b7 5623b56d202742b79d0f6106728bb7b7] 10.0.0.208 "DELETE /resource_providers/dd5e27b3-2e32-44a9-83e8-1647b1977076" status: 404 len: 246 microversion: 1.1 [pid: 7|app: 0|req: 323/648] 10.0.0.208 () {34 vars in 816 bytes} [Fri Jul 24 18:37:53 2026] DELETE /resource_providers/dd5e27b3-2e32-44a9-83e8-1647b1977076 => generated 246 bytes in 9 msecs (HTTP/1.1 404) 6 headers in 231 bytes (1 switches on core 0)
2026-07-24 18:37:53.844 8 INFO placement.requestlog [None req-b2633162-0c2c-451b-b1c0-1b16787deb0c e3752bd82c5746189b2470cf761e33cc 2d876cb96af342f0a5609cd5e6a4708d - - 5623b56d202742b79d0f6106728bb7b7 5623b56d202742b79d0f6106728bb7b7] 10.0.0.208 "GET /resource_providers/dd5e27b3-2e32-44a9-83e8-1647b1977076/aggregates" status: 404 len: 235 microversion: 1.1 [pid: 8|app: 0|req: 326/649] 10.0.0.208 () {32 vars in 816 bytes} [Fri Jul 24 18:37:53 2026] GET /resource_providers/dd5e27b3-2e32-44a9-83e8-1647b1977076/aggregates => generated 235 bytes in 5 msecs (HTTP/1.1 404) 5 headers in 202 bytes (1 switches on core 0)
2026-07-24 18:37:53.868 7 INFO placement.requestlog [None req-0963ac1b-913c-488c-a2ea-ec9f5de79cf6 e3752bd82c5746189b2470cf761e33cc 2d876cb96af342f0a5609cd5e6a4708d - - 5623b56d202742b79d0f6106728bb7b7 5623b56d202742b79d0f6106728bb7b7] 10.0.0.208 "DELETE /resource_providers/dd5e27b3-2e32-44a9-83e8-1647b1977076" status: 404 len: 246 microversion: 1.1 [pid: 7|app: 0|req: 324/650] 10.0.0.208 () {34 vars in 816 bytes} [Fri Jul 24 18:37:53 2026] DELETE /resource_providers/dd5e27b3-2e32-44a9-83e8-1647b1977076 => generated 246 bytes in 17 msecs (HTTP/1.1 404) 6 headers in 231 bytes (1 switches on core 0)
2026-07-24 18:37:54.923 8 INFO placement.requestlog [req-5391baf7-077e-4797-89c8-993d3689d500 req-1bd1ca22-8e5e-435e-8a62-72cb0218e185 e30e5198b2cf4f0094695642a90cb64c 2d876cb96af342f0a5609cd5e6a4708d - - 5623b56d202742b79d0f6106728bb7b7 5623b56d202742b79d0f6106728bb7b7] 10.0.0.99 "GET /allocation_candidates?limit=1000&resources=MEMORY_MB%3A512%2CVCPU%3A1&root_required=%21COMPUTE_STATUS_DISABLED" status: 200 len: 2133 microversion: 1.36 [pid: 8|app: 0|req: 327/651] 10.0.0.99 () {34 vars in 983 bytes} [Fri Jul 24 18:37:54 2026] GET /allocation_candidates?limit=1000&resources=MEMORY_MB%3A512%2CVCPU%3A1&root_required=%21COMPUTE_STATUS_DISABLED => generated 2133 bytes in 271 msecs (HTTP/1.1 200) 8 headers in 297 bytes (1 switches on core 0)
2026-07-24 18:37:54.982 7 INFO placement.requestlog [req-5391baf7-077e-4797-89c8-993d3689d500 req-1b8a6a22-ab9a-4138-bbdd-45835d23a841 e30e5198b2cf4f0094695642a90cb64c 2d876cb96af342f0a5609cd5e6a4708d - - 5623b56d202742b79d0f6106728bb7b7 5623b56d202742b79d0f6106728bb7b7] 10.0.0.99 "GET /allocations/dd1b9a7e-782e-4c4d-b5df-7088f346d69b" status: 200 len: 19 microversion: 1.28 [pid: 7|app: 0|req: 325/652] 10.0.0.99 () {34 vars in 860 bytes} [Fri Jul 24 18:37:54 2026] GET /allocations/dd1b9a7e-782e-4c4d-b5df-7088f346d69b => generated 19 bytes in 21 msecs (HTTP/1.1 200) 8 headers in 295 bytes (1 switches on core 0)
2026-07-24 18:37:55.076 8 INFO placement.requestlog [req-5391baf7-077e-4797-89c8-993d3689d500 req-8ed82e2e-801e-4229-a0df-6e466871b5ab e30e5198b2cf4f0094695642a90cb64c 2d876cb96af342f0a5609cd5e6a4708d - - 5623b56d202742b79d0f6106728bb7b7 5623b56d202742b79d0f6106728bb7b7] 10.0.0.99 "PUT /allocations/dd1b9a7e-782e-4c4d-b5df-7088f346d69b" status: 204 len: 0 microversion: 1.36 [pid: 8|app: 0|req: 328/653] 10.0.0.99 () {38 vars in 913 bytes} [Fri Jul 24 18:37:54 2026] PUT /allocations/dd1b9a7e-782e-4c4d-b5df-7088f346d69b => generated 0 bytes in 82 msecs (HTTP/1.1 204) 5 headers in 199 bytes (1 switches on core 0)
2026-07-24 18:37:55.604 7 INFO placement.requestlog [req-5391baf7-077e-4797-89c8-993d3689d500 req-106bf16a-24d6-4ff0-be06-ace26af73817 e30e5198b2cf4f0094695642a90cb64c 2d876cb96af342f0a5609cd5e6a4708d - - 5623b56d202742b79d0f6106728bb7b7 5623b56d202742b79d0f6106728bb7b7] 199.204.45.138 "GET /allocations/dd1b9a7e-782e-4c4d-b5df-7088f346d69b" status: 200 len: 243 microversion: 1.28 [pid: 7|app: 0|req: 326/654] 199.204.45.138 () {34 vars in 863 bytes} [Fri Jul 24 18:37:55 2026] GET /allocations/dd1b9a7e-782e-4c4d-b5df-7088f346d69b => generated 243 bytes in 23 msecs (HTTP/1.1 200) 8 headers in 296 bytes (1 switches on core 0)
2026-07-24 18:37:55.776 8 INFO placement.requestlog [req-5391baf7-077e-4797-89c8-993d3689d500 req-a16017e0-2d08-47f6-8af1-acba34e7793e e30e5198b2cf4f0094695642a90cb64c 2d876cb96af342f0a5609cd5e6a4708d - - 5623b56d202742b79d0f6106728bb7b7 5623b56d202742b79d0f6106728bb7b7] 199.204.45.138 "GET /resource_providers/1d046cff-ac2a-4b3d-8720-f752588a307f/allocations" status: 200 len: 138 microversion: 1.0 [pid: 8|app: 0|req: 329/655] 199.204.45.138 () {32 vars in 857 bytes} [Fri Jul 24 18:37:55 2026] GET /resource_providers/1d046cff-ac2a-4b3d-8720-f752588a307f/allocations => generated 138 bytes in 22 msecs (HTTP/1.1 200) 6 headers in 224 bytes (1 switches on core 0)
2026-07-24 18:37:55.805 7 INFO placement.requestlog [req-5391baf7-077e-4797-89c8-993d3689d500 req-107c3ec6-554c-406d-b83f-bcd4d3783d0c e30e5198b2cf4f0094695642a90cb64c 2d876cb96af342f0a5609cd5e6a4708d - - 5623b56d202742b79d0f6106728bb7b7 5623b56d202742b79d0f6106728bb7b7] 199.204.45.138 "GET /allocations/dd1b9a7e-782e-4c4d-b5df-7088f346d69b" status: 200 len: 243 microversion: 1.28 [pid: 7|app: 0|req: 327/656] 199.204.45.138 () {34 vars in 863 bytes} [Fri Jul 24 18:37:55 2026] GET /allocations/dd1b9a7e-782e-4c4d-b5df-7088f346d69b => generated 243 bytes in 19 msecs (HTTP/1.1 200) 8 headers in 296 bytes (1 switches on core 0)
2026-07-24 18:37:55.884 8 INFO placement.requestlog [None req-d459952d-46bf-4aa0-9062-433004aebcf5 e3752bd82c5746189b2470cf761e33cc 2d876cb96af342f0a5609cd5e6a4708d - - 5623b56d202742b79d0f6106728bb7b7 5623b56d202742b79d0f6106728bb7b7] 10.0.0.208 "GET /resource_providers/97082caa-c5bd-4894-902f-b95affed9470/aggregates" status: 404 len: 235 microversion: 1.1 [pid: 8|app: 0|req: 330/657] 10.0.0.208 () {32 vars in 816 bytes} [Fri Jul 24 18:37:55 2026] GET /resource_providers/97082caa-c5bd-4894-902f-b95affed9470/aggregates => generated 235 bytes in 21 msecs (HTTP/1.1 404) 5 headers in 202 bytes (1 switches on core 0)
2026-07-24 18:37:55.896 7 INFO placement.requestlog [None req-b5d38047-f488-48a4-8069-9b0a34edd92d e3752bd82c5746189b2470cf761e33cc 2d876cb96af342f0a5609cd5e6a4708d - - 5623b56d202742b79d0f6106728bb7b7 5623b56d202742b79d0f6106728bb7b7] 10.0.0.208 "GET /resource_providers/97082caa-c5bd-4894-902f-b95affed9470/aggregates" status: 404 len: 235 microversion: 1.1 [pid: 7|app: 0|req: 328/658] 10.0.0.208 () {32 vars in 816 bytes} [Fri Jul 24 18:37:55 2026] GET /resource_providers/97082caa-c5bd-4894-902f-b95affed9470/aggregates => generated 235 bytes in 17 msecs (HTTP/1.1 404) 5 headers in 202 bytes (1 switches on core 0)
2026-07-24 18:37:55.906 8 INFO placement.requestlog [None req-ac0cb360-81d3-4a76-be55-89c8d8567048 e3752bd82c5746189b2470cf761e33cc 2d876cb96af342f0a5609cd5e6a4708d - - 5623b56d202742b79d0f6106728bb7b7 5623b56d202742b79d0f6106728bb7b7] 10.0.0.208 "DELETE /resource_providers/97082caa-c5bd-4894-902f-b95affed9470" status: 404 len: 246 microversion: 1.1 [pid: 8|app: 0|req: 331/659] 10.0.0.208 () {34 vars in 816 bytes} [Fri Jul 24 18:37:55 2026] DELETE /resource_providers/97082caa-c5bd-4894-902f-b95affed9470 => generated 246 bytes in 10 msecs (HTTP/1.1 404) 6 headers in 231 bytes (1 switches on core 0)
2026-07-24 18:37:55.917 7 INFO placement.requestlog [None req-fc960458-2183-4798-a74c-0c410b0c2c96 e3752bd82c5746189b2470cf761e33cc 2d876cb96af342f0a5609cd5e6a4708d - - 5623b56d202742b79d0f6106728bb7b7 5623b56d202742b79d0f6106728bb7b7] 10.0.0.208 "DELETE /resource_providers/97082caa-c5bd-4894-902f-b95affed9470" status: 404 len: 246 microversion: 1.1 [pid: 7|app: 0|req: 329/660] 10.0.0.208 () {34 vars in 816 bytes} [Fri Jul 24 18:37:55 2026] DELETE /resource_providers/97082caa-c5bd-4894-902f-b95affed9470 => generated 246 bytes in 12 msecs (HTTP/1.1 404) 6 headers in 231 bytes (1 switches on core 0)
2026-07-24 18:38:03.581 8 INFO placement.requestlog [None req-cd0fca84-35db-4aa4-b449-1a9e4b5040a2 - - - - - -] 10.0.0.92 "GET /" status: 200 len: 136 microversion: 1.0
2026-07-24 18:38:03.583 7 INFO placement.requestlog [None req-f63e2735-1817-4dd4-ae31-499117b98b0d - - - - - -] 10.0.0.92 "GET /" status: 200 len: 136 microversion: 1.0
2026-07-24 18:38:04.920 8 INFO placement.requestlog [req-2ce63661-0dc2-49ab-a0cf-5ddd4ff1901a req-109e7c05-b0b6-436d-8df2-7a66a8edd028 e30e5198b2cf4f0094695642a90cb64c 2d876cb96af342f0a5609cd5e6a4708d - - 5623b56d202742b79d0f6106728bb7b7 5623b56d202742b79d0f6106728bb7b7] 10.0.0.99 "GET /allocation_candidates?limit=1000&resources=DISK_GB%3A1%2CMEMORY_MB%3A512%2CVCPU%3A1&root_required=%21COMPUTE_STATUS_DISABLED" status: 200 len: 2149 microversion: 1.36 [pid: 8|app: 0|req: 333/663] 10.0.0.99 () {34 vars in 1011 bytes} [Fri Jul 24 18:38:04 2026] GET /allocation_candidates?limit=1000&resources=DISK_GB%3A1%2CMEMORY_MB%3A512%2CVCPU%3A1&root_required=%21COMPUTE_STATUS_DISABLED => generated 2149 bytes in 60 msecs (HTTP/1.1 200) 8 headers in 297 bytes (1 switches on core 0)
2026-07-24 18:38:04.970 7 INFO placement.requestlog [req-2ce63661-0dc2-49ab-a0cf-5ddd4ff1901a req-92f758b1-58d0-43e2-a632-6f681cbed432 e30e5198b2cf4f0094695642a90cb64c 2d876cb96af342f0a5609cd5e6a4708d - - 5623b56d202742b79d0f6106728bb7b7 5623b56d202742b79d0f6106728bb7b7] 10.0.0.99 "GET /allocations/640365f8-c147-42a7-8ad1-76f944325608" status: 200 len: 19 microversion: 1.28 [pid: 7|app: 0|req: 331/664] 10.0.0.99 () {34 vars in 860 bytes} [Fri Jul 24 18:38:04 2026] GET /allocations/640365f8-c147-42a7-8ad1-76f944325608 => generated 19 bytes in 18 msecs (HTTP/1.1 200) 8 headers in 295 bytes (1 switches on core 0)
2026-07-24 18:38:05.074 8 INFO placement.requestlog [req-2ce63661-0dc2-49ab-a0cf-5ddd4ff1901a req-9fb5c19b-2215-4d86-9655-49300d8eef95 e30e5198b2cf4f0094695642a90cb64c 2d876cb96af342f0a5609cd5e6a4708d - - 5623b56d202742b79d0f6106728bb7b7 5623b56d202742b79d0f6106728bb7b7] 10.0.0.99 "PUT /allocations/640365f8-c147-42a7-8ad1-76f944325608" status: 204 len: 0 microversion: 1.36 [pid: 8|app: 0|req: 334/665] 10.0.0.99 () {38 vars in 913 bytes} [Fri Jul 24 18:38:04 2026] PUT /allocations/640365f8-c147-42a7-8ad1-76f944325608 => generated 0 bytes in 97 msecs (HTTP/1.1 204) 5 headers in 199 bytes (1 switches on core 0)
2026-07-24 18:38:05.119 7 INFO placement.requestlog [req-3417c529-a7b0-4ca5-b8ec-d1fd03c7d7b1 req-b8137116-e316-447a-b0d6-15ba6d485ed5 e30e5198b2cf4f0094695642a90cb64c 2d876cb96af342f0a5609cd5e6a4708d - - 5623b56d202742b79d0f6106728bb7b7 5623b56d202742b79d0f6106728bb7b7] 10.0.0.99 "GET /allocation_candidates?limit=1000&resources=DISK_GB%3A1%2CMEMORY_MB%3A512%2CVCPU%3A1&root_required=%21COMPUTE_STATUS_DISABLED" status: 200 len: 2150 microversion: 1.36 [pid: 7|app: 0|req: 332/666] 10.0.0.99 () {34 vars in 1011 bytes} [Fri Jul 24 18:38:05 2026] GET /allocation_candidates?limit=1000&resources=DISK_GB%3A1%2CMEMORY_MB%3A512%2CVCPU%3A1&root_required=%21COMPUTE_STATUS_DISABLED => generated 2150 bytes in 59 msecs (HTTP/1.1 200) 8 headers in 297 bytes (1 switches on core 0)
2026-07-24 18:38:05.167 8 INFO placement.requestlog [req-3417c529-a7b0-4ca5-b8ec-d1fd03c7d7b1 req-73cb552b-9811-4c67-bc84-18b081c69211 e30e5198b2cf4f0094695642a90cb64c 2d876cb96af342f0a5609cd5e6a4708d - - 5623b56d202742b79d0f6106728bb7b7 5623b56d202742b79d0f6106728bb7b7] 10.0.0.99 "GET /allocations/df8b5306-b03d-4cbc-9eb6-1309e8a6bf8a" status: 200 len: 19 microversion: 1.28 [pid: 8|app: 0|req: 335/667] 10.0.0.99 () {34 vars in 860 bytes} [Fri Jul 24 18:38:05 2026] GET /allocations/df8b5306-b03d-4cbc-9eb6-1309e8a6bf8a => generated 19 bytes in 17 msecs (HTTP/1.1 200) 8 headers in 295 bytes (1 switches on core 0)
2026-07-24 18:38:05.242 7 INFO placement.requestlog [req-3417c529-a7b0-4ca5-b8ec-d1fd03c7d7b1 req-712bb003-4785-4ea0-8ec6-9ccebf56571b e30e5198b2cf4f0094695642a90cb64c 2d876cb96af342f0a5609cd5e6a4708d - - 5623b56d202742b79d0f6106728bb7b7 5623b56d202742b79d0f6106728bb7b7] 10.0.0.99 "PUT /allocations/df8b5306-b03d-4cbc-9eb6-1309e8a6bf8a" status: 204 len: 0 microversion: 1.36 [pid: 7|app: 0|req: 333/668] 10.0.0.99 () {38 vars in 913 bytes} [Fri Jul 24 18:38:05 2026] PUT /allocations/df8b5306-b03d-4cbc-9eb6-1309e8a6bf8a => generated 0 bytes in 66 msecs (HTTP/1.1 204) 5 headers in 199 bytes (1 switches on core 0)
2026-07-24 18:38:05.453 8 INFO placement.requestlog [req-2ce63661-0dc2-49ab-a0cf-5ddd4ff1901a req-57bd6c03-b209-4c10-b0ce-7047d8d12510 e30e5198b2cf4f0094695642a90cb64c 2d876cb96af342f0a5609cd5e6a4708d - - 5623b56d202742b79d0f6106728bb7b7 5623b56d202742b79d0f6106728bb7b7] 199.204.45.138 "GET /allocations/640365f8-c147-42a7-8ad1-76f944325608" status: 200 len: 257 microversion: 1.28 [pid: 8|app: 0|req: 336/669] 199.204.45.138 () {34 vars in 863 bytes} [Fri Jul 24 18:38:05 2026] GET /allocations/640365f8-c147-42a7-8ad1-76f944325608 => generated 257 bytes in 14 msecs (HTTP/1.1 200) 8 headers in 296 bytes (1 switches on core 0)
2026-07-24 18:38:05.577 7 INFO placement.requestlog [req-2ce63661-0dc2-49ab-a0cf-5ddd4ff1901a req-e68c5581-d19b-4171-9110-cbe570ca9824 e30e5198b2cf4f0094695642a90cb64c 2d876cb96af342f0a5609cd5e6a4708d - - 5623b56d202742b79d0f6106728bb7b7 5623b56d202742b79d0f6106728bb7b7] 199.204.45.138 "GET /resource_providers/1d046cff-ac2a-4b3d-8720-f752588a307f/allocations" status: 200 len: 338 microversion: 1.0 [pid: 7|app: 0|req: 334/670] 199.204.45.138 () {32 vars in 857 bytes} [Fri Jul 24 18:38:05 2026] GET /resource_providers/1d046cff-ac2a-4b3d-8720-f752588a307f/allocations => generated 338 bytes in 20 msecs (HTTP/1.1 200) 6 headers in 224 bytes (1 switches on core 0)
2026-07-24 18:38:05.600 8 INFO placement.requestlog [req-2ce63661-0dc2-49ab-a0cf-5ddd4ff1901a req-22c57fd6-98d5-442a-80eb-404b6b521758 e30e5198b2cf4f0094695642a90cb64c 2d876cb96af342f0a5609cd5e6a4708d - - 5623b56d202742b79d0f6106728bb7b7 5623b56d202742b79d0f6106728bb7b7] 199.204.45.138 "GET /allocations/640365f8-c147-42a7-8ad1-76f944325608" status: 200 len: 257 microversion: 1.28 [pid: 8|app: 0|req: 337/671] 199.204.45.138 () {34 vars in 863 bytes} [Fri Jul 24 18:38:05 2026] GET /allocations/640365f8-c147-42a7-8ad1-76f944325608 => generated 257 bytes in 15 msecs (HTTP/1.1 200) 8 headers in 296 bytes (1 switches on core 0)
2026-07-24 18:38:05.625 7 INFO placement.requestlog [req-2ce63661-0dc2-49ab-a0cf-5ddd4ff1901a req-9b00ef99-6f99-442d-bb8c-8033fa32817e e30e5198b2cf4f0094695642a90cb64c 2d876cb96af342f0a5609cd5e6a4708d - - 5623b56d202742b79d0f6106728bb7b7 5623b56d202742b79d0f6106728bb7b7] 199.204.45.138 "GET /allocations/dd1b9a7e-782e-4c4d-b5df-7088f346d69b" status: 200 len: 243 microversion: 1.28 [pid: 7|app: 0|req: 335/672] 199.204.45.138 () {34 vars in 863 bytes} [Fri Jul 24 18:38:05 2026] GET /allocations/dd1b9a7e-782e-4c4d-b5df-7088f346d69b => generated 243 bytes in 16 msecs (HTTP/1.1 200) 8 headers in 296 bytes (1 switches on core 0)
2026-07-24 18:38:05.648 8 INFO placement.requestlog [req-2ce63661-0dc2-49ab-a0cf-5ddd4ff1901a req-05f37b34-dd9d-47ef-82ef-105563c134cf e30e5198b2cf4f0094695642a90cb64c 2d876cb96af342f0a5609cd5e6a4708d - - 5623b56d202742b79d0f6106728bb7b7 5623b56d202742b79d0f6106728bb7b7] 199.204.45.138 "GET /allocations/df8b5306-b03d-4cbc-9eb6-1309e8a6bf8a" status: 200 len: 257 microversion: 1.28 [pid: 8|app: 0|req: 338/673] 199.204.45.138 () {34 vars in 863 bytes} [Fri Jul 24 18:38:05 2026] GET /allocations/df8b5306-b03d-4cbc-9eb6-1309e8a6bf8a => generated 257 bytes in 15 msecs (HTTP/1.1 200) 8 headers in 296 bytes (1 switches on core 0)
2026-07-24 18:38:05.704 7 INFO placement.requestlog [req-3417c529-a7b0-4ca5-b8ec-d1fd03c7d7b1 req-3d2e5c7b-4750-4a56-9315-7ed132071c21 e30e5198b2cf4f0094695642a90cb64c 2d876cb96af342f0a5609cd5e6a4708d - - 5623b56d202742b79d0f6106728bb7b7 5623b56d202742b79d0f6106728bb7b7] 199.204.45.138 "GET /allocations/df8b5306-b03d-4cbc-9eb6-1309e8a6bf8a" status: 200 len: 257 microversion: 1.28 [pid: 7|app: 0|req: 336/674] 199.204.45.138 () {34 vars in 863 bytes} [Fri Jul 24 18:38:05 2026] GET /allocations/df8b5306-b03d-4cbc-9eb6-1309e8a6bf8a => generated 257 bytes in 16 msecs (HTTP/1.1 200) 8 headers in 296 bytes (1 switches on core 0)
2026-07-24 18:38:05.804 8 INFO placement.requestlog [req-3417c529-a7b0-4ca5-b8ec-d1fd03c7d7b1 req-28cee762-d579-4cce-b4cf-5377e45ad0e8 e30e5198b2cf4f0094695642a90cb64c 2d876cb96af342f0a5609cd5e6a4708d - - 5623b56d202742b79d0f6106728bb7b7 5623b56d202742b79d0f6106728bb7b7] 199.204.45.138 "GET /resource_providers/1d046cff-ac2a-4b3d-8720-f752588a307f/allocations" status: 200 len: 338 microversion: 1.0 [pid: 8|app: 0|req: 339/675] 199.204.45.138 () {32 vars in 857 bytes} [Fri Jul 24 18:38:05 2026] GET /resource_providers/1d046cff-ac2a-4b3d-8720-f752588a307f/allocations => generated 338 bytes in 20 msecs (HTTP/1.1 200) 6 headers in 224 bytes (1 switches on core 0)
2026-07-24 18:38:05.829 7 INFO placement.requestlog [req-3417c529-a7b0-4ca5-b8ec-d1fd03c7d7b1 req-411df346-360f-4403-b294-9eaf0fc254cc e30e5198b2cf4f0094695642a90cb64c 2d876cb96af342f0a5609cd5e6a4708d - - 5623b56d202742b79d0f6106728bb7b7 5623b56d202742b79d0f6106728bb7b7] 199.204.45.138 "GET /allocations/640365f8-c147-42a7-8ad1-76f944325608" status: 200 len: 257 microversion: 1.28 [pid: 7|app: 0|req: 337/676] 199.204.45.138 () {34 vars in 863 bytes} [Fri Jul 24 18:38:05 2026] GET /allocations/640365f8-c147-42a7-8ad1-76f944325608 => generated 257 bytes in 15 msecs (HTTP/1.1 200) 8 headers in 296 bytes (1 switches on core 0)
2026-07-24 18:38:05.854 8 INFO placement.requestlog [req-3417c529-a7b0-4ca5-b8ec-d1fd03c7d7b1 req-3330b9e8-ef2c-46cf-b80a-87f2eddeba25 e30e5198b2cf4f0094695642a90cb64c 2d876cb96af342f0a5609cd5e6a4708d - - 5623b56d202742b79d0f6106728bb7b7 5623b56d202742b79d0f6106728bb7b7] 199.204.45.138 "GET /allocations/dd1b9a7e-782e-4c4d-b5df-7088f346d69b" status: 200 len: 243 microversion: 1.28 [pid: 8|app: 0|req: 340/677] 199.204.45.138 () {34 vars in 863 bytes} [Fri Jul 24 18:38:05 2026] GET /allocations/dd1b9a7e-782e-4c4d-b5df-7088f346d69b => generated 243 bytes in 15 msecs (HTTP/1.1 200) 8 headers in 296 bytes (1 switches on core 0)
2026-07-24 18:38:05.878 7 INFO placement.requestlog [req-3417c529-a7b0-4ca5-b8ec-d1fd03c7d7b1 req-3d892609-6928-46ed-a42c-c8f190135131 e30e5198b2cf4f0094695642a90cb64c 2d876cb96af342f0a5609cd5e6a4708d - - 5623b56d202742b79d0f6106728bb7b7 5623b56d202742b79d0f6106728bb7b7] 199.204.45.138 "GET /allocations/df8b5306-b03d-4cbc-9eb6-1309e8a6bf8a" status: 200 len: 257 microversion: 1.28 [pid: 7|app: 0|req: 338/678] 199.204.45.138 () {34 vars in 863 bytes} [Fri Jul 24 18:38:05 2026] GET /allocations/df8b5306-b03d-4cbc-9eb6-1309e8a6bf8a => generated 257 bytes in 15 msecs (HTTP/1.1 200) 8 headers in 296 bytes (1 switches on core 0)
2026-07-24 18:38:13.580 7 INFO placement.requestlog [None req-9bc10207-9292-4c2e-905c-b4c2a96fd5fb - - - - - -] 10.0.0.92 "GET /" status: 200 len: 136 microversion: 1.0
2026-07-24 18:38:13.580 8 INFO placement.requestlog [None req-39a2e84e-5464-4c50-a206-5aa826874c45 - - - - - -] 10.0.0.92 "GET /" status: 200 len: 136 microversion: 1.0
2026-07-24 18:38:14.529 7 INFO placement.requestlog [req-9ffc531b-1c33-4f03-8c5d-d0168cd69318 req-e2bffec4-3242-4f6b-8704-11bbae82158f e30e5198b2cf4f0094695642a90cb64c 2d876cb96af342f0a5609cd5e6a4708d - - 5623b56d202742b79d0f6106728bb7b7 5623b56d202742b79d0f6106728bb7b7] 199.204.45.138 "GET /resource_providers/1d046cff-ac2a-4b3d-8720-f752588a307f/allocations" status: 200 len: 338 microversion: 1.0 [pid: 7|app: 0|req: 340/681] 199.204.45.138 () {32 vars in 857 bytes} [Fri Jul 24 18:38:14 2026] GET /resource_providers/1d046cff-ac2a-4b3d-8720-f752588a307f/allocations => generated 338 bytes in 16 msecs (HTTP/1.1 200) 6 headers in 224 bytes (1 switches on core 0)
2026-07-24 18:38:14.559 8 INFO placement.requestlog [req-9ffc531b-1c33-4f03-8c5d-d0168cd69318 req-2e8675db-01a3-4c87-8d04-b6814b24cb31 e30e5198b2cf4f0094695642a90cb64c 2d876cb96af342f0a5609cd5e6a4708d - - 5623b56d202742b79d0f6106728bb7b7 5623b56d202742b79d0f6106728bb7b7] 199.204.45.138 "GET /allocations/640365f8-c147-42a7-8ad1-76f944325608" status: 200 len: 257 microversion: 1.28 [pid: 8|app: 0|req: 342/682] 199.204.45.138 () {34 vars in 863 bytes} [Fri Jul 24 18:38:14 2026] GET /allocations/640365f8-c147-42a7-8ad1-76f944325608 => generated 257 bytes in 25 msecs (HTTP/1.1 200) 8 headers in 296 bytes (1 switches on core 0)
2026-07-24 18:38:14.582 7 INFO placement.requestlog [req-9ffc531b-1c33-4f03-8c5d-d0168cd69318 req-cbc02949-9904-484f-adfe-0b4490172f87 e30e5198b2cf4f0094695642a90cb64c 2d876cb96af342f0a5609cd5e6a4708d - - 5623b56d202742b79d0f6106728bb7b7 5623b56d202742b79d0f6106728bb7b7] 199.204.45.138 "GET /allocations/dd1b9a7e-782e-4c4d-b5df-7088f346d69b" status: 200 len: 243 microversion: 1.28 [pid: 7|app: 0|req: 341/683] 199.204.45.138 () {34 vars in 863 bytes} [Fri Jul 24 18:38:14 2026] GET /allocations/dd1b9a7e-782e-4c4d-b5df-7088f346d69b => generated 243 bytes in 17 msecs (HTTP/1.1 200) 8 headers in 296 bytes (1 switches on core 0)
2026-07-24 18:38:14.605 8 INFO placement.requestlog [req-9ffc531b-1c33-4f03-8c5d-d0168cd69318 req-27cde955-dfbb-40ab-b538-03527755fca2 e30e5198b2cf4f0094695642a90cb64c 2d876cb96af342f0a5609cd5e6a4708d - - 5623b56d202742b79d0f6106728bb7b7 5623b56d202742b79d0f6106728bb7b7] 199.204.45.138 "GET /allocations/df8b5306-b03d-4cbc-9eb6-1309e8a6bf8a" status: 200 len: 257 microversion: 1.28 [pid: 8|app: 0|req: 343/684] 199.204.45.138 () {34 vars in 863 bytes} [Fri Jul 24 18:38:14 2026] GET /allocations/df8b5306-b03d-4cbc-9eb6-1309e8a6bf8a => generated 257 bytes in 14 msecs (HTTP/1.1 200) 8 headers in 296 bytes (1 switches on core 0)
2026-07-24 18:38:14.704 7 INFO placement.requestlog [req-9ffc531b-1c33-4f03-8c5d-d0168cd69318 req-fcf1b490-b7e0-4c2b-b79c-b128069255d4 e30e5198b2cf4f0094695642a90cb64c 2d876cb96af342f0a5609cd5e6a4708d - - 5623b56d202742b79d0f6106728bb7b7 5623b56d202742b79d0f6106728bb7b7] 199.204.45.138 "DELETE /allocations/dd1b9a7e-782e-4c4d-b5df-7088f346d69b" status: 204 len: 0 microversion: 1.0 [pid: 7|app: 0|req: 342/685] 199.204.45.138 () {34 vars in 841 bytes} [Fri Jul 24 18:38:14 2026] DELETE /allocations/dd1b9a7e-782e-4c4d-b5df-7088f346d69b => generated 0 bytes in 40 msecs (HTTP/1.1 204) 5 headers in 198 bytes (1 switches on core 0)
2026-07-24 18:38:17.906 7 INFO placement.requestlog [None req-7de9c165-1951-41e5-a7d5-41e484a11cd0 e3752bd82c5746189b2470cf761e33cc 2d876cb96af342f0a5609cd5e6a4708d - - 5623b56d202742b79d0f6106728bb7b7 5623b56d202742b79d0f6106728bb7b7] 10.0.0.208 "GET /resource_providers/6af64a16-006f-4cca-8699-6c0a07532c77/aggregates" status: 404 len: 235 microversion: 1.1 [pid: 7|app: 0|req: 343/686] 10.0.0.208 () {32 vars in 816 bytes} [Fri Jul 24 18:38:17 2026] GET /resource_providers/6af64a16-006f-4cca-8699-6c0a07532c77/aggregates => generated 235 bytes in 13 msecs (HTTP/1.1 404) 5 headers in 202 bytes (1 switches on core 0)
2026-07-24 18:38:17.907 8 INFO placement.requestlog [None req-4685b35c-b4b9-4974-be4d-8f3601da27a4 e3752bd82c5746189b2470cf761e33cc 2d876cb96af342f0a5609cd5e6a4708d - - 5623b56d202742b79d0f6106728bb7b7 5623b56d202742b79d0f6106728bb7b7] 10.0.0.208 "GET /resource_providers/6af64a16-006f-4cca-8699-6c0a07532c77/aggregates" status: 404 len: 235 microversion: 1.1 [pid: 8|app: 0|req: 344/687] 10.0.0.208 () {32 vars in 816 bytes} [Fri Jul 24 18:38:17 2026] GET /resource_providers/6af64a16-006f-4cca-8699-6c0a07532c77/aggregates => generated 235 bytes in 15 msecs (HTTP/1.1 404) 5 headers in 202 bytes (1 switches on core 0)
2026-07-24 18:38:17.935 8 INFO placement.requestlog [None req-13b639a2-43e5-477f-9117-5d0e347d7a6e e3752bd82c5746189b2470cf761e33cc 2d876cb96af342f0a5609cd5e6a4708d - - 5623b56d202742b79d0f6106728bb7b7 5623b56d202742b79d0f6106728bb7b7] 10.0.0.208 "DELETE /resource_providers/6af64a16-006f-4cca-8699-6c0a07532c77" status: 404 len: 246 microversion: 1.1 [pid: 8|app: 0|req: 345/688] 10.0.0.208 () {34 vars in 816 bytes} [Fri Jul 24 18:38:17 2026] DELETE /resource_providers/6af64a16-006f-4cca-8699-6c0a07532c77 => generated 246 bytes in 10 msecs (HTTP/1.1 404) 6 headers in 231 bytes (1 switches on core 0)
2026-07-24 18:38:17.938 7 INFO placement.requestlog [None req-f3614fe3-4385-41dc-ad36-530bd7d4a42d e3752bd82c5746189b2470cf761e33cc 2d876cb96af342f0a5609cd5e6a4708d - - 5623b56d202742b79d0f6106728bb7b7 5623b56d202742b79d0f6106728bb7b7] 10.0.0.208 "DELETE /resource_providers/6af64a16-006f-4cca-8699-6c0a07532c77" status: 404 len: 246 microversion: 1.1 [pid: 7|app: 0|req: 344/689] 10.0.0.208 () {34 vars in 816 bytes} [Fri Jul 24 18:38:17 2026] DELETE /resource_providers/6af64a16-006f-4cca-8699-6c0a07532c77 => generated 246 bytes in 13 msecs (HTTP/1.1 404) 6 headers in 231 bytes (1 switches on core 0)
2026-07-24 18:38:19.833 8 INFO placement.requestlog [req-3f286dbc-6d4b-4316-95e1-019f4586bf1f req-33f5218d-8b8d-4238-8957-bd69abfa68ab e30e5198b2cf4f0094695642a90cb64c 2d876cb96af342f0a5609cd5e6a4708d - - 5623b56d202742b79d0f6106728bb7b7 5623b56d202742b79d0f6106728bb7b7] 199.204.45.138 "GET /resource_providers/1d046cff-ac2a-4b3d-8720-f752588a307f/allocations" status: 200 len: 252 microversion: 1.0 [pid: 8|app: 0|req: 346/690] 199.204.45.138 () {32 vars in 857 bytes} [Fri Jul 24 18:38:19 2026] GET /resource_providers/1d046cff-ac2a-4b3d-8720-f752588a307f/allocations => generated 252 bytes in 228 msecs (HTTP/1.1 200) 6 headers in 224 bytes (1 switches on core 0)
2026-07-24 18:38:19.861 7 INFO placement.requestlog [req-3f286dbc-6d4b-4316-95e1-019f4586bf1f req-ffc93561-bf8d-4ffb-8e20-3c04dd07730c e30e5198b2cf4f0094695642a90cb64c 2d876cb96af342f0a5609cd5e6a4708d - - 5623b56d202742b79d0f6106728bb7b7 5623b56d202742b79d0f6106728bb7b7] 199.204.45.138 "GET /resource_providers?in_tree=1d046cff-ac2a-4b3d-8720-f752588a307f" status: 200 len: 797 microversion: 1.14 [pid: 7|app: 0|req: 345/691] 199.204.45.138 () {34 vars in 892 bytes} [Fri Jul 24 18:38:19 2026] GET /resource_providers?in_tree=1d046cff-ac2a-4b3d-8720-f752588a307f => generated 797 bytes in 19 msecs (HTTP/1.1 200) 6 headers in 225 bytes (1 switches on core 0)
2026-07-24 18:38:19.881 8 INFO placement.requestlog [req-3f286dbc-6d4b-4316-95e1-019f4586bf1f req-22bab5ec-099a-4b95-b728-8d2f3f9182e3 e30e5198b2cf4f0094695642a90cb64c 2d876cb96af342f0a5609cd5e6a4708d - - 5623b56d202742b79d0f6106728bb7b7 5623b56d202742b79d0f6106728bb7b7] 199.204.45.138 "GET /resource_providers/1d046cff-ac2a-4b3d-8720-f752588a307f/inventories" status: 200 len: 400 microversion: 1.0 [pid: 8|app: 0|req: 347/692] 199.204.45.138 () {32 vars in 857 bytes} [Fri Jul 24 18:38:19 2026] GET /resource_providers/1d046cff-ac2a-4b3d-8720-f752588a307f/inventories => generated 400 bytes in 13 msecs (HTTP/1.1 200) 6 headers in 224 bytes (1 switches on core 0)
2026-07-24 18:38:19.905 7 INFO placement.requestlog [req-3f286dbc-6d4b-4316-95e1-019f4586bf1f req-ed5fddaf-ffe0-4069-8aae-6ac64d89231b e30e5198b2cf4f0094695642a90cb64c 2d876cb96af342f0a5609cd5e6a4708d - - 5623b56d202742b79d0f6106728bb7b7 5623b56d202742b79d0f6106728bb7b7] 199.204.45.138 "GET /resource_providers/1d046cff-ac2a-4b3d-8720-f752588a307f/aggregates" status: 200 len: 53 microversion: 1.19 [pid: 7|app: 0|req: 346/693] 199.204.45.138 () {34 vars in 899 bytes} [Fri Jul 24 18:38:19 2026] GET /resource_providers/1d046cff-ac2a-4b3d-8720-f752588a307f/aggregates => generated 53 bytes in 11 msecs (HTTP/1.1 200) 8 headers in 295 bytes (1 switches on core 0)
2026-07-24 18:38:19.929 8 INFO placement.requestlog [req-3f286dbc-6d4b-4316-95e1-019f4586bf1f req-58cf2753-97bb-4995-a321-a6e6d511d2fb e30e5198b2cf4f0094695642a90cb64c 2d876cb96af342f0a5609cd5e6a4708d - - 5623b56d202742b79d0f6106728bb7b7 5623b56d202742b79d0f6106728bb7b7] 199.204.45.138 "GET /resource_providers/1d046cff-ac2a-4b3d-8720-f752588a307f/traits" status: 200 len: 1682 microversion: 1.6 [pid: 8|app: 0|req: 348/694] 199.204.45.138 () {34 vars in 890 bytes} [Fri Jul 24 18:38:19 2026] GET /resource_providers/1d046cff-ac2a-4b3d-8720-f752588a307f/traits => generated 1682 bytes in 17 msecs (HTTP/1.1 200) 6 headers in 225 bytes (1 switches on core 0)
2026-07-24 18:38:19.962 7 INFO placement.requestlog [req-3f286dbc-6d4b-4316-95e1-019f4586bf1f req-54a14d4e-a6e1-4e28-b3d7-99464b4c9b08 e30e5198b2cf4f0094695642a90cb64c 2d876cb96af342f0a5609cd5e6a4708d - - 5623b56d202742b79d0f6106728bb7b7 5623b56d202742b79d0f6106728bb7b7] 199.204.45.138 "GET /resource_providers/1d046cff-ac2a-4b3d-8720-f752588a307f/allocations" status: 200 len: 252 microversion: 1.0 [pid: 7|app: 0|req: 347/695] 199.204.45.138 () {32 vars in 857 bytes} [Fri Jul 24 18:38:19 2026] GET /resource_providers/1d046cff-ac2a-4b3d-8720-f752588a307f/allocations => generated 252 bytes in 27 msecs (HTTP/1.1 200) 6 headers in 224 bytes (1 switches on core 0)
2026-07-24 18:38:19.988 8 INFO placement.requestlog [req-3f286dbc-6d4b-4316-95e1-019f4586bf1f req-9b73f431-9c6b-4d76-a64f-4c4f324a9e04 e30e5198b2cf4f0094695642a90cb64c 2d876cb96af342f0a5609cd5e6a4708d - - 5623b56d202742b79d0f6106728bb7b7 5623b56d202742b79d0f6106728bb7b7] 199.204.45.138 "GET /allocations/640365f8-c147-42a7-8ad1-76f944325608" status: 200 len: 257 microversion: 1.28 [pid: 8|app: 0|req: 349/696] 199.204.45.138 () {34 vars in 863 bytes} [Fri Jul 24 18:38:19 2026] GET /allocations/640365f8-c147-42a7-8ad1-76f944325608 => generated 257 bytes in 18 msecs (HTTP/1.1 200) 8 headers in 296 bytes (1 switches on core 0)
2026-07-24 18:38:19.997 8 INFO placement.requestlog [None req-05b8e0b2-2c78-4143-83c2-32900769e18d e3752bd82c5746189b2470cf761e33cc 2d876cb96af342f0a5609cd5e6a4708d - - 5623b56d202742b79d0f6106728bb7b7 5623b56d202742b79d0f6106728bb7b7] 10.0.0.208 "GET /resource_providers/668bdf4b-da20-45d3-9a8f-695055318fa4/aggregates" status: 404 len: 235 microversion: 1.1 [pid: 8|app: 0|req: 350/697] 10.0.0.208 () {32 vars in 816 bytes} [Fri Jul 24 18:38:19 2026] GET /resource_providers/668bdf4b-da20-45d3-9a8f-695055318fa4/aggregates => generated 235 bytes in 8 msecs (HTTP/1.1 404) 5 headers in 202 bytes (1 switches on core 0)
2026-07-24 18:38:19.999 7 INFO placement.requestlog [None req-2e7f3b89-fd0d-4f62-a006-142e9a288f93 e3752bd82c5746189b2470cf761e33cc 2d876cb96af342f0a5609cd5e6a4708d - - 5623b56d202742b79d0f6106728bb7b7 5623b56d202742b79d0f6106728bb7b7] 10.0.0.208 "GET /resource_providers/668bdf4b-da20-45d3-9a8f-695055318fa4/aggregates" status: 404 len: 235 microversion: 1.1 [pid: 7|app: 0|req: 348/698] 10.0.0.208 () {32 vars in 816 bytes} [Fri Jul 24 18:38:19 2026] GET /resource_providers/668bdf4b-da20-45d3-9a8f-695055318fa4/aggregates => generated 235 bytes in 14 msecs (HTTP/1.1 404) 5 headers in 202 bytes (1 switches on core 0)
