2026-07-24 18:38:48.627 8 INFO placement.requestlog [None req-ef6a8b32-f7e4-45b1-9e0b-5cd09a768ce1 e3752bd82c5746189b2470cf761e33cc 2d876cb96af342f0a5609cd5e6a4708d - - 5623b56d202742b79d0f6106728bb7b7 5623b56d202742b79d0f6106728bb7b7] 10.0.0.208 "GET /resource_providers/58fb937d-7693-425c-a940-9e3f00b50866/aggregates" status: 404 len: 235 microversion: 1.1 [pid: 8|app: 0|req: 393/783] 10.0.0.208 () {32 vars in 816 bytes} [Fri Jul 24 18:38:48 2026] GET /resource_providers/58fb937d-7693-425c-a940-9e3f00b50866/aggregates => generated 235 bytes in 9 msecs (HTTP/1.1 404) 5 headers in 202 bytes (1 switches on core 0)
2026-07-24 18:38:48.658 8 INFO placement.requestlog [None req-8e9a3eb6-c210-4085-a371-babf8ac92d74 e3752bd82c5746189b2470cf761e33cc 2d876cb96af342f0a5609cd5e6a4708d - - 5623b56d202742b79d0f6106728bb7b7 5623b56d202742b79d0f6106728bb7b7] 10.0.0.208 "DELETE /resource_providers/58fb937d-7693-425c-a940-9e3f00b50866" status: 404 len: 246 microversion: 1.1 [pid: 8|app: 0|req: 394/784] 10.0.0.208 () {34 vars in 816 bytes} [Fri Jul 24 18:38:48 2026] DELETE /resource_providers/58fb937d-7693-425c-a940-9e3f00b50866 => generated 246 bytes in 15 msecs (HTTP/1.1 404) 6 headers in 231 bytes (1 switches on core 0)
2026-07-24 18:38:48.667 7 INFO placement.requestlog [None req-6421bf72-3b36-4533-9202-fd1a405f3ef5 e3752bd82c5746189b2470cf761e33cc 2d876cb96af342f0a5609cd5e6a4708d - - 5623b56d202742b79d0f6106728bb7b7 5623b56d202742b79d0f6106728bb7b7] 10.0.0.208 "DELETE /resource_providers/fae3e3ae-1554-407c-87da-f328cb7a9469" status: 404 len: 246 microversion: 1.1 [pid: 7|app: 0|req: 391/785] 10.0.0.208 () {34 vars in 816 bytes} [Fri Jul 24 18:38:48 2026] DELETE /resource_providers/fae3e3ae-1554-407c-87da-f328cb7a9469 => generated 246 bytes in 23 msecs (HTTP/1.1 404) 6 headers in 231 bytes (1 switches on core 0)
2026-07-24 18:38:48.684 8 INFO placement.requestlog [None req-cea105de-2142-4de0-859a-6f096e3afcf5 e3752bd82c5746189b2470cf761e33cc 2d876cb96af342f0a5609cd5e6a4708d - - 5623b56d202742b79d0f6106728bb7b7 5623b56d202742b79d0f6106728bb7b7] 10.0.0.208 "GET /resource_providers/58fb937d-7693-425c-a940-9e3f00b50866/aggregates" status: 404 len: 235 microversion: 1.1 [pid: 8|app: 0|req: 395/786] 10.0.0.208 () {32 vars in 816 bytes} [Fri Jul 24 18:38:48 2026] GET /resource_providers/58fb937d-7693-425c-a940-9e3f00b50866/aggregates => generated 235 bytes in 12 msecs (HTTP/1.1 404) 5 headers in 202 bytes (1 switches on core 0)
2026-07-24 18:38:48.713 7 INFO placement.requestlog [None req-bd2d67ce-408a-4675-84a0-0fbe585d0048 e3752bd82c5746189b2470cf761e33cc 2d876cb96af342f0a5609cd5e6a4708d - - 5623b56d202742b79d0f6106728bb7b7 5623b56d202742b79d0f6106728bb7b7] 10.0.0.208 "DELETE /resource_providers/58fb937d-7693-425c-a940-9e3f00b50866" status: 404 len: 246 microversion: 1.1 [pid: 7|app: 0|req: 392/787] 10.0.0.208 () {34 vars in 816 bytes} [Fri Jul 24 18:38:48 2026] DELETE /resource_providers/58fb937d-7693-425c-a940-9e3f00b50866 => generated 246 bytes in 22 msecs (HTTP/1.1 404) 6 headers in 231 bytes (1 switches on core 0)
2026-07-24 18:38:52.958 8 INFO placement.requestlog [None req-102adcec-e277-4481-ab95-00d9f01dfb2f e3752bd82c5746189b2470cf761e33cc 2d876cb96af342f0a5609cd5e6a4708d - - 5623b56d202742b79d0f6106728bb7b7 5623b56d202742b79d0f6106728bb7b7] 10.0.0.208 "GET /resource_providers/1d64b4bf-ee7f-4df8-9ac5-57ed8d5ad91f/aggregates" status: 404 len: 235 microversion: 1.1 [pid: 8|app: 0|req: 396/788] 10.0.0.208 () {32 vars in 816 bytes} [Fri Jul 24 18:38:52 2026] GET /resource_providers/1d64b4bf-ee7f-4df8-9ac5-57ed8d5ad91f/aggregates => generated 235 bytes in 11 msecs (HTTP/1.1 404) 5 headers in 202 bytes (1 switches on core 0)
2026-07-24 18:38:52.965 7 INFO placement.requestlog [None req-b6303a5d-bcad-4625-99b6-607996a4028e e3752bd82c5746189b2470cf761e33cc 2d876cb96af342f0a5609cd5e6a4708d - - 5623b56d202742b79d0f6106728bb7b7 5623b56d202742b79d0f6106728bb7b7] 10.0.0.208 "GET /resource_providers/1d64b4bf-ee7f-4df8-9ac5-57ed8d5ad91f/aggregates" status: 404 len: 235 microversion: 1.1 [pid: 7|app: 0|req: 393/789] 10.0.0.208 () {32 vars in 816 bytes} [Fri Jul 24 18:38:52 2026] GET /resource_providers/1d64b4bf-ee7f-4df8-9ac5-57ed8d5ad91f/aggregates => generated 235 bytes in 16 msecs (HTTP/1.1 404) 5 headers in 202 bytes (1 switches on core 0)
2026-07-24 18:38:52.995 8 INFO placement.requestlog [None req-721141e1-9d2a-472d-8d37-79fc25821102 e3752bd82c5746189b2470cf761e33cc 2d876cb96af342f0a5609cd5e6a4708d - - 5623b56d202742b79d0f6106728bb7b7 5623b56d202742b79d0f6106728bb7b7] 10.0.0.208 "DELETE /resource_providers/1d64b4bf-ee7f-4df8-9ac5-57ed8d5ad91f" status: 404 len: 246 microversion: 1.1 [pid: 8|app: 0|req: 397/790] 10.0.0.208 () {34 vars in 816 bytes} [Fri Jul 24 18:38:52 2026] DELETE /resource_providers/1d64b4bf-ee7f-4df8-9ac5-57ed8d5ad91f => generated 246 bytes in 11 msecs (HTTP/1.1 404) 6 headers in 231 bytes (1 switches on core 0)
2026-07-24 18:38:53.001 7 INFO placement.requestlog [None req-74844021-adc3-419a-8a21-448ea43039e2 e3752bd82c5746189b2470cf761e33cc 2d876cb96af342f0a5609cd5e6a4708d - - 5623b56d202742b79d0f6106728bb7b7 5623b56d202742b79d0f6106728bb7b7] 10.0.0.208 "DELETE /resource_providers/1d64b4bf-ee7f-4df8-9ac5-57ed8d5ad91f" status: 404 len: 246 microversion: 1.1 [pid: 7|app: 0|req: 394/791] 10.0.0.208 () {34 vars in 816 bytes} [Fri Jul 24 18:38:52 2026] DELETE /resource_providers/1d64b4bf-ee7f-4df8-9ac5-57ed8d5ad91f => generated 246 bytes in 17 msecs (HTTP/1.1 404) 6 headers in 231 bytes (1 switches on core 0)
2026-07-24 18:38:53.580 7 INFO placement.requestlog [None req-71f9ced0-c787-4ec9-affc-ea92844c2702 - - - - - -] 10.0.0.92 "GET /" status: 200 len: 136 microversion: 1.0
2026-07-24 18:38:53.580 8 INFO placement.requestlog [None req-c05f5d68-bfe7-436f-8c38-0356707bb001 - - - - - -] 10.0.0.92 "GET /" status: 200 len: 136 microversion: 1.0
2026-07-24 18:38:53.924 8 INFO placement.requestlog [None req-4503814c-2961-4097-a29a-c6e629cea540 e3752bd82c5746189b2470cf761e33cc 2d876cb96af342f0a5609cd5e6a4708d - - 5623b56d202742b79d0f6106728bb7b7 5623b56d202742b79d0f6106728bb7b7] 10.0.0.208 "GET /resource_providers/6d888717-d34c-4a9a-bb3e-caa46b7a754c/aggregates" status: 404 len: 235 microversion: 1.1 [pid: 8|app: 0|req: 399/794] 10.0.0.208 () {32 vars in 816 bytes} [Fri Jul 24 18:38:53 2026] GET /resource_providers/6d888717-d34c-4a9a-bb3e-caa46b7a754c/aggregates => generated 235 bytes in 10 msecs (HTTP/1.1 404) 5 headers in 202 bytes (1 switches on core 0)
2026-07-24 18:38:53.941 7 INFO placement.requestlog [None req-77d8c370-f437-424d-98a8-cb4178c4d088 e3752bd82c5746189b2470cf761e33cc 2d876cb96af342f0a5609cd5e6a4708d - - 5623b56d202742b79d0f6106728bb7b7 5623b56d202742b79d0f6106728bb7b7] 10.0.0.208 "GET /resource_providers/6d888717-d34c-4a9a-bb3e-caa46b7a754c/aggregates" status: 404 len: 235 microversion: 1.1 [pid: 7|app: 0|req: 396/795] 10.0.0.208 () {32 vars in 816 bytes} [Fri Jul 24 18:38:53 2026] GET /resource_providers/6d888717-d34c-4a9a-bb3e-caa46b7a754c/aggregates => generated 235 bytes in 28 msecs (HTTP/1.1 404) 5 headers in 202 bytes (1 switches on core 0)
2026-07-24 18:38:53.959 8 INFO placement.requestlog [None req-158eb8fe-e599-40c3-b43c-d089b91e9370 e3752bd82c5746189b2470cf761e33cc 2d876cb96af342f0a5609cd5e6a4708d - - 5623b56d202742b79d0f6106728bb7b7 5623b56d202742b79d0f6106728bb7b7] 10.0.0.208 "DELETE /resource_providers/6d888717-d34c-4a9a-bb3e-caa46b7a754c" status: 404 len: 246 microversion: 1.1 [pid: 8|app: 0|req: 400/796] 10.0.0.208 () {34 vars in 816 bytes} [Fri Jul 24 18:38:53 2026] DELETE /resource_providers/6d888717-d34c-4a9a-bb3e-caa46b7a754c => generated 246 bytes in 15 msecs (HTTP/1.1 404) 6 headers in 231 bytes (1 switches on core 0)
2026-07-24 18:38:53.966 7 INFO placement.requestlog [None req-0acc18a8-10a6-472e-8e3b-6aaf0d170dc1 e3752bd82c5746189b2470cf761e33cc 2d876cb96af342f0a5609cd5e6a4708d - - 5623b56d202742b79d0f6106728bb7b7 5623b56d202742b79d0f6106728bb7b7] 10.0.0.208 "DELETE /resource_providers/6d888717-d34c-4a9a-bb3e-caa46b7a754c" status: 404 len: 246 microversion: 1.1 [pid: 7|app: 0|req: 397/797] 10.0.0.208 () {34 vars in 816 bytes} [Fri Jul 24 18:38:53 2026] DELETE /resource_providers/6d888717-d34c-4a9a-bb3e-caa46b7a754c => generated 246 bytes in 12 msecs (HTTP/1.1 404) 6 headers in 231 bytes (1 switches on core 0)
2026-07-24 18:38:57.520 8 INFO placement.requestlog [req-d3f36bc8-cfa2-4106-a9d5-809c116eb31b req-a99ec22a-52ca-4837-a6f9-0bd0f2387043 e30e5198b2cf4f0094695642a90cb64c 2d876cb96af342f0a5609cd5e6a4708d - - 5623b56d202742b79d0f6106728bb7b7 5623b56d202742b79d0f6106728bb7b7] 10.0.0.99 "GET /allocation_candidates?limit=1000&resources=DISK_GB%3A1%2CMEMORY_MB%3A512%2CVCPU%3A1&root_required=%21COMPUTE_STATUS_DISABLED" status: 200 len: 2149 microversion: 1.36 [pid: 8|app: 0|req: 401/798] 10.0.0.99 () {34 vars in 1011 bytes} [Fri Jul 24 18:38:57 2026] GET /allocation_candidates?limit=1000&resources=DISK_GB%3A1%2CMEMORY_MB%3A512%2CVCPU%3A1&root_required=%21COMPUTE_STATUS_DISABLED => generated 2149 bytes in 75 msecs (HTTP/1.1 200) 8 headers in 297 bytes (1 switches on core 0)
2026-07-24 18:38:57.557 7 INFO placement.requestlog [req-d3f36bc8-cfa2-4106-a9d5-809c116eb31b req-b3dc2062-2bac-4531-8f3e-8a1fd3574a78 e30e5198b2cf4f0094695642a90cb64c 2d876cb96af342f0a5609cd5e6a4708d - - 5623b56d202742b79d0f6106728bb7b7 5623b56d202742b79d0f6106728bb7b7] 10.0.0.99 "GET /allocations/8de8086d-618d-4240-aa36-a98a015f9688" status: 200 len: 19 microversion: 1.28 [pid: 7|app: 0|req: 398/799] 10.0.0.99 () {34 vars in 860 bytes} [Fri Jul 24 18:38:57 2026] GET /allocations/8de8086d-618d-4240-aa36-a98a015f9688 => generated 19 bytes in 15 msecs (HTTP/1.1 200) 8 headers in 295 bytes (1 switches on core 0)
2026-07-24 18:38:57.629 8 INFO placement.requestlog [req-d3f36bc8-cfa2-4106-a9d5-809c116eb31b req-b70d3424-a773-4861-bba4-e90729b9a5bd e30e5198b2cf4f0094695642a90cb64c 2d876cb96af342f0a5609cd5e6a4708d - - 5623b56d202742b79d0f6106728bb7b7 5623b56d202742b79d0f6106728bb7b7] 10.0.0.99 "PUT /allocations/8de8086d-618d-4240-aa36-a98a015f9688" status: 204 len: 0 microversion: 1.36 [pid: 8|app: 0|req: 402/800] 10.0.0.99 () {38 vars in 913 bytes} [Fri Jul 24 18:38:57 2026] PUT /allocations/8de8086d-618d-4240-aa36-a98a015f9688 => generated 0 bytes in 63 msecs (HTTP/1.1 204) 5 headers in 199 bytes (1 switches on core 0)
2026-07-24 18:38:57.921 7 INFO placement.requestlog [req-d3f36bc8-cfa2-4106-a9d5-809c116eb31b req-a085554b-c457-434f-ae78-bfe499da8597 e30e5198b2cf4f0094695642a90cb64c 2d876cb96af342f0a5609cd5e6a4708d - - 5623b56d202742b79d0f6106728bb7b7 5623b56d202742b79d0f6106728bb7b7] 199.204.45.138 "GET /allocations/8de8086d-618d-4240-aa36-a98a015f9688" status: 200 len: 257 microversion: 1.28 [pid: 7|app: 0|req: 399/801] 199.204.45.138 () {34 vars in 863 bytes} [Fri Jul 24 18:38:57 2026] GET /allocations/8de8086d-618d-4240-aa36-a98a015f9688 => generated 257 bytes in 19 msecs (HTTP/1.1 200) 8 headers in 296 bytes (1 switches on core 0)
2026-07-24 18:38:58.031 8 INFO placement.requestlog [req-d3f36bc8-cfa2-4106-a9d5-809c116eb31b req-634bfa66-62df-4e71-b568-959afddc254c e30e5198b2cf4f0094695642a90cb64c 2d876cb96af342f0a5609cd5e6a4708d - - 5623b56d202742b79d0f6106728bb7b7 5623b56d202742b79d0f6106728bb7b7] 199.204.45.138 "GET /resource_providers/1d046cff-ac2a-4b3d-8720-f752588a307f/allocations" status: 200 len: 252 microversion: 1.0 [pid: 8|app: 0|req: 403/802] 199.204.45.138 () {32 vars in 857 bytes} [Fri Jul 24 18:38:58 2026] GET /resource_providers/1d046cff-ac2a-4b3d-8720-f752588a307f/allocations => generated 252 bytes in 23 msecs (HTTP/1.1 200) 6 headers in 224 bytes (1 switches on core 0)
2026-07-24 18:38:58.056 7 INFO placement.requestlog [req-d3f36bc8-cfa2-4106-a9d5-809c116eb31b req-eadbbc4c-fa2a-48ed-a2b4-df985c8decf0 e30e5198b2cf4f0094695642a90cb64c 2d876cb96af342f0a5609cd5e6a4708d - - 5623b56d202742b79d0f6106728bb7b7 5623b56d202742b79d0f6106728bb7b7] 199.204.45.138 "GET /allocations/8de8086d-618d-4240-aa36-a98a015f9688" status: 200 len: 257 microversion: 1.28 [pid: 7|app: 0|req: 400/803] 199.204.45.138 () {34 vars in 863 bytes} [Fri Jul 24 18:38:58 2026] GET /allocations/8de8086d-618d-4240-aa36-a98a015f9688 => generated 257 bytes in 13 msecs (HTTP/1.1 200) 8 headers in 296 bytes (1 switches on core 0)
2026-07-24 18:38:58.081 8 INFO placement.requestlog [req-d3f36bc8-cfa2-4106-a9d5-809c116eb31b req-3fcd39c7-cf2c-4288-a49a-f194d0a7b202 e30e5198b2cf4f0094695642a90cb64c 2d876cb96af342f0a5609cd5e6a4708d - - 5623b56d202742b79d0f6106728bb7b7 5623b56d202742b79d0f6106728bb7b7] 199.204.45.138 "GET /allocations/adc59dc6-199d-4c77-9eff-6594b0acc97c" status: 200 len: 257 microversion: 1.28 [pid: 8|app: 0|req: 404/804] 199.204.45.138 () {34 vars in 863 bytes} [Fri Jul 24 18:38:58 2026] GET /allocations/adc59dc6-199d-4c77-9eff-6594b0acc97c => generated 257 bytes in 16 msecs (HTTP/1.1 200) 8 headers in 296 bytes (1 switches on core 0)
2026-07-24 18:38:59.501 8 INFO placement.requestlog [None req-4dddba47-60c1-44c4-a399-e6e9c3f8c53e e3752bd82c5746189b2470cf761e33cc 2d876cb96af342f0a5609cd5e6a4708d - - 5623b56d202742b79d0f6106728bb7b7 5623b56d202742b79d0f6106728bb7b7] 10.0.0.208 "GET /resource_providers/27b82edd-17db-4e1e-a8e2-6a5114dba509/aggregates" status: 404 len: 235 microversion: 1.1 [pid: 8|app: 0|req: 405/805] 10.0.0.208 () {32 vars in 816 bytes} [Fri Jul 24 18:38:59 2026] GET /resource_providers/27b82edd-17db-4e1e-a8e2-6a5114dba509/aggregates => generated 235 bytes in 12 msecs (HTTP/1.1 404) 5 headers in 202 bytes (1 switches on core 0)
2026-07-24 18:38:59.514 7 INFO placement.requestlog [None req-cb808058-8f61-4e31-a9a4-bc4608eeba77 e3752bd82c5746189b2470cf761e33cc 2d876cb96af342f0a5609cd5e6a4708d - - 5623b56d202742b79d0f6106728bb7b7 5623b56d202742b79d0f6106728bb7b7] 10.0.0.208 "GET /resource_providers/27b82edd-17db-4e1e-a8e2-6a5114dba509/aggregates" status: 404 len: 235 microversion: 1.1 [pid: 7|app: 0|req: 401/806] 10.0.0.208 () {32 vars in 816 bytes} [Fri Jul 24 18:38:59 2026] GET /resource_providers/27b82edd-17db-4e1e-a8e2-6a5114dba509/aggregates => generated 235 bytes in 25 msecs (HTTP/1.1 404) 5 headers in 202 bytes (1 switches on core 0)
2026-07-24 18:38:59.524 8 INFO placement.requestlog [None req-780701f8-173d-487e-9d91-9ecb4aaf48f1 e3752bd82c5746189b2470cf761e33cc 2d876cb96af342f0a5609cd5e6a4708d - - 5623b56d202742b79d0f6106728bb7b7 5623b56d202742b79d0f6106728bb7b7] 10.0.0.208 "DELETE /resource_providers/27b82edd-17db-4e1e-a8e2-6a5114dba509" status: 404 len: 246 microversion: 1.1 [pid: 8|app: 0|req: 406/807] 10.0.0.208 () {34 vars in 816 bytes} [Fri Jul 24 18:38:59 2026] DELETE /resource_providers/27b82edd-17db-4e1e-a8e2-6a5114dba509 => generated 246 bytes in 13 msecs (HTTP/1.1 404) 6 headers in 231 bytes (1 switches on core 0)
2026-07-24 18:38:59.532 7 INFO placement.requestlog [None req-d8489af9-5cfe-4a8a-b694-9a427c2deda1 e3752bd82c5746189b2470cf761e33cc 2d876cb96af342f0a5609cd5e6a4708d - - 5623b56d202742b79d0f6106728bb7b7 5623b56d202742b79d0f6106728bb7b7] 10.0.0.208 "DELETE /resource_providers/27b82edd-17db-4e1e-a8e2-6a5114dba509" status: 404 len: 246 microversion: 1.1 [pid: 7|app: 0|req: 402/808] 10.0.0.208 () {34 vars in 816 bytes} [Fri Jul 24 18:38:59 2026] DELETE /resource_providers/27b82edd-17db-4e1e-a8e2-6a5114dba509 => generated 246 bytes in 10 msecs (HTTP/1.1 404) 6 headers in 231 bytes (1 switches on core 0)
2026-07-24 18:39:03.580 8 INFO placement.requestlog [None req-98c99122-b0d4-4079-a196-64affeb08eeb - - - - - -] 10.0.0.92 "GET /" status: 200 len: 136 microversion: 1.0
2026-07-24 18:39:03.581 7 INFO placement.requestlog [None req-1703189f-77f1-45c9-97d0-97578a0f32cf - - - - - -] 10.0.0.92 "GET /" status: 200 len: 136 microversion: 1.0
2026-07-24 18:39:05.578 7 INFO placement.requestlog [req-5146f476-0b67-4d3f-b297-82ca4f03c80d req-ef1be5fa-1b6f-4de9-bbcd-73b0233fd820 e30e5198b2cf4f0094695642a90cb64c 2d876cb96af342f0a5609cd5e6a4708d - - 5623b56d202742b79d0f6106728bb7b7 5623b56d202742b79d0f6106728bb7b7] 199.204.45.138 "GET /resource_providers/1d046cff-ac2a-4b3d-8720-f752588a307f/allocations" status: 200 len: 252 microversion: 1.0 [pid: 7|app: 0|req: 404/811] 199.204.45.138 () {32 vars in 857 bytes} [Fri Jul 24 18:39:05 2026] GET /resource_providers/1d046cff-ac2a-4b3d-8720-f752588a307f/allocations => generated 252 bytes in 16 msecs (HTTP/1.1 200) 6 headers in 224 bytes (1 switches on core 0)
2026-07-24 18:39:05.601 8 INFO placement.requestlog [req-5146f476-0b67-4d3f-b297-82ca4f03c80d req-95eeea47-a544-42cd-8e5a-601935e15d37 e30e5198b2cf4f0094695642a90cb64c 2d876cb96af342f0a5609cd5e6a4708d - - 5623b56d202742b79d0f6106728bb7b7 5623b56d202742b79d0f6106728bb7b7] 199.204.45.138 "GET /allocations/8de8086d-618d-4240-aa36-a98a015f9688" status: 200 len: 257 microversion: 1.28 [pid: 8|app: 0|req: 408/812] 199.204.45.138 () {34 vars in 863 bytes} [Fri Jul 24 18:39:05 2026] GET /allocations/8de8086d-618d-4240-aa36-a98a015f9688 => generated 257 bytes in 16 msecs (HTTP/1.1 200) 8 headers in 296 bytes (1 switches on core 0)
2026-07-24 18:39:05.627 7 INFO placement.requestlog [req-5146f476-0b67-4d3f-b297-82ca4f03c80d req-caaf48a1-fc4f-4f9c-a01b-202c3afbc0c4 e30e5198b2cf4f0094695642a90cb64c 2d876cb96af342f0a5609cd5e6a4708d - - 5623b56d202742b79d0f6106728bb7b7 5623b56d202742b79d0f6106728bb7b7] 199.204.45.138 "GET /allocations/adc59dc6-199d-4c77-9eff-6594b0acc97c" status: 200 len: 257 microversion: 1.28 [pid: 7|app: 0|req: 405/813] 199.204.45.138 () {34 vars in 863 bytes} [Fri Jul 24 18:39:05 2026] GET /allocations/adc59dc6-199d-4c77-9eff-6594b0acc97c => generated 257 bytes in 17 msecs (HTTP/1.1 200) 8 headers in 296 bytes (1 switches on core 0)
2026-07-24 18:39:05.720 8 INFO placement.requestlog [req-5146f476-0b67-4d3f-b297-82ca4f03c80d req-98864b86-4f9e-4330-9f42-a84f11037693 e30e5198b2cf4f0094695642a90cb64c 2d876cb96af342f0a5609cd5e6a4708d - - 5623b56d202742b79d0f6106728bb7b7 5623b56d202742b79d0f6106728bb7b7] 199.204.45.138 "DELETE /allocations/8de8086d-618d-4240-aa36-a98a015f9688" status: 204 len: 0 microversion: 1.0 [pid: 8|app: 0|req: 409/814] 199.204.45.138 () {34 vars in 841 bytes} [Fri Jul 24 18:39:05 2026] DELETE /allocations/8de8086d-618d-4240-aa36-a98a015f9688 => generated 0 bytes in 34 msecs (HTTP/1.1 204) 5 headers in 198 bytes (1 switches on core 0)
2026-07-24 18:39:08.711 8 INFO placement.requestlog [None req-9db53de6-2f58-467a-af9b-862ee1689629 e3752bd82c5746189b2470cf761e33cc 2d876cb96af342f0a5609cd5e6a4708d - - 5623b56d202742b79d0f6106728bb7b7 5623b56d202742b79d0f6106728bb7b7] 10.0.0.208 "GET /resource_providers/e56c0b2d-6eb6-4a2f-9ef6-5d34051cb892/aggregates" status: 404 len: 235 microversion: 1.1
2026-07-24 18:39:08.711 7 INFO placement.requestlog [None req-5897ff2d-a08a-47ea-a1e0-43e4d7c6b860 e3752bd82c5746189b2470cf761e33cc 2d876cb96af342f0a5609cd5e6a4708d - - 5623b56d202742b79d0f6106728bb7b7 5623b56d202742b79d0f6106728bb7b7] 10.0.0.208 "GET /resource_providers/e56c0b2d-6eb6-4a2f-9ef6-5d34051cb892/aggregates" status: 404 len: 235 microversion: 1.1 [pid: 7|app: 0|req: 406/816] 10.0.0.208 () {32 vars in 816 bytes} [Fri Jul 24 18:39:08 2026] GET /resource_providers/e56c0b2d-6eb6-4a2f-9ef6-5d34051cb892/aggregates => generated 235 bytes in 10 msecs (HTTP/1.1 404) 5 headers in 202 bytes (1 switches on core 0) [pid: 8|app: 0|req: 410/816] 10.0.0.208 () {32 vars in 816 bytes} [Fri Jul 24 18:39:08 2026] GET /resource_providers/e56c0b2d-6eb6-4a2f-9ef6-5d34051cb892/aggregates => generated 235 bytes in 10 msecs (HTTP/1.1 404) 5 headers in 202 bytes (1 switches on core 0)
2026-07-24 18:39:08.745 7 INFO placement.requestlog [None req-f4595ed7-bbce-4edb-8f5f-f7bff07d50b0 e3752bd82c5746189b2470cf761e33cc 2d876cb96af342f0a5609cd5e6a4708d - - 5623b56d202742b79d0f6106728bb7b7 5623b56d202742b79d0f6106728bb7b7] 10.0.0.208 "DELETE /resource_providers/e56c0b2d-6eb6-4a2f-9ef6-5d34051cb892" status: 404 len: 246 microversion: 1.1 [pid: 7|app: 0|req: 407/817] 10.0.0.208 () {34 vars in 816 bytes} [Fri Jul 24 18:39:08 2026] DELETE /resource_providers/e56c0b2d-6eb6-4a2f-9ef6-5d34051cb892 => generated 246 bytes in 8 msecs (HTTP/1.1 404) 6 headers in 231 bytes (1 switches on core 0)
2026-07-24 18:39:08.748 8 INFO placement.requestlog [None req-a7525741-0af3-445e-9202-76729e018a20 e3752bd82c5746189b2470cf761e33cc 2d876cb96af342f0a5609cd5e6a4708d - - 5623b56d202742b79d0f6106728bb7b7 5623b56d202742b79d0f6106728bb7b7] 10.0.0.208 "DELETE /resource_providers/e56c0b2d-6eb6-4a2f-9ef6-5d34051cb892" status: 404 len: 246 microversion: 1.1 [pid: 8|app: 0|req: 411/818] 10.0.0.208 () {34 vars in 816 bytes} [Fri Jul 24 18:39:08 2026] DELETE /resource_providers/e56c0b2d-6eb6-4a2f-9ef6-5d34051cb892 => generated 246 bytes in 10 msecs (HTTP/1.1 404) 6 headers in 231 bytes (1 switches on core 0)
2026-07-24 18:39:09.352 7 INFO placement.requestlog [None req-e35030e6-9350-46d0-af21-a8a6587fd247 e3752bd82c5746189b2470cf761e33cc 2d876cb96af342f0a5609cd5e6a4708d - - 5623b56d202742b79d0f6106728bb7b7 5623b56d202742b79d0f6106728bb7b7] 10.0.0.208 "GET /resource_providers/75746b5a-b151-49a9-afaa-946982403398/aggregates" status: 404 len: 235 microversion: 1.1 [pid: 7|app: 0|req: 408/819] 10.0.0.208 () {32 vars in 816 bytes} [Fri Jul 24 18:39:09 2026] GET /resource_providers/75746b5a-b151-49a9-afaa-946982403398/aggregates => generated 235 bytes in 12 msecs (HTTP/1.1 404) 5 headers in 202 bytes (1 switches on core 0)
2026-07-24 18:39:09.355 8 INFO placement.requestlog [None req-70f1a37f-e576-4029-be26-a2706ab64c5a e3752bd82c5746189b2470cf761e33cc 2d876cb96af342f0a5609cd5e6a4708d - - 5623b56d202742b79d0f6106728bb7b7 5623b56d202742b79d0f6106728bb7b7] 10.0.0.208 "GET /resource_providers/75746b5a-b151-49a9-afaa-946982403398/aggregates" status: 404 len: 235 microversion: 1.1 [pid: 8|app: 0|req: 412/820] 10.0.0.208 () {32 vars in 816 bytes} [Fri Jul 24 18:39:09 2026] GET /resource_providers/75746b5a-b151-49a9-afaa-946982403398/aggregates => generated 235 bytes in 15 msecs (HTTP/1.1 404) 5 headers in 202 bytes (1 switches on core 0)
2026-07-24 18:39:09.373 8 INFO placement.requestlog [None req-53efad64-9c51-46c6-987a-7cfb3ae488a8 e3752bd82c5746189b2470cf761e33cc 2d876cb96af342f0a5609cd5e6a4708d - - 5623b56d202742b79d0f6106728bb7b7 5623b56d202742b79d0f6106728bb7b7] 10.0.0.208 "DELETE /resource_providers/75746b5a-b151-49a9-afaa-946982403398" status: 404 len: 246 microversion: 1.1 [pid: 8|app: 0|req: 413/821] 10.0.0.208 () {34 vars in 816 bytes} [Fri Jul 24 18:39:09 2026] DELETE /resource_providers/75746b5a-b151-49a9-afaa-946982403398 => generated 246 bytes in 9 msecs (HTTP/1.1 404) 6 headers in 231 bytes (1 switches on core 0)
2026-07-24 18:39:09.376 7 INFO placement.requestlog [None req-ba9a4655-ae9e-4178-9eaf-d6bcc3da02d7 e3752bd82c5746189b2470cf761e33cc 2d876cb96af342f0a5609cd5e6a4708d - - 5623b56d202742b79d0f6106728bb7b7 5623b56d202742b79d0f6106728bb7b7] 10.0.0.208 "DELETE /resource_providers/75746b5a-b151-49a9-afaa-946982403398" status: 404 len: 246 microversion: 1.1 [pid: 7|app: 0|req: 409/822] 10.0.0.208 () {34 vars in 816 bytes} [Fri Jul 24 18:39:09 2026] DELETE /resource_providers/75746b5a-b151-49a9-afaa-946982403398 => generated 246 bytes in 14 msecs (HTTP/1.1 404) 6 headers in 231 bytes (1 switches on core 0)
2026-07-24 18:39:10.764 8 INFO placement.requestlog [None req-c1c22fb9-3ce5-456a-afc9-d0a5ed7e4512 e3752bd82c5746189b2470cf761e33cc 2d876cb96af342f0a5609cd5e6a4708d - - 5623b56d202742b79d0f6106728bb7b7 5623b56d202742b79d0f6106728bb7b7] 10.0.0.208 "GET /resource_providers/8fc83c46-88a3-4d26-82ed-042ac9301175/aggregates" status: 404 len: 235 microversion: 1.1 [pid: 8|app: 0|req: 414/823] 10.0.0.208 () {32 vars in 816 bytes} [Fri Jul 24 18:39:10 2026] GET /resource_providers/8fc83c46-88a3-4d26-82ed-042ac9301175/aggregates => generated 235 bytes in 11 msecs (HTTP/1.1 404) 5 headers in 202 bytes (1 switches on core 0)
2026-07-24 18:39:10.782 7 INFO placement.requestlog [None req-e7399893-d9e4-4616-b1de-bcd945844d94 e3752bd82c5746189b2470cf761e33cc 2d876cb96af342f0a5609cd5e6a4708d - - 5623b56d202742b79d0f6106728bb7b7 5623b56d202742b79d0f6106728bb7b7] 10.0.0.208 "GET /resource_providers/8fc83c46-88a3-4d26-82ed-042ac9301175/aggregates" status: 404 len: 235 microversion: 1.1 [pid: 7|app: 0|req: 410/824] 10.0.0.208 () {32 vars in 816 bytes} [Fri Jul 24 18:39:10 2026] GET /resource_providers/8fc83c46-88a3-4d26-82ed-042ac9301175/aggregates => generated 235 bytes in 13 msecs (HTTP/1.1 404) 5 headers in 202 bytes (1 switches on core 0)
2026-07-24 18:39:10.793 8 INFO placement.requestlog [None req-5bb5003b-4bcf-4bb9-9cf7-50ba9fb90777 e3752bd82c5746189b2470cf761e33cc 2d876cb96af342f0a5609cd5e6a4708d - - 5623b56d202742b79d0f6106728bb7b7 5623b56d202742b79d0f6106728bb7b7] 10.0.0.208 "DELETE /resource_providers/8fc83c46-88a3-4d26-82ed-042ac9301175" status: 404 len: 246 microversion: 1.1 [pid: 8|app: 0|req: 415/825] 10.0.0.208 () {34 vars in 816 bytes} [Fri Jul 24 18:39:10 2026] DELETE /resource_providers/8fc83c46-88a3-4d26-82ed-042ac9301175 => generated 246 bytes in 14 msecs (HTTP/1.1 404) 6 headers in 231 bytes (1 switches on core 0)
2026-07-24 18:39:10.799 7 INFO placement.requestlog [None req-35ff13fb-730c-4897-9f1d-0f9fa7001a62 e3752bd82c5746189b2470cf761e33cc 2d876cb96af342f0a5609cd5e6a4708d - - 5623b56d202742b79d0f6106728bb7b7 5623b56d202742b79d0f6106728bb7b7] 10.0.0.208 "DELETE /resource_providers/8fc83c46-88a3-4d26-82ed-042ac9301175" status: 404 len: 246 microversion: 1.1 [pid: 7|app: 0|req: 411/826] 10.0.0.208 () {34 vars in 816 bytes} [Fri Jul 24 18:39:10 2026] DELETE /resource_providers/8fc83c46-88a3-4d26-82ed-042ac9301175 => generated 246 bytes in 8 msecs (HTTP/1.1 404) 6 headers in 231 bytes (1 switches on core 0)
2026-07-24 18:39:11.589 8 INFO placement.requestlog [None req-78502e8b-2caf-432e-a9c4-061d44569461 e3752bd82c5746189b2470cf761e33cc 2d876cb96af342f0a5609cd5e6a4708d - - 5623b56d202742b79d0f6106728bb7b7 5623b56d202742b79d0f6106728bb7b7] 10.0.0.208 "GET /resource_providers/50a41895-4d3a-4e12-9329-59b2e8ec8381/aggregates" status: 404 len: 235 microversion: 1.1 [pid: 8|app: 0|req: 416/827] 10.0.0.208 () {32 vars in 816 bytes} [Fri Jul 24 18:39:11 2026] GET /resource_providers/50a41895-4d3a-4e12-9329-59b2e8ec8381/aggregates => generated 235 bytes in 10 msecs (HTTP/1.1 404) 5 headers in 202 bytes (1 switches on core 0)
2026-07-24 18:39:11.591 7 INFO placement.requestlog [None req-c8e34323-3372-48ad-ac6a-6af469f27b39 e3752bd82c5746189b2470cf761e33cc 2d876cb96af342f0a5609cd5e6a4708d - - 5623b56d202742b79d0f6106728bb7b7 5623b56d202742b79d0f6106728bb7b7] 10.0.0.208 "GET /resource_providers/50a41895-4d3a-4e12-9329-59b2e8ec8381/aggregates" status: 404 len: 235 microversion: 1.1 [pid: 7|app: 0|req: 412/828] 10.0.0.208 () {32 vars in 816 bytes} [Fri Jul 24 18:39:11 2026] GET /resource_providers/50a41895-4d3a-4e12-9329-59b2e8ec8381/aggregates => generated 235 bytes in 11 msecs (HTTP/1.1 404) 5 headers in 202 bytes (1 switches on core 0)
2026-07-24 18:39:11.610 7 INFO placement.requestlog [None req-a80988db-1fdd-49b6-b6be-7d563b827756 e3752bd82c5746189b2470cf761e33cc 2d876cb96af342f0a5609cd5e6a4708d - - 5623b56d202742b79d0f6106728bb7b7 5623b56d202742b79d0f6106728bb7b7] 10.0.0.208 "DELETE /resource_providers/50a41895-4d3a-4e12-9329-59b2e8ec8381" status: 404 len: 246 microversion: 1.1 [pid: 7|app: 0|req: 413/829] 10.0.0.208 () {34 vars in 816 bytes} [Fri Jul 24 18:39:11 2026] DELETE /resource_providers/50a41895-4d3a-4e12-9329-59b2e8ec8381 => generated 246 bytes in 8 msecs (HTTP/1.1 404) 6 headers in 231 bytes (1 switches on core 0)
2026-07-24 18:39:11.610 8 INFO placement.requestlog [None req-e473dd31-673f-4fe6-af39-37089c050021 e3752bd82c5746189b2470cf761e33cc 2d876cb96af342f0a5609cd5e6a4708d - - 5623b56d202742b79d0f6106728bb7b7 5623b56d202742b79d0f6106728bb7b7] 10.0.0.208 "DELETE /resource_providers/50a41895-4d3a-4e12-9329-59b2e8ec8381" status: 404 len: 246 microversion: 1.1 [pid: 8|app: 0|req: 417/830] 10.0.0.208 () {34 vars in 816 bytes} [Fri Jul 24 18:39:11 2026] DELETE /resource_providers/50a41895-4d3a-4e12-9329-59b2e8ec8381 => generated 246 bytes in 9 msecs (HTTP/1.1 404) 6 headers in 231 bytes (1 switches on core 0)
2026-07-24 18:39:13.579 7 INFO placement.requestlog [None req-35bb2c05-affb-417d-ae43-e323e28c285f - - - - - -] 10.0.0.92 "GET /" status: 200 len: 136 microversion: 1.0
2026-07-24 18:39:13.580 8 INFO placement.requestlog [None req-1e79e7a6-8920-4a89-89a3-bfa14a21076d - - - - - -] 10.0.0.92 "GET /" status: 200 len: 136 microversion: 1.0
2026-07-24 18:39:14.396 8 INFO placement.requestlog [None req-91463f75-4149-4a3f-a217-2aa3a44625b5 e3752bd82c5746189b2470cf761e33cc 2d876cb96af342f0a5609cd5e6a4708d - - 5623b56d202742b79d0f6106728bb7b7 5623b56d202742b79d0f6106728bb7b7] 10.0.0.208 "GET /resource_providers/2d370fe4-76b0-415a-98e6-81403c4c22d9/aggregates" status: 404 len: 235 microversion: 1.1 [pid: 8|app: 0|req: 419/833] 10.0.0.208 () {32 vars in 816 bytes} [Fri Jul 24 18:39:14 2026] GET /resource_providers/2d370fe4-76b0-415a-98e6-81403c4c22d9/aggregates => generated 235 bytes in 12 msecs (HTTP/1.1 404) 5 headers in 202 bytes (1 switches on core 0)
2026-07-24 18:39:14.400 7 INFO placement.requestlog [None req-a978105f-c6e5-4059-97e3-9a090aaad651 e3752bd82c5746189b2470cf761e33cc 2d876cb96af342f0a5609cd5e6a4708d - - 5623b56d202742b79d0f6106728bb7b7 5623b56d202742b79d0f6106728bb7b7] 10.0.0.208 "GET /resource_providers/2d370fe4-76b0-415a-98e6-81403c4c22d9/aggregates" status: 404 len: 235 microversion: 1.1 [pid: 7|app: 0|req: 415/834] 10.0.0.208 () {32 vars in 816 bytes} [Fri Jul 24 18:39:14 2026] GET /resource_providers/2d370fe4-76b0-415a-98e6-81403c4c22d9/aggregates => generated 235 bytes in 16 msecs (HTTP/1.1 404) 5 headers in 202 bytes (1 switches on core 0)
2026-07-24 18:39:14.430 8 INFO placement.requestlog [None req-dab34e12-3a40-424d-99db-3509d42c36a9 e3752bd82c5746189b2470cf761e33cc 2d876cb96af342f0a5609cd5e6a4708d - - 5623b56d202742b79d0f6106728bb7b7 5623b56d202742b79d0f6106728bb7b7] 10.0.0.208 "DELETE /resource_providers/2d370fe4-76b0-415a-98e6-81403c4c22d9" status: 404 len: 246 microversion: 1.1 [pid: 8|app: 0|req: 420/835] 10.0.0.208 () {34 vars in 816 bytes} [Fri Jul 24 18:39:14 2026] DELETE /resource_providers/2d370fe4-76b0-415a-98e6-81403c4c22d9 => generated 246 bytes in 17 msecs (HTTP/1.1 404) 6 headers in 231 bytes (1 switches on core 0)
2026-07-24 18:39:14.431 7 INFO placement.requestlog [None req-47bcabbe-7b6d-423a-a81f-00124c5d92b6 e3752bd82c5746189b2470cf761e33cc 2d876cb96af342f0a5609cd5e6a4708d - - 5623b56d202742b79d0f6106728bb7b7 5623b56d202742b79d0f6106728bb7b7] 10.0.0.208 "DELETE /resource_providers/2d370fe4-76b0-415a-98e6-81403c4c22d9" status: 404 len: 246 microversion: 1.1 [pid: 7|app: 0|req: 416/836] 10.0.0.208 () {34 vars in 816 bytes} [Fri Jul 24 18:39:14 2026] DELETE /resource_providers/2d370fe4-76b0-415a-98e6-81403c4c22d9 => generated 246 bytes in 16 msecs (HTTP/1.1 404) 6 headers in 231 bytes (1 switches on core 0)
2026-07-24 18:39:14.815 8 INFO placement.requestlog [None req-1b21a16d-03ac-41d8-a9c5-367270c3120e e3752bd82c5746189b2470cf761e33cc 2d876cb96af342f0a5609cd5e6a4708d - - 5623b56d202742b79d0f6106728bb7b7 5623b56d202742b79d0f6106728bb7b7] 10.0.0.208 "GET /resource_providers/7be22a09-7554-4e57-a050-d730f177fc17/aggregates" status: 404 len: 235 microversion: 1.1 [pid: 8|app: 0|req: 421/837] 10.0.0.208 () {32 vars in 816 bytes} [Fri Jul 24 18:39:14 2026] GET /resource_providers/7be22a09-7554-4e57-a050-d730f177fc17/aggregates => generated 235 bytes in 10 msecs (HTTP/1.1 404) 5 headers in 202 bytes (1 switches on core 0)
2026-07-24 18:39:14.824 7 INFO placement.requestlog [None req-a3092ac5-0d6c-46df-8bae-bc16e1cce747 e3752bd82c5746189b2470cf761e33cc 2d876cb96af342f0a5609cd5e6a4708d - - 5623b56d202742b79d0f6106728bb7b7 5623b56d202742b79d0f6106728bb7b7] 10.0.0.208 "GET /resource_providers/7be22a09-7554-4e57-a050-d730f177fc17/aggregates" status: 404 len: 235 microversion: 1.1 [pid: 7|app: 0|req: 417/838] 10.0.0.208 () {32 vars in 816 bytes} [Fri Jul 24 18:39:14 2026] GET /resource_providers/7be22a09-7554-4e57-a050-d730f177fc17/aggregates => generated 235 bytes in 15 msecs (HTTP/1.1 404) 5 headers in 202 bytes (1 switches on core 0)
2026-07-24 18:39:14.843 7 INFO placement.requestlog [None req-717a396c-43ba-41a9-be7e-d2782272a482 e3752bd82c5746189b2470cf761e33cc 2d876cb96af342f0a5609cd5e6a4708d - - 5623b56d202742b79d0f6106728bb7b7 5623b56d202742b79d0f6106728bb7b7] 10.0.0.208 "DELETE /resource_providers/7be22a09-7554-4e57-a050-d730f177fc17" status: 404 len: 246 microversion: 1.1 [pid: 7|app: 0|req: 418/839] 10.0.0.208 () {34 vars in 816 bytes} [Fri Jul 24 18:39:14 2026] DELETE /resource_providers/7be22a09-7554-4e57-a050-d730f177fc17 => generated 246 bytes in 9 msecs (HTTP/1.1 404) 6 headers in 231 bytes (1 switches on core 0)
2026-07-24 18:39:14.888 8 INFO placement.requestlog [None req-5035066c-9b9a-4e7e-9275-9a7125656e5c e3752bd82c5746189b2470cf761e33cc 2d876cb96af342f0a5609cd5e6a4708d - - 5623b56d202742b79d0f6106728bb7b7 5623b56d202742b79d0f6106728bb7b7] 10.0.0.208 "DELETE /resource_providers/7be22a09-7554-4e57-a050-d730f177fc17" status: 404 len: 246 microversion: 1.1 [pid: 8|app: 0|req: 422/840] 10.0.0.208 () {34 vars in 816 bytes} [Fri Jul 24 18:39:14 2026] DELETE /resource_providers/7be22a09-7554-4e57-a050-d730f177fc17 => generated 246 bytes in 61 msecs (HTTP/1.1 404) 6 headers in 231 bytes (1 switches on core 0)
2026-07-24 18:39:16.747 8 INFO placement.requestlog [None req-14703f31-a33f-4a4b-8f43-c41c4f33a0f8 e3752bd82c5746189b2470cf761e33cc 2d876cb96af342f0a5609cd5e6a4708d - - 5623b56d202742b79d0f6106728bb7b7 5623b56d202742b79d0f6106728bb7b7] 10.0.0.208 "GET /resource_providers/b7926151-9750-4624-ba1e-691aa99f1aef/aggregates" status: 404 len: 235 microversion: 1.1 [pid: 8|app: 0|req: 423/841] 10.0.0.208 () {32 vars in 816 bytes} [Fri Jul 24 18:39:16 2026] GET /resource_providers/b7926151-9750-4624-ba1e-691aa99f1aef/aggregates => generated 235 bytes in 15 msecs (HTTP/1.1 404) 5 headers in 202 bytes (1 switches on core 0)
2026-07-24 18:39:16.749 7 INFO placement.requestlog [None req-72aa4ed8-5043-4b08-b2b9-860e1815ef9c e3752bd82c5746189b2470cf761e33cc 2d876cb96af342f0a5609cd5e6a4708d - - 5623b56d202742b79d0f6106728bb7b7 5623b56d202742b79d0f6106728bb7b7] 10.0.0.208 "GET /resource_providers/b7926151-9750-4624-ba1e-691aa99f1aef/aggregates" status: 404 len: 235 microversion: 1.1 [pid: 7|app: 0|req: 419/842] 10.0.0.208 () {32 vars in 816 bytes} [Fri Jul 24 18:39:16 2026] GET /resource_providers/b7926151-9750-4624-ba1e-691aa99f1aef/aggregates => generated 235 bytes in 19 msecs (HTTP/1.1 404) 5 headers in 202 bytes (1 switches on core 0)
2026-07-24 18:39:16.760 8 INFO placement.requestlog [None req-a52391f0-6809-4086-9580-231f4b6ee880 e3752bd82c5746189b2470cf761e33cc 2d876cb96af342f0a5609cd5e6a4708d - - 5623b56d202742b79d0f6106728bb7b7 5623b56d202742b79d0f6106728bb7b7] 10.0.0.208 "DELETE /resource_providers/b7926151-9750-4624-ba1e-691aa99f1aef" status: 404 len: 246 microversion: 1.1 [pid: 8|app: 0|req: 424/843] 10.0.0.208 () {34 vars in 816 bytes} [Fri Jul 24 18:39:16 2026] DELETE /resource_providers/b7926151-9750-4624-ba1e-691aa99f1aef => generated 246 bytes in 7 msecs (HTTP/1.1 404) 6 headers in 231 bytes (1 switches on core 0)
2026-07-24 18:39:16.770 7 INFO placement.requestlog [None req-071238f5-a6cf-4102-8f79-3a1130887df3 e3752bd82c5746189b2470cf761e33cc 2d876cb96af342f0a5609cd5e6a4708d - - 5623b56d202742b79d0f6106728bb7b7 5623b56d202742b79d0f6106728bb7b7] 10.0.0.208 "DELETE /resource_providers/b7926151-9750-4624-ba1e-691aa99f1aef" status: 404 len: 246 microversion: 1.1 [pid: 7|app: 0|req: 420/844] 10.0.0.208 () {34 vars in 816 bytes} [Fri Jul 24 18:39:16 2026] DELETE /resource_providers/b7926151-9750-4624-ba1e-691aa99f1aef => generated 246 bytes in 10 msecs (HTTP/1.1 404) 6 headers in 231 bytes (1 switches on core 0)
2026-07-24 18:39:16.872 8 INFO placement.requestlog [None req-b3787b4a-8f3f-4a03-bd8f-650db351308d e3752bd82c5746189b2470cf761e33cc 2d876cb96af342f0a5609cd5e6a4708d - - 5623b56d202742b79d0f6106728bb7b7 5623b56d202742b79d0f6106728bb7b7] 10.0.0.208 "GET /resource_providers/dade1df7-4fac-4e5f-ab08-e7e503799782/aggregates" status: 404 len: 235 microversion: 1.1 [pid: 8|app: 0|req: 425/845] 10.0.0.208 () {32 vars in 816 bytes} [Fri Jul 24 18:39:16 2026] GET /resource_providers/dade1df7-4fac-4e5f-ab08-e7e503799782/aggregates => generated 235 bytes in 8 msecs (HTTP/1.1 404) 5 headers in 202 bytes (1 switches on core 0)
2026-07-24 18:39:16.901 7 INFO placement.requestlog [None req-a79d7d0a-48c0-48f9-83e4-317d5843a102 e3752bd82c5746189b2470cf761e33cc 2d876cb96af342f0a5609cd5e6a4708d - - 5623b56d202742b79d0f6106728bb7b7 5623b56d202742b79d0f6106728bb7b7] 10.0.0.208 "DELETE /resource_providers/dade1df7-4fac-4e5f-ab08-e7e503799782" status: 404 len: 246 microversion: 1.1 [pid: 7|app: 0|req: 421/846] 10.0.0.208 () {34 vars in 816 bytes} [Fri Jul 24 18:39:16 2026] DELETE /resource_providers/dade1df7-4fac-4e5f-ab08-e7e503799782 => generated 246 bytes in 13 msecs (HTTP/1.1 404) 6 headers in 231 bytes (1 switches on core 0)
2026-07-24 18:39:17.199 8 INFO placement.requestlog [None req-17b45d5f-4a40-46c5-b280-04d6e41be2d2 e3752bd82c5746189b2470cf761e33cc 2d876cb96af342f0a5609cd5e6a4708d - - 5623b56d202742b79d0f6106728bb7b7 5623b56d202742b79d0f6106728bb7b7] 10.0.0.208 "GET /resource_providers/dade1df7-4fac-4e5f-ab08-e7e503799782/aggregates" status: 404 len: 235 microversion: 1.1 [pid: 8|app: 0|req: 426/847] 10.0.0.208 () {32 vars in 816 bytes} [Fri Jul 24 18:39:17 2026] GET /resource_providers/dade1df7-4fac-4e5f-ab08-e7e503799782/aggregates => generated 235 bytes in 31 msecs (HTTP/1.1 404) 5 headers in 202 bytes (1 switches on core 0)
2026-07-24 18:39:17.220 7 INFO placement.requestlog [None req-13283457-0410-4a94-8469-47a0e24fbd44 e3752bd82c5746189b2470cf761e33cc 2d876cb96af342f0a5609cd5e6a4708d - - 5623b56d202742b79d0f6106728bb7b7 5623b56d202742b79d0f6106728bb7b7] 10.0.0.208 "DELETE /resource_providers/dade1df7-4fac-4e5f-ab08-e7e503799782" status: 404 len: 246 microversion: 1.1 [pid: 7|app: 0|req: 422/848] 10.0.0.208 () {34 vars in 816 bytes} [Fri Jul 24 18:39:17 2026] DELETE /resource_providers/dade1df7-4fac-4e5f-ab08-e7e503799782 => generated 246 bytes in 12 msecs (HTTP/1.1 404) 6 headers in 231 bytes (1 switches on core 0)
2026-07-24 18:39:18.511 8 INFO placement.requestlog [req-44983f00-cf5d-48eb-a72c-87306d520e9b req-36663609-39dd-4170-b587-352f0ef7cc2b e30e5198b2cf4f0094695642a90cb64c 2d876cb96af342f0a5609cd5e6a4708d - - 5623b56d202742b79d0f6106728bb7b7 5623b56d202742b79d0f6106728bb7b7] 199.204.45.138 "GET /resource_providers/1d046cff-ac2a-4b3d-8720-f752588a307f/allocations" status: 200 len: 152 microversion: 1.0 [pid: 8|app: 0|req: 427/849] 199.204.45.138 () {32 vars in 857 bytes} [Fri Jul 24 18:39:18 2026] GET /resource_providers/1d046cff-ac2a-4b3d-8720-f752588a307f/allocations => generated 152 bytes in 20 msecs (HTTP/1.1 200) 6 headers in 224 bytes (1 switches on core 0)
2026-07-24 18:39:18.537 7 INFO placement.requestlog [req-44983f00-cf5d-48eb-a72c-87306d520e9b req-7705792f-274a-40cb-be6d-f8daa6170dec e30e5198b2cf4f0094695642a90cb64c 2d876cb96af342f0a5609cd5e6a4708d - - 5623b56d202742b79d0f6106728bb7b7 5623b56d202742b79d0f6106728bb7b7] 199.204.45.138 "GET /allocations/adc59dc6-199d-4c77-9eff-6594b0acc97c" status: 200 len: 257 microversion: 1.28 [pid: 7|app: 0|req: 423/850] 199.204.45.138 () {34 vars in 863 bytes} [Fri Jul 24 18:39:18 2026] GET /allocations/adc59dc6-199d-4c77-9eff-6594b0acc97c => generated 257 bytes in 15 msecs (HTTP/1.1 200) 8 headers in 296 bytes (1 switches on core 0)
2026-07-24 18:39:18.624 8 INFO placement.requestlog [req-44983f00-cf5d-48eb-a72c-87306d520e9b req-bdb2ea96-aef6-4384-abcc-780cfefa84b5 e30e5198b2cf4f0094695642a90cb64c 2d876cb96af342f0a5609cd5e6a4708d - - 5623b56d202742b79d0f6106728bb7b7 5623b56d202742b79d0f6106728bb7b7] 199.204.45.138 "DELETE /allocations/adc59dc6-199d-4c77-9eff-6594b0acc97c" status: 204 len: 0 microversion: 1.0 [pid: 8|app: 0|req: 428/851] 199.204.45.138 () {34 vars in 841 bytes} [Fri Jul 24 18:39:18 2026] DELETE /allocations/adc59dc6-199d-4c77-9eff-6594b0acc97c => generated 0 bytes in 27 msecs (HTTP/1.1 204) 5 headers in 198 bytes (1 switches on core 0)
2026-07-24 18:39:20.021 8 INFO placement.requestlog [None req-649b7228-20d8-40d4-bc3a-a78cb8b4f431 e3752bd82c5746189b2470cf761e33cc 2d876cb96af342f0a5609cd5e6a4708d - - 5623b56d202742b79d0f6106728bb7b7 5623b56d202742b79d0f6106728bb7b7] 10.0.0.208 "GET /resource_providers/bd296179-8532-42ab-a640-8e8cf4a6e86d/aggregates" status: 404 len: 235 microversion: 1.1 [pid: 8|app: 0|req: 429/852] 10.0.0.208 () {32 vars in 816 bytes} [Fri Jul 24 18:39:20 2026] GET /resource_providers/bd296179-8532-42ab-a640-8e8cf4a6e86d/aggregates => generated 235 bytes in 8 msecs (HTTP/1.1 404) 5 headers in 202 bytes (1 switches on core 0)
2026-07-24 18:39:20.028 7 INFO placement.requestlog [None req-a79eea23-c2a0-4caa-a98b-7476cd789362 e3752bd82c5746189b2470cf761e33cc 2d876cb96af342f0a5609cd5e6a4708d - - 5623b56d202742b79d0f6106728bb7b7 5623b56d202742b79d0f6106728bb7b7] 10.0.0.208 "GET /resource_providers/bd296179-8532-42ab-a640-8e8cf4a6e86d/aggregates" status: 404 len: 235 microversion: 1.1 [pid: 7|app: 0|req: 424/853] 10.0.0.208 () {32 vars in 816 bytes} [Fri Jul 24 18:39:20 2026] GET /resource_providers/bd296179-8532-42ab-a640-8e8cf4a6e86d/aggregates => generated 235 bytes in 15 msecs (HTTP/1.1 404) 5 headers in 202 bytes (1 switches on core 0)
2026-07-24 18:39:20.053 7 INFO placement.requestlog [None req-75481a34-fa04-4cef-a5d1-dc34f5d4b629 e3752bd82c5746189b2470cf761e33cc 2d876cb96af342f0a5609cd5e6a4708d - - 5623b56d202742b79d0f6106728bb7b7 5623b56d202742b79d0f6106728bb7b7] 10.0.0.208 "DELETE /resource_providers/bd296179-8532-42ab-a640-8e8cf4a6e86d" status: 404 len: 246 microversion: 1.1 [pid: 7|app: 0|req: 425/854] 10.0.0.208 () {34 vars in 816 bytes} [Fri Jul 24 18:39:20 2026] DELETE /resource_providers/bd296179-8532-42ab-a640-8e8cf4a6e86d => generated 246 bytes in 11 msecs (HTTP/1.1 404) 6 headers in 231 bytes (1 switches on core 0)
2026-07-24 18:39:20.056 8 INFO placement.requestlog [None req-d82b3e0a-8ce6-4ad0-aeab-cae22e91b2bd e3752bd82c5746189b2470cf761e33cc 2d876cb96af342f0a5609cd5e6a4708d - - 5623b56d202742b79d0f6106728bb7b7 5623b56d202742b79d0f6106728bb7b7] 10.0.0.208 "DELETE /resource_providers/bd296179-8532-42ab-a640-8e8cf4a6e86d" status: 404 len: 246 microversion: 1.1 [pid: 8|app: 0|req: 430/855] 10.0.0.208 () {34 vars in 816 bytes} [Fri Jul 24 18:39:20 2026] DELETE /resource_providers/bd296179-8532-42ab-a640-8e8cf4a6e86d => generated 246 bytes in 14 msecs (HTTP/1.1 404) 6 headers in 231 bytes (1 switches on core 0)
2026-07-24 18:39:21.517 7 INFO placement.requestlog [req-0a850b1c-b4a9-49f6-828b-637fcd5b0523 req-9acad6d7-1863-4087-96fb-d7b27abca4f3 e30e5198b2cf4f0094695642a90cb64c 2d876cb96af342f0a5609cd5e6a4708d - - 5623b56d202742b79d0f6106728bb7b7 5623b56d202742b79d0f6106728bb7b7] 199.204.45.138 "GET /resource_providers/1d046cff-ac2a-4b3d-8720-f752588a307f/allocations" status: 200 len: 54 microversion: 1.0 [pid: 7|app: 0|req: 426/856] 199.204.45.138 () {32 vars in 857 bytes} [Fri Jul 24 18:39:21 2026] GET /resource_providers/1d046cff-ac2a-4b3d-8720-f752588a307f/allocations => generated 54 bytes in 13 msecs (HTTP/1.1 200) 6 headers in 223 bytes (1 switches on core 0)
2026-07-24 18:39:21.539 8 INFO placement.requestlog [req-0a850b1c-b4a9-49f6-828b-637fcd5b0523 req-1a00b657-3ff1-4b06-a28f-65e421ee8958 e30e5198b2cf4f0094695642a90cb64c 2d876cb96af342f0a5609cd5e6a4708d - - 5623b56d202742b79d0f6106728bb7b7 5623b56d202742b79d0f6106728bb7b7] 199.204.45.138 "GET /resource_providers/1d046cff-ac2a-4b3d-8720-f752588a307f/allocations" status: 200 len: 54 microversion: 1.0 [pid: 8|app: 0|req: 431/857] 199.204.45.138 () {32 vars in 857 bytes} [Fri Jul 24 18:39:21 2026] GET /resource_providers/1d046cff-ac2a-4b3d-8720-f752588a307f/allocations => generated 54 bytes in 14 msecs (HTTP/1.1 200) 6 headers in 223 bytes (1 switches on core 0)
2026-07-24 18:39:22.304 7 INFO placement.requestlog [None req-42732767-1ea4-4f44-ace2-a5f99a0052c8 e3752bd82c5746189b2470cf761e33cc 2d876cb96af342f0a5609cd5e6a4708d - - 5623b56d202742b79d0f6106728bb7b7 5623b56d202742b79d0f6106728bb7b7] 10.0.0.208 "GET /resource_providers/5e7367b3-5ea7-4bcf-985a-d7632167864c/aggregates" status: 404 len: 235 microversion: 1.1 [pid: 7|app: 0|req: 427/858] 10.0.0.208 () {32 vars in 816 bytes} [Fri Jul 24 18:39:22 2026] GET /resource_providers/5e7367b3-5ea7-4bcf-985a-d7632167864c/aggregates => generated 235 bytes in 14 msecs (HTTP/1.1 404) 5 headers in 202 bytes (1 switches on core 0)
2026-07-24 18:39:22.320 8 INFO placement.requestlog [None req-b1c5e95f-8d5a-463f-a99b-65c4ae4b9503 e3752bd82c5746189b2470cf761e33cc 2d876cb96af342f0a5609cd5e6a4708d - - 5623b56d202742b79d0f6106728bb7b7 5623b56d202742b79d0f6106728bb7b7] 10.0.0.208 "GET /resource_providers/5e7367b3-5ea7-4bcf-985a-d7632167864c/aggregates" status: 404 len: 235 microversion: 1.1 [pid: 8|app: 0|req: 432/859] 10.0.0.208 () {32 vars in 816 bytes} [Fri Jul 24 18:39:22 2026] GET /resource_providers/5e7367b3-5ea7-4bcf-985a-d7632167864c/aggregates => generated 235 bytes in 24 msecs (HTTP/1.1 404) 5 headers in 202 bytes (1 switches on core 0)
2026-07-24 18:39:22.327 7 INFO placement.requestlog [None req-fda60392-9d9e-48a3-9025-0e565ad66047 e3752bd82c5746189b2470cf761e33cc 2d876cb96af342f0a5609cd5e6a4708d - - 5623b56d202742b79d0f6106728bb7b7 5623b56d202742b79d0f6106728bb7b7] 10.0.0.208 "DELETE /resource_providers/5e7367b3-5ea7-4bcf-985a-d7632167864c" status: 404 len: 246 microversion: 1.1 [pid: 7|app: 0|req: 428/860] 10.0.0.208 () {34 vars in 816 bytes} [Fri Jul 24 18:39:22 2026] DELETE /resource_providers/5e7367b3-5ea7-4bcf-985a-d7632167864c => generated 246 bytes in 15 msecs (HTTP/1.1 404) 6 headers in 231 bytes (1 switches on core 0)
2026-07-24 18:39:22.343 8 INFO placement.requestlog [None req-98824927-b191-4d94-89b1-7a0c4c4b0744 e3752bd82c5746189b2470cf761e33cc 2d876cb96af342f0a5609cd5e6a4708d - - 5623b56d202742b79d0f6106728bb7b7 5623b56d202742b79d0f6106728bb7b7] 10.0.0.208 "DELETE /resource_providers/5e7367b3-5ea7-4bcf-985a-d7632167864c" status: 404 len: 246 microversion: 1.1 [pid: 8|app: 0|req: 433/861] 10.0.0.208 () {34 vars in 816 bytes} [Fri Jul 24 18:39:22 2026] DELETE /resource_providers/5e7367b3-5ea7-4bcf-985a-d7632167864c => generated 246 bytes in 17 msecs (HTTP/1.1 404) 6 headers in 231 bytes (1 switches on core 0)
2026-07-24 18:39:22.397 7 INFO placement.requestlog [None req-778dbad1-7149-44ab-91bd-3f9a2ebd0ccf e3752bd82c5746189b2470cf761e33cc 2d876cb96af342f0a5609cd5e6a4708d - - 5623b56d202742b79d0f6106728bb7b7 5623b56d202742b79d0f6106728bb7b7] 10.0.0.208 "GET /resource_providers/bd296179-8532-42ab-a640-8e8cf4a6e86d/aggregates" status: 404 len: 235 microversion: 1.1 [pid: 7|app: 0|req: 429/862] 10.0.0.208 () {32 vars in 816 bytes} [Fri Jul 24 18:39:22 2026] GET /resource_providers/bd296179-8532-42ab-a640-8e8cf4a6e86d/aggregates => generated 235 bytes in 13 msecs (HTTP/1.1 404) 5 headers in 202 bytes (1 switches on core 0)
2026-07-24 18:39:22.410 8 INFO placement.requestlog [None req-7b6ec585-8b4b-482d-93e6-9fcdf4dbf0f6 e3752bd82c5746189b2470cf761e33cc 2d876cb96af342f0a5609cd5e6a4708d - - 5623b56d202742b79d0f6106728bb7b7 5623b56d202742b79d0f6106728bb7b7] 10.0.0.208 "GET /resource_providers/bd296179-8532-42ab-a640-8e8cf4a6e86d/aggregates" status: 404 len: 235 microversion: 1.1 [pid: 8|app: 0|req: 434/863] 10.0.0.208 () {32 vars in 816 bytes} [Fri Jul 24 18:39:22 2026] GET /resource_providers/bd296179-8532-42ab-a640-8e8cf4a6e86d/aggregates => generated 235 bytes in 24 msecs (HTTP/1.1 404) 5 headers in 202 bytes (1 switches on core 0)
2026-07-24 18:39:22.425 7 INFO placement.requestlog [None req-c04e4466-65a1-44e8-b93b-0dc7c39be4db e3752bd82c5746189b2470cf761e33cc 2d876cb96af342f0a5609cd5e6a4708d - - 5623b56d202742b79d0f6106728bb7b7 5623b56d202742b79d0f6106728bb7b7] 10.0.0.208 "DELETE /resource_providers/bd296179-8532-42ab-a640-8e8cf4a6e86d" status: 404 len: 246 microversion: 1.1 [pid: 7|app: 0|req: 430/864] 10.0.0.208 () {34 vars in 816 bytes} [Fri Jul 24 18:39:22 2026] DELETE /resource_providers/bd296179-8532-42ab-a640-8e8cf4a6e86d => generated 246 bytes in 20 msecs (HTTP/1.1 404) 6 headers in 231 bytes (1 switches on core 0)
2026-07-24 18:39:22.438 8 INFO placement.requestlog [None req-c38bdc14-cba7-4673-ac7a-1a55bef066a6 e3752bd82c5746189b2470cf761e33cc 2d876cb96af342f0a5609cd5e6a4708d - - 5623b56d202742b79d0f6106728bb7b7 5623b56d202742b79d0f6106728bb7b7] 10.0.0.208 "DELETE /resource_providers/bd296179-8532-42ab-a640-8e8cf4a6e86d" status: 404 len: 246 microversion: 1.1 [pid: 8|app: 0|req: 435/865] 10.0.0.208 () {34 vars in 816 bytes} [Fri Jul 24 18:39:22 2026] DELETE /resource_providers/bd296179-8532-42ab-a640-8e8cf4a6e86d => generated 246 bytes in 22 msecs (HTTP/1.1 404) 6 headers in 231 bytes (1 switches on core 0)
2026-07-24 18:39:22.452 7 INFO placement.requestlog [None req-28f00684-a279-4807-9cf0-27f18e81d247 e3752bd82c5746189b2470cf761e33cc 2d876cb96af342f0a5609cd5e6a4708d - - 5623b56d202742b79d0f6106728bb7b7 5623b56d202742b79d0f6106728bb7b7] 10.0.0.208 "GET /resource_providers/567ea969-00ba-4c25-95e6-db80869611ae/aggregates" status: 404 len: 235 microversion: 1.1 [pid: 7|app: 0|req: 431/866] 10.0.0.208 () {32 vars in 816 bytes} [Fri Jul 24 18:39:22 2026] GET /resource_providers/567ea969-00ba-4c25-95e6-db80869611ae/aggregates => generated 235 bytes in 19 msecs (HTTP/1.1 404) 5 headers in 202 bytes (1 switches on core 0)
2026-07-24 18:39:22.475 7 INFO placement.requestlog [None req-1c26cc2b-6198-4c38-a424-b2d545f23d32 e3752bd82c5746189b2470cf761e33cc 2d876cb96af342f0a5609cd5e6a4708d - - 5623b56d202742b79d0f6106728bb7b7 5623b56d202742b79d0f6106728bb7b7] 10.0.0.208 "DELETE /resource_providers/567ea969-00ba-4c25-95e6-db80869611ae" status: 404 len: 246 microversion: 1.1 [pid: 7|app: 0|req: 432/867] 10.0.0.208 () {34 vars in 816 bytes} [Fri Jul 24 18:39:22 2026] DELETE /resource_providers/567ea969-00ba-4c25-95e6-db80869611ae => generated 246 bytes in 11 msecs (HTTP/1.1 404) 6 headers in 231 bytes (1 switches on core 0)
