+ exec neutron-metadata-agent --config-file /etc/neutron/neutron.conf --config-file /tmp/pod-shared/neutron-agent.ini --config-file /etc/neutron/metadata_agent.ini /var/lib/openstack/lib/python3.10/site-packages/neutron/common/utils.py:54: UserWarning: pkg_resources is deprecated as an API. See https://setuptools.pypa.io/en/latest/pkg_resources.html. The pkg_resources package is slated for removal as early as 2025-11-30. Refrain from using this package or pin to Setuptools<81. import pkg_resources
2026-07-21 07:13:23.178 36 INFO neutron.common.config [-] Logging enabled!
2026-07-21 07:13:23.178 36 INFO neutron.common.config [-] /var/lib/openstack/bin/neutron-metadata-agent version 23.5.0 /var/lib/openstack/lib/python3.10/site-packages/memcache.py:1303: SyntaxWarning: "is" with a literal. Did you mean "=="? if key is '': /var/lib/openstack/lib/python3.10/site-packages/memcache.py:1304: SyntaxWarning: "is" with a literal. Did you mean "=="? if key_extra_len is 0:
2026-07-21 07:13:23.194 36 INFO oslo_service.service [None req-59a98603-58df-4ff0-82e6-0eb8c034e1b6 - - - - - -] Starting 2 workers
2026-07-21 07:13:23.203 44 INFO eventlet.wsgi.server [-] (44) wsgi starting up on http:/var/lib/neutron/openstack-helm/metadata_proxy
2026-07-21 07:13:23.203 45 INFO eventlet.wsgi.server [-] (45) wsgi starting up on http:/var/lib/neutron/openstack-helm/metadata_proxy
2026-07-21 07:13:56.316 44 INFO eventlet.wsgi.server [-] 169.254.169.254, "GET / HTTP/1.1" status: 404 len: 176 time: 0.1348736
2026-07-21 07:17:06.240 45 INFO eventlet.wsgi.server [-] 169.254.169.254, "GET / HTTP/1.1" status: 404 len: 176 time: 0.0068517
2026-07-21 07:20:16.247 45 INFO eventlet.wsgi.server [-] 169.254.169.254, "GET / HTTP/1.1" status: 404 len: 176 time: 0.0077748
2026-07-21 07:20:46.207 44 INFO eventlet.wsgi.server [-] 169.254.169.254, "GET / HTTP/1.1" status: 404 len: 176 time: 0.0059772
2026-07-21 07:23:26.251 44 INFO eventlet.wsgi.server [-] 169.254.169.254, "GET / HTTP/1.1" status: 404 len: 176 time: 0.0094268
2026-07-21 07:26:36.380 44 INFO eventlet.wsgi.server [-] 169.254.169.254, "GET / HTTP/1.1" status: 404 len: 176 time: 0.0523875
2026-07-21 07:29:46.368 44 INFO eventlet.wsgi.server [-] 169.254.169.254, "GET / HTTP/1.1" status: 404 len: 176 time: 0.0082355
2026-07-21 07:30:46.302 44 INFO eventlet.wsgi.server [-] 169.254.169.254, "GET / HTTP/1.1" status: 404 len: 176 time: 0.0041029
2026-07-21 07:32:56.382 45 INFO eventlet.wsgi.server [-] 169.254.169.254, "GET / HTTP/1.1" status: 404 len: 176 time: 0.0045581
2026-07-21 07:36:06.263 44 INFO eventlet.wsgi.server [-] 169.254.169.254, "GET / HTTP/1.1" status: 404 len: 176 time: 0.0070939
2026-07-21 07:39:16.384 45 INFO eventlet.wsgi.server [-] 169.254.169.254, "GET / HTTP/1.1" status: 404 len: 176 time: 0.1154883
2026-07-21 07:40:46.358 45 INFO eventlet.wsgi.server [-] 169.254.169.254, "GET / HTTP/1.1" status: 404 len: 176 time: 0.0069594
2026-07-21 07:42:26.361 44 INFO eventlet.wsgi.server [-] 169.254.169.254, "GET / HTTP/1.1" status: 404 len: 176 time: 0.0107360
2026-07-21 07:45:36.237 44 INFO eventlet.wsgi.server [-] 169.254.169.254, "GET / HTTP/1.1" status: 404 len: 176 time: 0.0054631
2026-07-21 07:48:11.653 44 INFO eventlet.wsgi.server [-] 10.100.0.3, "GET /2009-04-04/meta-data/instance-id HTTP/1.1" status: 200 len: 146 time: 1.3309069
2026-07-21 07:48:11.694 45 INFO eventlet.wsgi.server [-] 10.100.0.3, "GET /2009-04-04/meta-data/public-keys HTTP/1.1" status: 200 len: 164 time: 0.0290594
2026-07-21 07:48:11.726 45 INFO eventlet.wsgi.server [-] 10.100.0.3, "GET /2009-04-04/meta-data/public-keys/0/openssh-key HTTP/1.1" status: 200 len: 341 time: 0.0257323
2026-07-21 07:48:11.754 45 INFO eventlet.wsgi.server [-] 10.100.0.3, "GET /2009-04-04/meta-data/instance-id HTTP/1.1" status: 200 len: 146 time: 0.0218425
2026-07-21 07:48:11.777 45 INFO eventlet.wsgi.server [-] 10.100.0.3, "GET /2009-04-04/meta-data/ami-launch-index HTTP/1.1" status: 200 len: 136 time: 0.0170600
2026-07-21 07:48:11.802 45 INFO eventlet.wsgi.server [-] 10.100.0.3, "GET /2009-04-04/meta-data/instance-type HTTP/1.1" status: 200 len: 142 time: 0.0181081
2026-07-21 07:48:11.832 45 INFO eventlet.wsgi.server [-] 10.100.0.3, "GET /2009-04-04/meta-data/local-ipv4 HTTP/1.1" status: 200 len: 146 time: 0.0224106
2026-07-21 07:48:11.864 44 INFO eventlet.wsgi.server [-] 10.100.0.3, "GET /2009-04-04/meta-data/public-ipv4 HTTP/1.1" status: 200 len: 149 time: 0.0251181
2026-07-21 07:48:11.886 44 INFO eventlet.wsgi.server [-] 10.100.0.3, "GET /2009-04-04/meta-data/hostname HTTP/1.1" status: 200 len: 200 time: 0.0130031
2026-07-21 07:48:11.907 44 INFO eventlet.wsgi.server [-] 10.100.0.3, "GET /2009-04-04/meta-data/local-hostname HTTP/1.1" status: 200 len: 200 time: 0.0120969
2026-07-21 07:48:11.927 44 INFO eventlet.wsgi.server [-] 10.100.0.3, "GET /2009-04-04/user-data HTTP/1.1" status: 200 len: 231 time: 0.0144141
2026-07-21 07:48:11.965 44 INFO eventlet.wsgi.server [-] 10.100.0.3, "GET /2009-04-04/meta-data/block-device-mapping HTTP/1.1" status: 200 len: 143 time: 0.0121591
2026-07-21 07:48:11.983 44 INFO eventlet.wsgi.server [-] 10.100.0.3, "GET /2009-04-04/meta-data/block-device-mapping/ami HTTP/1.1" status: 200 len: 138 time: 0.0132749
2026-07-21 07:48:12.000 44 INFO eventlet.wsgi.server [-] 10.100.0.3, "GET /2009-04-04/meta-data/block-device-mapping/root HTTP/1.1" status: 200 len: 143 time: 0.0131733
2026-07-21 07:48:12.021 44 INFO eventlet.wsgi.server [-] 10.100.0.3, "GET /2009-04-04/meta-data/public-hostname HTTP/1.1" status: 200 len: 200 time: 0.0141406
2026-07-21 07:48:12.039 44 INFO eventlet.wsgi.server [-] 10.100.0.3, "GET /2009-04-04/meta-data/placement/availability-zone HTTP/1.1" status: 200 len: 139 time: 0.0117800
2026-07-21 07:48:46.364 45 INFO eventlet.wsgi.server [-] 169.254.169.254, "GET / HTTP/1.1" status: 404 len: 176 time: 0.0054507
2026-07-21 07:49:47.755 44 INFO eventlet.wsgi.server [-] 10.100.0.8, "GET /2009-04-04/meta-data/instance-id HTTP/1.1" status: 200 len: 146 time: 0.2812562
2026-07-21 07:49:47.786 44 INFO eventlet.wsgi.server [-] 10.100.0.8, "GET /2009-04-04/meta-data/public-keys HTTP/1.1" status: 200 len: 164 time: 0.0204399
2026-07-21 07:49:47.807 44 INFO eventlet.wsgi.server [-] 10.100.0.8, "GET /2009-04-04/meta-data/public-keys/0/openssh-key HTTP/1.1" status: 200 len: 341 time: 0.0134621
2026-07-21 07:49:47.824 44 INFO eventlet.wsgi.server [-] 10.100.0.8, "GET /2009-04-04/meta-data/instance-id HTTP/1.1" status: 200 len: 146 time: 0.0104227
2026-07-21 07:49:47.842 44 INFO eventlet.wsgi.server [-] 10.100.0.8, "GET /2009-04-04/meta-data/ami-launch-index HTTP/1.1" status: 200 len: 136 time: 0.0122128
2026-07-21 07:49:47.871 44 INFO eventlet.wsgi.server [-] 10.100.0.8, "GET /2009-04-04/meta-data/instance-type HTTP/1.1" status: 200 len: 142 time: 0.0220301
2026-07-21 07:49:47.894 44 INFO eventlet.wsgi.server [-] 10.100.0.8, "GET /2009-04-04/meta-data/local-ipv4 HTTP/1.1" status: 200 len: 146 time: 0.0140331
2026-07-21 07:49:47.928 44 INFO eventlet.wsgi.server [-] 10.100.0.8, "GET /2009-04-04/meta-data/public-ipv4 HTTP/1.1" status: 200 len: 149 time: 0.0264475
2026-07-21 07:49:47.949 44 INFO eventlet.wsgi.server [-] 10.100.0.8, "GET /2009-04-04/meta-data/hostname HTTP/1.1" status: 200 len: 192 time: 0.0141003
2026-07-21 07:49:47.974 44 INFO eventlet.wsgi.server [-] 10.100.0.8, "GET /2009-04-04/meta-data/local-hostname HTTP/1.1" status: 200 len: 192 time: 0.0159233
2026-07-21 07:49:47.997 44 INFO eventlet.wsgi.server [-] 10.100.0.8, "GET /2009-04-04/user-data HTTP/1.1" status: 200 len: 231 time: 0.0147574
2026-07-21 07:49:48.040 44 INFO eventlet.wsgi.server [-] 10.100.0.8, "GET /2009-04-04/meta-data/block-device-mapping HTTP/1.1" status: 200 len: 143 time: 0.0145087
2026-07-21 07:49:48.064 44 INFO eventlet.wsgi.server [-] 10.100.0.8, "GET /2009-04-04/meta-data/block-device-mapping/ami HTTP/1.1" status: 200 len: 138 time: 0.0141335
2026-07-21 07:49:48.083 44 INFO eventlet.wsgi.server [-] 10.100.0.8, "GET /2009-04-04/meta-data/block-device-mapping/root HTTP/1.1" status: 200 len: 143 time: 0.0117409
2026-07-21 07:49:48.100 44 INFO eventlet.wsgi.server [-] 10.100.0.8, "GET /2009-04-04/meta-data/public-hostname HTTP/1.1" status: 200 len: 192 time: 0.0111663
2026-07-21 07:49:48.118 44 INFO eventlet.wsgi.server [-] 10.100.0.8, "GET /2009-04-04/meta-data/placement/availability-zone HTTP/1.1" status: 200 len: 139 time: 0.0114026
2026-07-21 07:50:12.319 44 INFO eventlet.wsgi.server [-] 10.100.0.8, "GET /2009-04-04/meta-data/instance-id HTTP/1.1" status: 200 len: 146 time: 1.8530192
2026-07-21 07:50:12.341 44 INFO eventlet.wsgi.server [-] 10.100.0.8, "GET /2009-04-04/meta-data/public-keys HTTP/1.1" status: 200 len: 164 time: 0.0122221
2026-07-21 07:50:12.357 44 INFO eventlet.wsgi.server [-] 10.100.0.8, "GET /2009-04-04/meta-data/public-keys/0/openssh-key HTTP/1.1" status: 200 len: 341 time: 0.0109284
2026-07-21 07:50:12.378 45 INFO eventlet.wsgi.server [-] 10.100.0.8, "GET /2009-04-04/meta-data/instance-id HTTP/1.1" status: 200 len: 146 time: 0.0128105
2026-07-21 07:50:12.397 45 INFO eventlet.wsgi.server [-] 10.100.0.8, "GET /2009-04-04/meta-data/ami-launch-index HTTP/1.1" status: 200 len: 136 time: 0.0120330
2026-07-21 07:50:12.428 45 INFO eventlet.wsgi.server [-] 10.100.0.8, "GET /2009-04-04/meta-data/instance-type HTTP/1.1" status: 200 len: 142 time: 0.0251720
2026-07-21 07:50:12.449 45 INFO eventlet.wsgi.server [-] 10.100.0.8, "GET /2009-04-04/meta-data/local-ipv4 HTTP/1.1" status: 200 len: 146 time: 0.0132682
2026-07-21 07:50:12.473 45 INFO eventlet.wsgi.server [-] 10.100.0.8, "GET /2009-04-04/meta-data/public-ipv4 HTTP/1.1" status: 200 len: 149 time: 0.0180666
2026-07-21 07:50:12.490 45 INFO eventlet.wsgi.server [-] 10.100.0.8, "GET /2009-04-04/meta-data/hostname HTTP/1.1" status: 200 len: 192 time: 0.0115075
2026-07-21 07:50:12.514 45 INFO eventlet.wsgi.server [-] 10.100.0.8, "GET /2009-04-04/meta-data/local-hostname HTTP/1.1" status: 200 len: 192 time: 0.0143349
2026-07-21 07:50:12.535 45 INFO eventlet.wsgi.server [-] 10.100.0.8, "GET /2009-04-04/user-data HTTP/1.1" status: 200 len: 231 time: 0.0128572
2026-07-21 07:50:12.560 45 INFO eventlet.wsgi.server [-] 10.100.0.8, "GET /2009-04-04/meta-data/block-device-mapping HTTP/1.1" status: 200 len: 143 time: 0.0172350
2026-07-21 07:50:12.580 45 INFO eventlet.wsgi.server [-] 10.100.0.8, "GET /2009-04-04/meta-data/block-device-mapping/ami HTTP/1.1" status: 200 len: 138 time: 0.0134966
2026-07-21 07:50:12.606 45 INFO eventlet.wsgi.server [-] 10.100.0.8, "GET /2009-04-04/meta-data/block-device-mapping/root HTTP/1.1" status: 200 len: 143 time: 0.0189519
2026-07-21 07:50:12.641 44 INFO eventlet.wsgi.server [-] 10.100.0.8, "GET /2009-04-04/meta-data/public-hostname HTTP/1.1" status: 200 len: 192 time: 0.0267880
2026-07-21 07:50:12.678 44 INFO eventlet.wsgi.server [-] 10.100.0.8, "GET /2009-04-04/meta-data/placement/availability-zone HTTP/1.1" status: 200 len: 139 time: 0.0297036
2026-07-21 07:50:32.812 44 INFO eventlet.wsgi.server [-] 10.100.0.14, "GET /2009-04-04/meta-data/instance-id HTTP/1.1" status: 200 len: 146 time: 0.3205450
2026-07-21 07:50:32.841 44 INFO eventlet.wsgi.server [-] 10.100.0.14, "GET /2009-04-04/meta-data/public-keys HTTP/1.1" status: 200 len: 176 time: 0.0204155
2026-07-21 07:50:32.866 45 INFO eventlet.wsgi.server [-] 10.100.0.14, "GET /2009-04-04/meta-data/public-keys/0/openssh-key HTTP/1.1" status: 200 len: 341 time: 0.0191522
2026-07-21 07:50:32.888 45 INFO eventlet.wsgi.server [-] 10.100.0.14, "GET /2009-04-04/meta-data/instance-id HTTP/1.1" status: 200 len: 146 time: 0.0163143
2026-07-21 07:50:32.912 45 INFO eventlet.wsgi.server [-] 10.100.0.14, "GET /2009-04-04/meta-data/ami-launch-index HTTP/1.1" status: 200 len: 136 time: 0.0185614
2026-07-21 07:50:32.944 45 INFO eventlet.wsgi.server [-] 10.100.0.14, "GET /2009-04-04/meta-data/instance-type HTTP/1.1" status: 200 len: 142 time: 0.0262737
2026-07-21 07:50:32.966 45 INFO eventlet.wsgi.server [-] 10.100.0.14, "GET /2009-04-04/meta-data/local-ipv4 HTTP/1.1" status: 200 len: 147 time: 0.0134175
2026-07-21 07:50:32.985 45 INFO eventlet.wsgi.server [-] 10.100.0.14, "GET /2009-04-04/meta-data/public-ipv4 HTTP/1.1" status: 200 len: 149 time: 0.0130596
2026-07-21 07:50:33.004 45 INFO eventlet.wsgi.server [-] 10.100.0.14, "GET /2009-04-04/meta-data/hostname HTTP/1.1" status: 200 len: 191 time: 0.0134408
2026-07-21 07:50:33.027 45 INFO eventlet.wsgi.server [-] 10.100.0.14, "GET /2009-04-04/meta-data/local-hostname HTTP/1.1" status: 200 len: 191 time: 0.0152748
2026-07-21 07:50:33.053 45 INFO neutron.agent.metadata.agent [-] The instance: 85de02dd-0f3c-4191-9bfa-242bc77a44fb is not present anymore, skipping cache...
2026-07-21 07:50:33.112 45 INFO eventlet.wsgi.server [-] 10.100.0.14, "GET /2009-04-04/user-data HTTP/1.1" status: 404 len: 297 time: 0.0775654
2026-07-21 07:50:33.165 45 INFO eventlet.wsgi.server [-] 10.100.0.14, "GET /2009-04-04/meta-data/block-device-mapping HTTP/1.1" status: 200 len: 143 time: 0.0201867
2026-07-21 07:50:33.190 45 INFO eventlet.wsgi.server [-] 10.100.0.14, "GET /2009-04-04/meta-data/block-device-mapping/ami HTTP/1.1" status: 200 len: 138 time: 0.0192146
2026-07-21 07:50:33.218 45 INFO eventlet.wsgi.server [-] 10.100.0.14, "GET /2009-04-04/meta-data/block-device-mapping/root HTTP/1.1" status: 200 len: 143 time: 0.0227890
2026-07-21 07:50:33.239 45 INFO eventlet.wsgi.server [-] 10.100.0.14, "GET /2009-04-04/meta-data/public-hostname HTTP/1.1" status: 200 len: 191 time: 0.0162621
2026-07-21 07:50:33.255 45 INFO eventlet.wsgi.server [-] 10.100.0.14, "GET /2009-04-04/meta-data/placement/availability-zone HTTP/1.1" status: 200 len: 139 time: 0.0121083
2026-07-21 07:50:46.371 44 INFO eventlet.wsgi.server [-] 169.254.169.254, "GET / HTTP/1.1" status: 404 len: 176 time: 0.0870783
2026-07-21 07:50:47.522 44 INFO eventlet.wsgi.server [-] 10.100.0.4, "GET /latest/meta-data/public-ipv4 HTTP/1.1" status: 200 len: 149 time: 0.2841721
2026-07-21 07:50:47.837 44 INFO eventlet.wsgi.server [-] 10.100.0.4, "POST /openstack/2013-10-17/password HTTP/1.1" status: 200 len: 134 time: 0.2339730
2026-07-21 07:51:00.047 45 INFO eventlet.wsgi.server [-] 10.100.0.4, "GET /2009-04-04/meta-data/instance-id HTTP/1.1" status: 200 len: 146 time: 0.7485852
2026-07-21 07:51:00.079 45 INFO eventlet.wsgi.server [-] 10.100.0.4, "GET /2009-04-04/meta-data/public-keys HTTP/1.1" status: 200 len: 175 time: 0.0184777
2026-07-21 07:51:00.107 45 INFO eventlet.wsgi.server [-] 10.100.0.4, "GET /2009-04-04/meta-data/public-keys/0/openssh-key HTTP/1.1" status: 200 len: 341 time: 0.0209303
2026-07-21 07:51:00.135 44 INFO eventlet.wsgi.server [-] 10.100.0.4, "GET /2009-04-04/meta-data/instance-id HTTP/1.1" status: 200 len: 146 time: 0.0198076
2026-07-21 07:51:00.157 44 INFO eventlet.wsgi.server [-] 10.100.0.4, "GET /2009-04-04/meta-data/ami-launch-index HTTP/1.1" status: 200 len: 136 time: 0.0146899
2026-07-21 07:51:00.183 44 INFO eventlet.wsgi.server [-] 10.100.0.4, "GET /2009-04-04/meta-data/instance-type HTTP/1.1" status: 200 len: 142 time: 0.0175550
2026-07-21 07:51:00.208 44 INFO eventlet.wsgi.server [-] 10.100.0.4, "GET /2009-04-04/meta-data/local-ipv4 HTTP/1.1" status: 200 len: 146 time: 0.0172865
2026-07-21 07:51:00.229 44 INFO eventlet.wsgi.server [-] 10.100.0.4, "GET /2009-04-04/meta-data/public-ipv4 HTTP/1.1" status: 200 len: 149 time: 0.0128043
2026-07-21 07:51:00.251 44 INFO eventlet.wsgi.server [-] 10.100.0.4, "GET /2009-04-04/meta-data/hostname HTTP/1.1" status: 200 len: 190 time: 0.0149171
2026-07-21 07:51:00.272 44 INFO eventlet.wsgi.server [-] 10.100.0.4, "GET /2009-04-04/meta-data/local-hostname HTTP/1.1" status: 200 len: 190 time: 0.0136359
2026-07-21 07:51:00.297 44 INFO neutron.agent.metadata.agent [-] The instance: 0892ef28-0395-4dbd-9b8c-df424ccb2ea9 is not present anymore, skipping cache...
2026-07-21 07:51:00.362 44 INFO eventlet.wsgi.server [-] 10.100.0.4, "GET /2009-04-04/user-data HTTP/1.1" status: 404 len: 297 time: 0.0823112
2026-07-21 07:51:00.395 45 INFO eventlet.wsgi.server [-] 10.100.0.4, "GET /2009-04-04/meta-data/block-device-mapping HTTP/1.1" status: 200 len: 143 time: 0.0179758
2026-07-21 07:51:00.421 44 INFO eventlet.wsgi.server [-] 10.100.0.4, "GET /2009-04-04/meta-data/block-device-mapping/ami HTTP/1.1" status: 200 len: 138 time: 0.0178738
2026-07-21 07:51:00.443 44 INFO eventlet.wsgi.server [-] 10.100.0.4, "GET /2009-04-04/meta-data/block-device-mapping/root HTTP/1.1" status: 200 len: 143 time: 0.0145833
2026-07-21 07:51:00.465 44 INFO eventlet.wsgi.server [-] 10.100.0.4, "GET /2009-04-04/meta-data/public-hostname HTTP/1.1" status: 200 len: 190 time: 0.0126386
2026-07-21 07:51:00.487 44 INFO eventlet.wsgi.server [-] 10.100.0.4, "GET /2009-04-04/meta-data/placement/availability-zone HTTP/1.1" status: 200 len: 139 time: 0.0158570
2026-07-21 07:51:56.368 45 INFO eventlet.wsgi.server [-] 169.254.169.254, "GET / HTTP/1.1" status: 404 len: 176 time: 0.0054147
2026-07-21 07:53:07.209 45 INFO eventlet.wsgi.server [-] 10.2.1.204, "GET /2009-04-04/meta-data/instance-id HTTP/1.1" status: 200 len: 146 time: 0.2424242
2026-07-21 07:53:07.240 45 INFO eventlet.wsgi.server [-] 10.2.1.204, "GET /2009-04-04/meta-data/public-keys HTTP/1.1" status: 200 len: 174 time: 0.0197585
2026-07-21 07:53:07.260 45 INFO eventlet.wsgi.server [-] 10.2.1.204, "GET /2009-04-04/meta-data/public-keys/0/openssh-key HTTP/1.1" status: 200 len: 341 time: 0.0147259
2026-07-21 07:53:07.281 45 INFO eventlet.wsgi.server [-] 10.2.1.204, "GET /2009-04-04/meta-data/instance-id HTTP/1.1" status: 200 len: 146 time: 0.0139236
2026-07-21 07:53:07.306 45 INFO eventlet.wsgi.server [-] 10.2.1.204, "GET /2009-04-04/meta-data/ami-launch-index HTTP/1.1" status: 200 len: 136 time: 0.0165606
2026-07-21 07:53:07.326 45 INFO eventlet.wsgi.server [-] 10.2.1.204, "GET /2009-04-04/meta-data/instance-type HTTP/1.1" status: 200 len: 142 time: 0.0138168
2026-07-21 07:53:07.345 45 INFO eventlet.wsgi.server [-] 10.2.1.204, "GET /2009-04-04/meta-data/local-ipv4 HTTP/1.1" status: 200 len: 146 time: 0.0127387
2026-07-21 07:53:07.372 45 INFO eventlet.wsgi.server [-] 10.2.1.204, "GET /2009-04-04/meta-data/public-ipv4 HTTP/1.1" status: 200 len: 149 time: 0.0191343
2026-07-21 07:53:07.403 44 INFO eventlet.wsgi.server [-] 10.2.1.204, "GET /2009-04-04/meta-data/hostname HTTP/1.1" status: 200 len: 184 time: 0.0212431
2026-07-21 07:53:07.426 44 INFO eventlet.wsgi.server [-] 10.2.1.204, "GET /2009-04-04/meta-data/local-hostname HTTP/1.1" status: 200 len: 184 time: 0.0135224
2026-07-21 07:53:07.451 44 INFO neutron.agent.metadata.agent [-] The instance: 02d3bbc8-180a-48ba-959d-6be95323e772 is not present anymore, skipping cache...
2026-07-21 07:53:07.507 44 INFO eventlet.wsgi.server [-] 10.2.1.204, "GET /2009-04-04/user-data HTTP/1.1" status: 404 len: 297 time: 0.0723803
2026-07-21 07:53:07.549 45 INFO eventlet.wsgi.server [-] 10.2.1.204, "GET /2009-04-04/meta-data/block-device-mapping HTTP/1.1" status: 200 len: 143 time: 0.0162880
2026-07-21 07:53:07.571 45 INFO eventlet.wsgi.server [-] 10.2.1.204, "GET /2009-04-04/meta-data/block-device-mapping/ami HTTP/1.1" status: 200 len: 138 time: 0.0158687
2026-07-21 07:53:07.594 44 INFO eventlet.wsgi.server [-] 10.2.1.204, "GET /2009-04-04/meta-data/block-device-mapping/root HTTP/1.1" status: 200 len: 143 time: 0.0163865
2026-07-21 07:53:07.613 44 INFO eventlet.wsgi.server [-] 10.2.1.204, "GET /2009-04-04/meta-data/public-hostname HTTP/1.1" status: 200 len: 184 time: 0.0134904
2026-07-21 07:53:07.655 44 INFO eventlet.wsgi.server [-] 10.2.1.204, "GET /2009-04-04/meta-data/placement/availability-zone HTTP/1.1" status: 200 len: 139 time: 0.0218384
2026-07-21 07:53:17.998 44 INFO eventlet.wsgi.server [-] 10.2.2.48, "GET /2009-04-04/meta-data/instance-id HTTP/1.1" status: 200 len: 146 time: 0.3704484
2026-07-21 07:53:18.026 44 INFO eventlet.wsgi.server [-] 10.2.2.48, "GET /2009-04-04/meta-data/public-keys HTTP/1.1" status: 200 len: 174 time: 0.0167840
2026-07-21 07:53:18.045 44 INFO eventlet.wsgi.server [-] 10.2.2.48, "GET /2009-04-04/meta-data/public-keys/0/openssh-key HTTP/1.1" status: 200 len: 341 time: 0.0122533
2026-07-21 07:53:18.062 44 INFO eventlet.wsgi.server [-] 10.2.2.48, "GET /2009-04-04/meta-data/instance-id HTTP/1.1" status: 200 len: 146 time: 0.0113361
2026-07-21 07:53:18.088 44 INFO eventlet.wsgi.server [-] 10.2.2.48, "GET /2009-04-04/meta-data/ami-launch-index HTTP/1.1" status: 200 len: 136 time: 0.0174711
2026-07-21 07:53:18.105 44 INFO eventlet.wsgi.server [-] 10.2.2.48, "GET /2009-04-04/meta-data/instance-type HTTP/1.1" status: 200 len: 142 time: 0.0114815
2026-07-21 07:53:18.128 44 INFO eventlet.wsgi.server [-] 10.2.2.48, "GET /2009-04-04/meta-data/local-ipv4 HTTP/1.1" status: 200 len: 144 time: 0.0140896
2026-07-21 07:53:18.149 44 INFO eventlet.wsgi.server [-] 10.2.2.48, "GET /2009-04-04/meta-data/public-ipv4 HTTP/1.1" status: 200 len: 135 time: 0.0147357
2026-07-21 07:53:18.169 44 INFO eventlet.wsgi.server [-] 10.2.2.48, "GET /2009-04-04/meta-data/hostname HTTP/1.1" status: 200 len: 184 time: 0.0124457
2026-07-21 07:53:18.190 44 INFO eventlet.wsgi.server [-] 10.2.2.48, "GET /2009-04-04/meta-data/local-hostname HTTP/1.1" status: 200 len: 184 time: 0.0137672
2026-07-21 07:53:18.209 44 INFO neutron.agent.metadata.agent [-] The instance: 13206a2b-c84f-4051-974d-22ffa209a70d is not present anymore, skipping cache...
2026-07-21 07:53:18.265 44 INFO eventlet.wsgi.server [-] 10.2.2.48, "GET /2009-04-04/user-data HTTP/1.1" status: 404 len: 297 time: 0.0683923
2026-07-21 07:53:18.306 44 INFO eventlet.wsgi.server [-] 10.2.2.48, "GET /2009-04-04/meta-data/block-device-mapping HTTP/1.1" status: 200 len: 143 time: 0.0134926
2026-07-21 07:53:18.327 44 INFO eventlet.wsgi.server [-] 10.2.2.48, "GET /2009-04-04/meta-data/block-device-mapping/ami HTTP/1.1" status: 200 len: 138 time: 0.0139036
2026-07-21 07:53:18.345 44 INFO eventlet.wsgi.server [-] 10.2.2.48, "GET /2009-04-04/meta-data/block-device-mapping/root HTTP/1.1" status: 200 len: 143 time: 0.0122240
2026-07-21 07:53:18.364 44 INFO eventlet.wsgi.server [-] 10.2.2.48, "GET /2009-04-04/meta-data/public-hostname HTTP/1.1" status: 200 len: 184 time: 0.0133128
2026-07-21 07:53:18.386 44 INFO eventlet.wsgi.server [-] 10.2.2.48, "GET /2009-04-04/meta-data/placement/availability-zone HTTP/1.1" status: 200 len: 139 time: 0.0136571
2026-07-21 07:55:06.406 45 INFO eventlet.wsgi.server [-] 169.254.169.254, "GET / HTTP/1.1" status: 404 len: 176 time: 0.0084350
2026-07-21 07:58:16.374 45 INFO eventlet.wsgi.server [-] 169.254.169.254, "GET / HTTP/1.1" status: 404 len: 176 time: 0.0057535
2026-07-21 08:00:46.240 45 INFO eventlet.wsgi.server [-] 169.254.169.254, "GET / HTTP/1.1" status: 404 len: 176 time: 0.0080328
2026-07-21 08:01:26.345 45 INFO eventlet.wsgi.server [-] 169.254.169.254, "GET / HTTP/1.1" status: 404 len: 176 time: 0.0545819