Apr 25 16:20:09.359296 np0000170203 systemd[1]: Starting devstack@n-api-meta.service - Devstack devstack@n-api-meta.service...
Apr 25 16:20:09.368167 np0000170203 devstack@n-api-meta.service[109639]: [uWSGI] getting INI configuration from /etc/nova/nova-metadata-uwsgi.ini
Apr 25 16:20:09.368702 np0000170203 devstack@n-api-meta.service[109639]: open("./http_plugin.so"): No such file or directory [core/utils.c line 3709]
Apr 25 16:20:09.368702 np0000170203 devstack@n-api-meta.service[109639]: !!! UNABLE to load uWSGI plugin: ./http_plugin.so: cannot open shared object file: No such file or directory !!!
Apr 25 16:20:09.368702 np0000170203 devstack@n-api-meta.service[109639]: open("./python3_plugin.so"): No such file or directory [core/utils.c line 3709]
Apr 25 16:20:09.368702 np0000170203 devstack@n-api-meta.service[109639]: !!! UNABLE to load uWSGI plugin: ./python3_plugin.so: cannot open shared object file: No such file or directory !!!
Apr 25 16:20:09.368702 np0000170203 devstack@n-api-meta.service[109639]: *** Starting uWSGI 2.0.31 (64bit) on [Sat Apr 25 16:20:09 2026] ***
Apr 25 16:20:09.368702 np0000170203 devstack@n-api-meta.service[109639]: compiled with version: 13.3.0 on 25 April 2026 16:09:32
Apr 25 16:20:09.368702 np0000170203 devstack@n-api-meta.service[109639]: os: Linux-6.8.0-110-generic #110-Ubuntu SMP PREEMPT_DYNAMIC Thu Mar 19 15:09:20 UTC 2026
Apr 25 16:20:09.368702 np0000170203 devstack@n-api-meta.service[109639]: nodename: np0000170203
Apr 25 16:20:09.368702 np0000170203 devstack@n-api-meta.service[109639]: machine: x86_64
Apr 25 16:20:09.368702 np0000170203 devstack@n-api-meta.service[109639]: clock source: unix
Apr 25 16:20:09.368702 np0000170203 devstack@n-api-meta.service[109639]: pcre jit disabled
Apr 25 16:20:09.368702 np0000170203 devstack@n-api-meta.service[109639]: detected number of CPU cores: 16
Apr 25 16:20:09.368702 np0000170203 devstack@n-api-meta.service[109639]: current working directory: /
Apr 25 16:20:09.368702 np0000170203 devstack@n-api-meta.service[109639]: detected binary path: /opt/stack/data/venv/bin/uwsgi
Apr 25 16:20:09.368702 np0000170203 devstack@n-api-meta.service[109639]: your processes number limit is 256917
Apr 25 16:20:09.368702 np0000170203 devstack@n-api-meta.service[109639]: your memory page size is 4096 bytes
Apr 25 16:20:09.368702 np0000170203 devstack@n-api-meta.service[109639]: detected max file descriptor number: 2048
Apr 25 16:20:09.368702 np0000170203 devstack@n-api-meta.service[109639]: lock engine: pthread robust mutexes
Apr 25 16:20:09.368702 np0000170203 devstack@n-api-meta.service[109639]: thunder lock: enabled
Apr 25 16:20:09.369618 np0000170203 devstack@n-api-meta.service[109639]: uWSGI http bound on 0.0.0.0:8775 fd 5
Apr 25 16:20:09.369618 np0000170203 devstack@n-api-meta.service[109639]: uwsgi socket 0 bound to TCP address 127.0.0.1:43331 (port auto-assigned) fd 4
Apr 25 16:20:09.369618 np0000170203 devstack@n-api-meta.service[109639]: Python version: 3.12.3 (main, Mar 23 2026, 19:04:32) [GCC 13.3.0]
Apr 25 16:20:09.369618 np0000170203 devstack@n-api-meta.service[109639]: PEP 405 virtualenv detected: /opt/stack/data/venv
Apr 25 16:20:09.369618 np0000170203 devstack@n-api-meta.service[109639]: Set PythonHome to /opt/stack/data/venv
Apr 25 16:20:09.411211 np0000170203 devstack@n-api-meta.service[109639]: Python main interpreter initialized at 0x79bb32ea3668
Apr 25 16:20:09.411211 np0000170203 devstack@n-api-meta.service[109639]: python threads support enabled
Apr 25 16:20:09.411211 np0000170203 devstack@n-api-meta.service[109639]: your server socket listen backlog is limited to 100 connections
Apr 25 16:20:09.411211 np0000170203 devstack@n-api-meta.service[109639]: your mercy for graceful operations on workers is 80 seconds
Apr 25 16:20:09.411753 np0000170203 devstack@n-api-meta.service[109639]: mapped 671795 bytes (656 KB) for 4 cores
Apr 25 16:20:09.411937 np0000170203 devstack@n-api-meta.service[109639]: *** Operational MODE: preforking ***
Apr 25 16:20:09.412167 np0000170203 devstack@n-api-meta.service[109639]: *** uWSGI is running in multiple interpreter mode ***
Apr 25 16:20:09.412167 np0000170203 devstack@n-api-meta.service[109639]: spawned uWSGI master process (pid: 109639)
Apr 25 16:20:09.412331 np0000170203 systemd[1]: Started devstack@n-api-meta.service - Devstack devstack@n-api-meta.service.
Apr 25 16:20:09.412905 np0000170203 devstack@n-api-meta.service[109639]: spawned uWSGI worker 1 (pid: 109640, cores: 1)
Apr 25 16:20:09.413359 np0000170203 devstack@n-api-meta.service[109639]: spawned uWSGI worker 2 (pid: 109641, cores: 1)
Apr 25 16:20:09.413816 np0000170203 devstack@n-api-meta.service[109639]: spawned uWSGI worker 3 (pid: 109642, cores: 1)
Apr 25 16:20:09.414247 np0000170203 devstack@n-api-meta.service[109639]: spawned uWSGI worker 4 (pid: 109643, cores: 1)
Apr 25 16:20:09.414731 np0000170203 devstack@n-api-meta.service[109639]: spawned uWSGI http 1 (pid: 109644)
Apr 25 16:20:09.414731 np0000170203 devstack@n-api-meta.service[109639]: running "unix_signal:15 gracefully_kill_them_all" (master-start)...
Apr 25 16:20:09.748276 np0000170203 devstack@n-api-meta.service[109643]: /opt/stack/data/venv/lib/python3.12/site-packages/oslo_concurrency/lockutils.py:41: EventletDeprecationWarning:
Apr 25 16:20:09.748276 np0000170203 devstack@n-api-meta.service[109643]: Eventlet is deprecated. It is currently being maintained in bugfix mode, and
Apr 25 16:20:09.748276 np0000170203 devstack@n-api-meta.service[109643]: we strongly recommend against using it for new projects.
Apr 25 16:20:09.748276 np0000170203 devstack@n-api-meta.service[109643]: If you are already using Eventlet, we recommend migrating to a different
Apr 25 16:20:09.748276 np0000170203 devstack@n-api-meta.service[109643]: framework. For more detail see
Apr 25 16:20:09.748276 np0000170203 devstack@n-api-meta.service[109643]: https://eventlet.readthedocs.io/en/latest/asyncio/migration.html
Apr 25 16:20:09.748276 np0000170203 devstack@n-api-meta.service[109643]: import eventlet
Apr 25 16:20:09.748708 np0000170203 devstack@n-api-meta.service[109642]: /opt/stack/data/venv/lib/python3.12/site-packages/oslo_concurrency/lockutils.py:41: EventletDeprecationWarning:
Apr 25 16:20:09.748708 np0000170203 devstack@n-api-meta.service[109642]: Eventlet is deprecated. It is currently being maintained in bugfix mode, and
Apr 25 16:20:09.748708 np0000170203 devstack@n-api-meta.service[109642]: we strongly recommend against using it for new projects.
Apr 25 16:20:09.748708 np0000170203 devstack@n-api-meta.service[109642]: If you are already using Eventlet, we recommend migrating to a different
Apr 25 16:20:09.748708 np0000170203 devstack@n-api-meta.service[109642]: framework. For more detail see
Apr 25 16:20:09.748708 np0000170203 devstack@n-api-meta.service[109642]: https://eventlet.readthedocs.io/en/latest/asyncio/migration.html
Apr 25 16:20:09.748708 np0000170203 devstack@n-api-meta.service[109642]: import eventlet
Apr 25 16:20:09.749461 np0000170203 devstack@n-api-meta.service[109640]: /opt/stack/data/venv/lib/python3.12/site-packages/oslo_concurrency/lockutils.py:41: EventletDeprecationWarning:
Apr 25 16:20:09.749461 np0000170203 devstack@n-api-meta.service[109640]: Eventlet is deprecated. It is currently being maintained in bugfix mode, and
Apr 25 16:20:09.749461 np0000170203 devstack@n-api-meta.service[109640]: we strongly recommend against using it for new projects.
Apr 25 16:20:09.749461 np0000170203 devstack@n-api-meta.service[109640]: If you are already using Eventlet, we recommend migrating to a different
Apr 25 16:20:09.749461 np0000170203 devstack@n-api-meta.service[109640]: framework. For more detail see
Apr 25 16:20:09.749461 np0000170203 devstack@n-api-meta.service[109640]: https://eventlet.readthedocs.io/en/latest/asyncio/migration.html
Apr 25 16:20:09.749461 np0000170203 devstack@n-api-meta.service[109640]: import eventlet
Apr 25 16:20:09.754176 np0000170203 devstack@n-api-meta.service[109641]: /opt/stack/data/venv/lib/python3.12/site-packages/oslo_concurrency/lockutils.py:41: EventletDeprecationWarning:
Apr 25 16:20:09.754176 np0000170203 devstack@n-api-meta.service[109641]: Eventlet is deprecated. It is currently being maintained in bugfix mode, and
Apr 25 16:20:09.754176 np0000170203 devstack@n-api-meta.service[109641]: we strongly recommend against using it for new projects.
Apr 25 16:20:09.754176 np0000170203 devstack@n-api-meta.service[109641]: If you are already using Eventlet, we recommend migrating to a different
Apr 25 16:20:09.754176 np0000170203 devstack@n-api-meta.service[109641]: framework. For more detail see
Apr 25 16:20:09.754176 np0000170203 devstack@n-api-meta.service[109641]: https://eventlet.readthedocs.io/en/latest/asyncio/migration.html
Apr 25 16:20:09.754176 np0000170203 devstack@n-api-meta.service[109641]: import eventlet
Apr 25 16:20:09.798358 np0000170203 devstack@n-api-meta.service[109643]: Service is starting with native threading. This is currently experimental. Do not use it in production without first testing it in pre-production.
Apr 25 16:20:09.798644 np0000170203 devstack@n-api-meta.service[109642]: Service is starting with native threading. This is currently experimental. Do not use it in production without first testing it in pre-production.
Apr 25 16:20:09.804851 np0000170203 devstack@n-api-meta.service[109641]: Service is starting with native threading. This is currently experimental. Do not use it in production without first testing it in pre-production.
Apr 25 16:20:09.813120 np0000170203 devstack@n-api-meta.service[109640]: Service is starting with native threading. This is currently experimental. Do not use it in production without first testing it in pre-production.
Apr 25 16:20:11.201436 np0000170203 devstack@n-api-meta.service[109640]: INFO dbcounter [None req-92e28eed-ce24-4450-9fa8-d21860b4b84c None None] Registered counter for database nova_api
Apr 25 16:20:11.214574 np0000170203 devstack@n-api-meta.service[109640]: DEBUG oslo_db.sqlalchemy.engines [None req-92e28eed-ce24-4450-9fa8-d21860b4b84c None None] MySQL server mode set to STRICT_TRANS_TABLES,STRICT_ALL_TABLES,NO_ZERO_IN_DATE,NO_ZERO_DATE,ERROR_FOR_DIVISION_BY_ZERO,TRADITIONAL,NO_ENGINE_SUBSTITUTION {{(pid=109640) _check_effective_sql_mode /opt/stack/data/venv/lib/python3.12/site-packages/oslo_db/sqlalchemy/engines.py:325}}
Apr 25 16:20:11.222740 np0000170203 devstack@n-api-meta.service[109643]: INFO dbcounter [None req-81d5dd01-9a08-472a-8ac0-f08d7ab6e9bf None None] Registered counter for database nova_api
Apr 25 16:20:11.239068 np0000170203 devstack@n-api-meta.service[109643]: DEBUG oslo_db.sqlalchemy.engines [None req-81d5dd01-9a08-472a-8ac0-f08d7ab6e9bf None None] MySQL server mode set to STRICT_TRANS_TABLES,STRICT_ALL_TABLES,NO_ZERO_IN_DATE,NO_ZERO_DATE,ERROR_FOR_DIVISION_BY_ZERO,TRADITIONAL,NO_ENGINE_SUBSTITUTION {{(pid=109643) _check_effective_sql_mode /opt/stack/data/venv/lib/python3.12/site-packages/oslo_db/sqlalchemy/engines.py:325}}
Apr 25 16:20:11.247945 np0000170203 devstack@n-api-meta.service[109640]: DEBUG dbcounter [-] [109640] Writer thread running {{(pid=109640) stat_writer /opt/stack/data/venv/lib/python3.12/site-packages/dbcounter.py:102}}
Apr 25 16:20:11.250189 np0000170203 devstack@n-api-meta.service[109640]: DEBUG nova.context [None req-92e28eed-ce24-4450-9fa8-d21860b4b84c None None] Found 2 cells: 00000000-0000-0000-0000-000000000000(cell0),97f9ddd9-7169-42c1-bd2c-24229800ff22(cell1) {{(pid=109640) load_cells /opt/stack/nova/nova/context.py:509}}
Apr 25 16:20:11.250373 np0000170203 devstack@n-api-meta.service[109640]: INFO nova.utils [None req-92e28eed-ce24-4450-9fa8-d21860b4b84c None None] The cell worker thread pool MainProcess.cell_worker is initialized
Apr 25 16:20:11.252064 np0000170203 devstack@n-api-meta.service[109640]: DEBUG oslo_concurrency.lockutils [None req-92e28eed-ce24-4450-9fa8-d21860b4b84c None None] Acquiring lock "00000000-0000-0000-0000-000000000000" by "nova.context.set_target_cell..get_or_set_cached_cell_and_set_connections" {{(pid=109640) inner /opt/stack/data/venv/lib/python3.12/site-packages/oslo_concurrency/lockutils.py:506}}
Apr 25 16:20:11.252198 np0000170203 devstack@n-api-meta.service[109640]: DEBUG oslo_concurrency.lockutils [None req-92e28eed-ce24-4450-9fa8-d21860b4b84c None None] Lock "00000000-0000-0000-0000-000000000000" acquired by "nova.context.set_target_cell..get_or_set_cached_cell_and_set_connections" :: waited 0.000s {{(pid=109640) inner /opt/stack/data/venv/lib/python3.12/site-packages/oslo_concurrency/lockutils.py:519}}
Apr 25 16:20:11.252539 np0000170203 devstack@n-api-meta.service[109640]: DEBUG oslo_concurrency.lockutils [None req-92e28eed-ce24-4450-9fa8-d21860b4b84c None None] Lock "00000000-0000-0000-0000-000000000000" "released" by "nova.context.set_target_cell..get_or_set_cached_cell_and_set_connections" :: held 0.000s {{(pid=109640) inner /opt/stack/data/venv/lib/python3.12/site-packages/oslo_concurrency/lockutils.py:538}}
Apr 25 16:20:11.253600 np0000170203 devstack@n-api-meta.service[109640]: DEBUG oslo_concurrency.lockutils [None req-92e28eed-ce24-4450-9fa8-d21860b4b84c None None] Acquiring lock "97f9ddd9-7169-42c1-bd2c-24229800ff22" by "nova.context.set_target_cell..get_or_set_cached_cell_and_set_connections" {{(pid=109640) inner /opt/stack/data/venv/lib/python3.12/site-packages/oslo_concurrency/lockutils.py:506}}
Apr 25 16:20:11.253726 np0000170203 devstack@n-api-meta.service[109640]: DEBUG oslo_concurrency.lockutils [None req-92e28eed-ce24-4450-9fa8-d21860b4b84c None None] Lock "97f9ddd9-7169-42c1-bd2c-24229800ff22" acquired by "nova.context.set_target_cell..get_or_set_cached_cell_and_set_connections" :: waited 0.000s {{(pid=109640) inner /opt/stack/data/venv/lib/python3.12/site-packages/oslo_concurrency/lockutils.py:519}}
Apr 25 16:20:11.254521 np0000170203 devstack@n-api-meta.service[109640]: DEBUG oslo_concurrency.lockutils [None req-92e28eed-ce24-4450-9fa8-d21860b4b84c None None] Lock "97f9ddd9-7169-42c1-bd2c-24229800ff22" "released" by "nova.context.set_target_cell..get_or_set_cached_cell_and_set_connections" :: held 0.001s {{(pid=109640) inner /opt/stack/data/venv/lib/python3.12/site-packages/oslo_concurrency/lockutils.py:538}}
Apr 25 16:20:11.258571 np0000170203 devstack@n-api-meta.service[109640]: INFO dbcounter [None req-92e28eed-ce24-4450-9fa8-d21860b4b84c None None] Registered counter for database nova_cell0
Apr 25 16:20:11.259609 np0000170203 devstack@n-api-meta.service[109641]: INFO dbcounter [None req-c3b68bbf-ca10-483b-8273-e81d3911e38e None None] Registered counter for database nova_api
Apr 25 16:20:11.260339 np0000170203 devstack@n-api-meta.service[109642]: INFO dbcounter [None req-9d4e8cf3-88ee-4dca-b95e-254e84fe090c None None] Registered counter for database nova_api
Apr 25 16:20:11.263046 np0000170203 devstack@n-api-meta.service[109640]: INFO dbcounter [None req-92e28eed-ce24-4450-9fa8-d21860b4b84c None None] Registered counter for database nova_cell1
Apr 25 16:20:11.271008 np0000170203 devstack@n-api-meta.service[109640]: DEBUG oslo_db.sqlalchemy.engines [None req-92e28eed-ce24-4450-9fa8-d21860b4b84c None None] MySQL server mode set to STRICT_TRANS_TABLES,STRICT_ALL_TABLES,NO_ZERO_IN_DATE,NO_ZERO_DATE,ERROR_FOR_DIVISION_BY_ZERO,TRADITIONAL,NO_ENGINE_SUBSTITUTION {{(pid=109640) _check_effective_sql_mode /opt/stack/data/venv/lib/python3.12/site-packages/oslo_db/sqlalchemy/engines.py:325}}
Apr 25 16:20:11.276179 np0000170203 devstack@n-api-meta.service[109643]: DEBUG dbcounter [-] [109643] Writer thread running {{(pid=109643) stat_writer /opt/stack/data/venv/lib/python3.12/site-packages/dbcounter.py:102}}
Apr 25 16:20:11.276398 np0000170203 devstack@n-api-meta.service[109641]: DEBUG oslo_db.sqlalchemy.engines [None req-c3b68bbf-ca10-483b-8273-e81d3911e38e None None] MySQL server mode set to STRICT_TRANS_TABLES,STRICT_ALL_TABLES,NO_ZERO_IN_DATE,NO_ZERO_DATE,ERROR_FOR_DIVISION_BY_ZERO,TRADITIONAL,NO_ENGINE_SUBSTITUTION {{(pid=109641) _check_effective_sql_mode /opt/stack/data/venv/lib/python3.12/site-packages/oslo_db/sqlalchemy/engines.py:325}}
Apr 25 16:20:11.278819 np0000170203 devstack@n-api-meta.service[109643]: DEBUG nova.context [None req-81d5dd01-9a08-472a-8ac0-f08d7ab6e9bf None None] Found 2 cells: 00000000-0000-0000-0000-000000000000(cell0),97f9ddd9-7169-42c1-bd2c-24229800ff22(cell1) {{(pid=109643) load_cells /opt/stack/nova/nova/context.py:509}}
Apr 25 16:20:11.279078 np0000170203 devstack@n-api-meta.service[109643]: INFO nova.utils [None req-81d5dd01-9a08-472a-8ac0-f08d7ab6e9bf None None] The cell worker thread pool MainProcess.cell_worker is initialized
Apr 25 16:20:11.280708 np0000170203 devstack@n-api-meta.service[109642]: DEBUG oslo_db.sqlalchemy.engines [None req-9d4e8cf3-88ee-4dca-b95e-254e84fe090c None None] MySQL server mode set to STRICT_TRANS_TABLES,STRICT_ALL_TABLES,NO_ZERO_IN_DATE,NO_ZERO_DATE,ERROR_FOR_DIVISION_BY_ZERO,TRADITIONAL,NO_ENGINE_SUBSTITUTION {{(pid=109642) _check_effective_sql_mode /opt/stack/data/venv/lib/python3.12/site-packages/oslo_db/sqlalchemy/engines.py:325}}
Apr 25 16:20:11.281084 np0000170203 devstack@n-api-meta.service[109643]: DEBUG oslo_concurrency.lockutils [None req-81d5dd01-9a08-472a-8ac0-f08d7ab6e9bf None None] Acquiring lock "00000000-0000-0000-0000-000000000000" by "nova.context.set_target_cell..get_or_set_cached_cell_and_set_connections" {{(pid=109643) inner /opt/stack/data/venv/lib/python3.12/site-packages/oslo_concurrency/lockutils.py:506}}
Apr 25 16:20:11.281282 np0000170203 devstack@n-api-meta.service[109643]: DEBUG oslo_concurrency.lockutils [None req-81d5dd01-9a08-472a-8ac0-f08d7ab6e9bf None None] Lock "00000000-0000-0000-0000-000000000000" acquired by "nova.context.set_target_cell..get_or_set_cached_cell_and_set_connections" :: waited 0.000s {{(pid=109643) inner /opt/stack/data/venv/lib/python3.12/site-packages/oslo_concurrency/lockutils.py:519}}
Apr 25 16:20:11.281668 np0000170203 devstack@n-api-meta.service[109643]: DEBUG oslo_concurrency.lockutils [None req-81d5dd01-9a08-472a-8ac0-f08d7ab6e9bf None None] Lock "00000000-0000-0000-0000-000000000000" "released" by "nova.context.set_target_cell..get_or_set_cached_cell_and_set_connections" :: held 0.000s {{(pid=109643) inner /opt/stack/data/venv/lib/python3.12/site-packages/oslo_concurrency/lockutils.py:538}}
Apr 25 16:20:11.282626 np0000170203 devstack@n-api-meta.service[109643]: DEBUG oslo_concurrency.lockutils [None req-81d5dd01-9a08-472a-8ac0-f08d7ab6e9bf None None] Acquiring lock "97f9ddd9-7169-42c1-bd2c-24229800ff22" by "nova.context.set_target_cell..get_or_set_cached_cell_and_set_connections" {{(pid=109643) inner /opt/stack/data/venv/lib/python3.12/site-packages/oslo_concurrency/lockutils.py:506}}
Apr 25 16:20:11.282838 np0000170203 devstack@n-api-meta.service[109643]: DEBUG oslo_concurrency.lockutils [None req-81d5dd01-9a08-472a-8ac0-f08d7ab6e9bf None None] Lock "97f9ddd9-7169-42c1-bd2c-24229800ff22" acquired by "nova.context.set_target_cell..get_or_set_cached_cell_and_set_connections" :: waited 0.000s {{(pid=109643) inner /opt/stack/data/venv/lib/python3.12/site-packages/oslo_concurrency/lockutils.py:519}}
Apr 25 16:20:11.283705 np0000170203 devstack@n-api-meta.service[109643]: DEBUG oslo_concurrency.lockutils [None req-81d5dd01-9a08-472a-8ac0-f08d7ab6e9bf None None] Lock "97f9ddd9-7169-42c1-bd2c-24229800ff22" "released" by "nova.context.set_target_cell..get_or_set_cached_cell_and_set_connections" :: held 0.001s {{(pid=109643) inner /opt/stack/data/venv/lib/python3.12/site-packages/oslo_concurrency/lockutils.py:538}}
Apr 25 16:20:11.287097 np0000170203 devstack@n-api-meta.service[109643]: INFO dbcounter [None req-81d5dd01-9a08-472a-8ac0-f08d7ab6e9bf None None] Registered counter for database nova_cell0
Apr 25 16:20:11.292457 np0000170203 devstack@n-api-meta.service[109643]: INFO dbcounter [None req-81d5dd01-9a08-472a-8ac0-f08d7ab6e9bf None None] Registered counter for database nova_cell1
Apr 25 16:20:11.297099 np0000170203 devstack@n-api-meta.service[109640]: DEBUG oslo_db.sqlalchemy.engines [None req-92e28eed-ce24-4450-9fa8-d21860b4b84c None None] MySQL server mode set to STRICT_TRANS_TABLES,STRICT_ALL_TABLES,NO_ZERO_IN_DATE,NO_ZERO_DATE,ERROR_FOR_DIVISION_BY_ZERO,TRADITIONAL,NO_ENGINE_SUBSTITUTION {{(pid=109640) _check_effective_sql_mode /opt/stack/data/venv/lib/python3.12/site-packages/oslo_db/sqlalchemy/engines.py:325}}
Apr 25 16:20:11.301016 np0000170203 devstack@n-api-meta.service[109643]: DEBUG oslo_db.sqlalchemy.engines [None req-81d5dd01-9a08-472a-8ac0-f08d7ab6e9bf None None] MySQL server mode set to STRICT_TRANS_TABLES,STRICT_ALL_TABLES,NO_ZERO_IN_DATE,NO_ZERO_DATE,ERROR_FOR_DIVISION_BY_ZERO,TRADITIONAL,NO_ENGINE_SUBSTITUTION {{(pid=109643) _check_effective_sql_mode /opt/stack/data/venv/lib/python3.12/site-packages/oslo_db/sqlalchemy/engines.py:325}}
Apr 25 16:20:11.312056 np0000170203 devstack@n-api-meta.service[109643]: DEBUG oslo_db.sqlalchemy.engines [None req-81d5dd01-9a08-472a-8ac0-f08d7ab6e9bf None None] MySQL server mode set to STRICT_TRANS_TABLES,STRICT_ALL_TABLES,NO_ZERO_IN_DATE,NO_ZERO_DATE,ERROR_FOR_DIVISION_BY_ZERO,TRADITIONAL,NO_ENGINE_SUBSTITUTION {{(pid=109643) _check_effective_sql_mode /opt/stack/data/venv/lib/python3.12/site-packages/oslo_db/sqlalchemy/engines.py:325}}
Apr 25 16:20:11.312457 np0000170203 devstack@n-api-meta.service[109641]: DEBUG dbcounter [-] [109641] Writer thread running {{(pid=109641) stat_writer /opt/stack/data/venv/lib/python3.12/site-packages/dbcounter.py:102}}
Apr 25 16:20:11.314945 np0000170203 devstack@n-api-meta.service[109641]: DEBUG nova.context [None req-c3b68bbf-ca10-483b-8273-e81d3911e38e None None] Found 2 cells: 00000000-0000-0000-0000-000000000000(cell0),97f9ddd9-7169-42c1-bd2c-24229800ff22(cell1) {{(pid=109641) load_cells /opt/stack/nova/nova/context.py:509}}
Apr 25 16:20:11.315158 np0000170203 devstack@n-api-meta.service[109641]: INFO nova.utils [None req-c3b68bbf-ca10-483b-8273-e81d3911e38e None None] The cell worker thread pool MainProcess.cell_worker is initialized
Apr 25 16:20:11.317044 np0000170203 devstack@n-api-meta.service[109641]: DEBUG oslo_concurrency.lockutils [None req-c3b68bbf-ca10-483b-8273-e81d3911e38e None None] Acquiring lock "00000000-0000-0000-0000-000000000000" by "nova.context.set_target_cell..get_or_set_cached_cell_and_set_connections" {{(pid=109641) inner /opt/stack/data/venv/lib/python3.12/site-packages/oslo_concurrency/lockutils.py:506}}
Apr 25 16:20:11.317156 np0000170203 devstack@n-api-meta.service[109642]: DEBUG dbcounter [-] [109642] Writer thread running {{(pid=109642) stat_writer /opt/stack/data/venv/lib/python3.12/site-packages/dbcounter.py:102}}
Apr 25 16:20:11.317230 np0000170203 devstack@n-api-meta.service[109641]: DEBUG oslo_concurrency.lockutils [None req-c3b68bbf-ca10-483b-8273-e81d3911e38e None None] Lock "00000000-0000-0000-0000-000000000000" acquired by "nova.context.set_target_cell..get_or_set_cached_cell_and_set_connections" :: waited 0.000s {{(pid=109641) inner /opt/stack/data/venv/lib/python3.12/site-packages/oslo_concurrency/lockutils.py:519}}
Apr 25 16:20:11.317601 np0000170203 devstack@n-api-meta.service[109641]: DEBUG oslo_concurrency.lockutils [None req-c3b68bbf-ca10-483b-8273-e81d3911e38e None None] Lock "00000000-0000-0000-0000-000000000000" "released" by "nova.context.set_target_cell..get_or_set_cached_cell_and_set_connections" :: held 0.000s {{(pid=109641) inner /opt/stack/data/venv/lib/python3.12/site-packages/oslo_concurrency/lockutils.py:538}}
Apr 25 16:20:11.318371 np0000170203 devstack@n-api-meta.service[109641]: DEBUG oslo_concurrency.lockutils [None req-c3b68bbf-ca10-483b-8273-e81d3911e38e None None] Acquiring lock "97f9ddd9-7169-42c1-bd2c-24229800ff22" by "nova.context.set_target_cell..get_or_set_cached_cell_and_set_connections" {{(pid=109641) inner /opt/stack/data/venv/lib/python3.12/site-packages/oslo_concurrency/lockutils.py:506}}
Apr 25 16:20:11.318503 np0000170203 devstack@n-api-meta.service[109641]: DEBUG oslo_concurrency.lockutils [None req-c3b68bbf-ca10-483b-8273-e81d3911e38e None None] Lock "97f9ddd9-7169-42c1-bd2c-24229800ff22" acquired by "nova.context.set_target_cell..get_or_set_cached_cell_and_set_connections" :: waited 0.000s {{(pid=109641) inner /opt/stack/data/venv/lib/python3.12/site-packages/oslo_concurrency/lockutils.py:519}}
Apr 25 16:20:11.319130 np0000170203 devstack@n-api-meta.service[109642]: DEBUG nova.context [None req-9d4e8cf3-88ee-4dca-b95e-254e84fe090c None None] Found 2 cells: 00000000-0000-0000-0000-000000000000(cell0),97f9ddd9-7169-42c1-bd2c-24229800ff22(cell1) {{(pid=109642) load_cells /opt/stack/nova/nova/context.py:509}}
Apr 25 16:20:11.319326 np0000170203 devstack@n-api-meta.service[109642]: INFO nova.utils [None req-9d4e8cf3-88ee-4dca-b95e-254e84fe090c None None] The cell worker thread pool MainProcess.cell_worker is initialized
Apr 25 16:20:11.319505 np0000170203 devstack@n-api-meta.service[109641]: DEBUG oslo_concurrency.lockutils [None req-c3b68bbf-ca10-483b-8273-e81d3911e38e None None] Lock "97f9ddd9-7169-42c1-bd2c-24229800ff22" "released" by "nova.context.set_target_cell..get_or_set_cached_cell_and_set_connections" :: held 0.001s {{(pid=109641) inner /opt/stack/data/venv/lib/python3.12/site-packages/oslo_concurrency/lockutils.py:538}}
Apr 25 16:20:11.321242 np0000170203 devstack@n-api-meta.service[109642]: DEBUG oslo_concurrency.lockutils [None req-9d4e8cf3-88ee-4dca-b95e-254e84fe090c None None] Acquiring lock "00000000-0000-0000-0000-000000000000" by "nova.context.set_target_cell..get_or_set_cached_cell_and_set_connections" {{(pid=109642) inner /opt/stack/data/venv/lib/python3.12/site-packages/oslo_concurrency/lockutils.py:506}}
Apr 25 16:20:11.321392 np0000170203 devstack@n-api-meta.service[109642]: DEBUG oslo_concurrency.lockutils [None req-9d4e8cf3-88ee-4dca-b95e-254e84fe090c None None] Lock "00000000-0000-0000-0000-000000000000" acquired by "nova.context.set_target_cell..get_or_set_cached_cell_and_set_connections" :: waited 0.000s {{(pid=109642) inner /opt/stack/data/venv/lib/python3.12/site-packages/oslo_concurrency/lockutils.py:519}}
Apr 25 16:20:11.321728 np0000170203 devstack@n-api-meta.service[109642]: DEBUG oslo_concurrency.lockutils [None req-9d4e8cf3-88ee-4dca-b95e-254e84fe090c None None] Lock "00000000-0000-0000-0000-000000000000" "released" by "nova.context.set_target_cell..get_or_set_cached_cell_and_set_connections" :: held 0.000s {{(pid=109642) inner /opt/stack/data/venv/lib/python3.12/site-packages/oslo_concurrency/lockutils.py:538}}
Apr 25 16:20:11.322288 np0000170203 devstack@n-api-meta.service[109642]: DEBUG oslo_concurrency.lockutils [None req-9d4e8cf3-88ee-4dca-b95e-254e84fe090c None None] Acquiring lock "97f9ddd9-7169-42c1-bd2c-24229800ff22" by "nova.context.set_target_cell..get_or_set_cached_cell_and_set_connections" {{(pid=109642) inner /opt/stack/data/venv/lib/python3.12/site-packages/oslo_concurrency/lockutils.py:506}}
Apr 25 16:20:11.322426 np0000170203 devstack@n-api-meta.service[109642]: DEBUG oslo_concurrency.lockutils [None req-9d4e8cf3-88ee-4dca-b95e-254e84fe090c None None] Lock "97f9ddd9-7169-42c1-bd2c-24229800ff22" acquired by "nova.context.set_target_cell..get_or_set_cached_cell_and_set_connections" :: waited 0.000s {{(pid=109642) inner /opt/stack/data/venv/lib/python3.12/site-packages/oslo_concurrency/lockutils.py:519}}
Apr 25 16:20:11.322936 np0000170203 devstack@n-api-meta.service[109641]: INFO dbcounter [None req-c3b68bbf-ca10-483b-8273-e81d3911e38e None None] Registered counter for database nova_cell0
Apr 25 16:20:11.323208 np0000170203 devstack@n-api-meta.service[109642]: DEBUG oslo_concurrency.lockutils [None req-9d4e8cf3-88ee-4dca-b95e-254e84fe090c None None] Lock "97f9ddd9-7169-42c1-bd2c-24229800ff22" "released" by "nova.context.set_target_cell..get_or_set_cached_cell_and_set_connections" :: held 0.001s {{(pid=109642) inner /opt/stack/data/venv/lib/python3.12/site-packages/oslo_concurrency/lockutils.py:538}}
Apr 25 16:20:11.325112 np0000170203 devstack@n-api-meta.service[109642]: INFO dbcounter [None req-9d4e8cf3-88ee-4dca-b95e-254e84fe090c None None] Registered counter for database nova_cell0
Apr 25 16:20:11.327597 np0000170203 devstack@n-api-meta.service[109641]: INFO dbcounter [None req-c3b68bbf-ca10-483b-8273-e81d3911e38e None None] Registered counter for database nova_cell1
Apr 25 16:20:11.329572 np0000170203 devstack@n-api-meta.service[109642]: INFO dbcounter [None req-9d4e8cf3-88ee-4dca-b95e-254e84fe090c None None] Registered counter for database nova_cell1
Apr 25 16:20:11.337506 np0000170203 devstack@n-api-meta.service[109641]: DEBUG oslo_db.sqlalchemy.engines [None req-c3b68bbf-ca10-483b-8273-e81d3911e38e None None] MySQL server mode set to STRICT_TRANS_TABLES,STRICT_ALL_TABLES,NO_ZERO_IN_DATE,NO_ZERO_DATE,ERROR_FOR_DIVISION_BY_ZERO,TRADITIONAL,NO_ENGINE_SUBSTITUTION {{(pid=109641) _check_effective_sql_mode /opt/stack/data/venv/lib/python3.12/site-packages/oslo_db/sqlalchemy/engines.py:325}}
Apr 25 16:20:11.343844 np0000170203 devstack@n-api-meta.service[109641]: DEBUG oslo_db.sqlalchemy.engines [None req-c3b68bbf-ca10-483b-8273-e81d3911e38e None None] MySQL server mode set to STRICT_TRANS_TABLES,STRICT_ALL_TABLES,NO_ZERO_IN_DATE,NO_ZERO_DATE,ERROR_FOR_DIVISION_BY_ZERO,TRADITIONAL,NO_ENGINE_SUBSTITUTION {{(pid=109641) _check_effective_sql_mode /opt/stack/data/venv/lib/python3.12/site-packages/oslo_db/sqlalchemy/engines.py:325}}
Apr 25 16:20:11.350023 np0000170203 devstack@n-api-meta.service[109642]: DEBUG oslo_db.sqlalchemy.engines [None req-9d4e8cf3-88ee-4dca-b95e-254e84fe090c None None] MySQL server mode set to STRICT_TRANS_TABLES,STRICT_ALL_TABLES,NO_ZERO_IN_DATE,NO_ZERO_DATE,ERROR_FOR_DIVISION_BY_ZERO,TRADITIONAL,NO_ENGINE_SUBSTITUTION {{(pid=109642) _check_effective_sql_mode /opt/stack/data/venv/lib/python3.12/site-packages/oslo_db/sqlalchemy/engines.py:325}}
Apr 25 16:20:11.360972 np0000170203 devstack@n-api-meta.service[109642]: DEBUG oslo_db.sqlalchemy.engines [None req-9d4e8cf3-88ee-4dca-b95e-254e84fe090c None None] MySQL server mode set to STRICT_TRANS_TABLES,STRICT_ALL_TABLES,NO_ZERO_IN_DATE,NO_ZERO_DATE,ERROR_FOR_DIVISION_BY_ZERO,TRADITIONAL,NO_ENGINE_SUBSTITUTION {{(pid=109642) _check_effective_sql_mode /opt/stack/data/venv/lib/python3.12/site-packages/oslo_db/sqlalchemy/engines.py:325}}
Apr 25 16:20:11.374213 np0000170203 devstack@n-api-meta.service[109640]: DEBUG dbcounter [-] [109640] Writer thread running {{(pid=109640) stat_writer /opt/stack/data/venv/lib/python3.12/site-packages/dbcounter.py:102}}
Apr 25 16:20:11.381184 np0000170203 devstack@n-api-meta.service[109640]: DEBUG dbcounter [-] [109640] Writer thread running {{(pid=109640) stat_writer /opt/stack/data/venv/lib/python3.12/site-packages/dbcounter.py:102}}
Apr 25 16:20:11.385537 np0000170203 devstack@n-api-meta.service[109640]: INFO dbcounter [None req-92e28eed-ce24-4450-9fa8-d21860b4b84c None None] Registered counter for database nova_cell0
Apr 25 16:20:11.401688 np0000170203 devstack@n-api-meta.service[109640]: DEBUG oslo_db.sqlalchemy.engines [None req-92e28eed-ce24-4450-9fa8-d21860b4b84c None None] MySQL server mode set to STRICT_TRANS_TABLES,STRICT_ALL_TABLES,NO_ZERO_IN_DATE,NO_ZERO_DATE,ERROR_FOR_DIVISION_BY_ZERO,TRADITIONAL,NO_ENGINE_SUBSTITUTION {{(pid=109640) _check_effective_sql_mode /opt/stack/data/venv/lib/python3.12/site-packages/oslo_db/sqlalchemy/engines.py:325}}
Apr 25 16:20:11.414234 np0000170203 devstack@n-api-meta.service[109640]: DEBUG dbcounter [-] [109640] Writer thread running {{(pid=109640) stat_writer /opt/stack/data/venv/lib/python3.12/site-packages/dbcounter.py:102}}
Apr 25 16:20:11.418831 np0000170203 devstack@n-api-meta.service[109643]: DEBUG dbcounter [-] [109643] Writer thread running {{(pid=109643) stat_writer /opt/stack/data/venv/lib/python3.12/site-packages/dbcounter.py:102}}
Apr 25 16:20:11.421059 np0000170203 devstack@n-api-meta.service[109643]: DEBUG dbcounter [-] [109643] Writer thread running {{(pid=109643) stat_writer /opt/stack/data/venv/lib/python3.12/site-packages/dbcounter.py:102}}
Apr 25 16:20:11.424424 np0000170203 devstack@n-api-meta.service[109643]: INFO dbcounter [None req-81d5dd01-9a08-472a-8ac0-f08d7ab6e9bf None None] Registered counter for database nova_cell0
Apr 25 16:20:11.435100 np0000170203 devstack@n-api-meta.service[109643]: DEBUG oslo_db.sqlalchemy.engines [None req-81d5dd01-9a08-472a-8ac0-f08d7ab6e9bf None None] MySQL server mode set to STRICT_TRANS_TABLES,STRICT_ALL_TABLES,NO_ZERO_IN_DATE,NO_ZERO_DATE,ERROR_FOR_DIVISION_BY_ZERO,TRADITIONAL,NO_ENGINE_SUBSTITUTION {{(pid=109643) _check_effective_sql_mode /opt/stack/data/venv/lib/python3.12/site-packages/oslo_db/sqlalchemy/engines.py:325}}
Apr 25 16:20:11.435291 np0000170203 devstack@n-api-meta.service[109641]: DEBUG dbcounter [-] [109641] Writer thread running {{(pid=109641) stat_writer /opt/stack/data/venv/lib/python3.12/site-packages/dbcounter.py:102}}
Apr 25 16:20:11.441835 np0000170203 devstack@n-api-meta.service[109641]: DEBUG dbcounter [-] [109641] Writer thread running {{(pid=109641) stat_writer /opt/stack/data/venv/lib/python3.12/site-packages/dbcounter.py:102}}
Apr 25 16:20:11.444564 np0000170203 devstack@n-api-meta.service[109643]: DEBUG dbcounter [-] [109643] Writer thread running {{(pid=109643) stat_writer /opt/stack/data/venv/lib/python3.12/site-packages/dbcounter.py:102}}
Apr 25 16:20:11.446394 np0000170203 devstack@n-api-meta.service[109641]: INFO dbcounter [None req-c3b68bbf-ca10-483b-8273-e81d3911e38e None None] Registered counter for database nova_cell0
Apr 25 16:20:11.451741 np0000170203 devstack@n-api-meta.service[109642]: DEBUG dbcounter [-] [109642] Writer thread running {{(pid=109642) stat_writer /opt/stack/data/venv/lib/python3.12/site-packages/dbcounter.py:102}}
Apr 25 16:20:11.452913 np0000170203 devstack@n-api-meta.service[109642]: DEBUG dbcounter [-] [109642] Writer thread running {{(pid=109642) stat_writer /opt/stack/data/venv/lib/python3.12/site-packages/dbcounter.py:102}}
Apr 25 16:20:11.457631 np0000170203 devstack@n-api-meta.service[109640]: WARNING nova.api.metadata.handler [None req-92e28eed-ce24-4450-9fa8-d21860b4b84c None None] metadata_proxy_shared_secret is not configured, the metadata information returned by the proxy cannot be trusted
Apr 25 16:20:11.458926 np0000170203 devstack@n-api-meta.service[109641]: DEBUG oslo_db.sqlalchemy.engines [None req-c3b68bbf-ca10-483b-8273-e81d3911e38e None None] MySQL server mode set to STRICT_TRANS_TABLES,STRICT_ALL_TABLES,NO_ZERO_IN_DATE,NO_ZERO_DATE,ERROR_FOR_DIVISION_BY_ZERO,TRADITIONAL,NO_ENGINE_SUBSTITUTION {{(pid=109641) _check_effective_sql_mode /opt/stack/data/venv/lib/python3.12/site-packages/oslo_db/sqlalchemy/engines.py:325}}
Apr 25 16:20:11.459717 np0000170203 devstack@n-api-meta.service[109642]: INFO dbcounter [None req-9d4e8cf3-88ee-4dca-b95e-254e84fe090c None None] Registered counter for database nova_cell0
Apr 25 16:20:11.461782 np0000170203 devstack@n-api-meta.service[109640]: DEBUG nova.api.openstack.wsgi_app [None req-92e28eed-ce24-4450-9fa8-d21860b4b84c None None] ******************************************************************************** {{(pid=109640) log_opt_values /opt/stack/data/venv/lib/python3.12/site-packages/oslo_config/cfg.py:2979}}
Apr 25 16:20:11.461782 np0000170203 devstack@n-api-meta.service[109640]: DEBUG nova.api.openstack.wsgi_app [None req-92e28eed-ce24-4450-9fa8-d21860b4b84c None None] Configuration options gathered from: {{(pid=109640) log_opt_values /opt/stack/data/venv/lib/python3.12/site-packages/oslo_config/cfg.py:2980}}
Apr 25 16:20:11.461782 np0000170203 devstack@n-api-meta.service[109640]: DEBUG nova.api.openstack.wsgi_app [None req-92e28eed-ce24-4450-9fa8-d21860b4b84c None None] command line args: [] {{(pid=109640) log_opt_values /opt/stack/data/venv/lib/python3.12/site-packages/oslo_config/cfg.py:2981}}
Apr 25 16:20:11.461782 np0000170203 devstack@n-api-meta.service[109640]: DEBUG nova.api.openstack.wsgi_app [None req-92e28eed-ce24-4450-9fa8-d21860b4b84c None None] config files: ['/etc/nova/api-paste.ini', '/etc/nova/nova.conf'] {{(pid=109640) log_opt_values /opt/stack/data/venv/lib/python3.12/site-packages/oslo_config/cfg.py:2982}}
Apr 25 16:20:11.461782 np0000170203 devstack@n-api-meta.service[109640]: DEBUG nova.api.openstack.wsgi_app [None req-92e28eed-ce24-4450-9fa8-d21860b4b84c None None] ================================================================================ {{(pid=109640) log_opt_values /opt/stack/data/venv/lib/python3.12/site-packages/oslo_config/cfg.py:2987}}
Apr 25 16:20:11.463365 np0000170203 devstack@n-api-meta.service[109640]: DEBUG nova.api.openstack.wsgi_app [None req-92e28eed-ce24-4450-9fa8-d21860b4b84c None None] allow_resize_to_same_host = True {{(pid=109640) log_opt_values /opt/stack/data/venv/lib/python3.12/site-packages/oslo_config/cfg.py:2995}}
Apr 25 16:20:11.463365 np0000170203 devstack@n-api-meta.service[109640]: DEBUG nova.api.openstack.wsgi_app [None req-92e28eed-ce24-4450-9fa8-d21860b4b84c None None] arq_binding_timeout = 300 {{(pid=109640) log_opt_values /opt/stack/data/venv/lib/python3.12/site-packages/oslo_config/cfg.py:2995}}
Apr 25 16:20:11.463365 np0000170203 devstack@n-api-meta.service[109640]: DEBUG nova.api.openstack.wsgi_app [None req-92e28eed-ce24-4450-9fa8-d21860b4b84c None None] block_device_allocate_retries = 60 {{(pid=109640) log_opt_values /opt/stack/data/venv/lib/python3.12/site-packages/oslo_config/cfg.py:2995}}
Apr 25 16:20:11.463365 np0000170203 devstack@n-api-meta.service[109640]: DEBUG nova.api.openstack.wsgi_app [None req-92e28eed-ce24-4450-9fa8-d21860b4b84c None None] block_device_allocate_retries_interval = 3 {{(pid=109640) log_opt_values /opt/stack/data/venv/lib/python3.12/site-packages/oslo_config/cfg.py:2995}}
Apr 25 16:20:11.465025 np0000170203 devstack@n-api-meta.service[109640]: DEBUG nova.api.openstack.wsgi_app [None req-92e28eed-ce24-4450-9fa8-d21860b4b84c None None] cell_worker_thread_pool_size = 5 {{(pid=109640) log_opt_values /opt/stack/data/venv/lib/python3.12/site-packages/oslo_config/cfg.py:2995}}
Apr 25 16:20:11.465025 np0000170203 devstack@n-api-meta.service[109640]: DEBUG nova.api.openstack.wsgi_app [None req-92e28eed-ce24-4450-9fa8-d21860b4b84c None None] cert = self.pem {{(pid=109640) log_opt_values /opt/stack/data/venv/lib/python3.12/site-packages/oslo_config/cfg.py:2995}}
Apr 25 16:20:11.465025 np0000170203 devstack@n-api-meta.service[109640]: DEBUG nova.api.openstack.wsgi_app [None req-92e28eed-ce24-4450-9fa8-d21860b4b84c None None] compute_driver = libvirt.LibvirtDriver {{(pid=109640) log_opt_values /opt/stack/data/venv/lib/python3.12/site-packages/oslo_config/cfg.py:2995}}
Apr 25 16:20:11.465025 np0000170203 devstack@n-api-meta.service[109640]: DEBUG nova.api.openstack.wsgi_app [None req-92e28eed-ce24-4450-9fa8-d21860b4b84c None None] compute_monitors = [] {{(pid=109640) log_opt_values /opt/stack/data/venv/lib/python3.12/site-packages/oslo_config/cfg.py:2995}}
Apr 25 16:20:11.465025 np0000170203 devstack@n-api-meta.service[109640]: DEBUG nova.api.openstack.wsgi_app [None req-92e28eed-ce24-4450-9fa8-d21860b4b84c None None] config_dir = [] {{(pid=109640) log_opt_values /opt/stack/data/venv/lib/python3.12/site-packages/oslo_config/cfg.py:2995}}
Apr 25 16:20:11.465954 np0000170203 devstack@n-api-meta.service[109642]: DEBUG oslo_db.sqlalchemy.engines [None req-9d4e8cf3-88ee-4dca-b95e-254e84fe090c None None] MySQL server mode set to STRICT_TRANS_TABLES,STRICT_ALL_TABLES,NO_ZERO_IN_DATE,NO_ZERO_DATE,ERROR_FOR_DIVISION_BY_ZERO,TRADITIONAL,NO_ENGINE_SUBSTITUTION {{(pid=109642) _check_effective_sql_mode /opt/stack/data/venv/lib/python3.12/site-packages/oslo_db/sqlalchemy/engines.py:325}}
Apr 25 16:20:11.467123 np0000170203 devstack@n-api-meta.service[109640]: DEBUG nova.api.openstack.wsgi_app [None req-92e28eed-ce24-4450-9fa8-d21860b4b84c None None] config_drive_format = iso9660 {{(pid=109640) log_opt_values /opt/stack/data/venv/lib/python3.12/site-packages/oslo_config/cfg.py:2995}}
Apr 25 16:20:11.467369 np0000170203 devstack@n-api-meta.service[109640]: DEBUG nova.api.openstack.wsgi_app [None req-92e28eed-ce24-4450-9fa8-d21860b4b84c None None] config_file = ['/etc/nova/api-paste.ini', '/etc/nova/nova.conf'] {{(pid=109640) log_opt_values /opt/stack/data/venv/lib/python3.12/site-packages/oslo_config/cfg.py:2995}}
Apr 25 16:20:11.467619 np0000170203 devstack@n-api-meta.service[109640]: DEBUG nova.api.openstack.wsgi_app [None req-92e28eed-ce24-4450-9fa8-d21860b4b84c None None] config_source = [] {{(pid=109640) log_opt_values /opt/stack/data/venv/lib/python3.12/site-packages/oslo_config/cfg.py:2995}}
Apr 25 16:20:11.467879 np0000170203 devstack@n-api-meta.service[109640]: DEBUG nova.api.openstack.wsgi_app [None req-92e28eed-ce24-4450-9fa8-d21860b4b84c None None] console_host = np0000170203 {{(pid=109640) log_opt_values /opt/stack/data/venv/lib/python3.12/site-packages/oslo_config/cfg.py:2995}}
Apr 25 16:20:11.468092 np0000170203 devstack@n-api-meta.service[109640]: DEBUG nova.api.openstack.wsgi_app [None req-92e28eed-ce24-4450-9fa8-d21860b4b84c None None] control_exchange = nova {{(pid=109640) log_opt_values /opt/stack/data/venv/lib/python3.12/site-packages/oslo_config/cfg.py:2995}}
Apr 25 16:20:11.468264 np0000170203 devstack@n-api-meta.service[109640]: DEBUG nova.api.openstack.wsgi_app [None req-92e28eed-ce24-4450-9fa8-d21860b4b84c None None] cpu_allocation_ratio = None {{(pid=109640) log_opt_values /opt/stack/data/venv/lib/python3.12/site-packages/oslo_config/cfg.py:2995}}
Apr 25 16:20:11.468447 np0000170203 devstack@n-api-meta.service[109640]: DEBUG nova.api.openstack.wsgi_app [None req-92e28eed-ce24-4450-9fa8-d21860b4b84c None None] daemon = False {{(pid=109640) log_opt_values /opt/stack/data/venv/lib/python3.12/site-packages/oslo_config/cfg.py:2995}}
Apr 25 16:20:11.468634 np0000170203 devstack@n-api-meta.service[109640]: DEBUG nova.api.openstack.wsgi_app [None req-92e28eed-ce24-4450-9fa8-d21860b4b84c None None] debug = True {{(pid=109640) log_opt_values /opt/stack/data/venv/lib/python3.12/site-packages/oslo_config/cfg.py:2995}}
Apr 25 16:20:11.468852 np0000170203 devstack@n-api-meta.service[109640]: DEBUG nova.api.openstack.wsgi_app [None req-92e28eed-ce24-4450-9fa8-d21860b4b84c None None] default_access_ip_network_name = None {{(pid=109640) log_opt_values /opt/stack/data/venv/lib/python3.12/site-packages/oslo_config/cfg.py:2995}}
Apr 25 16:20:11.469029 np0000170203 devstack@n-api-meta.service[109640]: DEBUG nova.api.openstack.wsgi_app [None req-92e28eed-ce24-4450-9fa8-d21860b4b84c None None] default_availability_zone = nova {{(pid=109640) log_opt_values /opt/stack/data/venv/lib/python3.12/site-packages/oslo_config/cfg.py:2995}}
Apr 25 16:20:11.469158 np0000170203 devstack@n-api-meta.service[109641]: DEBUG dbcounter [-] [109641] Writer thread running {{(pid=109641) stat_writer /opt/stack/data/venv/lib/python3.12/site-packages/dbcounter.py:102}}
Apr 25 16:20:11.469207 np0000170203 devstack@n-api-meta.service[109640]: DEBUG nova.api.openstack.wsgi_app [None req-92e28eed-ce24-4450-9fa8-d21860b4b84c None None] default_ephemeral_format = ext4 {{(pid=109640) log_opt_values /opt/stack/data/venv/lib/python3.12/site-packages/oslo_config/cfg.py:2995}}
Apr 25 16:20:11.469387 np0000170203 devstack@n-api-meta.service[109640]: DEBUG nova.api.openstack.wsgi_app [None req-92e28eed-ce24-4450-9fa8-d21860b4b84c None None] default_green_pool_size = 1000 {{(pid=109640) log_opt_values /opt/stack/data/venv/lib/python3.12/site-packages/oslo_config/cfg.py:2995}}
Apr 25 16:20:11.469673 np0000170203 devstack@n-api-meta.service[109640]: DEBUG nova.api.openstack.wsgi_app [None req-92e28eed-ce24-4450-9fa8-d21860b4b84c None None] default_log_levels = ['amqp=WARN', 'boto=WARN', 'sqlalchemy=WARN', 'suds=INFO', 'oslo.messaging=INFO', 'oslo_messaging=INFO', 'iso8601=WARN', 'requests.packages.urllib3.connectionpool=WARN', 'urllib3.connectionpool=WARN', 'websocket=WARN', 'requests.packages.urllib3.util.retry=WARN', 'urllib3.util.retry=WARN', 'keystonemiddleware=WARN', 'routes.middleware=WARN', 'stevedore=WARN', 'taskflow=WARN', 'keystoneauth=WARN', 'oslo.cache=INFO', 'oslo_policy=INFO', 'dogpile.core.dogpile=INFO', 'glanceclient=WARN', 'oslo.privsep.daemon=INFO'] {{(pid=109640) log_opt_values /opt/stack/data/venv/lib/python3.12/site-packages/oslo_config/cfg.py:2995}}
Apr 25 16:20:11.469873 np0000170203 devstack@n-api-meta.service[109640]: DEBUG nova.api.openstack.wsgi_app [None req-92e28eed-ce24-4450-9fa8-d21860b4b84c None None] default_schedule_zone = None {{(pid=109640) log_opt_values /opt/stack/data/venv/lib/python3.12/site-packages/oslo_config/cfg.py:2995}}
Apr 25 16:20:11.470050 np0000170203 devstack@n-api-meta.service[109640]: DEBUG nova.api.openstack.wsgi_app [None req-92e28eed-ce24-4450-9fa8-d21860b4b84c None None] default_thread_pool_size = 10 {{(pid=109640) log_opt_values /opt/stack/data/venv/lib/python3.12/site-packages/oslo_config/cfg.py:2995}}
Apr 25 16:20:11.470238 np0000170203 devstack@n-api-meta.service[109640]: DEBUG nova.api.openstack.wsgi_app [None req-92e28eed-ce24-4450-9fa8-d21860b4b84c None None] disk_allocation_ratio = None {{(pid=109640) log_opt_values /opt/stack/data/venv/lib/python3.12/site-packages/oslo_config/cfg.py:2995}}
Apr 25 16:20:11.470416 np0000170203 devstack@n-api-meta.service[109640]: DEBUG nova.api.openstack.wsgi_app [None req-92e28eed-ce24-4450-9fa8-d21860b4b84c None None] enable_new_services = True {{(pid=109640) log_opt_values /opt/stack/data/venv/lib/python3.12/site-packages/oslo_config/cfg.py:2995}}
Apr 25 16:20:11.470591 np0000170203 devstack@n-api-meta.service[109640]: DEBUG nova.api.openstack.wsgi_app [None req-92e28eed-ce24-4450-9fa8-d21860b4b84c None None] flat_injected = False {{(pid=109640) log_opt_values /opt/stack/data/venv/lib/python3.12/site-packages/oslo_config/cfg.py:2995}}
Apr 25 16:20:11.470795 np0000170203 devstack@n-api-meta.service[109640]: DEBUG nova.api.openstack.wsgi_app [None req-92e28eed-ce24-4450-9fa8-d21860b4b84c None None] force_config_drive = False {{(pid=109640) log_opt_values /opt/stack/data/venv/lib/python3.12/site-packages/oslo_config/cfg.py:2995}}
Apr 25 16:20:11.470971 np0000170203 devstack@n-api-meta.service[109640]: DEBUG nova.api.openstack.wsgi_app [None req-92e28eed-ce24-4450-9fa8-d21860b4b84c None None] force_raw_images = True {{(pid=109640) log_opt_values /opt/stack/data/venv/lib/python3.12/site-packages/oslo_config/cfg.py:2995}}
Apr 25 16:20:11.471087 np0000170203 devstack@n-api-meta.service[109642]: DEBUG dbcounter [-] [109642] Writer thread running {{(pid=109642) stat_writer /opt/stack/data/venv/lib/python3.12/site-packages/dbcounter.py:102}}
Apr 25 16:20:11.471156 np0000170203 devstack@n-api-meta.service[109640]: DEBUG nova.api.openstack.wsgi_app [None req-92e28eed-ce24-4450-9fa8-d21860b4b84c None None] graceful_shutdown_timeout = 5 {{(pid=109640) log_opt_values /opt/stack/data/venv/lib/python3.12/site-packages/oslo_config/cfg.py:2995}}
Apr 25 16:20:11.471334 np0000170203 devstack@n-api-meta.service[109640]: DEBUG nova.api.openstack.wsgi_app [None req-92e28eed-ce24-4450-9fa8-d21860b4b84c None None] heal_instance_info_cache_interval = -1 {{(pid=109640) log_opt_values /opt/stack/data/venv/lib/python3.12/site-packages/oslo_config/cfg.py:2995}}
Apr 25 16:20:11.471612 np0000170203 devstack@n-api-meta.service[109640]: DEBUG nova.api.openstack.wsgi_app [None req-92e28eed-ce24-4450-9fa8-d21860b4b84c None None] host = np0000170203 {{(pid=109640) log_opt_values /opt/stack/data/venv/lib/python3.12/site-packages/oslo_config/cfg.py:2995}}
Apr 25 16:20:11.471820 np0000170203 devstack@n-api-meta.service[109640]: DEBUG nova.api.openstack.wsgi_app [None req-92e28eed-ce24-4450-9fa8-d21860b4b84c None None] initial_cpu_allocation_ratio = 4.0 {{(pid=109640) log_opt_values /opt/stack/data/venv/lib/python3.12/site-packages/oslo_config/cfg.py:2995}}
Apr 25 16:20:11.471999 np0000170203 devstack@n-api-meta.service[109640]: DEBUG nova.api.openstack.wsgi_app [None req-92e28eed-ce24-4450-9fa8-d21860b4b84c None None] initial_disk_allocation_ratio = 1.0 {{(pid=109640) log_opt_values /opt/stack/data/venv/lib/python3.12/site-packages/oslo_config/cfg.py:2995}}
Apr 25 16:20:11.472152 np0000170203 devstack@n-api-meta.service[109643]: WARNING nova.api.metadata.handler [None req-81d5dd01-9a08-472a-8ac0-f08d7ab6e9bf None None] metadata_proxy_shared_secret is not configured, the metadata information returned by the proxy cannot be trusted
Apr 25 16:20:11.472192 np0000170203 devstack@n-api-meta.service[109640]: DEBUG nova.api.openstack.wsgi_app [None req-92e28eed-ce24-4450-9fa8-d21860b4b84c None None] initial_ram_allocation_ratio = 1.0 {{(pid=109640) log_opt_values /opt/stack/data/venv/lib/python3.12/site-packages/oslo_config/cfg.py:2995}}
Apr 25 16:20:11.472421 np0000170203 devstack@n-api-meta.service[109640]: DEBUG nova.api.openstack.wsgi_app [None req-92e28eed-ce24-4450-9fa8-d21860b4b84c None None] injected_network_template = /opt/stack/nova/nova/virt/interfaces.template {{(pid=109640) log_opt_values /opt/stack/data/venv/lib/python3.12/site-packages/oslo_config/cfg.py:2995}}
Apr 25 16:20:11.472598 np0000170203 devstack@n-api-meta.service[109640]: DEBUG nova.api.openstack.wsgi_app [None req-92e28eed-ce24-4450-9fa8-d21860b4b84c None None] instance_build_timeout = 0 {{(pid=109640) log_opt_values /opt/stack/data/venv/lib/python3.12/site-packages/oslo_config/cfg.py:2995}}
Apr 25 16:20:11.472788 np0000170203 devstack@n-api-meta.service[109640]: DEBUG nova.api.openstack.wsgi_app [None req-92e28eed-ce24-4450-9fa8-d21860b4b84c None None] instance_delete_interval = 300 {{(pid=109640) log_opt_values /opt/stack/data/venv/lib/python3.12/site-packages/oslo_config/cfg.py:2995}}
Apr 25 16:20:11.472973 np0000170203 devstack@n-api-meta.service[109640]: DEBUG nova.api.openstack.wsgi_app [None req-92e28eed-ce24-4450-9fa8-d21860b4b84c None None] instance_format = [instance: %(uuid)s] {{(pid=109640) log_opt_values /opt/stack/data/venv/lib/python3.12/site-packages/oslo_config/cfg.py:2995}}
