2026-08-06 08:22:22.342 8 INFO neutron_taas.services.taas.tap_mirror_plugin [None req-9fa1b0f9-8506-4960-aa68-0a5029b2667f 272e7fb217ea48b09160ce1af112472b 0a260cc6d173471db9ffebec03b4db46 - - default default] Tap Mirror: Handle Delete Port: 455d6512-1608-46a8-bac2-89b7fc43e77f [pid: 7|app: 0|req: 1195/2403] 10.0.0.23 () {34 vars in 757 bytes} [Thu Aug 6 08:22:22 2026] PUT /v2.0/floatingips/28f3d359-3944-4fe0-8748-14b933c51223/tags => generated 19 bytes in 54 msecs (HTTP/1.1 200) 4 headers in 156 bytes (1 switches on core 0) [pid: 7|app: 0|req: 1196/2404] 10.0.0.23 () {32 vars in 670 bytes} [Thu Aug 6 08:22:22 2026] GET /v2.0/floatingips?tags=red => generated 1671 bytes in 49 msecs (HTTP/1.1 200) 4 headers in 158 bytes (1 switches on core 0) [pid: 7|app: 0|req: 1197/2405] 199.19.213.90 () {30 vars in 701 bytes} [Thu Aug 6 08:22:22 2026] GET /v2.0/extensions/security-group => generated 170 bytes in 4 msecs (HTTP/1.1 200) 4 headers in 157 bytes (1 switches on core 0) [pid: 7|app: 0|req: 1198/2406] 10.0.0.23 () {32 vars in 684 bytes} [Thu Aug 6 08:22:22 2026] GET /v2.0/floatingips?tags=red%2Cblue => generated 1128 bytes in 42 msecs (HTTP/1.1 200) 4 headers in 158 bytes (1 switches on core 0) [pid: 7|app: 0|req: 1199/2407] 199.19.213.90 () {30 vars in 703 bytes} [Thu Aug 6 08:22:22 2026] GET /v2.0/extensions/dns-integration => generated 172 bytes in 3 msecs (HTTP/1.1 200) 4 headers in 157 bytes (1 switches on core 0) [pid: 7|app: 0|req: 1200/2408] 10.0.0.23 () {32 vars in 680 bytes} [Thu Aug 6 08:22:22 2026] GET /v2.0/floatingips?tags-any=blue => generated 1128 bytes in 47 msecs (HTTP/1.1 200) 4 headers in 158 bytes (1 switches on core 0) [pid: 7|app: 0|req: 1201/2409] 199.19.213.90 () {30 vars in 679 bytes} [Thu Aug 6 08:22:22 2026] GET /v2.0/extensions/qos => generated 166 bytes in 5 msecs (HTTP/1.1 200) 4 headers in 157 bytes (1 switches on core 0) [pid: 7|app: 0|req: 1202/2410] 10.0.0.23 () {32 vars in 692 bytes} [Thu Aug 6 08:22:22 2026] GET /v2.0/floatingips?tags-any=red%2Cblue => generated 1671 bytes in 23 msecs (HTTP/1.1 200) 4 headers in 158 bytes (1 switches on core 0) [pid: 7|app: 0|req: 1203/2411] 199.19.213.90 () {30 vars in 715 bytes} [Thu Aug 6 08:22:22 2026] GET /v2.0/extensions/allowed-address-pairs => generated 184 bytes in 3 msecs (HTTP/1.1 200) 4 headers in 157 bytes (1 switches on core 0) [pid: 7|app: 0|req: 1204/2412] 10.0.0.23 () {32 vars in 678 bytes} [Thu Aug 6 08:22:22 2026] GET /v2.0/floatingips?not-tags=red => generated 1100 bytes in 46 msecs (HTTP/1.1 200) 4 headers in 158 bytes (1 switches on core 0)
2026-08-06 08:22:22.597 7 INFO neutron.api.v2.resource [None req-9e884902-0c5c-4e09-8cb3-8e3dd4272d9c 8064c5f3e8864f7fb480a5e9ca5f46a8 0cbbccf305784105859cef5ca4785f79 - - default default] show failed (client error): The resource could not be found. [pid: 7|app: 0|req: 1205/2413] 199.19.213.90 () {30 vars in 761 bytes} [Thu Aug 6 08:22:22 2026] GET /v2.0/security-groups/lb-6e09ffd3-2d60-4845-af32-208f5ca11525 => generated 149 bytes in 21 msecs (HTTP/1.1 404) 4 headers in 164 bytes (1 switches on core 0) [pid: 7|app: 0|req: 1206/2414] 10.0.0.23 () {32 vars in 692 bytes} [Thu Aug 6 08:22:22 2026] GET /v2.0/floatingips?not-tags=red%2Cblue => generated 1643 bytes in 47 msecs (HTTP/1.1 200) 4 headers in 158 bytes (1 switches on core 0)
2026-08-06 08:22:22.659 8 INFO neutron.services.segments.plugin [-] Segment 32bf5ec3-7b29-472e-aabe-df8a66a76e58 resource provider aggregate not found
2026-08-06 08:22:22.664 8 INFO neutron.services.segments.plugin [-] Segment 32bf5ec3-7b29-472e-aabe-df8a66a76e58 resource provider aggregate not found [pid: 7|app: 0|req: 1207/2415] 199.19.213.90 () {30 vars in 783 bytes} [Thu Aug 6 08:22:22 2026] GET /v2.0/security-groups?name=lb-6e09ffd3-2d60-4845-af32-208f5ca11525 => generated 23 bytes in 31 msecs (HTTP/1.1 200) 4 headers in 156 bytes (1 switches on core 0)
2026-08-06 08:22:22.690 8 INFO neutron.services.segments.plugin [-] Client error retrieving segment 32bf5ec3-7b29-472e-aabe-df8a66a76e58 resource provider; error: Placement Client Error (4xx): {"errors": [{"status": 404, "title": "Not Found", "detail": "The resource could not be found.\n\n No resource provider with uuid 32bf5ec3-7b29-472e-aabe-df8a66a76e58 found for delete ", "request_id": "req-b7510e85-e2f3-4e19-be74-395475f4a40c"}]}
2026-08-06 08:22:22.694 8 INFO neutron.services.segments.plugin [-] Client error retrieving segment 32bf5ec3-7b29-472e-aabe-df8a66a76e58 resource provider; error: Placement Client Error (4xx): {"errors": [{"status": 404, "title": "Not Found", "detail": "The resource could not be found.\n\n No resource provider with uuid 32bf5ec3-7b29-472e-aabe-df8a66a76e58 found for delete ", "request_id": "req-54d4103f-c60b-4d56-a6e3-88b0d0d206e6"}]} [pid: 8|app: 0|req: 1209/2416] 10.0.0.23 () {32 vars in 724 bytes} [Thu Aug 6 08:22:22 2026] DELETE /v2.0/networks/bf2fe3c6-b218-47bf-a8ee-70ab6c401a32 => generated 0 bytes in 540 msecs (HTTP/1.1 204) 3 headers in 131 bytes (1 switches on core 0) [pid: 7|app: 0|req: 1208/2417] 10.0.0.23 () {32 vars in 688 bytes} [Thu Aug 6 08:22:22 2026] GET /v2.0/floatingips?not-tags-any=blue => generated 1643 bytes in 66 msecs (HTTP/1.1 200) 4 headers in 158 bytes (1 switches on core 0)
2026-08-06 08:22:22.838 7 INFO neutron.db.segments_db [None req-17ad6b7a-05f1-4f16-972b-89d7ba87a0ee 272e7fb217ea48b09160ce1af112472b 0a260cc6d173471db9ffebec03b4db46 - - default default] Added segment 3f660c30-0fec-4964-8143-ab61356a06d9 of type geneve for network 3d25b5d8-b459-4fe8-9448-026ebc06b083
2026-08-06 08:22:22.868 8 INFO neutron.db.ovn_revision_numbers_db [None req-827038ae-af87-4598-b359-5a80f4a9d522 8064c5f3e8864f7fb480a5e9ca5f46a8 0cbbccf305784105859cef5ca4785f79 - - default default] Successfully bumped revision number for resource 78a42f5f-fbfc-44e5-9c14-1188c01da48a (type: security_groups) to 1
2026-08-06 08:22:22.883 8 INFO neutron.db.ovn_revision_numbers_db [None req-827038ae-af87-4598-b359-5a80f4a9d522 8064c5f3e8864f7fb480a5e9ca5f46a8 0cbbccf305784105859cef5ca4785f79 - - default default] Successfully bumped revision number for resource 0bcc2142-15db-4d32-9763-30d19b6e7994 (type: security_group_rules) to 0
2026-08-06 08:22:22.895 8 INFO neutron.db.ovn_revision_numbers_db [None req-827038ae-af87-4598-b359-5a80f4a9d522 8064c5f3e8864f7fb480a5e9ca5f46a8 0cbbccf305784105859cef5ca4785f79 - - default default] Successfully bumped revision number for resource 32212af1-7830-4726-8ddc-921c3b10e31e (type: security_group_rules) to 0
2026-08-06 08:22:22.940 7 INFO neutron.db.ovn_revision_numbers_db [None req-17ad6b7a-05f1-4f16-972b-89d7ba87a0ee 272e7fb217ea48b09160ce1af112472b 0a260cc6d173471db9ffebec03b4db46 - - default default] Successfully bumped revision number for resource 3d25b5d8-b459-4fe8-9448-026ebc06b083 (type: networks) to 1 [pid: 8|app: 0|req: 1210/2418] 199.19.213.90 () {34 vars in 734 bytes} [Thu Aug 6 08:22:22 2026] POST /v2.0/security-groups => generated 1636 bytes in 220 msecs (HTTP/1.1 201) 4 headers in 163 bytes (1 switches on core 0) [pid: 8|app: 0|req: 1211/2419] 10.0.0.23 () {32 vars in 700 bytes} [Thu Aug 6 08:22:22 2026] GET /v2.0/floatingips?not-tags-any=red%2Cblue => generated 1100 bytes in 46 msecs (HTTP/1.1 200) 4 headers in 158 bytes (1 switches on core 0) [pid: 8|app: 0|req: 1212/2420] 199.19.213.90 () {30 vars in 813 bytes} [Thu Aug 6 08:22:22 2026] GET /v2.0/security-group-rules?security_group_id=78a42f5f-fbfc-44e5-9c14-1188c01da48a => generated 1182 bytes in 36 msecs (HTTP/1.1 200) 4 headers in 158 bytes (1 switches on core 0)
2026-08-06 08:22:23.100 7 WARNING neutron.scheduler.dhcp_agent_scheduler [None req-17ad6b7a-05f1-4f16-972b-89d7ba87a0ee 272e7fb217ea48b09160ce1af112472b 0a260cc6d173471db9ffebec03b4db46 - - default default] No more DHCP agents
2026-08-06 08:22:23.101 7 WARNING neutron.api.rpc.agentnotifiers.dhcp_rpc_agent_api [None req-17ad6b7a-05f1-4f16-972b-89d7ba87a0ee 272e7fb217ea48b09160ce1af112472b 0a260cc6d173471db9ffebec03b4db46 - - default default] Unable to schedule network 3d25b5d8-b459-4fe8-9448-026ebc06b083: no agents available; will retry on subsequent port and subnet creation events.
2026-08-06 08:22:23.151 7 INFO neutron.plugins.ml2.drivers.ovn.mech_driver.mech_driver [None req-fffd39e3-49c1-4966-b877-52572f4d25aa - - - - - -] OVN reports status down for port: 2246c635-aac1-4e75-adb7-9391ec5751e4
2026-08-06 08:22:23.192 8 INFO neutron_taas.services.taas.taas_plugin [None req-61594c05-508b-4142-a2da-8f96d8ca9924 b66b1aef740c4b938a55b58e80cef665 41e49a690a6740bfafb2c687bc93e078 - - default default] TaaS: Handle Delete Port: 0e33b1b6-6b6f-48f6-87fa-76d5b14ff4c0
2026-08-06 08:22:23.196 8 INFO neutron_taas.services.taas.tap_mirror_plugin [None req-61594c05-508b-4142-a2da-8f96d8ca9924 b66b1aef740c4b938a55b58e80cef665 41e49a690a6740bfafb2c687bc93e078 - - default default] Tap Mirror: Handle Delete Port: 0e33b1b6-6b6f-48f6-87fa-76d5b14ff4c0
2026-08-06 08:22:23.217 7 INFO neutron.db.ovn_revision_numbers_db [None req-17ad6b7a-05f1-4f16-972b-89d7ba87a0ee 272e7fb217ea48b09160ce1af112472b 0a260cc6d173471db9ffebec03b4db46 - - default default] Successfully bumped revision number for resource 2246c635-aac1-4e75-adb7-9391ec5751e4 (type: ports) to 1 [pid: 7|app: 0|req: 1209/2421] 10.0.0.23 () {34 vars in 668 bytes} [Thu Aug 6 08:22:22 2026] POST /v2.0/networks => generated 765 bytes in 529 msecs (HTTP/1.1 201) 4 headers in 162 bytes (1 switches on core 0) [pid: 8|app: 0|req: 1213/2422] 10.0.0.23 () {32 vars in 730 bytes} [Thu Aug 6 08:22:23 2026] DELETE /v2.0/floatingips/e6273b01-ade2-4c6a-9b70-258de2ce618b => generated 0 bytes in 340 msecs (HTTP/1.1 204) 2 headers in 112 bytes (1 switches on core 0)
2026-08-06 08:22:23.583 7 INFO neutron.db.ovn_revision_numbers_db [None req-a82d03a7-874b-4d6a-a4c8-191edda6f720 8064c5f3e8864f7fb480a5e9ca5f46a8 0cbbccf305784105859cef5ca4785f79 - - default default] Successfully bumped revision number for resource 8615b482-6010-44e3-a63f-a6a43f0c563a (type: ports) to 2 [pid: 7|app: 0|req: 1210/2423] 199.19.213.90 () {34 vars in 787 bytes} [Thu Aug 6 08:22:23 2026] PUT /v2.0/ports/8615b482-6010-44e3-a63f-a6a43f0c563a => generated 1132 bytes in 325 msecs (HTTP/1.1 200) 4 headers in 158 bytes (1 switches on core 0) /var/lib/openstack/lib/python3.12/site-packages/pycadf/identifier.py:70: UserWarning: Invalid uuid: neutron. To ensure interoperability, identifiers should be a valid uuid. warnings.warn(('Invalid uuid: %s. To ensure interoperability, '
2026-08-06 08:22:23.679 8 INFO neutron.db.ovn_revision_numbers_db [None req-b18c4cb8-5ec1-4d22-92b2-bb317cfc8bf8 866e5da4da6744499896aba7908f65be 38476ee637074c34af9c3453a1a31ef8 - - default default] Successfully bumped revision number for resource 832cbb59-bc46-4296-b1a4-a1ee4b203d1d (type: security_groups) to 1
2026-08-06 08:22:23.691 8 INFO neutron.db.ovn_revision_numbers_db [None req-b18c4cb8-5ec1-4d22-92b2-bb317cfc8bf8 866e5da4da6744499896aba7908f65be 38476ee637074c34af9c3453a1a31ef8 - - default default] Successfully bumped revision number for resource 0c3af34f-d08c-49e6-825b-f08eb435af2a (type: security_group_rules) to 0
2026-08-06 08:22:23.710 8 INFO neutron.db.ovn_revision_numbers_db [None req-b18c4cb8-5ec1-4d22-92b2-bb317cfc8bf8 866e5da4da6744499896aba7908f65be 38476ee637074c34af9c3453a1a31ef8 - - default default] Successfully bumped revision number for resource 2c967430-6cf6-457d-816e-ce7c98f1c0f0 (type: security_group_rules) to 0
2026-08-06 08:22:23.724 8 INFO neutron.db.ovn_revision_numbers_db [None req-b18c4cb8-5ec1-4d22-92b2-bb317cfc8bf8 866e5da4da6744499896aba7908f65be 38476ee637074c34af9c3453a1a31ef8 - - default default] Successfully bumped revision number for resource 4cb00ab7-dc7c-4a16-b4ce-f69295b43737 (type: security_group_rules) to 0
2026-08-06 08:22:23.728 7 WARNING neutron.scheduler.dhcp_agent_scheduler [None req-030fe4d5-be3c-4239-968b-a7b0ea5878aa 272e7fb217ea48b09160ce1af112472b 0a260cc6d173471db9ffebec03b4db46 - - default default] No more DHCP agents
2026-08-06 08:22:23.730 7 WARNING neutron.api.rpc.agentnotifiers.dhcp_rpc_agent_api [None req-030fe4d5-be3c-4239-968b-a7b0ea5878aa 272e7fb217ea48b09160ce1af112472b 0a260cc6d173471db9ffebec03b4db46 - - default default] Unable to schedule network 3d25b5d8-b459-4fe8-9448-026ebc06b083: no agents available; will retry on subsequent port and subnet creation events.
2026-08-06 08:22:23.738 8 INFO neutron.db.ovn_revision_numbers_db [None req-b18c4cb8-5ec1-4d22-92b2-bb317cfc8bf8 866e5da4da6744499896aba7908f65be 38476ee637074c34af9c3453a1a31ef8 - - default default] Successfully bumped revision number for resource f0fb8705-bdd6-4a7f-a4d7-a091d03f6b00 (type: security_group_rules) to 0
2026-08-06 08:22:23.833 8 INFO neutron.db.segments_db [None req-b18c4cb8-5ec1-4d22-92b2-bb317cfc8bf8 866e5da4da6744499896aba7908f65be 38476ee637074c34af9c3453a1a31ef8 - - default default] Added segment d8b16cea-3ff4-44c4-b230-bc4f71e54e4a of type geneve for network 0bd99e9b-c394-4d4f-81f4-7e1d6a7906e7
2026-08-06 08:22:23.954 8 INFO neutron.db.ovn_revision_numbers_db [None req-b18c4cb8-5ec1-4d22-92b2-bb317cfc8bf8 866e5da4da6744499896aba7908f65be 38476ee637074c34af9c3453a1a31ef8 - - default default] Successfully bumped revision number for resource 0bd99e9b-c394-4d4f-81f4-7e1d6a7906e7 (type: networks) to 1
2026-08-06 08:22:24.133 8 WARNING neutron.scheduler.dhcp_agent_scheduler [None req-b18c4cb8-5ec1-4d22-92b2-bb317cfc8bf8 866e5da4da6744499896aba7908f65be 38476ee637074c34af9c3453a1a31ef8 - - default default] No more DHCP agents
2026-08-06 08:22:24.135 8 WARNING neutron.api.rpc.agentnotifiers.dhcp_rpc_agent_api [None req-b18c4cb8-5ec1-4d22-92b2-bb317cfc8bf8 866e5da4da6744499896aba7908f65be 38476ee637074c34af9c3453a1a31ef8 - - default default] Unable to schedule network 0bd99e9b-c394-4d4f-81f4-7e1d6a7906e7: no agents available; will retry on subsequent port and subnet creation events.
2026-08-06 08:22:24.188 8 INFO neutron.plugins.ml2.drivers.ovn.mech_driver.mech_driver [None req-52ae8ec5-2329-40fb-b196-422730dc8143 - - - - - -] OVN reports status down for port: 2051b550-3d75-41e9-bc7d-4c394efb20d1
2026-08-06 08:22:24.251 7 INFO neutron.db.ovn_revision_numbers_db [None req-025361d7-153e-4d57-85e2-e2b388ac2bea - - - - - -] Successfully bumped revision number for resource 2246c635-aac1-4e75-adb7-9391ec5751e4 (type: ports) to 2
2026-08-06 08:22:24.267 8 INFO neutron.db.ovn_revision_numbers_db [None req-b18c4cb8-5ec1-4d22-92b2-bb317cfc8bf8 866e5da4da6744499896aba7908f65be 38476ee637074c34af9c3453a1a31ef8 - - default default] Successfully bumped revision number for resource 2051b550-3d75-41e9-bc7d-4c394efb20d1 (type: ports) to 1
2026-08-06 08:22:24.289 7 INFO neutron.db.ovn_revision_numbers_db [None req-025361d7-153e-4d57-85e2-e2b388ac2bea - - - - - -] Successfully bumped revision number for resource 4fb7dbfb-bda5-4662-9669-f540a02d35c0 (type: subnets) to 0 [pid: 7|app: 0|req: 1211/2424] 10.0.0.23 () {34 vars in 667 bytes} [Thu Aug 6 08:22:23 2026] POST /v2.0/subnets => generated 647 bytes in 714 msecs (HTTP/1.1 201) 4 headers in 162 bytes (1 switches on core 0) [pid: 8|app: 0|req: 1214/2425] 10.0.0.23 () {34 vars in 668 bytes} [Thu Aug 6 08:22:23 2026] POST /v2.0/networks => generated 668 bytes in 947 msecs (HTTP/1.1 201) 4 headers in 162 bytes (1 switches on core 0) [pid: 8|app: 0|req: 1215/2426] 199.19.213.90 () {30 vars in 701 bytes} [Thu Aug 6 08:22:24 2026] GET /v2.0/extensions/security-group => generated 170 bytes in 10 msecs (HTTP/1.1 200) 4 headers in 157 bytes (1 switches on core 0)
2026-08-06 08:22:24.431 8 INFO neutron.db.segments_db [None req-5750f965-e047-4615-8df2-7540031ce738 866e5da4da6744499896aba7908f65be 38476ee637074c34af9c3453a1a31ef8 - - default default] Added segment 707e2eb5-8d23-4def-b827-4b51d99c6afc of type geneve for network 7d99ce8f-d43a-4b78-a5b2-c69b96c67b09
2026-08-06 08:22:24.474 7 INFO neutron_taas.services.taas.taas_plugin [None req-951eef03-c851-44aa-8982-2ffc60e10dae b66b1aef740c4b938a55b58e80cef665 41e49a690a6740bfafb2c687bc93e078 - - default default] TaaS: Handle Delete Port: 8c16a87f-2904-463e-8474-9dc2c2e5c5e8
2026-08-06 08:22:24.476 7 INFO neutron_taas.services.taas.tap_mirror_plugin [None req-951eef03-c851-44aa-8982-2ffc60e10dae b66b1aef740c4b938a55b58e80cef665 41e49a690a6740bfafb2c687bc93e078 - - default default] Tap Mirror: Handle Delete Port: 8c16a87f-2904-463e-8474-9dc2c2e5c5e8
2026-08-06 08:22:24.540 8 INFO neutron.db.ovn_revision_numbers_db [None req-5750f965-e047-4615-8df2-7540031ce738 866e5da4da6744499896aba7908f65be 38476ee637074c34af9c3453a1a31ef8 - - default default] Successfully bumped revision number for resource 7d99ce8f-d43a-4b78-a5b2-c69b96c67b09 (type: networks) to 1 [pid: 7|app: 0|req: 1212/2427] 10.0.0.23 () {32 vars in 730 bytes} [Thu Aug 6 08:22:24 2026] DELETE /v2.0/floatingips/000ba696-ec0c-4595-a424-777e35a14ab6 => generated 0 bytes in 318 msecs (HTTP/1.1 204) 2 headers in 112 bytes (1 switches on core 0)
2026-08-06 08:22:24.641 7 WARNING neutron.api.v2.base [None req-22f2536f-682e-460e-93f1-54d5706af2e7 272e7fb217ea48b09160ce1af112472b 0a260cc6d173471db9ffebec03b4db46 - - default default] An exception happened while processing the request body. The exception message is [Invalid input for target_tenant. Reason: '1234123412341234123412341234123412341234123412341234123412341234123412341234123412341234123412341234123412341234123412341234123412341234123412341234123412341234123412341234123412341234123412341234123412341234123412341234123412341234123412341234123412341234123412341234123412341234123412341234123412341234123412341234123412341234123412341234123412341234123412341234123412341234123412341234123412341234' exceeds maximum length of 255.].: webob.exc.HTTPBadRequest: Invalid input for target_tenant. Reason: '1234123412341234123412341234123412341234123412341234123412341234123412341234123412341234123412341234123412341234123412341234123412341234123412341234123412341234123412341234123412341234123412341234123412341234123412341234123412341234123412341234123412341234123412341234123412341234123412341234123412341234123412341234123412341234123412341234123412341234123412341234123412341234123412341234123412341234' exceeds maximum length of 255.
2026-08-06 08:22:24.642 7 INFO neutron.api.v2.resource [None req-22f2536f-682e-460e-93f1-54d5706af2e7 272e7fb217ea48b09160ce1af112472b 0a260cc6d173471db9ffebec03b4db46 - - default default] create failed (client error): Invalid input for target_tenant. Reason: '1234123412341234123412341234123412341234123412341234123412341234123412341234123412341234123412341234123412341234123412341234123412341234123412341234123412341234123412341234123412341234123412341234123412341234123412341234123412341234123412341234123412341234123412341234123412341234123412341234123412341234123412341234123412341234123412341234123412341234123412341234123412341234123412341234123412341234' exceeds maximum length of 255. [pid: 7|app: 0|req: 1213/2428] 10.0.0.23 () {34 vars in 679 bytes} [Thu Aug 6 08:22:24 2026] POST /v2.0/rbac-policies => generated 547 bytes in 9 msecs (HTTP/1.1 400) 4 headers in 166 bytes (1 switches on core 0) [pid: 7|app: 0|req: 1214/2429] 199.19.213.90 () {30 vars in 703 bytes} [Thu Aug 6 08:22:24 2026] GET /v2.0/extensions/dns-integration => generated 172 bytes in 3 msecs (HTTP/1.1 200) 4 headers in 157 bytes (1 switches on core 0)
2026-08-06 08:22:24.715 8 WARNING neutron.scheduler.dhcp_agent_scheduler [None req-5750f965-e047-4615-8df2-7540031ce738 866e5da4da6744499896aba7908f65be 38476ee637074c34af9c3453a1a31ef8 - - default default] No more DHCP agents
2026-08-06 08:22:24.716 8 WARNING neutron.api.rpc.agentnotifiers.dhcp_rpc_agent_api [None req-5750f965-e047-4615-8df2-7540031ce738 866e5da4da6744499896aba7908f65be 38476ee637074c34af9c3453a1a31ef8 - - default default] Unable to schedule network 7d99ce8f-d43a-4b78-a5b2-c69b96c67b09: no agents available; will retry on subsequent port and subnet creation events.
2026-08-06 08:22:24.790 7 INFO neutron.plugins.ml2.drivers.ovn.mech_driver.mech_driver [None req-fffd39e3-49c1-4966-b877-52572f4d25aa - - - - - -] OVN reports status down for port: d0d74299-ce28-463c-9ec8-c28af7f91020
2026-08-06 08:22:24.817 7 INFO neutron_taas.services.taas.taas_plugin [None req-a27e6688-0075-4aa1-8669-871b0d2732a5 b66b1aef740c4b938a55b58e80cef665 41e49a690a6740bfafb2c687bc93e078 - - default default] TaaS: Handle Delete Port: 3af0981a-ee58-4693-a700-0df3713b4f6e
2026-08-06 08:22:24.818 8 INFO neutron.db.ovn_revision_numbers_db [None req-5750f965-e047-4615-8df2-7540031ce738 866e5da4da6744499896aba7908f65be 38476ee637074c34af9c3453a1a31ef8 - - default default] Successfully bumped revision number for resource d0d74299-ce28-463c-9ec8-c28af7f91020 (type: ports) to 1
2026-08-06 08:22:24.835 7 INFO neutron_taas.services.taas.tap_mirror_plugin [None req-a27e6688-0075-4aa1-8669-871b0d2732a5 b66b1aef740c4b938a55b58e80cef665 41e49a690a6740bfafb2c687bc93e078 - - default default] Tap Mirror: Handle Delete Port: 3af0981a-ee58-4693-a700-0df3713b4f6e [pid: 8|app: 0|req: 1216/2430] 10.0.0.23 () {34 vars in 668 bytes} [Thu Aug 6 08:22:24 2026] POST /v2.0/networks => generated 668 bytes in 524 msecs (HTTP/1.1 201) 4 headers in 162 bytes (1 switches on core 0)
2026-08-06 08:22:24.983 8 INFO neutron_taas.services.taas.taas_plugin [None req-601a542c-1276-4846-b277-e4eacf784ec1 272e7fb217ea48b09160ce1af112472b 0a260cc6d173471db9ffebec03b4db46 - - default default] TaaS: Handle Delete Port: 2246c635-aac1-4e75-adb7-9391ec5751e4
2026-08-06 08:22:24.985 8 INFO neutron_taas.services.taas.tap_mirror_plugin [None req-601a542c-1276-4846-b277-e4eacf784ec1 272e7fb217ea48b09160ce1af112472b 0a260cc6d173471db9ffebec03b4db46 - - default default] Tap Mirror: Handle Delete Port: 2246c635-aac1-4e75-adb7-9391ec5751e4 [pid: 7|app: 0|req: 1215/2431] 10.0.0.23 () {32 vars in 730 bytes} [Thu Aug 6 08:22:24 2026] DELETE /v2.0/floatingips/e473c5d5-1c83-47cd-be92-1fe71b7d7d05 => generated 0 bytes in 384 msecs (HTTP/1.1 204) 2 headers in 112 bytes (1 switches on core 0) [pid: 7|app: 0|req: 1216/2432] 199.19.213.90 () {30 vars in 679 bytes} [Thu Aug 6 08:22:25 2026] GET /v2.0/extensions/qos => generated 166 bytes in 5 msecs (HTTP/1.1 200) 4 headers in 157 bytes (1 switches on core 0)
2026-08-06 08:22:25.218 7 WARNING neutron.scheduler.dhcp_agent_scheduler [None req-235e34b8-285c-4306-b80e-b0c932e7e2b0 866e5da4da6744499896aba7908f65be 38476ee637074c34af9c3453a1a31ef8 - - default default] No more DHCP agents
2026-08-06 08:22:25.220 7 WARNING neutron.api.rpc.agentnotifiers.dhcp_rpc_agent_api [None req-235e34b8-285c-4306-b80e-b0c932e7e2b0 866e5da4da6744499896aba7908f65be 38476ee637074c34af9c3453a1a31ef8 - - default default] Unable to schedule network 0bd99e9b-c394-4d4f-81f4-7e1d6a7906e7: no agents available; will retry on subsequent port and subnet creation events.
2026-08-06 08:22:25.307 8 INFO neutron.services.segments.plugin [-] Segment 3f660c30-0fec-4964-8143-ab61356a06d9 resource provider aggregate not found
2026-08-06 08:22:25.310 8 INFO neutron.services.segments.plugin [-] Segment 3f660c30-0fec-4964-8143-ab61356a06d9 resource provider aggregate not found
2026-08-06 08:22:25.329 8 INFO neutron.services.segments.plugin [-] Client error retrieving segment 3f660c30-0fec-4964-8143-ab61356a06d9 resource provider; error: Placement Client Error (4xx): {"errors": [{"status": 404, "title": "Not Found", "detail": "The resource could not be found.\n\n No resource provider with uuid 3f660c30-0fec-4964-8143-ab61356a06d9 found for delete ", "request_id": "req-f783e15b-b5a0-440f-bd50-1b51098ecf1c"}]}
2026-08-06 08:22:25.338 8 INFO neutron.services.segments.plugin [-] Client error retrieving segment 3f660c30-0fec-4964-8143-ab61356a06d9 resource provider; error: Placement Client Error (4xx): {"errors": [{"status": 404, "title": "Not Found", "detail": "The resource could not be found.\n\n No resource provider with uuid 3f660c30-0fec-4964-8143-ab61356a06d9 found for delete ", "request_id": "req-793bce70-07f7-4f33-9607-30ac07d712ec"}]} [pid: 8|app: 0|req: 1217/2433] 10.0.0.23 () {32 vars in 724 bytes} [Thu Aug 6 08:22:24 2026] DELETE /v2.0/networks/3d25b5d8-b459-4fe8-9448-026ebc06b083 => generated 0 bytes in 521 msecs (HTTP/1.1 204) 3 headers in 131 bytes (1 switches on core 0)
2026-08-06 08:22:25.505 8 INFO neutron_taas.services.taas.taas_plugin [None req-fab2a4d3-624b-48d6-a5dd-4d49feb1432d b66b1aef740c4b938a55b58e80cef665 41e49a690a6740bfafb2c687bc93e078 - - default default] TaaS: Handle Delete Port: e1168aa0-4b7c-4648-b8db-fb396d5441ed
2026-08-06 08:22:25.507 8 INFO neutron_taas.services.taas.tap_mirror_plugin [None req-fab2a4d3-624b-48d6-a5dd-4d49feb1432d b66b1aef740c4b938a55b58e80cef665 41e49a690a6740bfafb2c687bc93e078 - - default default] Tap Mirror: Handle Delete Port: e1168aa0-4b7c-4648-b8db-fb396d5441ed
2026-08-06 08:22:25.667 7 INFO neutron.db.ovn_revision_numbers_db [None req-6bd63a52-ac62-4782-8d35-acbb02ffe8a4 - - - - - -] Successfully bumped revision number for resource 2051b550-3d75-41e9-bc7d-4c394efb20d1 (type: ports) to 2 [pid: 8|app: 0|req: 1218/2434] 10.0.0.23 () {32 vars in 730 bytes} [Thu Aug 6 08:22:25 2026] DELETE /v2.0/floatingips/28f3d359-3944-4fe0-8748-14b933c51223 => generated 0 bytes in 293 msecs (HTTP/1.1 204) 2 headers in 112 bytes (1 switches on core 0) [pid: 8|app: 0|req: 1219/2435] 199.19.213.90 () {30 vars in 715 bytes} [Thu Aug 6 08:22:25 2026] GET /v2.0/extensions/allowed-address-pairs => generated 184 bytes in 5 msecs (HTTP/1.1 200) 4 headers in 157 bytes (1 switches on core 0)
2026-08-06 08:22:25.702 7 INFO neutron.db.ovn_revision_numbers_db [None req-6bd63a52-ac62-4782-8d35-acbb02ffe8a4 - - - - - -] Successfully bumped revision number for resource f3e4fcae-711a-43df-9fe3-497bc592c93e (type: subnets) to 0 [pid: 7|app: 0|req: 1217/2436] 10.0.0.23 () {34 vars in 667 bytes} [Thu Aug 6 08:22:25 2026] POST /v2.0/subnets => generated 626 bytes in 685 msecs (HTTP/1.1 201) 4 headers in 162 bytes (1 switches on core 0)
2026-08-06 08:22:25.769 8 INFO neutron.db.segments_db [None req-78da710e-a450-45fd-8224-45384f099f81 272e7fb217ea48b09160ce1af112472b 0a260cc6d173471db9ffebec03b4db46 - - default default] Added segment b96691f2-d989-4a6b-a34e-72ed40c80234 of type geneve for network c98c2c13-f0da-46ff-b370-7946a0c03877
2026-08-06 08:22:25.876 7 INFO neutron_taas.services.taas.taas_plugin [None req-d5c85ce2-5d91-4ed7-ba9e-d57486e959cd b66b1aef740c4b938a55b58e80cef665 41e49a690a6740bfafb2c687bc93e078 - - default default] TaaS: Handle Delete Port: ebe4f59a-e619-4b16-8d44-1564de6e13d2
2026-08-06 08:22:25.879 8 INFO neutron.db.ovn_revision_numbers_db [None req-78da710e-a450-45fd-8224-45384f099f81 272e7fb217ea48b09160ce1af112472b 0a260cc6d173471db9ffebec03b4db46 - - default default] Successfully bumped revision number for resource c98c2c13-f0da-46ff-b370-7946a0c03877 (type: networks) to 1
2026-08-06 08:22:25.880 7 INFO neutron_taas.services.taas.tap_mirror_plugin [None req-d5c85ce2-5d91-4ed7-ba9e-d57486e959cd b66b1aef740c4b938a55b58e80cef665 41e49a690a6740bfafb2c687bc93e078 - - default default] Tap Mirror: Handle Delete Port: ebe4f59a-e619-4b16-8d44-1564de6e13d2 [pid: 7|app: 0|req: 1218/2437] 10.0.0.23 () {32 vars in 730 bytes} [Thu Aug 6 08:22:25 2026] DELETE /v2.0/floatingips/6f7e4fb6-b1da-41e1-9dad-b4d5ef323444 => generated 0 bytes in 307 msecs (HTTP/1.1 204) 2 headers in 112 bytes (1 switches on core 0)
2026-08-06 08:22:26.034 8 WARNING neutron.scheduler.dhcp_agent_scheduler [None req-78da710e-a450-45fd-8224-45384f099f81 272e7fb217ea48b09160ce1af112472b 0a260cc6d173471db9ffebec03b4db46 - - default default] No more DHCP agents
2026-08-06 08:22:26.035 8 WARNING neutron.api.rpc.agentnotifiers.dhcp_rpc_agent_api [None req-78da710e-a450-45fd-8224-45384f099f81 272e7fb217ea48b09160ce1af112472b 0a260cc6d173471db9ffebec03b4db46 - - default default] Unable to schedule network c98c2c13-f0da-46ff-b370-7946a0c03877: no agents available; will retry on subsequent port and subnet creation events. [pid: 7|app: 0|req: 1219/2438] 199.19.213.90 () {30 vars in 739 bytes} [Thu Aug 6 08:22:26 2026] GET /v2.0/subnets/0ac9e16c-f2d8-4ea7-a75c-f7b3a6f6506a => generated 675 bytes in 25 msecs (HTTP/1.1 200) 4 headers in 157 bytes (1 switches on core 0)
2026-08-06 08:22:26.086 8 INFO neutron.plugins.ml2.drivers.ovn.mech_driver.mech_driver [None req-52ae8ec5-2329-40fb-b196-422730dc8143 - - - - - -] OVN reports status down for port: 0989b2b6-f8ba-4bcb-a46a-5e089369c747
2026-08-06 08:22:26.140 8 INFO neutron.db.ovn_revision_numbers_db [None req-78da710e-a450-45fd-8224-45384f099f81 272e7fb217ea48b09160ce1af112472b 0a260cc6d173471db9ffebec03b4db46 - - default default] Successfully bumped revision number for resource 0989b2b6-f8ba-4bcb-a46a-5e089369c747 (type: ports) to 1 [pid: 8|app: 0|req: 1220/2439] 10.0.0.23 () {34 vars in 668 bytes} [Thu Aug 6 08:22:25 2026] POST /v2.0/networks => generated 767 bytes in 509 msecs (HTTP/1.1 201) 4 headers in 162 bytes (1 switches on core 0)
2026-08-06 08:22:26.257 7 WARNING neutron.scheduler.dhcp_agent_scheduler [None req-2967b7c7-fa19-4914-baf9-574911d96839 866e5da4da6744499896aba7908f65be 38476ee637074c34af9c3453a1a31ef8 - - default default] No more DHCP agents
2026-08-06 08:22:26.258 7 WARNING neutron.api.rpc.agentnotifiers.dhcp_rpc_agent_api [None req-2967b7c7-fa19-4914-baf9-574911d96839 866e5da4da6744499896aba7908f65be 38476ee637074c34af9c3453a1a31ef8 - - default default] Unable to schedule network 7d99ce8f-d43a-4b78-a5b2-c69b96c67b09: no agents available; will retry on subsequent port and subnet creation events.
2026-08-06 08:22:26.354 8 WARNING neutron.scheduler.dhcp_agent_scheduler [None req-a2e1d0ee-c05f-4cc3-b4b8-3f25482167a0 272e7fb217ea48b09160ce1af112472b 0a260cc6d173471db9ffebec03b4db46 - - default default] No more DHCP agents
2026-08-06 08:22:26.356 8 WARNING neutron.api.rpc.agentnotifiers.dhcp_rpc_agent_api [None req-a2e1d0ee-c05f-4cc3-b4b8-3f25482167a0 272e7fb217ea48b09160ce1af112472b 0a260cc6d173471db9ffebec03b4db46 - - default default] Unable to schedule network c98c2c13-f0da-46ff-b370-7946a0c03877: no agents available; will retry on subsequent port and subnet creation events.
2026-08-06 08:22:26.707 7 INFO neutron.db.ovn_revision_numbers_db [None req-f65692d4-a00d-412f-920e-6a75c8abb1d9 - - - - - -] Successfully bumped revision number for resource d0d74299-ce28-463c-9ec8-c28af7f91020 (type: ports) to 2
2026-08-06 08:22:26.750 7 INFO neutron.db.ovn_revision_numbers_db [None req-f65692d4-a00d-412f-920e-6a75c8abb1d9 - - - - - -] Successfully bumped revision number for resource 430d8040-2da4-4f92-a935-81a53e0ba2a9 (type: subnets) to 0 [pid: 7|app: 0|req: 1220/2440] 10.0.0.23 () {34 vars in 667 bytes} [Thu Aug 6 08:22:26 2026] POST /v2.0/subnets => generated 626 bytes in 710 msecs (HTTP/1.1 201) 4 headers in 162 bytes (1 switches on core 0)
2026-08-06 08:22:26.852 8 INFO neutron.db.ovn_revision_numbers_db [None req-2bfcefc3-afdf-4ef5-9640-ca7aa422b00c - - - - - -] Successfully bumped revision number for resource 0989b2b6-f8ba-4bcb-a46a-5e089369c747 (type: ports) to 2
2026-08-06 08:22:26.892 8 INFO neutron.db.ovn_revision_numbers_db [None req-2bfcefc3-afdf-4ef5-9640-ca7aa422b00c - - - - - -] Successfully bumped revision number for resource c4fc29a8-5b55-4970-924d-0e356b98a142 (type: subnets) to 0 [pid: 8|app: 0|req: 1221/2441] 10.0.0.23 () {34 vars in 667 bytes} [Thu Aug 6 08:22:26 2026] POST /v2.0/subnets => generated 647 bytes in 727 msecs (HTTP/1.1 201) 4 headers in 162 bytes (1 switches on core 0)
2026-08-06 08:22:26.933 7 INFO neutron.db.ovn_revision_numbers_db [None req-94933d20-f8ae-44eb-97de-f7219f681b22 866e5da4da6744499896aba7908f65be 38476ee637074c34af9c3453a1a31ef8 - - default default] Successfully bumped revision number for resource c5a7bd7c-a562-4f1d-ad54-eebd71c08e85 (type: routers) to 1 [pid: 7|app: 0|req: 1221/2442] 10.0.0.23 () {34 vars in 667 bytes} [Thu Aug 6 08:22:26 2026] POST /v2.0/routers => generated 602 bytes in 179 msecs (HTTP/1.1 201) 4 headers in 162 bytes (1 switches on core 0)
2026-08-06 08:22:27.152 8 INFO neutron.db.ovn_revision_numbers_db [None req-0dfab492-c8a4-4aef-b8e2-0beb16072d6e 8064c5f3e8864f7fb480a5e9ca5f46a8 0cbbccf305784105859cef5ca4785f79 - - default default] Successfully bumped revision number for resource 35993e2d-cf3e-4260-a445-3c988e30090d (type: security_groups) to 1
2026-08-06 08:22:27.163 8 INFO neutron.db.ovn_revision_numbers_db [None req-0dfab492-c8a4-4aef-b8e2-0beb16072d6e 8064c5f3e8864f7fb480a5e9ca5f46a8 0cbbccf305784105859cef5ca4785f79 - - default default] Successfully bumped revision number for resource 8de152b4-dffb-45f2-915e-81e6462f5e28 (type: security_group_rules) to 0
2026-08-06 08:22:27.176 8 INFO neutron.db.ovn_revision_numbers_db [None req-0dfab492-c8a4-4aef-b8e2-0beb16072d6e 8064c5f3e8864f7fb480a5e9ca5f46a8 0cbbccf305784105859cef5ca4785f79 - - default default] Successfully bumped revision number for resource 988a7514-4152-4633-973a-bf8ba04a3a69 (type: security_group_rules) to 0
2026-08-06 08:22:27.187 8 INFO neutron.db.ovn_revision_numbers_db [None req-0dfab492-c8a4-4aef-b8e2-0beb16072d6e 8064c5f3e8864f7fb480a5e9ca5f46a8 0cbbccf305784105859cef5ca4785f79 - - default default] Successfully bumped revision number for resource e50c8d8a-5e98-4bf4-81de-aadd569cab5a (type: security_group_rules) to 0
2026-08-06 08:22:27.199 8 INFO neutron.db.ovn_revision_numbers_db [None req-0dfab492-c8a4-4aef-b8e2-0beb16072d6e 8064c5f3e8864f7fb480a5e9ca5f46a8 0cbbccf305784105859cef5ca4785f79 - - default default] Successfully bumped revision number for resource f1029b7f-8cd3-41df-8021-68df9aa542fb (type: security_group_rules) to 0 [pid: 8|app: 0|req: 1222/2443] 10.0.0.23 () {32 vars in 772 bytes} [Thu Aug 6 08:22:26 2026] GET /v2.0/security-groups?tenant_id=af4e4cc9e718441fa2250ee457591d4f&name=default => generated 2925 bytes in 315 msecs (HTTP/1.1 200) 4 headers in 158 bytes (1 switches on core 0) [pid: 7|app: 0|req: 1222/2444] 10.0.0.23 () {34 vars in 679 bytes} [Thu Aug 6 08:22:26 2026] POST /v2.0/rbac-policies => generated 324 bytes in 308 msecs (HTTP/1.1 201) 4 headers in 162 bytes (1 switches on core 0) [pid: 7|app: 0|req: 1223/2445] 10.0.0.23 () {32 vars in 738 bytes} [Thu Aug 6 08:22:27 2026] DELETE /v2.0/security-groups/35993e2d-cf3e-4260-a445-3c988e30090d => generated 0 bytes in 260 msecs (HTTP/1.1 204) 2 headers in 112 bytes (1 switches on core 0)
2026-08-06 08:22:27.634 8 WARNING neutron.scheduler.dhcp_agent_scheduler [None req-93be2c4c-12f1-4b0a-8dee-e95b77d8dcfd 866e5da4da6744499896aba7908f65be 38476ee637074c34af9c3453a1a31ef8 - - default default] No more DHCP agents
2026-08-06 08:22:27.636 8 WARNING neutron.api.rpc.agentnotifiers.dhcp_rpc_agent_api [None req-93be2c4c-12f1-4b0a-8dee-e95b77d8dcfd 866e5da4da6744499896aba7908f65be 38476ee637074c34af9c3453a1a31ef8 - - default default] Unable to schedule network 0bd99e9b-c394-4d4f-81f4-7e1d6a7906e7: no agents available; will retry on subsequent port and subnet creation events.
2026-08-06 08:22:27.754 8 INFO neutron.plugins.ml2.drivers.ovn.mech_driver.mech_driver [None req-52ae8ec5-2329-40fb-b196-422730dc8143 - - - - - -] OVN reports status down for port: 7a616852-2f42-471c-b3e7-1008dc29f313
2026-08-06 08:22:27.812 7 INFO neutron.db.ovn_revision_numbers_db [None req-a3110531-4d9a-4d4c-b45e-738089a1bf15 8064c5f3e8864f7fb480a5e9ca5f46a8 0cbbccf305784105859cef5ca4785f79 - - default default] Successfully bumped revision number for resource 0e0896bc-ec03-44d9-8935-a725c3f6fe5e (type: security_groups) to 1
2026-08-06 08:22:27.827 7 INFO neutron.db.ovn_revision_numbers_db [None req-a3110531-4d9a-4d4c-b45e-738089a1bf15 8064c5f3e8864f7fb480a5e9ca5f46a8 0cbbccf305784105859cef5ca4785f79 - - default default] Successfully bumped revision number for resource 59765953-37d5-4e8c-bc58-4ae653cd262b (type: security_group_rules) to 0
2026-08-06 08:22:27.842 7 INFO neutron.db.ovn_revision_numbers_db [None req-a3110531-4d9a-4d4c-b45e-738089a1bf15 8064c5f3e8864f7fb480a5e9ca5f46a8 0cbbccf305784105859cef5ca4785f79 - - default default] Successfully bumped revision number for resource 5f5d24e3-9ba5-4113-8a46-14fe31ade968 (type: security_group_rules) to 0
2026-08-06 08:22:27.842 8 INFO neutron.db.ovn_revision_numbers_db [None req-93be2c4c-12f1-4b0a-8dee-e95b77d8dcfd 866e5da4da6744499896aba7908f65be 38476ee637074c34af9c3453a1a31ef8 - - default default] Successfully bumped revision number for resource 7a616852-2f42-471c-b3e7-1008dc29f313 (type: ports) to 1
2026-08-06 08:22:27.854 7 INFO neutron.db.ovn_revision_numbers_db [None req-a3110531-4d9a-4d4c-b45e-738089a1bf15 8064c5f3e8864f7fb480a5e9ca5f46a8 0cbbccf305784105859cef5ca4785f79 - - default default] Successfully bumped revision number for resource dc8ef2d8-8801-4a81-ac9a-60614c517961 (type: security_group_rules) to 0
2026-08-06 08:22:27.869 7 INFO neutron.db.ovn_revision_numbers_db [None req-a3110531-4d9a-4d4c-b45e-738089a1bf15 8064c5f3e8864f7fb480a5e9ca5f46a8 0cbbccf305784105859cef5ca4785f79 - - default default] Successfully bumped revision number for resource f5d24323-f0d3-471f-aa8f-dc900b1a03c1 (type: security_group_rules) to 0 [pid: 7|app: 0|req: 1224/2446] 10.0.0.23 () {32 vars in 772 bytes} [Thu Aug 6 08:22:27 2026] GET /v2.0/security-groups?tenant_id=cf2cf4227fd54635bd5bf93ce3ad4a26&name=default => generated 2925 bytes in 287 msecs (HTTP/1.1 200) 4 headers in 158 bytes (1 switches on core 0) [pid: 7|app: 0|req: 1225/2447] 10.0.0.23 () {32 vars in 721 bytes} [Thu Aug 6 08:22:27 2026] GET /v2.0/networks/c98c2c13-f0da-46ff-b370-7946a0c03877 => generated 692 bytes in 195 msecs (HTTP/1.1 200) 4 headers in 157 bytes (1 switches on core 0) [pid: 7|app: 0|req: 1226/2448] 10.0.0.23 () {32 vars in 738 bytes} [Thu Aug 6 08:22:28 2026] DELETE /v2.0/security-groups/0e0896bc-ec03-44d9-8935-a725c3f6fe5e => generated 0 bytes in 244 msecs (HTTP/1.1 204) 2 headers in 112 bytes (1 switches on core 0)
2026-08-06 08:22:28.613 7 INFO neutron.pecan_wsgi.hooks.translation [None req-7620fb53-e8d4-4cd1-a967-d9c7fd34c88e 48559566cd904e5bb413d20b898fc03f 7e2a3aa1f54e4ec58c160e5606c719be - - default default] GET failed (client error): The resource could not be found. [pid: 7|app: 0|req: 1227/2449] 10.0.0.23 () {32 vars in 721 bytes} [Thu Aug 6 08:22:28 2026] GET /v2.0/networks/c98c2c13-f0da-46ff-b370-7946a0c03877 => generated 138 bytes in 154 msecs (HTTP/1.1 404) 4 headers in 164 bytes (1 switches on core 0)
2026-08-06 08:22:28.739 7 INFO neutron.db.ovn_revision_numbers_db [None req-157aa6a1-9d57-4eff-9f8d-a06df7ec2384 8064c5f3e8864f7fb480a5e9ca5f46a8 0cbbccf305784105859cef5ca4785f79 - - default default] Successfully bumped revision number for resource 61348eec-043e-4d11-af44-123952c094b4 (type: security_groups) to 1
2026-08-06 08:22:28.752 7 INFO neutron.db.ovn_revision_numbers_db [None req-157aa6a1-9d57-4eff-9f8d-a06df7ec2384 8064c5f3e8864f7fb480a5e9ca5f46a8 0cbbccf305784105859cef5ca4785f79 - - default default] Successfully bumped revision number for resource 69fbecb7-92df-48b3-9d71-2b59dd32626d (type: security_group_rules) to 0
2026-08-06 08:22:28.765 7 INFO neutron.db.ovn_revision_numbers_db [None req-157aa6a1-9d57-4eff-9f8d-a06df7ec2384 8064c5f3e8864f7fb480a5e9ca5f46a8 0cbbccf305784105859cef5ca4785f79 - - default default] Successfully bumped revision number for resource afbee730-edc2-4130-9adc-15d67b4cc44b (type: security_group_rules) to 0
2026-08-06 08:22:28.775 7 INFO neutron.db.ovn_revision_numbers_db [None req-157aa6a1-9d57-4eff-9f8d-a06df7ec2384 8064c5f3e8864f7fb480a5e9ca5f46a8 0cbbccf305784105859cef5ca4785f79 - - default default] Successfully bumped revision number for resource d9f83fb0-4c86-4c08-be20-a6f14dc63297 (type: security_group_rules) to 0
2026-08-06 08:22:28.788 7 INFO neutron.db.ovn_revision_numbers_db [None req-157aa6a1-9d57-4eff-9f8d-a06df7ec2384 8064c5f3e8864f7fb480a5e9ca5f46a8 0cbbccf305784105859cef5ca4785f79 - - default default] Successfully bumped revision number for resource f95ebd58-83ce-4a0a-adf5-882166e89f43 (type: security_group_rules) to 0 [pid: 7|app: 0|req: 1228/2450] 10.0.0.23 () {32 vars in 772 bytes} [Thu Aug 6 08:22:28 2026] GET /v2.0/security-groups?tenant_id=41e49a690a6740bfafb2c687bc93e078&name=default => generated 2925 bytes in 210 msecs (HTTP/1.1 200) 4 headers in 158 bytes (1 switches on core 0)
2026-08-06 08:22:28.923 8 INFO neutron.plugins.ml2.drivers.ovn.mech_driver.mech_driver [None req-52ae8ec5-2329-40fb-b196-422730dc8143 - - - - - -] OVN reports status up for port: 7a616852-2f42-471c-b3e7-1008dc29f313
2026-08-06 08:22:28.949 8 INFO neutron.plugins.ml2.plugin [None req-52ae8ec5-2329-40fb-b196-422730dc8143 - - - - - -] Attempt 1 to provision port 7a616852-2f42-471c-b3e7-1008dc29f313
2026-08-06 08:22:28.968 7 INFO neutron_taas.services.taas.taas_plugin [None req-546ab9c9-ea45-475c-a0ab-2aa8c3f56d19 272e7fb217ea48b09160ce1af112472b 0a260cc6d173471db9ffebec03b4db46 - - default default] TaaS: Handle Delete Port: 0989b2b6-f8ba-4bcb-a46a-5e089369c747
2026-08-06 08:22:28.970 7 INFO neutron_taas.services.taas.tap_mirror_plugin [None req-546ab9c9-ea45-475c-a0ab-2aa8c3f56d19 272e7fb217ea48b09160ce1af112472b 0a260cc6d173471db9ffebec03b4db46 - - default default] Tap Mirror: Handle Delete Port: 0989b2b6-f8ba-4bcb-a46a-5e089369c747
2026-08-06 08:22:29.056 8 WARNING neutron.scheduler.dhcp_agent_scheduler [None req-93be2c4c-12f1-4b0a-8dee-e95b77d8dcfd 866e5da4da6744499896aba7908f65be 38476ee637074c34af9c3453a1a31ef8 - - default default] No more DHCP agents
2026-08-06 08:22:29.059 8 WARNING neutron.api.rpc.agentnotifiers.dhcp_rpc_agent_api [None req-93be2c4c-12f1-4b0a-8dee-e95b77d8dcfd 866e5da4da6744499896aba7908f65be 38476ee637074c34af9c3453a1a31ef8 - - default default] Unable to schedule network 0bd99e9b-c394-4d4f-81f4-7e1d6a7906e7: no agents available; will retry on subsequent port and subnet creation events.
2026-08-06 08:22:29.221 7 INFO neutron.services.segments.plugin [-] Segment b96691f2-d989-4a6b-a34e-72ed40c80234 resource provider aggregate not found
2026-08-06 08:22:29.226 7 INFO neutron.services.segments.plugin [-] Segment b96691f2-d989-4a6b-a34e-72ed40c80234 resource provider aggregate not found
2026-08-06 08:22:29.247 7 INFO neutron.services.segments.plugin [-] Client error retrieving segment b96691f2-d989-4a6b-a34e-72ed40c80234 resource provider; error: Placement Client Error (4xx): {"errors": [{"status": 404, "title": "Not Found", "detail": "The resource could not be found.\n\n No resource provider with uuid b96691f2-d989-4a6b-a34e-72ed40c80234 found for delete ", "request_id": "req-1ce4b071-7317-4e84-9ada-b0f05421fb61"}]}
2026-08-06 08:22:29.248 7 INFO neutron.services.segments.plugin [-] Client error retrieving segment b96691f2-d989-4a6b-a34e-72ed40c80234 resource provider; error: Placement Client Error (4xx): {"errors": [{"status": 404, "title": "Not Found", "detail": "The resource could not be found.\n\n No resource provider with uuid b96691f2-d989-4a6b-a34e-72ed40c80234 found for delete ", "request_id": "req-eccf1bd0-2eb6-4807-8036-b115f92dc204"}]} [pid: 7|app: 0|req: 1229/2451] 10.0.0.23 () {32 vars in 724 bytes} [Thu Aug 6 08:22:28 2026] DELETE /v2.0/networks/c98c2c13-f0da-46ff-b370-7946a0c03877 => generated 0 bytes in 445 msecs (HTTP/1.1 204) 3 headers in 131 bytes (1 switches on core 0)
2026-08-06 08:22:29.498 8 INFO neutron.db.ovn_revision_numbers_db [None req-93be2c4c-12f1-4b0a-8dee-e95b77d8dcfd 866e5da4da6744499896aba7908f65be 38476ee637074c34af9c3453a1a31ef8 - - default default] Successfully bumped revision number for resource 7a616852-2f42-471c-b3e7-1008dc29f313 (type: router_ports) to 1 [pid: 8|app: 0|req: 1223/2452] 10.0.0.23 () {34 vars in 781 bytes} [Thu Aug 6 08:22:27 2026] PUT /v2.0/routers/c5a7bd7c-a562-4f1d-ad54-eebd71c08e85/add_router_interface => generated 309 bytes in 2279 msecs (HTTP/1.1 200) 4 headers in 157 bytes (1 switches on core 0) [pid: 7|app: 0|req: 1230/2453] 10.0.0.23 () {32 vars in 738 bytes} [Thu Aug 6 08:22:29 2026] DELETE /v2.0/security-groups/61348eec-043e-4d11-af44-123952c094b4 => generated 0 bytes in 243 msecs (HTTP/1.1 204) 2 headers in 112 bytes (1 switches on core 0)
2026-08-06 08:22:29.542 8 INFO neutron.pecan_wsgi.hooks.translation [None req-9609f082-2e37-4570-b2ea-cd45406ea231 272e7fb217ea48b09160ce1af112472b 0a260cc6d173471db9ffebec03b4db46 - - default default] DELETE failed (client error): The resource could not be found. [pid: 8|app: 0|req: 1224/2454] 10.0.0.23 () {32 vars in 722 bytes} [Thu Aug 6 08:22:29 2026] DELETE /v2.0/subnets/3f18b5c8-bb8a-4c08-875c-4f939f1d5583 => generated 136 bytes in 37 msecs (HTTP/1.1 404) 4 headers in 164 bytes (1 switches on core 0) [pid: 7|app: 0|req: 1231/2455] 10.0.0.23 () {32 vars in 715 bytes} [Thu Aug 6 08:22:29 2026] GET /v2.0/ports/7a616852-2f42-471c-b3e7-1008dc29f313 => generated 943 bytes in 34 msecs (HTTP/1.1 200) 4 headers in 157 bytes (1 switches on core 0)
2026-08-06 08:22:29.573 8 INFO neutron.pecan_wsgi.hooks.translation [None req-4cd6ae64-8292-4082-877c-1dabbcf57998 272e7fb217ea48b09160ce1af112472b 0a260cc6d173471db9ffebec03b4db46 - - default default] DELETE failed (client error): The resource could not be found. [pid: 8|app: 0|req: 1225/2456] 10.0.0.23 () {32 vars in 722 bytes} [Thu Aug 6 08:22:29 2026] DELETE /v2.0/subnets/4fb7dbfb-bda5-4662-9669-f540a02d35c0 => generated 136 bytes in 28 msecs (HTTP/1.1 404) 4 headers in 164 bytes (1 switches on core 0)
2026-08-06 08:22:29.604 8 INFO neutron.pecan_wsgi.hooks.translation [None req-c4a9bdd9-e00c-44ee-8bab-78f99f249950 272e7fb217ea48b09160ce1af112472b 0a260cc6d173471db9ffebec03b4db46 - - default default] DELETE failed (client error): The resource could not be found. [pid: 8|app: 0|req: 1226/2457] 10.0.0.23 () {32 vars in 722 bytes} [Thu Aug 6 08:22:29 2026] DELETE /v2.0/subnets/c4fc29a8-5b55-4970-924d-0e356b98a142 => generated 136 bytes in 31 msecs (HTTP/1.1 404) 4 headers in 164 bytes (1 switches on core 0)
2026-08-06 08:22:29.677 8 INFO neutron.db.ovn_revision_numbers_db [None req-52ae8ec5-2329-40fb-b196-422730dc8143 - - - - - -] Successfully bumped revision number for resource 7a616852-2f42-471c-b3e7-1008dc29f313 (type: ports) to 2
2026-08-06 08:22:29.895 8 INFO neutron.db.ovn_revision_numbers_db [None req-775c3cf8-1106-47ef-9a91-2b3b9606799e - - - - - -] Successfully bumped revision number for resource 7a616852-2f42-471c-b3e7-1008dc29f313 (type: router_ports) to 2
2026-08-06 08:22:30.480 7 WARNING neutron.scheduler.dhcp_agent_scheduler [None req-1cc8c75b-d842-4791-b078-a17ab02b823c 866e5da4da6744499896aba7908f65be 38476ee637074c34af9c3453a1a31ef8 - - default default] No more DHCP agents
2026-08-06 08:22:30.483 7 WARNING neutron.api.rpc.agentnotifiers.dhcp_rpc_agent_api [None req-1cc8c75b-d842-4791-b078-a17ab02b823c 866e5da4da6744499896aba7908f65be 38476ee637074c34af9c3453a1a31ef8 - - default default] Unable to schedule network 7d99ce8f-d43a-4b78-a5b2-c69b96c67b09: no agents available; will retry on subsequent port and subnet creation events.
2026-08-06 08:22:30.608 8 INFO neutron.plugins.ml2.drivers.ovn.mech_driver.mech_driver [None req-775c3cf8-1106-47ef-9a91-2b3b9606799e - - - - - -] OVN reports status down for port: a1a5b658-5597-46df-8413-847b2b157cd7
2026-08-06 08:22:30.621 7 INFO neutron.db.ovn_revision_numbers_db [None req-1cc8c75b-d842-4791-b078-a17ab02b823c 866e5da4da6744499896aba7908f65be 38476ee637074c34af9c3453a1a31ef8 - - default default] Successfully bumped revision number for resource a1a5b658-5597-46df-8413-847b2b157cd7 (type: ports) to 1 [pid: 8|app: 0|req: 1227/2458] 10.0.0.23 () {32 vars in 772 bytes} [Thu Aug 6 08:22:30 2026] GET /v2.0/security-groups?tenant_id=0a260cc6d173471db9ffebec03b4db46&name=default => generated 2925 bytes in 223 msecs (HTTP/1.1 200) 4 headers in 158 bytes (1 switches on core 0) [pid: 8|app: 0|req: 1228/2459] 10.0.0.23 () {32 vars in 738 bytes} [Thu Aug 6 08:22:30 2026] DELETE /v2.0/security-groups/b1451534-356a-4f62-91bf-ea850cd211e5 => generated 0 bytes in 295 msecs (HTTP/1.1 204) 2 headers in 112 bytes (1 switches on core 0)
2026-08-06 08:22:31.226 8 INFO neutron.db.ovn_revision_numbers_db [None req-ba31fbe2-9c7e-4eea-8903-baf46de34cf8 8064c5f3e8864f7fb480a5e9ca5f46a8 0cbbccf305784105859cef5ca4785f79 - - default default] Successfully bumped revision number for resource 61fdd168-60dc-4fb3-b322-9a1d8ff1de8f (type: security_groups) to 1
2026-08-06 08:22:31.238 8 INFO neutron.db.ovn_revision_numbers_db [None req-ba31fbe2-9c7e-4eea-8903-baf46de34cf8 8064c5f3e8864f7fb480a5e9ca5f46a8 0cbbccf305784105859cef5ca4785f79 - - default default] Successfully bumped revision number for resource 6f2daf16-5231-46ee-8532-011c3761837b (type: security_group_rules) to 0
2026-08-06 08:22:31.260 8 INFO neutron.db.ovn_revision_numbers_db [None req-ba31fbe2-9c7e-4eea-8903-baf46de34cf8 8064c5f3e8864f7fb480a5e9ca5f46a8 0cbbccf305784105859cef5ca4785f79 - - default default] Successfully bumped revision number for resource ab676bf3-6ee7-4467-81a4-eaa9c95bec79 (type: security_group_rules) to 0
2026-08-06 08:22:31.276 8 INFO neutron.plugins.ml2.drivers.ovn.mech_driver.mech_driver [None req-775c3cf8-1106-47ef-9a91-2b3b9606799e - - - - - -] OVN reports status up for port: a1a5b658-5597-46df-8413-847b2b157cd7
2026-08-06 08:22:31.280 8 INFO neutron.db.ovn_revision_numbers_db [None req-ba31fbe2-9c7e-4eea-8903-baf46de34cf8 8064c5f3e8864f7fb480a5e9ca5f46a8 0cbbccf305784105859cef5ca4785f79 - - default default] Successfully bumped revision number for resource b67c24da-e6e2-4375-8841-97c81c3598dd (type: security_group_rules) to 0
2026-08-06 08:22:31.291 8 INFO neutron.plugins.ml2.plugin [None req-775c3cf8-1106-47ef-9a91-2b3b9606799e - - - - - -] Attempt 1 to provision port a1a5b658-5597-46df-8413-847b2b157cd7
2026-08-06 08:22:31.301 8 INFO neutron.db.ovn_revision_numbers_db [None req-ba31fbe2-9c7e-4eea-8903-baf46de34cf8 8064c5f3e8864f7fb480a5e9ca5f46a8 0cbbccf305784105859cef5ca4785f79 - - default default] Successfully bumped revision number for resource d5eb498e-318f-4239-99bb-abfe9dd3a153 (type: security_group_rules) to 0
2026-08-06 08:22:31.363 7 WARNING neutron.scheduler.dhcp_agent_scheduler [None req-1cc8c75b-d842-4791-b078-a17ab02b823c 866e5da4da6744499896aba7908f65be 38476ee637074c34af9c3453a1a31ef8 - - default default] No more DHCP agents
