2026-08-06 08:21:03.983 7 INFO neutron.db.ovn_revision_numbers_db [None req-f39411eb-3c07-4319-8b6e-6afb5bf87112 - - - - - -] Successfully bumped revision number for resource 38b324d6-bcd8-454e-9186-05810ca886dc (type: subnets) to 0 [pid: 7|app: 0|req: 928/1901] 10.0.0.23 () {34 vars in 667 bytes} [Thu Aug 6 08:21:03 2026] POST /v2.0/subnets => generated 687 bytes in 615 msecs (HTTP/1.1 201) 4 headers in 162 bytes (1 switches on core 0)
2026-08-06 08:21:04.147 8 INFO neutron.notifiers.nova [-] Nova event matching ['req-02ea62a8-acc8-47dc-b303-077710496286'] response: {'server_uuid': '01da5ac6-46b1-456c-88f0-bd1904b4a897', 'name': 'network-vif-plugged', 'status': 'completed', 'tag': '22bbf08c-5049-4f4b-af4c-e0bd27416619', 'code': 200} [pid: 7|app: 0|req: 929/1902] 10.0.0.105 () {34 vars in 989 bytes} [Thu Aug 6 08:21:04 2026] GET /v2.0/ports?device_id=01da5ac6-46b1-456c-88f0-bd1904b4a897 => generated 971 bytes in 37 msecs (HTTP/1.1 200) 4 headers in 157 bytes (1 switches on core 0) [pid: 7|app: 0|req: 930/1903] 10.0.0.105 () {34 vars in 1039 bytes} [Thu Aug 6 08:21:04 2026] GET /v2.0/security-groups?id=69a9cc57-64a4-437d-9e3a-6e2fd8acc04c&fields=id&fields=name => generated 114 bytes in 39 msecs (HTTP/1.1 200) 4 headers in 157 bytes (1 switches on core 0)
2026-08-06 08:21:04.526 8 WARNING neutron.scheduler.dhcp_agent_scheduler [None req-7574f538-a288-4252-a943-665593190bd2 8064c5f3e8864f7fb480a5e9ca5f46a8 0cbbccf305784105859cef5ca4785f79 - - default default] No more DHCP agents
2026-08-06 08:21:04.528 8 WARNING neutron.api.rpc.agentnotifiers.dhcp_rpc_agent_api [None req-7574f538-a288-4252-a943-665593190bd2 8064c5f3e8864f7fb480a5e9ca5f46a8 0cbbccf305784105859cef5ca4785f79 - - default default] Unable to schedule network e4d29957-f065-4dcd-af30-69267139a21a: no agents available; will retry on subsequent port and subnet creation events. [pid: 7|app: 0|req: 931/1904] 10.0.0.105 () {34 vars in 989 bytes} [Thu Aug 6 08:21:04 2026] GET /v2.0/ports?device_id=01da5ac6-46b1-456c-88f0-bd1904b4a897 => generated 971 bytes in 36 msecs (HTTP/1.1 200) 4 headers in 157 bytes (1 switches on core 0) [pid: 7|app: 0|req: 932/1905] 10.0.0.105 () {34 vars in 1039 bytes} [Thu Aug 6 08:21:04 2026] GET /v2.0/security-groups?id=69a9cc57-64a4-437d-9e3a-6e2fd8acc04c&fields=id&fields=name => generated 114 bytes in 31 msecs (HTTP/1.1 200) 4 headers in 157 bytes (1 switches on core 0)
2026-08-06 08:21:04.632 7 INFO neutron.plugins.ml2.drivers.ovn.mech_driver.mech_driver [None req-ddd4c926-d8c5-42d9-b13f-59a8c84caa71 - - - - - -] OVN reports status down for port: b0e3ce42-9ed5-4f25-a9ff-4d3306e04fe7
2026-08-06 08:21:04.668 8 INFO neutron.db.ovn_revision_numbers_db [None req-7574f538-a288-4252-a943-665593190bd2 8064c5f3e8864f7fb480a5e9ca5f46a8 0cbbccf305784105859cef5ca4785f79 - - default default] Successfully bumped revision number for resource b0e3ce42-9ed5-4f25-a9ff-4d3306e04fe7 (type: ports) to 1 [pid: 7|app: 0|req: 933/1906] 10.0.0.23 () {32 vars in 734 bytes} [Thu Aug 6 08:21:04 2026] GET /v2.0/ports?device_id=01da5ac6-46b1-456c-88f0-bd1904b4a897 => generated 1209 bytes in 73 msecs (HTTP/1.1 200) 4 headers in 158 bytes (1 switches on core 0)
2026-08-06 08:21:05.036 7 WARNING neutron.scheduler.dhcp_agent_scheduler [None req-7e8ad4b0-808e-4909-b135-023d0cf01850 44e7fcc4c63142a1890315523252ac96 5a0904ed065f45c89cba25a5d2383c2f - - default default] No more DHCP agents
2026-08-06 08:21:05.038 7 WARNING neutron.api.rpc.agentnotifiers.dhcp_rpc_agent_api [None req-7e8ad4b0-808e-4909-b135-023d0cf01850 44e7fcc4c63142a1890315523252ac96 5a0904ed065f45c89cba25a5d2383c2f - - default default] Unable to schedule network e4d29957-f065-4dcd-af30-69267139a21a: no agents available; will retry on subsequent port and subnet creation events.
2026-08-06 08:21:05.226 8 INFO neutron.plugins.ml2.drivers.ovn.mech_driver.ovsdb.commands [None req-72a691af-aaab-48f8-9c51-cd4740515473 - - - - - -] Schedule LRP lrp-b0e3ce42-9ed5-4f25-a9ff-4d3306e04fe7 on gateway e9446b16-60e3-41f5-9779-64e26cb5200d with priority 1
2026-08-06 08:21:05.255 7 INFO neutron.plugins.ml2.drivers.ovn.mech_driver.mech_driver [None req-ddd4c926-d8c5-42d9-b13f-59a8c84caa71 - - - - - -] OVN reports status up for port: b0e3ce42-9ed5-4f25-a9ff-4d3306e04fe7
2026-08-06 08:21:05.260 7 INFO neutron.plugins.ml2.drivers.ovn.mech_driver.ovsdb.ovsdb_monitor [None req-df3e46b1-086f-4b19-bed2-3e7dd2a7e2d6 - - - - - -] Router ffb5a3e1-66d0-4547-bcf4-996e3879f7cf is bound to host instance
2026-08-06 08:21:05.285 8 INFO neutron.db.ovn_revision_numbers_db [None req-7574f538-a288-4252-a943-665593190bd2 8064c5f3e8864f7fb480a5e9ca5f46a8 0cbbccf305784105859cef5ca4785f79 - - default default] Successfully bumped revision number for resource b0e3ce42-9ed5-4f25-a9ff-4d3306e04fe7 (type: router_ports) to 1
2026-08-06 08:21:05.342 7 INFO neutron.plugins.ml2.plugin [None req-ddd4c926-d8c5-42d9-b13f-59a8c84caa71 - - - - - -] Attempt 1 to provision port b0e3ce42-9ed5-4f25-a9ff-4d3306e04fe7
2026-08-06 08:21:05.380 8 INFO neutron.db.ovn_revision_numbers_db [None req-7574f538-a288-4252-a943-665593190bd2 8064c5f3e8864f7fb480a5e9ca5f46a8 0cbbccf305784105859cef5ca4785f79 - - default default] Successfully bumped revision number for resource ffb5a3e1-66d0-4547-bcf4-996e3879f7cf (type: routers) to 2 [pid: 8|app: 0|req: 974/1907] 10.0.0.23 () {34 vars in 667 bytes} [Thu Aug 6 08:21:04 2026] POST /v2.0/routers => generated 965 bytes in 1395 msecs (HTTP/1.1 201) 4 headers in 162 bytes (1 switches on core 0)
2026-08-06 08:21:06.285 8 WARNING neutron.scheduler.dhcp_agent_scheduler [None req-d45231b4-faa2-4b91-92f9-0ed9b775e722 8064c5f3e8864f7fb480a5e9ca5f46a8 0cbbccf305784105859cef5ca4785f79 - - default default] No more DHCP agents
2026-08-06 08:21:06.286 8 WARNING neutron.api.rpc.agentnotifiers.dhcp_rpc_agent_api [None req-d45231b4-faa2-4b91-92f9-0ed9b775e722 8064c5f3e8864f7fb480a5e9ca5f46a8 0cbbccf305784105859cef5ca4785f79 - - default default] Unable to schedule network 154d1cf6-56d1-4c57-ab56-b5e42f8bcf3c: no agents available; will retry on subsequent port and subnet creation events.
2026-08-06 08:21:06.416 8 INFO neutron.db.ovn_revision_numbers_db [None req-d45231b4-faa2-4b91-92f9-0ed9b775e722 8064c5f3e8864f7fb480a5e9ca5f46a8 0cbbccf305784105859cef5ca4785f79 - - default default] Successfully bumped revision number for resource 6f112876-d74d-4b97-99fa-a7019643c74f (type: ports) to 1
2026-08-06 08:21:07.145 8 WARNING neutron.scheduler.dhcp_agent_scheduler [None req-d45231b4-faa2-4b91-92f9-0ed9b775e722 8064c5f3e8864f7fb480a5e9ca5f46a8 0cbbccf305784105859cef5ca4785f79 - - default default] No more DHCP agents
2026-08-06 08:21:07.147 8 WARNING neutron.api.rpc.agentnotifiers.dhcp_rpc_agent_api [None req-d45231b4-faa2-4b91-92f9-0ed9b775e722 8064c5f3e8864f7fb480a5e9ca5f46a8 0cbbccf305784105859cef5ca4785f79 - - default default] Unable to schedule network 154d1cf6-56d1-4c57-ab56-b5e42f8bcf3c: no agents available; will retry on subsequent port and subnet creation events.
2026-08-06 08:21:07.202 7 INFO neutron.db.ovn_revision_numbers_db [None req-7e8ad4b0-808e-4909-b135-023d0cf01850 44e7fcc4c63142a1890315523252ac96 5a0904ed065f45c89cba25a5d2383c2f - - default default] Successfully bumped revision number for resource 9defcb83-b347-4b67-873f-aa62e70a7bfb (type: floatingips) to 1
2026-08-06 08:21:07.202 7 INFO neutron.db.l3_db [None req-7e8ad4b0-808e-4909-b135-023d0cf01850 44e7fcc4c63142a1890315523252ac96 5a0904ed065f45c89cba25a5d2383c2f - - default default] Floating IP 9defcb83-b347-4b67-873f-aa62e70a7bfb associated. External IP: 10.96.250.212, port: 22bbf08c-5049-4f4b-af4c-e0bd27416619. [pid: 7|app: 0|req: 934/1908] 10.0.0.23 () {34 vars in 675 bytes} [Thu Aug 6 08:21:04 2026] POST /v2.0/floatingips => generated 855 bytes in 2584 msecs (HTTP/1.1 201) 4 headers in 162 bytes (1 switches on core 0)
2026-08-06 08:21:07.354 7 INFO neutron.notifiers.nova [-] Nova event matching ['req-a261e57e-31f8-407e-bdf7-a8242edc3802'] response: {'name': 'network-changed', 'server_uuid': '01da5ac6-46b1-456c-88f0-bd1904b4a897', 'tag': '22bbf08c-5049-4f4b-af4c-e0bd27416619', 'status': 'completed', 'code': 200} [pid: 7|app: 0|req: 937/1911] 10.0.0.105 () {34 vars in 989 bytes} [Thu Aug 6 08:21:07 2026] GET /v2.0/ports?device_id=26bf860b-4aa6-4e5e-8fec-0dc17ff7a30a => generated 971 bytes in 138 msecs (HTTP/1.1 200) 4 headers in 157 bytes (1 switches on core 0) [pid: 7|app: 0|req: 938/1912] 10.0.0.23 () {32 vars in 727 bytes} [Thu Aug 6 08:21:07 2026] GET /v2.0/floatingips/9defcb83-b347-4b67-873f-aa62e70a7bfb => generated 857 bytes in 77 msecs (HTTP/1.1 200) 4 headers in 157 bytes (1 switches on core 0)
2026-08-06 08:21:07.590 8 INFO neutron.db.ovn_revision_numbers_db [None req-d45231b4-faa2-4b91-92f9-0ed9b775e722 8064c5f3e8864f7fb480a5e9ca5f46a8 0cbbccf305784105859cef5ca4785f79 - - default default] Successfully bumped revision number for resource 6f112876-d74d-4b97-99fa-a7019643c74f (type: router_ports) to 1 [pid: 8|app: 0|req: 975/1913] 10.0.0.23 () {34 vars in 781 bytes} [Thu Aug 6 08:21:05 2026] PUT /v2.0/routers/ffb5a3e1-66d0-4547-bcf4-996e3879f7cf/add_router_interface => generated 309 bytes in 2192 msecs (HTTP/1.1 200) 4 headers in 157 bytes (1 switches on core 0) [pid: 7|app: 0|req: 939/1914] 10.0.0.105 () {34 vars in 1039 bytes} [Thu Aug 6 08:21:07 2026] GET /v2.0/security-groups?id=1cffd742-2e78-4a41-975f-dc1fd0abafce&fields=id&fields=name => generated 114 bytes in 107 msecs (HTTP/1.1 200) 4 headers in 157 bytes (1 switches on core 0)
2026-08-06 08:21:07.660 7 INFO neutron.db.ovn_revision_numbers_db [None req-1edc0c57-5ea9-4ae8-8500-dcb1758067d2 - - - - - -] Successfully bumped revision number for resource b0e3ce42-9ed5-4f25-a9ff-4d3306e04fe7 (type: ports) to 4 [pid: 7|app: 0|req: 940/1915] 10.0.0.105 () {34 vars in 989 bytes} [Thu Aug 6 08:21:07 2026] GET /v2.0/ports?device_id=26bf860b-4aa6-4e5e-8fec-0dc17ff7a30a => generated 971 bytes in 66 msecs (HTTP/1.1 200) 4 headers in 157 bytes (1 switches on core 0) [pid: 7|app: 0|req: 941/1916] 199.19.213.90 () {34 vars in 1078 bytes} [Thu Aug 6 08:21:07 2026] GET /v2.0/ports?tenant_id=5a0904ed065f45c89cba25a5d2383c2f&device_id=01da5ac6-46b1-456c-88f0-bd1904b4a897 => generated 1209 bytes in 58 msecs (HTTP/1.1 200) 4 headers in 158 bytes (1 switches on core 0) /var/lib/openstack/lib/python3.12/site-packages/pycadf/identifier.py:70: UserWarning: Invalid uuid: neutron. To ensure interoperability, identifiers should be a valid uuid. warnings.warn(('Invalid uuid: %s. To ensure interoperability, ' [pid: 7|app: 0|req: 942/1917] 10.0.0.105 () {34 vars in 1039 bytes} [Thu Aug 6 08:21:07 2026] GET /v2.0/security-groups?id=1cffd742-2e78-4a41-975f-dc1fd0abafce&fields=id&fields=name => generated 114 bytes in 43 msecs (HTTP/1.1 200) 4 headers in 157 bytes (1 switches on core 0) [pid: 7|app: 0|req: 943/1918] 199.19.213.90 () {34 vars in 984 bytes} [Thu Aug 6 08:21:08 2026] GET /v2.0/networks?id=d0ca753a-c178-41be-99ea-7a45bb7071ef => generated 798 bytes in 68 msecs (HTTP/1.1 200) 4 headers in 157 bytes (1 switches on core 0)
2026-08-06 08:21:08.153 8 INFO neutron.db.ovn_revision_numbers_db [None req-c92158bd-12cd-4e42-abda-cee5fc0c94b2 26948420144f49869cc0d36fa8362585 508fa1ecc3d148298bf63847fd1386a4 - - default default] Successfully bumped revision number for resource e49b0ab5-19e3-4260-a486-66bc2a40bd11 (type: security_groups) to 1
2026-08-06 08:21:08.169 8 INFO neutron.db.ovn_revision_numbers_db [None req-c92158bd-12cd-4e42-abda-cee5fc0c94b2 26948420144f49869cc0d36fa8362585 508fa1ecc3d148298bf63847fd1386a4 - - default default] Successfully bumped revision number for resource 04a78eae-2db0-40c5-85ec-ba82d44f4de9 (type: security_group_rules) to 0
2026-08-06 08:21:08.171 7 INFO neutron.db.ovn_revision_numbers_db [None req-1edc0c57-5ea9-4ae8-8500-dcb1758067d2 - - - - - -] Successfully bumped revision number for resource b0e3ce42-9ed5-4f25-a9ff-4d3306e04fe7 (type: ports) to 5 [pid: 7|app: 0|req: 944/1919] 199.19.213.90 () {34 vars in 1056 bytes} [Thu Aug 6 08:21:08 2026] GET /v2.0/floatingips?fixed_ip_address=10.100.0.9&port_id=22bbf08c-5049-4f4b-af4c-e0bd27416619 => generated 860 bytes in 95 msecs (HTTP/1.1 200) 4 headers in 157 bytes (1 switches on core 0)
2026-08-06 08:21:08.188 8 INFO neutron.db.ovn_revision_numbers_db [None req-c92158bd-12cd-4e42-abda-cee5fc0c94b2 26948420144f49869cc0d36fa8362585 508fa1ecc3d148298bf63847fd1386a4 - - default default] Successfully bumped revision number for resource 4326268c-4c1a-4047-9337-d6ee27ecc30a (type: security_group_rules) to 0
2026-08-06 08:21:08.200 8 INFO neutron.db.ovn_revision_numbers_db [None req-c92158bd-12cd-4e42-abda-cee5fc0c94b2 26948420144f49869cc0d36fa8362585 508fa1ecc3d148298bf63847fd1386a4 - - default default] Successfully bumped revision number for resource ec2cc016-c305-44e4-80e5-570a70b43558 (type: security_group_rules) to 0
2026-08-06 08:21:08.212 8 INFO neutron.db.ovn_revision_numbers_db [None req-c92158bd-12cd-4e42-abda-cee5fc0c94b2 26948420144f49869cc0d36fa8362585 508fa1ecc3d148298bf63847fd1386a4 - - default default] Successfully bumped revision number for resource ef8b6f47-96de-4f7f-b604-a46897d0ceb2 (type: security_group_rules) to 0 [pid: 7|app: 0|req: 945/1920] 199.19.213.90 () {34 vars in 982 bytes} [Thu Aug 6 08:21:08 2026] GET /v2.0/subnets?id=b34aa219-f532-4060-a644-f0f09ddb638f => generated 678 bytes in 64 msecs (HTTP/1.1 200) 4 headers in 157 bytes (1 switches on core 0) [pid: 7|app: 0|req: 946/1921] 199.19.213.90 () {34 vars in 1050 bytes} [Thu Aug 6 08:21:08 2026] GET /v2.0/ports?network_id=d0ca753a-c178-41be-99ea-7a45bb7071ef&device_owner=network%3Adhcp => generated 12 bytes in 30 msecs (HTTP/1.1 200) 4 headers in 156 bytes (1 switches on core 0)
2026-08-06 08:21:08.302 8 INFO neutron.db.segments_db [None req-c92158bd-12cd-4e42-abda-cee5fc0c94b2 26948420144f49869cc0d36fa8362585 508fa1ecc3d148298bf63847fd1386a4 - - default default] Added segment 40ab3360-8f9e-49d6-b3b4-865878059aed of type geneve for network 0bc46cd9-1aed-40fd-98fa-16d9e3a00c30 [pid: 7|app: 0|req: 947/1922] 199.19.213.90 () {34 vars in 1010 bytes} [Thu Aug 6 08:21:08 2026] GET /v2.0/networks/d0ca753a-c178-41be-99ea-7a45bb7071ef?fields=segments => generated 14 bytes in 53 msecs (HTTP/1.1 200) 4 headers in 156 bytes (1 switches on core 0) [pid: 7|app: 0|req: 948/1923] 199.19.213.90 () {34 vars in 1110 bytes} [Thu Aug 6 08:21:08 2026] GET /v2.0/networks/d0ca753a-c178-41be-99ea-7a45bb7071ef?fields=provider%3Aphysical_network&fields=provider%3Anetwork_type => generated 79 bytes in 58 msecs (HTTP/1.1 200) 4 headers in 156 bytes (1 switches on core 0)
2026-08-06 08:21:08.421 8 INFO neutron.db.ovn_revision_numbers_db [None req-c92158bd-12cd-4e42-abda-cee5fc0c94b2 26948420144f49869cc0d36fa8362585 508fa1ecc3d148298bf63847fd1386a4 - - default default] Successfully bumped revision number for resource 0bc46cd9-1aed-40fd-98fa-16d9e3a00c30 (type: networks) to 1
2026-08-06 08:21:08.489 7 INFO neutron.plugins.ml2.drivers.ovn.mech_driver.mech_driver [None req-ddd4c926-d8c5-42d9-b13f-59a8c84caa71 - - - - - -] OVN reports status down for port: 6f112876-d74d-4b97-99fa-a7019643c74f
2026-08-06 08:21:08.552 7 INFO neutron.plugins.ml2.drivers.ovn.mech_driver.mech_driver [None req-ddd4c926-d8c5-42d9-b13f-59a8c84caa71 - - - - - -] OVN reports status up for port: 6f112876-d74d-4b97-99fa-a7019643c74f
2026-08-06 08:21:08.563 7 INFO neutron.plugins.ml2.plugin [None req-ddd4c926-d8c5-42d9-b13f-59a8c84caa71 - - - - - -] Attempt 1 to provision port 6f112876-d74d-4b97-99fa-a7019643c74f
2026-08-06 08:21:08.586 8 WARNING neutron.scheduler.dhcp_agent_scheduler [None req-c92158bd-12cd-4e42-abda-cee5fc0c94b2 26948420144f49869cc0d36fa8362585 508fa1ecc3d148298bf63847fd1386a4 - - default default] No more DHCP agents
2026-08-06 08:21:08.588 8 WARNING neutron.api.rpc.agentnotifiers.dhcp_rpc_agent_api [None req-c92158bd-12cd-4e42-abda-cee5fc0c94b2 26948420144f49869cc0d36fa8362585 508fa1ecc3d148298bf63847fd1386a4 - - default default] Unable to schedule network 0bc46cd9-1aed-40fd-98fa-16d9e3a00c30: no agents available; will retry on subsequent port and subnet creation events.
2026-08-06 08:21:08.668 8 INFO neutron.db.ovn_revision_numbers_db [None req-c92158bd-12cd-4e42-abda-cee5fc0c94b2 26948420144f49869cc0d36fa8362585 508fa1ecc3d148298bf63847fd1386a4 - - default default] Successfully bumped revision number for resource 881dc10e-a14c-4411-8c41-bd367d70f369 (type: ports) to 1 [pid: 8|app: 0|req: 976/1924] 10.0.0.23 () {34 vars in 668 bytes} [Thu Aug 6 08:21:07 2026] POST /v2.0/networks => generated 678 bytes in 874 msecs (HTTP/1.1 201) 4 headers in 162 bytes (1 switches on core 0)
2026-08-06 08:21:08.948 8 WARNING neutron.scheduler.dhcp_agent_scheduler [None req-e7d61598-a5ba-431e-9653-9bf2a9e66afe 26948420144f49869cc0d36fa8362585 508fa1ecc3d148298bf63847fd1386a4 - - default default] No more DHCP agents
2026-08-06 08:21:08.960 7 INFO neutron.db.ovn_revision_numbers_db [None req-510e68a6-d7b1-49f1-9d46-a64f74344854 8064c5f3e8864f7fb480a5e9ca5f46a8 0cbbccf305784105859cef5ca4785f79 - - default default] Successfully bumped revision number for resource 0be0fdb6-a597-4949-9330-7eab30996936 (type: security_groups) to 1
2026-08-06 08:21:08.958 8 WARNING neutron.api.rpc.agentnotifiers.dhcp_rpc_agent_api [None req-e7d61598-a5ba-431e-9653-9bf2a9e66afe 26948420144f49869cc0d36fa8362585 508fa1ecc3d148298bf63847fd1386a4 - - default default] Unable to schedule network 0bc46cd9-1aed-40fd-98fa-16d9e3a00c30: no agents available; will retry on subsequent port and subnet creation events.
2026-08-06 08:21:08.997 7 INFO neutron.db.ovn_revision_numbers_db [None req-510e68a6-d7b1-49f1-9d46-a64f74344854 8064c5f3e8864f7fb480a5e9ca5f46a8 0cbbccf305784105859cef5ca4785f79 - - default default] Successfully bumped revision number for resource 3824108b-ab2b-42ea-af9d-0b66f657d4a5 (type: security_group_rules) to 0
2026-08-06 08:21:09.029 7 INFO neutron.db.ovn_revision_numbers_db [None req-510e68a6-d7b1-49f1-9d46-a64f74344854 8064c5f3e8864f7fb480a5e9ca5f46a8 0cbbccf305784105859cef5ca4785f79 - - default default] Successfully bumped revision number for resource 8bb1607b-cb48-4fda-aa8b-1cfcf564dc61 (type: security_group_rules) to 0
2026-08-06 08:21:09.058 7 INFO neutron.db.ovn_revision_numbers_db [None req-510e68a6-d7b1-49f1-9d46-a64f74344854 8064c5f3e8864f7fb480a5e9ca5f46a8 0cbbccf305784105859cef5ca4785f79 - - default default] Successfully bumped revision number for resource deb5b511-cd53-4818-8acc-ae07141a2cbd (type: security_group_rules) to 0
2026-08-06 08:21:09.078 7 INFO neutron.db.ovn_revision_numbers_db [None req-510e68a6-d7b1-49f1-9d46-a64f74344854 8064c5f3e8864f7fb480a5e9ca5f46a8 0cbbccf305784105859cef5ca4785f79 - - default default] Successfully bumped revision number for resource efa373da-f16f-496c-929a-f226f8f057f2 (type: security_group_rules) to 0
2026-08-06 08:21:09.202 7 INFO neutron.db.segments_db [None req-510e68a6-d7b1-49f1-9d46-a64f74344854 8064c5f3e8864f7fb480a5e9ca5f46a8 0cbbccf305784105859cef5ca4785f79 - - default default] Added segment b29eb58f-9599-4457-a33e-dcdf7eaf0d05 of type geneve for network 258e327a-efa1-4b29-9872-d5cf31ae44b1
2026-08-06 08:21:09.233 7 INFO neutron.db.ovn_revision_numbers_db [None req-ddd4c926-d8c5-42d9-b13f-59a8c84caa71 - - - - - -] Successfully bumped revision number for resource 6f112876-d74d-4b97-99fa-a7019643c74f (type: ports) to 2
2026-08-06 08:21:09.399 7 INFO neutron.db.ovn_revision_numbers_db [None req-510e68a6-d7b1-49f1-9d46-a64f74344854 8064c5f3e8864f7fb480a5e9ca5f46a8 0cbbccf305784105859cef5ca4785f79 - - default default] Successfully bumped revision number for resource 258e327a-efa1-4b29-9872-d5cf31ae44b1 (type: networks) to 1
2026-08-06 08:21:09.400 8 INFO neutron.db.ovn_revision_numbers_db [None req-22178125-f0ba-4118-9146-3bf04e83394e - - - - - -] Successfully bumped revision number for resource 881dc10e-a14c-4411-8c41-bd367d70f369 (type: ports) to 2
2026-08-06 08:21:09.433 8 INFO neutron.db.ovn_revision_numbers_db [None req-22178125-f0ba-4118-9146-3bf04e83394e - - - - - -] Successfully bumped revision number for resource 0ac9e16c-f2d8-4ea7-a75c-f7b3a6f6506a (type: subnets) to 0 [pid: 8|app: 0|req: 977/1925] 10.0.0.23 () {34 vars in 667 bytes} [Thu Aug 6 08:21:08 2026] POST /v2.0/subnets => generated 657 bytes in 742 msecs (HTTP/1.1 201) 4 headers in 162 bytes (1 switches on core 0)
2026-08-06 08:21:09.509 7 INFO neutron.db.ovn_revision_numbers_db [None req-a9a37c45-cc42-4b1d-b7ef-6c145305252f - - - - - -] Successfully bumped revision number for resource 6f112876-d74d-4b97-99fa-a7019643c74f (type: router_ports) to 2
2026-08-06 08:21:09.509 7 INFO neutron.plugins.ml2.drivers.ovn.mech_driver.mech_driver [None req-a9a37c45-cc42-4b1d-b7ef-6c145305252f - - - - - -] OVN reports status down for port: 881dc10e-a14c-4411-8c41-bd367d70f369 [pid: 8|app: 0|req: 978/1926] 10.0.0.105 () {34 vars in 989 bytes} [Thu Aug 6 08:21:09 2026] GET /v2.0/ports?device_id=26bf860b-4aa6-4e5e-8fec-0dc17ff7a30a => generated 971 bytes in 80 msecs (HTTP/1.1 200) 4 headers in 157 bytes (1 switches on core 0)
2026-08-06 08:21:09.632 7 INFO neutron.plugins.ml2.drivers.ovn.mech_driver.mech_driver [None req-a9a37c45-cc42-4b1d-b7ef-6c145305252f - - - - - -] OVN reports status down for port: 8cb46ba7-3cc5-4093-adf4-419661709e35
2026-08-06 08:21:09.669 7 WARNING neutron.scheduler.dhcp_agent_scheduler [None req-510e68a6-d7b1-49f1-9d46-a64f74344854 8064c5f3e8864f7fb480a5e9ca5f46a8 0cbbccf305784105859cef5ca4785f79 - - default default] No more DHCP agents
2026-08-06 08:21:09.673 7 WARNING neutron.api.rpc.agentnotifiers.dhcp_rpc_agent_api [None req-510e68a6-d7b1-49f1-9d46-a64f74344854 8064c5f3e8864f7fb480a5e9ca5f46a8 0cbbccf305784105859cef5ca4785f79 - - default default] Unable to schedule network 258e327a-efa1-4b29-9872-d5cf31ae44b1: no agents available; will retry on subsequent port and subnet creation events.
2026-08-06 08:21:09.744 8 INFO neutron.plugins.ml2.drivers.ovn.mech_driver.mech_driver [None req-ffb34066-8335-470e-a4bd-7eae14f374f9 - - - - - -] OVN reports status down for port: ea247bce-3c77-4002-9eab-676cc03ac3b8 [pid: 8|app: 0|req: 979/1927] 10.0.0.23 () {32 vars in 720 bytes} [Thu Aug 6 08:21:09 2026] GET /v2.0/subnetpools?name=shared-default-subnetpool-v6 => generated 19 bytes in 260 msecs (HTTP/1.1 200) 4 headers in 156 bytes (1 switches on core 0)
2026-08-06 08:21:09.825 7 INFO neutron.db.ovn_revision_numbers_db [None req-510e68a6-d7b1-49f1-9d46-a64f74344854 8064c5f3e8864f7fb480a5e9ca5f46a8 0cbbccf305784105859cef5ca4785f79 - - default default] Successfully bumped revision number for resource ea247bce-3c77-4002-9eab-676cc03ac3b8 (type: ports) to 1 [pid: 8|app: 0|req: 980/1928] 10.0.0.105 () {34 vars in 1039 bytes} [Thu Aug 6 08:21:09 2026] GET /v2.0/security-groups?id=1cffd742-2e78-4a41-975f-dc1fd0abafce&fields=id&fields=name => generated 114 bytes in 68 msecs (HTTP/1.1 200) 4 headers in 157 bytes (1 switches on core 0)
2026-08-06 08:21:09.886 7 INFO neutron.notifiers.nova [-] Nova event matching ['req-af0075b2-2f0a-4919-9565-2b9b6dad56ff'] response: {'server_uuid': '26bf860b-4aa6-4e5e-8fec-0dc17ff7a30a', 'name': 'network-vif-unplugged', 'status': 'completed', 'tag': '8cb46ba7-3cc5-4093-adf4-419661709e35', 'code': 200} [pid: 7|app: 0|req: 949/1929] 10.0.0.23 () {34 vars in 669 bytes} [Thu Aug 6 08:21:08 2026] POST /v2.0/networks => generated 781 bytes in 1246 msecs (HTTP/1.1 201) 4 headers in 162 bytes (1 switches on core 0)
2026-08-06 08:21:10.063 8 WARNING neutron.scheduler.dhcp_agent_scheduler [None req-01a62ad0-2078-40b2-aa4b-5aa439942303 26948420144f49869cc0d36fa8362585 508fa1ecc3d148298bf63847fd1386a4 - - default default] No more DHCP agents
2026-08-06 08:21:10.064 8 WARNING neutron.api.rpc.agentnotifiers.dhcp_rpc_agent_api [None req-01a62ad0-2078-40b2-aa4b-5aa439942303 26948420144f49869cc0d36fa8362585 508fa1ecc3d148298bf63847fd1386a4 - - default default] Unable to schedule network 0bc46cd9-1aed-40fd-98fa-16d9e3a00c30: no agents available; will retry on subsequent port and subnet creation events.
2026-08-06 08:21:10.098 8 INFO neutron.db.ovn_revision_numbers_db [None req-01a62ad0-2078-40b2-aa4b-5aa439942303 26948420144f49869cc0d36fa8362585 508fa1ecc3d148298bf63847fd1386a4 - - default default] Successfully bumped revision number for resource f2e6b00b-5f57-4c8b-a1d6-967e675f493e (type: subnets) to 0 [pid: 8|app: 0|req: 981/1930] 10.0.0.23 () {34 vars in 667 bytes} [Thu Aug 6 08:21:09 2026] POST /v2.0/subnets => generated 732 bytes in 251 msecs (HTTP/1.1 201) 4 headers in 162 bytes (1 switches on core 0)
2026-08-06 08:21:10.135 7 INFO neutron.db.ovn_revision_numbers_db [None req-a9a37c45-cc42-4b1d-b7ef-6c145305252f - - - - - -] Successfully bumped revision number for resource 8cb46ba7-3cc5-4093-adf4-419661709e35 (type: ports) to 8 [pid: 8|app: 0|req: 982/1931] 199.19.213.90 () {34 vars in 992 bytes} [Thu Aug 6 08:21:10 2026] GET /v2.0/ports?device_id=26bf860b-4aa6-4e5e-8fec-0dc17ff7a30a => generated 969 bytes in 34 msecs (HTTP/1.1 200) 4 headers in 157 bytes (1 switches on core 0)
2026-08-06 08:21:10.163 7 WARNING neutron.scheduler.dhcp_agent_scheduler [None req-6fcf31d4-9f8e-4500-8491-011ceca66aff 8064c5f3e8864f7fb480a5e9ca5f46a8 0cbbccf305784105859cef5ca4785f79 - - default default] No more DHCP agents
2026-08-06 08:21:10.171 7 WARNING neutron.api.rpc.agentnotifiers.dhcp_rpc_agent_api [None req-6fcf31d4-9f8e-4500-8491-011ceca66aff 8064c5f3e8864f7fb480a5e9ca5f46a8 0cbbccf305784105859cef5ca4785f79 - - default default] Unable to schedule network 258e327a-efa1-4b29-9872-d5cf31ae44b1: no agents available; will retry on subsequent port and subnet creation events.
2026-08-06 08:21:10.240 8 INFO neutron.db.segments_db [None req-1ed7a464-c682-42c7-a0ae-4768d492099e 26948420144f49869cc0d36fa8362585 508fa1ecc3d148298bf63847fd1386a4 - - default default] Added segment de92fa0d-ff2d-4974-8dec-03f60680c0b9 of type geneve for network 31a2aaf2-13ca-4bf7-8e91-b681b52e6952
2026-08-06 08:21:10.359 8 INFO neutron.db.ovn_revision_numbers_db [None req-1ed7a464-c682-42c7-a0ae-4768d492099e 26948420144f49869cc0d36fa8362585 508fa1ecc3d148298bf63847fd1386a4 - - default default] Successfully bumped revision number for resource 31a2aaf2-13ca-4bf7-8e91-b681b52e6952 (type: networks) to 1
2026-08-06 08:21:10.512 8 WARNING neutron.scheduler.dhcp_agent_scheduler [None req-1ed7a464-c682-42c7-a0ae-4768d492099e 26948420144f49869cc0d36fa8362585 508fa1ecc3d148298bf63847fd1386a4 - - default default] No more DHCP agents
2026-08-06 08:21:10.514 8 WARNING neutron.api.rpc.agentnotifiers.dhcp_rpc_agent_api [None req-1ed7a464-c682-42c7-a0ae-4768d492099e 26948420144f49869cc0d36fa8362585 508fa1ecc3d148298bf63847fd1386a4 - - default default] Unable to schedule network 31a2aaf2-13ca-4bf7-8e91-b681b52e6952: no agents available; will retry on subsequent port and subnet creation events.
2026-08-06 08:21:10.566 7 INFO neutron.plugins.ml2.drivers.ovn.mech_driver.mech_driver [None req-1a039090-f438-449f-af9c-74480871edeb - - - - - -] OVN reports status down for port: 5e0c3ecb-3864-4c41-945e-3ae3cac6e1ec
2026-08-06 08:21:10.598 8 INFO neutron.db.ovn_revision_numbers_db [None req-1ed7a464-c682-42c7-a0ae-4768d492099e 26948420144f49869cc0d36fa8362585 508fa1ecc3d148298bf63847fd1386a4 - - default default] Successfully bumped revision number for resource 5e0c3ecb-3864-4c41-945e-3ae3cac6e1ec (type: ports) to 1 [pid: 8|app: 0|req: 983/1932] 10.0.0.23 () {34 vars in 668 bytes} [Thu Aug 6 08:21:10 2026] POST /v2.0/networks => generated 676 bytes in 478 msecs (HTTP/1.1 201) 4 headers in 162 bytes (1 switches on core 0)
2026-08-06 08:21:10.768 8 INFO neutron_taas.services.taas.taas_plugin [req-369212a2-a236-4f0c-8097-4abe5a59414c req-e82f5388-b9d9-4203-a939-29d3dd00a5e0 ee7d33d5cf4d4f6b81c0ca4e2ab6f373 dc52ecf81fe34edd930ee92ed4744408 - - default default] TaaS: Handle Delete Port: 8cb46ba7-3cc5-4093-adf4-419661709e35
2026-08-06 08:21:10.771 8 INFO neutron_taas.services.taas.tap_mirror_plugin [req-369212a2-a236-4f0c-8097-4abe5a59414c req-e82f5388-b9d9-4203-a939-29d3dd00a5e0 ee7d33d5cf4d4f6b81c0ca4e2ab6f373 dc52ecf81fe34edd930ee92ed4744408 - - default default] Tap Mirror: Handle Delete Port: 8cb46ba7-3cc5-4093-adf4-419661709e35
2026-08-06 08:21:10.789 7 INFO neutron.db.ovn_revision_numbers_db [None req-5499ade3-4ee3-4dcd-b98c-79ebb2a944cf - - - - - -] Successfully bumped revision number for resource ea247bce-3c77-4002-9eab-676cc03ac3b8 (type: ports) to 2
2026-08-06 08:21:10.842 7 INFO neutron.db.ovn_revision_numbers_db [None req-5499ade3-4ee3-4dcd-b98c-79ebb2a944cf - - - - - -] Successfully bumped revision number for resource 8afdad39-6700-413c-8a41-4221d28e31fe (type: subnets) to 0 [pid: 7|app: 0|req: 950/1933] 10.0.0.23 () {34 vars in 667 bytes} [Thu Aug 6 08:21:09 2026] POST /v2.0/subnets => generated 687 bytes in 952 msecs (HTTP/1.1 201) 4 headers in 162 bytes (1 switches on core 0) /var/lib/openstack/lib/python3.12/site-packages/pycadf/identifier.py:70: UserWarning: Invalid uuid: neutron. To ensure interoperability, identifiers should be a valid uuid. warnings.warn(('Invalid uuid: %s. To ensure interoperability, '
2026-08-06 08:21:10.973 8 INFO neutron.db.l3_db [req-369212a2-a236-4f0c-8097-4abe5a59414c req-e82f5388-b9d9-4203-a939-29d3dd00a5e0 ee7d33d5cf4d4f6b81c0ca4e2ab6f373 dc52ecf81fe34edd930ee92ed4744408 - - default default] Floating IP 10c43d26-f773-4514-be33-e95eb00e22ff disassociated. External IP: 10.96.250.213, port: 8cb46ba7-3cc5-4093-adf4-419661709e35.
2026-08-06 08:21:11.061 7 WARNING neutron.scheduler.dhcp_agent_scheduler [None req-46963ce2-f1f2-4a2a-9b11-28718685b597 26948420144f49869cc0d36fa8362585 508fa1ecc3d148298bf63847fd1386a4 - - default default] No more DHCP agents
2026-08-06 08:21:11.062 7 WARNING neutron.api.rpc.agentnotifiers.dhcp_rpc_agent_api [None req-46963ce2-f1f2-4a2a-9b11-28718685b597 26948420144f49869cc0d36fa8362585 508fa1ecc3d148298bf63847fd1386a4 - - default default] Unable to schedule network 31a2aaf2-13ca-4bf7-8e91-b681b52e6952: no agents available; will retry on subsequent port and subnet creation events. [pid: 8|app: 0|req: 984/1934] 199.19.213.90 () {36 vars in 995 bytes} [Thu Aug 6 08:21:10 2026] DELETE /v2.0/ports/8cb46ba7-3cc5-4093-adf4-419661709e35 => generated 0 bytes in 465 msecs (HTTP/1.1 204) 3 headers in 131 bytes (1 switches on core 0) /var/lib/openstack/lib/python3.12/site-packages/pycadf/identifier.py:70: UserWarning: Invalid uuid: neutron. To ensure interoperability, identifiers should be a valid uuid. warnings.warn(('Invalid uuid: %s. To ensure interoperability, '
2026-08-06 08:21:11.136 8 INFO neutron.notifiers.nova [-] Nova event matching ['req-cea8915c-d19e-4ca8-80a8-a5f7d2e9b1f5'] response: {'server_uuid': '26bf860b-4aa6-4e5e-8fec-0dc17ff7a30a', 'name': 'network-vif-deleted', 'tag': '8cb46ba7-3cc5-4093-adf4-419661709e35', 'status': 'completed', 'code': 200}
2026-08-06 08:21:11.496 8 WARNING neutron.scheduler.dhcp_agent_scheduler [None req-b5ea8936-d50a-41c3-bca4-91e5fb5152f9 8064c5f3e8864f7fb480a5e9ca5f46a8 0cbbccf305784105859cef5ca4785f79 - - default default] No more DHCP agents
2026-08-06 08:21:11.498 8 WARNING neutron.api.rpc.agentnotifiers.dhcp_rpc_agent_api [None req-b5ea8936-d50a-41c3-bca4-91e5fb5152f9 8064c5f3e8864f7fb480a5e9ca5f46a8 0cbbccf305784105859cef5ca4785f79 - - default default] Unable to schedule network e4d29957-f065-4dcd-af30-69267139a21a: no agents available; will retry on subsequent port and subnet creation events.
2026-08-06 08:21:11.507 7 INFO neutron.db.ovn_revision_numbers_db [None req-9ecb61f5-0f9d-4627-a9cd-25342754ee40 - - - - - -] Successfully bumped revision number for resource 5e0c3ecb-3864-4c41-945e-3ae3cac6e1ec (type: ports) to 2
2026-08-06 08:21:11.544 7 INFO neutron.db.ovn_revision_numbers_db [None req-9ecb61f5-0f9d-4627-a9cd-25342754ee40 - - - - - -] Successfully bumped revision number for resource 68ac955b-8b03-4e65-9f89-26afbc106b2e (type: subnets) to 0 [pid: 7|app: 0|req: 951/1935] 10.0.0.23 () {34 vars in 667 bytes} [Thu Aug 6 08:21:10 2026] POST /v2.0/subnets => generated 656 bytes in 705 msecs (HTTP/1.1 201) 4 headers in 162 bytes (1 switches on core 0) [pid: 7|app: 0|req: 952/1936] 10.0.0.105 () {34 vars in 989 bytes} [Thu Aug 6 08:21:11 2026] GET /v2.0/ports?device_id=26bf860b-4aa6-4e5e-8fec-0dc17ff7a30a => generated 12 bytes in 18 msecs (HTTP/1.1 200) 4 headers in 156 bytes (1 switches on core 0)
2026-08-06 08:21:11.600 8 INFO neutron.plugins.ml2.drivers.ovn.mech_driver.mech_driver [None req-ffb34066-8335-470e-a4bd-7eae14f374f9 - - - - - -] OVN reports status down for port: 103365f3-a45f-495e-b0ac-03887d939d9a
2026-08-06 08:21:11.655 8 INFO neutron.db.ovn_revision_numbers_db [None req-b5ea8936-d50a-41c3-bca4-91e5fb5152f9 8064c5f3e8864f7fb480a5e9ca5f46a8 0cbbccf305784105859cef5ca4785f79 - - default default] Successfully bumped revision number for resource 103365f3-a45f-495e-b0ac-03887d939d9a (type: ports) to 1
2026-08-06 08:21:11.800 7 WARNING neutron.scheduler.dhcp_agent_scheduler [None req-671f115c-d0ad-4bba-a9b3-ee0d0855a58a 26948420144f49869cc0d36fa8362585 508fa1ecc3d148298bf63847fd1386a4 - - default default] No more DHCP agents
2026-08-06 08:21:11.802 7 WARNING neutron.api.rpc.agentnotifiers.dhcp_rpc_agent_api [None req-671f115c-d0ad-4bba-a9b3-ee0d0855a58a 26948420144f49869cc0d36fa8362585 508fa1ecc3d148298bf63847fd1386a4 - - default default] Unable to schedule network 31a2aaf2-13ca-4bf7-8e91-b681b52e6952: no agents available; will retry on subsequent port and subnet creation events.
2026-08-06 08:21:11.837 7 INFO neutron.db.ovn_revision_numbers_db [None req-671f115c-d0ad-4bba-a9b3-ee0d0855a58a 26948420144f49869cc0d36fa8362585 508fa1ecc3d148298bf63847fd1386a4 - - default default] Successfully bumped revision number for resource 0a6fc604-a300-4cf8-b3f1-8625caa27683 (type: subnets) to 0 [pid: 7|app: 0|req: 953/1937] 10.0.0.23 () {34 vars in 667 bytes} [Thu Aug 6 08:21:11 2026] POST /v2.0/subnets => generated 724 bytes in 272 msecs (HTTP/1.1 201) 4 headers in 162 bytes (1 switches on core 0)
2026-08-06 08:21:11.930 7 INFO neutron.notifiers.nova [-] Nova event matching ['req-9834705f-4972-43cc-9e13-126c9c41afee'] response: {'server_uuid': '26bf860b-4aa6-4e5e-8fec-0dc17ff7a30a', 'name': 'network-vif-unplugged', 'status': 'completed', 'tag': '8cb46ba7-3cc5-4093-adf4-419661709e35', 'code': 200}
2026-08-06 08:21:11.951 7 INFO neutron.db.segments_db [None req-c1772dbd-ce33-4c96-a6e4-2e11ea441f83 26948420144f49869cc0d36fa8362585 508fa1ecc3d148298bf63847fd1386a4 - - default default] Added segment db0a5b97-42e6-44d5-bb3f-17d356885f9a of type geneve for network 0bfb4352-cd4a-41fa-899a-b7a4bdd14c9e
2026-08-06 08:21:12.067 7 INFO neutron.db.ovn_revision_numbers_db [None req-c1772dbd-ce33-4c96-a6e4-2e11ea441f83 26948420144f49869cc0d36fa8362585 508fa1ecc3d148298bf63847fd1386a4 - - default default] Successfully bumped revision number for resource 0bfb4352-cd4a-41fa-899a-b7a4bdd14c9e (type: networks) to 1
2026-08-06 08:21:12.253 7 WARNING neutron.scheduler.dhcp_agent_scheduler [None req-c1772dbd-ce33-4c96-a6e4-2e11ea441f83 26948420144f49869cc0d36fa8362585 508fa1ecc3d148298bf63847fd1386a4 - - default default] No more DHCP agents
2026-08-06 08:21:12.255 7 WARNING neutron.api.rpc.agentnotifiers.dhcp_rpc_agent_api [None req-c1772dbd-ce33-4c96-a6e4-2e11ea441f83 26948420144f49869cc0d36fa8362585 508fa1ecc3d148298bf63847fd1386a4 - - default default] Unable to schedule network 0bfb4352-cd4a-41fa-899a-b7a4bdd14c9e: no agents available; will retry on subsequent port and subnet creation events.
2026-08-06 08:21:12.298 7 INFO neutron.plugins.ml2.drivers.ovn.mech_driver.mech_driver [None req-1a039090-f438-449f-af9c-74480871edeb - - - - - -] OVN reports status down for port: 2e17b299-0530-452a-bed5-94876de123fb
2026-08-06 08:21:12.317 8 INFO neutron.plugins.ml2.drivers.ovn.mech_driver.ovsdb.commands [None req-72a691af-aaab-48f8-9c51-cd4740515473 - - - - - -] Schedule LRP lrp-103365f3-a45f-495e-b0ac-03887d939d9a on gateway e9446b16-60e3-41f5-9779-64e26cb5200d with priority 1
2026-08-06 08:21:12.332 8 INFO neutron.plugins.ml2.drivers.ovn.mech_driver.mech_driver [None req-ffb34066-8335-470e-a4bd-7eae14f374f9 - - - - - -] OVN reports status up for port: 103365f3-a45f-495e-b0ac-03887d939d9a
2026-08-06 08:21:12.351 8 INFO neutron.plugins.ml2.drivers.ovn.mech_driver.ovsdb.ovsdb_monitor [None req-28c55f30-b7e4-4c6a-9019-9c35bb0f9970 - - - - - -] Router 04aa5d39-4268-4215-b143-15e8d263fc25 is bound to host instance
2026-08-06 08:21:12.358 8 INFO neutron.plugins.ml2.plugin [None req-ffb34066-8335-470e-a4bd-7eae14f374f9 - - - - - -] Attempt 1 to provision port 103365f3-a45f-495e-b0ac-03887d939d9a
2026-08-06 08:21:12.387 7 INFO neutron.db.ovn_revision_numbers_db [None req-c1772dbd-ce33-4c96-a6e4-2e11ea441f83 26948420144f49869cc0d36fa8362585 508fa1ecc3d148298bf63847fd1386a4 - - default default] Successfully bumped revision number for resource 2e17b299-0530-452a-bed5-94876de123fb (type: ports) to 1
2026-08-06 08:21:12.440 8 INFO neutron.db.ovn_revision_numbers_db [None req-b5ea8936-d50a-41c3-bca4-91e5fb5152f9 8064c5f3e8864f7fb480a5e9ca5f46a8 0cbbccf305784105859cef5ca4785f79 - - default default] Successfully bumped revision number for resource 103365f3-a45f-495e-b0ac-03887d939d9a (type: router_ports) to 1 [pid: 7|app: 0|req: 954/1938] 10.0.0.23 () {34 vars in 668 bytes} [Thu Aug 6 08:21:11 2026] POST /v2.0/networks => generated 676 bytes in 584 msecs (HTTP/1.1 201) 4 headers in 162 bytes (1 switches on core 0)
2026-08-06 08:21:12.629 8 INFO neutron.db.ovn_revision_numbers_db [None req-b5ea8936-d50a-41c3-bca4-91e5fb5152f9 8064c5f3e8864f7fb480a5e9ca5f46a8 0cbbccf305784105859cef5ca4785f79 - - default default] Successfully bumped revision number for resource 04aa5d39-4268-4215-b143-15e8d263fc25 (type: routers) to 2
2026-08-06 08:21:12.636 7 WARNING neutron.scheduler.dhcp_agent_scheduler [None req-bf0b6ddf-8b2b-4c4f-a9cd-ba18549b6cb8 26948420144f49869cc0d36fa8362585 508fa1ecc3d148298bf63847fd1386a4 - - default default] No more DHCP agents
2026-08-06 08:21:12.638 7 WARNING neutron.api.rpc.agentnotifiers.dhcp_rpc_agent_api [None req-bf0b6ddf-8b2b-4c4f-a9cd-ba18549b6cb8 26948420144f49869cc0d36fa8362585 508fa1ecc3d148298bf63847fd1386a4 - - default default] Unable to schedule network 0bfb4352-cd4a-41fa-899a-b7a4bdd14c9e: no agents available; will retry on subsequent port and subnet creation events. [pid: 8|app: 0|req: 985/1939] 10.0.0.23 () {34 vars in 667 bytes} [Thu Aug 6 08:21:11 2026] POST /v2.0/routers => generated 965 bytes in 1578 msecs (HTTP/1.1 201) 4 headers in 162 bytes (1 switches on core 0) [pid: 8|app: 0|req: 986/1940] 10.0.0.105 () {34 vars in 989 bytes} [Thu Aug 6 08:21:12 2026] GET /v2.0/ports?device_id=26bf860b-4aa6-4e5e-8fec-0dc17ff7a30a => generated 12 bytes in 53 msecs (HTTP/1.1 200) 4 headers in 156 bytes (1 switches on core 0)
2026-08-06 08:21:13.099 7 INFO neutron.db.ovn_revision_numbers_db [None req-17590952-883b-49e5-8479-405c703f1071 - - - - - -] Successfully bumped revision number for resource 2e17b299-0530-452a-bed5-94876de123fb (type: ports) to 2
2026-08-06 08:21:13.134 7 INFO neutron.db.ovn_revision_numbers_db [None req-17590952-883b-49e5-8479-405c703f1071 - - - - - -] Successfully bumped revision number for resource 4a49bd3a-b8bd-4dfb-96cd-5db514132b9e (type: subnets) to 0 [pid: 7|app: 0|req: 955/1941] 10.0.0.23 () {34 vars in 667 bytes} [Thu Aug 6 08:21:12 2026] POST /v2.0/subnets => generated 656 bytes in 702 msecs (HTTP/1.1 201) 4 headers in 162 bytes (1 switches on core 0)
2026-08-06 08:21:13.352 7 WARNING neutron.scheduler.dhcp_agent_scheduler [None req-6295a880-9396-4fda-8738-4bd03276adc2 26948420144f49869cc0d36fa8362585 508fa1ecc3d148298bf63847fd1386a4 - - default default] No more DHCP agents
2026-08-06 08:21:13.354 7 WARNING neutron.api.rpc.agentnotifiers.dhcp_rpc_agent_api [None req-6295a880-9396-4fda-8738-4bd03276adc2 26948420144f49869cc0d36fa8362585 508fa1ecc3d148298bf63847fd1386a4 - - default default] Unable to schedule network 0bfb4352-cd4a-41fa-899a-b7a4bdd14c9e: no agents available; will retry on subsequent port and subnet creation events.
2026-08-06 08:21:13.384 7 INFO neutron.db.ovn_revision_numbers_db [None req-6295a880-9396-4fda-8738-4bd03276adc2 26948420144f49869cc0d36fa8362585 508fa1ecc3d148298bf63847fd1386a4 - - default default] Successfully bumped revision number for resource ab676a94-f2e6-4e21-8d9b-f036892fac6a (type: subnets) to 0 [pid: 7|app: 0|req: 956/1942] 10.0.0.23 () {34 vars in 667 bytes} [Thu Aug 6 08:21:13 2026] POST /v2.0/subnets => generated 729 bytes in 245 msecs (HTTP/1.1 201) 4 headers in 162 bytes (1 switches on core 0)
2026-08-06 08:21:13.633 8 WARNING neutron.scheduler.dhcp_agent_scheduler [None req-39844ce2-1d50-4acd-9bc5-6b984a9b9ec5 8064c5f3e8864f7fb480a5e9ca5f46a8 0cbbccf305784105859cef5ca4785f79 - - default default] No more DHCP agents
2026-08-06 08:21:13.637 8 WARNING neutron.api.rpc.agentnotifiers.dhcp_rpc_agent_api [None req-39844ce2-1d50-4acd-9bc5-6b984a9b9ec5 8064c5f3e8864f7fb480a5e9ca5f46a8 0cbbccf305784105859cef5ca4785f79 - - default default] Unable to schedule network 258e327a-efa1-4b29-9872-d5cf31ae44b1: no agents available; will retry on subsequent port and subnet creation events.
2026-08-06 08:21:13.838 7 WARNING neutron.scheduler.dhcp_agent_scheduler [None req-07e4b4eb-b0f9-4b29-9f6a-67d4d67999b8 26948420144f49869cc0d36fa8362585 508fa1ecc3d148298bf63847fd1386a4 - - default default] No more DHCP agents
2026-08-06 08:21:13.846 7 WARNING neutron.api.rpc.agentnotifiers.dhcp_rpc_agent_api [None req-07e4b4eb-b0f9-4b29-9f6a-67d4d67999b8 26948420144f49869cc0d36fa8362585 508fa1ecc3d148298bf63847fd1386a4 - - default default] Unable to schedule network e4d29957-f065-4dcd-af30-69267139a21a: no agents available; will retry on subsequent port and subnet creation events.
2026-08-06 08:21:13.862 7 INFO neutron.plugins.ml2.drivers.ovn.mech_driver.mech_driver [None req-1a039090-f438-449f-af9c-74480871edeb - - - - - -] OVN reports status down for port: 6a394cb8-2d8c-4816-8093-0e61b7305319
2026-08-06 08:21:13.915 8 INFO neutron.db.ovn_revision_numbers_db [None req-39844ce2-1d50-4acd-9bc5-6b984a9b9ec5 8064c5f3e8864f7fb480a5e9ca5f46a8 0cbbccf305784105859cef5ca4785f79 - - default default] Successfully bumped revision number for resource 6a394cb8-2d8c-4816-8093-0e61b7305319 (type: ports) to 1
2026-08-06 08:21:14.028 7 INFO neutron.plugins.ml2.drivers.ovn.mech_driver.mech_driver [None req-1a039090-f438-449f-af9c-74480871edeb - - - - - -] OVN reports status down for port: b27fa10f-dd83-4f77-846c-2418d75c4a4e
2026-08-06 08:21:14.105 7 INFO neutron.db.ovn_revision_numbers_db [None req-07e4b4eb-b0f9-4b29-9f6a-67d4d67999b8 26948420144f49869cc0d36fa8362585 508fa1ecc3d148298bf63847fd1386a4 - - default default] Successfully bumped revision number for resource b27fa10f-dd83-4f77-846c-2418d75c4a4e (type: ports) to 1
2026-08-06 08:21:14.141 8 INFO neutron.db.ovn_revision_numbers_db [None req-4fad6839-94bc-4657-a533-40773c5127b5 - - - - - -] Successfully bumped revision number for resource 103365f3-a45f-495e-b0ac-03887d939d9a (type: ports) to 4
2026-08-06 08:21:14.805 8 INFO neutron.db.ovn_revision_numbers_db [None req-4fad6839-94bc-4657-a533-40773c5127b5 - - - - - -] Successfully bumped revision number for resource 103365f3-a45f-495e-b0ac-03887d939d9a (type: ports) to 5
2026-08-06 08:21:14.878 7 INFO neutron.plugins.ml2.drivers.ovn.mech_driver.ovsdb.commands [None req-42ef23b3-c26e-4048-b0a7-18a0a8d71431 - - - - - -] Schedule LRP lrp-b27fa10f-dd83-4f77-846c-2418d75c4a4e on gateway e9446b16-60e3-41f5-9779-64e26cb5200d with priority 1
2026-08-06 08:21:14.932 7 INFO neutron.plugins.ml2.drivers.ovn.mech_driver.ovsdb.ovsdb_monitor [None req-1edc0c57-5ea9-4ae8-8500-dcb1758067d2 - - - - - -] Router 6124d90b-37a2-4fe8-b879-81d2106a94b5 is bound to host instance
2026-08-06 08:21:14.957 7 INFO neutron.plugins.ml2.drivers.ovn.mech_driver.mech_driver [None req-1a039090-f438-449f-af9c-74480871edeb - - - - - -] OVN reports status up for port: b27fa10f-dd83-4f77-846c-2418d75c4a4e
2026-08-06 08:21:15.039 7 INFO neutron.plugins.ml2.plugin [None req-1a039090-f438-449f-af9c-74480871edeb - - - - - -] Attempt 1 to provision port b27fa10f-dd83-4f77-846c-2418d75c4a4e
2026-08-06 08:21:15.102 7 INFO neutron.db.ovn_revision_numbers_db [None req-07e4b4eb-b0f9-4b29-9f6a-67d4d67999b8 26948420144f49869cc0d36fa8362585 508fa1ecc3d148298bf63847fd1386a4 - - default default] Successfully bumped revision number for resource b27fa10f-dd83-4f77-846c-2418d75c4a4e (type: router_ports) to 1
2026-08-06 08:21:15.109 8 WARNING neutron.scheduler.dhcp_agent_scheduler [None req-39844ce2-1d50-4acd-9bc5-6b984a9b9ec5 8064c5f3e8864f7fb480a5e9ca5f46a8 0cbbccf305784105859cef5ca4785f79 - - default default] No more DHCP agents
2026-08-06 08:21:15.111 8 WARNING neutron.api.rpc.agentnotifiers.dhcp_rpc_agent_api [None req-39844ce2-1d50-4acd-9bc5-6b984a9b9ec5 8064c5f3e8864f7fb480a5e9ca5f46a8 0cbbccf305784105859cef5ca4785f79 - - default default] Unable to schedule network 258e327a-efa1-4b29-9872-d5cf31ae44b1: no agents available; will retry on subsequent port and subnet creation events.
2026-08-06 08:21:15.295 7 INFO neutron.db.ovn_revision_numbers_db [None req-07e4b4eb-b0f9-4b29-9f6a-67d4d67999b8 26948420144f49869cc0d36fa8362585 508fa1ecc3d148298bf63847fd1386a4 - - default default] Successfully bumped revision number for resource 6124d90b-37a2-4fe8-b879-81d2106a94b5 (type: routers) to 2 [pid: 7|app: 0|req: 957/1943] 10.0.0.23 () {34 vars in 667 bytes} [Thu Aug 6 08:21:13 2026] POST /v2.0/routers => generated 945 bytes in 1957 msecs (HTTP/1.1 201) 4 headers in 162 bytes (1 switches on core 0) [pid: 7|app: 0|req: 958/1944] 10.0.0.105 () {34 vars in 989 bytes} [Thu Aug 6 08:21:15 2026] GET /v2.0/ports?device_id=26bf860b-4aa6-4e5e-8fec-0dc17ff7a30a => generated 12 bytes in 47 msecs (HTTP/1.1 200) 4 headers in 156 bytes (1 switches on core 0) [pid: 7|app: 0|req: 959/1945] 10.0.0.151 () {34 vars in 989 bytes} [Thu Aug 6 08:21:15 2026] GET /v2.0/ports?device_id=01da5ac6-46b1-456c-88f0-bd1904b4a897 => generated 1209 bytes in 74 msecs (HTTP/1.1 200) 4 headers in 158 bytes (1 switches on core 0)
2026-08-06 08:21:15.633 8 INFO neutron.db.ovn_revision_numbers_db [None req-39844ce2-1d50-4acd-9bc5-6b984a9b9ec5 8064c5f3e8864f7fb480a5e9ca5f46a8 0cbbccf305784105859cef5ca4785f79 - - default default] Successfully bumped revision number for resource 6a394cb8-2d8c-4816-8093-0e61b7305319 (type: router_ports) to 1 [pid: 8|app: 0|req: 987/1946] 10.0.0.23 () {34 vars in 781 bytes} [Thu Aug 6 08:21:12 2026] PUT /v2.0/routers/04aa5d39-4268-4215-b143-15e8d263fc25/add_router_interface => generated 309 bytes in 2918 msecs (HTTP/1.1 200) 4 headers in 157 bytes (1 switches on core 0) [pid: 8|app: 0|req: 988/1947] 10.0.0.151 () {34 vars in 1039 bytes} [Thu Aug 6 08:21:15 2026] GET /v2.0/security-groups?id=69a9cc57-64a4-437d-9e3a-6e2fd8acc04c&fields=id&fields=name => generated 114 bytes in 35 msecs (HTTP/1.1 200) 4 headers in 157 bytes (1 switches on core 0)
2026-08-06 08:21:16.529 8 INFO neutron.db.ovn_revision_numbers_db [None req-b5dae5f0-b8c7-4cbb-9f63-89b3f248ab87 76a51485390f42dfa15898b09e51f667 bac1111cc85a498786a5b5328f151c45 - - default default] Successfully bumped revision number for resource 45ca9478-a286-4533-bcbf-ed93761f54d2 (type: security_groups) to 1
2026-08-06 08:21:16.541 8 INFO neutron.db.ovn_revision_numbers_db [None req-b5dae5f0-b8c7-4cbb-9f63-89b3f248ab87 76a51485390f42dfa15898b09e51f667 bac1111cc85a498786a5b5328f151c45 - - default default] Successfully bumped revision number for resource 8a0b83f3-4f90-4c73-a215-b0715351e271 (type: security_group_rules) to 0
2026-08-06 08:21:16.551 8 INFO neutron.db.ovn_revision_numbers_db [None req-b5dae5f0-b8c7-4cbb-9f63-89b3f248ab87 76a51485390f42dfa15898b09e51f667 bac1111cc85a498786a5b5328f151c45 - - default default] Successfully bumped revision number for resource e7d260e7-bf4b-4a6b-9002-dd0bf647605a (type: security_group_rules) to 0 [pid: 8|app: 0|req: 989/1948] 10.0.0.23 () {34 vars in 683 bytes} [Thu Aug 6 08:21:16 2026] POST /v2.0/security-groups => generated 1673 bytes in 181 msecs (HTTP/1.1 201) 4 headers in 163 bytes (1 switches on core 0) [pid: 8|app: 0|req: 990/1949] 10.0.0.23 () {32 vars in 738 bytes} [Thu Aug 6 08:21:16 2026] DELETE /v2.0/security-groups/1cffd742-2e78-4a41-975f-dc1fd0abafce => generated 0 bytes in 134 msecs (HTTP/1.1 204) 2 headers in 112 bytes (1 switches on core 0)
2026-08-06 08:21:16.779 7 WARNING neutron.scheduler.dhcp_agent_scheduler [None req-fe4a8468-2947-4932-941b-e7c1876e9546 26948420144f49869cc0d36fa8362585 508fa1ecc3d148298bf63847fd1386a4 - - default default] No more DHCP agents
2026-08-06 08:21:16.784 7 WARNING neutron.api.rpc.agentnotifiers.dhcp_rpc_agent_api [None req-fe4a8468-2947-4932-941b-e7c1876e9546 26948420144f49869cc0d36fa8362585 508fa1ecc3d148298bf63847fd1386a4 - - default default] Unable to schedule network 0bc46cd9-1aed-40fd-98fa-16d9e3a00c30: no agents available; will retry on subsequent port and subnet creation events.
2026-08-06 08:21:16.863 8 INFO neutron.db.ovn_revision_numbers_db [None req-0105117e-9c4d-4783-81da-1caa541f2355 76a51485390f42dfa15898b09e51f667 bac1111cc85a498786a5b5328f151c45 - - default default] Successfully bumped revision number for resource e86c89ba-5926-4c0a-a712-c603fb081e96 (type: security_group_rules) to 0 [pid: 8|app: 0|req: 991/1950] 10.0.0.23 () {34 vars in 693 bytes} [Thu Aug 6 08:21:16 2026] POST /v2.0/security-group-rules => generated 597 bytes in 172 msecs (HTTP/1.1 201) 4 headers in 162 bytes (1 switches on core 0)
2026-08-06 08:21:16.907 8 INFO neutron.api.v2.resource [None req-592a0a87-5a48-4286-b3b8-53c80599efb1 ee7d33d5cf4d4f6b81c0ca4e2ab6f373 dc52ecf81fe34edd930ee92ed4744408 - - default default] show failed (client error): The resource could not be found. [pid: 8|app: 0|req: 992/1951] 10.0.0.23 () {32 vars in 735 bytes} [Thu Aug 6 08:21:16 2026] GET /v2.0/security-groups/1cffd742-2e78-4a41-975f-dc1fd0abafce => generated 146 bytes in 13 msecs (HTTP/1.1 404) 4 headers in 164 bytes (1 switches on core 0)
