+ COMMAND=start + start + for KEYSTONE_WSGI_SCRIPT in keystone-wsgi-public ++ type -p keystone-wsgi-public + cp -a /var/lib/openstack/bin/keystone-wsgi-public /var/www/cgi-bin/keystone/ + '[' -f /etc/apache2/envvars ']' + source /etc/apache2/envvars ++ unset HOME ++ '[' '' '!=' '' ']' ++ SUFFIX= ++ export APACHE_RUN_USER=www-data ++ APACHE_RUN_USER=www-data ++ export APACHE_RUN_GROUP=www-data ++ APACHE_RUN_GROUP=www-data ++ export APACHE_PID_FILE=/var/run/apache2/apache2.pid ++ APACHE_PID_FILE=/var/run/apache2/apache2.pid ++ export APACHE_RUN_DIR=/var/run/apache2 ++ APACHE_RUN_DIR=/var/run/apache2 ++ export APACHE_LOCK_DIR=/var/lock/apache2 ++ APACHE_LOCK_DIR=/var/lock/apache2 ++ export APACHE_LOG_DIR=/var/log/apache2 ++ APACHE_LOG_DIR=/var/log/apache2 ++ export LANG=C ++ LANG=C ++ export LANG + '[' -f /var/run/apache2/apache2.pid ']' + exec apache2 -DFOREGROUND AH00558: apache2: Could not reliably determine the server's fully qualified domain name, using 10.0.0.88. Set the 'ServerName' directive globally to suppress this message AH00558: apache2: Could not reliably determine the server's fully qualified domain name, using 10.0.0.88. Set the 'ServerName' directive globally to suppress this message
[Tue Jun 02 07:03:30.173011 2026] [mpm_event:notice] [pid 1:tid 140491139598208] AH00489: Apache/2.4.58 (Ubuntu) mod_wsgi/5.0.0 Python/3.12 configured -- resuming normal operations
[Tue Jun 02 07:03:30.173165 2026] [core:notice] [pid 1:tid 140491139598208] AH00094: Command line: 'apache2 -D FOREGROUND'
[Tue Jun 02 07:04:25.756490 2026] [wsgi:error] [pid 10:tid 140490501777088] /var/lib/openstack/lib/python3.12/site-packages/oslo_utils/importutils.py:77: EventletDeprecationWarning:
[Tue Jun 02 07:04:25.756535 2026] [wsgi:error] [pid 10:tid 140490501777088] Eventlet is deprecated. It is currently being maintained in bugfix mode, and
[Tue Jun 02 07:04:25.756537 2026] [wsgi:error] [pid 10:tid 140490501777088] we strongly recommend against using it for new projects.
[Tue Jun 02 07:04:25.756538 2026] [wsgi:error] [pid 10:tid 140490501777088]
[Tue Jun 02 07:04:25.756539 2026] [wsgi:error] [pid 10:tid 140490501777088] If you are already using Eventlet, we recommend migrating to a different
[Tue Jun 02 07:04:25.756540 2026] [wsgi:error] [pid 10:tid 140490501777088] framework. For more detail see
[Tue Jun 02 07:04:25.756542 2026] [wsgi:error] [pid 10:tid 140490501777088] https://eventlet.readthedocs.io/en/latest/asyncio/migration.html
[Tue Jun 02 07:04:25.756543 2026] [wsgi:error] [pid 10:tid 140490501777088]
[Tue Jun 02 07:04:25.756544 2026] [wsgi:error] [pid 10:tid 140490501777088] __import__(import_str)
[Tue Jun 02 07:04:25.764610 2026] [wsgi:error] [pid 11:tid 140490501777088] /var/lib/openstack/lib/python3.12/site-packages/oslo_utils/importutils.py:77: EventletDeprecationWarning:
[Tue Jun 02 07:04:25.764657 2026] [wsgi:error] [pid 11:tid 140490501777088] Eventlet is deprecated. It is currently being maintained in bugfix mode, and
[Tue Jun 02 07:04:25.764660 2026] [wsgi:error] [pid 11:tid 140490501777088] we strongly recommend against using it for new projects.
[Tue Jun 02 07:04:25.764662 2026] [wsgi:error] [pid 11:tid 140490501777088]
[Tue Jun 02 07:04:25.764663 2026] [wsgi:error] [pid 11:tid 140490501777088] If you are already using Eventlet, we recommend migrating to a different
[Tue Jun 02 07:04:25.764665 2026] [wsgi:error] [pid 11:tid 140490501777088] framework. For more detail see
[Tue Jun 02 07:04:25.764666 2026] [wsgi:error] [pid 11:tid 140490501777088] https://eventlet.readthedocs.io/en/latest/asyncio/migration.html
[Tue Jun 02 07:04:25.764668 2026] [wsgi:error] [pid 11:tid 140490501777088]
[Tue Jun 02 07:04:25.764669 2026] [wsgi:error] [pid 11:tid 140490501777088] __import__(import_str) 10.0.0.47 - - [02/Jun/2026:07:04:24 +0000] "GET /v3/ HTTP/1.1" 200 249 10.0.0.47 - - [02/Jun/2026:07:04:24 +0000] "GET /v3/ HTTP/1.1" 200 249
[Tue Jun 02 07:04:37.834137 2026] [wsgi:error] [pid 9:tid 140490501777088] /var/lib/openstack/lib/python3.12/site-packages/oslo_utils/importutils.py:77: EventletDeprecationWarning:
[Tue Jun 02 07:04:37.834184 2026] [wsgi:error] [pid 9:tid 140490501777088] Eventlet is deprecated. It is currently being maintained in bugfix mode, and
[Tue Jun 02 07:04:37.834186 2026] [wsgi:error] [pid 9:tid 140490501777088] we strongly recommend against using it for new projects.
[Tue Jun 02 07:04:37.834187 2026] [wsgi:error] [pid 9:tid 140490501777088]
[Tue Jun 02 07:04:37.834188 2026] [wsgi:error] [pid 9:tid 140490501777088] If you are already using Eventlet, we recommend migrating to a different
[Tue Jun 02 07:04:37.834189 2026] [wsgi:error] [pid 9:tid 140490501777088] framework. For more detail see
[Tue Jun 02 07:04:37.834191 2026] [wsgi:error] [pid 9:tid 140490501777088] https://eventlet.readthedocs.io/en/latest/asyncio/migration.html
[Tue Jun 02 07:04:37.834192 2026] [wsgi:error] [pid 9:tid 140490501777088]
[Tue Jun 02 07:04:37.834193 2026] [wsgi:error] [pid 9:tid 140490501777088] __import__(import_str) 10.0.0.12 - - [02/Jun/2026:07:04:37 +0000] "GET / HTTP/1.1" 300 295
[Tue Jun 02 07:04:43.181965 2026] [wsgi:error] [pid 12:tid 140490501777088] /var/lib/openstack/lib/python3.12/site-packages/oslo_utils/importutils.py:77: EventletDeprecationWarning:
[Tue Jun 02 07:04:43.182011 2026] [wsgi:error] [pid 12:tid 140490501777088] Eventlet is deprecated. It is currently being maintained in bugfix mode, and
[Tue Jun 02 07:04:43.182013 2026] [wsgi:error] [pid 12:tid 140490501777088] we strongly recommend against using it for new projects.
[Tue Jun 02 07:04:43.182014 2026] [wsgi:error] [pid 12:tid 140490501777088]
[Tue Jun 02 07:04:43.182015 2026] [wsgi:error] [pid 12:tid 140490501777088] If you are already using Eventlet, we recommend migrating to a different
[Tue Jun 02 07:04:43.182017 2026] [wsgi:error] [pid 12:tid 140490501777088] framework. For more detail see
[Tue Jun 02 07:04:43.182018 2026] [wsgi:error] [pid 12:tid 140490501777088] https://eventlet.readthedocs.io/en/latest/asyncio/migration.html
[Tue Jun 02 07:04:43.182019 2026] [wsgi:error] [pid 12:tid 140490501777088]
[Tue Jun 02 07:04:43.182020 2026] [wsgi:error] [pid 12:tid 140490501777088] __import__(import_str)
[Tue Jun 02 07:04:47.865649 2026] [wsgi:error] [pid 12:tid 140490501777088] [remote 10.0.0.12:49980] 2026-06-02 07:04:47.861 12 WARNING keystone.identity.core [None req-50c15fd0-574e-4049-b84b-3eb1bcc5367f - - - - - -] Invalid domain name (atmosphere) found in config file name: keystone.exception.DomainNotFound: Could not find domain: atmosphere.
[Tue Jun 02 07:04:47.934968 2026] [wsgi:error] [pid 12:tid 140490501777088] [remote 10.0.0.12:49980] 2026-06-02 07:04:47.934 12 WARNING keystone.common.password_hashing [None req-50c15fd0-574e-4049-b84b-3eb1bcc5367f - - - - - -] Truncating password to algorithm specific maximum length 72 characters.
[Tue Jun 02 07:04:48.229660 2026] [wsgi:error] [pid 12:tid 140490501777088] [remote 10.0.0.12:49980] 2026-06-02 07:04:48.229 12 WARNING keystone.common.fernet_utils [None req-50c15fd0-574e-4049-b84b-3eb1bcc5367f - - - - - -] key_repository is world readable: /etc/keystone/fernet-keys/ 10.0.0.12 - - [02/Jun/2026:07:04:42 +0000] "POST /v3/auth/tokens HTTP/1.1" 201 1360
[Tue Jun 02 07:04:48.610712 2026] [wsgi:error] [pid 10:tid 140490501777088] [remote 10.0.0.12:49980] 2026-06-02 07:04:48.607 10 WARNING keystone.identity.core [None req-7f82ae10-b24e-48bf-b3c3-2cadd67de66c - - - - - -] Invalid domain name (atmosphere) found in config file name: keystone.exception.DomainNotFound: Could not find domain: atmosphere. 10.0.0.12 - - [02/Jun/2026:07:04:48 +0000] "POST /v3/domains HTTP/1.1" 201 261 10.0.0.202 - - [02/Jun/2026:07:04:59 +0000] "GET / HTTP/1.1" 300 295
[Tue Jun 02 07:04:59.575892 2026] [wsgi:error] [pid 9:tid 140490501777088] [remote 10.0.0.202:41940] 2026-06-02 07:04:59.575 9 WARNING keystone.common.password_hashing [None req-e30a23c4-129c-4ca7-9516-a383d678c6b7 - - - - - -] Truncating password to algorithm specific maximum length 72 characters.
[Tue Jun 02 07:04:59.853696 2026] [wsgi:error] [pid 9:tid 140490501777088] [remote 10.0.0.202:41940] 2026-06-02 07:04:59.853 9 WARNING keystone.common.fernet_utils [None req-e30a23c4-129c-4ca7-9516-a383d678c6b7 - - - - - -] key_repository is world readable: /etc/keystone/fernet-keys/ 10.0.0.202 - - [02/Jun/2026:07:04:59 +0000] "POST /v3/auth/tokens HTTP/1.1" 201 1360 10.0.0.202 - - [02/Jun/2026:07:05:00 +0000] "GET /v3/roles/admin HTTP/1.1" 404 83
[Tue Jun 02 07:05:00.115870 2026] [wsgi:error] [pid 10:tid 140490501777088] [remote 10.0.0.202:41940] 2026-06-02 07:05:00.115 10 WARNING keystone.common.rbac_enforcer.enforcer [None req-987f4126-c96e-42dd-92b6-40a61201e2fd 8f859368141f4e7182706a4014734b93 1d0077936d584ab09ff88735bb8cd4cb - - default default] Deprecated policy rules found. Use oslopolicy-policy-generator and oslopolicy-policy-upgrade to detect and resolve deprecated policies in your configuration. 10.0.0.202 - - [02/Jun/2026:07:05:00 +0000] "GET /v3/roles?name=admin HTTP/1.1" 200 389
[Tue Jun 02 07:05:00.641624 2026] [wsgi:error] [pid 11:tid 140490501777088] [remote 10.0.0.202:41940] 2026-06-02 07:05:00.641 11 WARNING keystone.common.rbac_enforcer.enforcer [None req-8b694466-fe15-498e-b051-035b21cf58d5 8f859368141f4e7182706a4014734b93 1d0077936d584ab09ff88735bb8cd4cb - - default default] Deprecated policy rules found. Use oslopolicy-policy-generator and oslopolicy-policy-upgrade to detect and resolve deprecated policies in your configuration. 10.0.0.202 - - [02/Jun/2026:07:05:00 +0000] "GET /v3/users/admin-RegionOne HTTP/1.1" 404 93
[Tue Jun 02 07:05:00.782967 2026] [wsgi:error] [pid 9:tid 140490501777088] [remote 10.0.0.202:41940] 2026-06-02 07:05:00.782 9 WARNING keystone.common.rbac_enforcer.enforcer [None req-7fcac7aa-bae5-4291-9380-25533d30dd5f 8f859368141f4e7182706a4014734b93 1d0077936d584ab09ff88735bb8cd4cb - - default default] Deprecated policy rules found. Use oslopolicy-policy-generator and oslopolicy-policy-upgrade to detect and resolve deprecated policies in your configuration. 10.0.0.202 - - [02/Jun/2026:07:05:00 +0000] "GET /v3/users?name=admin-RegionOne HTTP/1.1" 200 422
[Tue Jun 02 07:05:01.083208 2026] [wsgi:error] [pid 12:tid 140490501777088] [remote 10.0.0.202:41940] 2026-06-02 07:05:01.082 12 WARNING keystone.common.rbac_enforcer.enforcer [None req-1e4c8367-a4ac-473d-a88b-5f7eea3784ff 8f859368141f4e7182706a4014734b93 1d0077936d584ab09ff88735bb8cd4cb - - default default] Deprecated policy rules found. Use oslopolicy-policy-generator and oslopolicy-policy-upgrade to detect and resolve deprecated policies in your configuration. 10.0.0.202 - - [02/Jun/2026:07:05:00 +0000] "GET /v3/domains/default HTTP/1.1" 200 224 10.0.0.202 - - [02/Jun/2026:07:05:01 +0000] "PUT /v3/domains/default/users/8f859368141f4e7182706a4014734b93/roles/e11527879dff4312bd909d7c0dfbf709 HTTP/1.1" 204 - 10.0.0.47 - - [02/Jun/2026:07:05:10 +0000] "GET / HTTP/1.1" 300 281 10.0.0.47 - - [02/Jun/2026:07:05:12 +0000] "GET /v3 HTTP/1.1" 200 266
[Tue Jun 02 07:05:12.111357 2026] [wsgi:error] [pid 12:tid 140490501777088] [remote 10.0.0.47:33956] 2026-06-02 07:05:12.111 12 WARNING keystone.common.password_hashing [None req-79c4dffe-28a0-4f20-abf8-37d0e4b55403 - - - - - -] Truncating password to algorithm specific maximum length 72 characters.
[Tue Jun 02 07:05:12.396101 2026] [wsgi:error] [pid 12:tid 140490501777088] [remote 10.0.0.47:33956] 2026-06-02 07:05:12.395 12 WARNING keystone.common.fernet_utils [None req-79c4dffe-28a0-4f20-abf8-37d0e4b55403 - - - - - -] key_repository is world readable: /etc/keystone/fernet-keys/ 10.0.0.47 - - [02/Jun/2026:07:05:12 +0000] "POST /v3/auth/tokens HTTP/1.1" 201 1360 10.0.0.47 - - [02/Jun/2026:07:05:12 +0000] "GET / HTTP/1.1" 300 281 10.0.0.47 - - [02/Jun/2026:07:05:12 +0000] "GET /v3/domains/atmosphere HTTP/1.1" 404 90 10.0.0.47 - - [02/Jun/2026:07:05:12 +0000] "GET /v3/domains?name=atmosphere HTTP/1.1" 200 370 10.0.0.47 - - [02/Jun/2026:07:05:12 +0000] "GET /v3/domains/736d56e0c84540bc8addceff05df61d2 HTTP/1.1" 200 247 10.0.0.47 - - [02/Jun/2026:07:05:13 +0000] "GET /v3 HTTP/1.1" 200 266
[Tue Jun 02 07:05:13.504577 2026] [wsgi:error] [pid 11:tid 140490501777088] [remote 10.0.0.47:33956] 2026-06-02 07:05:13.504 11 WARNING keystone.common.password_hashing [None req-c3f85499-cc38-48a2-8296-1c29a4dcedd3 - - - - - -] Truncating password to algorithm specific maximum length 72 characters.
[Tue Jun 02 07:05:13.782681 2026] [wsgi:error] [pid 11:tid 140490501777088] [remote 10.0.0.47:33956] 2026-06-02 07:05:13.782 11 WARNING keystone.common.fernet_utils [None req-c3f85499-cc38-48a2-8296-1c29a4dcedd3 - - - - - -] key_repository is world readable: /etc/keystone/fernet-keys/ 10.0.0.47 - - [02/Jun/2026:07:05:13 +0000] "POST /v3/auth/tokens HTTP/1.1" 201 1360 10.0.0.47 - - [02/Jun/2026:07:05:13 +0000] "GET / HTTP/1.1" 300 281 10.0.0.47 - - [02/Jun/2026:07:05:13 +0000] "GET /v3/OS-FEDERATION/identity_providers/atmosphere HTTP/1.1" 404 101 10.0.0.47 - - [02/Jun/2026:07:05:13 +0000] "GET /v3/OS-FEDERATION/identity_providers HTTP/1.1" 200 156 10.0.0.47 - - [02/Jun/2026:07:05:13 +0000] "PUT /v3/OS-FEDERATION/identity_providers/atmosphere HTTP/1.1" 201 342 10.0.0.47 - - [02/Jun/2026:07:05:14 +0000] "GET /v3 HTTP/1.1" 200 266
[Tue Jun 02 07:05:14.603930 2026] [wsgi:error] [pid 12:tid 140490501777088] [remote 10.0.0.47:33952] 2026-06-02 07:05:14.603 12 WARNING keystone.common.password_hashing [None req-b3cdc2ef-758b-4f35-bd3d-95827467024d - - - - - -] Truncating password to algorithm specific maximum length 72 characters.
[Tue Jun 02 07:05:14.875925 2026] [wsgi:error] [pid 12:tid 140490501777088] [remote 10.0.0.47:33952] 2026-06-02 07:05:14.875 12 WARNING keystone.common.fernet_utils [None req-b3cdc2ef-758b-4f35-bd3d-95827467024d - - - - - -] key_repository is world readable: /etc/keystone/fernet-keys/ 10.0.0.47 - - [02/Jun/2026:07:05:14 +0000] "POST /v3/auth/tokens HTTP/1.1" 201 1360 10.0.0.47 - - [02/Jun/2026:07:05:14 +0000] "GET / HTTP/1.1" 300 281 10.0.0.47 - - [02/Jun/2026:07:05:14 +0000] "GET /v3/OS-FEDERATION/mappings/atmosphere-openid HTTP/1.1" 404 98 10.0.0.47 - - [02/Jun/2026:07:05:14 +0000] "GET /v3/OS-FEDERATION/mappings HTTP/1.1" 200 136 10.0.0.47 - - [02/Jun/2026:07:05:14 +0000] "PUT /v3/OS-FEDERATION/mappings/atmosphere-openid HTTP/1.1" 201 357 10.0.0.47 - - [02/Jun/2026:07:05:15 +0000] "GET /v3 HTTP/1.1" 200 266
[Tue Jun 02 07:05:15.735988 2026] [wsgi:error] [pid 11:tid 140490501777088] [remote 10.0.0.47:33956] 2026-06-02 07:05:15.735 11 WARNING keystone.common.password_hashing [None req-0863fb7d-3797-49ee-b225-93dcb25eee88 - - - - - -] Truncating password to algorithm specific maximum length 72 characters.
[Tue Jun 02 07:05:16.014335 2026] [wsgi:error] [pid 11:tid 140490501777088] [remote 10.0.0.47:33956] 2026-06-02 07:05:16.014 11 WARNING keystone.common.fernet_utils [None req-0863fb7d-3797-49ee-b225-93dcb25eee88 - - - - - -] key_repository is world readable: /etc/keystone/fernet-keys/ 10.0.0.47 - - [02/Jun/2026:07:05:15 +0000] "POST /v3/auth/tokens HTTP/1.1" 201 1360 10.0.0.47 - - [02/Jun/2026:07:05:16 +0000] "GET / HTTP/1.1" 300 281 10.0.0.47 - - [02/Jun/2026:07:05:16 +0000] "GET /v3/OS-FEDERATION/identity_providers/atmosphere/protocols/openid?idp_id=atmosphere HTTP/1.1" 404 131 10.0.0.47 - - [02/Jun/2026:07:05:16 +0000] "GET /v3/OS-FEDERATION/identity_providers/atmosphere/protocols HTTP/1.1" 200 168 10.0.0.47 - - [02/Jun/2026:07:05:16 +0000] "PUT /v3/OS-FEDERATION/identity_providers/atmosphere/protocols/openid HTTP/1.1" 201 224 10.0.0.47 - - [02/Jun/2026:07:05:24 +0000] "GET /v3/ HTTP/1.1" 200 249 10.0.0.47 - - [02/Jun/2026:07:05:24 +0000] "GET /v3/ HTTP/1.1" 200 249 10.0.0.47 - - [02/Jun/2026:07:06:24 +0000] "GET /v3/ HTTP/1.1" 200 249 10.0.0.47 - - [02/Jun/2026:07:06:24 +0000] "GET /v3/ HTTP/1.1" 200 249 10.0.0.43 - - [02/Jun/2026:07:06:39 +0000] "GET / HTTP/1.1" 300 295
[Tue Jun 02 07:06:39.164278 2026] [wsgi:error] [pid 12:tid 140490501777088] [remote 10.0.0.43:35630] 2026-06-02 07:06:39.164 12 WARNING keystone.common.password_hashing [None req-1de8041d-2d52-477f-8e84-eb65ec9259a6 - - - - - -] Truncating password to algorithm specific maximum length 72 characters.
[Tue Jun 02 07:06:39.447360 2026] [wsgi:error] [pid 12:tid 140490501777088] [remote 10.0.0.43:35630] 2026-06-02 07:06:39.447 12 WARNING keystone.common.fernet_utils [None req-1de8041d-2d52-477f-8e84-eb65ec9259a6 - - - - - -] key_repository is world readable: /etc/keystone/fernet-keys/ 10.0.0.43 - - [02/Jun/2026:07:06:39 +0000] "POST /v3/auth/tokens HTTP/1.1" 201 1360 10.0.0.43 - - [02/Jun/2026:07:06:39 +0000] "GET /v3/services HTTP/1.1" 200 355 10.0.0.43 - - [02/Jun/2026:07:06:43 +0000] "GET / HTTP/1.1" 300 295
[Tue Jun 02 07:06:43.047737 2026] [wsgi:error] [pid 9:tid 140490501777088] [remote 10.0.0.43:35646] 2026-06-02 07:06:43.047 9 WARNING keystone.common.password_hashing [None req-bfd327e2-2200-4035-921e-64d7493eba84 - - - - - -] Truncating password to algorithm specific maximum length 72 characters.
[Tue Jun 02 07:06:43.329259 2026] [wsgi:error] [pid 9:tid 140490501777088] [remote 10.0.0.43:35646] 2026-06-02 07:06:43.329 9 WARNING keystone.common.fernet_utils [None req-bfd327e2-2200-4035-921e-64d7493eba84 - - - - - -] key_repository is world readable: /etc/keystone/fernet-keys/ 10.0.0.43 - - [02/Jun/2026:07:06:43 +0000] "POST /v3/auth/tokens HTTP/1.1" 201 1360 10.0.0.43 - - [02/Jun/2026:07:06:43 +0000] "GET /v3/services HTTP/1.1" 200 355 10.0.0.43 - - [02/Jun/2026:07:06:46 +0000] "GET / HTTP/1.1" 300 295
[Tue Jun 02 07:06:46.830268 2026] [wsgi:error] [pid 10:tid 140490501777088] [remote 10.0.0.43:44784] 2026-06-02 07:06:46.829 10 WARNING keystone.common.password_hashing [None req-18fdb951-0029-4633-8d44-3c2350c7c5ab - - - - - -] Truncating password to algorithm specific maximum length 72 characters.
[Tue Jun 02 07:06:47.105220 2026] [wsgi:error] [pid 10:tid 140490501777088] [remote 10.0.0.43:44784] 2026-06-02 07:06:47.105 10 WARNING keystone.common.fernet_utils [None req-18fdb951-0029-4633-8d44-3c2350c7c5ab - - - - - -] key_repository is world readable: /etc/keystone/fernet-keys/ 10.0.0.43 - - [02/Jun/2026:07:06:46 +0000] "POST /v3/auth/tokens HTTP/1.1" 201 1360 10.0.0.43 - - [02/Jun/2026:07:06:47 +0000] "GET /v3/services HTTP/1.1" 200 355 10.0.0.43 - - [02/Jun/2026:07:06:50 +0000] "GET / HTTP/1.1" 300 295
[Tue Jun 02 07:06:50.579482 2026] [wsgi:error] [pid 11:tid 140490501777088] [remote 10.0.0.43:44796] 2026-06-02 07:06:50.579 11 WARNING keystone.common.password_hashing [None req-ff45cee6-b82f-4058-9d88-ec2ed4737e42 - - - - - -] Truncating password to algorithm specific maximum length 72 characters.
[Tue Jun 02 07:06:50.862682 2026] [wsgi:error] [pid 11:tid 140490501777088] [remote 10.0.0.43:44796] 2026-06-02 07:06:50.862 11 WARNING keystone.common.fernet_utils [None req-ff45cee6-b82f-4058-9d88-ec2ed4737e42 - - - - - -] key_repository is world readable: /etc/keystone/fernet-keys/ 10.0.0.43 - - [02/Jun/2026:07:06:50 +0000] "POST /v3/auth/tokens HTTP/1.1" 201 1360 10.0.0.43 - - [02/Jun/2026:07:06:50 +0000] "POST /v3/services HTTP/1.1" 201 296 10.0.0.160 - - [02/Jun/2026:07:07:01 +0000] "GET / HTTP/1.1" 300 295
[Tue Jun 02 07:07:01.397390 2026] [wsgi:error] [pid 12:tid 140490501777088] [remote 10.0.0.160:42538] 2026-06-02 07:07:01.397 12 WARNING keystone.common.password_hashing [None req-4a1556d0-a3dc-4978-8b3e-3b271bda2d67 - - - - - -] Truncating password to algorithm specific maximum length 72 characters. 10.0.0.160 - - [02/Jun/2026:07:07:01 +0000] "GET / HTTP/1.1" 300 295
[Tue Jun 02 07:07:01.510190 2026] [wsgi:error] [pid 10:tid 140490501777088] [remote 10.0.0.160:42548] 2026-06-02 07:07:01.509 10 WARNING keystone.common.password_hashing [None req-750d156a-3d74-4736-afc1-997fa1386662 - - - - - -] Truncating password to algorithm specific maximum length 72 characters.
[Tue Jun 02 07:07:01.695873 2026] [wsgi:error] [pid 12:tid 140490501777088] [remote 10.0.0.160:42538] 2026-06-02 07:07:01.695 12 WARNING keystone.common.fernet_utils [None req-4a1556d0-a3dc-4978-8b3e-3b271bda2d67 - - - - - -] key_repository is world readable: /etc/keystone/fernet-keys/ 10.0.0.160 - - [02/Jun/2026:07:07:01 +0000] "POST /v3/auth/tokens HTTP/1.1" 201 1464 10.0.0.160 - - [02/Jun/2026:07:07:01 +0000] "GET / HTTP/1.1" 300 295
[Tue Jun 02 07:07:01.773877 2026] [wsgi:error] [pid 11:tid 140490501777088] [remote 10.0.0.160:42554] 2026-06-02 07:07:01.773 11 WARNING keystone.common.password_hashing [None req-c0159b7a-d0b6-4915-aa36-17f45aa05be3 - - - - - -] Truncating password to algorithm specific maximum length 72 characters.
[Tue Jun 02 07:07:01.795334 2026] [wsgi:error] [pid 10:tid 140490501777088] [remote 10.0.0.160:42548] 2026-06-02 07:07:01.795 10 WARNING keystone.common.fernet_utils [None req-750d156a-3d74-4736-afc1-997fa1386662 - - - - - -] key_repository is world readable: /etc/keystone/fernet-keys/ 10.0.0.160 - - [02/Jun/2026:07:07:01 +0000] "POST /v3/auth/tokens HTTP/1.1" 201 1464 10.0.0.160 - - [02/Jun/2026:07:07:01 +0000] "GET /v3/services HTTP/1.1" 200 639 10.0.0.160 - - [02/Jun/2026:07:07:01 +0000] "GET /v3/services HTTP/1.1" 200 639
[Tue Jun 02 07:07:02.067648 2026] [wsgi:error] [pid 11:tid 140490501777088] [remote 10.0.0.160:42554] 2026-06-02 07:07:02.067 11 WARNING keystone.common.fernet_utils [None req-c0159b7a-d0b6-4915-aa36-17f45aa05be3 - - - - - -] key_repository is world readable: /etc/keystone/fernet-keys/ 10.0.0.160 - - [02/Jun/2026:07:07:01 +0000] "POST /v3/auth/tokens HTTP/1.1" 201 1464 10.0.0.160 - - [02/Jun/2026:07:07:02 +0000] "GET /v3/services HTTP/1.1" 200 639 10.0.0.160 - - [02/Jun/2026:07:07:03 +0000] "GET / HTTP/1.1" 300 295
[Tue Jun 02 07:07:03.260840 2026] [wsgi:error] [pid 9:tid 140490501777088] [remote 10.0.0.160:42566] 2026-06-02 07:07:03.260 9 WARNING keystone.common.password_hashing [None req-e12925e5-edf7-457c-8be5-7f86567d6ccb - - - - - -] Truncating password to algorithm specific maximum length 72 characters. 10.0.0.160 - - [02/Jun/2026:07:07:03 +0000] "GET / HTTP/1.1" 300 295
[Tue Jun 02 07:07:03.350321 2026] [wsgi:error] [pid 10:tid 140490501777088] [remote 10.0.0.160:42570] 2026-06-02 07:07:03.350 10 WARNING keystone.common.password_hashing [None req-f777d498-f76b-40e6-a83e-8fb50c6321c3 - - - - - -] Truncating password to algorithm specific maximum length 72 characters.
[Tue Jun 02 07:07:03.532957 2026] [wsgi:error] [pid 9:tid 140490501777088] [remote 10.0.0.160:42566] 2026-06-02 07:07:03.532 9 WARNING keystone.common.fernet_utils [None req-e12925e5-edf7-457c-8be5-7f86567d6ccb - - - - - -] key_repository is world readable: /etc/keystone/fernet-keys/ 10.0.0.160 - - [02/Jun/2026:07:07:03 +0000] "POST /v3/auth/tokens HTTP/1.1" 201 1464 10.0.0.160 - - [02/Jun/2026:07:07:03 +0000] "GET / HTTP/1.1" 300 295
[Tue Jun 02 07:07:03.606166 2026] [wsgi:error] [pid 11:tid 140490501777088] [remote 10.0.0.160:42576] 2026-06-02 07:07:03.605 11 WARNING keystone.common.password_hashing [None req-2391c1c0-f143-4245-a7cb-0dd66b954e86 - - - - - -] Truncating password to algorithm specific maximum length 72 characters.
[Tue Jun 02 07:07:03.632347 2026] [wsgi:error] [pid 10:tid 140490501777088] [remote 10.0.0.160:42570] 2026-06-02 07:07:03.632 10 WARNING keystone.common.fernet_utils [None req-f777d498-f76b-40e6-a83e-8fb50c6321c3 - - - - - -] key_repository is world readable: /etc/keystone/fernet-keys/ 10.0.0.160 - - [02/Jun/2026:07:07:03 +0000] "POST /v3/auth/tokens HTTP/1.1" 201 1464 10.0.0.160 - - [02/Jun/2026:07:07:03 +0000] "GET /v3/endpoints HTTP/1.1" 200 1227 10.0.0.160 - - [02/Jun/2026:07:07:03 +0000] "GET /v3/services/d8386e5f1f6f40fa9368218eeed7bf14 HTTP/1.1" 200 233 10.0.0.160 - - [02/Jun/2026:07:07:03 +0000] "GET /v3/services/d8386e5f1f6f40fa9368218eeed7bf14 HTTP/1.1" 200 233 10.0.0.160 - - [02/Jun/2026:07:07:03 +0000] "GET /v3/services/d8386e5f1f6f40fa9368218eeed7bf14 HTTP/1.1" 200 233 10.0.0.160 - - [02/Jun/2026:07:07:03 +0000] "GET /v3/endpoints HTTP/1.1" 200 1227 10.0.0.160 - - [02/Jun/2026:07:07:03 +0000] "GET /v3/services/d8386e5f1f6f40fa9368218eeed7bf14 HTTP/1.1" 200 233 10.0.0.160 - - [02/Jun/2026:07:07:03 +0000] "GET /v3/services/d8386e5f1f6f40fa9368218eeed7bf14 HTTP/1.1" 200 233 10.0.0.160 - - [02/Jun/2026:07:07:03 +0000] "GET /v3/services/d8386e5f1f6f40fa9368218eeed7bf14 HTTP/1.1" 200 233
[Tue Jun 02 07:07:03.880362 2026] [wsgi:error] [pid 11:tid 140490501777088] [remote 10.0.0.160:42576] 2026-06-02 07:07:03.880 11 WARNING keystone.common.fernet_utils [None req-2391c1c0-f143-4245-a7cb-0dd66b954e86 - - - - - -] key_repository is world readable: /etc/keystone/fernet-keys/ 10.0.0.160 - - [02/Jun/2026:07:07:03 +0000] "POST /v3/auth/tokens HTTP/1.1" 201 1464 10.0.0.160 - - [02/Jun/2026:07:07:03 +0000] "GET /v3/endpoints HTTP/1.1" 200 1227 10.0.0.160 - - [02/Jun/2026:07:07:04 +0000] "GET /v3/services/d8386e5f1f6f40fa9368218eeed7bf14 HTTP/1.1" 200 233 10.0.0.160 - - [02/Jun/2026:07:07:04 +0000] "GET /v3/services/d8386e5f1f6f40fa9368218eeed7bf14 HTTP/1.1" 200 233 10.0.0.160 - - [02/Jun/2026:07:07:04 +0000] "GET /v3/services/d8386e5f1f6f40fa9368218eeed7bf14 HTTP/1.1" 200 233 10.0.0.160 - - [02/Jun/2026:07:07:05 +0000] "GET / HTTP/1.1" 300 295
[Tue Jun 02 07:07:05.080700 2026] [wsgi:error] [pid 9:tid 140490501777088] [remote 10.0.0.160:42580] 2026-06-02 07:07:05.080 9 WARNING keystone.common.password_hashing [None req-ca2af3f0-2323-4f38-a9b5-0d80cbf5d874 - - - - - -] Truncating password to algorithm specific maximum length 72 characters. 10.0.0.160 - - [02/Jun/2026:07:07:05 +0000] "GET / HTTP/1.1" 300 295
[Tue Jun 02 07:07:05.166174 2026] [wsgi:error] [pid 11:tid 140490501777088] [remote 10.0.0.160:42586] 2026-06-02 07:07:05.166 11 WARNING keystone.common.password_hashing [None req-54a3d925-c22e-4732-9d59-5f059131368d - - - - - -] Truncating password to algorithm specific maximum length 72 characters.
[Tue Jun 02 07:07:05.368907 2026] [wsgi:error] [pid 9:tid 140490501777088] [remote 10.0.0.160:42580] 2026-06-02 07:07:05.368 9 WARNING keystone.common.fernet_utils [None req-ca2af3f0-2323-4f38-a9b5-0d80cbf5d874 - - - - - -] key_repository is world readable: /etc/keystone/fernet-keys/ 10.0.0.160 - - [02/Jun/2026:07:07:05 +0000] "POST /v3/auth/tokens HTTP/1.1" 201 1464 10.0.0.160 - - [02/Jun/2026:07:07:05 +0000] "GET / HTTP/1.1" 300 295
[Tue Jun 02 07:07:05.391735 2026] [wsgi:error] [pid 12:tid 140490501777088] [remote 10.0.0.160:42600] 2026-06-02 07:07:05.391 12 WARNING keystone.common.password_hashing [None req-fc383d55-0f4c-4432-b30a-e06ae9d25ec2 - - - - - -] Truncating password to algorithm specific maximum length 72 characters.
[Tue Jun 02 07:07:05.447911 2026] [wsgi:error] [pid 11:tid 140490501777088] [remote 10.0.0.160:42586] 2026-06-02 07:07:05.447 11 WARNING keystone.common.fernet_utils [None req-54a3d925-c22e-4732-9d59-5f059131368d - - - - - -] key_repository is world readable: /etc/keystone/fernet-keys/ 10.0.0.160 - - [02/Jun/2026:07:07:05 +0000] "POST /v3/auth/tokens HTTP/1.1" 201 1464 10.0.0.160 - - [02/Jun/2026:07:07:05 +0000] "GET /v3/services/1d92a43aa54b4657b94fcd4d7fe52d33 HTTP/1.1" 200 296 10.0.0.160 - - [02/Jun/2026:07:07:05 +0000] "GET /v3/regions/RegionOne HTTP/1.1" 200 173 10.0.0.160 - - [02/Jun/2026:07:07:05 +0000] "GET /v3/services/1d92a43aa54b4657b94fcd4d7fe52d33 HTTP/1.1" 200 296 10.0.0.160 - - [02/Jun/2026:07:07:05 +0000] "GET /v3/regions/RegionOne HTTP/1.1" 200 173
[Tue Jun 02 07:07:05.672294 2026] [wsgi:error] [pid 12:tid 140490501777088] [remote 10.0.0.160:42600] 2026-06-02 07:07:05.672 12 WARNING keystone.common.fernet_utils [None req-fc383d55-0f4c-4432-b30a-e06ae9d25ec2 - - - - - -] key_repository is world readable: /etc/keystone/fernet-keys/ 10.0.0.160 - - [02/Jun/2026:07:07:05 +0000] "POST /v3/auth/tokens HTTP/1.1" 201 1464 10.0.0.160 - - [02/Jun/2026:07:07:05 +0000] "POST /v3/endpoints HTTP/1.1" 201 380 10.0.0.160 - - [02/Jun/2026:07:07:05 +0000] "POST /v3/endpoints HTTP/1.1" 201 383 10.0.0.160 - - [02/Jun/2026:07:07:05 +0000] "GET /v3/services/1d92a43aa54b4657b94fcd4d7fe52d33 HTTP/1.1" 200 296 10.0.0.160 - - [02/Jun/2026:07:07:05 +0000] "GET /v3/regions/RegionOne HTTP/1.1" 200 173 10.0.0.160 - - [02/Jun/2026:07:07:05 +0000] "POST /v3/endpoints HTTP/1.1" 201 370 10.0.0.160 - - [02/Jun/2026:07:07:07 +0000] "GET / HTTP/1.1" 300 295 10.0.0.160 - - [02/Jun/2026:07:07:07 +0000] "GET / HTTP/1.1" 300 295
[Tue Jun 02 07:07:07.071421 2026] [wsgi:error] [pid 10:tid 140490501777088] [remote 10.0.0.160:33212] 2026-06-02 07:07:07.071 10 WARNING keystone.common.password_hashing [None req-2e67b530-11c7-4e49-bc59-88641a9f2bd7 - - - - - -] Truncating password to algorithm specific maximum length 72 characters.
[Tue Jun 02 07:07:07.090315 2026] [wsgi:error] [pid 11:tid 140490501777088] [remote 10.0.0.160:33226] 2026-06-02 07:07:07.090 11 WARNING keystone.common.password_hashing [None req-cdbc471a-28f8-4cc6-b507-1569b506857f - - - - - -] Truncating password to algorithm specific maximum length 72 characters. 10.0.0.160 - - [02/Jun/2026:07:07:07 +0000] "GET / HTTP/1.1" 300 295
[Tue Jun 02 07:07:07.203630 2026] [wsgi:error] [pid 12:tid 140490501777088] [remote 10.0.0.160:33236] 2026-06-02 07:07:07.203 12 WARNING keystone.common.password_hashing [None req-291fc5a6-0f87-430f-b4fa-aaa82894cd94 - - - - - -] Truncating password to algorithm specific maximum length 72 characters.
[Tue Jun 02 07:07:07.348796 2026] [wsgi:error] [pid 10:tid 140490501777088] [remote 10.0.0.160:33212] 2026-06-02 07:07:07.348 10 WARNING keystone.common.fernet_utils [None req-2e67b530-11c7-4e49-bc59-88641a9f2bd7 - - - - - -] key_repository is world readable: /etc/keystone/fernet-keys/ 10.0.0.160 - - [02/Jun/2026:07:07:07 +0000] "POST /v3/auth/tokens HTTP/1.1" 201 1992
[Tue Jun 02 07:07:07.371145 2026] [wsgi:error] [pid 11:tid 140490501777088] [remote 10.0.0.160:33226] 2026-06-02 07:07:07.370 11 WARNING keystone.common.fernet_utils [None req-cdbc471a-28f8-4cc6-b507-1569b506857f - - - - - -] key_repository is world readable: /etc/keystone/fernet-keys/ 10.0.0.160 - - [02/Jun/2026:07:07:07 +0000] "POST /v3/auth/tokens HTTP/1.1" 201 1992
[Tue Jun 02 07:07:07.482152 2026] [wsgi:error] [pid 12:tid 140490501777088] [remote 10.0.0.160:33236] 2026-06-02 07:07:07.481 12 WARNING keystone.common.fernet_utils [None req-291fc5a6-0f87-430f-b4fa-aaa82894cd94 - - - - - -] key_repository is world readable: /etc/keystone/fernet-keys/ 10.0.0.160 - - [02/Jun/2026:07:07:07 +0000] "GET /v3/endpoints/806b29dae89a4e699e2c2dd0bff5c3dc HTTP/1.1" 200 383 10.0.0.160 - - [02/Jun/2026:07:07:07 +0000] "POST /v3/auth/tokens HTTP/1.1" 201 1992 10.0.0.160 - - [02/Jun/2026:07:07:07 +0000] "GET /v3/endpoints/f70f4994bea14018b452c46da9dc009a HTTP/1.1" 200 380 10.0.0.160 - - [02/Jun/2026:07:07:07 +0000] "GET /v3/services/1d92a43aa54b4657b94fcd4d7fe52d33 HTTP/1.1" 200 296 10.0.0.160 - - [02/Jun/2026:07:07:07 +0000] "GET /v3/services/1d92a43aa54b4657b94fcd4d7fe52d33 HTTP/1.1" 200 296 10.0.0.160 - - [02/Jun/2026:07:07:07 +0000] "GET /v3/endpoints/23aef4459dd0444c99a9adb54d8654f1 HTTP/1.1" 200 370 10.0.0.160 - - [02/Jun/2026:07:07:07 +0000] "GET /v3/services/1d92a43aa54b4657b94fcd4d7fe52d33 HTTP/1.1" 200 296 10.0.0.39 - - [02/Jun/2026:07:07:17 +0000] "GET / HTTP/1.1" 300 295
[Tue Jun 02 07:07:17.622352 2026] [wsgi:error] [pid 9:tid 140490501777088] [remote 10.0.0.39:58560] 2026-06-02 07:07:17.622 9 WARNING keystone.common.password_hashing [None req-4c4103d2-3af6-40fc-b80b-240803f003f2 - - - - - -] Truncating password to algorithm specific maximum length 72 characters.
[Tue Jun 02 07:07:17.895296 2026] [wsgi:error] [pid 9:tid 140490501777088] [remote 10.0.0.39:58560] 2026-06-02 07:07:17.895 9 WARNING keystone.common.fernet_utils [None req-4c4103d2-3af6-40fc-b80b-240803f003f2 - - - - - -] key_repository is world readable: /etc/keystone/fernet-keys/ 10.0.0.39 - - [02/Jun/2026:07:07:17 +0000] "POST /v3/auth/tokens HTTP/1.1" 201 1992 10.0.0.39 - - [02/Jun/2026:07:07:18 +0000] "POST /v3/domains HTTP/1.1" 201 284 10.0.0.39 - - [02/Jun/2026:07:07:19 +0000] "GET / HTTP/1.1" 300 295
[Tue Jun 02 07:07:19.611413 2026] [wsgi:error] [pid 11:tid 140490501777088] [remote 10.0.0.39:58572] 2026-06-02 07:07:19.611 11 WARNING keystone.common.password_hashing [None req-baf34783-27de-44ba-a3ba-27f554ca6a39 - - - - - -] Truncating password to algorithm specific maximum length 72 characters.
[Tue Jun 02 07:07:19.884147 2026] [wsgi:error] [pid 11:tid 140490501777088] [remote 10.0.0.39:58572] 2026-06-02 07:07:19.883 11 WARNING keystone.common.fernet_utils [None req-baf34783-27de-44ba-a3ba-27f554ca6a39 - - - - - -] key_repository is world readable: /etc/keystone/fernet-keys/ 10.0.0.39 - - [02/Jun/2026:07:07:19 +0000] "POST /v3/auth/tokens HTTP/1.1" 201 1992
[Tue Jun 02 07:07:20.125905 2026] [wsgi:error] [pid 9:tid 140490501777088] [remote 10.0.0.39:58572] 2026-06-02 07:07:20.111 9 ERROR keystone.server.flask.application [None req-ded33912-41ae-4e4f-89bf-fa48bfc32b54 8f859368141f4e7182706a4014734b93 1d0077936d584ab09ff88735bb8cd4cb - - default default] Conflict occurred attempting to store project - it is not permitted to have two projects acting as domains with the same name: service.: keystone.exception.Conflict: Conflict occurred attempting to store project - it is not permitted to have two projects acting as domains with the same name: service.
[Tue Jun 02 07:07:20.125936 2026] [wsgi:error] [pid 9:tid 140490501777088] [remote 10.0.0.39:58572] 2026-06-02 07:07:20.111 9 ERROR keystone.server.flask.application
Traceback (most recent call last):
[Tue Jun 02 07:07:20.125939 2026] [wsgi:error] [pid 9:tid 140490501777088] [remote 10.0.0.39:58572] 2026-06-02 07:07:20.111 9 ERROR keystone.server.flask.application
File "/var/lib/openstack/lib/python3.12/site-packages/sqlalchemy/engine/base.py", line 1969, in _exec_single_context
[Tue Jun 02 07:07:20.125940 2026] [wsgi:error] [pid 9:tid 140490501777088] [remote 10.0.0.39:58572] 2026-06-02 07:07:20.111 9 ERROR keystone.server.flask.application self.dialect.do_execute(
[Tue Jun 02 07:07:20.125942 2026] [wsgi:error] [pid 9:tid 140490501777088] [remote 10.0.0.39:58572] 2026-06-02 07:07:20.111 9 ERROR keystone.server.flask.application
File "/var/lib/openstack/lib/python3.12/site-packages/sqlalchemy/engine/default.py", line 952, in do_execute
[Tue Jun 02 07:07:20.125944 2026] [wsgi:error] [pid 9:tid 140490501777088] [remote 10.0.0.39:58572] 2026-06-02 07:07:20.111 9 ERROR keystone.server.flask.application cursor.execute(statement, parameters)
[Tue Jun 02 07:07:20.125946 2026] [wsgi:error] [pid 9:tid 140490501777088] [remote 10.0.0.39:58572] 2026-06-02 07:07:20.111 9 ERROR keystone.server.flask.application
File "/var/lib/openstack/lib/python3.12/site-packages/pymysql/cursors.py", line 159, in execute
[Tue Jun 02 07:07:20.125947 2026] [wsgi:error] [pid 9:tid 140490501777088] [remote 10.0.0.39:58572] 2026-06-02 07:07:20.111 9 ERROR keystone.server.flask.application result = self._query(query)
[Tue Jun 02 07:07:20.125949 2026] [wsgi:error] [pid 9:tid 140490501777088] [remote 10.0.0.39:58572] 2026-06-02 07:07:20.111 9 ERROR keystone.server.flask.application ^^^^^^^^^^^^^^^^^^
[Tue Jun 02 07:07:20.125950 2026] [wsgi:error] [pid 9:tid 140490501777088] [remote 10.0.0.39:58572] 2026-06-02 07:07:20.111 9 ERROR keystone.server.flask.application
File "/var/lib/openstack/lib/python3.12/site-packages/pymysql/cursors.py", line 330, in _query
[Tue Jun 02 07:07:20.125952 2026] [wsgi:error] [pid 9:tid 140490501777088] [remote 10.0.0.39:58572] 2026-06-02 07:07:20.111 9 ERROR keystone.server.flask.application conn.query(q)
[Tue Jun 02 07:07:20.125953 2026] [wsgi:error] [pid 9:tid 140490501777088] [remote 10.0.0.39:58572] 2026-06-02 07:07:20.111 9 ERROR keystone.server.flask.application
File "/var/lib/openstack/lib/python3.12/site-packages/pymysql/connections.py", line 582, in query
[Tue Jun 02 07:07:20.125955 2026] [wsgi:error] [pid 9:tid 140490501777088] [remote 10.0.0.39:58572] 2026-06-02 07:07:20.111 9 ERROR keystone.server.flask.application self._affected_rows = self._read_query_result(unbuffered=unbuffered)
[Tue Jun 02 07:07:20.125956 2026] [wsgi:error] [pid 9:tid 140490501777088] [remote 10.0.0.39:58572] 2026-06-02 07:07:20.111 9 ERROR keystone.server.flask.application ^^^^^^^^^^^^^^^^^^^^^^^^^^^^^^^^^^^^^^^^^^^^^^
[Tue Jun 02 07:07:20.125958 2026] [wsgi:error] [pid 9:tid 140490501777088] [remote 10.0.0.39:58572] 2026-06-02 07:07:20.111 9 ERROR keystone.server.flask.application
File "/var/lib/openstack/lib/python3.12/site-packages/pymysql/connections.py", line 847, in _read_query_result
[Tue Jun 02 07:07:20.125960 2026] [wsgi:error] [pid 9:tid 140490501777088] [remote 10.0.0.39:58572] 2026-06-02 07:07:20.111 9 ERROR keystone.server.flask.application result.read()
[Tue Jun 02 07:07:20.125961 2026] [wsgi:error] [pid 9:tid 140490501777088] [remote 10.0.0.39:58572] 2026-06-02 07:07:20.111 9 ERROR keystone.server.flask.application
File "/var/lib/openstack/lib/python3.12/site-packages/pymysql/connections.py", line 1245, in read
[Tue Jun 02 07:07:20.125965 2026] [wsgi:error] [pid 9:tid 140490501777088] [remote 10.0.0.39:58572] 2026-06-02 07:07:20.111 9 ERROR keystone.server.flask.application first_packet = self.connection._read_packet()
[Tue Jun 02 07:07:20.125967 2026] [wsgi:error] [pid 9:tid 140490501777088] [remote 10.0.0.39:58572] 2026-06-02 07:07:20.111 9 ERROR keystone.server.flask.application ^^^^^^^^^^^^^^^^^^^^^^^^^^^^^^
[Tue Jun 02 07:07:20.125968 2026] [wsgi:error] [pid 9:tid 140490501777088] [remote 10.0.0.39:58572] 2026-06-02 07:07:20.111 9 ERROR keystone.server.flask.application
File "/var/lib/openstack/lib/python3.12/site-packages/pymysql/connections.py", line 803, in _read_packet
[Tue Jun 02 07:07:20.125969 2026] [wsgi:error] [pid 9:tid 140490501777088] [remote 10.0.0.39:58572] 2026-06-02 07:07:20.111 9 ERROR keystone.server.flask.application packet.raise_for_error()
[Tue Jun 02 07:07:20.125971 2026] [wsgi:error] [pid 9:tid 140490501777088] [remote 10.0.0.39:58572] 2026-06-02 07:07:20.111 9 ERROR keystone.server.flask.application
File "/var/lib/openstack/lib/python3.12/site-packages/pymysql/protocol.py", line 219, in raise_for_error
[Tue Jun 02 07:07:20.125972 2026] [wsgi:error] [pid 9:tid 140490501777088] [remote 10.0.0.39:58572] 2026-06-02 07:07:20.111 9 ERROR keystone.server.flask.application err.raise_mysql_exception(self._data)
[Tue Jun 02 07:07:20.125973 2026] [wsgi:error] [pid 9:tid 140490501777088] [remote 10.0.0.39:58572] 2026-06-02 07:07:20.111 9 ERROR keystone.server.flask.application
File "/var/lib/openstack/lib/python3.12/site-packages/pymysql/err.py", line 154, in raise_mysql_exception
[Tue Jun 02 07:07:20.125975 2026] [wsgi:error] [pid 9:tid 140490501777088] [remote 10.0.0.39:58572] 2026-06-02 07:07:20.111 9 ERROR keystone.server.flask.application raise errorclass(errno, errval, sqlstate=sqlstate)
[Tue Jun 02 07:07:20.125976 2026] [wsgi:error] [pid 9:tid 140490501777088] [remote 10.0.0.39:58572] 2026-06-02 07:07:20.111 9 ERROR keystone.server.flask.application pymysql.err.IntegrityError: (1062, "Duplicate entry '<>-service' for key 'project.ixu_project_name_domain_id'")
[Tue Jun 02 07:07:20.125978 2026] [wsgi:error] [pid 9:tid 140490501777088] [remote 10.0.0.39:58572] 2026-06-02 07:07:20.111 9 ERROR keystone.server.flask.application
[Tue Jun 02 07:07:20.125979 2026] [wsgi:error] [pid 9:tid 140490501777088] [remote 10.0.0.39:58572] 2026-06-02 07:07:20.111 9 ERROR keystone.server.flask.application The above exception was the direct cause of the following exception:
[Tue Jun 02 07:07:20.125981 2026] [wsgi:error] [pid 9:tid 140490501777088] [remote 10.0.0.39:58572] 2026-06-02 07:07:20.111 9 ERROR keystone.server.flask.application
[Tue Jun 02 07:07:20.125982 2026] [wsgi:error] [pid 9:tid 140490501777088] [remote 10.0.0.39:58572] 2026-06-02 07:07:20.111 9 ERROR keystone.server.flask.application
Traceback (most recent call last):
[Tue Jun 02 07:07:20.125983 2026] [wsgi:error] [pid 9:tid 140490501777088] [remote 10.0.0.39:58572] 2026-06-02 07:07:20.111 9 ERROR keystone.server.flask.application
File "/var/lib/openstack/lib/python3.12/site-packages/keystone/common/sql/core.py", line 575, in wrapper
[Tue Jun 02 07:07:20.125985 2026] [wsgi:error] [pid 9:tid 140490501777088] [remote 10.0.0.39:58572] 2026-06-02 07:07:20.111 9 ERROR keystone.server.flask.application return method(*args, **kwargs)
[Tue Jun 02 07:07:20.125986 2026] [wsgi:error] [pid 9:tid 140490501777088] [remote 10.0.0.39:58572] 2026-06-02 07:07:20.111 9 ERROR keystone.server.flask.application ^^^^^^^^^^^^^^^^^^^^^^^
[Tue Jun 02 07:07:20.125987 2026] [wsgi:error] [pid 9:tid 140490501777088] [remote 10.0.0.39:58572] 2026-06-02 07:07:20.111 9 ERROR keystone.server.flask.application
File "/var/lib/openstack/lib/python3.12/site-packages/keystone/resource/backends/sql.py", line 278, in create_project
[Tue Jun 02 07:07:20.126003 2026] [wsgi:error] [pid 9:tid 140490501777088] [remote 10.0.0.39:58572] 2026-06-02 07:07:20.111 9 ERROR keystone.server.flask.application with sql.session_for_write() as session:
[Tue Jun 02 07:07:20.126005 2026] [wsgi:error] [pid 9:tid 140490501777088] [remote 10.0.0.39:58572] 2026-06-02 07:07:20.111 9 ERROR keystone.server.flask.application
File "/usr/lib/python3.12/contextlib.py", line 144, in __exit__
[Tue Jun 02 07:07:20.126006 2026] [wsgi:error] [pid 9:tid 140490501777088] [remote 10.0.0.39:58572] 2026-06-02 07:07:20.111 9 ERROR keystone.server.flask.application next(self.gen)
[Tue Jun 02 07:07:20.126008 2026] [wsgi:error] [pid 9:tid 140490501777088] [remote 10.0.0.39:58572] 2026-06-02 07:07:20.111 9 ERROR keystone.server.flask.application
File "/var/lib/openstack/lib/python3.12/site-packages/oslo_db/sqlalchemy/enginefacade.py", line 1175, in _transaction_scope
[Tue Jun 02 07:07:20.126010 2026] [wsgi:error] [pid 9:tid 140490501777088] [remote 10.0.0.39:58572] 2026-06-02 07:07:20.111 9 ERROR keystone.server.flask.application with current._produce_block(
[Tue Jun 02 07:07:20.126011 2026] [wsgi:error] [pid 9:tid 140490501777088] [remote 10.0.0.39:58572] 2026-06-02 07:07:20.111 9 ERROR keystone.server.flask.application
File "/usr/lib/python3.12/contextlib.py", line 144, in __exit__
[Tue Jun 02 07:07:20.126013 2026] [wsgi:error] [pid 9:tid 140490501777088] [remote 10.0.0.39:58572] 2026-06-02 07:07:20.111 9 ERROR keystone.server.flask.application next(self.gen)
[Tue Jun 02 07:07:20.126014 2026] [wsgi:error] [pid 9:tid 140490501777088] [remote 10.0.0.39:58572] 2026-06-02 07:07:20.111 9 ERROR keystone.server.flask.application
File "/var/lib/openstack/lib/python3.12/site-packages/oslo_db/sqlalchemy/enginefacade.py", line 837, in _session
[Tue Jun 02 07:07:20.126016 2026] [wsgi:error] [pid 9:tid 140490501777088] [remote 10.0.0.39:58572] 2026-06-02 07:07:20.111 9 ERROR keystone.server.flask.application with excutils.save_and_reraise_exception():
[Tue Jun 02 07:07:20.126018 2026] [wsgi:error] [pid 9:tid 140490501777088] [remote 10.0.0.39:58572] 2026-06-02 07:07:20.111 9 ERROR keystone.server.flask.application
File "/var/lib/openstack/lib/python3.12/site-packages/oslo_utils/excutils.py", line 266, in __exit__
[Tue Jun 02 07:07:20.126020 2026] [wsgi:error] [pid 9:tid 140490501777088] [remote 10.0.0.39:58572] 2026-06-02 07:07:20.111 9 ERROR keystone.server.flask.application self.force_reraise()
[Tue Jun 02 07:07:20.126021 2026] [wsgi:error] [pid 9:tid 140490501777088] [remote 10.0.0.39:58572] 2026-06-02 07:07:20.111 9 ERROR keystone.server.flask.application
File "/var/lib/openstack/lib/python3.12/site-packages/oslo_utils/excutils.py", line 232, in force_reraise
[Tue Jun 02 07:07:20.126023 2026] [wsgi:error] [pid 9:tid 140490501777088] [remote 10.0.0.39:58572] 2026-06-02 07:07:20.111 9 ERROR keystone.server.flask.application raise self.value
[Tue Jun 02 07:07:20.126024 2026] [wsgi:error] [pid 9:tid 140490501777088] [remote 10.0.0.39:58572] 2026-06-02 07:07:20.111 9 ERROR keystone.server.flask.application
File "/var/lib/openstack/lib/python3.12/site-packages/oslo_db/sqlalchemy/enginefacade.py", line 835, in _session
[Tue Jun 02 07:07:20.126026 2026] [wsgi:error] [pid 9:tid 140490501777088] [remote 10.0.0.39:58572] 2026-06-02 07:07:20.111 9 ERROR keystone.server.flask.application self._end_session_transaction(self.session)
[Tue Jun 02 07:07:20.126028 2026] [wsgi:error] [pid 9:tid 140490501777088] [remote 10.0.0.39:58572] 2026-06-02 07:07:20.111 9 ERROR keystone.server.flask.application
File "/var/lib/openstack/lib/python3.12/site-packages/oslo_db/sqlalchemy/enginefacade.py", line 748, in _end_session_transaction
[Tue Jun 02 07:07:20.126030 2026] [wsgi:error] [pid 9:tid 140490501777088] [remote 10.0.0.39:58572] 2026-06-02 07:07:20.111 9 ERROR keystone.server.flask.application session.commit()
[Tue Jun 02 07:07:20.126032 2026] [wsgi:error] [pid 9:tid 140490501777088] [remote 10.0.0.39:58572] 2026-06-02 07:07:20.111 9 ERROR keystone.server.flask.application
File "/var/lib/openstack/lib/python3.12/site-packages/sqlalchemy/orm/session.py", line 2034, in commit
[Tue Jun 02 07:07:20.126034 2026] [wsgi:error] [pid 9:tid 140490501777088] [remote 10.0.0.39:58572] 2026-06-02 07:07:20.111 9 ERROR keystone.server.flask.application trans.commit(_to_root=True)
[Tue Jun 02 07:07:20.126035 2026] [wsgi:error] [pid 9:tid 140490501777088] [remote 10.0.0.39:58572] 2026-06-02 07:07:20.111 9 ERROR keystone.server.flask.application File "", line 2, in commit
[Tue Jun 02 07:07:20.126037 2026] [wsgi:error] [pid 9:tid 140490501777088] [remote 10.0.0.39:58572] 2026-06-02 07:07:20.111 9 ERROR keystone.server.flask.application
File "/var/lib/openstack/lib/python3.12/site-packages/sqlalchemy/orm/state_changes.py", line 137, in _go
[Tue Jun 02 07:07:20.126038 2026] [wsgi:error] [pid 9:tid 140490501777088] [remote 10.0.0.39:58572] 2026-06-02 07:07:20.111 9 ERROR keystone.server.flask.application ret_value = fn(self, *arg, **kw)
[Tue Jun 02 07:07:20.126045 2026] [wsgi:error] [pid 9:tid 140490501777088] [remote 10.0.0.39:58572] 2026-06-02 07:07:20.111 9 ERROR keystone.server.flask.application ^^^^^^^^^^^^^^^^^^^^
[Tue Jun 02 07:07:20.126046 2026] [wsgi:error] [pid 9:tid 140490501777088] [remote 10.0.0.39:58572] 2026-06-02 07:07:20.111 9 ERROR keystone.server.flask.application
File "/var/lib/openstack/lib/python3.12/site-packages/sqlalchemy/orm/session.py", line 1315, in commit
[Tue Jun 02 07:07:20.126048 2026] [wsgi:error] [pid 9:tid 140490501777088] [remote 10.0.0.39:58572] 2026-06-02 07:07:20.111 9 ERROR keystone.server.flask.application self._prepare_impl()
[Tue Jun 02 07:07:20.126050 2026] [wsgi:error] [pid 9:tid 140490501777088] [remote 10.0.0.39:58572] 2026-06-02 07:07:20.111 9 ERROR keystone.server.flask.application File "", line 2, in _prepare_impl
[Tue Jun 02 07:07:20.126054 2026] [wsgi:error] [pid 9:tid 140490501777088] [remote 10.0.0.39:58572] 2026-06-02 07:07:20.111 9 ERROR keystone.server.flask.application
File "/var/lib/openstack/lib/python3.12/site-packages/sqlalchemy/orm/state_changes.py", line 137, in _go
[Tue Jun 02 07:07:20.126056 2026] [wsgi:error] [pid 9:tid 140490501777088] [remote 10.0.0.39:58572] 2026-06-02 07:07:20.111 9 ERROR keystone.server.flask.application ret_value = fn(self, *arg, **kw)
[Tue Jun 02 07:07:20.126059 2026] [wsgi:error] [pid 9:tid 140490501777088] [remote 10.0.0.39:58572] 2026-06-02 07:07:20.111 9 ERROR keystone.server.flask.application ^^^^^^^^^^^^^^^^^^^^
[Tue Jun 02 07:07:20.126062 2026] [wsgi:error] [pid 9:tid 140490501777088] [remote 10.0.0.39:58572] 2026-06-02 07:07:20.111 9 ERROR keystone.server.flask.application
File "/var/lib/openstack/lib/python3.12/site-packages/sqlalchemy/orm/session.py", line 1290, in _prepare_impl
[Tue Jun 02 07:07:20.126064 2026] [wsgi:error] [pid 9:tid 140490501777088] [remote 10.0.0.39:58572] 2026-06-02 07:07:20.111 9 ERROR keystone.server.flask.application self.session.flush()
[Tue Jun 02 07:07:20.126066 2026] [wsgi:error] [pid 9:tid 140490501777088] [remote 10.0.0.39:58572] 2026-06-02 07:07:20.111 9 ERROR keystone.server.flask.application
File "/var/lib/openstack/lib/python3.12/site-packages/sqlalchemy/orm/session.py", line 4352, in flush
[Tue Jun 02 07:07:20.126069 2026] [wsgi:error] [pid 9:tid 140490501777088] [remote 10.0.0.39:58572] 2026-06-02 07:07:20.111 9 ERROR keystone.server.flask.application self._flush(objects)
[Tue Jun 02 07:07:20.126071 2026] [wsgi:error] [pid 9:tid 140490501777088] [remote 10.0.0.39:58572] 2026-06-02 07:07:20.111 9 ERROR keystone.server.flask.application
File "/var/lib/openstack/lib/python3.12/site-packages/sqlalchemy/orm/session.py", line 4487, in _flush
[Tue Jun 02 07:07:20.126074 2026] [wsgi:error] [pid 9:tid 140490501777088] [remote 10.0.0.39:58572] 2026-06-02 07:07:20.111 9 ERROR keystone.server.flask.application with util.safe_reraise():
[Tue Jun 02 07:07:20.126076 2026] [wsgi:error] [pid 9:tid 140490501777088] [remote 10.0.0.39:58572] 2026-06-02 07:07:20.111 9 ERROR keystone.server.flask.application
File "/var/lib/openstack/lib/python3.12/site-packages/sqlalchemy/util/langhelpers.py", line 122, in __exit__
[Tue Jun 02 07:07:20.126079 2026] [wsgi:error] [pid 9:tid 140490501777088] [remote 10.0.0.39:58572] 2026-06-02 07:07:20.111 9 ERROR keystone.server.flask.application raise exc_value.with_traceback(exc_tb)
[Tue Jun 02 07:07:20.126080 2026] [wsgi:error] [pid 9:tid 140490501777088] [remote 10.0.0.39:58572] 2026-06-02 07:07:20.111 9 ERROR keystone.server.flask.application
File "/var/lib/openstack/lib/python3.12/site-packages/sqlalchemy/orm/session.py", line 4448, in _flush
[Tue Jun 02 07:07:20.126082 2026] [wsgi:error] [pid 9:tid 140490501777088] [remote 10.0.0.39:58572] 2026-06-02 07:07:20.111 9 ERROR keystone.server.flask.application flush_context.execute()
[Tue Jun 02 07:07:20.126084 2026] [wsgi:error] [pid 9:tid 140490501777088] [remote 10.0.0.39:58572] 2026-06-02 07:07:20.111 9 ERROR keystone.server.flask.application
File "/var/lib/openstack/lib/python3.12/site-packages/sqlalchemy/orm/unitofwork.py", line 465, in execute
[Tue Jun 02 07:07:20.126085 2026] [wsgi:error] [pid 9:tid 140490501777088] [remote 10.0.0.39:58572] 2026-06-02 07:07:20.111 9 ERROR keystone.server.flask.application rec.execute(self)
