2026-05-27 20:51:02.399 9 INFO neutron.services.segments.plugin [-] Segment a2c53971-25dc-4472-85ed-ba537a05eb6d resource provider aggregate not found
2026-05-27 20:51:02.402 9 INFO neutron.services.segments.plugin [-] Segment a2c53971-25dc-4472-85ed-ba537a05eb6d resource provider aggregate not found
2026-05-27 20:51:02.425 9 INFO neutron.services.segments.plugin [-] Segment a2c53971-25dc-4472-85ed-ba537a05eb6d resource provider not found; error: Placement Client Error (4xx): {"errors": [{"status": 404, "title": "Not Found", "detail": "The resource could not be found.\n\n No resource provider with uuid a2c53971-25dc-4472-85ed-ba537a05eb6d found for delete ", "request_id": "req-eb035019-b7cb-46ac-86ad-a08d6655141c"}]}
2026-05-27 20:51:02.432 9 INFO neutron.services.segments.plugin [-] Segment a2c53971-25dc-4472-85ed-ba537a05eb6d resource provider not found; error: Placement Client Error (4xx): {"errors": [{"status": 404, "title": "Not Found", "detail": "The resource could not be found.\n\n No resource provider with uuid a2c53971-25dc-4472-85ed-ba537a05eb6d found for delete ", "request_id": "req-3c26f7e0-c52f-4b19-b967-7d10fdcf9875"}]}
2026-05-27 20:51:02.454 9 INFO neutron.api.wsgi [None req-254b33d3-8479-4b8e-a52e-cc77ad2e2e8c fc367df31778448aa17158a4cc8163ac 14333cf1279c42fdadeb68f5ee570e6a - - default default] 10.0.0.233 "GET /v2.0/routers HTTP/1.1" status: 200 len: 799 time: 0.0699301
2026-05-27 20:51:02.461 9 INFO neutron.api.wsgi [None req-24adc1a5-1875-4a99-bfa2-b20eb40512b4 fc367df31778448aa17158a4cc8163ac 14333cf1279c42fdadeb68f5ee570e6a - - default default] 10.0.0.203 "DELETE /v2.0/networks/5a19adaa-8a62-4616-a279-b8517b295e42 HTTP/1.1" status: 204 len: 168 time: 0.4414852
2026-05-27 20:51:02.490 9 INFO neutron.api.wsgi [None req-e3600048-83a5-45d5-b613-3c530dae975a fc367df31778448aa17158a4cc8163ac 14333cf1279c42fdadeb68f5ee570e6a - - default default] 10.0.0.233 "GET /v2.0/agents?binary=ovn-controller HTTP/1.1" status: 200 len: 591 time: 0.0341632
2026-05-27 20:51:02.535 9 INFO neutron.api.wsgi [None req-a2924d06-194e-4a83-82fe-b7fbbbd14a83 fc367df31778448aa17158a4cc8163ac 14333cf1279c42fdadeb68f5ee570e6a - - default default] 10.0.0.233 "GET /v2.0/security-groups HTTP/1.1" status: 200 len: 23386 time: 0.0438206
2026-05-27 20:51:02.559 9 INFO neutron.api.wsgi [None req-67107ce8-8936-4b88-9540-c9df723b8675 fc367df31778448aa17158a4cc8163ac 14333cf1279c42fdadeb68f5ee570e6a - - default default] 10.0.0.233 "GET /v2.0/agents HTTP/1.1" status: 200 len: 1390 time: 0.0137248
2026-05-27 20:51:02.574 9 INFO neutron.api.wsgi [None req-e1314d53-577c-4e2d-87ec-f4e3409fbe74 fc367df31778448aa17158a4cc8163ac 14333cf1279c42fdadeb68f5ee570e6a - - default default] 10.0.0.233 "GET /v2.0/floatingips HTTP/1.1" status: 200 len: 193 time: 0.0132802
2026-05-27 20:51:02.645 9 INFO neutron.api.wsgi [None req-174cb556-45bb-4e0f-b54a-d19e6834a64b fc367df31778448aa17158a4cc8163ac 14333cf1279c42fdadeb68f5ee570e6a - - default default] 10.0.0.233 "GET /v2.0/networks HTTP/1.1" status: 200 len: 3089 time: 0.0677366
2026-05-27 20:51:02.697 9 INFO neutron.api.wsgi [None req-216ddbf2-bc01-4c73-9520-f0ef4eff684c fc367df31778448aa17158a4cc8163ac 14333cf1279c42fdadeb68f5ee570e6a - - default default] 10.0.0.233 "GET /v2.0/ports HTTP/1.1" status: 200 len: 7527 time: 0.0489104
2026-05-27 20:51:02.714 9 INFO neutron.api.wsgi [None req-5bdad76d-4888-4708-af36-4c23fc447209 fc367df31778448aa17158a4cc8163ac 14333cf1279c42fdadeb68f5ee570e6a - - default default] 10.0.0.203 "GET /v2.0/security-groups?tenant_id=237da8a303ee49e48bc0dac9791ea2c9&name=default HTTP/1.1" status: 200 len: 3120 time: 0.0658634
2026-05-27 20:51:02.718 9 INFO neutron.api.wsgi [None req-b3c58b6a-f39a-4ab2-8abd-54632224d5ce fc367df31778448aa17158a4cc8163ac 14333cf1279c42fdadeb68f5ee570e6a - - default default] 10.0.0.233 "GET /v2.0/network-ip-availabilities HTTP/1.1" status: 200 len: 1691 time: 0.0161097 /var/lib/openstack/lib/python3.12/site-packages/pycadf/identifier.py:71: UserWarning: Invalid uuid: neutron. To ensure interoperability, identifiers should be a valid uuid. warnings.warn(('Invalid uuid: %s. To ensure interoperability, '
2026-05-27 20:51:02.890 10 INFO neutron.api.wsgi [None req-40d5c011-c0d8-4029-89a1-ab58647ad898 710c2a1c4fcc445f800900858d5c4ee5 1919370d861f4069852d009f0b2f69ff - - default default] 10.0.0.203 "PUT /v2.0/routers/2662a7ff-026e-4727-9a0c-12ed5c36590e/remove_router_interface HTTP/1.1" status: 200 len: 503 time: 0.6356440
2026-05-27 20:51:02.929 10 INFO neutron.db.ovn_revision_numbers_db [None req-67952ba4-03ec-4e80-aa31-85da2ef5f7fb fc367df31778448aa17158a4cc8163ac 14333cf1279c42fdadeb68f5ee570e6a - - default default] Successfully bumped revision number for resource 7cc0b84f-bdb1-4ce9-96b7-6a7852a80836 (type: security_groups) to 1
2026-05-27 20:51:02.944 10 INFO neutron.db.ovn_revision_numbers_db [None req-67952ba4-03ec-4e80-aa31-85da2ef5f7fb fc367df31778448aa17158a4cc8163ac 14333cf1279c42fdadeb68f5ee570e6a - - default default] Successfully bumped revision number for resource 61359ace-fa69-4259-810d-9ccd80bd522b (type: security_group_rules) to 0
2026-05-27 20:51:02.958 10 INFO neutron.db.ovn_revision_numbers_db [None req-67952ba4-03ec-4e80-aa31-85da2ef5f7fb fc367df31778448aa17158a4cc8163ac 14333cf1279c42fdadeb68f5ee570e6a - - default default] Successfully bumped revision number for resource 79c97136-8866-425e-aa98-f6a61f8de53f (type: security_group_rules) to 0
2026-05-27 20:51:02.969 9 INFO neutron.api.v2.resource [None req-3be22652-1699-46f2-a5ea-07505f0db2d9 710c2a1c4fcc445f800900858d5c4ee5 1919370d861f4069852d009f0b2f69ff - - default default] remove_router_interface failed (client error): The resource could not be found.
2026-05-27 20:51:02.970 9 INFO neutron.api.wsgi [None req-3be22652-1699-46f2-a5ea-07505f0db2d9 710c2a1c4fcc445f800900858d5c4ee5 1919370d861f4069852d009f0b2f69ff - - default default] 10.0.0.203 "PUT /v2.0/routers/2662a7ff-026e-4727-9a0c-12ed5c36590e/remove_router_interface HTTP/1.1" status: 404 len: 398 time: 0.0749381
2026-05-27 20:51:02.971 10 INFO neutron.db.ovn_revision_numbers_db [None req-67952ba4-03ec-4e80-aa31-85da2ef5f7fb fc367df31778448aa17158a4cc8163ac 14333cf1279c42fdadeb68f5ee570e6a - - default default] Successfully bumped revision number for resource d7044dea-66d3-4b5a-8dbc-1eca87286e57 (type: security_group_rules) to 0
2026-05-27 20:51:02.973 10 INFO neutron.db.ovn_revision_numbers_db [None req-d97a95b2-2709-45a6-8500-9b4c741d02b6 fc367df31778448aa17158a4cc8163ac 14333cf1279c42fdadeb68f5ee570e6a - - default default] Successfully bumped revision number for resource 16a7fc6b-b0be-4409-b9f7-2cea819ffb6b (type: security_groups) to 1 /var/lib/openstack/lib/python3.12/site-packages/pycadf/identifier.py:71: UserWarning: Invalid uuid: neutron. To ensure interoperability, identifiers should be a valid uuid. warnings.warn(('Invalid uuid: %s. To ensure interoperability, '
2026-05-27 20:51:02.984 9 INFO neutron.api.wsgi [None req-abccee1a-cd5d-4945-a0d4-e270fe32ce82 fc367df31778448aa17158a4cc8163ac 14333cf1279c42fdadeb68f5ee570e6a - - default default] 10.0.0.203 "DELETE /v2.0/security-groups/cd258096-c2bb-41c3-8238-e3f83ce0a5ac HTTP/1.1" status: 204 len: 168 time: 0.2615662
2026-05-27 20:51:02.992 10 INFO neutron.db.ovn_revision_numbers_db [None req-67952ba4-03ec-4e80-aa31-85da2ef5f7fb fc367df31778448aa17158a4cc8163ac 14333cf1279c42fdadeb68f5ee570e6a - - default default] Successfully bumped revision number for resource fc4008e6-87ff-4e16-b28b-aa4f5db021df (type: security_group_rules) to 0
2026-05-27 20:51:02.994 10 INFO neutron.api.wsgi [None req-af4eb006-4d98-42cc-9866-b67b97266e0f 710c2a1c4fcc445f800900858d5c4ee5 1919370d861f4069852d009f0b2f69ff - - default default] 10.0.0.203 "GET /v2.0/ports?device_id=2662a7ff-026e-4727-9a0c-12ed5c36590e HTTP/1.1" status: 200 len: 205 time: 0.0181091
2026-05-27 20:51:02.995 10 INFO neutron.db.ovn_revision_numbers_db [None req-d97a95b2-2709-45a6-8500-9b4c741d02b6 fc367df31778448aa17158a4cc8163ac 14333cf1279c42fdadeb68f5ee570e6a - - default default] Successfully bumped revision number for resource 1afd7d16-9e92-486f-9aa7-239301a66d88 (type: security_group_rules) to 0
2026-05-27 20:51:03.011 10 INFO neutron.db.ovn_revision_numbers_db [None req-d97a95b2-2709-45a6-8500-9b4c741d02b6 fc367df31778448aa17158a4cc8163ac 14333cf1279c42fdadeb68f5ee570e6a - - default default] Successfully bumped revision number for resource 27ea6dd4-df87-4817-be5b-334ea2c4cf9e (type: security_group_rules) to 0
2026-05-27 20:51:03.028 10 INFO neutron.api.wsgi [None req-67952ba4-03ec-4e80-aa31-85da2ef5f7fb fc367df31778448aa17158a4cc8163ac 14333cf1279c42fdadeb68f5ee570e6a - - default default] 10.0.0.203 "GET /v2.0/security-groups?tenant_id=a27dfaefc7fa4861b190d4b4cf153939&name=default HTTP/1.1" status: 200 len: 3120 time: 0.4485917
2026-05-27 20:51:03.028 10 INFO neutron.db.ovn_revision_numbers_db [None req-d97a95b2-2709-45a6-8500-9b4c741d02b6 fc367df31778448aa17158a4cc8163ac 14333cf1279c42fdadeb68f5ee570e6a - - default default] Successfully bumped revision number for resource 2d3f92c7-170f-4c3e-b383-0c9f3569a338 (type: security_group_rules) to 0
2026-05-27 20:51:03.044 10 INFO neutron.db.ovn_revision_numbers_db [None req-d97a95b2-2709-45a6-8500-9b4c741d02b6 fc367df31778448aa17158a4cc8163ac 14333cf1279c42fdadeb68f5ee570e6a - - default default] Successfully bumped revision number for resource 532724fa-0395-4d6c-bae5-ddf3639aa61b (type: security_group_rules) to 0
2026-05-27 20:51:03.097 10 INFO neutron.api.wsgi [None req-d97a95b2-2709-45a6-8500-9b4c741d02b6 fc367df31778448aa17158a4cc8163ac 14333cf1279c42fdadeb68f5ee570e6a - - default default] 10.0.0.203 "GET /v2.0/security-groups?tenant_id=47a22ea9f032420c807a15c4a9c0e520&name=default HTTP/1.1" status: 200 len: 3120 time: 0.3964374
2026-05-27 20:51:03.169 9 INFO neutron.api.wsgi [None req-2d9ac284-ec39-4e4e-aedd-8faeafad9244 710c2a1c4fcc445f800900858d5c4ee5 1919370d861f4069852d009f0b2f69ff - - default default] 10.0.0.203 "DELETE /v2.0/routers/2662a7ff-026e-4727-9a0c-12ed5c36590e HTTP/1.1" status: 204 len: 168 time: 0.1674173
2026-05-27 20:51:03.280 10 INFO neutron.api.wsgi [None req-69c4a828-df45-459d-bb7f-b47b78d013b2 fc367df31778448aa17158a4cc8163ac 14333cf1279c42fdadeb68f5ee570e6a - - default default] 10.0.0.203 "DELETE /v2.0/security-groups/7cc0b84f-bdb1-4ce9-96b7-6a7852a80836 HTTP/1.1" status: 204 len: 168 time: 0.2479382
2026-05-27 20:51:03.298 10 INFO neutron.api.wsgi [None req-d5aff707-be9b-4dc3-ba78-5d89853c09d8 fc367df31778448aa17158a4cc8163ac 14333cf1279c42fdadeb68f5ee570e6a - - default default] 10.0.0.203 "DELETE /v2.0/security-groups/16a7fc6b-b0be-4409-b9f7-2cea819ffb6b HTTP/1.1" status: 204 len: 168 time: 0.1959867
2026-05-27 20:51:03.344 9 INFO neutron.api.wsgi [None req-9bf97f3e-1e77-40f8-8bd6-361dce7bfcbd 710c2a1c4fcc445f800900858d5c4ee5 1919370d861f4069852d009f0b2f69ff - - default default] 10.0.0.203 "DELETE /v2.0/subnets/1c0f736b-de35-4f51-a563-3c13d00c5f98 HTTP/1.1" status: 204 len: 168 time: 0.1687703
2026-05-27 20:51:03.640 9 INFO neutron.api.wsgi [None req-995dde94-16e1-4ef9-992f-9832329b290e 710c2a1c4fcc445f800900858d5c4ee5 1919370d861f4069852d009f0b2f69ff - - default default] 10.0.0.203 "DELETE /v2.0/networks/e3a4082b-7c44-45dd-8a7b-f895cf7dd737 HTTP/1.1" status: 204 len: 168 time: 0.2913804
2026-05-27 20:51:03.649 9 WARNING neutron_lib.context [None req-1c13c24d-3d87-4453-ba81-e0839014b70f 710c2a1c4fcc445f800900858d5c4ee5 1919370d861f4069852d009f0b2f69ff - - default default] Method 'is_advsvc' is deprecated since 2023.2 release (neutron-lib 3.8.0) and will be removed once support for the old RBAC API policies will be removed from Neutron. Please use method 'is_service_role' instead.
2026-05-27 20:51:03.727 9 INFO neutron.db.segments_db [None req-1c13c24d-3d87-4453-ba81-e0839014b70f 710c2a1c4fcc445f800900858d5c4ee5 1919370d861f4069852d009f0b2f69ff - - default default] Added segment 1b4e54ac-e3ce-467b-b028-35d7f698b37a of type geneve for network 98a99a50-de39-4065-b1af-bfbbb5178a72
2026-05-27 20:51:03.827 9 INFO neutron.db.ovn_revision_numbers_db [None req-1c13c24d-3d87-4453-ba81-e0839014b70f 710c2a1c4fcc445f800900858d5c4ee5 1919370d861f4069852d009f0b2f69ff - - default default] Successfully bumped revision number for resource 98a99a50-de39-4065-b1af-bfbbb5178a72 (type: networks) to 1
2026-05-27 20:51:03.971 9 WARNING neutron.scheduler.dhcp_agent_scheduler [None req-1c13c24d-3d87-4453-ba81-e0839014b70f 710c2a1c4fcc445f800900858d5c4ee5 1919370d861f4069852d009f0b2f69ff - - default default] No more DHCP agents
2026-05-27 20:51:03.972 9 WARNING neutron.api.rpc.agentnotifiers.dhcp_rpc_agent_api [None req-1c13c24d-3d87-4453-ba81-e0839014b70f 710c2a1c4fcc445f800900858d5c4ee5 1919370d861f4069852d009f0b2f69ff - - default default] Unable to schedule network 98a99a50-de39-4065-b1af-bfbbb5178a72: no agents available; will retry on subsequent port and subnet creation events.
2026-05-27 20:51:04.035 9 INFO neutron.db.ovn_revision_numbers_db [None req-1c13c24d-3d87-4453-ba81-e0839014b70f 710c2a1c4fcc445f800900858d5c4ee5 1919370d861f4069852d009f0b2f69ff - - default default] Successfully bumped revision number for resource 739695f0-81c8-4e9e-aeeb-5b5a637b653f (type: ports) to 1
2026-05-27 20:51:04.055 9 INFO neutron.api.wsgi [None req-1c13c24d-3d87-4453-ba81-e0839014b70f 710c2a1c4fcc445f800900858d5c4ee5 1919370d861f4069852d009f0b2f69ff - - default default] 10.0.0.203 "POST /v2.0/networks HTTP/1.1" status: 201 len: 829 time: 0.4089289
2026-05-27 20:51:04.068 9 WARNING neutron_lib.context [None req-addd08e2-4944-452d-8343-9d57e774c1e2 710c2a1c4fcc445f800900858d5c4ee5 1919370d861f4069852d009f0b2f69ff - - default default] Method 'is_advsvc' is deprecated since 2023.2 release (neutron-lib 3.8.0) and will be removed once support for the old RBAC API policies will be removed from Neutron. Please use method 'is_service_role' instead.
2026-05-27 20:51:04.236 9 WARNING neutron.scheduler.dhcp_agent_scheduler [None req-addd08e2-4944-452d-8343-9d57e774c1e2 710c2a1c4fcc445f800900858d5c4ee5 1919370d861f4069852d009f0b2f69ff - - default default] No more DHCP agents
2026-05-27 20:51:04.237 9 WARNING neutron.api.rpc.agentnotifiers.dhcp_rpc_agent_api [None req-addd08e2-4944-452d-8343-9d57e774c1e2 710c2a1c4fcc445f800900858d5c4ee5 1919370d861f4069852d009f0b2f69ff - - default default] Unable to schedule network 98a99a50-de39-4065-b1af-bfbbb5178a72: no agents available; will retry on subsequent port and subnet creation events.
2026-05-27 20:51:04.445 9 INFO neutron.services.segments.plugin [-] Segment dc4876e9-2be8-4b04-b6fe-922e5dcbdab0 resource provider aggregate not found
2026-05-27 20:51:04.448 9 INFO neutron.services.segments.plugin [-] Segment dc4876e9-2be8-4b04-b6fe-922e5dcbdab0 resource provider aggregate not found
2026-05-27 20:51:04.457 9 INFO neutron.services.segments.plugin [-] Segment dc4876e9-2be8-4b04-b6fe-922e5dcbdab0 resource provider not found; error: Placement Client Error (4xx): {"errors": [{"status": 404, "title": "Not Found", "detail": "The resource could not be found.\n\n No resource provider with uuid dc4876e9-2be8-4b04-b6fe-922e5dcbdab0 found for delete ", "request_id": "req-bc70628b-f0f2-4d61-8eac-9bf486dfd2c3"}]}
2026-05-27 20:51:04.462 9 INFO neutron.services.segments.plugin [-] Segment dc4876e9-2be8-4b04-b6fe-922e5dcbdab0 resource provider not found; error: Placement Client Error (4xx): {"errors": [{"status": 404, "title": "Not Found", "detail": "The resource could not be found.\n\n No resource provider with uuid dc4876e9-2be8-4b04-b6fe-922e5dcbdab0 found for delete ", "request_id": "req-18cb4de7-7615-4f4a-b698-dd6a40a99c1f"}]}
2026-05-27 20:51:04.644 9 INFO neutron.db.ovn_revision_numbers_db [None req-3360f7f1-6bac-46a1-af82-70257507bd18 - - - - - -] Successfully bumped revision number for resource 739695f0-81c8-4e9e-aeeb-5b5a637b653f (type: ports) to 2
2026-05-27 20:51:04.672 9 INFO neutron.db.ovn_revision_numbers_db [None req-3360f7f1-6bac-46a1-af82-70257507bd18 - - - - - -] Successfully bumped revision number for resource ebb5955f-863f-4c4a-8b73-1ded16f199ad (type: subnets) to 0
2026-05-27 20:51:04.685 9 INFO neutron.api.wsgi [None req-addd08e2-4944-452d-8343-9d57e774c1e2 710c2a1c4fcc445f800900858d5c4ee5 1919370d861f4069852d009f0b2f69ff - - default default] 10.0.0.203 "POST /v2.0/subnets HTTP/1.1" status: 201 len: 825 time: 0.6226809
2026-05-27 20:51:04.694 9 WARNING neutron_lib.context [None req-c9071637-b007-4b5f-8c7c-cf09e6c9972d 710c2a1c4fcc445f800900858d5c4ee5 1919370d861f4069852d009f0b2f69ff - - default default] Method 'is_advsvc' is deprecated since 2023.2 release (neutron-lib 3.8.0) and will be removed once support for the old RBAC API policies will be removed from Neutron. Please use method 'is_service_role' instead.
2026-05-27 20:51:04.783 9 INFO neutron.db.ovn_revision_numbers_db [None req-c9071637-b007-4b5f-8c7c-cf09e6c9972d 710c2a1c4fcc445f800900858d5c4ee5 1919370d861f4069852d009f0b2f69ff - - default default] Successfully bumped revision number for resource e6f13f95-7bf7-494f-b78b-d6d508f3ea95 (type: routers) to 1
2026-05-27 20:51:04.800 9 INFO neutron.api.wsgi [None req-c9071637-b007-4b5f-8c7c-cf09e6c9972d 710c2a1c4fcc445f800900858d5c4ee5 1919370d861f4069852d009f0b2f69ff - - default default] 10.0.0.203 "POST /v2.0/routers HTTP/1.1" status: 201 len: 802 time: 0.1104066
2026-05-27 20:51:04.853 9 INFO neutron.api.wsgi [-] 10.0.0.203 "GET / HTTP/1.1" status: 200 len: 279 time: 0.0015657
2026-05-27 20:51:04.963 10 INFO neutron.api.wsgi [None req-94827e40-ccde-48c5-a269-1e49abb05ab6 ea49890a3d1e4085b2bc9e1452c919ec fe25de83124b4296817d6729f30f85b6 - - default default] 10.0.0.203 "GET /v2.0/ HTTP/1.1" status: 200 len: 826 time: 0.1051459
2026-05-27 20:51:05.130 9 INFO neutron.db.ovn_revision_numbers_db [None req-05c81eb6-c228-450d-803d-719ef64a8e7f fc367df31778448aa17158a4cc8163ac 14333cf1279c42fdadeb68f5ee570e6a - - default default] Successfully bumped revision number for resource a586cc2e-10a4-4a4e-8b61-e222d5a2a042 (type: security_groups) to 1
2026-05-27 20:51:05.142 9 INFO neutron.db.ovn_revision_numbers_db [None req-05c81eb6-c228-450d-803d-719ef64a8e7f fc367df31778448aa17158a4cc8163ac 14333cf1279c42fdadeb68f5ee570e6a - - default default] Successfully bumped revision number for resource 402b2f8d-811c-4191-9e1d-1509e0ea2474 (type: security_group_rules) to 0
2026-05-27 20:51:05.160 9 INFO neutron.db.ovn_revision_numbers_db [None req-05c81eb6-c228-450d-803d-719ef64a8e7f fc367df31778448aa17158a4cc8163ac 14333cf1279c42fdadeb68f5ee570e6a - - default default] Successfully bumped revision number for resource 573bc378-2ec6-4c1f-95f9-564279ea649e (type: security_group_rules) to 0
2026-05-27 20:51:05.173 9 WARNING neutron.scheduler.dhcp_agent_scheduler [None req-b112dbe5-b78c-4456-aaf5-b8518dca91fe 710c2a1c4fcc445f800900858d5c4ee5 1919370d861f4069852d009f0b2f69ff - - default default] No more DHCP agents
2026-05-27 20:51:05.174 9 INFO neutron.db.ovn_revision_numbers_db [None req-05c81eb6-c228-450d-803d-719ef64a8e7f fc367df31778448aa17158a4cc8163ac 14333cf1279c42fdadeb68f5ee570e6a - - default default] Successfully bumped revision number for resource c572e722-6aae-4f08-b5b7-863c1805a1ab (type: security_group_rules) to 0
2026-05-27 20:51:05.175 9 WARNING neutron.api.rpc.agentnotifiers.dhcp_rpc_agent_api [None req-b112dbe5-b78c-4456-aaf5-b8518dca91fe 710c2a1c4fcc445f800900858d5c4ee5 1919370d861f4069852d009f0b2f69ff - - default default] Unable to schedule network 98a99a50-de39-4065-b1af-bfbbb5178a72: no agents available; will retry on subsequent port and subnet creation events.
2026-05-27 20:51:05.191 9 INFO neutron.db.ovn_revision_numbers_db [None req-05c81eb6-c228-450d-803d-719ef64a8e7f fc367df31778448aa17158a4cc8163ac 14333cf1279c42fdadeb68f5ee570e6a - - default default] Successfully bumped revision number for resource fd4af563-cc10-476c-9840-339cd22a0586 (type: security_group_rules) to 0
2026-05-27 20:51:05.289 9 INFO neutron.db.segments_db [None req-05c81eb6-c228-450d-803d-719ef64a8e7f fc367df31778448aa17158a4cc8163ac 14333cf1279c42fdadeb68f5ee570e6a - - default default] Added segment e782247e-bc63-4cde-9b1b-079bf72679db of type geneve for network 9e047839-f79f-47d0-8cc2-dfe4f98870d0
2026-05-27 20:51:05.301 9 INFO neutron.db.ovn_revision_numbers_db [None req-b112dbe5-b78c-4456-aaf5-b8518dca91fe 710c2a1c4fcc445f800900858d5c4ee5 1919370d861f4069852d009f0b2f69ff - - default default] Successfully bumped revision number for resource 95bb8df6-8446-4bf6-a67b-24af67e2c690 (type: ports) to 1
2026-05-27 20:51:05.406 9 INFO neutron.db.ovn_revision_numbers_db [None req-05c81eb6-c228-450d-803d-719ef64a8e7f fc367df31778448aa17158a4cc8163ac 14333cf1279c42fdadeb68f5ee570e6a - - default default] Successfully bumped revision number for resource 9e047839-f79f-47d0-8cc2-dfe4f98870d0 (type: networks) to 1
2026-05-27 20:51:05.583 9 WARNING neutron.scheduler.dhcp_agent_scheduler [None req-05c81eb6-c228-450d-803d-719ef64a8e7f fc367df31778448aa17158a4cc8163ac 14333cf1279c42fdadeb68f5ee570e6a - - default default] No more DHCP agents
2026-05-27 20:51:05.584 9 WARNING neutron.api.rpc.agentnotifiers.dhcp_rpc_agent_api [None req-05c81eb6-c228-450d-803d-719ef64a8e7f fc367df31778448aa17158a4cc8163ac 14333cf1279c42fdadeb68f5ee570e6a - - default default] Unable to schedule network 9e047839-f79f-47d0-8cc2-dfe4f98870d0: no agents available; will retry on subsequent port and subnet creation events.
2026-05-27 20:51:05.698 10 INFO neutron.db.ovn_revision_numbers_db [None req-ec69eed2-6204-4a2f-b5e5-4c38a6f5ca03 fc367df31778448aa17158a4cc8163ac 14333cf1279c42fdadeb68f5ee570e6a - - default default] Successfully bumped revision number for resource 4fa0d6e7-2990-47fe-80b2-e8be6b2c46f8 (type: security_groups) to 1
2026-05-27 20:51:05.702 10 INFO neutron.db.ovn_revision_numbers_db [None req-61bc54ad-c6bc-4f6a-8377-d2200ea50515 fc367df31778448aa17158a4cc8163ac 14333cf1279c42fdadeb68f5ee570e6a - - default default] Successfully bumped revision number for resource 5175a1b0-8b54-4060-bfb6-a2a7f4ff14db (type: security_groups) to 1
2026-05-27 20:51:05.716 10 INFO neutron.db.ovn_revision_numbers_db [None req-ec69eed2-6204-4a2f-b5e5-4c38a6f5ca03 fc367df31778448aa17158a4cc8163ac 14333cf1279c42fdadeb68f5ee570e6a - - default default] Successfully bumped revision number for resource 472d749a-b62e-481b-9736-1bfbbffbc573 (type: security_group_rules) to 0
2026-05-27 20:51:05.721 10 INFO neutron.db.ovn_revision_numbers_db [None req-61bc54ad-c6bc-4f6a-8377-d2200ea50515 fc367df31778448aa17158a4cc8163ac 14333cf1279c42fdadeb68f5ee570e6a - - default default] Successfully bumped revision number for resource 1bf2f700-206c-4289-b46e-ce81262bdc2d (type: security_group_rules) to 0
2026-05-27 20:51:05.729 10 INFO neutron.db.ovn_revision_numbers_db [None req-ec69eed2-6204-4a2f-b5e5-4c38a6f5ca03 fc367df31778448aa17158a4cc8163ac 14333cf1279c42fdadeb68f5ee570e6a - - default default] Successfully bumped revision number for resource 569d1dff-20d0-4b2e-a8ef-0113e25bded1 (type: security_group_rules) to 0
2026-05-27 20:51:05.733 10 INFO neutron.db.ovn_revision_numbers_db [None req-61bc54ad-c6bc-4f6a-8377-d2200ea50515 fc367df31778448aa17158a4cc8163ac 14333cf1279c42fdadeb68f5ee570e6a - - default default] Successfully bumped revision number for resource 715b1f61-5eff-4db9-ac56-70eb8064aad4 (type: security_group_rules) to 0
2026-05-27 20:51:05.742 10 INFO neutron.db.ovn_revision_numbers_db [None req-ec69eed2-6204-4a2f-b5e5-4c38a6f5ca03 fc367df31778448aa17158a4cc8163ac 14333cf1279c42fdadeb68f5ee570e6a - - default default] Successfully bumped revision number for resource 83bfefdf-0f5b-4da9-bc7c-0d4c680124a6 (type: security_group_rules) to 0
2026-05-27 20:51:05.750 10 INFO neutron.db.ovn_revision_numbers_db [None req-61bc54ad-c6bc-4f6a-8377-d2200ea50515 fc367df31778448aa17158a4cc8163ac 14333cf1279c42fdadeb68f5ee570e6a - - default default] Successfully bumped revision number for resource d4b13ac4-9844-4efc-8855-772c18f5e464 (type: security_group_rules) to 0
2026-05-27 20:51:05.755 10 INFO neutron.db.ovn_revision_numbers_db [None req-ec69eed2-6204-4a2f-b5e5-4c38a6f5ca03 fc367df31778448aa17158a4cc8163ac 14333cf1279c42fdadeb68f5ee570e6a - - default default] Successfully bumped revision number for resource ce1b0ce4-87a2-4f3f-a884-e559bd9f3fc1 (type: security_group_rules) to 0
2026-05-27 20:51:05.764 10 INFO neutron.db.ovn_revision_numbers_db [None req-61bc54ad-c6bc-4f6a-8377-d2200ea50515 fc367df31778448aa17158a4cc8163ac 14333cf1279c42fdadeb68f5ee570e6a - - default default] Successfully bumped revision number for resource d765b1d1-4c25-4364-bd65-8761ad608fd6 (type: security_group_rules) to 0
2026-05-27 20:51:05.790 10 INFO neutron.api.wsgi [None req-ec69eed2-6204-4a2f-b5e5-4c38a6f5ca03 fc367df31778448aa17158a4cc8163ac 14333cf1279c42fdadeb68f5ee570e6a - - default default] 10.0.0.203 "GET /v2.0/security-groups?tenant_id=2311e4a3335f486d90e19926c48ade5f&name=default HTTP/1.1" status: 200 len: 3120 time: 0.2980869
2026-05-27 20:51:05.803 10 INFO neutron.api.wsgi [None req-61bc54ad-c6bc-4f6a-8377-d2200ea50515 fc367df31778448aa17158a4cc8163ac 14333cf1279c42fdadeb68f5ee570e6a - - default default] 10.0.0.203 "GET /v2.0/security-groups?tenant_id=fe25de83124b4296817d6729f30f85b6&name=default HTTP/1.1" status: 200 len: 3120 time: 0.3663161
2026-05-27 20:51:05.856 9 INFO neutron.db.ovn_revision_numbers_db [None req-05c81eb6-c228-450d-803d-719ef64a8e7f fc367df31778448aa17158a4cc8163ac 14333cf1279c42fdadeb68f5ee570e6a - - default default] Successfully bumped revision number for resource fb2bc043-dab3-43ad-9e80-049724c8dfc0 (type: ports) to 1
2026-05-27 20:51:05.878 9 INFO neutron.api.wsgi [None req-05c81eb6-c228-450d-803d-719ef64a8e7f fc367df31778448aa17158a4cc8163ac 14333cf1279c42fdadeb68f5ee570e6a - - default default] 10.0.0.203 "POST /v2.0/networks HTTP/1.1" status: 201 len: 942 time: 1.0432987
2026-05-27 20:51:05.995 9 INFO neutron.db.ovn_revision_numbers_db [None req-b112dbe5-b78c-4456-aaf5-b8518dca91fe 710c2a1c4fcc445f800900858d5c4ee5 1919370d861f4069852d009f0b2f69ff - - default default] Successfully bumped revision number for resource 95bb8df6-8446-4bf6-a67b-24af67e2c690 (type: ports) to 1
2026-05-27 20:51:06.012 10 INFO neutron.api.wsgi [None req-ede6d959-c3c6-451f-b377-de6f8df7ceb1 fc367df31778448aa17158a4cc8163ac 14333cf1279c42fdadeb68f5ee570e6a - - default default] 10.0.0.203 "DELETE /v2.0/security-groups/4fa0d6e7-2990-47fe-80b2-e8be6b2c46f8 HTTP/1.1" status: 204 len: 168 time: 0.2161376
2026-05-27 20:51:06.027 9 WARNING neutron.scheduler.dhcp_agent_scheduler [None req-2c6a4260-9755-4909-be21-0c010b84551d fc367df31778448aa17158a4cc8163ac 14333cf1279c42fdadeb68f5ee570e6a - - default default] No more DHCP agents
2026-05-27 20:51:06.029 9 WARNING neutron.api.rpc.agentnotifiers.dhcp_rpc_agent_api [None req-2c6a4260-9755-4909-be21-0c010b84551d fc367df31778448aa17158a4cc8163ac 14333cf1279c42fdadeb68f5ee570e6a - - default default] Unable to schedule network 9e047839-f79f-47d0-8cc2-dfe4f98870d0: no agents available; will retry on subsequent port and subnet creation events.
2026-05-27 20:51:06.031 10 INFO neutron.api.wsgi [None req-0a24b885-8f5f-476c-95b1-4e9d65888ce0 fc367df31778448aa17158a4cc8163ac 14333cf1279c42fdadeb68f5ee570e6a - - default default] 10.0.0.203 "DELETE /v2.0/security-groups/5175a1b0-8b54-4060-bfb6-a2a7f4ff14db HTTP/1.1" status: 204 len: 168 time: 0.2237010
2026-05-27 20:51:06.052 9 WARNING neutron.scheduler.dhcp_agent_scheduler [None req-b112dbe5-b78c-4456-aaf5-b8518dca91fe 710c2a1c4fcc445f800900858d5c4ee5 1919370d861f4069852d009f0b2f69ff - - default default] No more DHCP agents
2026-05-27 20:51:06.053 9 WARNING neutron.api.rpc.agentnotifiers.dhcp_rpc_agent_api [None req-b112dbe5-b78c-4456-aaf5-b8518dca91fe 710c2a1c4fcc445f800900858d5c4ee5 1919370d861f4069852d009f0b2f69ff - - default default] Unable to schedule network 98a99a50-de39-4065-b1af-bfbbb5178a72: no agents available; will retry on subsequent port and subnet creation events.
2026-05-27 20:51:06.280 9 INFO neutron.db.ovn_revision_numbers_db [None req-b112dbe5-b78c-4456-aaf5-b8518dca91fe 710c2a1c4fcc445f800900858d5c4ee5 1919370d861f4069852d009f0b2f69ff - - default default] Successfully bumped revision number for resource 95bb8df6-8446-4bf6-a67b-24af67e2c690 (type: router_ports) to 1
2026-05-27 20:51:06.284 9 INFO neutron.api.wsgi [None req-b112dbe5-b78c-4456-aaf5-b8518dca91fe 710c2a1c4fcc445f800900858d5c4ee5 1919370d861f4069852d009f0b2f69ff - - default default] 10.0.0.203 "PUT /v2.0/routers/e6f13f95-7bf7-494f-b78b-d6d508f3ea95/add_router_interface HTTP/1.1" status: 200 len: 503 time: 1.4791698
2026-05-27 20:51:06.323 9 INFO neutron.api.wsgi [None req-f51c3ac0-a367-4b80-b466-69ec28835526 710c2a1c4fcc445f800900858d5c4ee5 1919370d861f4069852d009f0b2f69ff - - default default] 10.0.0.203 "GET /v2.0/ports/95bb8df6-8446-4bf6-a67b-24af67e2c690 HTTP/1.1" status: 200 len: 1135 time: 0.0336657
2026-05-27 20:51:06.354 9 INFO neutron.api.wsgi [None req-954f9470-0ad5-4872-a6b9-f6d50250accb 710c2a1c4fcc445f800900858d5c4ee5 1919370d861f4069852d009f0b2f69ff - - default default] 10.0.0.203 "GET /v2.0/ports/95bb8df6-8446-4bf6-a67b-24af67e2c690 HTTP/1.1" status: 200 len: 1135 time: 0.0269263
2026-05-27 20:51:06.496 9 INFO neutron.db.ovn_revision_numbers_db [None req-c32dc42b-afbe-4b93-b90f-f55609f80bb6 - - - - - -] Successfully bumped revision number for resource fb2bc043-dab3-43ad-9e80-049724c8dfc0 (type: ports) to 2
2026-05-27 20:51:06.526 9 INFO neutron.db.ovn_revision_numbers_db [None req-c32dc42b-afbe-4b93-b90f-f55609f80bb6 - - - - - -] Successfully bumped revision number for resource 011cfb19-9543-49dd-bb80-5ae9571e84a5 (type: subnets) to 0
2026-05-27 20:51:06.539 9 INFO neutron.api.wsgi [None req-2c6a4260-9755-4909-be21-0c010b84551d fc367df31778448aa17158a4cc8163ac 14333cf1279c42fdadeb68f5ee570e6a - - default default] 10.0.0.203 "POST /v2.0/subnets HTTP/1.1" status: 201 len: 886 time: 0.6566052
2026-05-27 20:51:06.961 9 WARNING neutron.plugins.ml2.drivers.ovn.mech_driver.ovsdb.ovn_client [None req-8726299c-6815-4923-bcf9-d81e94fd6d1b - - - - - -] No port found with ID 4f0f57a2-213f-4133-b6b9-adbaf0de8089: RuntimeError: No port found with ID 4f0f57a2-213f-4133-b6b9-adbaf0de8089
2026-05-27 20:51:06.976 9 INFO neutron.plugins.ml2.drivers.ovn.mech_driver.mech_driver [None req-8726299c-6815-4923-bcf9-d81e94fd6d1b - - - - - -] OVN reports status up for port: 95bb8df6-8446-4bf6-a67b-24af67e2c690
2026-05-27 20:51:06.988 9 INFO neutron.plugins.ml2.plugin [None req-8726299c-6815-4923-bcf9-d81e94fd6d1b - - - - - -] Attempt 1 to provision port 95bb8df6-8446-4bf6-a67b-24af67e2c690
2026-05-27 20:51:07.008 10 WARNING neutron.scheduler.dhcp_agent_scheduler [None req-7bd70a29-eaf2-4f55-860f-22c0f32cafb1 fc367df31778448aa17158a4cc8163ac 14333cf1279c42fdadeb68f5ee570e6a - - default default] No more DHCP agents
2026-05-27 20:51:07.014 10 WARNING neutron.api.rpc.agentnotifiers.dhcp_rpc_agent_api [None req-7bd70a29-eaf2-4f55-860f-22c0f32cafb1 fc367df31778448aa17158a4cc8163ac 14333cf1279c42fdadeb68f5ee570e6a - - default default] Unable to schedule network 1cc437aa-4447-4aa4-bff5-1c80ac80f8b2: no agents available; will retry on subsequent port and subnet creation events.
2026-05-27 20:51:07.135 10 INFO neutron.db.ovn_revision_numbers_db [None req-7bd70a29-eaf2-4f55-860f-22c0f32cafb1 fc367df31778448aa17158a4cc8163ac 14333cf1279c42fdadeb68f5ee570e6a - - default default] Successfully bumped revision number for resource 86374129-b8ee-4ee8-84a4-78aa157e8761 (type: ports) to 1
2026-05-27 20:51:07.355 9 INFO neutron.db.ovn_revision_numbers_db [None req-8726299c-6815-4923-bcf9-d81e94fd6d1b - - - - - -] Successfully bumped revision number for resource 95bb8df6-8446-4bf6-a67b-24af67e2c690 (type: ports) to 2
2026-05-27 20:51:07.397 9 INFO neutron.api.wsgi [None req-154ea85c-8aeb-49ba-a205-eedf9a6da6b1 710c2a1c4fcc445f800900858d5c4ee5 1919370d861f4069852d009f0b2f69ff - - default default] 10.0.0.203 "GET /v2.0/ports/95bb8df6-8446-4bf6-a67b-24af67e2c690 HTTP/1.1" status: 200 len: 1137 time: 0.0377815
2026-05-27 20:51:07.736 10 INFO neutron.plugins.ml2.drivers.ovn.mech_driver.ovsdb.commands [None req-dac036f2-04a0-4af1-870c-f01996f05c2e - - - - - -] Schedule LRP lrp-86374129-b8ee-4ee8-84a4-78aa157e8761 on gateway 441fa924-19ea-43d1-9828-bf801db9e3d5 with priority 1
2026-05-27 20:51:07.764 10 INFO neutron.plugins.ml2.drivers.ovn.mech_driver.ovsdb.ovsdb_monitor [None req-dc3d00e7-26b7-405a-8db1-15f559a0ee35 - - - - - -] Router a7ae2a91-2a5f-48f4-ba50-2d0c0105c126 is bound to host instance
2026-05-27 20:51:07.790 10 INFO neutron.db.ovn_revision_numbers_db [None req-7bd70a29-eaf2-4f55-860f-22c0f32cafb1 fc367df31778448aa17158a4cc8163ac 14333cf1279c42fdadeb68f5ee570e6a - - default default] Successfully bumped revision number for resource 86374129-b8ee-4ee8-84a4-78aa157e8761 (type: router_ports) to 1
2026-05-27 20:51:07.861 10 INFO neutron.db.ovn_revision_numbers_db [None req-7bd70a29-eaf2-4f55-860f-22c0f32cafb1 fc367df31778448aa17158a4cc8163ac 14333cf1279c42fdadeb68f5ee570e6a - - default default] Successfully bumped revision number for resource a7ae2a91-2a5f-48f4-ba50-2d0c0105c126 (type: routers) to 2
2026-05-27 20:51:07.878 10 INFO neutron.api.wsgi [None req-7bd70a29-eaf2-4f55-860f-22c0f32cafb1 fc367df31778448aa17158a4cc8163ac 14333cf1279c42fdadeb68f5ee570e6a - - default default] 10.0.0.203 "POST /v2.0/routers HTTP/1.1" status: 201 len: 1164 time: 1.3338313
2026-05-27 20:51:07.940 9 INFO neutron.api.wsgi [None req-fffd9e1d-017b-454a-b9a6-acba0adf80ab 710c2a1c4fcc445f800900858d5c4ee5 1919370d861f4069852d009f0b2f69ff - - default default] 10.0.0.203 "PUT /v2.0/routers/e6f13f95-7bf7-494f-b78b-d6d508f3ea95/remove_router_interface HTTP/1.1" status: 200 len: 503 time: 0.5380435 /var/lib/openstack/lib/python3.12/site-packages/pycadf/identifier.py:71: UserWarning: Invalid uuid: neutron. To ensure interoperability, identifiers should be a valid uuid. warnings.warn(('Invalid uuid: %s. To ensure interoperability, '
2026-05-27 20:51:07.967 9 INFO neutron.api.wsgi [None req-273654c7-1cae-4b1d-b33e-a8f37b566721 710c2a1c4fcc445f800900858d5c4ee5 1919370d861f4069852d009f0b2f69ff - - default default] 10.0.0.203 "GET /v2.0/ports?device_id=e6f13f95-7bf7-494f-b78b-d6d508f3ea95 HTTP/1.1" status: 200 len: 205 time: 0.0187774
2026-05-27 20:51:08.139 9 INFO neutron.api.wsgi [None req-ac48596b-00de-42d1-b54c-bc582660494b 710c2a1c4fcc445f800900858d5c4ee5 1919370d861f4069852d009f0b2f69ff - - default default] 10.0.0.203 "DELETE /v2.0/routers/e6f13f95-7bf7-494f-b78b-d6d508f3ea95 HTTP/1.1" status: 204 len: 168 time: 0.1678839
2026-05-27 20:51:08.246 10 INFO neutron.db.ovn_revision_numbers_db [None req-1bcfc034-b94b-4a7c-a3b3-8559cc4370ed - - - - - -] Successfully bumped revision number for resource 86374129-b8ee-4ee8-84a4-78aa157e8761 (type: ports) to 1
2026-05-27 20:51:08.314 9 INFO neutron.api.wsgi [None req-18e41c4f-b8a3-4b5f-ab65-66e37b9d69c8 710c2a1c4fcc445f800900858d5c4ee5 1919370d861f4069852d009f0b2f69ff - - default default] 10.0.0.203 "DELETE /v2.0/subnets/ebb5955f-863f-4c4a-8b73-1ded16f199ad HTTP/1.1" status: 204 len: 168 time: 0.1712024
2026-05-27 20:51:08.380 10 WARNING neutron.scheduler.dhcp_agent_scheduler [None req-3c03852a-e78c-43f6-a01f-d9d159c1c873 fc367df31778448aa17158a4cc8163ac 14333cf1279c42fdadeb68f5ee570e6a - - default default] No more DHCP agents
2026-05-27 20:51:08.383 10 WARNING neutron.api.rpc.agentnotifiers.dhcp_rpc_agent_api [None req-3c03852a-e78c-43f6-a01f-d9d159c1c873 fc367df31778448aa17158a4cc8163ac 14333cf1279c42fdadeb68f5ee570e6a - - default default] Unable to schedule network 9e047839-f79f-47d0-8cc2-dfe4f98870d0: no agents available; will retry on subsequent port and subnet creation events.
2026-05-27 20:51:08.518 10 INFO neutron.db.ovn_revision_numbers_db [None req-3c03852a-e78c-43f6-a01f-d9d159c1c873 fc367df31778448aa17158a4cc8163ac 14333cf1279c42fdadeb68f5ee570e6a - - default default] Successfully bumped revision number for resource 9fdfed82-7bbf-4bc1-b7c2-9c24ae1bf711 (type: ports) to 1
2026-05-27 20:51:08.619 10 INFO neutron.db.ovn_revision_numbers_db [None req-1bcfc034-b94b-4a7c-a3b3-8559cc4370ed - - - - - -] Successfully bumped revision number for resource 86374129-b8ee-4ee8-84a4-78aa157e8761 (type: ports) to 4
2026-05-27 20:51:08.622 9 INFO neutron.services.segments.plugin [-] Segment 1b4e54ac-e3ce-467b-b028-35d7f698b37a resource provider aggregate not found
2026-05-27 20:51:08.627 9 INFO neutron.services.segments.plugin [-] Segment 1b4e54ac-e3ce-467b-b028-35d7f698b37a resource provider aggregate not found
2026-05-27 20:51:08.646 9 INFO neutron.services.segments.plugin [-] Segment 1b4e54ac-e3ce-467b-b028-35d7f698b37a resource provider not found; error: Placement Client Error (4xx): {"errors": [{"status": 404, "title": "Not Found", "detail": "The resource could not be found.\n\n No resource provider with uuid 1b4e54ac-e3ce-467b-b028-35d7f698b37a found for delete ", "request_id": "req-961c2a0f-34f7-4f67-a577-526505a9c067"}]}
2026-05-27 20:51:08.649 9 INFO neutron.services.segments.plugin [-] Segment 1b4e54ac-e3ce-467b-b028-35d7f698b37a resource provider not found; error: Placement Client Error (4xx): {"errors": [{"status": 404, "title": "Not Found", "detail": "The resource could not be found.\n\n No resource provider with uuid 1b4e54ac-e3ce-467b-b028-35d7f698b37a found for delete ", "request_id": "req-7f0f7e31-f6f5-43b3-9060-73ba398daeaa"}]}
2026-05-27 20:51:08.673 9 INFO neutron.api.wsgi [None req-278d9948-231b-4a00-a753-ad0e2ccc5f56 710c2a1c4fcc445f800900858d5c4ee5 1919370d861f4069852d009f0b2f69ff - - default default] 10.0.0.203 "DELETE /v2.0/networks/98a99a50-de39-4065-b1af-bfbbb5178a72 HTTP/1.1" status: 204 len: 168 time: 0.3541331
2026-05-27 20:51:08.684 9 WARNING neutron_lib.context [None req-ed9272b1-87c0-453b-9a05-ca82ccb5faa1 710c2a1c4fcc445f800900858d5c4ee5 1919370d861f4069852d009f0b2f69ff - - default default] Method 'is_advsvc' is deprecated since 2023.2 release (neutron-lib 3.8.0) and will be removed once support for the old RBAC API policies will be removed from Neutron. Please use method 'is_service_role' instead.
2026-05-27 20:51:08.945 10 INFO neutron.db.ovn_revision_numbers_db [None req-1bcfc034-b94b-4a7c-a3b3-8559cc4370ed - - - - - -] Successfully bumped revision number for resource 86374129-b8ee-4ee8-84a4-78aa157e8761 (type: ports) to 5
2026-05-27 20:51:09.073 9 WARNING neutron.scheduler.dhcp_agent_scheduler [None req-ed9272b1-87c0-453b-9a05-ca82ccb5faa1 710c2a1c4fcc445f800900858d5c4ee5 1919370d861f4069852d009f0b2f69ff - - default default] No more DHCP agents
2026-05-27 20:51:09.074 9 WARNING neutron.api.rpc.agentnotifiers.dhcp_rpc_agent_api [None req-ed9272b1-87c0-453b-9a05-ca82ccb5faa1 710c2a1c4fcc445f800900858d5c4ee5 1919370d861f4069852d009f0b2f69ff - - default default] Unable to schedule network 1cc437aa-4447-4aa4-bff5-1c80ac80f8b2: no agents available; will retry on subsequent port and subnet creation events.
2026-05-27 20:51:09.074 10 INFO neutron.db.ovn_revision_numbers_db [None req-3c03852a-e78c-43f6-a01f-d9d159c1c873 fc367df31778448aa17158a4cc8163ac 14333cf1279c42fdadeb68f5ee570e6a - - default default] Successfully bumped revision number for resource 9fdfed82-7bbf-4bc1-b7c2-9c24ae1bf711 (type: ports) to 1
2026-05-27 20:51:09.114 10 WARNING neutron.scheduler.dhcp_agent_scheduler [None req-3c03852a-e78c-43f6-a01f-d9d159c1c873 fc367df31778448aa17158a4cc8163ac 14333cf1279c42fdadeb68f5ee570e6a - - default default] No more DHCP agents
2026-05-27 20:51:09.116 10 WARNING neutron.api.rpc.agentnotifiers.dhcp_rpc_agent_api [None req-3c03852a-e78c-43f6-a01f-d9d159c1c873 fc367df31778448aa17158a4cc8163ac 14333cf1279c42fdadeb68f5ee570e6a - - default default] Unable to schedule network 9e047839-f79f-47d0-8cc2-dfe4f98870d0: no agents available; will retry on subsequent port and subnet creation events.
2026-05-27 20:51:09.188 9 INFO neutron.db.ovn_revision_numbers_db [None req-ed9272b1-87c0-453b-9a05-ca82ccb5faa1 710c2a1c4fcc445f800900858d5c4ee5 1919370d861f4069852d009f0b2f69ff - - default default] Successfully bumped revision number for resource b92b748d-7454-4872-bfa0-a599e123be3d (type: ports) to 1
2026-05-27 20:51:09.515 10 INFO neutron.db.ovn_revision_numbers_db [None req-3c03852a-e78c-43f6-a01f-d9d159c1c873 fc367df31778448aa17158a4cc8163ac 14333cf1279c42fdadeb68f5ee570e6a - - default default] Successfully bumped revision number for resource 9fdfed82-7bbf-4bc1-b7c2-9c24ae1bf711 (type: router_ports) to 1
2026-05-27 20:51:09.520 10 INFO neutron.api.wsgi [None req-3c03852a-e78c-43f6-a01f-d9d159c1c873 fc367df31778448aa17158a4cc8163ac 14333cf1279c42fdadeb68f5ee570e6a - - default default] 10.0.0.203 "PUT /v2.0/routers/a7ae2a91-2a5f-48f4-ba50-2d0c0105c126/add_router_interface HTTP/1.1" status: 200 len: 503 time: 1.6355920
2026-05-27 20:51:09.769 9 INFO neutron.plugins.ml2.drivers.ovn.mech_driver.ovsdb.commands [None req-4ba7c390-9a8f-4b6a-aca0-0bb6b83b15ec - - - - - -] Schedule LRP lrp-b92b748d-7454-4872-bfa0-a599e123be3d on gateway 441fa924-19ea-43d1-9828-bf801db9e3d5 with priority 1
2026-05-27 20:51:09.780 10 INFO neutron.plugins.ml2.drivers.ovn.mech_driver.mech_driver [None req-51bfaf20-03c5-478c-a61b-ee30c60cb099 - - - - - -] OVN reports status up for port: b92b748d-7454-4872-bfa0-a599e123be3d
2026-05-27 20:51:09.786 10 INFO neutron.plugins.ml2.plugin [None req-51bfaf20-03c5-478c-a61b-ee30c60cb099 - - - - - -] Attempt 1 to provision port b92b748d-7454-4872-bfa0-a599e123be3d
2026-05-27 20:51:09.815 9 INFO neutron.db.ovn_revision_numbers_db [None req-ed9272b1-87c0-453b-9a05-ca82ccb5faa1 710c2a1c4fcc445f800900858d5c4ee5 1919370d861f4069852d009f0b2f69ff - - default default] Successfully bumped revision number for resource b92b748d-7454-4872-bfa0-a599e123be3d (type: router_ports) to 1
2026-05-27 20:51:09.877 9 INFO neutron.db.ovn_revision_numbers_db [None req-ed9272b1-87c0-453b-9a05-ca82ccb5faa1 710c2a1c4fcc445f800900858d5c4ee5 1919370d861f4069852d009f0b2f69ff - - default default] Successfully bumped revision number for resource c2121ae1-1276-4951-9b1f-d37c9ae3f577 (type: routers) to 2
2026-05-27 20:51:09.890 9 INFO neutron.api.wsgi [None req-ed9272b1-87c0-453b-9a05-ca82ccb5faa1 710c2a1c4fcc445f800900858d5c4ee5 1919370d861f4069852d009f0b2f69ff - - default default] 10.0.0.203 "POST /v2.0/routers HTTP/1.1" status: 201 len: 1146 time: 1.2102783
2026-05-27 20:51:09.922 10 INFO neutron.db.ovn_revision_numbers_db [None req-454803ca-4ff4-46a6-80ff-80a582af3fc2 fc367df31778448aa17158a4cc8163ac 14333cf1279c42fdadeb68f5ee570e6a - - default default] Successfully bumped revision number for resource 995eac4e-f171-47f9-bb5f-ff1c55399b1a (type: security_groups) to 1
2026-05-27 20:51:09.936 10 INFO neutron.db.ovn_revision_numbers_db [None req-454803ca-4ff4-46a6-80ff-80a582af3fc2 fc367df31778448aa17158a4cc8163ac 14333cf1279c42fdadeb68f5ee570e6a - - default default] Successfully bumped revision number for resource 329a82d8-54eb-4cb7-b2a4-95653f815368 (type: security_group_rules) to 0
2026-05-27 20:51:09.948 10 INFO neutron.db.ovn_revision_numbers_db [None req-454803ca-4ff4-46a6-80ff-80a582af3fc2 fc367df31778448aa17158a4cc8163ac 14333cf1279c42fdadeb68f5ee570e6a - - default default] Successfully bumped revision number for resource 3c4117f3-6e9a-47a7-bb74-226479af7c9f (type: security_group_rules) to 0
2026-05-27 20:51:09.956 9 INFO neutron.api.wsgi [None req-5d0e364e-b9bd-426e-b00c-f814126eab2c 710c2a1c4fcc445f800900858d5c4ee5 1919370d861f4069852d009f0b2f69ff - - default default] 10.0.0.203 "GET /v2.0/routers/c2121ae1-1276-4951-9b1f-d37c9ae3f577 HTTP/1.1" status: 200 len: 1147 time: 0.0602155
2026-05-27 20:51:09.962 10 INFO neutron.db.ovn_revision_numbers_db [None req-454803ca-4ff4-46a6-80ff-80a582af3fc2 fc367df31778448aa17158a4cc8163ac 14333cf1279c42fdadeb68f5ee570e6a - - default default] Successfully bumped revision number for resource dd030606-a03b-4c29-afe6-0d248ce01a1f (type: security_group_rules) to 0
2026-05-27 20:51:09.975 10 INFO neutron.db.ovn_revision_numbers_db [None req-454803ca-4ff4-46a6-80ff-80a582af3fc2 fc367df31778448aa17158a4cc8163ac 14333cf1279c42fdadeb68f5ee570e6a - - default default] Successfully bumped revision number for resource e1dcb64f-cf1b-49f6-9624-49b7c704ead0 (type: security_group_rules) to 0
2026-05-27 20:51:10.018 10 INFO neutron.api.wsgi [None req-454803ca-4ff4-46a6-80ff-80a582af3fc2 fc367df31778448aa17158a4cc8163ac 14333cf1279c42fdadeb68f5ee570e6a - - default default] 10.0.0.203 "GET /v2.0/security-groups?tenant_id=c6356dd3950f44ca8452b429309a4e14&name=default HTTP/1.1" status: 200 len: 3120 time: 0.3546956
2026-05-27 20:51:10.043 9 INFO neutron.api.wsgi [None req-2fbe04f9-0a6a-49d1-8c41-73ea7a7b6815 710c2a1c4fcc445f800900858d5c4ee5 1919370d861f4069852d009f0b2f69ff - - default default] 10.0.0.203 "GET /v2.0/routers HTTP/1.1" status: 200 len: 1150 time: 0.0837586
2026-05-27 20:51:10.117 9 INFO neutron.db.ovn_revision_numbers_db [None req-7a79ae97-4b82-4ba0-a697-1a2daaf79237 fc367df31778448aa17158a4cc8163ac 14333cf1279c42fdadeb68f5ee570e6a - - default default] Successfully bumped revision number for resource 6f31c6c9-f52b-499a-ad52-2bb9d115b364 (type: security_groups) to 1
2026-05-27 20:51:10.142 9 INFO neutron.db.ovn_revision_numbers_db [None req-7a79ae97-4b82-4ba0-a697-1a2daaf79237 fc367df31778448aa17158a4cc8163ac 14333cf1279c42fdadeb68f5ee570e6a - - default default] Successfully bumped revision number for resource 2b400e4f-ebc6-4c24-aba7-10d3634bc55e (type: security_group_rules) to 0
2026-05-27 20:51:10.157 9 INFO neutron.db.ovn_revision_numbers_db [None req-7a79ae97-4b82-4ba0-a697-1a2daaf79237 fc367df31778448aa17158a4cc8163ac 14333cf1279c42fdadeb68f5ee570e6a - - default default] Successfully bumped revision number for resource 5f112a90-2714-4c17-8988-197c9d10a8e5 (type: security_group_rules) to 0
2026-05-27 20:51:10.175 9 INFO neutron.db.ovn_revision_numbers_db [None req-7a79ae97-4b82-4ba0-a697-1a2daaf79237 fc367df31778448aa17158a4cc8163ac 14333cf1279c42fdadeb68f5ee570e6a - - default default] Successfully bumped revision number for resource a12de982-f8ae-4898-8134-2421f9cabf5d (type: security_group_rules) to 0
2026-05-27 20:51:10.201 9 INFO neutron.db.ovn_revision_numbers_db [None req-7a79ae97-4b82-4ba0-a697-1a2daaf79237 fc367df31778448aa17158a4cc8163ac 14333cf1279c42fdadeb68f5ee570e6a - - default default] Successfully bumped revision number for resource fe003ae8-3a80-4dbf-802f-30fa9f2a90a9 (type: security_group_rules) to 0
2026-05-27 20:51:10.214 10 INFO neutron.api.wsgi [None req-cea44b91-cdb2-4461-9bc1-870a35e41fae fc367df31778448aa17158a4cc8163ac 14333cf1279c42fdadeb68f5ee570e6a - - default default] 10.0.0.203 "DELETE /v2.0/security-groups/995eac4e-f171-47f9-bb5f-ff1c55399b1a HTTP/1.1" status: 204 len: 168 time: 0.1921337
2026-05-27 20:51:10.245 9 INFO neutron.api.wsgi [None req-7a79ae97-4b82-4ba0-a697-1a2daaf79237 fc367df31778448aa17158a4cc8163ac 14333cf1279c42fdadeb68f5ee570e6a - - default default] 10.0.0.203 "GET /v2.0/security-groups?tenant_id=2baba9650f364dce8a14f8a06b37c88b&name=default HTTP/1.1" status: 200 len: 3120 time: 0.3076305
2026-05-27 20:51:10.471 10 INFO neutron.api.wsgi [-] 10.0.0.96 "GET / HTTP/1.1" status: 200 len: 247 time: 0.0019257
2026-05-27 20:51:10.473 10 INFO neutron.api.wsgi [-] 10.0.0.96 "GET / HTTP/1.1" status: 200 len: 247 time: 0.0014079
2026-05-27 20:51:10.516 9 INFO neutron.db.ovn_revision_numbers_db [None req-b06cec0e-4d0b-498f-8726-f2898d41a3cc 710c2a1c4fcc445f800900858d5c4ee5 1919370d861f4069852d009f0b2f69ff - - default default] Successfully bumped revision number for resource c2121ae1-1276-4951-9b1f-d37c9ae3f577 (type: routers) to 3
2026-05-27 20:51:10.523 9 INFO neutron.api.wsgi [None req-b06cec0e-4d0b-498f-8726-f2898d41a3cc 710c2a1c4fcc445f800900858d5c4ee5 1919370d861f4069852d009f0b2f69ff - - default default] 10.0.0.203 "PUT /v2.0/routers/c2121ae1-1276-4951-9b1f-d37c9ae3f577 HTTP/1.1" status: 200 len: 1154 time: 0.4744852
2026-05-27 20:51:10.530 9 INFO neutron.api.wsgi [None req-5c36d44e-0cba-4f69-9d4b-7f8dc783656b fc367df31778448aa17158a4cc8163ac 14333cf1279c42fdadeb68f5ee570e6a - - default default] 10.0.0.203 "DELETE /v2.0/security-groups/6f31c6c9-f52b-499a-ad52-2bb9d115b364 HTTP/1.1" status: 204 len: 168 time: 0.2810760
2026-05-27 20:51:10.596 10 INFO neutron.api.wsgi [None req-9c4f5b58-ff95-4e97-9e97-e0d010359698 710c2a1c4fcc445f800900858d5c4ee5 1919370d861f4069852d009f0b2f69ff - - default default] 10.0.0.203 "GET /v2.0/routers/c2121ae1-1276-4951-9b1f-d37c9ae3f577 HTTP/1.1" status: 200 len: 1154 time: 0.0675266
2026-05-27 20:51:10.620 9 INFO neutron.api.wsgi [None req-17443c65-a342-4de1-a705-a3556c4cd12c 710c2a1c4fcc445f800900858d5c4ee5 1919370d861f4069852d009f0b2f69ff - - default default] 10.0.0.203 "GET /v2.0/ports?device_id=c2121ae1-1276-4951-9b1f-d37c9ae3f577 HTTP/1.1" status: 200 len: 205 time: 0.0187998
2026-05-27 20:51:10.732 10 INFO neutron.db.ovn_revision_numbers_db [None req-3756bcfa-e691-4375-baec-2e3c244b7bb6 fc367df31778448aa17158a4cc8163ac 14333cf1279c42fdadeb68f5ee570e6a - - default default] Successfully bumped revision number for resource 45bb84d6-3332-49bb-8b4c-62f2b95611ff (type: security_groups) to 1
2026-05-27 20:51:10.744 10 INFO neutron.db.ovn_revision_numbers_db [None req-3756bcfa-e691-4375-baec-2e3c244b7bb6 fc367df31778448aa17158a4cc8163ac 14333cf1279c42fdadeb68f5ee570e6a - - default default] Successfully bumped revision number for resource 1b4f889d-4033-4aa7-bd60-bc0de68c65f2 (type: security_group_rules) to 0
2026-05-27 20:51:10.759 10 INFO neutron.db.ovn_revision_numbers_db [None req-3756bcfa-e691-4375-baec-2e3c244b7bb6 fc367df31778448aa17158a4cc8163ac 14333cf1279c42fdadeb68f5ee570e6a - - default default] Successfully bumped revision number for resource 24802f26-42c5-4210-a723-a9bdc25dcd07 (type: security_group_rules) to 0
2026-05-27 20:51:10.771 10 INFO neutron.db.ovn_revision_numbers_db [None req-3756bcfa-e691-4375-baec-2e3c244b7bb6 fc367df31778448aa17158a4cc8163ac 14333cf1279c42fdadeb68f5ee570e6a - - default default] Successfully bumped revision number for resource 8fcf6641-e5d9-44ca-b4b4-ae71c355c6bc (type: security_group_rules) to 0
