2026-05-27 20:51:32.700 10 WARNING neutron_lib.context [None req-e6dc1384-3877-4786-b831-f30517de0834 2afb8b4895154decab650af1c338c7e9 f6ca86e5f4ea4dc69734ca7ea90c0a26 - - default default] Method 'is_advsvc' is deprecated since 2023.2 release (neutron-lib 3.8.0) and will be removed once support for the old RBAC API policies will be removed from Neutron. Please use method 'is_service_role' instead.
2026-05-27 20:51:32.749 9 INFO neutron.api.wsgi [req-80be4e31-ce4e-4334-9209-a7d3db7a03f3 req-70b07f47-446d-4f6e-9c90-ad1c53dad216 56ddbc36ebee46329dffd7177d05f69a 031fcc6cf8494bffad1f7852d3ab5be1 - - default default] 199.19.213.176 "GET /v2.0/networks?id=d96d4edb-f127-4ac3-8eb4-ff707f2c041f HTTP/1.1" status: 200 len: 871 time: 0.0684261
2026-05-27 20:51:32.753 9 INFO neutron.api.wsgi [req-dd79891b-509f-4863-ae89-0c159f9b4568 req-0fd04943-f37e-4d18-baf5-3145cfaf940f 214047e2722a4b0b8810bb7f287c6e1f 18125a12c9f448a1a9be7df7610debab - - default default] 10.0.0.199 "GET /v2.0/ports?device_id=ce31ec56-1241-4010-aa2c-8f9cd48c88f3 HTTP/1.1" status: 200 len: 1214 time: 0.1275160
2026-05-27 20:51:32.759 9 WARNING neutron_lib.context [req-80be4e31-ce4e-4334-9209-a7d3db7a03f3 req-cd84b7bb-6c23-4df1-b938-b58bfd3cb240 56ddbc36ebee46329dffd7177d05f69a 031fcc6cf8494bffad1f7852d3ab5be1 - - default default] Method 'is_advsvc' is deprecated since 2023.2 release (neutron-lib 3.8.0) and will be removed once support for the old RBAC API policies will be removed from Neutron. Please use method 'is_service_role' instead.
2026-05-27 20:51:32.797 10 INFO neutron.db.segments_db [None req-e6dc1384-3877-4786-b831-f30517de0834 2afb8b4895154decab650af1c338c7e9 f6ca86e5f4ea4dc69734ca7ea90c0a26 - - default default] Added segment 0635dff2-d92a-4cb9-80aa-c1811361984e of type geneve for network 477f5000-0697-4a29-a34b-5d6b6faadfba
2026-05-27 20:51:32.807 10 INFO neutron.notifiers.nova [-] Nova event matching ['req-12674aef-b92c-44ee-aef7-a81cea7d6430'] response: {'server_uuid': 'ce31ec56-1241-4010-aa2c-8f9cd48c88f3', 'name': 'network-vif-plugged', 'status': 'completed', 'tag': 'c8614368-960a-4872-90a5-ac1a8969fb21', 'code': 200}
2026-05-27 20:51:32.920 9 INFO neutron.api.wsgi [None req-5d155856-629a-4c34-842b-f4d0588a06fb 322d7411c78248f194b2e7d781275eb0 c504bbf48c18444c90a252cb0e7e7633 - - default default] 10.0.0.203 "DELETE /v2.0/networks/c50672d7-1bdb-4ff7-92ce-1df333de9c8f HTTP/1.1" status: 204 len: 168 time: 0.4593558
2026-05-27 20:51:33.008 10 INFO neutron.db.ovn_revision_numbers_db [None req-e6dc1384-3877-4786-b831-f30517de0834 2afb8b4895154decab650af1c338c7e9 f6ca86e5f4ea4dc69734ca7ea90c0a26 - - default default] Successfully bumped revision number for resource 477f5000-0697-4a29-a34b-5d6b6faadfba (type: networks) to 1
2026-05-27 20:51:33.037 9 INFO neutron.api.wsgi [req-8c874b85-7df4-439a-bf65-b0866f920fab req-3e35da2c-f323-46cc-88dc-dba916299214 56ddbc36ebee46329dffd7177d05f69a 031fcc6cf8494bffad1f7852d3ab5be1 - - default default] 10.0.0.199 "GET /v2.0/ports?device_id=210168c2-386d-49f8-94d3-be63785801ad HTTP/1.1" status: 200 len: 210 time: 0.0230224
2026-05-27 20:51:33.050 9 INFO neutron.services.segments.plugin [-] Segment 1dd949c3-c976-45fd-9b0c-79f5dcc791ca resource provider aggregate not found
2026-05-27 20:51:33.056 9 INFO neutron.services.segments.plugin [-] Segment 1dd949c3-c976-45fd-9b0c-79f5dcc791ca resource provider aggregate not found
2026-05-27 20:51:33.062 9 INFO neutron.services.segments.plugin [-] Segment 1dd949c3-c976-45fd-9b0c-79f5dcc791ca resource provider not found; error: Placement Client Error (4xx): {"errors": [{"status": 404, "title": "Not Found", "detail": "The resource could not be found.\n\n No resource provider with uuid 1dd949c3-c976-45fd-9b0c-79f5dcc791ca found for delete ", "request_id": "req-b75e3f28-d9d4-4f57-ac7c-821b3cf58e7a"}]}
2026-05-27 20:51:33.070 9 INFO neutron.services.segments.plugin [-] Segment 1dd949c3-c976-45fd-9b0c-79f5dcc791ca resource provider not found; error: Placement Client Error (4xx): {"errors": [{"status": 404, "title": "Not Found", "detail": "The resource could not be found.\n\n No resource provider with uuid 1dd949c3-c976-45fd-9b0c-79f5dcc791ca found for delete ", "request_id": "req-5c5cfe5a-1fb8-4f1a-a10b-c2f3b1fa3548"}]}
2026-05-27 20:51:33.080 9 INFO neutron.services.segments.plugin [-] Segment f663f1c8-3f9a-42f3-81b0-8f5555591d10 resource provider aggregate not found
2026-05-27 20:51:33.086 9 INFO neutron.services.segments.plugin [-] Segment f663f1c8-3f9a-42f3-81b0-8f5555591d10 resource provider aggregate not found
2026-05-27 20:51:33.091 9 INFO neutron.services.segments.plugin [-] Segment f663f1c8-3f9a-42f3-81b0-8f5555591d10 resource provider not found; error: Placement Client Error (4xx): {"errors": [{"status": 404, "title": "Not Found", "detail": "The resource could not be found.\n\n No resource provider with uuid f663f1c8-3f9a-42f3-81b0-8f5555591d10 found for delete ", "request_id": "req-41a8f7a9-29fc-46d0-83c2-dccbbf7c589f"}]}
2026-05-27 20:51:33.098 9 INFO neutron.services.segments.plugin [-] Segment f663f1c8-3f9a-42f3-81b0-8f5555591d10 resource provider not found; error: Placement Client Error (4xx): {"errors": [{"status": 404, "title": "Not Found", "detail": "The resource could not be found.\n\n No resource provider with uuid f663f1c8-3f9a-42f3-81b0-8f5555591d10 found for delete ", "request_id": "req-abaf2d3f-384e-4b28-a5ef-de971fcefb4a"}]}
2026-05-27 20:51:33.103 9 INFO neutron.services.segments.plugin [-] Segment 05d08185-7cf0-42f2-9b90-ad84f56a5b2f resource provider aggregate not found
2026-05-27 20:51:33.110 9 WARNING neutron.scheduler.dhcp_agent_scheduler [req-80be4e31-ce4e-4334-9209-a7d3db7a03f3 req-cd84b7bb-6c23-4df1-b938-b58bfd3cb240 56ddbc36ebee46329dffd7177d05f69a 031fcc6cf8494bffad1f7852d3ab5be1 - - default default] No more DHCP agents
2026-05-27 20:51:33.111 9 WARNING neutron.api.rpc.agentnotifiers.dhcp_rpc_agent_api [req-80be4e31-ce4e-4334-9209-a7d3db7a03f3 req-cd84b7bb-6c23-4df1-b938-b58bfd3cb240 56ddbc36ebee46329dffd7177d05f69a 031fcc6cf8494bffad1f7852d3ab5be1 - - default default] Unable to schedule network d96d4edb-f127-4ac3-8eb4-ff707f2c041f: no agents available; will retry on subsequent port and subnet creation events.
2026-05-27 20:51:33.113 9 INFO neutron.services.segments.plugin [-] Segment 05d08185-7cf0-42f2-9b90-ad84f56a5b2f resource provider not found; error: Placement Client Error (4xx): {"errors": [{"status": 404, "title": "Not Found", "detail": "The resource could not be found.\n\n No resource provider with uuid 05d08185-7cf0-42f2-9b90-ad84f56a5b2f found for delete ", "request_id": "req-1970c96c-f62d-4d5b-9bc4-2f5294f6998f"}]}
2026-05-27 20:51:33.119 9 INFO neutron.services.segments.plugin [-] Segment 05d08185-7cf0-42f2-9b90-ad84f56a5b2f resource provider aggregate not found
2026-05-27 20:51:33.134 9 INFO neutron.services.segments.plugin [-] Segment 50f733dc-8a92-4cf7-b62a-2dc247d2981c resource provider aggregate not found
2026-05-27 20:51:33.138 9 INFO neutron.services.segments.plugin [-] Segment 05d08185-7cf0-42f2-9b90-ad84f56a5b2f resource provider not found; error: Placement Client Error (4xx): {"errors": [{"status": 404, "title": "Not Found", "detail": "The resource could not be found.\n\n No resource provider with uuid 05d08185-7cf0-42f2-9b90-ad84f56a5b2f found for delete ", "request_id": "req-647f08b6-c8cb-430a-b10d-e6df6ebf7a52"}]}
2026-05-27 20:51:33.151 9 INFO neutron.services.segments.plugin [-] Segment 50f733dc-8a92-4cf7-b62a-2dc247d2981c resource provider not found; error: Placement Client Error (4xx): {"errors": [{"status": 404, "title": "Not Found", "detail": "The resource could not be found.\n\n No resource provider with uuid 50f733dc-8a92-4cf7-b62a-2dc247d2981c found for delete ", "request_id": "req-e56ec07c-adb3-442e-8418-757be142960e"}]}
2026-05-27 20:51:33.152 9 INFO neutron.services.segments.plugin [-] Segment 50f733dc-8a92-4cf7-b62a-2dc247d2981c resource provider aggregate not found
2026-05-27 20:51:33.161 9 INFO neutron.services.segments.plugin [-] Segment 50f733dc-8a92-4cf7-b62a-2dc247d2981c resource provider not found; error: Placement Client Error (4xx): {"errors": [{"status": 404, "title": "Not Found", "detail": "The resource could not be found.\n\n No resource provider with uuid 50f733dc-8a92-4cf7-b62a-2dc247d2981c found for delete ", "request_id": "req-af8f5ff1-4b47-4d00-b8ce-f32efff3d602"}]}
2026-05-27 20:51:33.229 10 WARNING neutron.scheduler.dhcp_agent_scheduler [None req-e6dc1384-3877-4786-b831-f30517de0834 2afb8b4895154decab650af1c338c7e9 f6ca86e5f4ea4dc69734ca7ea90c0a26 - - default default] No more DHCP agents
2026-05-27 20:51:33.230 10 WARNING neutron.api.rpc.agentnotifiers.dhcp_rpc_agent_api [None req-e6dc1384-3877-4786-b831-f30517de0834 2afb8b4895154decab650af1c338c7e9 f6ca86e5f4ea4dc69734ca7ea90c0a26 - - default default] Unable to schedule network 477f5000-0697-4a29-a34b-5d6b6faadfba: no agents available; will retry on subsequent port and subnet creation events.
2026-05-27 20:51:33.248 9 INFO neutron.db.ovn_revision_numbers_db [req-80be4e31-ce4e-4334-9209-a7d3db7a03f3 req-cd84b7bb-6c23-4df1-b938-b58bfd3cb240 56ddbc36ebee46329dffd7177d05f69a 031fcc6cf8494bffad1f7852d3ab5be1 - - default default] Successfully bumped revision number for resource 96978fa2-9b24-40c3-b99d-55d97ae4b36d (type: ports) to 1
2026-05-27 20:51:33.295 9 INFO neutron.api.wsgi [req-80be4e31-ce4e-4334-9209-a7d3db7a03f3 req-cd84b7bb-6c23-4df1-b938-b58bfd3cb240 56ddbc36ebee46329dffd7177d05f69a 031fcc6cf8494bffad1f7852d3ab5be1 - - default default] 199.19.213.176 "POST /v2.0/ports HTTP/1.1" status: 201 len: 1162 time: 0.5406106
2026-05-27 20:51:33.298 10 INFO neutron.db.ovn_revision_numbers_db [None req-5e2923ac-2e4f-496f-854f-8b2acf1b1d76 214047e2722a4b0b8810bb7f287c6e1f 18125a12c9f448a1a9be7df7610debab - - default default] Successfully bumped revision number for resource 37c301a8-ca97-4867-b478-87d4269f40cd (type: floatingips) to 1 /var/lib/openstack/lib/python3.12/site-packages/pycadf/identifier.py:71: UserWarning: Invalid uuid: neutron. To ensure interoperability, identifiers should be a valid uuid. warnings.warn(('Invalid uuid: %s. To ensure interoperability, '
2026-05-27 20:51:33.315 10 INFO neutron.db.ovn_revision_numbers_db [None req-e6dc1384-3877-4786-b831-f30517de0834 2afb8b4895154decab650af1c338c7e9 f6ca86e5f4ea4dc69734ca7ea90c0a26 - - default default] Successfully bumped revision number for resource 021e6b38-214b-4af3-91a0-7962a5cc386f (type: ports) to 1
2026-05-27 20:51:33.344 10 INFO neutron.api.wsgi [None req-e6dc1384-3877-4786-b831-f30517de0834 2afb8b4895154decab650af1c338c7e9 f6ca86e5f4ea4dc69734ca7ea90c0a26 - - default default] 10.0.0.203 "POST /v2.0/networks HTTP/1.1" status: 201 len: 848 time: 0.6472189
2026-05-27 20:51:33.399 10 WARNING neutron_lib.context [None req-90184f96-1dc5-431b-ae0e-73d31fff302d 2afb8b4895154decab650af1c338c7e9 f6ca86e5f4ea4dc69734ca7ea90c0a26 - - default default] Method 'is_advsvc' is deprecated since 2023.2 release (neutron-lib 3.8.0) and will be removed once support for the old RBAC API policies will be removed from Neutron. Please use method 'is_service_role' instead.
2026-05-27 20:51:33.419 10 INFO neutron.db.ovn_revision_numbers_db [None req-5e2923ac-2e4f-496f-854f-8b2acf1b1d76 214047e2722a4b0b8810bb7f287c6e1f 18125a12c9f448a1a9be7df7610debab - - default default] Successfully bumped revision number for resource 37c301a8-ca97-4867-b478-87d4269f40cd (type: floatingips) to 2
2026-05-27 20:51:33.419 10 INFO neutron.db.l3_db [None req-5e2923ac-2e4f-496f-854f-8b2acf1b1d76 214047e2722a4b0b8810bb7f287c6e1f 18125a12c9f448a1a9be7df7610debab - - default default] Floating IP 37c301a8-ca97-4867-b478-87d4269f40cd associated. External IP: 10.96.250.208, port: c8614368-960a-4872-90a5-ac1a8969fb21.
2026-05-27 20:51:33.430 10 WARNING neutron_lib.context [None req-90184f96-1dc5-431b-ae0e-73d31fff302d 2afb8b4895154decab650af1c338c7e9 f6ca86e5f4ea4dc69734ca7ea90c0a26 - - default default] Method 'is_advsvc' is deprecated since 2023.2 release (neutron-lib 3.8.0) and will be removed once support for the old RBAC API policies will be removed from Neutron. Please use method 'is_service_role' instead.
2026-05-27 20:51:33.444 10 INFO neutron.api.wsgi [None req-5e2923ac-2e4f-496f-854f-8b2acf1b1d76 214047e2722a4b0b8810bb7f287c6e1f 18125a12c9f448a1a9be7df7610debab - - default default] 10.0.0.203 "PUT /v2.0/floatingips/37c301a8-ca97-4867-b478-87d4269f40cd HTTP/1.1" status: 200 len: 1050 time: 0.6787529
2026-05-27 20:51:33.611 9 INFO neutron.db.ovn_revision_numbers_db [req-80be4e31-ce4e-4334-9209-a7d3db7a03f3 req-4c254b80-7fd0-4908-9903-d8ef471ae1be e3107a1923d24722834d3f15eb8abab5 648eed71e8864f19b4f80e442a30f247 - - 9475e5ee510e48719cff67af03a81c01 9475e5ee510e48719cff67af03a81c01] Successfully bumped revision number for resource 96978fa2-9b24-40c3-b99d-55d97ae4b36d (type: ports) to 2
2026-05-27 20:51:33.685 10 WARNING neutron.scheduler.dhcp_agent_scheduler [None req-90184f96-1dc5-431b-ae0e-73d31fff302d 2afb8b4895154decab650af1c338c7e9 f6ca86e5f4ea4dc69734ca7ea90c0a26 - - default default] No more DHCP agents
2026-05-27 20:51:33.686 10 WARNING neutron.api.rpc.agentnotifiers.dhcp_rpc_agent_api [None req-90184f96-1dc5-431b-ae0e-73d31fff302d 2afb8b4895154decab650af1c338c7e9 f6ca86e5f4ea4dc69734ca7ea90c0a26 - - default default] Unable to schedule network f35a2ab9-b7df-4bce-a0bb-f397292c007b: no agents available; will retry on subsequent port and subnet creation events.
2026-05-27 20:51:33.790 9 INFO neutron.db.ovn_revision_numbers_db [req-80be4e31-ce4e-4334-9209-a7d3db7a03f3 req-4c254b80-7fd0-4908-9903-d8ef471ae1be e3107a1923d24722834d3f15eb8abab5 648eed71e8864f19b4f80e442a30f247 - - 9475e5ee510e48719cff67af03a81c01 9475e5ee510e48719cff67af03a81c01] Successfully bumped revision number for resource 96978fa2-9b24-40c3-b99d-55d97ae4b36d (type: ports) to 4
2026-05-27 20:51:33.807 9 INFO neutron.api.wsgi [req-80be4e31-ce4e-4334-9209-a7d3db7a03f3 req-4c254b80-7fd0-4908-9903-d8ef471ae1be e3107a1923d24722834d3f15eb8abab5 648eed71e8864f19b4f80e442a30f247 - - 9475e5ee510e48719cff67af03a81c01 9475e5ee510e48719cff67af03a81c01] 199.19.213.176 "PUT /v2.0/ports/96978fa2-9b24-40c3-b99d-55d97ae4b36d HTTP/1.1" status: 200 len: 1408 time: 0.5089869
2026-05-27 20:51:33.842 9 INFO neutron.notifiers.nova [-] Nova event matching ['req-129ad046-ea69-42c3-b009-21c594f25389'] response: {'name': 'network-changed', 'server_uuid': '210168c2-386d-49f8-94d3-be63785801ad', 'tag': '96978fa2-9b24-40c3-b99d-55d97ae4b36d', 'status': 'completed', 'code': 200}
2026-05-27 20:51:34.078 10 INFO neutron.db.ovn_revision_numbers_db [None req-f97cab5b-a1f4-4a82-876c-f5efeb9d08d7 fc367df31778448aa17158a4cc8163ac 14333cf1279c42fdadeb68f5ee570e6a - - default default] Successfully bumped revision number for resource 3a2db31b-92c5-48b4-bf84-36996724b5b7 (type: security_groups) to 1
2026-05-27 20:51:34.084 10 INFO neutron.db.ovn_revision_numbers_db [None req-79a406ee-aa91-4fa5-8e67-fd4813860137 - - - - - -] Successfully bumped revision number for resource 7a7c21b9-f818-4e87-8ffd-5f5eae6780ed (type: ports) to 2 /var/lib/openstack/lib/python3.12/site-packages/pycadf/identifier.py:71: UserWarning: Invalid uuid: neutron. To ensure interoperability, identifiers should be a valid uuid. warnings.warn(('Invalid uuid: %s. To ensure interoperability, '
2026-05-27 20:51:34.099 10 INFO neutron.db.ovn_revision_numbers_db [None req-f97cab5b-a1f4-4a82-876c-f5efeb9d08d7 fc367df31778448aa17158a4cc8163ac 14333cf1279c42fdadeb68f5ee570e6a - - default default] Successfully bumped revision number for resource 336d4e62-5125-420f-b4a5-25ac528ef2da (type: security_group_rules) to 0
2026-05-27 20:51:34.114 10 INFO neutron.db.ovn_revision_numbers_db [None req-f97cab5b-a1f4-4a82-876c-f5efeb9d08d7 fc367df31778448aa17158a4cc8163ac 14333cf1279c42fdadeb68f5ee570e6a - - default default] Successfully bumped revision number for resource 61ad5e8b-0c89-4628-8800-8e203582e5bd (type: security_group_rules) to 0
2026-05-27 20:51:34.119 10 INFO neutron.db.ovn_revision_numbers_db [None req-79a406ee-aa91-4fa5-8e67-fd4813860137 - - - - - -] Successfully bumped revision number for resource 6b98a4c4-88a8-4fc8-ad60-a4de39dc18ca (type: subnets) to 0
2026-05-27 20:51:34.126 10 INFO neutron.db.ovn_revision_numbers_db [None req-f97cab5b-a1f4-4a82-876c-f5efeb9d08d7 fc367df31778448aa17158a4cc8163ac 14333cf1279c42fdadeb68f5ee570e6a - - default default] Successfully bumped revision number for resource beffbcab-f258-433d-9a50-ce937050444b (type: security_group_rules) to 0
2026-05-27 20:51:34.139 10 INFO neutron.db.ovn_revision_numbers_db [None req-f97cab5b-a1f4-4a82-876c-f5efeb9d08d7 fc367df31778448aa17158a4cc8163ac 14333cf1279c42fdadeb68f5ee570e6a - - default default] Successfully bumped revision number for resource e977f153-cc16-486c-b349-4c9f3227632e (type: security_group_rules) to 0
2026-05-27 20:51:34.148 10 WARNING neutron.scheduler.dhcp_agent_scheduler [None req-90184f96-1dc5-431b-ae0e-73d31fff302d 2afb8b4895154decab650af1c338c7e9 f6ca86e5f4ea4dc69734ca7ea90c0a26 - - default default] No more DHCP agents
2026-05-27 20:51:34.150 10 WARNING neutron.api.rpc.agentnotifiers.dhcp_rpc_agent_api [None req-90184f96-1dc5-431b-ae0e-73d31fff302d 2afb8b4895154decab650af1c338c7e9 f6ca86e5f4ea4dc69734ca7ea90c0a26 - - default default] Unable to schedule network 477f5000-0697-4a29-a34b-5d6b6faadfba: no agents available; will retry on subsequent port and subnet creation events.
2026-05-27 20:51:34.165 9 INFO neutron.api.wsgi [req-11d148e7-577b-4d93-b69e-e324ee1b3585 req-1cab79da-3e31-4bf9-b97b-ad08f525c5ab 56ddbc36ebee46329dffd7177d05f69a 031fcc6cf8494bffad1f7852d3ab5be1 - - default default] 10.0.0.199 "GET /v2.0/ports?device_id=210168c2-386d-49f8-94d3-be63785801ad HTTP/1.1" status: 200 len: 1172 time: 0.0735624
2026-05-27 20:51:34.178 10 INFO neutron.api.wsgi [None req-f97cab5b-a1f4-4a82-876c-f5efeb9d08d7 fc367df31778448aa17158a4cc8163ac 14333cf1279c42fdadeb68f5ee570e6a - - default default] 10.0.0.203 "GET /v2.0/security-groups?tenant_id=e07c6891f1b640baa30a097e5882e816&name=default HTTP/1.1" status: 200 len: 3120 time: 0.4019251
2026-05-27 20:51:34.213 9 INFO neutron.api.wsgi [req-11d148e7-577b-4d93-b69e-e324ee1b3585 req-e6229815-cbcf-4790-84ba-3c0eb7596c54 56ddbc36ebee46329dffd7177d05f69a 031fcc6cf8494bffad1f7852d3ab5be1 - - default default] 10.0.0.199 "GET /v2.0/security-groups?id=834fa4cb-caaa-4b57-8cf0-3b776d5e69e7&fields=id&fields=name HTTP/1.1" status: 200 len: 286 time: 0.0424147
2026-05-27 20:51:34.380 9 INFO neutron.api.wsgi [req-ca37b014-792f-48ba-95e0-91ee17c0fc9f req-cd1e1b25-d9de-4a28-a1df-97946663fa4a e3107a1923d24722834d3f15eb8abab5 648eed71e8864f19b4f80e442a30f247 - - 9475e5ee510e48719cff67af03a81c01 9475e5ee510e48719cff67af03a81c01] 199.19.213.176 "GET /v2.0/ports?tenant_id=031fcc6cf8494bffad1f7852d3ab5be1&device_id=210168c2-386d-49f8-94d3-be63785801ad HTTP/1.1" status: 200 len: 1411 time: 0.0323994
2026-05-27 20:51:34.383 9 INFO neutron.api.wsgi [None req-b145278d-802e-4daf-80f1-8241d09c0bf1 fc367df31778448aa17158a4cc8163ac 14333cf1279c42fdadeb68f5ee570e6a - - default default] 10.0.0.203 "DELETE /v2.0/security-groups/3a2db31b-92c5-48b4-bf84-36996724b5b7 HTTP/1.1" status: 204 len: 168 time: 0.1981318
2026-05-27 20:51:34.425 9 INFO neutron.api.wsgi [req-ca37b014-792f-48ba-95e0-91ee17c0fc9f req-c38a94bc-2eb9-4b04-bb44-5f60c8455f34 e3107a1923d24722834d3f15eb8abab5 648eed71e8864f19b4f80e442a30f247 - - 9475e5ee510e48719cff67af03a81c01 9475e5ee510e48719cff67af03a81c01] 199.19.213.176 "GET /v2.0/networks?tenant_id=031fcc6cf8494bffad1f7852d3ab5be1&shared=False HTTP/1.1" status: 200 len: 970 time: 0.0403304
2026-05-27 20:51:34.472 9 INFO neutron.api.wsgi [req-ca37b014-792f-48ba-95e0-91ee17c0fc9f req-42052849-1403-4701-a815-198c79b1e640 e3107a1923d24722834d3f15eb8abab5 648eed71e8864f19b4f80e442a30f247 - - 9475e5ee510e48719cff67af03a81c01 9475e5ee510e48719cff67af03a81c01] 199.19.213.176 "GET /v2.0/networks?shared=True HTTP/1.1" status: 200 len: 952 time: 0.0413539
2026-05-27 20:51:34.511 9 INFO neutron.api.wsgi [None req-f1b55c51-761f-4695-bb65-a58b81babb60 fc367df31778448aa17158a4cc8163ac 14333cf1279c42fdadeb68f5ee570e6a - - default default] 10.0.0.203 "GET /v2.0/security-groups?tenant_id=c504bbf48c18444c90a252cb0e7e7633&name=default HTTP/1.1" status: 200 len: 3120 time: 0.0350289
2026-05-27 20:51:34.568 10 INFO neutron.db.ovn_revision_numbers_db [None req-1eecef84-5363-4cd9-ac8d-2bbad392036e - - - - - -] Successfully bumped revision number for resource 021e6b38-214b-4af3-91a0-7962a5cc386f (type: ports) to 2
2026-05-27 20:51:34.597 10 INFO neutron.db.ovn_revision_numbers_db [None req-1eecef84-5363-4cd9-ac8d-2bbad392036e - - - - - -] Successfully bumped revision number for resource 629bd9e0-a402-4a99-9b3e-bef6fbb3f016 (type: subnets) to 0
2026-05-27 20:51:34.615 10 INFO neutron.api.wsgi [None req-90184f96-1dc5-431b-ae0e-73d31fff302d 2afb8b4895154decab650af1c338c7e9 f6ca86e5f4ea4dc69734ca7ea90c0a26 - - default default] 10.0.0.203 "POST /v2.0/subnets HTTP/1.1" status: 201 len: 1473 time: 1.2214062
2026-05-27 20:51:34.649 10 INFO neutron.api.wsgi [None req-dbab45f9-c4ff-455a-8170-334384df7eee 2afb8b4895154decab650af1c338c7e9 f6ca86e5f4ea4dc69734ca7ea90c0a26 - - default default] 10.0.0.203 "GET /v2.0/subnets HTTP/1.1" status: 200 len: 2104 time: 0.0287185
2026-05-27 20:51:34.713 9 INFO neutron.api.wsgi [None req-8380daad-9958-4c22-9544-4a02d7153d8a fc367df31778448aa17158a4cc8163ac 14333cf1279c42fdadeb68f5ee570e6a - - default default] 10.0.0.203 "DELETE /v2.0/security-groups/789e2e8a-1c93-4477-8247-ca857281d619 HTTP/1.1" status: 204 len: 168 time: 0.1870773
2026-05-27 20:51:34.828 10 INFO neutron.api.wsgi [None req-0df357bb-ff2e-46db-9b0a-a2ac379a600b 2afb8b4895154decab650af1c338c7e9 f6ca86e5f4ea4dc69734ca7ea90c0a26 - - default default] 10.0.0.203 "DELETE /v2.0/subnets/6b98a4c4-88a8-4fc8-ad60-a4de39dc18ca HTTP/1.1" status: 204 len: 168 time: 0.1732066
2026-05-27 20:51:34.846 10 INFO neutron.notifiers.nova [-] Nova event matching ['req-aa8727f1-beef-4811-81a7-c6b46cb54c8a'] response: {'name': 'network-changed', 'server_uuid': 'ce31ec56-1241-4010-aa2c-8f9cd48c88f3', 'tag': 'c8614368-960a-4872-90a5-ac1a8969fb21', 'status': 'completed', 'code': 200}
2026-05-27 20:51:34.979 9 INFO neutron.db.ovn_revision_numbers_db [None req-5755d54a-759e-40bd-a13b-d10f23884268 fc367df31778448aa17158a4cc8163ac 14333cf1279c42fdadeb68f5ee570e6a - - default default] Successfully bumped revision number for resource bb1ab37e-a7e1-45f4-85ce-47704cae8f7b (type: security_groups) to 1
2026-05-27 20:51:34.995 9 INFO neutron.db.ovn_revision_numbers_db [None req-5755d54a-759e-40bd-a13b-d10f23884268 fc367df31778448aa17158a4cc8163ac 14333cf1279c42fdadeb68f5ee570e6a - - default default] Successfully bumped revision number for resource 422ff191-daa1-4e87-947e-eff3c11e46d8 (type: security_group_rules) to 0
2026-05-27 20:51:35.011 9 INFO neutron.db.ovn_revision_numbers_db [None req-5755d54a-759e-40bd-a13b-d10f23884268 fc367df31778448aa17158a4cc8163ac 14333cf1279c42fdadeb68f5ee570e6a - - default default] Successfully bumped revision number for resource 467cba8f-a6b8-424d-a6d8-7981fbc3b968 (type: security_group_rules) to 0
2026-05-27 20:51:35.012 10 INFO neutron.api.wsgi [None req-7f01415a-9c8e-463c-809e-9275d3261ab3 2afb8b4895154decab650af1c338c7e9 f6ca86e5f4ea4dc69734ca7ea90c0a26 - - default default] 10.0.0.203 "DELETE /v2.0/subnets/629bd9e0-a402-4a99-9b3e-bef6fbb3f016 HTTP/1.1" status: 204 len: 168 time: 0.1780963
2026-05-27 20:51:35.025 9 INFO neutron.db.ovn_revision_numbers_db [None req-5755d54a-759e-40bd-a13b-d10f23884268 fc367df31778448aa17158a4cc8163ac 14333cf1279c42fdadeb68f5ee570e6a - - default default] Successfully bumped revision number for resource a064baa8-a8a5-4b66-b0f1-10906efba419 (type: security_group_rules) to 0
2026-05-27 20:51:35.038 9 INFO neutron.db.ovn_revision_numbers_db [None req-5755d54a-759e-40bd-a13b-d10f23884268 fc367df31778448aa17158a4cc8163ac 14333cf1279c42fdadeb68f5ee570e6a - - default default] Successfully bumped revision number for resource f08cb856-cdb1-491c-a3b5-22cd6a01f676 (type: security_group_rules) to 0
2026-05-27 20:51:35.042 10 INFO neutron.api.wsgi [None req-3f67d8b5-ff33-4332-84fc-4d205f13310f 2afb8b4895154decab650af1c338c7e9 f6ca86e5f4ea4dc69734ca7ea90c0a26 - - default default] 10.0.0.203 "GET /v2.0/subnets HTTP/1.1" status: 200 len: 843 time: 0.0253119
2026-05-27 20:51:35.074 9 INFO neutron.api.wsgi [None req-5755d54a-759e-40bd-a13b-d10f23884268 fc367df31778448aa17158a4cc8163ac 14333cf1279c42fdadeb68f5ee570e6a - - default default] 10.0.0.203 "GET /v2.0/security-groups?tenant_id=5d495d6e509549c788b5c7734daa17c0&name=default HTTP/1.1" status: 200 len: 3120 time: 0.2164767
2026-05-27 20:51:35.245 9 INFO neutron.api.wsgi [None req-d369851c-87af-4cdd-9ba2-fcd4d72d0e45 fc367df31778448aa17158a4cc8163ac 14333cf1279c42fdadeb68f5ee570e6a - - default default] 10.0.0.203 "DELETE /v2.0/security-groups/bb1ab37e-a7e1-45f4-85ce-47704cae8f7b HTTP/1.1" status: 204 len: 168 time: 0.1658895
2026-05-27 20:51:35.302 9 INFO neutron.api.wsgi [req-4550d7e5-8075-4c11-a3e8-d67de376c2bf req-0d17d9d2-536d-40c2-bbdd-c5e9f31ab117 56ddbc36ebee46329dffd7177d05f69a 031fcc6cf8494bffad1f7852d3ab5be1 - - default default] 10.0.0.199 "GET /v2.0/ports?device_id=210168c2-386d-49f8-94d3-be63785801ad HTTP/1.1" status: 200 len: 1172 time: 0.0354600
2026-05-27 20:51:35.341 10 INFO neutron.services.segments.plugin [-] Segment 0635dff2-d92a-4cb9-80aa-c1811361984e resource provider aggregate not found
2026-05-27 20:51:35.344 9 INFO neutron.api.wsgi [req-4550d7e5-8075-4c11-a3e8-d67de376c2bf req-cc6a2a81-1421-4a17-9417-2bbcc738ea43 56ddbc36ebee46329dffd7177d05f69a 031fcc6cf8494bffad1f7852d3ab5be1 - - default default] 10.0.0.199 "GET /v2.0/security-groups?id=834fa4cb-caaa-4b57-8cf0-3b776d5e69e7&fields=id&fields=name HTTP/1.1" status: 200 len: 286 time: 0.0351267
2026-05-27 20:51:35.345 10 INFO neutron.services.segments.plugin [-] Segment 0635dff2-d92a-4cb9-80aa-c1811361984e resource provider aggregate not found
2026-05-27 20:51:35.358 10 INFO neutron.services.segments.plugin [-] Segment 0635dff2-d92a-4cb9-80aa-c1811361984e resource provider not found; error: Placement Client Error (4xx): {"errors": [{"status": 404, "title": "Not Found", "detail": "The resource could not be found.\n\n No resource provider with uuid 0635dff2-d92a-4cb9-80aa-c1811361984e found for delete ", "request_id": "req-fdb538eb-4b85-4c38-a5aa-0a466dfb2ff4"}]}
2026-05-27 20:51:35.366 10 INFO neutron.services.segments.plugin [-] Segment 0635dff2-d92a-4cb9-80aa-c1811361984e resource provider not found; error: Placement Client Error (4xx): {"errors": [{"status": 404, "title": "Not Found", "detail": "The resource could not be found.\n\n No resource provider with uuid 0635dff2-d92a-4cb9-80aa-c1811361984e found for delete ", "request_id": "req-752fa892-b16c-43ec-a601-bf4c0137a024"}]}
2026-05-27 20:51:35.390 9 INFO neutron.api.wsgi [req-98734368-3d30-44f2-b06e-c9cff6abdbef req-a2f57986-5064-484b-8870-94ba06a4f710 e3107a1923d24722834d3f15eb8abab5 648eed71e8864f19b4f80e442a30f247 - - 9475e5ee510e48719cff67af03a81c01 9475e5ee510e48719cff67af03a81c01] 199.19.213.176 "GET /v2.0/ports?tenant_id=18125a12c9f448a1a9be7df7610debab&device_id=ce31ec56-1241-4010-aa2c-8f9cd48c88f3 HTTP/1.1" status: 200 len: 1452 time: 0.0345218
2026-05-27 20:51:35.391 10 INFO neutron.api.wsgi [None req-c10420c1-3943-4398-a33d-e1ffc6405ea5 2afb8b4895154decab650af1c338c7e9 f6ca86e5f4ea4dc69734ca7ea90c0a26 - - default default] 10.0.0.203 "DELETE /v2.0/networks/477f5000-0697-4a29-a34b-5d6b6faadfba HTTP/1.1" status: 204 len: 168 time: 0.3429475
2026-05-27 20:51:35.428 9 INFO neutron.api.wsgi [req-98734368-3d30-44f2-b06e-c9cff6abdbef req-33bdc6e9-bfbd-4438-be01-d10e1a7493a8 e3107a1923d24722834d3f15eb8abab5 648eed71e8864f19b4f80e442a30f247 - - 9475e5ee510e48719cff67af03a81c01 9475e5ee510e48719cff67af03a81c01] 199.19.213.176 "GET /v2.0/networks?id=9e047839-f79f-47d0-8cc2-dfe4f98870d0 HTTP/1.1" status: 200 len: 970 time: 0.0335643
2026-05-27 20:51:35.465 9 INFO neutron.api.wsgi [req-98734368-3d30-44f2-b06e-c9cff6abdbef req-4d0153e2-0c5e-46a2-8a90-99699dc7fc04 e3107a1923d24722834d3f15eb8abab5 648eed71e8864f19b4f80e442a30f247 - - 9475e5ee510e48719cff67af03a81c01 9475e5ee510e48719cff67af03a81c01] 199.19.213.176 "GET /v2.0/floatingips?fixed_ip_address=10.100.0.11&port_id=c8614368-960a-4872-90a5-ac1a8969fb21 HTTP/1.1" status: 200 len: 1060 time: 0.0339775
2026-05-27 20:51:35.496 9 INFO neutron.api.wsgi [req-98734368-3d30-44f2-b06e-c9cff6abdbef req-81a71e9c-1e54-42d6-a06f-a1a021a5edb1 e3107a1923d24722834d3f15eb8abab5 648eed71e8864f19b4f80e442a30f247 - - 9475e5ee510e48719cff67af03a81c01 9475e5ee510e48719cff67af03a81c01] 199.19.213.176 "GET /v2.0/subnets?id=011cfb19-9543-49dd-bb80-5ae9571e84a5 HTTP/1.1" status: 200 len: 889 time: 0.0240085
2026-05-27 20:51:35.521 9 INFO neutron.api.wsgi [req-98734368-3d30-44f2-b06e-c9cff6abdbef req-4fcc30a9-9e6d-4244-ba9f-cf45abbc6b9b e3107a1923d24722834d3f15eb8abab5 648eed71e8864f19b4f80e442a30f247 - - 9475e5ee510e48719cff67af03a81c01 9475e5ee510e48719cff67af03a81c01] 199.19.213.176 "GET /v2.0/ports?network_id=9e047839-f79f-47d0-8cc2-dfe4f98870d0&device_owner=network%3Adhcp HTTP/1.1" status: 200 len: 210 time: 0.0208592
2026-05-27 20:51:35.530 10 INFO neutron.api.wsgi [req-80be4e31-ce4e-4334-9209-a7d3db7a03f3 req-75069ec3-6e10-4511-bce3-99a978dffdbb e3107a1923d24722834d3f15eb8abab5 648eed71e8864f19b4f80e442a30f247 - - 9475e5ee510e48719cff67af03a81c01 9475e5ee510e48719cff67af03a81c01] 199.19.213.176 "GET /v2.0/ports?tenant_id=031fcc6cf8494bffad1f7852d3ab5be1&device_id=210168c2-386d-49f8-94d3-be63785801ad HTTP/1.1" status: 200 len: 1411 time: 0.0443265
2026-05-27 20:51:35.555 10 INFO neutron.api.wsgi [req-80be4e31-ce4e-4334-9209-a7d3db7a03f3 req-e7448b77-1ba9-48f4-bc87-b7a324ba57a0 e3107a1923d24722834d3f15eb8abab5 648eed71e8864f19b4f80e442a30f247 - - 9475e5ee510e48719cff67af03a81c01 9475e5ee510e48719cff67af03a81c01] 199.19.213.176 "GET /v2.0/floatingips?fixed_ip_address=10.100.0.11&port_id=96978fa2-9b24-40c3-b99d-55d97ae4b36d HTTP/1.1" status: 200 len: 217 time: 0.0218272
2026-05-27 20:51:35.569 9 INFO neutron.api.wsgi [req-98734368-3d30-44f2-b06e-c9cff6abdbef req-b17a755f-0a7c-4921-b374-a4ca566622bf e3107a1923d24722834d3f15eb8abab5 648eed71e8864f19b4f80e442a30f247 - - 9475e5ee510e48719cff67af03a81c01 9475e5ee510e48719cff67af03a81c01] 199.19.213.176 "GET /v2.0/networks/9e047839-f79f-47d0-8cc2-dfe4f98870d0?fields=segments HTTP/1.1" status: 200 len: 212 time: 0.0421805
2026-05-27 20:51:35.605 10 INFO neutron.api.wsgi [req-80be4e31-ce4e-4334-9209-a7d3db7a03f3 req-e13116dd-b9fa-4364-b5d4-712592234de9 e3107a1923d24722834d3f15eb8abab5 648eed71e8864f19b4f80e442a30f247 - - 9475e5ee510e48719cff67af03a81c01 9475e5ee510e48719cff67af03a81c01] 199.19.213.176 "GET /v2.0/subnets?id=8de0d56a-c3f6-45c1-9ead-af7c19697f42 HTTP/1.1" status: 200 len: 889 time: 0.0394816
2026-05-27 20:51:35.607 9 INFO neutron.api.wsgi [req-98734368-3d30-44f2-b06e-c9cff6abdbef req-8ed1edbe-f169-464c-bcbc-7d93ed842f89 e3107a1923d24722834d3f15eb8abab5 648eed71e8864f19b4f80e442a30f247 - - 9475e5ee510e48719cff67af03a81c01 9475e5ee510e48719cff67af03a81c01] 199.19.213.176 "GET /v2.0/networks/9e047839-f79f-47d0-8cc2-dfe4f98870d0?fields=provider%3Aphysical_network&fields=provider%3Anetwork_type HTTP/1.1" status: 200 len: 277 time: 0.0349958
2026-05-27 20:51:35.633 10 INFO neutron.api.wsgi [req-80be4e31-ce4e-4334-9209-a7d3db7a03f3 req-6da71115-5cfa-4e4a-bdb6-7e111a7eb4cd e3107a1923d24722834d3f15eb8abab5 648eed71e8864f19b4f80e442a30f247 - - 9475e5ee510e48719cff67af03a81c01 9475e5ee510e48719cff67af03a81c01] 199.19.213.176 "GET /v2.0/ports?network_id=d96d4edb-f127-4ac3-8eb4-ff707f2c041f&device_owner=network%3Adhcp HTTP/1.1" status: 200 len: 210 time: 0.0184853
2026-05-27 20:51:35.683 10 INFO neutron.api.wsgi [req-80be4e31-ce4e-4334-9209-a7d3db7a03f3 req-6a347ce0-6001-4666-94d9-1b230862336c e3107a1923d24722834d3f15eb8abab5 648eed71e8864f19b4f80e442a30f247 - - 9475e5ee510e48719cff67af03a81c01 9475e5ee510e48719cff67af03a81c01] 199.19.213.176 "GET /v2.0/networks/d96d4edb-f127-4ac3-8eb4-ff707f2c041f?fields=segments HTTP/1.1" status: 200 len: 212 time: 0.0450506
2026-05-27 20:51:35.728 10 INFO neutron.api.wsgi [req-80be4e31-ce4e-4334-9209-a7d3db7a03f3 req-ed971ce5-e584-4e3a-bbcc-ff92d7d78269 e3107a1923d24722834d3f15eb8abab5 648eed71e8864f19b4f80e442a30f247 - - 9475e5ee510e48719cff67af03a81c01 9475e5ee510e48719cff67af03a81c01] 199.19.213.176 "GET /v2.0/networks/d96d4edb-f127-4ac3-8eb4-ff707f2c041f?fields=provider%3Aphysical_network&fields=provider%3Anetwork_type HTTP/1.1" status: 200 len: 277 time: 0.0407836
2026-05-27 20:51:35.807 10 INFO neutron.api.wsgi [None req-9945cac6-fd14-4778-9dd7-d6db3b50b163 2afb8b4895154decab650af1c338c7e9 f6ca86e5f4ea4dc69734ca7ea90c0a26 - - default default] 10.0.0.203 "DELETE /v2.0/networks/f35a2ab9-b7df-4bce-a0bb-f397292c007b HTTP/1.1" status: 204 len: 168 time: 0.4101484
2026-05-27 20:51:36.101 10 INFO neutron.api.wsgi [None req-c09a7cda-347d-4566-8029-e85d4a053835 2afb8b4895154decab650af1c338c7e9 f6ca86e5f4ea4dc69734ca7ea90c0a26 - - default default] 10.0.0.203 "DELETE /v2.0/networks/fce1e96b-efe1-4c4b-adbc-aa6fdc6495cd HTTP/1.1" status: 204 len: 168 time: 0.2894008
2026-05-27 20:51:36.441 10 INFO neutron.api.wsgi [None req-3ae96289-03c4-4cfe-b5bc-e1ee2be7c733 2afb8b4895154decab650af1c338c7e9 f6ca86e5f4ea4dc69734ca7ea90c0a26 - - default default] 10.0.0.203 "DELETE /v2.0/networks/a2e760d6-567f-419e-b15a-ecd4d00c4c38 HTTP/1.1" status: 204 len: 168 time: 0.3372626
2026-05-27 20:51:36.484 10 INFO neutron.api.wsgi [req-647f522d-0634-4fcf-9548-d1882451c70e req-77932123-02ad-4182-aeee-6a6666c6acb9 56ddbc36ebee46329dffd7177d05f69a 031fcc6cf8494bffad1f7852d3ab5be1 - - default default] 10.0.0.199 "GET /v2.0/ports?device_id=210168c2-386d-49f8-94d3-be63785801ad HTTP/1.1" status: 200 len: 1172 time: 0.0791600
2026-05-27 20:51:36.523 10 INFO neutron.api.wsgi [req-647f522d-0634-4fcf-9548-d1882451c70e req-8363dd1b-cbf3-4ed6-b55c-03ddfbb07370 56ddbc36ebee46329dffd7177d05f69a 031fcc6cf8494bffad1f7852d3ab5be1 - - default default] 10.0.0.199 "GET /v2.0/security-groups?id=834fa4cb-caaa-4b57-8cf0-3b776d5e69e7&fields=id&fields=name HTTP/1.1" status: 200 len: 286 time: 0.0285964
2026-05-27 20:51:37.338 9 INFO neutron.api.wsgi [None req-7896b2db-d1d3-4872-92b5-0ddb8b702070 fc367df31778448aa17158a4cc8163ac 14333cf1279c42fdadeb68f5ee570e6a - - default default] 10.0.0.203 "GET /v2.0/security-groups?tenant_id=f6ca86e5f4ea4dc69734ca7ea90c0a26&name=default HTTP/1.1" status: 200 len: 3120 time: 0.2032447
2026-05-27 20:51:37.380 10 INFO neutron.services.segments.plugin [-] Segment d1d985f2-1db7-4560-8c10-c7967945287c resource provider aggregate not found
2026-05-27 20:51:37.385 10 INFO neutron.services.segments.plugin [-] Segment d1d985f2-1db7-4560-8c10-c7967945287c resource provider aggregate not found
2026-05-27 20:51:37.394 10 INFO neutron.services.segments.plugin [-] Segment d1d985f2-1db7-4560-8c10-c7967945287c resource provider not found; error: Placement Client Error (4xx): {"errors": [{"status": 404, "title": "Not Found", "detail": "The resource could not be found.\n\n No resource provider with uuid d1d985f2-1db7-4560-8c10-c7967945287c found for delete ", "request_id": "req-d1172cd2-1c87-4cc9-b062-efa9def2cd04"}]}
2026-05-27 20:51:37.398 10 INFO neutron.services.segments.plugin [-] Segment d1d985f2-1db7-4560-8c10-c7967945287c resource provider not found; error: Placement Client Error (4xx): {"errors": [{"status": 404, "title": "Not Found", "detail": "The resource could not be found.\n\n No resource provider with uuid d1d985f2-1db7-4560-8c10-c7967945287c found for delete ", "request_id": "req-c29ec383-8bd5-4bff-a52d-cd9dfd228d4f"}]}
2026-05-27 20:51:37.408 10 INFO neutron.services.segments.plugin [-] Segment b7fc160d-f21c-4f46-a223-72a3cdfd4db4 resource provider aggregate not found
2026-05-27 20:51:37.410 10 INFO neutron.services.segments.plugin [-] Segment b7fc160d-f21c-4f46-a223-72a3cdfd4db4 resource provider aggregate not found
2026-05-27 20:51:37.420 10 INFO neutron.services.segments.plugin [-] Segment b7fc160d-f21c-4f46-a223-72a3cdfd4db4 resource provider not found; error: Placement Client Error (4xx): {"errors": [{"status": 404, "title": "Not Found", "detail": "The resource could not be found.\n\n No resource provider with uuid b7fc160d-f21c-4f46-a223-72a3cdfd4db4 found for delete ", "request_id": "req-59c19b6e-48ed-4f23-9351-4bda119fe1c7"}]}
2026-05-27 20:51:37.423 10 INFO neutron.services.segments.plugin [-] Segment b7fc160d-f21c-4f46-a223-72a3cdfd4db4 resource provider not found; error: Placement Client Error (4xx): {"errors": [{"status": 404, "title": "Not Found", "detail": "The resource could not be found.\n\n No resource provider with uuid b7fc160d-f21c-4f46-a223-72a3cdfd4db4 found for delete ", "request_id": "req-7951e0f2-2918-4d1c-bac1-155ca047ad7e"}]}
2026-05-27 20:51:37.441 10 INFO neutron.services.segments.plugin [-] Segment 237dc3ef-c2f1-4454-ac7c-5a5e8521cd12 resource provider aggregate not found
2026-05-27 20:51:37.445 10 INFO neutron.services.segments.plugin [-] Segment 237dc3ef-c2f1-4454-ac7c-5a5e8521cd12 resource provider aggregate not found
2026-05-27 20:51:37.455 10 INFO neutron.services.segments.plugin [-] Segment 237dc3ef-c2f1-4454-ac7c-5a5e8521cd12 resource provider not found; error: Placement Client Error (4xx): {"errors": [{"status": 404, "title": "Not Found", "detail": "The resource could not be found.\n\n No resource provider with uuid 237dc3ef-c2f1-4454-ac7c-5a5e8521cd12 found for delete ", "request_id": "req-3abecc2a-7ea4-4cfa-acac-4887676ed9be"}]}
2026-05-27 20:51:37.457 10 INFO neutron.services.segments.plugin [-] Segment 237dc3ef-c2f1-4454-ac7c-5a5e8521cd12 resource provider not found; error: Placement Client Error (4xx): {"errors": [{"status": 404, "title": "Not Found", "detail": "The resource could not be found.\n\n No resource provider with uuid 237dc3ef-c2f1-4454-ac7c-5a5e8521cd12 found for delete ", "request_id": "req-b8f6092c-96e8-434d-b0ef-43afbcb2a651"}]}
2026-05-27 20:51:37.557 9 INFO neutron.api.wsgi [None req-a822bef7-4cdb-4003-9189-6030b08493e1 fc367df31778448aa17158a4cc8163ac 14333cf1279c42fdadeb68f5ee570e6a - - default default] 10.0.0.203 "DELETE /v2.0/security-groups/c6bef3bc-5b98-4204-8548-00a6058d6f2b HTTP/1.1" status: 204 len: 168 time: 0.2141943
2026-05-27 20:51:37.616 9 INFO neutron.api.wsgi [req-8ab61d26-eb1d-44f6-9b0d-5934ac49020c req-2278a7e3-d1d8-4b7f-be08-d7829e8567ea 56ddbc36ebee46329dffd7177d05f69a 031fcc6cf8494bffad1f7852d3ab5be1 - - default default] 10.0.0.199 "GET /v2.0/ports?device_id=210168c2-386d-49f8-94d3-be63785801ad HTTP/1.1" status: 200 len: 1172 time: 0.0362926
2026-05-27 20:51:37.656 9 INFO neutron.api.wsgi [req-8ab61d26-eb1d-44f6-9b0d-5934ac49020c req-1db5c9c2-962a-4bf3-a3ba-9c507328593b 56ddbc36ebee46329dffd7177d05f69a 031fcc6cf8494bffad1f7852d3ab5be1 - - default default] 10.0.0.199 "GET /v2.0/security-groups?id=834fa4cb-caaa-4b57-8cf0-3b776d5e69e7&fields=id&fields=name HTTP/1.1" status: 200 len: 286 time: 0.0345294
2026-05-27 20:51:37.894 9 INFO neutron.plugins.ml2.drivers.ovn.mech_driver.mech_driver [None req-f3c101d6-6b75-466c-a859-b4418db793a1 - - - - - -] OVN reports status up for port: 96978fa2-9b24-40c3-b99d-55d97ae4b36d
2026-05-27 20:51:37.911 9 INFO neutron.plugins.ml2.plugin [None req-f3c101d6-6b75-466c-a859-b4418db793a1 - - - - - -] Attempt 1 to provision port 96978fa2-9b24-40c3-b99d-55d97ae4b36d
2026-05-27 20:51:38.078 9 INFO neutron.notifiers.nova [-] Nova event matching ['req-b8be5594-64ea-4933-b355-5ea1fdbc0726'] response: {'server_uuid': '210168c2-386d-49f8-94d3-be63785801ad', 'name': 'network-vif-plugged', 'status': 'completed', 'tag': '96978fa2-9b24-40c3-b99d-55d97ae4b36d', 'code': 200}
2026-05-27 20:51:38.190 9 INFO neutron.db.ovn_revision_numbers_db [None req-f3c101d6-6b75-466c-a859-b4418db793a1 - - - - - -] Successfully bumped revision number for resource 96978fa2-9b24-40c3-b99d-55d97ae4b36d (type: ports) to 5 /var/lib/openstack/lib/python3.12/site-packages/pycadf/identifier.py:71: UserWarning: Invalid uuid: neutron. To ensure interoperability, identifiers should be a valid uuid. warnings.warn(('Invalid uuid: %s. To ensure interoperability, '
2026-05-27 20:51:38.756 9 INFO neutron.api.wsgi [req-27c84dab-5137-4e81-8205-f67e1ea88cf7 req-151ca01b-1ece-412c-921a-bef5340c56b6 56ddbc36ebee46329dffd7177d05f69a 031fcc6cf8494bffad1f7852d3ab5be1 - - default default] 10.0.0.199 "GET /v2.0/ports?device_id=210168c2-386d-49f8-94d3-be63785801ad HTTP/1.1" status: 200 len: 1174 time: 0.0357962
2026-05-27 20:51:38.794 9 INFO neutron.api.wsgi [req-27c84dab-5137-4e81-8205-f67e1ea88cf7 req-86e06546-685f-4134-b790-aa8a28efd1d3 56ddbc36ebee46329dffd7177d05f69a 031fcc6cf8494bffad1f7852d3ab5be1 - - default default] 10.0.0.199 "GET /v2.0/security-groups?id=834fa4cb-caaa-4b57-8cf0-3b776d5e69e7&fields=id&fields=name HTTP/1.1" status: 200 len: 286 time: 0.0332656
2026-05-27 20:51:39.411 9 WARNING neutron_lib.context [None req-da251124-61dc-4433-b3d8-5071ac64920d dc21c443e29a44dba511311599eaefeb 83c838aee5124c8ab55b61cfcb3f726f - - default default] Method 'is_advsvc' is deprecated since 2023.2 release (neutron-lib 3.8.0) and will be removed once support for the old RBAC API policies will be removed from Neutron. Please use method 'is_service_role' instead.
2026-05-27 20:51:39.437 9 WARNING neutron_lib.context [None req-ba52c551-f75d-4482-b054-978ff51b498b cabb3db70db240b7b6fc33f123ac7c39 c095e32bb68d4f4c887ebabd3781225d - - default default] Method 'is_advsvc' is deprecated since 2023.2 release (neutron-lib 3.8.0) and will be removed once support for the old RBAC API policies will be removed from Neutron. Please use method 'is_service_role' instead.
2026-05-27 20:51:39.585 9 INFO neutron.db.ovn_revision_numbers_db [None req-da251124-61dc-4433-b3d8-5071ac64920d dc21c443e29a44dba511311599eaefeb 83c838aee5124c8ab55b61cfcb3f726f - - default default] Successfully bumped revision number for resource eefce859-299e-4b39-91a2-664942d2f1b9 (type: security_groups) to 1
2026-05-27 20:51:39.605 9 INFO neutron.db.ovn_revision_numbers_db [None req-da251124-61dc-4433-b3d8-5071ac64920d dc21c443e29a44dba511311599eaefeb 83c838aee5124c8ab55b61cfcb3f726f - - default default] Successfully bumped revision number for resource 04f5519f-4673-4030-9f81-e0e14c5105f4 (type: security_group_rules) to 0
2026-05-27 20:51:39.607 9 INFO neutron.db.ovn_revision_numbers_db [None req-ba52c551-f75d-4482-b054-978ff51b498b cabb3db70db240b7b6fc33f123ac7c39 c095e32bb68d4f4c887ebabd3781225d - - default default] Successfully bumped revision number for resource 01b51e5a-79d3-4a14-b24a-785a73b5fc9d (type: security_groups) to 1
2026-05-27 20:51:39.618 9 INFO neutron.db.ovn_revision_numbers_db [None req-da251124-61dc-4433-b3d8-5071ac64920d dc21c443e29a44dba511311599eaefeb 83c838aee5124c8ab55b61cfcb3f726f - - default default] Successfully bumped revision number for resource 6aa3a9c5-5d3a-4123-b72f-4e6910cefc98 (type: security_group_rules) to 0
2026-05-27 20:51:39.623 9 INFO neutron.db.ovn_revision_numbers_db [None req-ba52c551-f75d-4482-b054-978ff51b498b cabb3db70db240b7b6fc33f123ac7c39 c095e32bb68d4f4c887ebabd3781225d - - default default] Successfully bumped revision number for resource 35cf5f8d-e140-4d6e-a3c2-20f9030101c7 (type: security_group_rules) to 0
2026-05-27 20:51:39.629 9 INFO neutron.db.ovn_revision_numbers_db [None req-da251124-61dc-4433-b3d8-5071ac64920d dc21c443e29a44dba511311599eaefeb 83c838aee5124c8ab55b61cfcb3f726f - - default default] Successfully bumped revision number for resource 6b4381be-5dd1-4fe0-b55b-743209a489f2 (type: security_group_rules) to 0
2026-05-27 20:51:39.637 9 INFO neutron.db.ovn_revision_numbers_db [None req-ba52c551-f75d-4482-b054-978ff51b498b cabb3db70db240b7b6fc33f123ac7c39 c095e32bb68d4f4c887ebabd3781225d - - default default] Successfully bumped revision number for resource 8fd0bcea-5c51-4124-b40f-58022c8bfcaf (type: security_group_rules) to 0
2026-05-27 20:51:39.643 9 INFO neutron.db.ovn_revision_numbers_db [None req-da251124-61dc-4433-b3d8-5071ac64920d dc21c443e29a44dba511311599eaefeb 83c838aee5124c8ab55b61cfcb3f726f - - default default] Successfully bumped revision number for resource e5c777d7-a8d0-492f-b189-d2ad4b3ee559 (type: security_group_rules) to 0
2026-05-27 20:51:39.651 9 INFO neutron.db.ovn_revision_numbers_db [None req-ba52c551-f75d-4482-b054-978ff51b498b cabb3db70db240b7b6fc33f123ac7c39 c095e32bb68d4f4c887ebabd3781225d - - default default] Successfully bumped revision number for resource af85c774-d6c8-40e6-b605-093a9d53d080 (type: security_group_rules) to 0
2026-05-27 20:51:39.667 9 INFO neutron.db.ovn_revision_numbers_db [None req-ba52c551-f75d-4482-b054-978ff51b498b cabb3db70db240b7b6fc33f123ac7c39 c095e32bb68d4f4c887ebabd3781225d - - default default] Successfully bumped revision number for resource c81c32e2-03bd-4f7c-b57c-d9353c050f92 (type: security_group_rules) to 0
2026-05-27 20:51:39.723 9 INFO neutron.db.segments_db [None req-da251124-61dc-4433-b3d8-5071ac64920d dc21c443e29a44dba511311599eaefeb 83c838aee5124c8ab55b61cfcb3f726f - - default default] Added segment 0bf25ce1-a739-4056-8ac5-0b04c3acbc34 of type geneve for network cbd6e758-3cd0-4ca1-a866-386a4b1d08c9
2026-05-27 20:51:39.727 9 INFO neutron.db.segments_db [None req-ba52c551-f75d-4482-b054-978ff51b498b cabb3db70db240b7b6fc33f123ac7c39 c095e32bb68d4f4c887ebabd3781225d - - default default] Added segment 6dc136c0-e85c-4a01-9bc7-5acc12489e2d of type geneve for network 79ca10c3-1b72-4c19-8be4-5971638f8898
2026-05-27 20:51:39.850 9 INFO neutron.db.ovn_revision_numbers_db [None req-da251124-61dc-4433-b3d8-5071ac64920d dc21c443e29a44dba511311599eaefeb 83c838aee5124c8ab55b61cfcb3f726f - - default default] Successfully bumped revision number for resource cbd6e758-3cd0-4ca1-a866-386a4b1d08c9 (type: networks) to 1
2026-05-27 20:51:39.858 9 INFO neutron.db.ovn_revision_numbers_db [None req-ba52c551-f75d-4482-b054-978ff51b498b cabb3db70db240b7b6fc33f123ac7c39 c095e32bb68d4f4c887ebabd3781225d - - default default] Successfully bumped revision number for resource 79ca10c3-1b72-4c19-8be4-5971638f8898 (type: networks) to 1
2026-05-27 20:51:39.898 10 INFO neutron.api.wsgi [req-de45f831-b728-4447-8661-8bc7bf19dbeb req-3f8d4180-6286-4909-81c0-702200473953 56ddbc36ebee46329dffd7177d05f69a 031fcc6cf8494bffad1f7852d3ab5be1 - - default default] 10.0.0.199 "GET /v2.0/ports?device_id=210168c2-386d-49f8-94d3-be63785801ad HTTP/1.1" status: 200 len: 1174 time: 0.0415356
2026-05-27 20:51:39.938 10 INFO neutron.api.wsgi [req-de45f831-b728-4447-8661-8bc7bf19dbeb req-a8a7c084-7888-4c6a-9fd0-27a3a513e697 56ddbc36ebee46329dffd7177d05f69a 031fcc6cf8494bffad1f7852d3ab5be1 - - default default] 10.0.0.199 "GET /v2.0/security-groups?id=834fa4cb-caaa-4b57-8cf0-3b776d5e69e7&fields=id&fields=name HTTP/1.1" status: 200 len: 286 time: 0.0350108
2026-05-27 20:51:40.036 9 WARNING neutron.scheduler.dhcp_agent_scheduler [None req-ba52c551-f75d-4482-b054-978ff51b498b cabb3db70db240b7b6fc33f123ac7c39 c095e32bb68d4f4c887ebabd3781225d - - default default] No more DHCP agents
2026-05-27 20:51:40.037 9 WARNING neutron.api.rpc.agentnotifiers.dhcp_rpc_agent_api [None req-ba52c551-f75d-4482-b054-978ff51b498b cabb3db70db240b7b6fc33f123ac7c39 c095e32bb68d4f4c887ebabd3781225d - - default default] Unable to schedule network 79ca10c3-1b72-4c19-8be4-5971638f8898: no agents available; will retry on subsequent port and subnet creation events.
2026-05-27 20:51:40.039 9 WARNING neutron.scheduler.dhcp_agent_scheduler [None req-da251124-61dc-4433-b3d8-5071ac64920d dc21c443e29a44dba511311599eaefeb 83c838aee5124c8ab55b61cfcb3f726f - - default default] No more DHCP agents
2026-05-27 20:51:40.040 9 WARNING neutron.api.rpc.agentnotifiers.dhcp_rpc_agent_api [None req-da251124-61dc-4433-b3d8-5071ac64920d dc21c443e29a44dba511311599eaefeb 83c838aee5124c8ab55b61cfcb3f726f - - default default] Unable to schedule network cbd6e758-3cd0-4ca1-a866-386a4b1d08c9: no agents available; will retry on subsequent port and subnet creation events.
2026-05-27 20:51:40.111 9 INFO neutron.notifiers.nova [-] Nova event matching ['req-15650e72-1bcb-465e-9bc6-bb115d657136'] response: {'server_uuid': '210168c2-386d-49f8-94d3-be63785801ad', 'name': 'network-vif-plugged', 'status': 'completed', 'tag': '96978fa2-9b24-40c3-b99d-55d97ae4b36d', 'code': 200}
2026-05-27 20:51:40.117 9 INFO neutron.db.ovn_revision_numbers_db [None req-da251124-61dc-4433-b3d8-5071ac64920d dc21c443e29a44dba511311599eaefeb 83c838aee5124c8ab55b61cfcb3f726f - - default default] Successfully bumped revision number for resource 9f9b07d4-cc9e-4893-b4a7-e2c998abfe2b (type: ports) to 1
2026-05-27 20:51:40.119 9 INFO neutron.db.ovn_revision_numbers_db [None req-ba52c551-f75d-4482-b054-978ff51b498b cabb3db70db240b7b6fc33f123ac7c39 c095e32bb68d4f4c887ebabd3781225d - - default default] Successfully bumped revision number for resource 4c6409a1-08d0-4399-80c2-c106099cb1d5 (type: ports) to 1
2026-05-27 20:51:40.142 9 INFO neutron.api.wsgi [None req-da251124-61dc-4433-b3d8-5071ac64920d dc21c443e29a44dba511311599eaefeb 83c838aee5124c8ab55b61cfcb3f726f - - default default] 10.0.0.203 "POST /v2.0/networks HTTP/1.1" status: 201 len: 832 time: 0.8687487
2026-05-27 20:51:40.145 9 INFO neutron.api.wsgi [None req-ba52c551-f75d-4482-b054-978ff51b498b cabb3db70db240b7b6fc33f123ac7c39 c095e32bb68d4f4c887ebabd3781225d - - default default] 10.0.0.203 "POST /v2.0/networks HTTP/1.1" status: 201 len: 829 time: 0.7482512
2026-05-27 20:51:40.151 9 WARNING neutron_lib.context [None req-e3791383-fe9c-42d9-934b-318eb2c04bef dc21c443e29a44dba511311599eaefeb 83c838aee5124c8ab55b61cfcb3f726f - - default default] Method 'is_advsvc' is deprecated since 2023.2 release (neutron-lib 3.8.0) and will be removed once support for the old RBAC API policies will be removed from Neutron. Please use method 'is_service_role' instead.
