2026-05-27 20:53:08.495 10 WARNING neutron.plugins.ml2.drivers.ovn.mech_driver.ovsdb.ovn_client [None req-fae01783-66d8-40fb-ab3a-528612a46624 - - - - - -] No hosting information found for port 390058fb-e8b4-4c20-9092-bba674267ded: RuntimeError: No hosting information found for port 390058fb-e8b4-4c20-9092-bba674267ded
2026-05-27 20:53:08.501 10 INFO neutron.api.wsgi [req-ffc66029-e50e-4e65-878d-e09e640f35f7 req-169df75f-7409-476f-9eba-b4443fe4baa8 e3107a1923d24722834d3f15eb8abab5 648eed71e8864f19b4f80e442a30f247 - - 9475e5ee510e48719cff67af03a81c01 9475e5ee510e48719cff67af03a81c01] 199.19.213.176 "GET /v2.0/networks?tenant_id=9740f37a19ae4de7a7ca078d646215f9&shared=False HTTP/1.1" status: 200 len: 958 time: 0.0428808
2026-05-27 20:53:08.515 9 INFO neutron.api.wsgi [req-4377ec52-73d1-4e16-9b28-2110b95cd78b req-bbb49e55-ef7f-4600-a140-5c12e73d71da 886bc37fc755432294e5000be89897c9 10caca0d0930486cba03b81670ce637c - - default default] 10.0.0.199 "GET /v2.0/security-groups?name=tempest-lb_member_SG-1186870392&fields=id&tenant_id=10caca0d0930486cba03b81670ce637c HTTP/1.1" status: 200 len: 267 time: 0.0323849
2026-05-27 20:53:08.545 10 INFO neutron.api.wsgi [req-ffc66029-e50e-4e65-878d-e09e640f35f7 req-4864141b-dd25-4958-a652-74f3b54aa803 e3107a1923d24722834d3f15eb8abab5 648eed71e8864f19b4f80e442a30f247 - - 9475e5ee510e48719cff67af03a81c01 9475e5ee510e48719cff67af03a81c01] 199.19.213.176 "GET /v2.0/networks?shared=True HTTP/1.1" status: 200 len: 952 time: 0.0387187
2026-05-27 20:53:08.568 10 INFO neutron.db.ovn_revision_numbers_db [None req-fae01783-66d8-40fb-ab3a-528612a46624 - - - - - -] Successfully bumped revision number for resource 390058fb-e8b4-4c20-9092-bba674267ded (type: router_ports) to 2
2026-05-27 20:53:08.574 9 INFO neutron.api.wsgi [req-4377ec52-73d1-4e16-9b28-2110b95cd78b req-41037193-e072-46f7-819b-43ec0950bcf3 886bc37fc755432294e5000be89897c9 10caca0d0930486cba03b81670ce637c - - default default] 10.0.0.199 "GET /v2.0/networks?id=9c2ebe81-7fb0-4a3b-993a-f86789e136a0 HTTP/1.1" status: 200 len: 904 time: 0.0515864
2026-05-27 20:53:08.591 9 INFO neutron.api.wsgi [req-4377ec52-73d1-4e16-9b28-2110b95cd78b req-bff36b71-4fa7-4e40-a4a5-fa38c58ef8f3 886bc37fc755432294e5000be89897c9 10caca0d0930486cba03b81670ce637c - - default default] 10.0.0.199 "GET /v2.0/quotas/10caca0d0930486cba03b81670ce637c HTTP/1.1" status: 200 len: 491 time: 0.0098596
2026-05-27 20:53:08.742 9 INFO neutron.api.wsgi [req-4377ec52-73d1-4e16-9b28-2110b95cd78b req-1411ec1e-95b2-4450-9da8-af33c0aa0463 886bc37fc755432294e5000be89897c9 10caca0d0930486cba03b81670ce637c - - default default] 10.0.0.199 "GET /v2.0/ports?tenant_id=10caca0d0930486cba03b81670ce637c&fields=id HTTP/1.1" status: 200 len: 486 time: 0.1449237
2026-05-27 20:53:08.792 9 WARNING neutron.plugins.ml2.drivers.ovn.mech_driver.ovsdb.ovn_client [None req-de971e40-adb4-41ed-8306-d67d8e7ced3c - - - - - -] No hosting information found for port dbc7b739-49d0-4108-9e79-bd35cb1538c9: RuntimeError: No hosting information found for port dbc7b739-49d0-4108-9e79-bd35cb1538c9
2026-05-27 20:53:08.816 9 INFO neutron.api.wsgi [req-4377ec52-73d1-4e16-9b28-2110b95cd78b req-06648f6a-0eeb-48bc-8bf4-9f83da079c07 e3107a1923d24722834d3f15eb8abab5 648eed71e8864f19b4f80e442a30f247 - - 9475e5ee510e48719cff67af03a81c01 9475e5ee510e48719cff67af03a81c01] 10.0.0.199 "GET /v2.0/networks/9c2ebe81-7fb0-4a3b-993a-f86789e136a0?fields=segments HTTP/1.1" status: 200 len: 212 time: 0.0604007
2026-05-27 20:53:08.877 9 INFO neutron.api.wsgi [req-4377ec52-73d1-4e16-9b28-2110b95cd78b req-13955627-eb83-42a4-8b24-345520250672 e3107a1923d24722834d3f15eb8abab5 648eed71e8864f19b4f80e442a30f247 - - 9475e5ee510e48719cff67af03a81c01 9475e5ee510e48719cff67af03a81c01] 10.0.0.199 "GET /v2.0/networks/9c2ebe81-7fb0-4a3b-993a-f86789e136a0?fields=provider%3Aphysical_network&fields=provider%3Anetwork_type HTTP/1.1" status: 200 len: 277 time: 0.0529597
2026-05-27 20:53:08.884 9 INFO neutron.db.ovn_revision_numbers_db [None req-de971e40-adb4-41ed-8306-d67d8e7ced3c - - - - - -] Successfully bumped revision number for resource dbc7b739-49d0-4108-9e79-bd35cb1538c9 (type: router_ports) to 2
2026-05-27 20:53:08.884 9 INFO neutron.plugins.ml2.drivers.ovn.mech_driver.mech_driver [None req-de971e40-adb4-41ed-8306-d67d8e7ced3c - - - - - -] OVN reports status up for port: e23bf6cd-c21a-497d-9806-435580430515
2026-05-27 20:53:08.891 9 INFO neutron.plugins.ml2.plugin [None req-de971e40-adb4-41ed-8306-d67d8e7ced3c - - - - - -] Attempt 1 to provision port e23bf6cd-c21a-497d-9806-435580430515
2026-05-27 20:53:08.988 10 INFO neutron.api.wsgi [req-416eaa42-fa0b-4109-8c07-dc8ab0192484 req-bf608546-08c0-4727-aec3-4a0c03792b16 886bc37fc755432294e5000be89897c9 10caca0d0930486cba03b81670ce637c - - default default] 10.0.0.199 "GET /v2.0/ports?device_id=65da7b22-1cbc-442b-b075-6464f9a1f413 HTTP/1.1" status: 200 len: 210 time: 0.0182602
2026-05-27 20:53:09.073 9 INFO neutron.api.wsgi [req-bc26143d-3b8b-4faf-b0a8-f3c98de8dbff req-d78ab905-9522-408c-89c8-57034f4e93ee 4de2e95c14e2428a9f26a6f8dd3e165b 9740f37a19ae4de7a7ca078d646215f9 - - default default] 10.0.0.199 "GET /v2.0/ports?device_id=f11e0d7f-04fe-4d47-b3f9-b3ac52ae8a00 HTTP/1.1" status: 200 len: 1172 time: 0.0739295
2026-05-27 20:53:09.118 9 INFO neutron.api.wsgi [req-bc26143d-3b8b-4faf-b0a8-f3c98de8dbff req-4dba651e-ed79-4e73-a553-887dcbb312b4 4de2e95c14e2428a9f26a6f8dd3e165b 9740f37a19ae4de7a7ca078d646215f9 - - default default] 10.0.0.199 "GET /v2.0/security-groups?id=b39aca66-60f2-4317-8138-58f0607d39e2&fields=id&fields=name HTTP/1.1" status: 200 len: 312 time: 0.0363834
2026-05-27 20:53:09.299 9 INFO neutron.db.ovn_revision_numbers_db [None req-de971e40-adb4-41ed-8306-d67d8e7ced3c - - - - - -] Successfully bumped revision number for resource e23bf6cd-c21a-497d-9806-435580430515 (type: ports) to 2
2026-05-27 20:53:09.590 10 INFO neutron.api.wsgi [req-e56d66ea-4396-4bc7-b710-c13a0d95f891 req-cf53f6c3-5c30-494c-a611-3af0eb97646d e3107a1923d24722834d3f15eb8abab5 648eed71e8864f19b4f80e442a30f247 - - 9475e5ee510e48719cff67af03a81c01 9475e5ee510e48719cff67af03a81c01] 199.19.213.176 "GET /v2.0/ports?tenant_id=9740f37a19ae4de7a7ca078d646215f9&device_id=f11e0d7f-04fe-4d47-b3f9-b3ac52ae8a00 HTTP/1.1" status: 200 len: 1411 time: 0.0306692
2026-05-27 20:53:09.616 10 INFO neutron.api.wsgi [req-e56d66ea-4396-4bc7-b710-c13a0d95f891 req-3d351fd3-5cab-4187-97b8-b8761c93db3a e3107a1923d24722834d3f15eb8abab5 648eed71e8864f19b4f80e442a30f247 - - 9475e5ee510e48719cff67af03a81c01 9475e5ee510e48719cff67af03a81c01] 199.19.213.176 "GET /v2.0/floatingips?fixed_ip_address=10.100.0.10&port_id=212d1857-896f-4610-ae68-834740635cd6 HTTP/1.1" status: 200 len: 217 time: 0.0192327
2026-05-27 20:53:09.651 10 INFO neutron.api.wsgi [req-e56d66ea-4396-4bc7-b710-c13a0d95f891 req-a1316490-cf83-4698-b9ec-11e0aaf8fc7b e3107a1923d24722834d3f15eb8abab5 648eed71e8864f19b4f80e442a30f247 - - 9475e5ee510e48719cff67af03a81c01 9475e5ee510e48719cff67af03a81c01] 199.19.213.176 "GET /v2.0/subnets?id=8427a76c-4ac3-4db7-9f6e-bb3becc18ad4 HTTP/1.1" status: 200 len: 877 time: 0.0243695
2026-05-27 20:53:09.677 10 INFO neutron.api.wsgi [req-e56d66ea-4396-4bc7-b710-c13a0d95f891 req-0636d4e6-c945-4730-9ba1-2e3f7a9dadee e3107a1923d24722834d3f15eb8abab5 648eed71e8864f19b4f80e442a30f247 - - 9475e5ee510e48719cff67af03a81c01 9475e5ee510e48719cff67af03a81c01] 199.19.213.176 "GET /v2.0/ports?network_id=0f5ef4d3-fa75-4bde-b189-ccebf0b3f874&device_owner=network%3Adhcp HTTP/1.1" status: 200 len: 210 time: 0.0178111
2026-05-27 20:53:09.727 10 INFO neutron.api.wsgi [req-e56d66ea-4396-4bc7-b710-c13a0d95f891 req-c8668acf-0503-427e-bc7a-8186c9e93b15 e3107a1923d24722834d3f15eb8abab5 648eed71e8864f19b4f80e442a30f247 - - 9475e5ee510e48719cff67af03a81c01 9475e5ee510e48719cff67af03a81c01] 199.19.213.176 "GET /v2.0/networks/0f5ef4d3-fa75-4bde-b189-ccebf0b3f874?fields=segments HTTP/1.1" status: 200 len: 212 time: 0.0414069
2026-05-27 20:53:09.779 10 INFO neutron.api.wsgi [req-e56d66ea-4396-4bc7-b710-c13a0d95f891 req-6b7eb7b1-1caa-48cf-9ed4-77bc89502b49 e3107a1923d24722834d3f15eb8abab5 648eed71e8864f19b4f80e442a30f247 - - 9475e5ee510e48719cff67af03a81c01 9475e5ee510e48719cff67af03a81c01] 199.19.213.176 "GET /v2.0/networks/0f5ef4d3-fa75-4bde-b189-ccebf0b3f874?fields=provider%3Aphysical_network&fields=provider%3Anetwork_type HTTP/1.1" status: 200 len: 277 time: 0.0442374
2026-05-27 20:53:10.217 10 INFO neutron.api.wsgi [req-ee25178d-eb85-4667-81c4-5058174a8f94 req-e191c1c8-0a5c-4922-baa5-0e4f64c933a2 4de2e95c14e2428a9f26a6f8dd3e165b 9740f37a19ae4de7a7ca078d646215f9 - - default default] 10.0.0.199 "GET /v2.0/ports?device_id=f11e0d7f-04fe-4d47-b3f9-b3ac52ae8a00 HTTP/1.1" status: 200 len: 1172 time: 0.0403814
2026-05-27 20:53:10.253 10 INFO neutron.api.wsgi [req-ee25178d-eb85-4667-81c4-5058174a8f94 req-c0498d31-8f73-4397-b1df-fd17d8035f33 4de2e95c14e2428a9f26a6f8dd3e165b 9740f37a19ae4de7a7ca078d646215f9 - - default default] 10.0.0.199 "GET /v2.0/security-groups?id=b39aca66-60f2-4317-8138-58f0607d39e2&fields=id&fields=name HTTP/1.1" status: 200 len: 312 time: 0.0300262
2026-05-27 20:53:10.471 9 INFO neutron.api.wsgi [-] 10.0.0.96 "GET / HTTP/1.1" status: 200 len: 247 time: 0.0018384
2026-05-27 20:53:10.473 10 INFO neutron.api.wsgi [-] 10.0.0.96 "GET / HTTP/1.1" status: 200 len: 247 time: 0.0033627
2026-05-27 20:53:11.344 9 INFO neutron.api.wsgi [req-1c167617-1d18-4945-9551-f03439f26291 req-110076f9-0706-4dcb-b8dd-5a43b7a9531f 4de2e95c14e2428a9f26a6f8dd3e165b 9740f37a19ae4de7a7ca078d646215f9 - - default default] 10.0.0.199 "GET /v2.0/ports?device_id=f11e0d7f-04fe-4d47-b3f9-b3ac52ae8a00 HTTP/1.1" status: 200 len: 1172 time: 0.0380557
2026-05-27 20:53:11.380 9 INFO neutron.api.wsgi [req-1c167617-1d18-4945-9551-f03439f26291 req-3204a019-dfed-4f3c-9162-335ec249d7de 4de2e95c14e2428a9f26a6f8dd3e165b 9740f37a19ae4de7a7ca078d646215f9 - - default default] 10.0.0.199 "GET /v2.0/security-groups?id=b39aca66-60f2-4317-8138-58f0607d39e2&fields=id&fields=name HTTP/1.1" status: 200 len: 312 time: 0.0318768
2026-05-27 20:53:12.466 10 INFO neutron.api.wsgi [req-7406571c-6a79-41c8-ba3e-d4ad21d57749 req-c619f1d1-ab34-4177-85cd-5d6c08614cdf 4de2e95c14e2428a9f26a6f8dd3e165b 9740f37a19ae4de7a7ca078d646215f9 - - default default] 10.0.0.199 "GET /v2.0/ports?device_id=f11e0d7f-04fe-4d47-b3f9-b3ac52ae8a00 HTTP/1.1" status: 200 len: 1172 time: 0.0283945
2026-05-27 20:53:12.503 10 INFO neutron.api.wsgi [req-7406571c-6a79-41c8-ba3e-d4ad21d57749 req-1277f72b-312b-4f29-9d74-44ad13e41107 4de2e95c14e2428a9f26a6f8dd3e165b 9740f37a19ae4de7a7ca078d646215f9 - - default default] 10.0.0.199 "GET /v2.0/security-groups?id=b39aca66-60f2-4317-8138-58f0607d39e2&fields=id&fields=name HTTP/1.1" status: 200 len: 312 time: 0.0314238
2026-05-27 20:53:13.269 10 INFO neutron.api.wsgi [req-4377ec52-73d1-4e16-9b28-2110b95cd78b req-f799a941-97b5-4b4b-9fa0-14c50d30fee7 886bc37fc755432294e5000be89897c9 10caca0d0930486cba03b81670ce637c - - default default] 199.19.213.176 "GET /v2.0/networks?id=9c2ebe81-7fb0-4a3b-993a-f86789e136a0 HTTP/1.1" status: 200 len: 904 time: 0.0453887
2026-05-27 20:53:13.309 10 INFO neutron.api.wsgi [req-4377ec52-73d1-4e16-9b28-2110b95cd78b req-ca27cd09-8ca4-4114-80f4-162467b11575 886bc37fc755432294e5000be89897c9 10caca0d0930486cba03b81670ce637c - - default default] 199.19.213.176 "GET /v2.0/security-groups?fields=id&fields=name&tenant_id=10caca0d0930486cba03b81670ce637c HTTP/1.1" status: 200 len: 378 time: 0.0338745
2026-05-27 20:53:13.317 10 WARNING neutron_lib.context [req-4377ec52-73d1-4e16-9b28-2110b95cd78b req-e28b44f9-3310-4b4c-afac-6ece3295ed8b 886bc37fc755432294e5000be89897c9 10caca0d0930486cba03b81670ce637c - - default default] Method 'is_advsvc' is deprecated since 2023.2 release (neutron-lib 3.8.0) and will be removed once support for the old RBAC API policies will be removed from Neutron. Please use method 'is_service_role' instead.
2026-05-27 20:53:13.470 9 INFO neutron.api.wsgi [req-6e0c31c3-810a-47be-ab48-43016500a10d req-009113e0-952c-4a7a-971d-5295eab06ba0 e3107a1923d24722834d3f15eb8abab5 648eed71e8864f19b4f80e442a30f247 - - 9475e5ee510e48719cff67af03a81c01 9475e5ee510e48719cff67af03a81c01] 199.19.213.176 "GET /v2.0/ports?device_id=4d99a4cd-9044-414e-abfc-3809e2470d19&fields=binding%3Ahost_id&fields=binding%3Avif_type HTTP/1.1" status: 200 len: 265 time: 0.0345674
2026-05-27 20:53:13.602 9 INFO neutron.api.wsgi [req-8a7bbd55-00d4-49cc-9726-d9d67ea355b9 req-ef8e944f-17d8-4ed5-a61d-3247f13aab20 4de2e95c14e2428a9f26a6f8dd3e165b 9740f37a19ae4de7a7ca078d646215f9 - - default default] 10.0.0.199 "GET /v2.0/ports?device_id=f11e0d7f-04fe-4d47-b3f9-b3ac52ae8a00 HTTP/1.1" status: 200 len: 1172 time: 0.0359859
2026-05-27 20:53:13.641 9 INFO neutron.api.wsgi [req-8a7bbd55-00d4-49cc-9726-d9d67ea355b9 req-12e10985-190f-4b0e-9d8a-699f82419cc1 4de2e95c14e2428a9f26a6f8dd3e165b 9740f37a19ae4de7a7ca078d646215f9 - - default default] 10.0.0.199 "GET /v2.0/security-groups?id=b39aca66-60f2-4317-8138-58f0607d39e2&fields=id&fields=name HTTP/1.1" status: 200 len: 312 time: 0.0331895
2026-05-27 20:53:13.662 10 WARNING neutron.scheduler.dhcp_agent_scheduler [req-4377ec52-73d1-4e16-9b28-2110b95cd78b req-e28b44f9-3310-4b4c-afac-6ece3295ed8b 886bc37fc755432294e5000be89897c9 10caca0d0930486cba03b81670ce637c - - default default] No more DHCP agents
2026-05-27 20:53:13.663 10 WARNING neutron.api.rpc.agentnotifiers.dhcp_rpc_agent_api [req-4377ec52-73d1-4e16-9b28-2110b95cd78b req-e28b44f9-3310-4b4c-afac-6ece3295ed8b 886bc37fc755432294e5000be89897c9 10caca0d0930486cba03b81670ce637c - - default default] Unable to schedule network 9c2ebe81-7fb0-4a3b-993a-f86789e136a0: no agents available; will retry on subsequent port and subnet creation events.
2026-05-27 20:53:13.791 9 WARNING neutron.plugins.ml2.drivers.ovn.mech_driver.ovsdb.ovn_client [None req-12663b07-1ac0-4501-9474-e57d4fdf77a7 - - - - - -] No hosting information found for port e23bf6cd-c21a-497d-9806-435580430515: RuntimeError: No hosting information found for port e23bf6cd-c21a-497d-9806-435580430515
2026-05-27 20:53:13.800 10 INFO neutron.db.ovn_revision_numbers_db [req-4377ec52-73d1-4e16-9b28-2110b95cd78b req-e28b44f9-3310-4b4c-afac-6ece3295ed8b 886bc37fc755432294e5000be89897c9 10caca0d0930486cba03b81670ce637c - - default default] Successfully bumped revision number for resource 24476e92-5e74-46d7-a004-1839b962dbb7 (type: ports) to 1
2026-05-27 20:53:13.822 10 INFO neutron.api.wsgi [req-4377ec52-73d1-4e16-9b28-2110b95cd78b req-e28b44f9-3310-4b4c-afac-6ece3295ed8b 886bc37fc755432294e5000be89897c9 10caca0d0930486cba03b81670ce637c - - default default] 199.19.213.176 "POST /v2.0/ports HTTP/1.1" status: 201 len: 1388 time: 0.5097458 /var/lib/openstack/lib/python3.12/site-packages/pycadf/identifier.py:71: UserWarning: Invalid uuid: neutron. To ensure interoperability, identifiers should be a valid uuid. warnings.warn(('Invalid uuid: %s. To ensure interoperability, '
2026-05-27 20:53:13.868 9 INFO neutron.db.ovn_revision_numbers_db [None req-12663b07-1ac0-4501-9474-e57d4fdf77a7 - - - - - -] Successfully bumped revision number for resource e23bf6cd-c21a-497d-9806-435580430515 (type: router_ports) to 2
2026-05-27 20:53:13.905 9 INFO neutron.plugins.ml2.drivers.ovn.mech_driver.mech_driver [None req-12663b07-1ac0-4501-9474-e57d4fdf77a7 - - - - - -] OVN reports status up for port: 212d1857-896f-4610-ae68-834740635cd6
2026-05-27 20:53:13.915 9 INFO neutron.plugins.ml2.plugin [None req-12663b07-1ac0-4501-9474-e57d4fdf77a7 - - - - - -] Attempt 1 to provision port 212d1857-896f-4610-ae68-834740635cd6
2026-05-27 20:53:14.024 9 INFO neutron.notifiers.nova [-] Nova event matching ['req-be5f8528-7939-4ae3-8824-7ef5c9b355d4'] response: {'server_uuid': 'f11e0d7f-04fe-4d47-b3f9-b3ac52ae8a00', 'name': 'network-vif-plugged', 'status': 'completed', 'tag': '212d1857-896f-4610-ae68-834740635cd6', 'code': 200}
2026-05-27 20:53:14.125 9 INFO neutron.api.wsgi [req-6ad1e27a-a9ed-4d2b-89c1-33cbfa7a8db5 req-56879a0b-fef7-4f03-988c-0ba0ea181525 886bc37fc755432294e5000be89897c9 10caca0d0930486cba03b81670ce637c - - default default] 10.0.0.199 "GET /v2.0/ports?device_id=65da7b22-1cbc-442b-b075-6464f9a1f413 HTTP/1.1" status: 200 len: 1398 time: 0.0816951
2026-05-27 20:53:14.145 9 INFO neutron.db.ovn_revision_numbers_db [None req-12663b07-1ac0-4501-9474-e57d4fdf77a7 - - - - - -] Successfully bumped revision number for resource 212d1857-896f-4610-ae68-834740635cd6 (type: ports) to 5
2026-05-27 20:53:14.183 9 INFO neutron.api.wsgi [req-6ad1e27a-a9ed-4d2b-89c1-33cbfa7a8db5 req-6ced45d8-76d6-4fb6-addd-a27a562b3169 886bc37fc755432294e5000be89897c9 10caca0d0930486cba03b81670ce637c - - default default] 10.0.0.199 "GET /v2.0/security-groups?id=681754ac-c8ab-45db-93cb-bb031b0e780a&fields=id&fields=name HTTP/1.1" status: 200 len: 311 time: 0.0498853
2026-05-27 20:53:14.190 10 INFO neutron.db.ovn_revision_numbers_db [req-4377ec52-73d1-4e16-9b28-2110b95cd78b req-6d5da737-0429-471f-b186-7e8072d4fc5c e3107a1923d24722834d3f15eb8abab5 648eed71e8864f19b4f80e442a30f247 - - 9475e5ee510e48719cff67af03a81c01 9475e5ee510e48719cff67af03a81c01] Successfully bumped revision number for resource 24476e92-5e74-46d7-a004-1839b962dbb7 (type: ports) to 2
2026-05-27 20:53:14.426 10 INFO neutron.db.ovn_revision_numbers_db [req-4377ec52-73d1-4e16-9b28-2110b95cd78b req-6d5da737-0429-471f-b186-7e8072d4fc5c e3107a1923d24722834d3f15eb8abab5 648eed71e8864f19b4f80e442a30f247 - - 9475e5ee510e48719cff67af03a81c01 9475e5ee510e48719cff67af03a81c01] Successfully bumped revision number for resource 24476e92-5e74-46d7-a004-1839b962dbb7 (type: ports) to 4
2026-05-27 20:53:14.446 10 INFO neutron.api.wsgi [req-4377ec52-73d1-4e16-9b28-2110b95cd78b req-6d5da737-0429-471f-b186-7e8072d4fc5c e3107a1923d24722834d3f15eb8abab5 648eed71e8864f19b4f80e442a30f247 - - 9475e5ee510e48719cff67af03a81c01 9475e5ee510e48719cff67af03a81c01] 199.19.213.176 "PUT /v2.0/ports/24476e92-5e74-46d7-a004-1839b962dbb7 HTTP/1.1" status: 200 len: 1633 time: 0.6173449
2026-05-27 20:53:14.482 10 INFO neutron.notifiers.nova [-] Nova event matching ['req-4babdaf8-a707-4d4d-9f3b-214914ae0beb'] response: {'name': 'network-changed', 'server_uuid': '65da7b22-1cbc-442b-b075-6464f9a1f413', 'tag': '24476e92-5e74-46d7-a004-1839b962dbb7', 'status': 'completed', 'code': 200} /var/lib/openstack/lib/python3.12/site-packages/pycadf/identifier.py:71: UserWarning: Invalid uuid: neutron. To ensure interoperability, identifiers should be a valid uuid. warnings.warn(('Invalid uuid: %s. To ensure interoperability, '
2026-05-27 20:53:14.524 10 INFO neutron.api.wsgi [req-6e0c31c3-810a-47be-ab48-43016500a10d req-fef1978c-76b6-46b9-aac6-f606b087839d e3107a1923d24722834d3f15eb8abab5 648eed71e8864f19b4f80e442a30f247 - - 9475e5ee510e48719cff67af03a81c01 9475e5ee510e48719cff67af03a81c01] 199.19.213.176 "GET /v2.0/ports?tenant_id=9740f37a19ae4de7a7ca078d646215f9&device_id=4d99a4cd-9044-414e-abfc-3809e2470d19 HTTP/1.1" status: 200 len: 1409 time: 0.0321615 /var/lib/openstack/lib/python3.12/site-packages/pycadf/identifier.py:71: UserWarning: Invalid uuid: neutron. To ensure interoperability, identifiers should be a valid uuid. warnings.warn(('Invalid uuid: %s. To ensure interoperability, '
2026-05-27 20:53:14.794 9 INFO neutron.api.wsgi [req-301793a3-1700-4e0c-b71c-e9ace5cdc695 req-ebaaa41e-1ed0-40e9-89b3-f9899f06c505 4de2e95c14e2428a9f26a6f8dd3e165b 9740f37a19ae4de7a7ca078d646215f9 - - default default] 10.0.0.199 "GET /v2.0/ports?device_id=f11e0d7f-04fe-4d47-b3f9-b3ac52ae8a00 HTTP/1.1" status: 200 len: 1174 time: 0.0904672
2026-05-27 20:53:14.841 9 INFO neutron.api.wsgi [req-301793a3-1700-4e0c-b71c-e9ace5cdc695 req-93c9eafd-03d6-4ef3-8677-11212a26dd7e 4de2e95c14e2428a9f26a6f8dd3e165b 9740f37a19ae4de7a7ca078d646215f9 - - default default] 10.0.0.199 "GET /v2.0/security-groups?id=b39aca66-60f2-4317-8138-58f0607d39e2&fields=id&fields=name HTTP/1.1" status: 200 len: 312 time: 0.0403104
2026-05-27 20:53:15.032 10 INFO neutron.api.wsgi [req-f7419293-6db5-47e8-837b-4d6113981d58 req-aba30b42-b618-42e4-880f-fa39215b48e6 e3107a1923d24722834d3f15eb8abab5 648eed71e8864f19b4f80e442a30f247 - - 9475e5ee510e48719cff67af03a81c01 9475e5ee510e48719cff67af03a81c01] 199.19.213.176 "GET /v2.0/ports?tenant_id=10caca0d0930486cba03b81670ce637c&device_id=65da7b22-1cbc-442b-b075-6464f9a1f413 HTTP/1.1" status: 200 len: 1636 time: 0.0353284
2026-05-27 20:53:15.088 9 INFO neutron.api.wsgi [req-6e0c31c3-810a-47be-ab48-43016500a10d req-ade63de0-ccb2-4ae9-9321-2cfa80796e09 e3107a1923d24722834d3f15eb8abab5 648eed71e8864f19b4f80e442a30f247 - - 9475e5ee510e48719cff67af03a81c01 9475e5ee510e48719cff67af03a81c01] 199.19.213.176 "GET /v2.0/networks?id=0f5ef4d3-fa75-4bde-b189-ccebf0b3f874 HTTP/1.1" status: 200 len: 958 time: 0.0500746
2026-05-27 20:53:15.092 10 INFO neutron.api.wsgi [req-f7419293-6db5-47e8-837b-4d6113981d58 req-7ea63e0b-7741-46be-bd6e-763644538772 e3107a1923d24722834d3f15eb8abab5 648eed71e8864f19b4f80e442a30f247 - - 9475e5ee510e48719cff67af03a81c01 9475e5ee510e48719cff67af03a81c01] 199.19.213.176 "GET /v2.0/networks?tenant_id=10caca0d0930486cba03b81670ce637c&shared=False HTTP/1.1" status: 200 len: 2585 time: 0.0541265
2026-05-27 20:53:15.115 9 INFO neutron.api.wsgi [req-6e0c31c3-810a-47be-ab48-43016500a10d req-75a1bf54-8f09-4d1d-84b4-cf4887d0571f e3107a1923d24722834d3f15eb8abab5 648eed71e8864f19b4f80e442a30f247 - - 9475e5ee510e48719cff67af03a81c01 9475e5ee510e48719cff67af03a81c01] 199.19.213.176 "GET /v2.0/floatingips?fixed_ip_address=10.100.0.5&port_id=795b0867-4904-45d5-bcb4-51acc76849cb HTTP/1.1" status: 200 len: 217 time: 0.0172076
2026-05-27 20:53:15.143 10 INFO neutron.api.wsgi [req-f7419293-6db5-47e8-837b-4d6113981d58 req-6ef0c658-1bf0-4dd9-bfe3-0b2cb9667ed1 e3107a1923d24722834d3f15eb8abab5 648eed71e8864f19b4f80e442a30f247 - - 9475e5ee510e48719cff67af03a81c01 9475e5ee510e48719cff67af03a81c01] 199.19.213.176 "GET /v2.0/networks?shared=True HTTP/1.1" status: 200 len: 952 time: 0.0447361
2026-05-27 20:53:15.151 9 INFO neutron.api.wsgi [req-6e0c31c3-810a-47be-ab48-43016500a10d req-d7cc5ea3-0ed6-4168-9ff1-c741913efcaf e3107a1923d24722834d3f15eb8abab5 648eed71e8864f19b4f80e442a30f247 - - 9475e5ee510e48719cff67af03a81c01 9475e5ee510e48719cff67af03a81c01] 199.19.213.176 "GET /v2.0/subnets?id=8427a76c-4ac3-4db7-9f6e-bb3becc18ad4 HTTP/1.1" status: 200 len: 877 time: 0.0290873
2026-05-27 20:53:15.173 9 INFO neutron.api.wsgi [req-6e0c31c3-810a-47be-ab48-43016500a10d req-cd451cf4-1a60-4b2d-99ae-28e982c73fb3 e3107a1923d24722834d3f15eb8abab5 648eed71e8864f19b4f80e442a30f247 - - 9475e5ee510e48719cff67af03a81c01 9475e5ee510e48719cff67af03a81c01] 199.19.213.176 "GET /v2.0/ports?network_id=0f5ef4d3-fa75-4bde-b189-ccebf0b3f874&device_owner=network%3Adhcp HTTP/1.1" status: 200 len: 210 time: 0.0189903
2026-05-27 20:53:15.221 9 INFO neutron.api.wsgi [req-6e0c31c3-810a-47be-ab48-43016500a10d req-b390e88f-8f11-403c-8b3b-6debd0aa4ef4 e3107a1923d24722834d3f15eb8abab5 648eed71e8864f19b4f80e442a30f247 - - 9475e5ee510e48719cff67af03a81c01 9475e5ee510e48719cff67af03a81c01] 199.19.213.176 "GET /v2.0/networks/0f5ef4d3-fa75-4bde-b189-ccebf0b3f874?fields=segments HTTP/1.1" status: 200 len: 212 time: 0.0423036
2026-05-27 20:53:15.282 9 INFO neutron.api.wsgi [req-6e0c31c3-810a-47be-ab48-43016500a10d req-7a8f1bec-b22e-4507-b722-6be15c2a38a2 e3107a1923d24722834d3f15eb8abab5 648eed71e8864f19b4f80e442a30f247 - - 9475e5ee510e48719cff67af03a81c01 9475e5ee510e48719cff67af03a81c01] 199.19.213.176 "GET /v2.0/networks/0f5ef4d3-fa75-4bde-b189-ccebf0b3f874?fields=provider%3Aphysical_network&fields=provider%3Anetwork_type HTTP/1.1" status: 200 len: 277 time: 0.0551906
2026-05-27 20:53:15.971 10 INFO neutron.api.wsgi [req-1683a2e4-0655-4e5f-b68c-9ad7343fe852 req-5b32de4a-61bf-4825-8631-506b41e4844c 4de2e95c14e2428a9f26a6f8dd3e165b 9740f37a19ae4de7a7ca078d646215f9 - - default default] 10.0.0.199 "GET /v2.0/ports?device_id=f11e0d7f-04fe-4d47-b3f9-b3ac52ae8a00 HTTP/1.1" status: 200 len: 1174 time: 0.0660412
2026-05-27 20:53:16.015 10 INFO neutron.api.wsgi [req-1683a2e4-0655-4e5f-b68c-9ad7343fe852 req-9490e418-ffba-4c92-b107-79f520c600c5 4de2e95c14e2428a9f26a6f8dd3e165b 9740f37a19ae4de7a7ca078d646215f9 - - default default] 10.0.0.199 "GET /v2.0/security-groups?id=b39aca66-60f2-4317-8138-58f0607d39e2&fields=id&fields=name HTTP/1.1" status: 200 len: 312 time: 0.0394452
2026-05-27 20:53:16.059 9 INFO neutron.notifiers.nova [-] Nova event matching ['req-59b41d1a-4c99-4f0a-a267-96d5f0c82293'] response: {'server_uuid': 'f11e0d7f-04fe-4d47-b3f9-b3ac52ae8a00', 'name': 'network-vif-plugged', 'status': 'completed', 'tag': '212d1857-896f-4610-ae68-834740635cd6', 'code': 200}
2026-05-27 20:53:16.111 10 INFO neutron.api.wsgi [req-afe59a77-d78a-4e43-817d-f6fa81d09a41 req-8df07105-01c9-457b-9a21-9416303c1926 4de2e95c14e2428a9f26a6f8dd3e165b 9740f37a19ae4de7a7ca078d646215f9 - - default default] 10.0.0.199 "GET /v2.0/ports?device_id=f11e0d7f-04fe-4d47-b3f9-b3ac52ae8a00 HTTP/1.1" status: 200 len: 1174 time: 0.0440607
2026-05-27 20:53:16.163 10 INFO neutron.api.wsgi [req-afe59a77-d78a-4e43-817d-f6fa81d09a41 req-2ac2f111-e94d-4ed4-91a9-8bf8be835f6b 4de2e95c14e2428a9f26a6f8dd3e165b 9740f37a19ae4de7a7ca078d646215f9 - - default default] 10.0.0.199 "GET /v2.0/security-groups?id=b39aca66-60f2-4317-8138-58f0607d39e2&fields=id&fields=name HTTP/1.1" status: 200 len: 312 time: 0.0436225
2026-05-27 20:53:16.191 9 INFO neutron.api.wsgi [req-4377ec52-73d1-4e16-9b28-2110b95cd78b req-0c658780-b2c9-4707-ab42-8bcdeb60c387 e3107a1923d24722834d3f15eb8abab5 648eed71e8864f19b4f80e442a30f247 - - 9475e5ee510e48719cff67af03a81c01 9475e5ee510e48719cff67af03a81c01] 199.19.213.176 "GET /v2.0/ports?tenant_id=10caca0d0930486cba03b81670ce637c&device_id=65da7b22-1cbc-442b-b075-6464f9a1f413 HTTP/1.1" status: 200 len: 1636 time: 0.0339127
2026-05-27 20:53:16.214 9 INFO neutron.api.wsgi [req-4377ec52-73d1-4e16-9b28-2110b95cd78b req-8fd94a45-a31b-4745-a3e3-620b7c466cfe e3107a1923d24722834d3f15eb8abab5 648eed71e8864f19b4f80e442a30f247 - - 9475e5ee510e48719cff67af03a81c01 9475e5ee510e48719cff67af03a81c01] 199.19.213.176 "GET /v2.0/floatingips?fixed_ip_address=10.2.1.160&port_id=24476e92-5e74-46d7-a004-1839b962dbb7 HTTP/1.1" status: 200 len: 217 time: 0.0169086
2026-05-27 20:53:16.218 10 INFO neutron.api.wsgi [None req-8a45b2ca-15d7-4f27-85b4-dc46d9adc96a 1b42d8edfe524191b14cf12ec4a2262e ffc0fff8d0e2468cbe55577620440855 - - default default] 10.0.0.203 "GET /v2.0/ports?device_id=f11e0d7f-04fe-4d47-b3f9-b3ac52ae8a00 HTTP/1.1" status: 200 len: 1408 time: 0.0330575
2026-05-27 20:53:16.235 9 INFO neutron.api.wsgi [req-4377ec52-73d1-4e16-9b28-2110b95cd78b req-46846bcc-4256-40ef-b99f-6cdbf28c38da e3107a1923d24722834d3f15eb8abab5 648eed71e8864f19b4f80e442a30f247 - - 9475e5ee510e48719cff67af03a81c01 9475e5ee510e48719cff67af03a81c01] 199.19.213.176 "GET /v2.0/floatingips?fixed_ip_address=fd7b%3Af9f7%3Afff%3A4eca%3A%3A314&port_id=24476e92-5e74-46d7-a004-1839b962dbb7 HTTP/1.1" status: 200 len: 217 time: 0.0172029
2026-05-27 20:53:16.276 9 INFO neutron.api.wsgi [req-4377ec52-73d1-4e16-9b28-2110b95cd78b req-5ade0e7a-1f64-4c33-8068-99ea95d5845a e3107a1923d24722834d3f15eb8abab5 648eed71e8864f19b4f80e442a30f247 - - 9475e5ee510e48719cff67af03a81c01 9475e5ee510e48719cff67af03a81c01] 199.19.213.176 "GET /v2.0/subnets?id=5676d676-c7ee-46dc-9fd1-6715dd233593&id=641c39df-ae4f-47b3-bbc4-c120edad6607 HTTP/1.1" status: 200 len: 1610 time: 0.0354903
2026-05-27 20:53:16.296 9 INFO neutron.api.wsgi [req-4377ec52-73d1-4e16-9b28-2110b95cd78b req-3418d5d6-4ce6-4a3d-84c6-9ba7bcdfd000 e3107a1923d24722834d3f15eb8abab5 648eed71e8864f19b4f80e442a30f247 - - 9475e5ee510e48719cff67af03a81c01 9475e5ee510e48719cff67af03a81c01] 199.19.213.176 "GET /v2.0/ports?network_id=9c2ebe81-7fb0-4a3b-993a-f86789e136a0&device_owner=network%3Adhcp HTTP/1.1" status: 200 len: 210 time: 0.0149214
2026-05-27 20:53:16.326 9 INFO neutron.api.wsgi [req-4377ec52-73d1-4e16-9b28-2110b95cd78b req-8f900306-c19c-4b8b-a46d-290a0ec419b5 e3107a1923d24722834d3f15eb8abab5 648eed71e8864f19b4f80e442a30f247 - - 9475e5ee510e48719cff67af03a81c01 9475e5ee510e48719cff67af03a81c01] 199.19.213.176 "GET /v2.0/ports?network_id=9c2ebe81-7fb0-4a3b-993a-f86789e136a0&device_owner=network%3Adhcp HTTP/1.1" status: 200 len: 210 time: 0.0239060
2026-05-27 20:53:16.374 9 INFO neutron.api.wsgi [req-4377ec52-73d1-4e16-9b28-2110b95cd78b req-2425e627-8d30-4d4d-aeda-2099bc6cc515 e3107a1923d24722834d3f15eb8abab5 648eed71e8864f19b4f80e442a30f247 - - 9475e5ee510e48719cff67af03a81c01 9475e5ee510e48719cff67af03a81c01] 199.19.213.176 "GET /v2.0/networks/9c2ebe81-7fb0-4a3b-993a-f86789e136a0?fields=segments HTTP/1.1" status: 200 len: 212 time: 0.0419571
2026-05-27 20:53:16.421 9 INFO neutron.api.wsgi [req-4377ec52-73d1-4e16-9b28-2110b95cd78b req-58fc016f-a93a-43b3-b587-b180d2cb547c e3107a1923d24722834d3f15eb8abab5 648eed71e8864f19b4f80e442a30f247 - - 9475e5ee510e48719cff67af03a81c01 9475e5ee510e48719cff67af03a81c01] 199.19.213.176 "GET /v2.0/networks/9c2ebe81-7fb0-4a3b-993a-f86789e136a0?fields=provider%3Aphysical_network&fields=provider%3Anetwork_type HTTP/1.1" status: 200 len: 277 time: 0.0398259
2026-05-27 20:53:16.796 10 INFO neutron.db.ovn_revision_numbers_db [None req-5c3ac674-5673-45a0-aa73-ecbff3f7785b 4de2e95c14e2428a9f26a6f8dd3e165b 9740f37a19ae4de7a7ca078d646215f9 - - default default] Successfully bumped revision number for resource 57092154-f507-42a0-8496-bcf24a996920 (type: floatingips) to 4
2026-05-27 20:53:16.936 10 INFO neutron.db.ovn_revision_numbers_db [None req-5c3ac674-5673-45a0-aa73-ecbff3f7785b 4de2e95c14e2428a9f26a6f8dd3e165b 9740f37a19ae4de7a7ca078d646215f9 - - default default] Successfully bumped revision number for resource 57092154-f507-42a0-8496-bcf24a996920 (type: floatingips) to 5
2026-05-27 20:53:16.937 10 INFO neutron.db.l3_db [None req-5c3ac674-5673-45a0-aa73-ecbff3f7785b 4de2e95c14e2428a9f26a6f8dd3e165b 9740f37a19ae4de7a7ca078d646215f9 - - default default] Floating IP 57092154-f507-42a0-8496-bcf24a996920 associated. External IP: 10.96.250.220, port: 212d1857-896f-4610-ae68-834740635cd6.
2026-05-27 20:53:16.964 10 INFO neutron.api.wsgi [None req-5c3ac674-5673-45a0-aa73-ecbff3f7785b 4de2e95c14e2428a9f26a6f8dd3e165b 9740f37a19ae4de7a7ca078d646215f9 - - default default] 10.0.0.203 "PUT /v2.0/floatingips/57092154-f507-42a0-8496-bcf24a996920 HTTP/1.1" status: 200 len: 1050 time: 0.7417383 /var/lib/openstack/lib/python3.12/site-packages/pycadf/identifier.py:71: UserWarning: Invalid uuid: neutron. To ensure interoperability, identifiers should be a valid uuid. warnings.warn(('Invalid uuid: %s. To ensure interoperability, '
2026-05-27 20:53:16.996 10 INFO neutron.notifiers.nova [-] Nova event matching ['req-0b6883f8-cb4e-4195-a6fc-8e058532ec84'] response: {'name': 'network-changed', 'server_uuid': 'f11e0d7f-04fe-4d47-b3f9-b3ac52ae8a00', 'tag': '212d1857-896f-4610-ae68-834740635cd6', 'status': 'completed', 'code': 200}
2026-05-27 20:53:17.000 10 INFO neutron.api.wsgi [None req-e0e0654e-7915-4a2b-82e9-6e5c77357484 4de2e95c14e2428a9f26a6f8dd3e165b 9740f37a19ae4de7a7ca078d646215f9 - - default default] 10.0.0.203 "GET /v2.0/floatingips/57092154-f507-42a0-8496-bcf24a996920 HTTP/1.1" status: 200 len: 1052 time: 0.0301239
2026-05-27 20:53:17.546 9 INFO neutron.api.wsgi [req-449b8931-d9c2-4b88-bd90-6931d8aa1f7d req-b810bb64-697b-4df2-8a0a-a74851469464 e3107a1923d24722834d3f15eb8abab5 648eed71e8864f19b4f80e442a30f247 - - 9475e5ee510e48719cff67af03a81c01 9475e5ee510e48719cff67af03a81c01] 199.19.213.176 "GET /v2.0/ports?tenant_id=9740f37a19ae4de7a7ca078d646215f9&device_id=f11e0d7f-04fe-4d47-b3f9-b3ac52ae8a00 HTTP/1.1" status: 200 len: 1413 time: 0.0372994
2026-05-27 20:53:17.604 9 INFO neutron.api.wsgi [req-449b8931-d9c2-4b88-bd90-6931d8aa1f7d req-2940fc23-096b-453d-9cb2-32d10639d26a e3107a1923d24722834d3f15eb8abab5 648eed71e8864f19b4f80e442a30f247 - - 9475e5ee510e48719cff67af03a81c01 9475e5ee510e48719cff67af03a81c01] 199.19.213.176 "GET /v2.0/networks?id=0f5ef4d3-fa75-4bde-b189-ccebf0b3f874 HTTP/1.1" status: 200 len: 958 time: 0.0493913
2026-05-27 20:53:17.651 9 INFO neutron.api.wsgi [req-449b8931-d9c2-4b88-bd90-6931d8aa1f7d req-ab01c152-a80d-4a86-bfc5-82fc6dfc3c5d e3107a1923d24722834d3f15eb8abab5 648eed71e8864f19b4f80e442a30f247 - - 9475e5ee510e48719cff67af03a81c01 9475e5ee510e48719cff67af03a81c01] 199.19.213.176 "GET /v2.0/floatingips?fixed_ip_address=10.100.0.10&port_id=212d1857-896f-4610-ae68-834740635cd6 HTTP/1.1" status: 200 len: 1060 time: 0.0428779
2026-05-27 20:53:17.679 9 INFO neutron.api.wsgi [req-449b8931-d9c2-4b88-bd90-6931d8aa1f7d req-ec9e5496-a520-42f4-ae16-3a056ff6b701 e3107a1923d24722834d3f15eb8abab5 648eed71e8864f19b4f80e442a30f247 - - 9475e5ee510e48719cff67af03a81c01 9475e5ee510e48719cff67af03a81c01] 199.19.213.176 "GET /v2.0/subnets?id=8427a76c-4ac3-4db7-9f6e-bb3becc18ad4 HTTP/1.1" status: 200 len: 877 time: 0.0245950
2026-05-27 20:53:17.703 9 INFO neutron.api.wsgi [req-449b8931-d9c2-4b88-bd90-6931d8aa1f7d req-f3d3c686-e306-47b0-9d23-2f67ff094cc0 e3107a1923d24722834d3f15eb8abab5 648eed71e8864f19b4f80e442a30f247 - - 9475e5ee510e48719cff67af03a81c01 9475e5ee510e48719cff67af03a81c01] 199.19.213.176 "GET /v2.0/ports?network_id=0f5ef4d3-fa75-4bde-b189-ccebf0b3f874&device_owner=network%3Adhcp HTTP/1.1" status: 200 len: 210 time: 0.0179458
2026-05-27 20:53:17.745 9 INFO neutron.api.wsgi [req-449b8931-d9c2-4b88-bd90-6931d8aa1f7d req-7a5348f1-679f-4a67-93ce-d5d24aa53513 e3107a1923d24722834d3f15eb8abab5 648eed71e8864f19b4f80e442a30f247 - - 9475e5ee510e48719cff67af03a81c01 9475e5ee510e48719cff67af03a81c01] 199.19.213.176 "GET /v2.0/networks/0f5ef4d3-fa75-4bde-b189-ccebf0b3f874?fields=segments HTTP/1.1" status: 200 len: 212 time: 0.0359771
2026-05-27 20:53:17.790 9 INFO neutron.api.wsgi [req-449b8931-d9c2-4b88-bd90-6931d8aa1f7d req-0ab20620-0e5f-406d-91b3-2301eb37fc6a e3107a1923d24722834d3f15eb8abab5 648eed71e8864f19b4f80e442a30f247 - - 9475e5ee510e48719cff67af03a81c01 9475e5ee510e48719cff67af03a81c01] 199.19.213.176 "GET /v2.0/networks/0f5ef4d3-fa75-4bde-b189-ccebf0b3f874?fields=provider%3Aphysical_network&fields=provider%3Anetwork_type HTTP/1.1" status: 200 len: 277 time: 0.0415442
2026-05-27 20:53:18.599 10 INFO neutron.plugins.ml2.drivers.ovn.mech_driver.mech_driver [None req-fae01783-66d8-40fb-ab3a-528612a46624 - - - - - -] OVN reports status up for port: 24476e92-5e74-46d7-a004-1839b962dbb7
2026-05-27 20:53:18.612 10 INFO neutron.plugins.ml2.plugin [None req-fae01783-66d8-40fb-ab3a-528612a46624 - - - - - -] Attempt 1 to provision port 24476e92-5e74-46d7-a004-1839b962dbb7
2026-05-27 20:53:18.858 10 INFO neutron.db.ovn_revision_numbers_db [None req-fae01783-66d8-40fb-ab3a-528612a46624 - - - - - -] Successfully bumped revision number for resource 24476e92-5e74-46d7-a004-1839b962dbb7 (type: ports) to 5
2026-05-27 20:53:19.024 10 INFO neutron.notifiers.nova [-] Nova event matching ['req-39843fdd-495d-4e0c-a698-28e32d49017b'] response: {'server_uuid': '65da7b22-1cbc-442b-b075-6464f9a1f413', 'name': 'network-vif-plugged', 'status': 'completed', 'tag': '24476e92-5e74-46d7-a004-1839b962dbb7', 'code': 200}
2026-05-27 20:53:19.025 10 INFO neutron.notifiers.nova [-] Nova event matching ['req-39843fdd-495d-4e0c-a698-28e32d49017b'] response: {'server_uuid': '65da7b22-1cbc-442b-b075-6464f9a1f413', 'name': 'network-vif-plugged', 'status': 'completed', 'tag': '24476e92-5e74-46d7-a004-1839b962dbb7', 'code': 200}
2026-05-27 20:53:19.356 9 INFO neutron.api.wsgi [req-24a38882-b1e0-4d96-81c2-77e857226ecf req-4d6b9be4-56fe-4dca-87ff-fcfb2454da4c 886bc37fc755432294e5000be89897c9 10caca0d0930486cba03b81670ce637c - - default default] 10.0.0.199 "GET /v2.0/ports?device_id=65da7b22-1cbc-442b-b075-6464f9a1f413 HTTP/1.1" status: 200 len: 1400 time: 0.0989015
2026-05-27 20:53:19.406 9 INFO neutron.api.wsgi [req-24a38882-b1e0-4d96-81c2-77e857226ecf req-eadc3244-e573-4cf3-ba8d-b0ea12be6101 886bc37fc755432294e5000be89897c9 10caca0d0930486cba03b81670ce637c - - default default] 10.0.0.199 "GET /v2.0/security-groups?id=681754ac-c8ab-45db-93cb-bb031b0e780a&fields=id&fields=name HTTP/1.1" status: 200 len: 311 time: 0.0446868 /var/lib/openstack/lib/python3.12/site-packages/pycadf/identifier.py:71: UserWarning: Invalid uuid: neutron. To ensure interoperability, identifiers should be a valid uuid. warnings.warn(('Invalid uuid: %s. To ensure interoperability, '
2026-05-27 20:53:24.553 10 INFO neutron.api.wsgi [req-2c5007f3-c05c-457f-b348-a2e5e40f3e94 req-ea2c7784-37cc-495b-bafa-262a07a42828 886bc37fc755432294e5000be89897c9 10caca0d0930486cba03b81670ce637c - - default default] 10.0.0.199 "GET /v2.0/ports?device_id=65da7b22-1cbc-442b-b075-6464f9a1f413 HTTP/1.1" status: 200 len: 1400 time: 0.0788925
2026-05-27 20:53:24.589 10 INFO neutron.api.wsgi [req-2c5007f3-c05c-457f-b348-a2e5e40f3e94 req-cc404970-607e-4115-85fd-1f009cb5dba8 886bc37fc755432294e5000be89897c9 10caca0d0930486cba03b81670ce637c - - default default] 10.0.0.199 "GET /v2.0/security-groups?id=681754ac-c8ab-45db-93cb-bb031b0e780a&fields=id&fields=name HTTP/1.1" status: 200 len: 311 time: 0.0311830
2026-05-27 20:53:24.680 10 INFO neutron.api.wsgi [None req-b77fe8c4-1fba-43e9-901f-8d26c396b61d 886bc37fc755432294e5000be89897c9 10caca0d0930486cba03b81670ce637c - - default default] 10.0.0.203 "GET /v2.0/ports?network_id=9c2ebe81-7fb0-4a3b-993a-f86789e136a0&mac_address=fa%3A16%3A3e%3A3f%3A71%3Aac HTTP/1.1" status: 200 len: 1395 time: 0.0611415
2026-05-27 20:53:24.691 10 WARNING neutron_lib.context [None req-44343301-4898-498e-8d9c-1a019bf357f4 886bc37fc755432294e5000be89897c9 10caca0d0930486cba03b81670ce637c - - default default] Method 'is_advsvc' is deprecated since 2023.2 release (neutron-lib 3.8.0) and will be removed once support for the old RBAC API policies will be removed from Neutron. Please use method 'is_service_role' instead.
2026-05-27 20:53:24.903 10 WARNING neutron.scheduler.dhcp_agent_scheduler [None req-44343301-4898-498e-8d9c-1a019bf357f4 886bc37fc755432294e5000be89897c9 10caca0d0930486cba03b81670ce637c - - default default] No more DHCP agents
2026-05-27 20:53:24.904 10 WARNING neutron.api.rpc.agentnotifiers.dhcp_rpc_agent_api [None req-44343301-4898-498e-8d9c-1a019bf357f4 886bc37fc755432294e5000be89897c9 10caca0d0930486cba03b81670ce637c - - default default] Unable to schedule network 1cc437aa-4447-4aa4-bff5-1c80ac80f8b2: no agents available; will retry on subsequent port and subnet creation events.
2026-05-27 20:53:25.471 10 INFO neutron.api.wsgi [-] 10.0.0.96 "GET / HTTP/1.1" status: 200 len: 247 time: 0.0012810
2026-05-27 20:53:25.473 9 INFO neutron.api.wsgi [-] 10.0.0.96 "GET / HTTP/1.1" status: 200 len: 247 time: 0.0025208
2026-05-27 20:53:25.580 10 INFO neutron.db.ovn_revision_numbers_db [None req-44343301-4898-498e-8d9c-1a019bf357f4 886bc37fc755432294e5000be89897c9 10caca0d0930486cba03b81670ce637c - - default default] Successfully bumped revision number for resource fe400b2e-385d-4b0a-b09f-50c87574e882 (type: floatingips) to -1
2026-05-27 20:53:25.678 10 INFO neutron.db.ovn_revision_numbers_db [None req-44343301-4898-498e-8d9c-1a019bf357f4 886bc37fc755432294e5000be89897c9 10caca0d0930486cba03b81670ce637c - - default default] Successfully bumped revision number for resource fe400b2e-385d-4b0a-b09f-50c87574e882 (type: floatingips) to 1
2026-05-27 20:53:25.678 10 INFO neutron.db.l3_db [None req-44343301-4898-498e-8d9c-1a019bf357f4 886bc37fc755432294e5000be89897c9 10caca0d0930486cba03b81670ce637c - - default default] Floating IP fe400b2e-385d-4b0a-b09f-50c87574e882 associated. External IP: 10.96.250.202, port: 24476e92-5e74-46d7-a004-1839b962dbb7.
2026-05-27 20:53:25.717 10 INFO neutron.api.wsgi [None req-44343301-4898-498e-8d9c-1a019bf357f4 886bc37fc755432294e5000be89897c9 10caca0d0930486cba03b81670ce637c - - default default] 10.0.0.203 "POST /v2.0/floatingips HTTP/1.1" status: 201 len: 1054 time: 1.0300522
2026-05-27 20:53:25.751 10 INFO neutron.notifiers.nova [-] Nova event matching ['req-748f991f-ddc3-4d9b-a7cb-c6c6034dcd0b'] response: {'name': 'network-changed', 'server_uuid': '65da7b22-1cbc-442b-b075-6464f9a1f413', 'tag': '24476e92-5e74-46d7-a004-1839b962dbb7', 'status': 'completed', 'code': 200}
2026-05-27 20:53:25.835 10 INFO neutron.api.wsgi [req-f8c62888-8b55-4b3c-9c87-e81fd38f3c56 req-28256be6-3040-4cf8-a5d8-9589f55027e0 886bc37fc755432294e5000be89897c9 10caca0d0930486cba03b81670ce637c - - default default] 10.0.0.199 "GET /v2.0/security-groups?name=tempest-lb_member_SG-1186870392&fields=id&tenant_id=10caca0d0930486cba03b81670ce637c HTTP/1.1" status: 200 len: 267 time: 0.0368502
2026-05-27 20:53:25.883 10 INFO neutron.api.wsgi [req-f8c62888-8b55-4b3c-9c87-e81fd38f3c56 req-62d00fb2-356a-4aaf-85b9-4041df8e6e75 886bc37fc755432294e5000be89897c9 10caca0d0930486cba03b81670ce637c - - default default] 10.0.0.199 "GET /v2.0/networks?id=36b145e8-e8f5-4e25-9877-3ff3c10ac920 HTTP/1.1" status: 200 len: 904 time: 0.0395648
2026-05-27 20:53:25.901 10 INFO neutron.api.wsgi [req-f8c62888-8b55-4b3c-9c87-e81fd38f3c56 req-c5830ffd-2e36-4b68-a041-878e37457a5d 886bc37fc755432294e5000be89897c9 10caca0d0930486cba03b81670ce637c - - default default] 10.0.0.199 "GET /v2.0/quotas/10caca0d0930486cba03b81670ce637c HTTP/1.1" status: 200 len: 491 time: 0.0117629
2026-05-27 20:53:26.008 10 INFO neutron.api.wsgi [req-f8c62888-8b55-4b3c-9c87-e81fd38f3c56 req-2af27e00-541d-4b76-bfa7-791fffbe58fa 886bc37fc755432294e5000be89897c9 10caca0d0930486cba03b81670ce637c - - default default] 10.0.0.199 "GET /v2.0/ports?tenant_id=10caca0d0930486cba03b81670ce637c&fields=id HTTP/1.1" status: 200 len: 532 time: 0.1012058
2026-05-27 20:53:26.052 10 INFO neutron.api.wsgi [req-f8c62888-8b55-4b3c-9c87-e81fd38f3c56 req-b628cc13-d184-40f7-84ba-4b9a4667dad2 e3107a1923d24722834d3f15eb8abab5 648eed71e8864f19b4f80e442a30f247 - - 9475e5ee510e48719cff67af03a81c01 9475e5ee510e48719cff67af03a81c01] 10.0.0.199 "GET /v2.0/networks/36b145e8-e8f5-4e25-9877-3ff3c10ac920?fields=segments HTTP/1.1" status: 200 len: 212 time: 0.0331089
2026-05-27 20:53:26.100 10 INFO neutron.api.wsgi [req-f8c62888-8b55-4b3c-9c87-e81fd38f3c56 req-f5bc32f9-d905-4cb3-98d6-f3e7e12f3892 e3107a1923d24722834d3f15eb8abab5 648eed71e8864f19b4f80e442a30f247 - - 9475e5ee510e48719cff67af03a81c01 9475e5ee510e48719cff67af03a81c01] 10.0.0.199 "GET /v2.0/networks/36b145e8-e8f5-4e25-9877-3ff3c10ac920?fields=provider%3Aphysical_network&fields=provider%3Anetwork_type HTTP/1.1" status: 200 len: 277 time: 0.0411491
2026-05-27 20:53:26.149 10 INFO neutron.api.wsgi [req-ccd35ae1-953d-4307-b801-a88952d5d7ba req-77f57e1e-1598-44a8-91f4-ac57e1275f9f e3107a1923d24722834d3f15eb8abab5 648eed71e8864f19b4f80e442a30f247 - - 9475e5ee510e48719cff67af03a81c01 9475e5ee510e48719cff67af03a81c01] 10.0.0.6 "GET /v2.0/ports?device_id=f11e0d7f-04fe-4d47-b3f9-b3ac52ae8a00 HTTP/1.1" status: 200 len: 1413 time: 0.0343454
2026-05-27 20:53:26.185 10 INFO neutron.api.wsgi [req-ccd35ae1-953d-4307-b801-a88952d5d7ba req-006de63b-3ffe-42d9-8664-de67c698d555 e3107a1923d24722834d3f15eb8abab5 648eed71e8864f19b4f80e442a30f247 - - 9475e5ee510e48719cff67af03a81c01 9475e5ee510e48719cff67af03a81c01] 10.0.0.6 "GET /v2.0/security-groups?id=b39aca66-60f2-4317-8138-58f0607d39e2&fields=id&fields=name HTTP/1.1" status: 200 len: 312 time: 0.0315273 /var/lib/openstack/lib/python3.12/site-packages/pycadf/identifier.py:71: UserWarning: Invalid uuid: neutron. To ensure interoperability, identifiers should be a valid uuid. warnings.warn(('Invalid uuid: %s. To ensure interoperability, '
2026-05-27 20:53:26.227 9 INFO neutron.api.wsgi [req-941dc891-f8cb-45a0-b03d-dceceefe3179 req-ebf61f50-1121-44e4-a5fb-279a87f81e9a 886bc37fc755432294e5000be89897c9 10caca0d0930486cba03b81670ce637c - - default default] 10.0.0.199 "GET /v2.0/ports?device_id=d70547b3-4881-49a6-85b4-e718781e9e3a HTTP/1.1" status: 200 len: 210 time: 0.0216258
2026-05-27 20:53:26.306 9 INFO neutron.api.wsgi [req-d3797782-e76b-4ce7-b1f2-6a34759a2db6 req-26d5bd49-87d7-4ed8-85a5-8b0fc21ad443 e3107a1923d24722834d3f15eb8abab5 648eed71e8864f19b4f80e442a30f247 - - 9475e5ee510e48719cff67af03a81c01 9475e5ee510e48719cff67af03a81c01] 199.19.213.176 "GET /v2.0/ports?tenant_id=10caca0d0930486cba03b81670ce637c&device_id=65da7b22-1cbc-442b-b075-6464f9a1f413 HTTP/1.1" status: 200 len: 1638 time: 0.0493534
2026-05-27 20:53:26.367 9 INFO neutron.api.wsgi [req-d3797782-e76b-4ce7-b1f2-6a34759a2db6 req-15375dc1-f0d0-481c-a64e-b34680958365 e3107a1923d24722834d3f15eb8abab5 648eed71e8864f19b4f80e442a30f247 - - 9475e5ee510e48719cff67af03a81c01 9475e5ee510e48719cff67af03a81c01] 199.19.213.176 "GET /v2.0/networks?id=9c2ebe81-7fb0-4a3b-993a-f86789e136a0 HTTP/1.1" status: 200 len: 1003 time: 0.0534184
2026-05-27 20:53:26.420 9 INFO neutron.api.wsgi [req-d3797782-e76b-4ce7-b1f2-6a34759a2db6 req-a91eaf41-903d-413a-be8e-3a0e1cd2a699 e3107a1923d24722834d3f15eb8abab5 648eed71e8864f19b4f80e442a30f247 - - 9475e5ee510e48719cff67af03a81c01 9475e5ee510e48719cff67af03a81c01] 199.19.213.176 "GET /v2.0/floatingips?fixed_ip_address=10.2.1.160&port_id=24476e92-5e74-46d7-a004-1839b962dbb7 HTTP/1.1" status: 200 len: 1059 time: 0.0442784
2026-05-27 20:53:26.457 9 INFO neutron.api.wsgi [req-d3797782-e76b-4ce7-b1f2-6a34759a2db6 req-25ea3b2e-2b61-4ad6-9bcd-e109dc1e0054 e3107a1923d24722834d3f15eb8abab5 648eed71e8864f19b4f80e442a30f247 - - 9475e5ee510e48719cff67af03a81c01 9475e5ee510e48719cff67af03a81c01] 199.19.213.176 "GET /v2.0/floatingips?fixed_ip_address=fd7b%3Af9f7%3Afff%3A4eca%3A%3A314&port_id=24476e92-5e74-46d7-a004-1839b962dbb7 HTTP/1.1" status: 200 len: 217 time: 0.0327549
2026-05-27 20:53:26.499 9 INFO neutron.api.wsgi [req-d3797782-e76b-4ce7-b1f2-6a34759a2db6 req-6481dd47-e554-48bb-80eb-f11fffc76f9e e3107a1923d24722834d3f15eb8abab5 648eed71e8864f19b4f80e442a30f247 - - 9475e5ee510e48719cff67af03a81c01 9475e5ee510e48719cff67af03a81c01] 199.19.213.176 "GET /v2.0/subnets?id=5676d676-c7ee-46dc-9fd1-6715dd233593&id=641c39df-ae4f-47b3-bbc4-c120edad6607 HTTP/1.1" status: 200 len: 1610 time: 0.0350895
2026-05-27 20:53:26.528 9 INFO neutron.api.wsgi [req-d3797782-e76b-4ce7-b1f2-6a34759a2db6 req-eca3fdcb-dd2f-49b3-ae39-44a101bfcf18 e3107a1923d24722834d3f15eb8abab5 648eed71e8864f19b4f80e442a30f247 - - 9475e5ee510e48719cff67af03a81c01 9475e5ee510e48719cff67af03a81c01] 199.19.213.176 "GET /v2.0/ports?network_id=9c2ebe81-7fb0-4a3b-993a-f86789e136a0&device_owner=network%3Adhcp HTTP/1.1" status: 200 len: 210 time: 0.0228853
2026-05-27 20:53:26.550 9 INFO neutron.api.wsgi [req-d3797782-e76b-4ce7-b1f2-6a34759a2db6 req-d8b6b598-8070-4723-be84-affe1f84edde e3107a1923d24722834d3f15eb8abab5 648eed71e8864f19b4f80e442a30f247 - - 9475e5ee510e48719cff67af03a81c01 9475e5ee510e48719cff67af03a81c01] 199.19.213.176 "GET /v2.0/ports?network_id=9c2ebe81-7fb0-4a3b-993a-f86789e136a0&device_owner=network%3Adhcp HTTP/1.1" status: 200 len: 210 time: 0.0159738
2026-05-27 20:53:26.596 9 INFO neutron.api.wsgi [req-d3797782-e76b-4ce7-b1f2-6a34759a2db6 req-32870e42-fa4b-432e-aa91-5f7398ecbbb5 e3107a1923d24722834d3f15eb8abab5 648eed71e8864f19b4f80e442a30f247 - - 9475e5ee510e48719cff67af03a81c01 9475e5ee510e48719cff67af03a81c01] 199.19.213.176 "GET /v2.0/networks/9c2ebe81-7fb0-4a3b-993a-f86789e136a0?fields=segments HTTP/1.1" status: 200 len: 212 time: 0.0406721
2026-05-27 20:53:26.645 9 INFO neutron.api.wsgi [req-d3797782-e76b-4ce7-b1f2-6a34759a2db6 req-6970b5d0-3790-4095-a955-d06a8664df7c e3107a1923d24722834d3f15eb8abab5 648eed71e8864f19b4f80e442a30f247 - - 9475e5ee510e48719cff67af03a81c01 9475e5ee510e48719cff67af03a81c01] 199.19.213.176 "GET /v2.0/networks/9c2ebe81-7fb0-4a3b-993a-f86789e136a0?fields=provider%3Aphysical_network&fields=provider%3Anetwork_type HTTP/1.1" status: 200 len: 277 time: 0.0421362
2026-05-27 20:53:27.937 10 INFO neutron.api.wsgi [req-32db50e8-5d7c-4254-b216-3f022f51fcf0 req-44e69df1-2594-47a7-b78c-df48da88c29a 4de2e95c14e2428a9f26a6f8dd3e165b 9740f37a19ae4de7a7ca078d646215f9 - - default default] 10.0.0.199 "GET /v2.0/ports?device_id=f11e0d7f-04fe-4d47-b3f9-b3ac52ae8a00 HTTP/1.1" status: 200 len: 1174 time: 0.0804183
2026-05-27 20:53:27.983 10 INFO neutron.api.wsgi [req-32db50e8-5d7c-4254-b216-3f022f51fcf0 req-e1eb5f4b-78be-41e1-ae2a-3c3ad31781f6 4de2e95c14e2428a9f26a6f8dd3e165b 9740f37a19ae4de7a7ca078d646215f9 - - default default] 10.0.0.199 "GET /v2.0/security-groups?id=b39aca66-60f2-4317-8138-58f0607d39e2&fields=id&fields=name HTTP/1.1" status: 200 len: 312 time: 0.0388744
2026-05-27 20:53:28.416 9 INFO neutron.plugins.ml2.drivers.ovn.mech_driver.mech_driver [None req-feb31110-30d4-4082-87c3-1e2d51106984 - - - - - -] OVN reports status down for port: 212d1857-896f-4610-ae68-834740635cd6
2026-05-27 20:53:28.543 9 INFO neutron.notifiers.nova [-] Nova event matching ['req-3c665aeb-605e-4b92-956e-a46a16611bc0'] response: {'server_uuid': 'f11e0d7f-04fe-4d47-b3f9-b3ac52ae8a00', 'name': 'network-vif-unplugged', 'status': 'completed', 'tag': '212d1857-896f-4610-ae68-834740635cd6', 'code': 200}
2026-05-27 20:53:28.647 9 INFO neutron.db.ovn_revision_numbers_db [None req-feb31110-30d4-4082-87c3-1e2d51106984 - - - - - -] Successfully bumped revision number for resource 212d1857-896f-4610-ae68-834740635cd6 (type: ports) to 6
2026-05-27 20:53:29.084 10 INFO neutron.api.wsgi [req-eb12c82e-c4b0-4206-9aa8-a46b405c21b3 req-58991448-fb33-4715-9e57-9b341e5227c7 4de2e95c14e2428a9f26a6f8dd3e165b 9740f37a19ae4de7a7ca078d646215f9 - - default default] 10.0.0.199 "GET /v2.0/ports?device_id=f11e0d7f-04fe-4d47-b3f9-b3ac52ae8a00 HTTP/1.1" status: 200 len: 1172 time: 0.0372770
2026-05-27 20:53:29.136 10 INFO neutron.api.wsgi [req-eb12c82e-c4b0-4206-9aa8-a46b405c21b3 req-b5507969-0e09-4687-8015-6d68b4cfa8a9 4de2e95c14e2428a9f26a6f8dd3e165b 9740f37a19ae4de7a7ca078d646215f9 - - default default] 10.0.0.199 "GET /v2.0/security-groups?id=b39aca66-60f2-4317-8138-58f0607d39e2&fields=id&fields=name HTTP/1.1" status: 200 len: 312 time: 0.0469840
