2026-05-27 20:50:37.672 10 INFO neutron.db.ovn_revision_numbers_db [None req-549738c5-37a2-4848-ab59-f9a938383187 392bdb423792479cbb77b180c9a99434 be481a30ccb3438f9f8dd767a2ceca1e - - default default] Successfully bumped revision number for resource 63623de2-c769-4e13-8300-f2c5e2dd9875 (type: security_group_rules) to 0
2026-05-27 20:50:37.677 9 INFO neutron.api.wsgi [None req-1385d63c-02d3-4aa4-9c59-5787801408ab fc367df31778448aa17158a4cc8163ac 14333cf1279c42fdadeb68f5ee570e6a - - default default] 10.0.0.203 "POST /v2.0/subnets HTTP/1.1" status: 201 len: 892 time: 0.8723972
2026-05-27 20:50:37.690 10 INFO neutron.db.ovn_revision_numbers_db [None req-549738c5-37a2-4848-ab59-f9a938383187 392bdb423792479cbb77b180c9a99434 be481a30ccb3438f9f8dd767a2ceca1e - - default default] Successfully bumped revision number for resource 89b93262-474c-467a-b71d-2ad544486480 (type: security_group_rules) to 0
2026-05-27 20:50:37.704 9 INFO neutron.db.ovn_revision_numbers_db [None req-739ebb67-14fe-43ff-bfd7-2acd1c823ec8 - - - - - -] Successfully bumped revision number for resource 543359cc-4316-4396-93d6-e4e52c99d043 (type: ports) to 2
2026-05-27 20:50:37.706 10 INFO neutron.db.ovn_revision_numbers_db [None req-549738c5-37a2-4848-ab59-f9a938383187 392bdb423792479cbb77b180c9a99434 be481a30ccb3438f9f8dd767a2ceca1e - - default default] Successfully bumped revision number for resource a17a6982-b1cd-4aca-b772-f22737fa8158 (type: security_group_rules) to 0
2026-05-27 20:50:37.773 9 INFO neutron.db.segments_db [None req-358f37d2-2887-49ac-a3f6-343ef8445f2b dc056c8deb23431ba2e9beda89dcabc5 3b35cac60b1d460183a5b1fb0ab2fa31 - - default default] Added segment f187bc0c-09a0-4ffa-b577-fb794974751d of type geneve for network 69b20b42-e2e1-4f71-8d82-e6a44c60bb53
2026-05-27 20:50:37.787 10 INFO neutron.db.segments_db [None req-549738c5-37a2-4848-ab59-f9a938383187 392bdb423792479cbb77b180c9a99434 be481a30ccb3438f9f8dd767a2ceca1e - - default default] Added segment 6e3b225a-6c49-47d5-b0be-028b1b347e7c of type geneve for network 1714e1b9-b3b3-403e-a6d0-1bf55829c252
2026-05-27 20:50:37.877 10 INFO neutron.db.ovn_revision_numbers_db [None req-29e3c505-13be-4c77-9faf-324d57258aa2 c7aef7122aed43fb98a77ae8928c148b 60a71b2f3ea2469690888e4695482d6c - - default default] Successfully bumped revision number for resource 543359cc-4316-4396-93d6-e4e52c99d043 (type: router_ports) to 1
2026-05-27 20:50:37.881 10 INFO neutron.api.wsgi [None req-29e3c505-13be-4c77-9faf-324d57258aa2 c7aef7122aed43fb98a77ae8928c148b 60a71b2f3ea2469690888e4695482d6c - - default default] 10.0.0.203 "PUT /v2.0/routers/84b52c65-73bd-4500-9e10-7c316ae2bd50/add_router_interface HTTP/1.1" status: 200 len: 503 time: 2.1348376
2026-05-27 20:50:37.889 10 WARNING neutron_lib.context [None req-96dadf2d-a7de-4bb1-84d2-669760fed8b4 c7aef7122aed43fb98a77ae8928c148b 60a71b2f3ea2469690888e4695482d6c - - default default] Method 'is_advsvc' is deprecated since 2023.2 release (neutron-lib 3.8.0) and will be removed once support for the old RBAC API policies will be removed from Neutron. Please use method 'is_service_role' instead.
2026-05-27 20:50:37.915 10 INFO neutron.db.ovn_revision_numbers_db [None req-549738c5-37a2-4848-ab59-f9a938383187 392bdb423792479cbb77b180c9a99434 be481a30ccb3438f9f8dd767a2ceca1e - - default default] Successfully bumped revision number for resource 1714e1b9-b3b3-403e-a6d0-1bf55829c252 (type: networks) to 1
2026-05-27 20:50:37.959 9 INFO neutron.db.ovn_revision_numbers_db [None req-358f37d2-2887-49ac-a3f6-343ef8445f2b dc056c8deb23431ba2e9beda89dcabc5 3b35cac60b1d460183a5b1fb0ab2fa31 - - default default] Successfully bumped revision number for resource f9bb56cc-16dd-4a4d-937e-5e428430941b (type: networks) to 1
2026-05-27 20:50:38.117 10 WARNING neutron.scheduler.dhcp_agent_scheduler [None req-549738c5-37a2-4848-ab59-f9a938383187 392bdb423792479cbb77b180c9a99434 be481a30ccb3438f9f8dd767a2ceca1e - - default default] No more DHCP agents
2026-05-27 20:50:38.121 10 WARNING neutron.api.rpc.agentnotifiers.dhcp_rpc_agent_api [None req-549738c5-37a2-4848-ab59-f9a938383187 392bdb423792479cbb77b180c9a99434 be481a30ccb3438f9f8dd767a2ceca1e - - default default] Unable to schedule network 1714e1b9-b3b3-403e-a6d0-1bf55829c252: no agents available; will retry on subsequent port and subnet creation events.
2026-05-27 20:50:38.136 9 WARNING neutron.scheduler.dhcp_agent_scheduler [None req-358f37d2-2887-49ac-a3f6-343ef8445f2b dc056c8deb23431ba2e9beda89dcabc5 3b35cac60b1d460183a5b1fb0ab2fa31 - - default default] No more DHCP agents
2026-05-27 20:50:38.138 9 WARNING neutron.api.rpc.agentnotifiers.dhcp_rpc_agent_api [None req-358f37d2-2887-49ac-a3f6-343ef8445f2b dc056c8deb23431ba2e9beda89dcabc5 3b35cac60b1d460183a5b1fb0ab2fa31 - - default default] Unable to schedule network f9bb56cc-16dd-4a4d-937e-5e428430941b: no agents available; will retry on subsequent port and subnet creation events.
2026-05-27 20:50:38.139 9 WARNING neutron.scheduler.dhcp_agent_scheduler [None req-057c09e8-a8e9-4199-95bc-f8a998a427bb fc367df31778448aa17158a4cc8163ac 14333cf1279c42fdadeb68f5ee570e6a - - default default] No more DHCP agents
2026-05-27 20:50:38.141 9 WARNING neutron.api.rpc.agentnotifiers.dhcp_rpc_agent_api [None req-057c09e8-a8e9-4199-95bc-f8a998a427bb fc367df31778448aa17158a4cc8163ac 14333cf1279c42fdadeb68f5ee570e6a - - default default] Unable to schedule network 1cc437aa-4447-4aa4-bff5-1c80ac80f8b2: no agents available; will retry on subsequent port and subnet creation events.
2026-05-27 20:50:38.200 10 INFO neutron.db.ovn_revision_numbers_db [None req-549738c5-37a2-4848-ab59-f9a938383187 392bdb423792479cbb77b180c9a99434 be481a30ccb3438f9f8dd767a2ceca1e - - default default] Successfully bumped revision number for resource 8f175f91-a0c2-4726-9f09-c732867127be (type: ports) to 1
2026-05-27 20:50:38.204 9 INFO neutron.db.ovn_revision_numbers_db [None req-358f37d2-2887-49ac-a3f6-343ef8445f2b dc056c8deb23431ba2e9beda89dcabc5 3b35cac60b1d460183a5b1fb0ab2fa31 - - default default] Successfully bumped revision number for resource eab0f842-296e-4e4b-b459-cd5a139e803a (type: ports) to 1
2026-05-27 20:50:38.231 10 INFO neutron.api.wsgi [None req-549738c5-37a2-4848-ab59-f9a938383187 392bdb423792479cbb77b180c9a99434 be481a30ccb3438f9f8dd767a2ceca1e - - default default] 10.0.0.203 "POST /v2.0/networks HTTP/1.1" status: 201 len: 844 time: 1.0383422
2026-05-27 20:50:38.238 10 WARNING neutron.scheduler.dhcp_agent_scheduler [None req-96dadf2d-a7de-4bb1-84d2-669760fed8b4 c7aef7122aed43fb98a77ae8928c148b 60a71b2f3ea2469690888e4695482d6c - - default default] No more DHCP agents
2026-05-27 20:50:38.242 9 WARNING neutron_lib.context [None req-96ae4c6b-dcf9-4c0f-9e1a-4dfcdfcab6a9 392bdb423792479cbb77b180c9a99434 be481a30ccb3438f9f8dd767a2ceca1e - - default default] Method 'is_advsvc' is deprecated since 2023.2 release (neutron-lib 3.8.0) and will be removed once support for the old RBAC API policies will be removed from Neutron. Please use method 'is_service_role' instead.
2026-05-27 20:50:38.243 10 WARNING neutron.api.rpc.agentnotifiers.dhcp_rpc_agent_api [None req-96dadf2d-a7de-4bb1-84d2-669760fed8b4 c7aef7122aed43fb98a77ae8928c148b 60a71b2f3ea2469690888e4695482d6c - - default default] Unable to schedule network 8bd5074b-9752-4928-ae15-55ba01053cfe: no agents available; will retry on subsequent port and subnet creation events.
2026-05-27 20:50:38.286 9 INFO neutron.db.ovn_revision_numbers_db [None req-358f37d2-2887-49ac-a3f6-343ef8445f2b dc056c8deb23431ba2e9beda89dcabc5 3b35cac60b1d460183a5b1fb0ab2fa31 - - default default] Successfully bumped revision number for resource 69b20b42-e2e1-4f71-8d82-e6a44c60bb53 (type: networks) to 1
2026-05-27 20:50:38.287 9 INFO neutron.db.ovn_revision_numbers_db [None req-057c09e8-a8e9-4199-95bc-f8a998a427bb fc367df31778448aa17158a4cc8163ac 14333cf1279c42fdadeb68f5ee570e6a - - default default] Successfully bumped revision number for resource 3530329b-61b2-40ba-93b0-6e525511e7b5 (type: ports) to 1
2026-05-27 20:50:38.363 10 INFO neutron.db.ovn_revision_numbers_db [None req-96dadf2d-a7de-4bb1-84d2-669760fed8b4 c7aef7122aed43fb98a77ae8928c148b 60a71b2f3ea2469690888e4695482d6c - - default default] Successfully bumped revision number for resource 3cc49fdf-35d4-4eb4-a27f-284b5421daec (type: ports) to 1
2026-05-27 20:50:38.382 10 INFO neutron.api.wsgi [None req-96dadf2d-a7de-4bb1-84d2-669760fed8b4 c7aef7122aed43fb98a77ae8928c148b 60a71b2f3ea2469690888e4695482d6c - - default default] 10.0.0.203 "POST /v2.0/ports HTTP/1.1" status: 201 len: 1154 time: 0.4966369 /var/lib/openstack/lib/python3.12/site-packages/pycadf/identifier.py:71: UserWarning: Invalid uuid: neutron. To ensure interoperability, identifiers should be a valid uuid. warnings.warn(('Invalid uuid: %s. To ensure interoperability, '
2026-05-27 20:50:38.392 10 WARNING neutron_lib.context [None req-e9ee96d6-49cf-413d-9639-b32336cb8ed6 c7aef7122aed43fb98a77ae8928c148b 60a71b2f3ea2469690888e4695482d6c - - default default] Method 'is_advsvc' is deprecated since 2023.2 release (neutron-lib 3.8.0) and will be removed once support for the old RBAC API policies will be removed from Neutron. Please use method 'is_service_role' instead.
2026-05-27 20:50:38.563 9 WARNING neutron.scheduler.dhcp_agent_scheduler [None req-358f37d2-2887-49ac-a3f6-343ef8445f2b dc056c8deb23431ba2e9beda89dcabc5 3b35cac60b1d460183a5b1fb0ab2fa31 - - default default] No more DHCP agents
2026-05-27 20:50:38.567 9 WARNING neutron.api.rpc.agentnotifiers.dhcp_rpc_agent_api [None req-358f37d2-2887-49ac-a3f6-343ef8445f2b dc056c8deb23431ba2e9beda89dcabc5 3b35cac60b1d460183a5b1fb0ab2fa31 - - default default] Unable to schedule network 69b20b42-e2e1-4f71-8d82-e6a44c60bb53: no agents available; will retry on subsequent port and subnet creation events.
2026-05-27 20:50:38.602 9 WARNING neutron.scheduler.dhcp_agent_scheduler [None req-96ae4c6b-dcf9-4c0f-9e1a-4dfcdfcab6a9 392bdb423792479cbb77b180c9a99434 be481a30ccb3438f9f8dd767a2ceca1e - - default default] No more DHCP agents
2026-05-27 20:50:38.607 9 WARNING neutron.api.rpc.agentnotifiers.dhcp_rpc_agent_api [None req-96ae4c6b-dcf9-4c0f-9e1a-4dfcdfcab6a9 392bdb423792479cbb77b180c9a99434 be481a30ccb3438f9f8dd767a2ceca1e - - default default] Unable to schedule network 1714e1b9-b3b3-403e-a6d0-1bf55829c252: no agents available; will retry on subsequent port and subnet creation events.
2026-05-27 20:50:38.664 10 WARNING neutron.scheduler.dhcp_agent_scheduler [None req-e9ee96d6-49cf-413d-9639-b32336cb8ed6 c7aef7122aed43fb98a77ae8928c148b 60a71b2f3ea2469690888e4695482d6c - - default default] No more DHCP agents
2026-05-27 20:50:38.665 10 WARNING neutron.api.rpc.agentnotifiers.dhcp_rpc_agent_api [None req-e9ee96d6-49cf-413d-9639-b32336cb8ed6 c7aef7122aed43fb98a77ae8928c148b 60a71b2f3ea2469690888e4695482d6c - - default default] Unable to schedule network 8bd5074b-9752-4928-ae15-55ba01053cfe: no agents available; will retry on subsequent port and subnet creation events.
2026-05-27 20:50:38.671 9 INFO neutron.db.ovn_revision_numbers_db [None req-358f37d2-2887-49ac-a3f6-343ef8445f2b dc056c8deb23431ba2e9beda89dcabc5 3b35cac60b1d460183a5b1fb0ab2fa31 - - default default] Successfully bumped revision number for resource 52b9e0e8-86b1-4ab3-9680-8033368ff64a (type: ports) to 1
2026-05-27 20:50:38.705 9 INFO neutron.api.wsgi [None req-358f37d2-2887-49ac-a3f6-343ef8445f2b dc056c8deb23431ba2e9beda89dcabc5 3b35cac60b1d460183a5b1fb0ab2fa31 - - default default] 10.0.0.203 "POST /v2.0/networks HTTP/1.1" status: 201 len: 1446 time: 1.6918948
2026-05-27 20:50:38.712 9 INFO neutron.db.ovn_revision_numbers_db [None req-96ae4c6b-dcf9-4c0f-9e1a-4dfcdfcab6a9 392bdb423792479cbb77b180c9a99434 be481a30ccb3438f9f8dd767a2ceca1e - - default default] Successfully bumped revision number for resource f831926b-dbc9-41ae-b01e-b25a0cabd460 (type: ports) to 1 /var/lib/openstack/lib/python3.12/site-packages/pycadf/identifier.py:71: UserWarning: Invalid uuid: neutron. To ensure interoperability, identifiers should be a valid uuid. warnings.warn(('Invalid uuid: %s. To ensure interoperability, '
2026-05-27 20:50:38.749 9 INFO neutron.api.wsgi [None req-96ae4c6b-dcf9-4c0f-9e1a-4dfcdfcab6a9 392bdb423792479cbb77b180c9a99434 be481a30ccb3438f9f8dd767a2ceca1e - - default default] 10.0.0.203 "POST /v2.0/ports HTTP/1.1" status: 201 len: 973 time: 0.5129895 /var/lib/openstack/lib/python3.12/site-packages/pycadf/identifier.py:71: UserWarning: Invalid uuid: neutron. To ensure interoperability, identifiers should be a valid uuid. warnings.warn(('Invalid uuid: %s. To ensure interoperability, '
2026-05-27 20:50:38.770 10 WARNING neutron_lib.context [None req-a745c4db-541a-477f-bbd8-3d59861c8596 392bdb423792479cbb77b180c9a99434 be481a30ccb3438f9f8dd767a2ceca1e - - default default] Method 'is_advsvc' is deprecated since 2023.2 release (neutron-lib 3.8.0) and will be removed once support for the old RBAC API policies will be removed from Neutron. Please use method 'is_service_role' instead.
2026-05-27 20:50:38.786 9 INFO neutron.api.wsgi [None req-07f3b6b7-b2b2-4f49-a01c-bc38471af6e7 dc056c8deb23431ba2e9beda89dcabc5 3b35cac60b1d460183a5b1fb0ab2fa31 - - default default] 10.0.0.203 "GET /v2.0/networks HTTP/1.1" status: 200 len: 2052 time: 0.0764778
2026-05-27 20:50:38.801 10 INFO neutron.db.ovn_revision_numbers_db [None req-e9ee96d6-49cf-413d-9639-b32336cb8ed6 c7aef7122aed43fb98a77ae8928c148b 60a71b2f3ea2469690888e4695482d6c - - default default] Successfully bumped revision number for resource af92c5f3-3a66-46f3-94de-759d40c7ddab (type: ports) to 1
2026-05-27 20:50:38.833 10 INFO neutron.api.wsgi [None req-e9ee96d6-49cf-413d-9639-b32336cb8ed6 c7aef7122aed43fb98a77ae8928c148b 60a71b2f3ea2469690888e4695482d6c - - default default] 10.0.0.203 "POST /v2.0/ports HTTP/1.1" status: 201 len: 1153 time: 0.4476407
2026-05-27 20:50:38.846 9 WARNING neutron_lib.context [None req-7545b912-33e8-42cf-858a-f04883c2e37c c7aef7122aed43fb98a77ae8928c148b 60a71b2f3ea2469690888e4695482d6c - - default default] Method 'is_advsvc' is deprecated since 2023.2 release (neutron-lib 3.8.0) and will be removed once support for the old RBAC API policies will be removed from Neutron. Please use method 'is_service_role' instead.
2026-05-27 20:50:38.871 10 INFO neutron.db.segments_db [None req-a745c4db-541a-477f-bbd8-3d59861c8596 392bdb423792479cbb77b180c9a99434 be481a30ccb3438f9f8dd767a2ceca1e - - default default] Added segment 2df12b1d-27a3-4e74-ba5c-3b0761ef7fb7 of type geneve for network 0400c490-6f18-4834-942a-3b0e74b4e355
2026-05-27 20:50:38.998 10 INFO neutron.db.ovn_revision_numbers_db [None req-a745c4db-541a-477f-bbd8-3d59861c8596 392bdb423792479cbb77b180c9a99434 be481a30ccb3438f9f8dd767a2ceca1e - - default default] Successfully bumped revision number for resource 0400c490-6f18-4834-942a-3b0e74b4e355 (type: networks) to 1
2026-05-27 20:50:39.026 9 INFO neutron.plugins.ml2.drivers.ovn.mech_driver.ovsdb.commands [None req-4ba7c390-9a8f-4b6a-aca0-0bb6b83b15ec - - - - - -] Schedule LRP lrp-3530329b-61b2-40ba-93b0-6e525511e7b5 on gateway 441fa924-19ea-43d1-9828-bf801db9e3d5 with priority 1
2026-05-27 20:50:39.052 9 INFO neutron.plugins.ml2.drivers.ovn.mech_driver.ovsdb.ovsdb_monitor [None req-0c3c210c-1861-48e9-9906-288fbcbc2fdd - - - - - -] Router 8ce43476-81be-4cdc-a08d-90b1862c0478 is bound to host instance
2026-05-27 20:50:39.088 9 INFO neutron.db.ovn_revision_numbers_db [None req-057c09e8-a8e9-4199-95bc-f8a998a427bb fc367df31778448aa17158a4cc8163ac 14333cf1279c42fdadeb68f5ee570e6a - - default default] Successfully bumped revision number for resource 3530329b-61b2-40ba-93b0-6e525511e7b5 (type: router_ports) to 1
2026-05-27 20:50:39.132 10 INFO neutron.services.segments.plugin [-] Segment 05672f5f-7cc5-4787-b8d1-db0a94173763 resource provider aggregate not found
2026-05-27 20:50:39.136 10 INFO neutron.services.segments.plugin [-] Segment 05672f5f-7cc5-4787-b8d1-db0a94173763 resource provider aggregate not found
2026-05-27 20:50:39.150 10 INFO neutron.services.segments.plugin [-] Segment 05672f5f-7cc5-4787-b8d1-db0a94173763 resource provider not found; error: Placement Client Error (4xx): {"errors": [{"status": 404, "title": "Not Found", "detail": "The resource could not be found.\n\n No resource provider with uuid 05672f5f-7cc5-4787-b8d1-db0a94173763 found for delete ", "request_id": "req-0567baae-470e-48d2-975e-4da50c0db791"}]}
2026-05-27 20:50:39.154 10 INFO neutron.services.segments.plugin [-] Segment 05672f5f-7cc5-4787-b8d1-db0a94173763 resource provider not found; error: Placement Client Error (4xx): {"errors": [{"status": 404, "title": "Not Found", "detail": "The resource could not be found.\n\n No resource provider with uuid 05672f5f-7cc5-4787-b8d1-db0a94173763 found for delete ", "request_id": "req-01e62d79-1f12-4c06-b48a-21f0d35170e8"}]}
2026-05-27 20:50:39.155 9 WARNING neutron.scheduler.dhcp_agent_scheduler [None req-7545b912-33e8-42cf-858a-f04883c2e37c c7aef7122aed43fb98a77ae8928c148b 60a71b2f3ea2469690888e4695482d6c - - default default] No more DHCP agents
2026-05-27 20:50:39.158 9 WARNING neutron.api.rpc.agentnotifiers.dhcp_rpc_agent_api [None req-7545b912-33e8-42cf-858a-f04883c2e37c c7aef7122aed43fb98a77ae8928c148b 60a71b2f3ea2469690888e4695482d6c - - default default] Unable to schedule network 1cc437aa-4447-4aa4-bff5-1c80ac80f8b2: no agents available; will retry on subsequent port and subnet creation events.
2026-05-27 20:50:39.168 10 WARNING neutron.scheduler.dhcp_agent_scheduler [None req-a745c4db-541a-477f-bbd8-3d59861c8596 392bdb423792479cbb77b180c9a99434 be481a30ccb3438f9f8dd767a2ceca1e - - default default] No more DHCP agents
2026-05-27 20:50:39.169 10 WARNING neutron.api.rpc.agentnotifiers.dhcp_rpc_agent_api [None req-a745c4db-541a-477f-bbd8-3d59861c8596 392bdb423792479cbb77b180c9a99434 be481a30ccb3438f9f8dd767a2ceca1e - - default default] Unable to schedule network 0400c490-6f18-4834-942a-3b0e74b4e355: no agents available; will retry on subsequent port and subnet creation events.
2026-05-27 20:50:39.174 9 INFO neutron.db.ovn_revision_numbers_db [None req-057c09e8-a8e9-4199-95bc-f8a998a427bb fc367df31778448aa17158a4cc8163ac 14333cf1279c42fdadeb68f5ee570e6a - - default default] Successfully bumped revision number for resource 8ce43476-81be-4cdc-a08d-90b1862c0478 (type: routers) to 2
2026-05-27 20:50:39.184 10 INFO neutron.api.wsgi [None req-cf47e150-b632-4da0-8401-bf5d8c8e02d8 dc056c8deb23431ba2e9beda89dcabc5 3b35cac60b1d460183a5b1fb0ab2fa31 - - default default] 10.0.0.203 "DELETE /v2.0/networks/f9bb56cc-16dd-4a4d-937e-5e428430941b HTTP/1.1" status: 204 len: 168 time: 0.3926063
2026-05-27 20:50:39.194 9 INFO neutron.api.wsgi [None req-057c09e8-a8e9-4199-95bc-f8a998a427bb fc367df31778448aa17158a4cc8163ac 14333cf1279c42fdadeb68f5ee570e6a - - default default] 10.0.0.203 "POST /v2.0/routers HTTP/1.1" status: 201 len: 1170 time: 1.5102489
2026-05-27 20:50:39.255 10 INFO neutron.db.ovn_revision_numbers_db [None req-a745c4db-541a-477f-bbd8-3d59861c8596 392bdb423792479cbb77b180c9a99434 be481a30ccb3438f9f8dd767a2ceca1e - - default default] Successfully bumped revision number for resource 09db276a-f714-4e1d-b9e5-67fba898dbd0 (type: ports) to 1
2026-05-27 20:50:39.283 10 INFO neutron.api.wsgi [None req-a745c4db-541a-477f-bbd8-3d59861c8596 392bdb423792479cbb77b180c9a99434 be481a30ccb3438f9f8dd767a2ceca1e - - default default] 10.0.0.203 "POST /v2.0/networks HTTP/1.1" status: 201 len: 831 time: 0.5244203
2026-05-27 20:50:39.293 10 WARNING neutron_lib.context [None req-71541f8f-f63b-49a3-85ca-b96701196015 392bdb423792479cbb77b180c9a99434 be481a30ccb3438f9f8dd767a2ceca1e - - default default] Method 'is_advsvc' is deprecated since 2023.2 release (neutron-lib 3.8.0) and will be removed once support for the old RBAC API policies will be removed from Neutron. Please use method 'is_service_role' instead.
2026-05-27 20:50:39.492 10 WARNING neutron.scheduler.dhcp_agent_scheduler [None req-71541f8f-f63b-49a3-85ca-b96701196015 392bdb423792479cbb77b180c9a99434 be481a30ccb3438f9f8dd767a2ceca1e - - default default] No more DHCP agents
2026-05-27 20:50:39.493 10 WARNING neutron.api.rpc.agentnotifiers.dhcp_rpc_agent_api [None req-71541f8f-f63b-49a3-85ca-b96701196015 392bdb423792479cbb77b180c9a99434 be481a30ccb3438f9f8dd767a2ceca1e - - default default] Unable to schedule network 0400c490-6f18-4834-942a-3b0e74b4e355: no agents available; will retry on subsequent port and subnet creation events.
2026-05-27 20:50:39.552 10 INFO neutron.api.wsgi [None req-d4b52bce-bbca-45ea-8ba1-b22bd3639c52 dc056c8deb23431ba2e9beda89dcabc5 3b35cac60b1d460183a5b1fb0ab2fa31 - - default default] 10.0.0.203 "DELETE /v2.0/networks/69b20b42-e2e1-4f71-8d82-e6a44c60bb53 HTTP/1.1" status: 204 len: 168 time: 0.3613224
2026-05-27 20:50:39.609 10 INFO neutron.api.wsgi [None req-477a1dc3-0d8a-4beb-a41b-1ea4fe252858 dc056c8deb23431ba2e9beda89dcabc5 3b35cac60b1d460183a5b1fb0ab2fa31 - - default default] 10.0.0.203 "GET /v2.0/networks HTTP/1.1" status: 200 len: 845 time: 0.0504117
2026-05-27 20:50:39.620 10 WARNING neutron_lib.context [None req-17388c3c-d7b6-437e-94aa-6593847ccbd0 dc056c8deb23431ba2e9beda89dcabc5 3b35cac60b1d460183a5b1fb0ab2fa31 - - default default] Method 'is_advsvc' is deprecated since 2023.2 release (neutron-lib 3.8.0) and will be removed once support for the old RBAC API policies will be removed from Neutron. Please use method 'is_service_role' instead.
2026-05-27 20:50:39.719 10 INFO neutron.db.segments_db [None req-17388c3c-d7b6-437e-94aa-6593847ccbd0 dc056c8deb23431ba2e9beda89dcabc5 3b35cac60b1d460183a5b1fb0ab2fa31 - - default default] Added segment 052c668d-18c8-402d-abc9-1f77daf61840 of type geneve for network 9dc46e6d-40f1-4de2-bf51-f53312e0d319
2026-05-27 20:50:39.841 10 INFO neutron.db.ovn_revision_numbers_db [None req-17388c3c-d7b6-437e-94aa-6593847ccbd0 dc056c8deb23431ba2e9beda89dcabc5 3b35cac60b1d460183a5b1fb0ab2fa31 - - default default] Successfully bumped revision number for resource 9dc46e6d-40f1-4de2-bf51-f53312e0d319 (type: networks) to 1
2026-05-27 20:50:39.935 9 INFO neutron.db.ovn_revision_numbers_db [None req-c5001452-8950-45a2-952f-111023be1dab - - - - - -] Successfully bumped revision number for resource 3530329b-61b2-40ba-93b0-6e525511e7b5 (type: ports) to 1
2026-05-27 20:50:39.999 10 WARNING neutron.scheduler.dhcp_agent_scheduler [None req-17388c3c-d7b6-437e-94aa-6593847ccbd0 dc056c8deb23431ba2e9beda89dcabc5 3b35cac60b1d460183a5b1fb0ab2fa31 - - default default] No more DHCP agents
2026-05-27 20:50:40.000 10 WARNING neutron.api.rpc.agentnotifiers.dhcp_rpc_agent_api [None req-17388c3c-d7b6-437e-94aa-6593847ccbd0 dc056c8deb23431ba2e9beda89dcabc5 3b35cac60b1d460183a5b1fb0ab2fa31 - - default default] Unable to schedule network 9dc46e6d-40f1-4de2-bf51-f53312e0d319: no agents available; will retry on subsequent port and subnet creation events.
2026-05-27 20:50:40.017 10 INFO neutron.db.ovn_revision_numbers_db [None req-5cce7be0-342d-46d6-8627-27189ca37ad4 - - - - - -] Successfully bumped revision number for resource 09db276a-f714-4e1d-b9e5-67fba898dbd0 (type: ports) to 2
2026-05-27 20:50:40.051 10 INFO neutron.db.ovn_revision_numbers_db [None req-5cce7be0-342d-46d6-8627-27189ca37ad4 - - - - - -] Successfully bumped revision number for resource a30974d1-5fdc-4d2b-a142-76cbc8f718e7 (type: subnets) to 0
2026-05-27 20:50:40.064 10 INFO neutron.api.wsgi [None req-71541f8f-f63b-49a3-85ca-b96701196015 392bdb423792479cbb77b180c9a99434 be481a30ccb3438f9f8dd767a2ceca1e - - default default] 10.0.0.203 "POST /v2.0/subnets HTTP/1.1" status: 201 len: 825 time: 0.7763622
2026-05-27 20:50:40.067 10 INFO neutron.db.ovn_revision_numbers_db [None req-17388c3c-d7b6-437e-94aa-6593847ccbd0 dc056c8deb23431ba2e9beda89dcabc5 3b35cac60b1d460183a5b1fb0ab2fa31 - - default default] Successfully bumped revision number for resource 4e6ba6dc-ac0f-47d9-9a08-dd2d66edc8c2 (type: ports) to 1
2026-05-27 20:50:40.073 10 WARNING neutron_lib.context [None req-7f19bc25-80d6-432b-a304-de43c3414fbd 392bdb423792479cbb77b180c9a99434 be481a30ccb3438f9f8dd767a2ceca1e - - default default] Method 'is_advsvc' is deprecated since 2023.2 release (neutron-lib 3.8.0) and will be removed once support for the old RBAC API policies will be removed from Neutron. Please use method 'is_service_role' instead.
2026-05-27 20:50:40.091 10 INFO neutron.api.wsgi [None req-17388c3c-d7b6-437e-94aa-6593847ccbd0 dc056c8deb23431ba2e9beda89dcabc5 3b35cac60b1d460183a5b1fb0ab2fa31 - - default default] 10.0.0.203 "POST /v2.0/networks HTTP/1.1" status: 201 len: 853 time: 0.4753077
2026-05-27 20:50:40.099 10 WARNING neutron_lib.context [None req-407db8cb-d85f-4b13-97c5-805b62b29850 dc056c8deb23431ba2e9beda89dcabc5 3b35cac60b1d460183a5b1fb0ab2fa31 - - default default] Method 'is_advsvc' is deprecated since 2023.2 release (neutron-lib 3.8.0) and will be removed once support for the old RBAC API policies will be removed from Neutron. Please use method 'is_service_role' instead.
2026-05-27 20:50:40.107 9 WARNING neutron.scheduler.dhcp_agent_scheduler [None req-497147eb-6162-45ff-8085-71657fdfa65b fc367df31778448aa17158a4cc8163ac 14333cf1279c42fdadeb68f5ee570e6a - - default default] No more DHCP agents
2026-05-27 20:50:40.111 9 WARNING neutron.api.rpc.agentnotifiers.dhcp_rpc_agent_api [None req-497147eb-6162-45ff-8085-71657fdfa65b fc367df31778448aa17158a4cc8163ac 14333cf1279c42fdadeb68f5ee570e6a - - default default] Unable to schedule network 5a19adaa-8a62-4616-a279-b8517b295e42: no agents available; will retry on subsequent port and subnet creation events.
2026-05-27 20:50:40.180 10 INFO neutron.db.segments_db [None req-407db8cb-d85f-4b13-97c5-805b62b29850 dc056c8deb23431ba2e9beda89dcabc5 3b35cac60b1d460183a5b1fb0ab2fa31 - - default default] Added segment d0250d7f-dfb9-4041-9c7c-d2626ac0bedb of type geneve for network ba1ba02d-7206-48a7-9a74-7c4921b405a8
2026-05-27 20:50:40.338 10 INFO neutron.db.ovn_revision_numbers_db [None req-407db8cb-d85f-4b13-97c5-805b62b29850 dc056c8deb23431ba2e9beda89dcabc5 3b35cac60b1d460183a5b1fb0ab2fa31 - - default default] Successfully bumped revision number for resource ba1ba02d-7206-48a7-9a74-7c4921b405a8 (type: networks) to 1
2026-05-27 20:50:40.351 9 INFO neutron.db.ovn_revision_numbers_db [None req-497147eb-6162-45ff-8085-71657fdfa65b fc367df31778448aa17158a4cc8163ac 14333cf1279c42fdadeb68f5ee570e6a - - default default] Successfully bumped revision number for resource 1091a397-3dfc-4884-9979-dc0e83d6b47b (type: ports) to 1
2026-05-27 20:50:40.391 9 INFO neutron.db.ovn_revision_numbers_db [None req-7545b912-33e8-42cf-858a-f04883c2e37c c7aef7122aed43fb98a77ae8928c148b 60a71b2f3ea2469690888e4695482d6c - - default default] Successfully bumped revision number for resource c63e2d29-489f-4c97-a9f9-4a2cdc70d072 (type: floatingips) to -1
2026-05-27 20:50:40.409 10 WARNING neutron.scheduler.dhcp_agent_scheduler [None req-7f19bc25-80d6-432b-a304-de43c3414fbd 392bdb423792479cbb77b180c9a99434 be481a30ccb3438f9f8dd767a2ceca1e - - default default] No more DHCP agents
2026-05-27 20:50:40.412 10 WARNING neutron.api.rpc.agentnotifiers.dhcp_rpc_agent_api [None req-7f19bc25-80d6-432b-a304-de43c3414fbd 392bdb423792479cbb77b180c9a99434 be481a30ccb3438f9f8dd767a2ceca1e - - default default] Unable to schedule network 0400c490-6f18-4834-942a-3b0e74b4e355: no agents available; will retry on subsequent port and subnet creation events.
2026-05-27 20:50:40.473 9 INFO neutron.api.wsgi [-] 10.0.0.96 "GET / HTTP/1.1" status: 200 len: 247 time: 0.0014057
2026-05-27 20:50:40.474 9 INFO neutron.api.wsgi [-] 10.0.0.96 "GET / HTTP/1.1" status: 200 len: 247 time: 0.0008852
2026-05-27 20:50:40.504 10 WARNING neutron.scheduler.dhcp_agent_scheduler [None req-407db8cb-d85f-4b13-97c5-805b62b29850 dc056c8deb23431ba2e9beda89dcabc5 3b35cac60b1d460183a5b1fb0ab2fa31 - - default default] No more DHCP agents
2026-05-27 20:50:40.506 10 WARNING neutron.api.rpc.agentnotifiers.dhcp_rpc_agent_api [None req-407db8cb-d85f-4b13-97c5-805b62b29850 dc056c8deb23431ba2e9beda89dcabc5 3b35cac60b1d460183a5b1fb0ab2fa31 - - default default] Unable to schedule network ba1ba02d-7206-48a7-9a74-7c4921b405a8: no agents available; will retry on subsequent port and subnet creation events.
2026-05-27 20:50:40.528 9 INFO neutron.db.ovn_revision_numbers_db [None req-c5001452-8950-45a2-952f-111023be1dab - - - - - -] Successfully bumped revision number for resource 3530329b-61b2-40ba-93b0-6e525511e7b5 (type: ports) to 4
2026-05-27 20:50:40.554 10 INFO neutron.db.ovn_revision_numbers_db [None req-7f19bc25-80d6-432b-a304-de43c3414fbd 392bdb423792479cbb77b180c9a99434 be481a30ccb3438f9f8dd767a2ceca1e - - default default] Successfully bumped revision number for resource c7999271-f84c-4c5c-a8e7-9badd753b622 (type: ports) to 1
2026-05-27 20:50:40.567 10 INFO neutron.db.ovn_revision_numbers_db [None req-407db8cb-d85f-4b13-97c5-805b62b29850 dc056c8deb23431ba2e9beda89dcabc5 3b35cac60b1d460183a5b1fb0ab2fa31 - - default default] Successfully bumped revision number for resource 57d8d60a-5f63-4fbc-881c-b733580d362e (type: ports) to 1
2026-05-27 20:50:40.575 9 INFO neutron.db.ovn_revision_numbers_db [None req-7545b912-33e8-42cf-858a-f04883c2e37c c7aef7122aed43fb98a77ae8928c148b 60a71b2f3ea2469690888e4695482d6c - - default default] Successfully bumped revision number for resource c63e2d29-489f-4c97-a9f9-4a2cdc70d072 (type: floatingips) to 1
2026-05-27 20:50:40.575 9 INFO neutron.db.l3_db [None req-7545b912-33e8-42cf-858a-f04883c2e37c c7aef7122aed43fb98a77ae8928c148b 60a71b2f3ea2469690888e4695482d6c - - default default] Floating IP c63e2d29-489f-4c97-a9f9-4a2cdc70d072 associated. External IP: 10.96.250.213, port: af92c5f3-3a66-46f3-94de-759d40c7ddab.
2026-05-27 20:50:40.577 10 INFO neutron.api.wsgi [None req-7f19bc25-80d6-432b-a304-de43c3414fbd 392bdb423792479cbb77b180c9a99434 be481a30ccb3438f9f8dd767a2ceca1e - - default default] 10.0.0.203 "POST /v2.0/ports HTTP/1.1" status: 201 len: 1148 time: 0.5077415 /var/lib/openstack/lib/python3.12/site-packages/pycadf/identifier.py:71: UserWarning: Invalid uuid: neutron. To ensure interoperability, identifiers should be a valid uuid. warnings.warn(('Invalid uuid: %s. To ensure interoperability, '
2026-05-27 20:50:40.591 10 INFO neutron.api.wsgi [None req-407db8cb-d85f-4b13-97c5-805b62b29850 dc056c8deb23431ba2e9beda89dcabc5 3b35cac60b1d460183a5b1fb0ab2fa31 - - default default] 10.0.0.203 "POST /v2.0/networks HTTP/1.1" status: 201 len: 853 time: 0.4952738
2026-05-27 20:50:40.598 10 WARNING neutron_lib.context [None req-f9ee7ccf-a38e-4729-ac81-a8509dc1e61d dc056c8deb23431ba2e9beda89dcabc5 3b35cac60b1d460183a5b1fb0ab2fa31 - - default default] Method 'is_advsvc' is deprecated since 2023.2 release (neutron-lib 3.8.0) and will be removed once support for the old RBAC API policies will be removed from Neutron. Please use method 'is_service_role' instead.
2026-05-27 20:50:40.621 10 WARNING neutron_lib.context [None req-f9ee7ccf-a38e-4729-ac81-a8509dc1e61d dc056c8deb23431ba2e9beda89dcabc5 3b35cac60b1d460183a5b1fb0ab2fa31 - - default default] Method 'is_advsvc' is deprecated since 2023.2 release (neutron-lib 3.8.0) and will be removed once support for the old RBAC API policies will be removed from Neutron. Please use method 'is_service_role' instead.
2026-05-27 20:50:40.633 9 INFO neutron.api.wsgi [None req-7545b912-33e8-42cf-858a-f04883c2e37c c7aef7122aed43fb98a77ae8928c148b 60a71b2f3ea2469690888e4695482d6c - - default default] 10.0.0.203 "POST /v2.0/floatingips HTTP/1.1" status: 201 len: 1040 time: 1.7937610
2026-05-27 20:50:40.807 10 WARNING neutron.plugins.ml2.drivers.ovn.mech_driver.ovsdb.ovn_client [None req-34f61cf0-e608-4013-a328-917479ffb54c - - - - - -] No hosting information found for port 41f4e7d9-0160-44f2-bb26-f8c131571701: RuntimeError: No hosting information found for port 41f4e7d9-0160-44f2-bb26-f8c131571701
2026-05-27 20:50:40.835 10 INFO neutron.db.ovn_revision_numbers_db [None req-d87b4efe-14a9-4ada-b329-0e311ec730e8 c7aef7122aed43fb98a77ae8928c148b 60a71b2f3ea2469690888e4695482d6c - - default default] Successfully bumped revision number for resource c63e2d29-489f-4c97-a9f9-4a2cdc70d072 (type: floatingips) to 2
2026-05-27 20:50:40.897 10 INFO neutron.db.l3_db [None req-d87b4efe-14a9-4ada-b329-0e311ec730e8 c7aef7122aed43fb98a77ae8928c148b 60a71b2f3ea2469690888e4695482d6c - - default default] Floating IP c63e2d29-489f-4c97-a9f9-4a2cdc70d072 disassociated. External IP: 10.96.250.213, port: af92c5f3-3a66-46f3-94de-759d40c7ddab.
2026-05-27 20:50:40.934 10 INFO neutron.api.wsgi [None req-d87b4efe-14a9-4ada-b329-0e311ec730e8 c7aef7122aed43fb98a77ae8928c148b 60a71b2f3ea2469690888e4695482d6c - - default default] 10.0.0.203 "PUT /v2.0/floatingips/c63e2d29-489f-4c97-a9f9-4a2cdc70d072 HTTP/1.1" status: 200 len: 748 time: 0.2949641
2026-05-27 20:50:40.937 9 INFO neutron.db.ovn_revision_numbers_db [None req-c5001452-8950-45a2-952f-111023be1dab - - - - - -] Successfully bumped revision number for resource 3530329b-61b2-40ba-93b0-6e525511e7b5 (type: ports) to 5
2026-05-27 20:50:41.018 10 INFO neutron.api.wsgi [None req-ca1adbc8-a9e6-49a0-80f2-bb26b417f827 392bdb423792479cbb77b180c9a99434 be481a30ccb3438f9f8dd767a2ceca1e - - default default] 10.0.0.203 "DELETE /v2.0/ports/c7999271-f84c-4c5c-a8e7-9badd753b622 HTTP/1.1" status: 204 len: 168 time: 0.4350560
2026-05-27 20:50:41.041 10 INFO neutron.pecan_wsgi.hooks.translation [None req-0343d08a-50e2-4e0d-856f-355ab599a8a4 392bdb423792479cbb77b180c9a99434 be481a30ccb3438f9f8dd767a2ceca1e - - default default] DELETE failed (client error): The resource could not be found.
2026-05-27 20:50:41.043 10 INFO neutron.api.wsgi [None req-0343d08a-50e2-4e0d-856f-355ab599a8a4 392bdb423792479cbb77b180c9a99434 be481a30ccb3438f9f8dd767a2ceca1e - - default default] 10.0.0.203 "DELETE /v2.0/ports/c7999271-f84c-4c5c-a8e7-9badd753b622 HTTP/1.1" status: 404 len: 333 time: 0.0199385
2026-05-27 20:50:41.064 9 INFO neutron.pecan_wsgi.hooks.translation [None req-e3c1c820-5c42-45d1-98c4-d8e30f5f04fa 392bdb423792479cbb77b180c9a99434 be481a30ccb3438f9f8dd767a2ceca1e - - default default] GET failed (client error): The resource could not be found.
2026-05-27 20:50:41.065 9 INFO neutron.api.wsgi [None req-e3c1c820-5c42-45d1-98c4-d8e30f5f04fa 392bdb423792479cbb77b180c9a99434 be481a30ccb3438f9f8dd767a2ceca1e - - default default] 10.0.0.203 "GET /v2.0/ports/c7999271-f84c-4c5c-a8e7-9badd753b622 HTTP/1.1" status: 404 len: 333 time: 0.0138342 /var/lib/openstack/lib/python3.12/site-packages/pycadf/identifier.py:71: UserWarning: Invalid uuid: neutron. To ensure interoperability, identifiers should be a valid uuid. warnings.warn(('Invalid uuid: %s. To ensure interoperability, '
2026-05-27 20:50:41.075 9 INFO neutron.db.ovn_revision_numbers_db [None req-497147eb-6162-45ff-8085-71657fdfa65b fc367df31778448aa17158a4cc8163ac 14333cf1279c42fdadeb68f5ee570e6a - - default default] Successfully bumped revision number for resource 1091a397-3dfc-4884-9979-dc0e83d6b47b (type: ports) to 1
2026-05-27 20:50:41.121 9 WARNING neutron.scheduler.dhcp_agent_scheduler [None req-497147eb-6162-45ff-8085-71657fdfa65b fc367df31778448aa17158a4cc8163ac 14333cf1279c42fdadeb68f5ee570e6a - - default default] No more DHCP agents
2026-05-27 20:50:41.123 9 WARNING neutron.api.rpc.agentnotifiers.dhcp_rpc_agent_api [None req-497147eb-6162-45ff-8085-71657fdfa65b fc367df31778448aa17158a4cc8163ac 14333cf1279c42fdadeb68f5ee570e6a - - default default] Unable to schedule network 5a19adaa-8a62-4616-a279-b8517b295e42: no agents available; will retry on subsequent port and subnet creation events.
2026-05-27 20:50:41.175 10 INFO neutron.services.segments.plugin [-] Segment f187bc0c-09a0-4ffa-b577-fb794974751d resource provider aggregate not found
2026-05-27 20:50:41.179 10 INFO neutron.services.segments.plugin [-] Segment f187bc0c-09a0-4ffa-b577-fb794974751d resource provider aggregate not found
2026-05-27 20:50:41.193 10 INFO neutron.services.segments.plugin [-] Segment f187bc0c-09a0-4ffa-b577-fb794974751d resource provider not found; error: Placement Client Error (4xx): {"errors": [{"status": 404, "title": "Not Found", "detail": "The resource could not be found.\n\n No resource provider with uuid f187bc0c-09a0-4ffa-b577-fb794974751d found for delete ", "request_id": "req-55bb0ed6-88d9-4734-879d-4f6763dfbba3"}]}
2026-05-27 20:50:41.195 10 INFO neutron.services.segments.plugin [-] Segment f187bc0c-09a0-4ffa-b577-fb794974751d resource provider not found; error: Placement Client Error (4xx): {"errors": [{"status": 404, "title": "Not Found", "detail": "The resource could not be found.\n\n No resource provider with uuid f187bc0c-09a0-4ffa-b577-fb794974751d found for delete ", "request_id": "req-0e360b79-f3de-440c-be2d-2a97c748aa74"}]}
2026-05-27 20:50:41.260 10 WARNING neutron.scheduler.dhcp_agent_scheduler [None req-f9ee7ccf-a38e-4729-ac81-a8509dc1e61d dc056c8deb23431ba2e9beda89dcabc5 3b35cac60b1d460183a5b1fb0ab2fa31 - - default default] No more DHCP agents
2026-05-27 20:50:41.264 10 WARNING neutron.api.rpc.agentnotifiers.dhcp_rpc_agent_api [None req-f9ee7ccf-a38e-4729-ac81-a8509dc1e61d dc056c8deb23431ba2e9beda89dcabc5 3b35cac60b1d460183a5b1fb0ab2fa31 - - default default] Unable to schedule network 9dc46e6d-40f1-4de2-bf51-f53312e0d319: no agents available; will retry on subsequent port and subnet creation events.
2026-05-27 20:50:41.333 10 INFO neutron.api.wsgi [None req-184ec326-ea2e-4ab6-a7af-3c10e1b9d94d 392bdb423792479cbb77b180c9a99434 be481a30ccb3438f9f8dd767a2ceca1e - - default default] 10.0.0.203 "DELETE /v2.0/subnets/a30974d1-5fdc-4d2b-a142-76cbc8f718e7 HTTP/1.1" status: 204 len: 168 time: 0.2616520 /var/lib/openstack/lib/python3.12/site-packages/pycadf/identifier.py:71: UserWarning: Invalid uuid: neutron. To ensure interoperability, identifiers should be a valid uuid. warnings.warn(('Invalid uuid: %s. To ensure interoperability, '
2026-05-27 20:50:41.353 10 INFO neutron.db.ovn_revision_numbers_db [None req-f9ee7ccf-a38e-4729-ac81-a8509dc1e61d dc056c8deb23431ba2e9beda89dcabc5 3b35cac60b1d460183a5b1fb0ab2fa31 - - default default] Successfully bumped revision number for resource 1031920e-7a94-461e-b6f9-8dc1734dc92d (type: ports) to 1
2026-05-27 20:50:41.386 10 INFO neutron.api.wsgi [None req-ea771819-db9e-407d-ad68-853b29e4f255 c7aef7122aed43fb98a77ae8928c148b 60a71b2f3ea2469690888e4695482d6c - - default default] 10.0.0.203 "DELETE /v2.0/floatingips/c63e2d29-489f-4c97-a9f9-4a2cdc70d072 HTTP/1.1" status: 204 len: 168 time: 0.4449723 /var/lib/openstack/lib/python3.12/site-packages/pycadf/identifier.py:71: UserWarning: Invalid uuid: neutron. To ensure interoperability, identifiers should be a valid uuid. warnings.warn(('Invalid uuid: %s. To ensure interoperability, '
2026-05-27 20:50:41.398 10 WARNING neutron_lib.context [None req-0484a59f-dda9-4e06-8544-eb9effd3faea c7aef7122aed43fb98a77ae8928c148b 60a71b2f3ea2469690888e4695482d6c - - default default] Method 'is_advsvc' is deprecated since 2023.2 release (neutron-lib 3.8.0) and will be removed once support for the old RBAC API policies will be removed from Neutron. Please use method 'is_service_role' instead.
2026-05-27 20:50:41.419 10 WARNING neutron.scheduler.dhcp_agent_scheduler [None req-f9ee7ccf-a38e-4729-ac81-a8509dc1e61d dc056c8deb23431ba2e9beda89dcabc5 3b35cac60b1d460183a5b1fb0ab2fa31 - - default default] No more DHCP agents
2026-05-27 20:50:41.422 10 WARNING neutron.api.rpc.agentnotifiers.dhcp_rpc_agent_api [None req-f9ee7ccf-a38e-4729-ac81-a8509dc1e61d dc056c8deb23431ba2e9beda89dcabc5 3b35cac60b1d460183a5b1fb0ab2fa31 - - default default] Unable to schedule network ba1ba02d-7206-48a7-9a74-7c4921b405a8: no agents available; will retry on subsequent port and subnet creation events.
2026-05-27 20:50:41.530 10 INFO neutron.db.ovn_revision_numbers_db [None req-f9ee7ccf-a38e-4729-ac81-a8509dc1e61d dc056c8deb23431ba2e9beda89dcabc5 3b35cac60b1d460183a5b1fb0ab2fa31 - - default default] Successfully bumped revision number for resource 2c93e16e-8f0f-485f-88e9-e726a4d90fb5 (type: ports) to 1
2026-05-27 20:50:41.567 10 INFO neutron.api.wsgi [None req-f9ee7ccf-a38e-4729-ac81-a8509dc1e61d dc056c8deb23431ba2e9beda89dcabc5 3b35cac60b1d460183a5b1fb0ab2fa31 - - default default] 10.0.0.203 "POST /v2.0/ports HTTP/1.1" status: 201 len: 1705 time: 0.9727218
2026-05-27 20:50:41.704 10 WARNING neutron.scheduler.dhcp_agent_scheduler [None req-0484a59f-dda9-4e06-8544-eb9effd3faea c7aef7122aed43fb98a77ae8928c148b 60a71b2f3ea2469690888e4695482d6c - - default default] No more DHCP agents
2026-05-27 20:50:41.706 10 WARNING neutron.api.rpc.agentnotifiers.dhcp_rpc_agent_api [None req-0484a59f-dda9-4e06-8544-eb9effd3faea c7aef7122aed43fb98a77ae8928c148b 60a71b2f3ea2469690888e4695482d6c - - default default] Unable to schedule network 1cc437aa-4447-4aa4-bff5-1c80ac80f8b2: no agents available; will retry on subsequent port and subnet creation events.
2026-05-27 20:50:41.708 9 INFO neutron.db.ovn_revision_numbers_db [None req-497147eb-6162-45ff-8085-71657fdfa65b fc367df31778448aa17158a4cc8163ac 14333cf1279c42fdadeb68f5ee570e6a - - default default] Successfully bumped revision number for resource 1091a397-3dfc-4884-9979-dc0e83d6b47b (type: router_ports) to 1
2026-05-27 20:50:41.713 9 INFO neutron.api.wsgi [None req-497147eb-6162-45ff-8085-71657fdfa65b fc367df31778448aa17158a4cc8163ac 14333cf1279c42fdadeb68f5ee570e6a - - default default] 10.0.0.203 "PUT /v2.0/routers/8ce43476-81be-4cdc-a08d-90b1862c0478/add_router_interface HTTP/1.1" status: 200 len: 503 time: 2.5101168
2026-05-27 20:50:41.723 9 INFO neutron.api.wsgi [None req-fdfac3ca-be9d-4a78-81f4-d03915995144 dc056c8deb23431ba2e9beda89dcabc5 3b35cac60b1d460183a5b1fb0ab2fa31 - - default default] 10.0.0.203 "GET /v2.0/ports HTTP/1.1" status: 200 len: 3212 time: 0.1374710
2026-05-27 20:50:41.747 10 INFO neutron.api.wsgi [None req-448f7bfa-fda6-44ec-a2c9-b8062d95aad9 392bdb423792479cbb77b180c9a99434 be481a30ccb3438f9f8dd767a2ceca1e - - default default] 10.0.0.203 "DELETE /v2.0/networks/0400c490-6f18-4834-942a-3b0e74b4e355 HTTP/1.1" status: 204 len: 168 time: 0.4073918
2026-05-27 20:50:41.757 9 WARNING neutron_lib.context [None req-58969e4e-35b5-4af7-a950-af5194af5618 392bdb423792479cbb77b180c9a99434 be481a30ccb3438f9f8dd767a2ceca1e - - default default] Method 'is_advsvc' is deprecated since 2023.2 release (neutron-lib 3.8.0) and will be removed once support for the old RBAC API policies will be removed from Neutron. Please use method 'is_service_role' instead.
2026-05-27 20:50:41.854 9 INFO neutron.db.segments_db [None req-58969e4e-35b5-4af7-a950-af5194af5618 392bdb423792479cbb77b180c9a99434 be481a30ccb3438f9f8dd767a2ceca1e - - default default] Added segment 9ea8e9ad-7114-4f28-943d-16d473036433 of type geneve for network e3989f36-d712-482a-81f7-2d182dbbd11a
2026-05-27 20:50:41.990 9 INFO neutron.api.wsgi [None req-902551ca-876e-4b82-96b2-5fc34705e68c dc056c8deb23431ba2e9beda89dcabc5 3b35cac60b1d460183a5b1fb0ab2fa31 - - default default] 10.0.0.203 "DELETE /v2.0/ports/1031920e-7a94-461e-b6f9-8dc1734dc92d HTTP/1.1" status: 204 len: 168 time: 0.2618272
2026-05-27 20:50:42.009 9 INFO neutron.db.ovn_revision_numbers_db [None req-58969e4e-35b5-4af7-a950-af5194af5618 392bdb423792479cbb77b180c9a99434 be481a30ccb3438f9f8dd767a2ceca1e - - default default] Successfully bumped revision number for resource e3989f36-d712-482a-81f7-2d182dbbd11a (type: networks) to 1
2026-05-27 20:50:42.203 9 WARNING neutron.scheduler.dhcp_agent_scheduler [None req-58969e4e-35b5-4af7-a950-af5194af5618 392bdb423792479cbb77b180c9a99434 be481a30ccb3438f9f8dd767a2ceca1e - - default default] No more DHCP agents
2026-05-27 20:50:42.204 9 WARNING neutron.api.rpc.agentnotifiers.dhcp_rpc_agent_api [None req-58969e4e-35b5-4af7-a950-af5194af5618 392bdb423792479cbb77b180c9a99434 be481a30ccb3438f9f8dd767a2ceca1e - - default default] Unable to schedule network e3989f36-d712-482a-81f7-2d182dbbd11a: no agents available; will retry on subsequent port and subnet creation events.
2026-05-27 20:50:42.260 9 INFO neutron.db.ovn_revision_numbers_db [None req-58969e4e-35b5-4af7-a950-af5194af5618 392bdb423792479cbb77b180c9a99434 be481a30ccb3438f9f8dd767a2ceca1e - - default default] Successfully bumped revision number for resource 91089162-e56c-4a00-9ae4-3d8c270c66c6 (type: ports) to 1
2026-05-27 20:50:42.275 9 INFO neutron.api.wsgi [None req-96c71f03-db5b-4c62-b4a7-a728ed34b4ba dc056c8deb23431ba2e9beda89dcabc5 3b35cac60b1d460183a5b1fb0ab2fa31 - - default default] 10.0.0.203 "DELETE /v2.0/ports/2c93e16e-8f0f-485f-88e9-e726a4d90fb5 HTTP/1.1" status: 204 len: 168 time: 0.2798445
2026-05-27 20:50:42.291 9 INFO neutron.api.wsgi [None req-58969e4e-35b5-4af7-a950-af5194af5618 392bdb423792479cbb77b180c9a99434 be481a30ccb3438f9f8dd767a2ceca1e - - default default] 10.0.0.203 "POST /v2.0/networks HTTP/1.1" status: 201 len: 831 time: 0.5386703
2026-05-27 20:50:42.305 9 WARNING neutron_lib.context [None req-3d6bbf2d-084f-43c2-a6c5-f30d90064b59 392bdb423792479cbb77b180c9a99434 be481a30ccb3438f9f8dd767a2ceca1e - - default default] Method 'is_advsvc' is deprecated since 2023.2 release (neutron-lib 3.8.0) and will be removed once support for the old RBAC API policies will be removed from Neutron. Please use method 'is_service_role' instead.
2026-05-27 20:50:42.328 9 INFO neutron.api.wsgi [None req-c193a459-1990-44b9-ad14-c5d418a7f400 dc056c8deb23431ba2e9beda89dcabc5 3b35cac60b1d460183a5b1fb0ab2fa31 - - default default] 10.0.0.203 "GET /v2.0/ports HTTP/1.1" status: 200 len: 1718 time: 0.0489430
2026-05-27 20:50:42.334 10 INFO neutron.db.ovn_revision_numbers_db [None req-0484a59f-dda9-4e06-8544-eb9effd3faea c7aef7122aed43fb98a77ae8928c148b 60a71b2f3ea2469690888e4695482d6c - - default default] Successfully bumped revision number for resource e795da32-de74-451f-a069-14c4d864c0f7 (type: floatingips) to -1
2026-05-27 20:50:42.337 9 WARNING neutron_lib.context [None req-e292ee0a-479e-4f36-b94c-3a69278353b9 dc056c8deb23431ba2e9beda89dcabc5 3b35cac60b1d460183a5b1fb0ab2fa31 - - default default] Method 'is_advsvc' is deprecated since 2023.2 release (neutron-lib 3.8.0) and will be removed once support for the old RBAC API policies will be removed from Neutron. Please use method 'is_service_role' instead.
2026-05-27 20:50:42.442 9 INFO neutron.db.segments_db [None req-e292ee0a-479e-4f36-b94c-3a69278353b9 dc056c8deb23431ba2e9beda89dcabc5 3b35cac60b1d460183a5b1fb0ab2fa31 - - default default] Added segment 6f364e26-a3d3-4321-90fa-192c6b7a41c2 of type geneve for network f8b515d7-2e35-4647-9ac1-8d0b02421177
2026-05-27 20:50:42.446 10 INFO neutron.db.ovn_revision_numbers_db [None req-0484a59f-dda9-4e06-8544-eb9effd3faea c7aef7122aed43fb98a77ae8928c148b 60a71b2f3ea2469690888e4695482d6c - - default default] Successfully bumped revision number for resource e795da32-de74-451f-a069-14c4d864c0f7 (type: floatingips) to 1
2026-05-27 20:50:42.447 10 INFO neutron.db.l3_db [None req-0484a59f-dda9-4e06-8544-eb9effd3faea c7aef7122aed43fb98a77ae8928c148b 60a71b2f3ea2469690888e4695482d6c - - default default] Floating IP e795da32-de74-451f-a069-14c4d864c0f7 associated. External IP: 10.96.250.206, port: 3cc49fdf-35d4-4eb4-a27f-284b5421daec.
2026-05-27 20:50:42.484 10 INFO neutron.api.wsgi [None req-0484a59f-dda9-4e06-8544-eb9effd3faea c7aef7122aed43fb98a77ae8928c148b 60a71b2f3ea2469690888e4695482d6c - - default default] 10.0.0.203 "POST /v2.0/floatingips HTTP/1.1" status: 201 len: 1041 time: 1.0905674 /var/lib/openstack/lib/python3.12/site-packages/pycadf/identifier.py:71: UserWarning: Invalid uuid: neutron. To ensure interoperability, identifiers should be a valid uuid. warnings.warn(('Invalid uuid: %s. To ensure interoperability, '
2026-05-27 20:50:42.530 10 INFO neutron.api.wsgi [None req-cbdc8eea-8a9c-48e4-8f22-f7c8abab4cf3 c7aef7122aed43fb98a77ae8928c148b 60a71b2f3ea2469690888e4695482d6c - - default default] 10.0.0.203 "GET /v2.0/floatingips/e795da32-de74-451f-a069-14c4d864c0f7 HTTP/1.1" status: 200 len: 1038 time: 0.0414934
2026-05-27 20:50:42.534 9 WARNING neutron.scheduler.dhcp_agent_scheduler [None req-3d6bbf2d-084f-43c2-a6c5-f30d90064b59 392bdb423792479cbb77b180c9a99434 be481a30ccb3438f9f8dd767a2ceca1e - - default default] No more DHCP agents
2026-05-27 20:50:42.537 9 WARNING neutron.api.rpc.agentnotifiers.dhcp_rpc_agent_api [None req-3d6bbf2d-084f-43c2-a6c5-f30d90064b59 392bdb423792479cbb77b180c9a99434 be481a30ccb3438f9f8dd767a2ceca1e - - default default] Unable to schedule network e3989f36-d712-482a-81f7-2d182dbbd11a: no agents available; will retry on subsequent port and subnet creation events.
2026-05-27 20:50:42.582 9 INFO neutron.db.ovn_revision_numbers_db [None req-e292ee0a-479e-4f36-b94c-3a69278353b9 dc056c8deb23431ba2e9beda89dcabc5 3b35cac60b1d460183a5b1fb0ab2fa31 - - default default] Successfully bumped revision number for resource f8b515d7-2e35-4647-9ac1-8d0b02421177 (type: networks) to 1
2026-05-27 20:50:42.597 10 INFO neutron.api.wsgi [None req-46d47ad4-b9e2-4da3-8658-c71b84b74b60 c7aef7122aed43fb98a77ae8928c148b 60a71b2f3ea2469690888e4695482d6c - - default default] 10.0.0.203 "GET /v2.0/floatingips HTTP/1.1" status: 200 len: 1041 time: 0.0629427
2026-05-27 20:50:42.625 10 INFO neutron.api.wsgi [req-72d3e0e2-9c90-4a7c-a9e7-3f682a1e71e9 req-dcb4b449-1130-48af-bbb1-5f0db1158277 696490799a9c486fa514478952eeb149 237da8a303ee49e48bc0dac9791ea2c9 - - default default] 10.0.0.199 "GET /v2.0/networks?id=5a19adaa-8a62-4616-a279-b8517b295e42 HTTP/1.1" status: 200 len: 877 time: 0.0536847
2026-05-27 20:50:42.648 10 INFO neutron.api.wsgi [req-72d3e0e2-9c90-4a7c-a9e7-3f682a1e71e9 req-e1d29e76-e18c-40d4-b8ae-bd3f87cc3f88 696490799a9c486fa514478952eeb149 237da8a303ee49e48bc0dac9791ea2c9 - - default default] 10.0.0.199 "GET /v2.0/quotas/237da8a303ee49e48bc0dac9791ea2c9 HTTP/1.1" status: 200 len: 491 time: 0.0142050
2026-05-27 20:50:42.745 10 INFO neutron.api.wsgi [req-72d3e0e2-9c90-4a7c-a9e7-3f682a1e71e9 req-f6d8b14c-a6eb-4ac1-983c-e9ddac96b6fe 696490799a9c486fa514478952eeb149 237da8a303ee49e48bc0dac9791ea2c9 - - default default] 10.0.0.199 "GET /v2.0/ports?tenant_id=237da8a303ee49e48bc0dac9791ea2c9&fields=id HTTP/1.1" status: 200 len: 302 time: 0.0892065
