2026-05-27 20:49:23.191 9 INFO neutron.api.wsgi [req-bd921ee8-c0a3-4f3f-af4f-b579f43451c4 req-7d522117-d90f-4b58-8e35-804018a9516e 5b5dd77c3fdf42cba639ff92ee5df0a5 43b71fc469ca48c392750a8ed93ffc05 - - default default] 199.19.213.176 "GET /v2.0/security-groups?fields=id&fields=name&tenant_id=43b71fc469ca48c392750a8ed93ffc05 HTTP/1.1" status: 200 len: 380 time: 0.0425243
2026-05-27 20:49:23.204 9 WARNING neutron_lib.context [req-bd921ee8-c0a3-4f3f-af4f-b579f43451c4 req-1442b6f1-ebfc-4a97-800b-39ffcc2c14ae 5b5dd77c3fdf42cba639ff92ee5df0a5 43b71fc469ca48c392750a8ed93ffc05 - - default default] Method 'is_advsvc' is deprecated since 2023.2 release (neutron-lib 3.8.0) and will be removed once support for the old RBAC API policies will be removed from Neutron. Please use method 'is_service_role' instead.
2026-05-27 20:49:23.474 10 INFO neutron.api.wsgi [req-3acd7fcb-df13-4793-b82c-04c2239d143a req-bc8eeaf2-cde6-44d4-a3c8-30b3932dafb5 e3107a1923d24722834d3f15eb8abab5 648eed71e8864f19b4f80e442a30f247 - - 9475e5ee510e48719cff67af03a81c01 9475e5ee510e48719cff67af03a81c01] 10.0.0.199 "GET /v2.0/extensions HTTP/1.1" status: 200 len: 19298 time: 0.0540712
2026-05-27 20:49:23.604 10 INFO neutron.api.wsgi [req-3acd7fcb-df13-4793-b82c-04c2239d143a req-49f7c5a9-0187-4de9-8762-19a950ca1fc3 e3107a1923d24722834d3f15eb8abab5 648eed71e8864f19b4f80e442a30f247 - - 9475e5ee510e48719cff67af03a81c01 9475e5ee510e48719cff67af03a81c01] 10.0.0.199 "GET /v2.0/networks/e789b219-2f7d-4c0c-b093-7c431894722d?fields=segments HTTP/1.1" status: 200 len: 212 time: 0.0787780
2026-05-27 20:49:23.671 9 INFO neutron.api.wsgi [None req-cd8fcd18-2969-456e-bf10-4e291c9881b9 fc367df31778448aa17158a4cc8163ac 14333cf1279c42fdadeb68f5ee570e6a - - default default] 10.0.0.203 "DELETE /v2.0/routers/10bbb351-a124-49ad-aea6-a062ada73dc0 HTTP/1.1" status: 204 len: 168 time: 0.9504468
2026-05-27 20:49:23.679 10 INFO neutron.api.wsgi [req-3acd7fcb-df13-4793-b82c-04c2239d143a req-726a7f75-7926-452d-8b58-0771e6bc9660 e3107a1923d24722834d3f15eb8abab5 648eed71e8864f19b4f80e442a30f247 - - 9475e5ee510e48719cff67af03a81c01 9475e5ee510e48719cff67af03a81c01] 10.0.0.199 "GET /v2.0/networks/e789b219-2f7d-4c0c-b093-7c431894722d?fields=provider%3Aphysical_network&fields=provider%3Anetwork_type HTTP/1.1" status: 200 len: 277 time: 0.0678959
2026-05-27 20:49:23.730 9 WARNING neutron.scheduler.dhcp_agent_scheduler [req-bd921ee8-c0a3-4f3f-af4f-b579f43451c4 req-1442b6f1-ebfc-4a97-800b-39ffcc2c14ae 5b5dd77c3fdf42cba639ff92ee5df0a5 43b71fc469ca48c392750a8ed93ffc05 - - default default] No more DHCP agents
2026-05-27 20:49:23.731 9 WARNING neutron.api.rpc.agentnotifiers.dhcp_rpc_agent_api [req-bd921ee8-c0a3-4f3f-af4f-b579f43451c4 req-1442b6f1-ebfc-4a97-800b-39ffcc2c14ae 5b5dd77c3fdf42cba639ff92ee5df0a5 43b71fc469ca48c392750a8ed93ffc05 - - default default] Unable to schedule network 6ce999fa-eb3f-40bb-8974-263bce48fe9a: no agents available; will retry on subsequent port and subnet creation events. /var/lib/openstack/lib/python3.12/site-packages/pycadf/identifier.py:71: UserWarning: Invalid uuid: neutron. To ensure interoperability, identifiers should be a valid uuid. warnings.warn(('Invalid uuid: %s. To ensure interoperability, '
2026-05-27 20:49:23.851 9 INFO neutron.db.ovn_revision_numbers_db [req-bd921ee8-c0a3-4f3f-af4f-b579f43451c4 req-1442b6f1-ebfc-4a97-800b-39ffcc2c14ae 5b5dd77c3fdf42cba639ff92ee5df0a5 43b71fc469ca48c392750a8ed93ffc05 - - default default] Successfully bumped revision number for resource 274542df-c193-464e-8a4f-6cd21b501482 (type: ports) to 1
2026-05-27 20:49:23.884 9 INFO neutron.api.wsgi [req-bd921ee8-c0a3-4f3f-af4f-b579f43451c4 req-1442b6f1-ebfc-4a97-800b-39ffcc2c14ae 5b5dd77c3fdf42cba639ff92ee5df0a5 43b71fc469ca48c392750a8ed93ffc05 - - default default] 199.19.213.176 "POST /v2.0/ports HTTP/1.1" status: 201 len: 1158 time: 0.6866944
2026-05-27 20:49:23.896 9 INFO neutron.api.wsgi [req-bd921ee8-c0a3-4f3f-af4f-b579f43451c4 req-d8ee393c-56de-4601-93d4-11a43fd12284 5b5dd77c3fdf42cba639ff92ee5df0a5 43b71fc469ca48c392750a8ed93ffc05 - - default default] 199.19.213.176 "GET /v2.0/extensions HTTP/1.1" status: 200 len: 19298 time: 0.0072424
2026-05-27 20:49:23.927 9 INFO neutron.api.wsgi [req-e4246732-9dc5-4747-903b-bb15c929144a req-b49b196e-be83-4639-afc2-4a01be073859 5b5dd77c3fdf42cba639ff92ee5df0a5 43b71fc469ca48c392750a8ed93ffc05 - - default default] 10.0.0.199 "GET /v2.0/ports?device_id=f06b38ed-6270-4af6-a3c8-2f2ff30df17b HTTP/1.1" status: 200 len: 1156 time: 0.0962279
2026-05-27 20:49:23.954 10 WARNING neutron.plugins.ml2.drivers.ovn.mech_driver.ovsdb.ovn_client [None req-b97ede8c-0f01-48da-b65a-3b6de0b2168b - - - - - -] No hosting information found for port 25a1fa06-f432-40b3-8615-2d1665ccc852: RuntimeError: No hosting information found for port 25a1fa06-f432-40b3-8615-2d1665ccc852
2026-05-27 20:49:23.954 10 INFO neutron.plugins.ml2.drivers.ovn.mech_driver.mech_driver [None req-b97ede8c-0f01-48da-b65a-3b6de0b2168b - - - - - -] OVN reports status up for port: d048a0e4-0ece-44fb-9e9e-45095642dd14
2026-05-27 20:49:23.972 9 INFO neutron.api.wsgi [req-e4246732-9dc5-4747-903b-bb15c929144a req-2e612b50-2840-4e0d-a417-5a1657f385df 5b5dd77c3fdf42cba639ff92ee5df0a5 43b71fc469ca48c392750a8ed93ffc05 - - default default] 10.0.0.199 "GET /v2.0/security-groups?id=a156423f-2f95-49d9-84bb-81b75a2f2aea&fields=id&fields=name HTTP/1.1" status: 200 len: 313 time: 0.0376267
2026-05-27 20:49:24.012 10 INFO neutron.api.wsgi [None req-f7637cc4-d2f2-49cf-bc42-a423094a9a9e fc367df31778448aa17158a4cc8163ac 14333cf1279c42fdadeb68f5ee570e6a - - default default] 10.0.0.203 "DELETE /v2.0/subnets/be721731-c4e1-4366-aefd-028a54e49264 HTTP/1.1" status: 204 len: 168 time: 0.3327224
2026-05-27 20:49:24.032 9 INFO neutron.api.wsgi [req-5a9cc6f6-2551-45b0-9adb-6771ac2ef759 req-62373263-a325-4366-b671-0f3a2a42bf5c 4decf9c4940847ca91b3325703d5a5ed e48b6b36948b450ab5e637d97d3ca010 - - default default] 10.0.0.199 "GET /v2.0/ports?device_id=6e6c56a2-0fe5-49eb-8cdb-8c01ee3e17cf HTTP/1.1" status: 200 len: 210 time: 0.0164914
2026-05-27 20:49:24.071 10 INFO neutron.db.ovn_revision_numbers_db [None req-b97ede8c-0f01-48da-b65a-3b6de0b2168b - - - - - -] Successfully bumped revision number for resource 25a1fa06-f432-40b3-8615-2d1665ccc852 (type: router_ports) to 2
2026-05-27 20:49:24.109 10 INFO neutron.plugins.ml2.drivers.ovn.mech_driver.mech_driver [None req-b97ede8c-0f01-48da-b65a-3b6de0b2168b - - - - - -] OVN reports status up for port: c2ab3923-79f4-410b-8b53-bb5b2259a7e5
2026-05-27 20:49:24.319 9 INFO neutron.db.ovn_revision_numbers_db [None req-9adcd018-d06c-438b-8ccb-5844091971bf fc367df31778448aa17158a4cc8163ac 14333cf1279c42fdadeb68f5ee570e6a - - default default] Successfully bumped revision number for resource 33be6e47-f189-4f95-bbd0-12729902a326 (type: security_groups) to 1
2026-05-27 20:49:24.326 10 INFO neutron.api.wsgi [None req-23e5ec40-8d1f-4006-9768-6b35cb7ad781 fc367df31778448aa17158a4cc8163ac 14333cf1279c42fdadeb68f5ee570e6a - - default default] 10.0.0.203 "DELETE /v2.0/networks/18f74eba-6fa8-463f-b217-81545a4409c3 HTTP/1.1" status: 204 len: 168 time: 0.3089666
2026-05-27 20:49:24.334 9 INFO neutron.db.ovn_revision_numbers_db [None req-9adcd018-d06c-438b-8ccb-5844091971bf fc367df31778448aa17158a4cc8163ac 14333cf1279c42fdadeb68f5ee570e6a - - default default] Successfully bumped revision number for resource 1ba3fe06-464e-4a2b-be43-16f9210a8066 (type: security_group_rules) to 0
2026-05-27 20:49:24.342 10 INFO neutron.services.segments.plugin [-] Segment 9af3c5ba-00b0-44e1-998f-2169652cf259 resource provider aggregate not found
2026-05-27 20:49:24.352 9 INFO neutron.db.ovn_revision_numbers_db [None req-9adcd018-d06c-438b-8ccb-5844091971bf fc367df31778448aa17158a4cc8163ac 14333cf1279c42fdadeb68f5ee570e6a - - default default] Successfully bumped revision number for resource 35af1bbe-0d37-4d22-9040-0f1263165b28 (type: security_group_rules) to 0
2026-05-27 20:49:24.360 10 INFO neutron.services.segments.plugin [-] Segment 9af3c5ba-00b0-44e1-998f-2169652cf259 resource provider not found; error: Placement Client Error (4xx): {"errors": [{"status": 404, "title": "Not Found", "detail": "The resource could not be found.\n\n No resource provider with uuid 9af3c5ba-00b0-44e1-998f-2169652cf259 found for delete ", "request_id": "req-20cb5f29-8f5a-46ae-aba6-2406740d42d5"}]}
2026-05-27 20:49:24.368 9 INFO neutron.db.ovn_revision_numbers_db [None req-9adcd018-d06c-438b-8ccb-5844091971bf fc367df31778448aa17158a4cc8163ac 14333cf1279c42fdadeb68f5ee570e6a - - default default] Successfully bumped revision number for resource 57cdbbff-595a-4646-b68e-a905c7027973 (type: security_group_rules) to 0
2026-05-27 20:49:24.373 10 INFO neutron.services.segments.plugin [-] Segment 9af3c5ba-00b0-44e1-998f-2169652cf259 resource provider aggregate not found
2026-05-27 20:49:24.381 9 INFO neutron.db.ovn_revision_numbers_db [None req-9adcd018-d06c-438b-8ccb-5844091971bf fc367df31778448aa17158a4cc8163ac 14333cf1279c42fdadeb68f5ee570e6a - - default default] Successfully bumped revision number for resource 7499bcd9-f26a-44ca-b66e-39f0a1a8f6b8 (type: security_group_rules) to 0
2026-05-27 20:49:24.388 10 INFO neutron.services.segments.plugin [-] Segment 9af3c5ba-00b0-44e1-998f-2169652cf259 resource provider not found; error: Placement Client Error (4xx): {"errors": [{"status": 404, "title": "Not Found", "detail": "The resource could not be found.\n\n No resource provider with uuid 9af3c5ba-00b0-44e1-998f-2169652cf259 found for delete ", "request_id": "req-9a3001c1-71f3-4fdb-9ed5-868c5add8416"}]}
2026-05-27 20:49:24.444 10 INFO neutron.api.wsgi [None req-8ce372f4-a5a1-4611-bbc9-d397377ed2b3 fc367df31778448aa17158a4cc8163ac 14333cf1279c42fdadeb68f5ee570e6a - - default default] 10.0.0.203 "GET /v2.0/security-groups?tenant_id=f11faffc467542429178158c2c5b1a8c&name=default HTTP/1.1" status: 200 len: 3116 time: 0.0302165
2026-05-27 20:49:24.460 9 INFO neutron.db.segments_db [None req-9adcd018-d06c-438b-8ccb-5844091971bf fc367df31778448aa17158a4cc8163ac 14333cf1279c42fdadeb68f5ee570e6a - - default default] Added segment e084ce11-0ae5-4a90-a723-5d43867383cb of type geneve for network 2e67ea8b-74f4-4802-9918-83e59f7704a0
2026-05-27 20:49:24.598 9 INFO neutron.db.ovn_revision_numbers_db [None req-9adcd018-d06c-438b-8ccb-5844091971bf fc367df31778448aa17158a4cc8163ac 14333cf1279c42fdadeb68f5ee570e6a - - default default] Successfully bumped revision number for resource 2e67ea8b-74f4-4802-9918-83e59f7704a0 (type: networks) to 1
2026-05-27 20:49:24.607 9 INFO neutron.db.ovn_revision_numbers_db [req-bd921ee8-c0a3-4f3f-af4f-b579f43451c4 req-78c186af-0b44-4413-a1a2-bcd4dc9ed6e5 e3107a1923d24722834d3f15eb8abab5 648eed71e8864f19b4f80e442a30f247 - - 9475e5ee510e48719cff67af03a81c01 9475e5ee510e48719cff67af03a81c01] Successfully bumped revision number for resource 274542df-c193-464e-8a4f-6cd21b501482 (type: ports) to 2
2026-05-27 20:49:24.649 10 INFO neutron.api.wsgi [None req-ebf27eb2-9ef2-44e5-bd4b-64e4381fb61a fc367df31778448aa17158a4cc8163ac 14333cf1279c42fdadeb68f5ee570e6a - - default default] 10.0.0.203 "DELETE /v2.0/security-groups/268e7b4d-463d-425b-b0d9-56808c9e7ea6 HTTP/1.1" status: 204 len: 168 time: 0.1989832
2026-05-27 20:49:24.764 9 WARNING neutron.scheduler.dhcp_agent_scheduler [None req-9adcd018-d06c-438b-8ccb-5844091971bf fc367df31778448aa17158a4cc8163ac 14333cf1279c42fdadeb68f5ee570e6a - - default default] No more DHCP agents
2026-05-27 20:49:24.766 9 WARNING neutron.api.rpc.agentnotifiers.dhcp_rpc_agent_api [None req-9adcd018-d06c-438b-8ccb-5844091971bf fc367df31778448aa17158a4cc8163ac 14333cf1279c42fdadeb68f5ee570e6a - - default default] Unable to schedule network 2e67ea8b-74f4-4802-9918-83e59f7704a0: no agents available; will retry on subsequent port and subnet creation events.
2026-05-27 20:49:24.861 9 INFO neutron.db.ovn_revision_numbers_db [None req-9adcd018-d06c-438b-8ccb-5844091971bf fc367df31778448aa17158a4cc8163ac 14333cf1279c42fdadeb68f5ee570e6a - - default default] Successfully bumped revision number for resource c5a54191-71ce-42f1-aa80-702786292247 (type: ports) to 1
2026-05-27 20:49:24.873 9 INFO neutron.db.ovn_revision_numbers_db [req-bd921ee8-c0a3-4f3f-af4f-b579f43451c4 req-78c186af-0b44-4413-a1a2-bcd4dc9ed6e5 e3107a1923d24722834d3f15eb8abab5 648eed71e8864f19b4f80e442a30f247 - - 9475e5ee510e48719cff67af03a81c01 9475e5ee510e48719cff67af03a81c01] Successfully bumped revision number for resource 274542df-c193-464e-8a4f-6cd21b501482 (type: ports) to 4
2026-05-27 20:49:24.891 9 INFO neutron.api.wsgi [None req-9adcd018-d06c-438b-8ccb-5844091971bf fc367df31778448aa17158a4cc8163ac 14333cf1279c42fdadeb68f5ee570e6a - - default default] 10.0.0.203 "POST /v2.0/networks HTTP/1.1" status: 201 len: 954 time: 0.8529420
2026-05-27 20:49:24.899 9 INFO neutron.api.wsgi [req-bd921ee8-c0a3-4f3f-af4f-b579f43451c4 req-78c186af-0b44-4413-a1a2-bcd4dc9ed6e5 e3107a1923d24722834d3f15eb8abab5 648eed71e8864f19b4f80e442a30f247 - - 9475e5ee510e48719cff67af03a81c01 9475e5ee510e48719cff67af03a81c01] 199.19.213.176 "PUT /v2.0/ports/274542df-c193-464e-8a4f-6cd21b501482 HTTP/1.1" status: 200 len: 1404 time: 0.7029939
2026-05-27 20:49:25.088 10 WARNING neutron.scheduler.dhcp_agent_scheduler [None req-c60bfdca-0320-4bdd-b581-6b95817f4971 fc367df31778448aa17158a4cc8163ac 14333cf1279c42fdadeb68f5ee570e6a - - default default] No more DHCP agents
2026-05-27 20:49:25.091 10 WARNING neutron.api.rpc.agentnotifiers.dhcp_rpc_agent_api [None req-c60bfdca-0320-4bdd-b581-6b95817f4971 fc367df31778448aa17158a4cc8163ac 14333cf1279c42fdadeb68f5ee570e6a - - default default] Unable to schedule network 2e67ea8b-74f4-4802-9918-83e59f7704a0: no agents available; will retry on subsequent port and subnet creation events. /var/lib/openstack/lib/python3.12/site-packages/pycadf/identifier.py:71: UserWarning: Invalid uuid: neutron. To ensure interoperability, identifiers should be a valid uuid. warnings.warn(('Invalid uuid: %s. To ensure interoperability, '
2026-05-27 20:49:25.119 9 INFO neutron.api.wsgi [req-aa65cdd8-a56d-409d-b45f-23aa191618e1 req-b069ee69-df9b-49ae-9be8-5d114002dafe 4decf9c4940847ca91b3325703d5a5ed e48b6b36948b450ab5e637d97d3ca010 - - default default] 10.0.0.199 "GET /v2.0/ports?device_id=6e6c56a2-0fe5-49eb-8cdb-8c01ee3e17cf HTTP/1.1" status: 200 len: 210 time: 0.0238087
2026-05-27 20:49:25.163 10 INFO neutron.api.wsgi [req-29d851be-b6ff-49e1-a4b3-af358d28c961 req-6ce5abbe-88ab-49b7-b7e2-014334f7c4f3 5b5dd77c3fdf42cba639ff92ee5df0a5 43b71fc469ca48c392750a8ed93ffc05 - - default default] 10.0.0.199 "GET /v2.0/ports?device_id=f06b38ed-6270-4af6-a3c8-2f2ff30df17b HTTP/1.1" status: 200 len: 1168 time: 0.1200826
2026-05-27 20:49:25.212 10 INFO neutron.api.wsgi [req-29d851be-b6ff-49e1-a4b3-af358d28c961 req-c576c88a-3a54-41e5-aec9-8503c4838c05 5b5dd77c3fdf42cba639ff92ee5df0a5 43b71fc469ca48c392750a8ed93ffc05 - - default default] 10.0.0.199 "GET /v2.0/security-groups?id=a156423f-2f95-49d9-84bb-81b75a2f2aea&fields=id&fields=name HTTP/1.1" status: 200 len: 313 time: 0.0385306
2026-05-27 20:49:25.375 9 INFO neutron.notifiers.nova [-] Nova event matching ['req-31e45d20-f298-444c-abd5-d4e28a022267'] response: {'name': 'network-changed', 'server_uuid': 'f06b38ed-6270-4af6-a3c8-2f2ff30df17b', 'tag': '274542df-c193-464e-8a4f-6cd21b501482', 'status': 'completed', 'code': 200}
2026-05-27 20:49:25.470 10 INFO neutron.api.wsgi [-] 10.0.0.96 "GET / HTTP/1.1" status: 200 len: 247 time: 0.0013549
2026-05-27 20:49:25.471 10 INFO neutron.api.wsgi [-] 10.0.0.96 "GET / HTTP/1.1" status: 200 len: 247 time: 0.0009291
2026-05-27 20:49:25.592 10 INFO neutron.db.ovn_revision_numbers_db [None req-9b2cfde0-5f3c-460a-aa4d-420bcbd6e922 - - - - - -] Successfully bumped revision number for resource c5a54191-71ce-42f1-aa80-702786292247 (type: ports) to 2
2026-05-27 20:49:25.625 10 INFO neutron.db.ovn_revision_numbers_db [None req-9b2cfde0-5f3c-460a-aa4d-420bcbd6e922 - - - - - -] Successfully bumped revision number for resource 9399230d-df71-491f-b7ef-73a04f593f5f (type: subnets) to 0
2026-05-27 20:49:25.641 10 INFO neutron.api.wsgi [None req-c60bfdca-0320-4bdd-b581-6b95817f4971 fc367df31778448aa17158a4cc8163ac 14333cf1279c42fdadeb68f5ee570e6a - - default default] 10.0.0.203 "POST /v2.0/subnets HTTP/1.1" status: 201 len: 898 time: 0.7429354
2026-05-27 20:49:25.936 9 INFO neutron.api.wsgi [req-14b8016f-cb2f-4a70-a118-80158835078d req-33dd9f5d-14a5-4d27-87f2-b3e39bc8738d e3107a1923d24722834d3f15eb8abab5 648eed71e8864f19b4f80e442a30f247 - - 9475e5ee510e48719cff67af03a81c01 9475e5ee510e48719cff67af03a81c01] 199.19.213.176 "GET /v2.0/ports?tenant_id=43b71fc469ca48c392750a8ed93ffc05&device_id=f06b38ed-6270-4af6-a3c8-2f2ff30df17b HTTP/1.1" status: 200 len: 1407 time: 0.0500460
2026-05-27 20:49:25.989 9 INFO neutron.api.wsgi [req-14b8016f-cb2f-4a70-a118-80158835078d req-caa70a66-8831-4e41-b79f-292ef00d213f e3107a1923d24722834d3f15eb8abab5 648eed71e8864f19b4f80e442a30f247 - - 9475e5ee510e48719cff67af03a81c01 9475e5ee510e48719cff67af03a81c01] 199.19.213.176 "GET /v2.0/networks?tenant_id=43b71fc469ca48c392750a8ed93ffc05&shared=False HTTP/1.1" status: 200 len: 967 time: 0.0484371
2026-05-27 20:49:25.991 10 WARNING neutron.scheduler.dhcp_agent_scheduler [None req-5bca226d-3f9a-4cd9-8135-68582a3fdee6 fc367df31778448aa17158a4cc8163ac 14333cf1279c42fdadeb68f5ee570e6a - - default default] No more DHCP agents
2026-05-27 20:49:25.992 10 WARNING neutron.api.rpc.agentnotifiers.dhcp_rpc_agent_api [None req-5bca226d-3f9a-4cd9-8135-68582a3fdee6 fc367df31778448aa17158a4cc8163ac 14333cf1279c42fdadeb68f5ee570e6a - - default default] Unable to schedule network 1cc437aa-4447-4aa4-bff5-1c80ac80f8b2: no agents available; will retry on subsequent port and subnet creation events.
2026-05-27 20:49:26.046 9 INFO neutron.api.wsgi [req-14b8016f-cb2f-4a70-a118-80158835078d req-ffd7e610-8751-465c-b3a8-974b20f1cacc e3107a1923d24722834d3f15eb8abab5 648eed71e8864f19b4f80e442a30f247 - - 9475e5ee510e48719cff67af03a81c01 9475e5ee510e48719cff67af03a81c01] 199.19.213.176 "GET /v2.0/networks?shared=True HTTP/1.1" status: 200 len: 952 time: 0.0507174
2026-05-27 20:49:26.097 10 INFO neutron.db.ovn_revision_numbers_db [None req-5bca226d-3f9a-4cd9-8135-68582a3fdee6 fc367df31778448aa17158a4cc8163ac 14333cf1279c42fdadeb68f5ee570e6a - - default default] Successfully bumped revision number for resource 6beda372-db8c-4c91-9653-bdf03da7321d (type: ports) to 1
2026-05-27 20:49:26.200 10 INFO neutron.api.wsgi [req-18650584-07b5-4249-8d96-328d6e713ca9 req-911b139c-1d7f-4dfa-aa28-359ea590f50f 4decf9c4940847ca91b3325703d5a5ed e48b6b36948b450ab5e637d97d3ca010 - - default default] 10.0.0.199 "GET /v2.0/ports?device_id=6e6c56a2-0fe5-49eb-8cdb-8c01ee3e17cf HTTP/1.1" status: 200 len: 210 time: 0.0176139
2026-05-27 20:49:26.328 9 INFO neutron.api.wsgi [req-d8807f6c-54a0-4337-a1bb-028facb11907 req-1926f57f-f204-41c5-aaea-7fd55e8f9a00 5b5dd77c3fdf42cba639ff92ee5df0a5 43b71fc469ca48c392750a8ed93ffc05 - - default default] 10.0.0.199 "GET /v2.0/ports?device_id=f06b38ed-6270-4af6-a3c8-2f2ff30df17b HTTP/1.1" status: 200 len: 1168 time: 0.0362923
2026-05-27 20:49:26.364 9 INFO neutron.api.wsgi [req-d8807f6c-54a0-4337-a1bb-028facb11907 req-61819c7f-78da-44b4-b365-b14105d852ef 5b5dd77c3fdf42cba639ff92ee5df0a5 43b71fc469ca48c392750a8ed93ffc05 - - default default] 10.0.0.199 "GET /v2.0/security-groups?id=a156423f-2f95-49d9-84bb-81b75a2f2aea&fields=id&fields=name HTTP/1.1" status: 200 len: 313 time: 0.0302401
2026-05-27 20:49:26.711 10 INFO neutron.plugins.ml2.drivers.ovn.mech_driver.ovsdb.commands [None req-dac036f2-04a0-4af1-870c-f01996f05c2e - - - - - -] Schedule LRP lrp-6beda372-db8c-4c91-9653-bdf03da7321d on gateway 441fa924-19ea-43d1-9828-bf801db9e3d5 with priority 1
2026-05-27 20:49:26.730 10 INFO neutron.plugins.ml2.drivers.ovn.mech_driver.mech_driver [None req-b97ede8c-0f01-48da-b65a-3b6de0b2168b - - - - - -] OVN reports status up for port: 6beda372-db8c-4c91-9653-bdf03da7321d
2026-05-27 20:49:26.731 10 INFO neutron.db.ovn_revision_numbers_db [None req-0aa74684-6fcd-48c0-b3a8-4c61ed512e3e fc367df31778448aa17158a4cc8163ac 14333cf1279c42fdadeb68f5ee570e6a - - default default] Successfully bumped revision number for resource 29a0242d-e050-45e7-8575-2940d75208c0 (type: security_groups) to 1
2026-05-27 20:49:26.737 10 INFO neutron.plugins.ml2.plugin [None req-b97ede8c-0f01-48da-b65a-3b6de0b2168b - - - - - -] Attempt 1 to provision port 6beda372-db8c-4c91-9653-bdf03da7321d
2026-05-27 20:49:26.744 10 INFO neutron.plugins.ml2.drivers.ovn.mech_driver.ovsdb.ovsdb_monitor [None req-1a5ad485-cf32-41a3-85a9-efd52b3f028d - - - - - -] Router 80c70a0c-7eb5-40ff-9b40-d96b59f85d21 is bound to host instance
2026-05-27 20:49:26.761 10 INFO neutron.db.ovn_revision_numbers_db [None req-0aa74684-6fcd-48c0-b3a8-4c61ed512e3e fc367df31778448aa17158a4cc8163ac 14333cf1279c42fdadeb68f5ee570e6a - - default default] Successfully bumped revision number for resource 04c1c405-4a6f-422f-ac8f-0f7d1d41fbf8 (type: security_group_rules) to 0
2026-05-27 20:49:26.770 10 INFO neutron.db.ovn_revision_numbers_db [None req-5bca226d-3f9a-4cd9-8135-68582a3fdee6 fc367df31778448aa17158a4cc8163ac 14333cf1279c42fdadeb68f5ee570e6a - - default default] Successfully bumped revision number for resource 6beda372-db8c-4c91-9653-bdf03da7321d (type: router_ports) to 1
2026-05-27 20:49:26.796 10 INFO neutron.db.ovn_revision_numbers_db [None req-0aa74684-6fcd-48c0-b3a8-4c61ed512e3e fc367df31778448aa17158a4cc8163ac 14333cf1279c42fdadeb68f5ee570e6a - - default default] Successfully bumped revision number for resource 4e149cfd-92f7-4714-87a8-89eac8444d3c (type: security_group_rules) to 0
2026-05-27 20:49:26.828 10 INFO neutron.db.ovn_revision_numbers_db [None req-0aa74684-6fcd-48c0-b3a8-4c61ed512e3e fc367df31778448aa17158a4cc8163ac 14333cf1279c42fdadeb68f5ee570e6a - - default default] Successfully bumped revision number for resource c985a213-587e-4968-a7e7-1b4548dedf8f (type: security_group_rules) to 0
2026-05-27 20:49:26.853 10 INFO neutron.db.ovn_revision_numbers_db [None req-0aa74684-6fcd-48c0-b3a8-4c61ed512e3e fc367df31778448aa17158a4cc8163ac 14333cf1279c42fdadeb68f5ee570e6a - - default default] Successfully bumped revision number for resource f98954e7-a07a-40ee-b544-1a62ed44b4df (type: security_group_rules) to 0
2026-05-27 20:49:26.874 10 INFO neutron.db.ovn_revision_numbers_db [None req-5bca226d-3f9a-4cd9-8135-68582a3fdee6 fc367df31778448aa17158a4cc8163ac 14333cf1279c42fdadeb68f5ee570e6a - - default default] Successfully bumped revision number for resource 80c70a0c-7eb5-40ff-9b40-d96b59f85d21 (type: routers) to 2
2026-05-27 20:49:26.894 10 INFO neutron.api.wsgi [None req-5bca226d-3f9a-4cd9-8135-68582a3fdee6 fc367df31778448aa17158a4cc8163ac 14333cf1279c42fdadeb68f5ee570e6a - - default default] 10.0.0.203 "POST /v2.0/routers HTTP/1.1" status: 201 len: 1176 time: 1.2475181
2026-05-27 20:49:26.945 10 INFO neutron.db.segments_db [None req-0aa74684-6fcd-48c0-b3a8-4c61ed512e3e fc367df31778448aa17158a4cc8163ac 14333cf1279c42fdadeb68f5ee570e6a - - default default] Added segment 67225ed9-10af-484c-8f8b-aaba229a10f9 of type geneve for network b5f1218a-4150-40e5-ab51-25f96d784604
2026-05-27 20:49:27.110 9 INFO neutron.api.wsgi [req-bd921ee8-c0a3-4f3f-af4f-b579f43451c4 req-12f82913-0e88-4b56-8eac-dd8a83982c1a e3107a1923d24722834d3f15eb8abab5 648eed71e8864f19b4f80e442a30f247 - - 9475e5ee510e48719cff67af03a81c01 9475e5ee510e48719cff67af03a81c01] 199.19.213.176 "GET /v2.0/ports?tenant_id=43b71fc469ca48c392750a8ed93ffc05&device_id=f06b38ed-6270-4af6-a3c8-2f2ff30df17b HTTP/1.1" status: 200 len: 1407 time: 0.0513735
2026-05-27 20:49:27.132 10 INFO neutron.db.ovn_revision_numbers_db [None req-0aa74684-6fcd-48c0-b3a8-4c61ed512e3e fc367df31778448aa17158a4cc8163ac 14333cf1279c42fdadeb68f5ee570e6a - - default default] Successfully bumped revision number for resource b5f1218a-4150-40e5-ab51-25f96d784604 (type: networks) to 1
2026-05-27 20:49:27.154 9 INFO neutron.api.wsgi [req-bd921ee8-c0a3-4f3f-af4f-b579f43451c4 req-b6028fca-addd-459e-b6a5-89be2c7b486d e3107a1923d24722834d3f15eb8abab5 648eed71e8864f19b4f80e442a30f247 - - 9475e5ee510e48719cff67af03a81c01 9475e5ee510e48719cff67af03a81c01] 199.19.213.176 "GET /v2.0/floatingips?fixed_ip_address=10.100.0.5&port_id=274542df-c193-464e-8a4f-6cd21b501482 HTTP/1.1" status: 200 len: 217 time: 0.0383518
2026-05-27 20:49:27.195 9 INFO neutron.api.wsgi [req-bd921ee8-c0a3-4f3f-af4f-b579f43451c4 req-25e29952-9a3d-42be-b79a-aba9b9c4c5c4 e3107a1923d24722834d3f15eb8abab5 648eed71e8864f19b4f80e442a30f247 - - 9475e5ee510e48719cff67af03a81c01 9475e5ee510e48719cff67af03a81c01] 199.19.213.176 "GET /v2.0/subnets?id=77afcefe-722a-4143-adea-78d0ea847d28 HTTP/1.1" status: 200 len: 886 time: 0.0340946
2026-05-27 20:49:27.229 9 INFO neutron.api.wsgi [req-bd921ee8-c0a3-4f3f-af4f-b579f43451c4 req-59555d41-05b0-47a6-808e-0b92093c1f30 e3107a1923d24722834d3f15eb8abab5 648eed71e8864f19b4f80e442a30f247 - - 9475e5ee510e48719cff67af03a81c01 9475e5ee510e48719cff67af03a81c01] 199.19.213.176 "GET /v2.0/ports?network_id=6ce999fa-eb3f-40bb-8974-263bce48fe9a&device_owner=network%3Adhcp HTTP/1.1" status: 200 len: 210 time: 0.0287573
2026-05-27 20:49:27.292 9 INFO neutron.api.wsgi [req-bd921ee8-c0a3-4f3f-af4f-b579f43451c4 req-d34bb250-1843-4c5d-b93e-6631caa0a7ee e3107a1923d24722834d3f15eb8abab5 648eed71e8864f19b4f80e442a30f247 - - 9475e5ee510e48719cff67af03a81c01 9475e5ee510e48719cff67af03a81c01] 199.19.213.176 "GET /v2.0/networks/6ce999fa-eb3f-40bb-8974-263bce48fe9a?fields=segments HTTP/1.1" status: 200 len: 212 time: 0.0566053
2026-05-27 20:49:27.294 10 INFO neutron.api.wsgi [req-0b11bcef-c6ff-488c-8b49-9baa8697281a req-85f6a434-4614-4b8c-bf7f-5adaa23654e0 4decf9c4940847ca91b3325703d5a5ed e48b6b36948b450ab5e637d97d3ca010 - - default default] 10.0.0.199 "GET /v2.0/ports?device_id=6e6c56a2-0fe5-49eb-8cdb-8c01ee3e17cf HTTP/1.1" status: 200 len: 210 time: 0.0236242
2026-05-27 20:49:27.355 9 INFO neutron.api.wsgi [req-bd921ee8-c0a3-4f3f-af4f-b579f43451c4 req-cff99ed5-6d91-41f5-8540-66bd949321b6 e3107a1923d24722834d3f15eb8abab5 648eed71e8864f19b4f80e442a30f247 - - 9475e5ee510e48719cff67af03a81c01 9475e5ee510e48719cff67af03a81c01] 199.19.213.176 "GET /v2.0/networks/6ce999fa-eb3f-40bb-8974-263bce48fe9a?fields=provider%3Aphysical_network&fields=provider%3Anetwork_type HTTP/1.1" status: 200 len: 277 time: 0.0468228
2026-05-27 20:49:27.377 10 WARNING neutron.scheduler.dhcp_agent_scheduler [None req-0aa74684-6fcd-48c0-b3a8-4c61ed512e3e fc367df31778448aa17158a4cc8163ac 14333cf1279c42fdadeb68f5ee570e6a - - default default] No more DHCP agents
2026-05-27 20:49:27.383 10 WARNING neutron.api.rpc.agentnotifiers.dhcp_rpc_agent_api [None req-0aa74684-6fcd-48c0-b3a8-4c61ed512e3e fc367df31778448aa17158a4cc8163ac 14333cf1279c42fdadeb68f5ee570e6a - - default default] Unable to schedule network b5f1218a-4150-40e5-ab51-25f96d784604: no agents available; will retry on subsequent port and subnet creation events.
2026-05-27 20:49:27.418 10 INFO neutron.db.ovn_revision_numbers_db [None req-a53360b4-55fa-4d4d-8def-a9a4b8281774 - - - - - -] Successfully bumped revision number for resource 6beda372-db8c-4c91-9653-bdf03da7321d (type: ports) to 1
2026-05-27 20:49:27.479 9 INFO neutron.api.wsgi [req-615ede22-b3f2-441f-adb4-d8c9ad41fc1b req-4baa7804-908f-408f-8169-fbe136601f4e 5b5dd77c3fdf42cba639ff92ee5df0a5 43b71fc469ca48c392750a8ed93ffc05 - - default default] 10.0.0.199 "GET /v2.0/ports?device_id=f06b38ed-6270-4af6-a3c8-2f2ff30df17b HTTP/1.1" status: 200 len: 1168 time: 0.0333893
2026-05-27 20:49:27.482 10 INFO neutron.db.ovn_revision_numbers_db [None req-0aa74684-6fcd-48c0-b3a8-4c61ed512e3e fc367df31778448aa17158a4cc8163ac 14333cf1279c42fdadeb68f5ee570e6a - - default default] Successfully bumped revision number for resource 4952fa5e-970f-4997-966f-c509e6645dab (type: ports) to 1
2026-05-27 20:49:27.508 10 INFO neutron.api.wsgi [None req-0aa74684-6fcd-48c0-b3a8-4c61ed512e3e fc367df31778448aa17158a4cc8163ac 14333cf1279c42fdadeb68f5ee570e6a - - default default] 10.0.0.203 "POST /v2.0/networks HTTP/1.1" status: 201 len: 946 time: 1.1189365
2026-05-27 20:49:27.513 9 INFO neutron.api.wsgi [req-615ede22-b3f2-441f-adb4-d8c9ad41fc1b req-55008067-c244-4b40-80f1-3253e9711fe7 5b5dd77c3fdf42cba639ff92ee5df0a5 43b71fc469ca48c392750a8ed93ffc05 - - default default] 10.0.0.199 "GET /v2.0/security-groups?id=a156423f-2f95-49d9-84bb-81b75a2f2aea&fields=id&fields=name HTTP/1.1" status: 200 len: 313 time: 0.0281682
2026-05-27 20:49:27.522 10 WARNING neutron.scheduler.dhcp_agent_scheduler [None req-c67a6cad-3427-4f4b-be3d-a0e51a848851 fc367df31778448aa17158a4cc8163ac 14333cf1279c42fdadeb68f5ee570e6a - - default default] No more DHCP agents
2026-05-27 20:49:27.523 10 WARNING neutron.api.rpc.agentnotifiers.dhcp_rpc_agent_api [None req-c67a6cad-3427-4f4b-be3d-a0e51a848851 fc367df31778448aa17158a4cc8163ac 14333cf1279c42fdadeb68f5ee570e6a - - default default] Unable to schedule network 2e67ea8b-74f4-4802-9918-83e59f7704a0: no agents available; will retry on subsequent port and subnet creation events.
2026-05-27 20:49:27.639 9 WARNING neutron.scheduler.dhcp_agent_scheduler [None req-a9bfbb2d-cf67-4606-97fa-7d2321a1b6d1 fc367df31778448aa17158a4cc8163ac 14333cf1279c42fdadeb68f5ee570e6a - - default default] No more DHCP agents
2026-05-27 20:49:27.640 9 WARNING neutron.api.rpc.agentnotifiers.dhcp_rpc_agent_api [None req-a9bfbb2d-cf67-4606-97fa-7d2321a1b6d1 fc367df31778448aa17158a4cc8163ac 14333cf1279c42fdadeb68f5ee570e6a - - default default] Unable to schedule network b5f1218a-4150-40e5-ab51-25f96d784604: no agents available; will retry on subsequent port and subnet creation events.
2026-05-27 20:49:27.651 10 INFO neutron.db.ovn_revision_numbers_db [None req-c67a6cad-3427-4f4b-be3d-a0e51a848851 fc367df31778448aa17158a4cc8163ac 14333cf1279c42fdadeb68f5ee570e6a - - default default] Successfully bumped revision number for resource 6f3543f2-54f4-47ce-b6bc-60ff39a9e026 (type: ports) to 1
2026-05-27 20:49:27.922 10 INFO neutron.db.ovn_revision_numbers_db [None req-a53360b4-55fa-4d4d-8def-a9a4b8281774 - - - - - -] Successfully bumped revision number for resource 6beda372-db8c-4c91-9653-bdf03da7321d (type: ports) to 4
2026-05-27 20:49:28.048 9 INFO neutron.db.ovn_revision_numbers_db [None req-454a3803-8885-43c9-bc18-43131417de58 - - - - - -] Successfully bumped revision number for resource 4952fa5e-970f-4997-966f-c509e6645dab (type: ports) to 2
2026-05-27 20:49:28.078 9 INFO neutron.db.ovn_revision_numbers_db [None req-454a3803-8885-43c9-bc18-43131417de58 - - - - - -] Successfully bumped revision number for resource f0595b1a-03dd-440c-b29c-ce5a33fcdf05 (type: subnets) to 0
2026-05-27 20:49:28.093 9 INFO neutron.api.wsgi [None req-a9bfbb2d-cf67-4606-97fa-7d2321a1b6d1 fc367df31778448aa17158a4cc8163ac 14333cf1279c42fdadeb68f5ee570e6a - - default default] 10.0.0.203 "POST /v2.0/subnets HTTP/1.1" status: 201 len: 890 time: 0.5793674
2026-05-27 20:49:28.247 10 INFO neutron.db.ovn_revision_numbers_db [None req-a53360b4-55fa-4d4d-8def-a9a4b8281774 - - - - - -] Successfully bumped revision number for resource 6beda372-db8c-4c91-9653-bdf03da7321d (type: ports) to 5
2026-05-27 20:49:28.339 9 INFO neutron.plugins.ml2.drivers.ovn.mech_driver.mech_driver [None req-97daebe4-ace6-41e4-a25b-8d1bf4d7dc6e - - - - - -] OVN reports status up for port: 6f3543f2-54f4-47ce-b6bc-60ff39a9e026
2026-05-27 20:49:28.348 9 INFO neutron.plugins.ml2.plugin [None req-97daebe4-ace6-41e4-a25b-8d1bf4d7dc6e - - - - - -] Attempt 1 to provision port 6f3543f2-54f4-47ce-b6bc-60ff39a9e026
2026-05-27 20:49:28.354 10 INFO neutron.db.ovn_revision_numbers_db [None req-c67a6cad-3427-4f4b-be3d-a0e51a848851 fc367df31778448aa17158a4cc8163ac 14333cf1279c42fdadeb68f5ee570e6a - - default default] Successfully bumped revision number for resource 6f3543f2-54f4-47ce-b6bc-60ff39a9e026 (type: ports) to 1
2026-05-27 20:49:28.378 10 INFO neutron.api.wsgi [req-5eb0f8c3-8307-45f5-b526-a628b3c8e747 req-657fc854-2ab9-4c38-92cc-4c1dcb57742b 4decf9c4940847ca91b3325703d5a5ed e48b6b36948b450ab5e637d97d3ca010 - - default default] 10.0.0.199 "GET /v2.0/ports?device_id=6e6c56a2-0fe5-49eb-8cdb-8c01ee3e17cf HTTP/1.1" status: 200 len: 210 time: 0.0211422
2026-05-27 20:49:28.428 10 WARNING neutron.scheduler.dhcp_agent_scheduler [None req-c67a6cad-3427-4f4b-be3d-a0e51a848851 fc367df31778448aa17158a4cc8163ac 14333cf1279c42fdadeb68f5ee570e6a - - default default] No more DHCP agents
2026-05-27 20:49:28.429 10 WARNING neutron.api.rpc.agentnotifiers.dhcp_rpc_agent_api [None req-c67a6cad-3427-4f4b-be3d-a0e51a848851 fc367df31778448aa17158a4cc8163ac 14333cf1279c42fdadeb68f5ee570e6a - - default default] Unable to schedule network 2e67ea8b-74f4-4802-9918-83e59f7704a0: no agents available; will retry on subsequent port and subnet creation events.
2026-05-27 20:49:28.524 9 WARNING neutron.scheduler.dhcp_agent_scheduler [None req-9cb43abc-f2db-4cad-b804-92f0d6094ff5 fc367df31778448aa17158a4cc8163ac 14333cf1279c42fdadeb68f5ee570e6a - - default default] No more DHCP agents
2026-05-27 20:49:28.525 9 WARNING neutron.api.rpc.agentnotifiers.dhcp_rpc_agent_api [None req-9cb43abc-f2db-4cad-b804-92f0d6094ff5 fc367df31778448aa17158a4cc8163ac 14333cf1279c42fdadeb68f5ee570e6a - - default default] Unable to schedule network 1cc437aa-4447-4aa4-bff5-1c80ac80f8b2: no agents available; will retry on subsequent port and subnet creation events.
2026-05-27 20:49:28.636 9 INFO neutron.api.wsgi [req-87f1e7d8-9b73-4ecc-a205-8f79113a330f req-9d71efc6-35e6-4127-8015-b343c73fd46f 5b5dd77c3fdf42cba639ff92ee5df0a5 43b71fc469ca48c392750a8ed93ffc05 - - default default] 10.0.0.199 "GET /v2.0/ports?device_id=f06b38ed-6270-4af6-a3c8-2f2ff30df17b HTTP/1.1" status: 200 len: 1168 time: 0.0575128
2026-05-27 20:49:28.653 9 INFO neutron.api.wsgi [req-3acd7fcb-df13-4793-b82c-04c2239d143a req-b78a6d4a-dfe4-4d49-a2ed-6b0b4c1b2ceb 4decf9c4940847ca91b3325703d5a5ed e48b6b36948b450ab5e637d97d3ca010 - - default default] 199.19.213.176 "GET /v2.0/networks?id=e789b219-2f7d-4c0c-b093-7c431894722d HTTP/1.1" status: 200 len: 879 time: 0.1040204
2026-05-27 20:49:28.709 9 INFO neutron.api.wsgi [req-87f1e7d8-9b73-4ecc-a205-8f79113a330f req-9d1a6342-114b-4c8b-b42f-da6556331596 5b5dd77c3fdf42cba639ff92ee5df0a5 43b71fc469ca48c392750a8ed93ffc05 - - default default] 10.0.0.199 "GET /v2.0/security-groups?id=a156423f-2f95-49d9-84bb-81b75a2f2aea&fields=id&fields=name HTTP/1.1" status: 200 len: 313 time: 0.0654788
2026-05-27 20:49:28.712 9 INFO neutron.db.ovn_revision_numbers_db [None req-9cb43abc-f2db-4cad-b804-92f0d6094ff5 fc367df31778448aa17158a4cc8163ac 14333cf1279c42fdadeb68f5ee570e6a - - default default] Successfully bumped revision number for resource de238cae-bdee-42ce-b396-71b93053041a (type: ports) to 1
2026-05-27 20:49:28.732 9 INFO neutron.api.wsgi [req-3acd7fcb-df13-4793-b82c-04c2239d143a req-3e19bc57-6a73-4f64-9dfb-e9bd7e1dcb72 4decf9c4940847ca91b3325703d5a5ed e48b6b36948b450ab5e637d97d3ca010 - - default default] 199.19.213.176 "GET /v2.0/security-groups?fields=id&fields=name&tenant_id=e48b6b36948b450ab5e637d97d3ca010 HTTP/1.1" status: 200 len: 380 time: 0.0693936
2026-05-27 20:49:28.746 9 WARNING neutron_lib.context [req-3acd7fcb-df13-4793-b82c-04c2239d143a req-f387184f-6c2a-401e-ae02-d3874364bb99 4decf9c4940847ca91b3325703d5a5ed e48b6b36948b450ab5e637d97d3ca010 - - default default] Method 'is_advsvc' is deprecated since 2023.2 release (neutron-lib 3.8.0) and will be removed once support for the old RBAC API policies will be removed from Neutron. Please use method 'is_service_role' instead.
2026-05-27 20:49:28.859 9 INFO neutron.db.ovn_revision_numbers_db [None req-97daebe4-ace6-41e4-a25b-8d1bf4d7dc6e - - - - - -] Successfully bumped revision number for resource 6f3543f2-54f4-47ce-b6bc-60ff39a9e026 (type: ports) to 2
2026-05-27 20:49:29.117 10 INFO neutron.db.ovn_revision_numbers_db [None req-c67a6cad-3427-4f4b-be3d-a0e51a848851 fc367df31778448aa17158a4cc8163ac 14333cf1279c42fdadeb68f5ee570e6a - - default default] Successfully bumped revision number for resource 6f3543f2-54f4-47ce-b6bc-60ff39a9e026 (type: router_ports) to 1
2026-05-27 20:49:29.122 10 INFO neutron.api.wsgi [None req-c67a6cad-3427-4f4b-be3d-a0e51a848851 fc367df31778448aa17158a4cc8163ac 14333cf1279c42fdadeb68f5ee570e6a - - default default] 10.0.0.203 "PUT /v2.0/routers/80c70a0c-7eb5-40ff-9b40-d96b59f85d21/add_router_interface HTTP/1.1" status: 200 len: 503 time: 2.2249341
2026-05-27 20:49:29.320 9 WARNING neutron.scheduler.dhcp_agent_scheduler [req-3acd7fcb-df13-4793-b82c-04c2239d143a req-f387184f-6c2a-401e-ae02-d3874364bb99 4decf9c4940847ca91b3325703d5a5ed e48b6b36948b450ab5e637d97d3ca010 - - default default] No more DHCP agents
2026-05-27 20:49:29.322 9 WARNING neutron.api.rpc.agentnotifiers.dhcp_rpc_agent_api [req-3acd7fcb-df13-4793-b82c-04c2239d143a req-f387184f-6c2a-401e-ae02-d3874364bb99 4decf9c4940847ca91b3325703d5a5ed e48b6b36948b450ab5e637d97d3ca010 - - default default] Unable to schedule network e789b219-2f7d-4c0c-b093-7c431894722d: no agents available; will retry on subsequent port and subnet creation events.
2026-05-27 20:49:29.442 9 INFO neutron.db.ovn_revision_numbers_db [req-3acd7fcb-df13-4793-b82c-04c2239d143a req-f387184f-6c2a-401e-ae02-d3874364bb99 4decf9c4940847ca91b3325703d5a5ed e48b6b36948b450ab5e637d97d3ca010 - - default default] Successfully bumped revision number for resource 406328cf-3c6d-4218-9603-788f2f07c224 (type: ports) to 1
2026-05-27 20:49:29.467 9 INFO neutron.api.wsgi [req-3acd7fcb-df13-4793-b82c-04c2239d143a req-f387184f-6c2a-401e-ae02-d3874364bb99 4decf9c4940847ca91b3325703d5a5ed e48b6b36948b450ab5e637d97d3ca010 - - default default] 199.19.213.176 "POST /v2.0/ports HTTP/1.1" status: 201 len: 1158 time: 0.7308886 /var/lib/openstack/lib/python3.12/site-packages/pycadf/identifier.py:71: UserWarning: Invalid uuid: neutron. To ensure interoperability, identifiers should be a valid uuid. warnings.warn(('Invalid uuid: %s. To ensure interoperability, '
2026-05-27 20:49:29.541 10 INFO neutron.api.wsgi [req-f5cd54bd-d68b-425f-9cfd-12da817b8ee0 req-ab0e0a39-3099-483e-9867-3aa21387237b 4decf9c4940847ca91b3325703d5a5ed e48b6b36948b450ab5e637d97d3ca010 - - default default] 10.0.0.199 "GET /v2.0/ports?device_id=6e6c56a2-0fe5-49eb-8cdb-8c01ee3e17cf HTTP/1.1" status: 200 len: 1156 time: 0.0903904
2026-05-27 20:49:29.579 10 INFO neutron.api.wsgi [req-f5cd54bd-d68b-425f-9cfd-12da817b8ee0 req-6841572b-4f61-48f1-9aa4-6da42e1f7ace 4decf9c4940847ca91b3325703d5a5ed e48b6b36948b450ab5e637d97d3ca010 - - default default] 10.0.0.199 "GET /v2.0/security-groups?id=9fc8182f-aeab-4129-b894-dc37e6ca54a0&fields=id&fields=name HTTP/1.1" status: 200 len: 313 time: 0.0330756
2026-05-27 20:49:29.684 9 WARNING neutron_lib.context [None req-12e442fa-a421-4359-9ff4-09be5da0b4a6 95c128c87b44404c906e5642ed279352 ad9e2fdd64e04e38bfda6bc31e55305e - - default default] Method 'is_advsvc' is deprecated since 2023.2 release (neutron-lib 3.8.0) and will be removed once support for the old RBAC API policies will be removed from Neutron. Please use method 'is_service_role' instead.
2026-05-27 20:49:29.726 9 INFO neutron.plugins.ml2.drivers.ovn.mech_driver.ovsdb.commands [None req-4ba7c390-9a8f-4b6a-aca0-0bb6b83b15ec - - - - - -] Schedule LRP lrp-de238cae-bdee-42ce-b396-71b93053041a on gateway 441fa924-19ea-43d1-9828-bf801db9e3d5 with priority 1
2026-05-27 20:49:29.754 9 INFO neutron.plugins.ml2.drivers.ovn.mech_driver.ovsdb.ovsdb_monitor [None req-afaa6e98-bdbc-4475-bbfc-14cb43d92f48 - - - - - -] Router 70707bb3-5a52-4a21-aba5-42d4c508bf49 is bound to host instance
2026-05-27 20:49:29.807 9 INFO neutron.db.ovn_revision_numbers_db [None req-9cb43abc-f2db-4cad-b804-92f0d6094ff5 fc367df31778448aa17158a4cc8163ac 14333cf1279c42fdadeb68f5ee570e6a - - default default] Successfully bumped revision number for resource de238cae-bdee-42ce-b396-71b93053041a (type: router_ports) to 1
2026-05-27 20:49:29.820 10 INFO neutron.api.wsgi [req-b322fb4d-520f-4c67-8132-171785d39c9e req-234fb389-4c06-47fb-9c02-593d583cfe09 5b5dd77c3fdf42cba639ff92ee5df0a5 43b71fc469ca48c392750a8ed93ffc05 - - default default] 10.0.0.199 "GET /v2.0/ports?device_id=f06b38ed-6270-4af6-a3c8-2f2ff30df17b HTTP/1.1" status: 200 len: 1168 time: 0.0372982
2026-05-27 20:49:29.868 10 INFO neutron.api.wsgi [req-b322fb4d-520f-4c67-8132-171785d39c9e req-e074b0eb-d14b-4658-accf-573cf376a1da 5b5dd77c3fdf42cba639ff92ee5df0a5 43b71fc469ca48c392750a8ed93ffc05 - - default default] 10.0.0.199 "GET /v2.0/security-groups?id=a156423f-2f95-49d9-84bb-81b75a2f2aea&fields=id&fields=name HTTP/1.1" status: 200 len: 313 time: 0.0437443
2026-05-27 20:49:29.946 9 INFO neutron.db.ovn_revision_numbers_db [None req-9cb43abc-f2db-4cad-b804-92f0d6094ff5 fc367df31778448aa17158a4cc8163ac 14333cf1279c42fdadeb68f5ee570e6a - - default default] Successfully bumped revision number for resource 70707bb3-5a52-4a21-aba5-42d4c508bf49 (type: routers) to 2
2026-05-27 20:49:29.952 9 INFO neutron.db.ovn_revision_numbers_db [None req-12e442fa-a421-4359-9ff4-09be5da0b4a6 95c128c87b44404c906e5642ed279352 ad9e2fdd64e04e38bfda6bc31e55305e - - default default] Successfully bumped revision number for resource c02f4b8b-4081-4a67-b3e5-7b6a91fbced6 (type: security_groups) to 1
2026-05-27 20:49:29.974 9 INFO neutron.api.wsgi [None req-9cb43abc-f2db-4cad-b804-92f0d6094ff5 fc367df31778448aa17158a4cc8163ac 14333cf1279c42fdadeb68f5ee570e6a - - default default] 10.0.0.203 "POST /v2.0/routers HTTP/1.1" status: 201 len: 1168 time: 1.8734221
2026-05-27 20:49:29.982 9 INFO neutron.db.ovn_revision_numbers_db [None req-12e442fa-a421-4359-9ff4-09be5da0b4a6 95c128c87b44404c906e5642ed279352 ad9e2fdd64e04e38bfda6bc31e55305e - - default default] Successfully bumped revision number for resource 2d1e320b-43d5-4ad4-a541-fe4090ff6cbe (type: security_group_rules) to 0
2026-05-27 20:49:30.001 9 INFO neutron.db.ovn_revision_numbers_db [None req-12e442fa-a421-4359-9ff4-09be5da0b4a6 95c128c87b44404c906e5642ed279352 ad9e2fdd64e04e38bfda6bc31e55305e - - default default] Successfully bumped revision number for resource c297340f-f04b-4d73-8820-d1f498454b07 (type: security_group_rules) to 0
2026-05-27 20:49:30.051 9 INFO neutron.api.wsgi [None req-12e442fa-a421-4359-9ff4-09be5da0b4a6 95c128c87b44404c906e5642ed279352 ad9e2fdd64e04e38bfda6bc31e55305e - - default default] 10.0.0.203 "POST /v2.0/security-groups HTTP/1.1" status: 201 len: 1860 time: 0.3728576
2026-05-27 20:49:30.064 10 WARNING neutron_lib.context [None req-9080aa81-a251-4b7b-97d4-341c86b23907 95c128c87b44404c906e5642ed279352 ad9e2fdd64e04e38bfda6bc31e55305e - - default default] Method 'is_advsvc' is deprecated since 2023.2 release (neutron-lib 3.8.0) and will be removed once support for the old RBAC API policies will be removed from Neutron. Please use method 'is_service_role' instead.
2026-05-27 20:49:30.065 9 INFO neutron.db.ovn_revision_numbers_db [req-3acd7fcb-df13-4793-b82c-04c2239d143a req-76739dc5-224b-4256-8384-d3c27d57f8cc e3107a1923d24722834d3f15eb8abab5 648eed71e8864f19b4f80e442a30f247 - - 9475e5ee510e48719cff67af03a81c01 9475e5ee510e48719cff67af03a81c01] Successfully bumped revision number for resource 406328cf-3c6d-4218-9603-788f2f07c224 (type: ports) to 2
2026-05-27 20:49:30.225 10 INFO neutron.db.ovn_revision_numbers_db [None req-9080aa81-a251-4b7b-97d4-341c86b23907 95c128c87b44404c906e5642ed279352 ad9e2fdd64e04e38bfda6bc31e55305e - - default default] Successfully bumped revision number for resource 02fdd9da-6a33-41f0-8dd3-8f3dccb4837c (type: security_group_rules) to 0
2026-05-27 20:49:30.275 10 INFO neutron.api.wsgi [None req-9080aa81-a251-4b7b-97d4-341c86b23907 95c128c87b44404c906e5642ed279352 ad9e2fdd64e04e38bfda6bc31e55305e - - default default] 10.0.0.203 "POST /v2.0/security-group-rules HTTP/1.1" status: 201 len: 796 time: 0.2183886 /var/lib/openstack/lib/python3.12/site-packages/pycadf/identifier.py:71: UserWarning: Invalid uuid: neutron. To ensure interoperability, identifiers should be a valid uuid. warnings.warn(('Invalid uuid: %s. To ensure interoperability, '
2026-05-27 20:49:30.288 9 WARNING neutron_lib.context [None req-90356bcc-e86f-4bc9-a765-fa0ea28007f5 95c128c87b44404c906e5642ed279352 ad9e2fdd64e04e38bfda6bc31e55305e - - default default] Method 'is_advsvc' is deprecated since 2023.2 release (neutron-lib 3.8.0) and will be removed once support for the old RBAC API policies will be removed from Neutron. Please use method 'is_service_role' instead.
2026-05-27 20:49:30.339 9 INFO neutron.db.ovn_revision_numbers_db [req-3acd7fcb-df13-4793-b82c-04c2239d143a req-76739dc5-224b-4256-8384-d3c27d57f8cc e3107a1923d24722834d3f15eb8abab5 648eed71e8864f19b4f80e442a30f247 - - 9475e5ee510e48719cff67af03a81c01 9475e5ee510e48719cff67af03a81c01] Successfully bumped revision number for resource 406328cf-3c6d-4218-9603-788f2f07c224 (type: ports) to 4
2026-05-27 20:49:30.361 9 INFO neutron.api.wsgi [req-3acd7fcb-df13-4793-b82c-04c2239d143a req-76739dc5-224b-4256-8384-d3c27d57f8cc e3107a1923d24722834d3f15eb8abab5 648eed71e8864f19b4f80e442a30f247 - - 9475e5ee510e48719cff67af03a81c01 9475e5ee510e48719cff67af03a81c01] 199.19.213.176 "PUT /v2.0/ports/406328cf-3c6d-4218-9603-788f2f07c224 HTTP/1.1" status: 200 len: 1404 time: 0.8887675
2026-05-27 20:49:30.371 9 INFO neutron.db.ovn_revision_numbers_db [None req-0c3c210c-1861-48e9-9906-288fbcbc2fdd - - - - - -] Successfully bumped revision number for resource de238cae-bdee-42ce-b396-71b93053041a (type: ports) to 1
2026-05-27 20:49:30.403 9 INFO neutron.notifiers.nova [-] Nova event matching ['req-dbdbf5bf-977e-4813-9ae3-e3dea3a7c16d'] response: {'name': 'network-changed', 'server_uuid': '6e6c56a2-0fe5-49eb-8cdb-8c01ee3e17cf', 'tag': '406328cf-3c6d-4218-9603-788f2f07c224', 'status': 'completed', 'code': 200}
2026-05-27 20:49:30.481 9 INFO neutron.db.ovn_revision_numbers_db [None req-90356bcc-e86f-4bc9-a765-fa0ea28007f5 95c128c87b44404c906e5642ed279352 ad9e2fdd64e04e38bfda6bc31e55305e - - default default] Successfully bumped revision number for resource 19105dce-adb5-4842-83d7-9d67b93c54d7 (type: security_group_rules) to 0
2026-05-27 20:49:30.496 10 WARNING neutron.scheduler.dhcp_agent_scheduler [None req-21f141e8-dc53-416c-b12d-44f2f1f59657 fc367df31778448aa17158a4cc8163ac 14333cf1279c42fdadeb68f5ee570e6a - - default default] No more DHCP agents
2026-05-27 20:49:30.498 10 WARNING neutron.api.rpc.agentnotifiers.dhcp_rpc_agent_api [None req-21f141e8-dc53-416c-b12d-44f2f1f59657 fc367df31778448aa17158a4cc8163ac 14333cf1279c42fdadeb68f5ee570e6a - - default default] Unable to schedule network b5f1218a-4150-40e5-ab51-25f96d784604: no agents available; will retry on subsequent port and subnet creation events.
2026-05-27 20:49:30.508 9 INFO neutron.api.wsgi [None req-90356bcc-e86f-4bc9-a765-fa0ea28007f5 95c128c87b44404c906e5642ed279352 ad9e2fdd64e04e38bfda6bc31e55305e - - default default] 10.0.0.203 "POST /v2.0/security-group-rules HTTP/1.1" status: 201 len: 801 time: 0.2262065
2026-05-27 20:49:30.517 9 WARNING neutron_lib.context [None req-f687f107-e58f-4dfe-98b8-ad6ac94222a0 95c128c87b44404c906e5642ed279352 ad9e2fdd64e04e38bfda6bc31e55305e - - default default] Method 'is_advsvc' is deprecated since 2023.2 release (neutron-lib 3.8.0) and will be removed once support for the old RBAC API policies will be removed from Neutron. Please use method 'is_service_role' instead.
2026-05-27 20:49:30.633 10 INFO neutron.db.ovn_revision_numbers_db [None req-21f141e8-dc53-416c-b12d-44f2f1f59657 fc367df31778448aa17158a4cc8163ac 14333cf1279c42fdadeb68f5ee570e6a - - default default] Successfully bumped revision number for resource 48a0d299-8201-4dda-8ee2-f1c6bf5e6276 (type: ports) to 1
2026-05-27 20:49:30.680 10 INFO neutron.api.wsgi [req-a233e653-bb46-4ede-a104-5ad5d73f31a1 req-63e9613a-db42-4a0b-85ce-a6a148a177b6 4decf9c4940847ca91b3325703d5a5ed e48b6b36948b450ab5e637d97d3ca010 - - default default] 10.0.0.199 "GET /v2.0/ports?device_id=6e6c56a2-0fe5-49eb-8cdb-8c01ee3e17cf HTTP/1.1" status: 200 len: 1168 time: 0.0427253
2026-05-27 20:49:30.734 10 INFO neutron.api.wsgi [req-a233e653-bb46-4ede-a104-5ad5d73f31a1 req-a443c651-2356-4636-af75-2449546fe184 4decf9c4940847ca91b3325703d5a5ed e48b6b36948b450ab5e637d97d3ca010 - - default default] 10.0.0.199 "GET /v2.0/security-groups?id=9fc8182f-aeab-4129-b894-dc37e6ca54a0&fields=id&fields=name HTTP/1.1" status: 200 len: 313 time: 0.0492418
2026-05-27 20:49:30.759 9 INFO neutron.db.ovn_revision_numbers_db [None req-0c3c210c-1861-48e9-9906-288fbcbc2fdd - - - - - -] Successfully bumped revision number for resource de238cae-bdee-42ce-b396-71b93053041a (type: ports) to 4
2026-05-27 20:49:30.813 9 WARNING neutron.scheduler.dhcp_agent_scheduler [None req-f687f107-e58f-4dfe-98b8-ad6ac94222a0 95c128c87b44404c906e5642ed279352 ad9e2fdd64e04e38bfda6bc31e55305e - - default default] No more DHCP agents
2026-05-27 20:49:30.815 9 WARNING neutron.api.rpc.agentnotifiers.dhcp_rpc_agent_api [None req-f687f107-e58f-4dfe-98b8-ad6ac94222a0 95c128c87b44404c906e5642ed279352 ad9e2fdd64e04e38bfda6bc31e55305e - - default default] Unable to schedule network 1cc437aa-4447-4aa4-bff5-1c80ac80f8b2: no agents available; will retry on subsequent port and subnet creation events.
2026-05-27 20:49:30.977 9 INFO neutron.api.wsgi [req-090cf8ef-2ae7-429e-ace8-ef390afb1fb0 req-edc43089-c8b5-449f-9041-2220876d5f7b e3107a1923d24722834d3f15eb8abab5 648eed71e8864f19b4f80e442a30f247 - - 9475e5ee510e48719cff67af03a81c01 9475e5ee510e48719cff67af03a81c01] 199.19.213.176 "GET /v2.0/ports?tenant_id=e48b6b36948b450ab5e637d97d3ca010&device_id=6e6c56a2-0fe5-49eb-8cdb-8c01ee3e17cf HTTP/1.1" status: 200 len: 1407 time: 0.0660784
2026-05-27 20:49:31.083 9 INFO neutron.api.wsgi [req-090cf8ef-2ae7-429e-ace8-ef390afb1fb0 req-0a770987-8c76-451b-ad35-b179275d4f85 e3107a1923d24722834d3f15eb8abab5 648eed71e8864f19b4f80e442a30f247 - - 9475e5ee510e48719cff67af03a81c01 9475e5ee510e48719cff67af03a81c01] 199.19.213.176 "GET /v2.0/networks?tenant_id=e48b6b36948b450ab5e637d97d3ca010&shared=False HTTP/1.1" status: 200 len: 978 time: 0.1004109
