2026-05-27 20:50:03.466 9 INFO neutron.api.wsgi [req-8a78a4ef-affb-4bd0-9fca-354a395c65da req-af4d6ecf-2df9-484d-bfc9-1cd50f515159 9a44373ba8dc402c89f349e90b998c89 2a6dccdeb0f840998f0e7bbfc68aba1a - - default default] 10.0.0.199 "GET /v2.0/ports?device_id=bf4172da-6008-46d3-8db5-c499519060f3 HTTP/1.1" status: 200 len: 1170 time: 0.0438869
2026-05-27 20:50:03.480 10 INFO neutron.db.ovn_revision_numbers_db [None req-51c53c4f-ded4-4e4d-a084-9133eb2fd8a6 fc367df31778448aa17158a4cc8163ac 14333cf1279c42fdadeb68f5ee570e6a - - default default] Successfully bumped revision number for resource 6969ac7e-07da-4585-a5e5-e3f1129df076 (type: security_group_rules) to 0
2026-05-27 20:50:03.494 10 INFO neutron.db.ovn_revision_numbers_db [None req-51c53c4f-ded4-4e4d-a084-9133eb2fd8a6 fc367df31778448aa17158a4cc8163ac 14333cf1279c42fdadeb68f5ee570e6a - - default default] Successfully bumped revision number for resource 7e4b76fb-621d-4d13-a239-e5e30ec4475b (type: security_group_rules) to 0
2026-05-27 20:50:03.505 9 INFO neutron.api.wsgi [req-8a78a4ef-affb-4bd0-9fca-354a395c65da req-d06a0a96-4fcb-4470-8686-9e649271e9aa 9a44373ba8dc402c89f349e90b998c89 2a6dccdeb0f840998f0e7bbfc68aba1a - - default default] 10.0.0.199 "GET /v2.0/security-groups?id=adca9cdf-c073-489e-b5b1-844e6e790af2&fields=id&fields=name HTTP/1.1" status: 200 len: 313 time: 0.0350392
2026-05-27 20:50:03.506 10 INFO neutron.db.ovn_revision_numbers_db [None req-51c53c4f-ded4-4e4d-a084-9133eb2fd8a6 fc367df31778448aa17158a4cc8163ac 14333cf1279c42fdadeb68f5ee570e6a - - default default] Successfully bumped revision number for resource cda058db-7dbb-48f2-b894-84ede6068b04 (type: security_group_rules) to 0
2026-05-27 20:50:03.540 10 INFO neutron.api.wsgi [None req-51c53c4f-ded4-4e4d-a084-9133eb2fd8a6 fc367df31778448aa17158a4cc8163ac 14333cf1279c42fdadeb68f5ee570e6a - - default default] 10.0.0.203 "GET /v2.0/security-groups?tenant_id=d65163a33ca349d7abcaaa9a59cc7fb4&name=default HTTP/1.1" status: 200 len: 3120 time: 0.3117104
2026-05-27 20:50:03.555 10 INFO neutron.api.wsgi [req-81ed0812-fd08-4408-bf10-be4855cdcbae req-eee12281-ac9b-46c4-8b1f-9357224709e4 be7d737fb60d4712a7dd8271fb05d042 1c5d219285054842b48170ddb0e545dc - - default default] 10.0.0.199 "GET /v2.0/ports?device_id=cd32d545-bc2b-4575-9bdc-ba8b736539a5 HTTP/1.1" status: 200 len: 210 time: 0.0138474
2026-05-27 20:50:03.749 9 INFO neutron.api.wsgi [None req-e3e023a1-bdf4-4980-92ca-f902fbac1a6e fc367df31778448aa17158a4cc8163ac 14333cf1279c42fdadeb68f5ee570e6a - - default default] 10.0.0.203 "DELETE /v2.0/security-groups/e64f6453-2fe3-476f-a324-43b90bbafdfb HTTP/1.1" status: 204 len: 168 time: 0.2033556
2026-05-27 20:50:04.153 10 INFO neutron.api.wsgi [req-2bb7d9b5-0151-407a-97c8-4db4955af396 req-08b7f2a4-0f58-46f1-ad4f-7e97ac71ac15 95c128c87b44404c906e5642ed279352 ad9e2fdd64e04e38bfda6bc31e55305e - - default default] 10.0.0.199 "GET /v2.0/ports?device_id=f5a047e3-e4fa-420b-a759-8ec3b339b2c0 HTTP/1.1" status: 200 len: 1352 time: 0.0407431
2026-05-27 20:50:04.201 10 INFO neutron.api.wsgi [req-2bb7d9b5-0151-407a-97c8-4db4955af396 req-8e49b1cc-2edd-441c-a01f-bcdc6497f642 95c128c87b44404c906e5642ed279352 ad9e2fdd64e04e38bfda6bc31e55305e - - default default] 10.0.0.199 "GET /v2.0/security-groups?id=c02f4b8b-4081-4a67-b3e5-7b6a91fbced6&fields=id&fields=name HTTP/1.1" status: 200 len: 313 time: 0.0402889
2026-05-27 20:50:04.477 10 INFO neutron.api.wsgi [req-f1beb830-757e-43de-b285-5fd14dd3499a req-7a07df3e-e4af-4270-b6c7-6d4b999e6742 e3107a1923d24722834d3f15eb8abab5 648eed71e8864f19b4f80e442a30f247 - - 9475e5ee510e48719cff67af03a81c01 9475e5ee510e48719cff67af03a81c01] 199.19.213.176 "GET /v2.0/ports?tenant_id=ad9e2fdd64e04e38bfda6bc31e55305e&device_id=f5a047e3-e4fa-420b-a759-8ec3b339b2c0 HTTP/1.1" status: 200 len: 1590 time: 0.0411289
2026-05-27 20:50:04.528 10 INFO neutron.api.wsgi [req-f1beb830-757e-43de-b285-5fd14dd3499a req-e93273ea-f20f-4db4-a88b-ebb77dc6b0cd e3107a1923d24722834d3f15eb8abab5 648eed71e8864f19b4f80e442a30f247 - - 9475e5ee510e48719cff67af03a81c01 9475e5ee510e48719cff67af03a81c01] 199.19.213.176 "GET /v2.0/networks?id=2e67ea8b-74f4-4802-9918-83e59f7704a0 HTTP/1.1" status: 200 len: 982 time: 0.0443347
2026-05-27 20:50:04.579 10 INFO neutron.api.wsgi [req-f1beb830-757e-43de-b285-5fd14dd3499a req-7e155d22-933c-4116-abc3-c0a0b1e2a628 e3107a1923d24722834d3f15eb8abab5 648eed71e8864f19b4f80e442a30f247 - - 9475e5ee510e48719cff67af03a81c01 9475e5ee510e48719cff67af03a81c01] 199.19.213.176 "GET /v2.0/floatingips?fixed_ip_address=10.100.0.12&port_id=c9d7feb3-32bb-4384-8a6e-4c5c8ac5c07b HTTP/1.1" status: 200 len: 1060 time: 0.0448124
2026-05-27 20:50:04.608 10 INFO neutron.api.wsgi [req-f1beb830-757e-43de-b285-5fd14dd3499a req-d6b92d6a-1376-410e-8709-11383a5c4da4 e3107a1923d24722834d3f15eb8abab5 648eed71e8864f19b4f80e442a30f247 - - 9475e5ee510e48719cff67af03a81c01 9475e5ee510e48719cff67af03a81c01] 199.19.213.176 "GET /v2.0/floatingips?fixed_ip_address=10.100.0.9&port_id=c9d7feb3-32bb-4384-8a6e-4c5c8ac5c07b HTTP/1.1" status: 200 len: 217 time: 0.0208011
2026-05-27 20:50:04.627 9 INFO neutron.api.wsgi [req-c13f4e28-0cda-454a-b176-76edd988f99f req-2cf774ee-94a1-4693-bc5b-32d74f84a501 9a44373ba8dc402c89f349e90b998c89 2a6dccdeb0f840998f0e7bbfc68aba1a - - default default] 10.0.0.199 "GET /v2.0/ports?device_id=bf4172da-6008-46d3-8db5-c499519060f3 HTTP/1.1" status: 200 len: 1170 time: 0.0484166
2026-05-27 20:50:04.638 10 INFO neutron.api.wsgi [req-56296839-58f0-47dc-980e-a07861750033 req-fd04afd7-63cf-4a3f-b6ab-7a1d933b37c3 be7d737fb60d4712a7dd8271fb05d042 1c5d219285054842b48170ddb0e545dc - - default default] 10.0.0.199 "GET /v2.0/ports?device_id=cd32d545-bc2b-4575-9bdc-ba8b736539a5 HTTP/1.1" status: 200 len: 210 time: 0.0249314
2026-05-27 20:50:04.651 10 INFO neutron.api.wsgi [req-f1beb830-757e-43de-b285-5fd14dd3499a req-9a6d2615-ffa1-4cf4-bbcf-069b8120d3a9 e3107a1923d24722834d3f15eb8abab5 648eed71e8864f19b4f80e442a30f247 - - 9475e5ee510e48719cff67af03a81c01 9475e5ee510e48719cff67af03a81c01] 199.19.213.176 "GET /v2.0/subnets?id=9399230d-df71-491f-b7ef-73a04f593f5f HTTP/1.1" status: 200 len: 901 time: 0.0264070
2026-05-27 20:50:04.670 9 INFO neutron.api.wsgi [req-c13f4e28-0cda-454a-b176-76edd988f99f req-8786eba3-a319-4dea-8726-27d4e2123559 9a44373ba8dc402c89f349e90b998c89 2a6dccdeb0f840998f0e7bbfc68aba1a - - default default] 10.0.0.199 "GET /v2.0/security-groups?id=adca9cdf-c073-489e-b5b1-844e6e790af2&fields=id&fields=name HTTP/1.1" status: 200 len: 313 time: 0.0399191
2026-05-27 20:50:04.682 10 INFO neutron.api.wsgi [req-f1beb830-757e-43de-b285-5fd14dd3499a req-2684253c-9087-485c-8435-37a6b5d05d34 e3107a1923d24722834d3f15eb8abab5 648eed71e8864f19b4f80e442a30f247 - - 9475e5ee510e48719cff67af03a81c01 9475e5ee510e48719cff67af03a81c01] 199.19.213.176 "GET /v2.0/ports?network_id=2e67ea8b-74f4-4802-9918-83e59f7704a0&device_owner=network%3Adhcp HTTP/1.1" status: 200 len: 210 time: 0.0196762
2026-05-27 20:50:04.751 10 INFO neutron.api.wsgi [req-f1beb830-757e-43de-b285-5fd14dd3499a req-5a58c246-8928-4ed4-b267-20a5fe3fd93a e3107a1923d24722834d3f15eb8abab5 648eed71e8864f19b4f80e442a30f247 - - 9475e5ee510e48719cff67af03a81c01 9475e5ee510e48719cff67af03a81c01] 199.19.213.176 "GET /v2.0/networks/2e67ea8b-74f4-4802-9918-83e59f7704a0?fields=segments HTTP/1.1" status: 200 len: 212 time: 0.0609431
2026-05-27 20:50:04.811 10 INFO neutron.api.wsgi [req-f1beb830-757e-43de-b285-5fd14dd3499a req-648b976a-9d8b-45bf-976d-95d7433db33f e3107a1923d24722834d3f15eb8abab5 648eed71e8864f19b4f80e442a30f247 - - 9475e5ee510e48719cff67af03a81c01 9475e5ee510e48719cff67af03a81c01] 199.19.213.176 "GET /v2.0/networks/2e67ea8b-74f4-4802-9918-83e59f7704a0?fields=provider%3Aphysical_network&fields=provider%3Anetwork_type HTTP/1.1" status: 200 len: 277 time: 0.0551193
2026-05-27 20:50:05.388 10 INFO neutron.api.wsgi [req-b1d52817-249d-4835-8859-a0c5a4459625 req-6676ba73-2da6-470f-aab9-fcc5fa8ce3bb 95c128c87b44404c906e5642ed279352 ad9e2fdd64e04e38bfda6bc31e55305e - - default default] 199.19.213.176 "GET /v2.0/ports?device_id=f5a047e3-e4fa-420b-a759-8ec3b339b2c0&device_owner=compute%3Anova&fixed_ips=ip_address%3D10.100.0.9 HTTP/1.1" status: 200 len: 1352 time: 0.0683436
2026-05-27 20:50:05.725 10 INFO neutron.api.wsgi [req-23356e44-2c85-4d2f-b46f-8f8b49f076ad req-b1a9217f-23df-4c98-979d-2a942c5f605c be7d737fb60d4712a7dd8271fb05d042 1c5d219285054842b48170ddb0e545dc - - default default] 10.0.0.199 "GET /v2.0/ports?device_id=cd32d545-bc2b-4575-9bdc-ba8b736539a5 HTTP/1.1" status: 200 len: 210 time: 0.0250292
2026-05-27 20:50:05.806 9 INFO neutron.api.wsgi [req-da7a4824-cd6c-4edc-83de-f72f88906e4b req-a85729c2-531a-4727-849c-c54ae661e0f6 9a44373ba8dc402c89f349e90b998c89 2a6dccdeb0f840998f0e7bbfc68aba1a - - default default] 10.0.0.199 "GET /v2.0/ports?device_id=bf4172da-6008-46d3-8db5-c499519060f3 HTTP/1.1" status: 200 len: 1170 time: 0.0762115
2026-05-27 20:50:05.845 9 INFO neutron.api.wsgi [req-da7a4824-cd6c-4edc-83de-f72f88906e4b req-3b3cd172-29da-4e16-969a-cc3664e9b783 9a44373ba8dc402c89f349e90b998c89 2a6dccdeb0f840998f0e7bbfc68aba1a - - default default] 10.0.0.199 "GET /v2.0/security-groups?id=adca9cdf-c073-489e-b5b1-844e6e790af2&fields=id&fields=name HTTP/1.1" status: 200 len: 313 time: 0.0322804
2026-05-27 20:50:06.325 10 WARNING neutron.plugins.ml2.drivers.ovn.mech_driver.ovsdb.ovn_client [None req-439099dd-3fdc-49bf-b70c-0b40c55e299f - - - - - -] No hosting information found for port d91a4857-c75c-4a35-91db-c878beef3642: RuntimeError: No hosting information found for port d91a4857-c75c-4a35-91db-c878beef3642
2026-05-27 20:50:06.414 10 INFO neutron.db.ovn_revision_numbers_db [None req-439099dd-3fdc-49bf-b70c-0b40c55e299f - - - - - -] Successfully bumped revision number for resource d91a4857-c75c-4a35-91db-c878beef3642 (type: router_ports) to 2
2026-05-27 20:50:06.415 10 INFO neutron.plugins.ml2.drivers.ovn.mech_driver.mech_driver [None req-439099dd-3fdc-49bf-b70c-0b40c55e299f - - - - - -] OVN reports status down for port: adcf0928-a988-4074-ab93-c31494508bc8
2026-05-27 20:50:06.469 10 INFO neutron.db.ovn_revision_numbers_db [req-b1d52817-249d-4835-8859-a0c5a4459625 req-8cc28de6-a328-4f17-9986-d1232844d93e 95c128c87b44404c906e5642ed279352 ad9e2fdd64e04e38bfda6bc31e55305e - - default default] Successfully bumped revision number for resource c9d7feb3-32bb-4384-8a6e-4c5c8ac5c07b (type: ports) to 7
2026-05-27 20:50:06.490 10 INFO neutron.api.wsgi [req-b1d52817-249d-4835-8859-a0c5a4459625 req-8cc28de6-a328-4f17-9986-d1232844d93e 95c128c87b44404c906e5642ed279352 ad9e2fdd64e04e38bfda6bc31e55305e - - default default] 199.19.213.176 "PUT /v2.0/ports/c9d7feb3-32bb-4384-8a6e-4c5c8ac5c07b HTTP/1.1" status: 200 len: 1171 time: 1.0996916
2026-05-27 20:50:06.531 10 INFO neutron.notifiers.nova [-] Nova event matching ['req-465c60d7-5946-4c25-95a8-81fb19bcbb78'] response: {'name': 'network-changed', 'server_uuid': 'f5a047e3-e4fa-420b-a759-8ec3b339b2c0', 'tag': 'c9d7feb3-32bb-4384-8a6e-4c5c8ac5c07b', 'status': 'completed', 'code': 200}
2026-05-27 20:50:06.710 10 INFO neutron.db.ovn_revision_numbers_db [None req-439099dd-3fdc-49bf-b70c-0b40c55e299f - - - - - -] Successfully bumped revision number for resource adcf0928-a988-4074-ab93-c31494508bc8 (type: ports) to 6 /var/lib/openstack/lib/python3.12/site-packages/pycadf/identifier.py:71: UserWarning: Invalid uuid: neutron. To ensure interoperability, identifiers should be a valid uuid. warnings.warn(('Invalid uuid: %s. To ensure interoperability, '
2026-05-27 20:50:06.802 10 INFO neutron.api.wsgi [req-4617bcb3-a0be-4401-85d1-bb1f6b230b5b req-24012b03-4ee7-4907-8032-8335b766a798 be7d737fb60d4712a7dd8271fb05d042 1c5d219285054842b48170ddb0e545dc - - default default] 10.0.0.199 "GET /v2.0/ports?device_id=cd32d545-bc2b-4575-9bdc-ba8b736539a5 HTTP/1.1" status: 200 len: 210 time: 0.0204432
2026-05-27 20:50:06.982 9 INFO neutron.api.wsgi [req-3b734b58-637b-47b6-b50b-aa153bddf7b5 req-2fc0dd7a-89ec-435d-a6fa-4e84537ea4e2 9a44373ba8dc402c89f349e90b998c89 2a6dccdeb0f840998f0e7bbfc68aba1a - - default default] 10.0.0.199 "GET /v2.0/ports?device_id=bf4172da-6008-46d3-8db5-c499519060f3 HTTP/1.1" status: 200 len: 1168 time: 0.0675919
2026-05-27 20:50:07.026 9 INFO neutron.api.wsgi [req-3b734b58-637b-47b6-b50b-aa153bddf7b5 req-2147b44a-76b9-4751-922c-5f9025d1e7da 9a44373ba8dc402c89f349e90b998c89 2a6dccdeb0f840998f0e7bbfc68aba1a - - default default] 10.0.0.199 "GET /v2.0/security-groups?id=adca9cdf-c073-489e-b5b1-844e6e790af2&fields=id&fields=name HTTP/1.1" status: 200 len: 313 time: 0.0383992
2026-05-27 20:50:07.044 10 INFO neutron.api.wsgi [req-b1d52817-249d-4835-8859-a0c5a4459625 req-66d69070-534f-4a56-87d3-62c2964c36b0 e3107a1923d24722834d3f15eb8abab5 648eed71e8864f19b4f80e442a30f247 - - 9475e5ee510e48719cff67af03a81c01 9475e5ee510e48719cff67af03a81c01] 199.19.213.176 "GET /v2.0/ports?tenant_id=ad9e2fdd64e04e38bfda6bc31e55305e&device_id=f5a047e3-e4fa-420b-a759-8ec3b339b2c0 HTTP/1.1" status: 200 len: 1413 time: 0.0409665
2026-05-27 20:50:07.114 10 INFO neutron.api.wsgi [req-b1d52817-249d-4835-8859-a0c5a4459625 req-b27c1a8f-b298-4fb5-b9f6-3c83d6f9cc45 e3107a1923d24722834d3f15eb8abab5 648eed71e8864f19b4f80e442a30f247 - - 9475e5ee510e48719cff67af03a81c01 9475e5ee510e48719cff67af03a81c01] 199.19.213.176 "GET /v2.0/networks?id=2e67ea8b-74f4-4802-9918-83e59f7704a0 HTTP/1.1" status: 200 len: 982 time: 0.0641580
2026-05-27 20:50:07.156 10 INFO neutron.api.wsgi [req-b1d52817-249d-4835-8859-a0c5a4459625 req-493dab80-917f-4cdf-8335-b2b662e715ed e3107a1923d24722834d3f15eb8abab5 648eed71e8864f19b4f80e442a30f247 - - 9475e5ee510e48719cff67af03a81c01 9475e5ee510e48719cff67af03a81c01] 199.19.213.176 "GET /v2.0/floatingips?fixed_ip_address=10.100.0.12&port_id=c9d7feb3-32bb-4384-8a6e-4c5c8ac5c07b HTTP/1.1" status: 200 len: 1060 time: 0.0347199
2026-05-27 20:50:07.209 10 INFO neutron.api.wsgi [req-b1d52817-249d-4835-8859-a0c5a4459625 req-c2e93885-fef4-46bb-8369-6afaeb8476df e3107a1923d24722834d3f15eb8abab5 648eed71e8864f19b4f80e442a30f247 - - 9475e5ee510e48719cff67af03a81c01 9475e5ee510e48719cff67af03a81c01] 199.19.213.176 "GET /v2.0/subnets?id=9399230d-df71-491f-b7ef-73a04f593f5f HTTP/1.1" status: 200 len: 901 time: 0.0320849
2026-05-27 20:50:07.229 10 INFO neutron.api.wsgi [req-b1d52817-249d-4835-8859-a0c5a4459625 req-09d13ff1-c286-4ab9-8394-01f77c55f522 e3107a1923d24722834d3f15eb8abab5 648eed71e8864f19b4f80e442a30f247 - - 9475e5ee510e48719cff67af03a81c01 9475e5ee510e48719cff67af03a81c01] 199.19.213.176 "GET /v2.0/ports?network_id=2e67ea8b-74f4-4802-9918-83e59f7704a0&device_owner=network%3Adhcp HTTP/1.1" status: 200 len: 210 time: 0.0158515
2026-05-27 20:50:07.277 10 INFO neutron.api.wsgi [req-b1d52817-249d-4835-8859-a0c5a4459625 req-1f15ccaa-5ae9-403e-8a71-3923a8da2703 e3107a1923d24722834d3f15eb8abab5 648eed71e8864f19b4f80e442a30f247 - - 9475e5ee510e48719cff67af03a81c01 9475e5ee510e48719cff67af03a81c01] 199.19.213.176 "GET /v2.0/networks/2e67ea8b-74f4-4802-9918-83e59f7704a0?fields=segments HTTP/1.1" status: 200 len: 212 time: 0.0418215
2026-05-27 20:50:07.321 10 INFO neutron.api.wsgi [req-b1d52817-249d-4835-8859-a0c5a4459625 req-f27e4beb-7daf-47a4-b800-afeaefca38bf e3107a1923d24722834d3f15eb8abab5 648eed71e8864f19b4f80e442a30f247 - - 9475e5ee510e48719cff67af03a81c01 9475e5ee510e48719cff67af03a81c01] 199.19.213.176 "GET /v2.0/networks/2e67ea8b-74f4-4802-9918-83e59f7704a0?fields=provider%3Aphysical_network&fields=provider%3Anetwork_type HTTP/1.1" status: 200 len: 277 time: 0.0384159
2026-05-27 20:50:07.609 10 INFO neutron.api.wsgi [req-0b9cf461-a290-4238-932f-d2d650c8f037 req-1638734b-5ea2-4bd7-bb9e-692cd29f0673 95c128c87b44404c906e5642ed279352 ad9e2fdd64e04e38bfda6bc31e55305e - - default default] 10.0.0.199 "GET /v2.0/ports?device_id=f5a047e3-e4fa-420b-a759-8ec3b339b2c0 HTTP/1.1" status: 200 len: 1174 time: 0.0697708
2026-05-27 20:50:07.648 10 INFO neutron.api.wsgi [req-0b9cf461-a290-4238-932f-d2d650c8f037 req-d4da0678-200b-4013-9016-0d9a181a628a 95c128c87b44404c906e5642ed279352 ad9e2fdd64e04e38bfda6bc31e55305e - - default default] 10.0.0.199 "GET /v2.0/security-groups?id=c02f4b8b-4081-4a67-b3e5-7b6a91fbced6&fields=id&fields=name HTTP/1.1" status: 200 len: 313 time: 0.0311453
2026-05-27 20:50:07.805 10 INFO neutron.plugins.ml2.drivers.ovn.mech_driver.mech_driver [None req-d0a76f30-734f-4a0b-8eae-bef28b1792d0 - - - - - -] OVN reports status up for port: adcf0928-a988-4074-ab93-c31494508bc8
2026-05-27 20:50:07.816 10 INFO neutron.plugins.ml2.plugin [None req-d0a76f30-734f-4a0b-8eae-bef28b1792d0 - - - - - -] Attempt 1 to provision port adcf0928-a988-4074-ab93-c31494508bc8
2026-05-27 20:50:07.879 9 INFO neutron.api.wsgi [req-90efabf7-5fee-45fa-972f-169227449118 req-eac6f5b3-cd05-45e2-a262-ddd1ebf508ce be7d737fb60d4712a7dd8271fb05d042 1c5d219285054842b48170ddb0e545dc - - default default] 10.0.0.199 "GET /v2.0/ports?device_id=cd32d545-bc2b-4575-9bdc-ba8b736539a5 HTTP/1.1" status: 200 len: 210 time: 0.0247207
2026-05-27 20:50:07.923 10 INFO neutron.api.wsgi [req-b022ed6a-0d4e-441c-b0f4-046c6a30f0cf req-ea3b8941-26b0-488b-adcb-0e9808a6c9ca be7d737fb60d4712a7dd8271fb05d042 1c5d219285054842b48170ddb0e545dc - - default default] 199.19.213.176 "GET /v2.0/networks?id=77b62125-fee8-4d76-8ad0-d38034b0ea18 HTTP/1.1" status: 200 len: 875 time: 0.0528345
2026-05-27 20:50:07.970 10 INFO neutron.api.wsgi [req-b022ed6a-0d4e-441c-b0f4-046c6a30f0cf req-536f869e-9e74-45c1-9733-364ade71368d be7d737fb60d4712a7dd8271fb05d042 1c5d219285054842b48170ddb0e545dc - - default default] 199.19.213.176 "GET /v2.0/security-groups?fields=id&fields=name&tenant_id=1c5d219285054842b48170ddb0e545dc HTTP/1.1" status: 200 len: 380 time: 0.0427067
2026-05-27 20:50:07.978 10 WARNING neutron_lib.context [req-b022ed6a-0d4e-441c-b0f4-046c6a30f0cf req-fd529616-ba3a-4fba-97bc-a6fb4f1f9845 be7d737fb60d4712a7dd8271fb05d042 1c5d219285054842b48170ddb0e545dc - - default default] Method 'is_advsvc' is deprecated since 2023.2 release (neutron-lib 3.8.0) and will be removed once support for the old RBAC API policies will be removed from Neutron. Please use method 'is_service_role' instead.
2026-05-27 20:50:08.079 10 INFO neutron.db.ovn_revision_numbers_db [None req-d0a76f30-734f-4a0b-8eae-bef28b1792d0 - - - - - -] Successfully bumped revision number for resource adcf0928-a988-4074-ab93-c31494508bc8 (type: ports) to 7
2026-05-27 20:50:08.190 10 INFO neutron.plugins.ml2.drivers.ovn.mech_driver.mech_driver [None req-3ecc93e6-4531-449c-9605-adb88823c9fc - - - - - -] OVN reports status down for port: c9d7feb3-32bb-4384-8a6e-4c5c8ac5c07b
2026-05-27 20:50:08.215 10 INFO neutron.api.wsgi [req-211678ff-6db0-44dc-a638-55ad7ad5564f req-399bf7a1-b3cf-4636-92c5-1f7cd2b98684 9a44373ba8dc402c89f349e90b998c89 2a6dccdeb0f840998f0e7bbfc68aba1a - - default default] 10.0.0.199 "GET /v2.0/ports?device_id=bf4172da-6008-46d3-8db5-c499519060f3 HTTP/1.1" status: 200 len: 1170 time: 0.1184981 /var/lib/openstack/lib/python3.12/site-packages/pycadf/identifier.py:71: UserWarning: Invalid uuid: neutron. To ensure interoperability, identifiers should be a valid uuid. warnings.warn(('Invalid uuid: %s. To ensure interoperability, '
2026-05-27 20:50:08.278 10 INFO neutron.api.wsgi [req-211678ff-6db0-44dc-a638-55ad7ad5564f req-6bd2ce30-0c9a-4021-80b5-317a034e23a4 9a44373ba8dc402c89f349e90b998c89 2a6dccdeb0f840998f0e7bbfc68aba1a - - default default] 10.0.0.199 "GET /v2.0/security-groups?id=adca9cdf-c073-489e-b5b1-844e6e790af2&fields=id&fields=name HTTP/1.1" status: 200 len: 313 time: 0.0550632
2026-05-27 20:50:08.370 9 INFO neutron.api.wsgi [req-2d852c65-ee27-4765-80da-9e4093b37bb3 req-36ec7f45-2e53-4462-9d67-7abcfa744dab e3107a1923d24722834d3f15eb8abab5 648eed71e8864f19b4f80e442a30f247 - - 9475e5ee510e48719cff67af03a81c01 9475e5ee510e48719cff67af03a81c01] 199.19.213.176 "GET /v2.0/ports?tenant_id=ad9e2fdd64e04e38bfda6bc31e55305e&device_id=f5a047e3-e4fa-420b-a759-8ec3b339b2c0 HTTP/1.1" status: 200 len: 1411 time: 0.0348461
2026-05-27 20:50:08.382 10 WARNING neutron.scheduler.dhcp_agent_scheduler [req-b022ed6a-0d4e-441c-b0f4-046c6a30f0cf req-fd529616-ba3a-4fba-97bc-a6fb4f1f9845 be7d737fb60d4712a7dd8271fb05d042 1c5d219285054842b48170ddb0e545dc - - default default] No more DHCP agents
2026-05-27 20:50:08.384 10 WARNING neutron.api.rpc.agentnotifiers.dhcp_rpc_agent_api [req-b022ed6a-0d4e-441c-b0f4-046c6a30f0cf req-fd529616-ba3a-4fba-97bc-a6fb4f1f9845 be7d737fb60d4712a7dd8271fb05d042 1c5d219285054842b48170ddb0e545dc - - default default] Unable to schedule network 77b62125-fee8-4d76-8ad0-d38034b0ea18: no agents available; will retry on subsequent port and subnet creation events.
2026-05-27 20:50:08.421 9 INFO neutron.api.wsgi [req-2d852c65-ee27-4765-80da-9e4093b37bb3 req-e2026776-53fb-42c1-9592-e0fb31b129e1 e3107a1923d24722834d3f15eb8abab5 648eed71e8864f19b4f80e442a30f247 - - 9475e5ee510e48719cff67af03a81c01 9475e5ee510e48719cff67af03a81c01] 199.19.213.176 "GET /v2.0/networks?id=2e67ea8b-74f4-4802-9918-83e59f7704a0 HTTP/1.1" status: 200 len: 982 time: 0.0428669
2026-05-27 20:50:08.467 9 INFO neutron.api.wsgi [req-2d852c65-ee27-4765-80da-9e4093b37bb3 req-e449ed9d-2f9d-49d9-aa5d-57a3e86a4bd3 e3107a1923d24722834d3f15eb8abab5 648eed71e8864f19b4f80e442a30f247 - - 9475e5ee510e48719cff67af03a81c01 9475e5ee510e48719cff67af03a81c01] 199.19.213.176 "GET /v2.0/floatingips?fixed_ip_address=10.100.0.12&port_id=c9d7feb3-32bb-4384-8a6e-4c5c8ac5c07b HTTP/1.1" status: 200 len: 1058 time: 0.0410686
2026-05-27 20:50:08.501 9 INFO neutron.api.wsgi [req-2d852c65-ee27-4765-80da-9e4093b37bb3 req-149be99a-98d1-4252-b5ef-4aa79587af2d e3107a1923d24722834d3f15eb8abab5 648eed71e8864f19b4f80e442a30f247 - - 9475e5ee510e48719cff67af03a81c01 9475e5ee510e48719cff67af03a81c01] 199.19.213.176 "GET /v2.0/subnets?id=9399230d-df71-491f-b7ef-73a04f593f5f HTTP/1.1" status: 200 len: 901 time: 0.0269272
2026-05-27 20:50:08.504 10 INFO neutron.db.ovn_revision_numbers_db [None req-3ecc93e6-4531-449c-9605-adb88823c9fc - - - - - -] Successfully bumped revision number for resource c9d7feb3-32bb-4384-8a6e-4c5c8ac5c07b (type: ports) to 8
2026-05-27 20:50:08.533 9 INFO neutron.api.wsgi [req-2d852c65-ee27-4765-80da-9e4093b37bb3 req-812e148d-13fe-4dcf-81b8-74a7ec4f1085 e3107a1923d24722834d3f15eb8abab5 648eed71e8864f19b4f80e442a30f247 - - 9475e5ee510e48719cff67af03a81c01 9475e5ee510e48719cff67af03a81c01] 199.19.213.176 "GET /v2.0/ports?network_id=2e67ea8b-74f4-4802-9918-83e59f7704a0&device_owner=network%3Adhcp HTTP/1.1" status: 200 len: 210 time: 0.0243883
2026-05-27 20:50:08.554 10 INFO neutron.db.ovn_revision_numbers_db [req-b022ed6a-0d4e-441c-b0f4-046c6a30f0cf req-fd529616-ba3a-4fba-97bc-a6fb4f1f9845 be7d737fb60d4712a7dd8271fb05d042 1c5d219285054842b48170ddb0e545dc - - default default] Successfully bumped revision number for resource 7a118e28-b616-4b32-91b1-11c682a1a8fb (type: ports) to 1
2026-05-27 20:50:08.578 10 INFO neutron.notifiers.nova [-] Nova event matching ['req-45b7ba80-0267-4176-a4ea-752826b540ba'] response: {'server_uuid': 'bf4172da-6008-46d3-8db5-c499519060f3', 'name': 'network-vif-unplugged', 'status': 'completed', 'tag': 'adcf0928-a988-4074-ab93-c31494508bc8', 'code': 200}
2026-05-27 20:50:08.578 10 INFO neutron.notifiers.nova [-] Nova event matching ['req-45b7ba80-0267-4176-a4ea-752826b540ba'] response: {'server_uuid': 'bf4172da-6008-46d3-8db5-c499519060f3', 'name': 'network-vif-unplugged', 'status': 'completed', 'tag': 'adcf0928-a988-4074-ab93-c31494508bc8', 'code': 200}
2026-05-27 20:50:08.578 10 INFO neutron.notifiers.nova [-] Nova event matching ['req-45b7ba80-0267-4176-a4ea-752826b540ba'] response: {'server_uuid': 'bf4172da-6008-46d3-8db5-c499519060f3', 'name': 'network-vif-plugged', 'status': 'completed', 'tag': 'adcf0928-a988-4074-ab93-c31494508bc8', 'code': 200}
2026-05-27 20:50:08.578 10 INFO neutron.notifiers.nova [-] Nova event matching ['req-45b7ba80-0267-4176-a4ea-752826b540ba'] response: {'server_uuid': 'bf4172da-6008-46d3-8db5-c499519060f3', 'name': 'network-vif-plugged', 'status': 'completed', 'tag': 'adcf0928-a988-4074-ab93-c31494508bc8', 'code': 200}
2026-05-27 20:50:08.578 10 INFO neutron.notifiers.nova [-] Nova event matching ['req-45b7ba80-0267-4176-a4ea-752826b540ba'] response: {'server_uuid': 'f5a047e3-e4fa-420b-a759-8ec3b339b2c0', 'name': 'network-vif-unplugged', 'status': 'completed', 'tag': 'c9d7feb3-32bb-4384-8a6e-4c5c8ac5c07b', 'code': 200}
2026-05-27 20:50:08.596 10 INFO neutron.api.wsgi [req-b022ed6a-0d4e-441c-b0f4-046c6a30f0cf req-fd529616-ba3a-4fba-97bc-a6fb4f1f9845 be7d737fb60d4712a7dd8271fb05d042 1c5d219285054842b48170ddb0e545dc - - default default] 199.19.213.176 "POST /v2.0/ports HTTP/1.1" status: 201 len: 1158 time: 0.6224711 /var/lib/openstack/lib/python3.12/site-packages/pycadf/identifier.py:71: UserWarning: Invalid uuid: neutron. To ensure interoperability, identifiers should be a valid uuid. warnings.warn(('Invalid uuid: %s. To ensure interoperability, '
2026-05-27 20:50:08.614 9 INFO neutron.api.wsgi [req-2d852c65-ee27-4765-80da-9e4093b37bb3 req-623b5771-a191-420d-bd9c-5473b289fa2e e3107a1923d24722834d3f15eb8abab5 648eed71e8864f19b4f80e442a30f247 - - 9475e5ee510e48719cff67af03a81c01 9475e5ee510e48719cff67af03a81c01] 199.19.213.176 "GET /v2.0/networks/2e67ea8b-74f4-4802-9918-83e59f7704a0?fields=segments HTTP/1.1" status: 200 len: 212 time: 0.0757596
2026-05-27 20:50:08.661 9 INFO neutron.api.wsgi [req-2d852c65-ee27-4765-80da-9e4093b37bb3 req-5c20e7ca-1e14-44bd-8568-cbccaaaae853 e3107a1923d24722834d3f15eb8abab5 648eed71e8864f19b4f80e442a30f247 - - 9475e5ee510e48719cff67af03a81c01 9475e5ee510e48719cff67af03a81c01] 199.19.213.176 "GET /v2.0/networks/2e67ea8b-74f4-4802-9918-83e59f7704a0?fields=provider%3Aphysical_network&fields=provider%3Anetwork_type HTTP/1.1" status: 200 len: 277 time: 0.0429659
2026-05-27 20:50:08.767 10 INFO neutron.api.wsgi [req-8ec0f8a0-37a5-40e2-a0fe-b6f854faf8a7 req-9f453604-e3a7-4a3f-9607-8f7615042325 95c128c87b44404c906e5642ed279352 ad9e2fdd64e04e38bfda6bc31e55305e - - default default] 10.0.0.199 "GET /v2.0/ports?device_id=f5a047e3-e4fa-420b-a759-8ec3b339b2c0 HTTP/1.1" status: 200 len: 1172 time: 0.0483935
2026-05-27 20:50:08.824 10 INFO neutron.api.wsgi [req-8ec0f8a0-37a5-40e2-a0fe-b6f854faf8a7 req-786463b9-b761-4f54-b973-7643263281b7 95c128c87b44404c906e5642ed279352 ad9e2fdd64e04e38bfda6bc31e55305e - - default default] 10.0.0.199 "GET /v2.0/security-groups?id=c02f4b8b-4081-4a67-b3e5-7b6a91fbced6&fields=id&fields=name HTTP/1.1" status: 200 len: 313 time: 0.0505061
2026-05-27 20:50:09.020 9 INFO neutron.api.wsgi [req-f97602bc-4917-4995-9bd3-02b150b5f874 req-584a7997-de8b-45c2-a28a-f443e4404611 be7d737fb60d4712a7dd8271fb05d042 1c5d219285054842b48170ddb0e545dc - - default default] 10.0.0.199 "GET /v2.0/ports?device_id=cd32d545-bc2b-4575-9bdc-ba8b736539a5 HTTP/1.1" status: 200 len: 1168 time: 0.0772040
2026-05-27 20:50:09.058 10 INFO neutron.db.ovn_revision_numbers_db [req-b022ed6a-0d4e-441c-b0f4-046c6a30f0cf req-ad44ff02-64ba-4e70-93d7-c4060d9b9ede e3107a1923d24722834d3f15eb8abab5 648eed71e8864f19b4f80e442a30f247 - - 9475e5ee510e48719cff67af03a81c01 9475e5ee510e48719cff67af03a81c01] Successfully bumped revision number for resource 7a118e28-b616-4b32-91b1-11c682a1a8fb (type: ports) to 2
2026-05-27 20:50:09.060 9 INFO neutron.api.wsgi [req-f97602bc-4917-4995-9bd3-02b150b5f874 req-5516fc25-9149-47e3-b672-9a4bf7fed46d be7d737fb60d4712a7dd8271fb05d042 1c5d219285054842b48170ddb0e545dc - - default default] 10.0.0.199 "GET /v2.0/security-groups?id=b5b87a55-930a-4b6f-b167-421cd9074f19&fields=id&fields=name HTTP/1.1" status: 200 len: 313 time: 0.0349245
2026-05-27 20:50:09.262 10 INFO neutron.db.ovn_revision_numbers_db [req-b022ed6a-0d4e-441c-b0f4-046c6a30f0cf req-ad44ff02-64ba-4e70-93d7-c4060d9b9ede e3107a1923d24722834d3f15eb8abab5 648eed71e8864f19b4f80e442a30f247 - - 9475e5ee510e48719cff67af03a81c01 9475e5ee510e48719cff67af03a81c01] Successfully bumped revision number for resource 7a118e28-b616-4b32-91b1-11c682a1a8fb (type: ports) to 4
2026-05-27 20:50:09.278 10 INFO neutron.api.wsgi [req-b022ed6a-0d4e-441c-b0f4-046c6a30f0cf req-ad44ff02-64ba-4e70-93d7-c4060d9b9ede e3107a1923d24722834d3f15eb8abab5 648eed71e8864f19b4f80e442a30f247 - - 9475e5ee510e48719cff67af03a81c01 9475e5ee510e48719cff67af03a81c01] 199.19.213.176 "PUT /v2.0/ports/7a118e28-b616-4b32-91b1-11c682a1a8fb HTTP/1.1" status: 200 len: 1404 time: 0.6754978 /var/lib/openstack/lib/python3.12/site-packages/pycadf/identifier.py:71: UserWarning: Invalid uuid: neutron. To ensure interoperability, identifiers should be a valid uuid. warnings.warn(('Invalid uuid: %s. To ensure interoperability, '
2026-05-27 20:50:09.316 10 INFO neutron.api.wsgi [req-051c0094-9d8f-4094-bd01-d37c7968993d req-9297a7ce-6630-461b-ad85-078554af6826 95c128c87b44404c906e5642ed279352 ad9e2fdd64e04e38bfda6bc31e55305e - - default default] 199.19.213.176 "GET /v2.0/ports?device_id=f5a047e3-e4fa-420b-a759-8ec3b339b2c0 HTTP/1.1" status: 200 len: 1172 time: 0.0280805
2026-05-27 20:50:09.387 10 INFO neutron.api.wsgi [req-6fd3bb4e-c72c-4e4f-850a-48a39d98f653 req-fd7ade94-c5e6-4e95-af26-4978d600fc3d 9a44373ba8dc402c89f349e90b998c89 2a6dccdeb0f840998f0e7bbfc68aba1a - - default default] 10.0.0.199 "GET /v2.0/ports?device_id=bf4172da-6008-46d3-8db5-c499519060f3 HTTP/1.1" status: 200 len: 1170 time: 0.0432818
2026-05-27 20:50:09.427 10 INFO neutron.api.wsgi [req-6fd3bb4e-c72c-4e4f-850a-48a39d98f653 req-122a2c3d-c30c-441f-b0d0-598e9dd799ae 9a44373ba8dc402c89f349e90b998c89 2a6dccdeb0f840998f0e7bbfc68aba1a - - default default] 10.0.0.199 "GET /v2.0/security-groups?id=adca9cdf-c073-489e-b5b1-844e6e790af2&fields=id&fields=name HTTP/1.1" status: 200 len: 313 time: 0.0350976
2026-05-27 20:50:09.701 10 INFO neutron.db.l3_db [req-051c0094-9d8f-4094-bd01-d37c7968993d req-149ba7bb-a9f3-4ee2-aef1-abdefd1b1e56 95c128c87b44404c906e5642ed279352 ad9e2fdd64e04e38bfda6bc31e55305e - - default default] Floating IP 4bb8a2d9-83bb-407c-af8f-18380e15068c disassociated. External IP: 10.96.250.208, port: c9d7feb3-32bb-4384-8a6e-4c5c8ac5c07b.
2026-05-27 20:50:09.848 10 INFO neutron.api.wsgi [req-051c0094-9d8f-4094-bd01-d37c7968993d req-149ba7bb-a9f3-4ee2-aef1-abdefd1b1e56 95c128c87b44404c906e5642ed279352 ad9e2fdd64e04e38bfda6bc31e55305e - - default default] 199.19.213.176 "DELETE /v2.0/ports/c9d7feb3-32bb-4384-8a6e-4c5c8ac5c07b HTTP/1.1" status: 204 len: 173 time: 0.5247164
2026-05-27 20:50:09.912 9 INFO neutron.api.wsgi [req-da236ad8-da59-4fab-905a-e1fb54079889 req-104f0613-829a-4385-bb8e-88abbe6439ab 95c128c87b44404c906e5642ed279352 ad9e2fdd64e04e38bfda6bc31e55305e - - default default] 10.0.0.199 "GET /v2.0/ports?device_id=f5a047e3-e4fa-420b-a759-8ec3b339b2c0 HTTP/1.1" status: 200 len: 210 time: 0.0289149 /var/lib/openstack/lib/python3.12/site-packages/pycadf/identifier.py:71: UserWarning: Invalid uuid: neutron. To ensure interoperability, identifiers should be a valid uuid. warnings.warn(('Invalid uuid: %s. To ensure interoperability, '
2026-05-27 20:50:10.192 10 INFO neutron.api.wsgi [req-408d5f27-ad5b-4167-a61a-61b2bafe3975 req-f37fbd5d-73bd-4099-be60-002a1459dfb6 be7d737fb60d4712a7dd8271fb05d042 1c5d219285054842b48170ddb0e545dc - - default default] 10.0.0.199 "GET /v2.0/ports?device_id=cd32d545-bc2b-4575-9bdc-ba8b736539a5 HTTP/1.1" status: 200 len: 1168 time: 0.0792150
2026-05-27 20:50:10.214 10 INFO neutron.db.ovn_revision_numbers_db [None req-eb4513e3-ee13-4ec0-84cd-93adc90c2d7c fc367df31778448aa17158a4cc8163ac 14333cf1279c42fdadeb68f5ee570e6a - - default default] Successfully bumped revision number for resource 63e447d9-9790-457e-85e8-be55a05f5e6e (type: security_groups) to 1
2026-05-27 20:50:10.228 10 INFO neutron.db.ovn_revision_numbers_db [None req-eb4513e3-ee13-4ec0-84cd-93adc90c2d7c fc367df31778448aa17158a4cc8163ac 14333cf1279c42fdadeb68f5ee570e6a - - default default] Successfully bumped revision number for resource 035f5452-7b48-4e43-9438-8e38b71776b9 (type: security_group_rules) to 0
2026-05-27 20:50:10.231 10 INFO neutron.api.wsgi [req-408d5f27-ad5b-4167-a61a-61b2bafe3975 req-a6b46f2f-8e97-4086-8e62-b43d564c71fe be7d737fb60d4712a7dd8271fb05d042 1c5d219285054842b48170ddb0e545dc - - default default] 10.0.0.199 "GET /v2.0/security-groups?id=b5b87a55-930a-4b6f-b167-421cd9074f19&fields=id&fields=name HTTP/1.1" status: 200 len: 313 time: 0.0323226
2026-05-27 20:50:10.241 10 INFO neutron.db.ovn_revision_numbers_db [None req-eb4513e3-ee13-4ec0-84cd-93adc90c2d7c fc367df31778448aa17158a4cc8163ac 14333cf1279c42fdadeb68f5ee570e6a - - default default] Successfully bumped revision number for resource 3969cfbc-ad50-479b-a370-823ee6368483 (type: security_group_rules) to 0
2026-05-27 20:50:10.254 10 INFO neutron.db.ovn_revision_numbers_db [None req-eb4513e3-ee13-4ec0-84cd-93adc90c2d7c fc367df31778448aa17158a4cc8163ac 14333cf1279c42fdadeb68f5ee570e6a - - default default] Successfully bumped revision number for resource 420daaad-fcd5-4873-ae13-e18cfa3ea11a (type: security_group_rules) to 0
2026-05-27 20:50:10.266 10 INFO neutron.db.ovn_revision_numbers_db [None req-eb4513e3-ee13-4ec0-84cd-93adc90c2d7c fc367df31778448aa17158a4cc8163ac 14333cf1279c42fdadeb68f5ee570e6a - - default default] Successfully bumped revision number for resource 819ccc97-ae8d-4dcd-808d-5c4204d1432b (type: security_group_rules) to 0
2026-05-27 20:50:10.308 10 INFO neutron.api.wsgi [None req-eb4513e3-ee13-4ec0-84cd-93adc90c2d7c fc367df31778448aa17158a4cc8163ac 14333cf1279c42fdadeb68f5ee570e6a - - default default] 10.0.0.203 "GET /v2.0/security-groups?tenant_id=86b77c6a2c784db4826e0ab1ef1c3e0d&name=default HTTP/1.1" status: 200 len: 3120 time: 0.4488063
2026-05-27 20:50:10.328 10 INFO neutron.api.wsgi [req-b022ed6a-0d4e-441c-b0f4-046c6a30f0cf req-43300966-1978-4d3e-a411-3df7f6623a5d e3107a1923d24722834d3f15eb8abab5 648eed71e8864f19b4f80e442a30f247 - - 9475e5ee510e48719cff67af03a81c01 9475e5ee510e48719cff67af03a81c01] 199.19.213.176 "GET /v2.0/ports?tenant_id=1c5d219285054842b48170ddb0e545dc&device_id=cd32d545-bc2b-4575-9bdc-ba8b736539a5 HTTP/1.1" status: 200 len: 1407 time: 0.0334280
2026-05-27 20:50:10.351 10 INFO neutron.api.wsgi [req-b022ed6a-0d4e-441c-b0f4-046c6a30f0cf req-3f9664d6-c852-4ca4-b268-b8509a58e557 e3107a1923d24722834d3f15eb8abab5 648eed71e8864f19b4f80e442a30f247 - - 9475e5ee510e48719cff67af03a81c01 9475e5ee510e48719cff67af03a81c01] 199.19.213.176 "GET /v2.0/floatingips?fixed_ip_address=10.100.0.6&port_id=7a118e28-b616-4b32-91b1-11c682a1a8fb HTTP/1.1" status: 200 len: 217 time: 0.0160258
2026-05-27 20:50:10.384 10 INFO neutron.api.wsgi [req-b022ed6a-0d4e-441c-b0f4-046c6a30f0cf req-ba90ff4b-53da-41b0-9ad3-c18ad118f9bf e3107a1923d24722834d3f15eb8abab5 648eed71e8864f19b4f80e442a30f247 - - 9475e5ee510e48719cff67af03a81c01 9475e5ee510e48719cff67af03a81c01] 199.19.213.176 "GET /v2.0/subnets?id=8c2b98dd-430d-4a70-9660-c56e467d44a2 HTTP/1.1" status: 200 len: 893 time: 0.0245612
2026-05-27 20:50:10.413 10 INFO neutron.api.wsgi [req-b022ed6a-0d4e-441c-b0f4-046c6a30f0cf req-1ed76c52-67be-4a9c-99d3-7cf6f944b548 e3107a1923d24722834d3f15eb8abab5 648eed71e8864f19b4f80e442a30f247 - - 9475e5ee510e48719cff67af03a81c01 9475e5ee510e48719cff67af03a81c01] 199.19.213.176 "GET /v2.0/ports?network_id=77b62125-fee8-4d76-8ad0-d38034b0ea18&device_owner=network%3Adhcp HTTP/1.1" status: 200 len: 210 time: 0.0227292
2026-05-27 20:50:10.458 10 INFO neutron.api.wsgi [req-b022ed6a-0d4e-441c-b0f4-046c6a30f0cf req-f08a188e-7beb-4915-bee3-69c2e4b262fb e3107a1923d24722834d3f15eb8abab5 648eed71e8864f19b4f80e442a30f247 - - 9475e5ee510e48719cff67af03a81c01 9475e5ee510e48719cff67af03a81c01] 199.19.213.176 "GET /v2.0/networks/77b62125-fee8-4d76-8ad0-d38034b0ea18?fields=segments HTTP/1.1" status: 200 len: 212 time: 0.0387621
2026-05-27 20:50:10.470 9 INFO neutron.api.wsgi [-] 10.0.0.96 "GET / HTTP/1.1" status: 200 len: 247 time: 0.0012112
2026-05-27 20:50:10.471 9 INFO neutron.api.wsgi [-] 10.0.0.96 "GET / HTTP/1.1" status: 200 len: 247 time: 0.0008502
2026-05-27 20:50:10.494 9 INFO neutron.api.wsgi [req-2b81f53a-e1b7-4c37-9739-f0b4dbd9d43c req-55ff80d8-4baf-462f-b99d-9c3a46c7a2b6 e3107a1923d24722834d3f15eb8abab5 648eed71e8864f19b4f80e442a30f247 - - 9475e5ee510e48719cff67af03a81c01 9475e5ee510e48719cff67af03a81c01] 199.19.213.176 "GET /v2.0/ports?device_id=bf4172da-6008-46d3-8db5-c499519060f3&fields=binding%3Ahost_id&fields=binding%3Avif_type HTTP/1.1" status: 200 len: 265 time: 0.0581453
2026-05-27 20:50:10.515 10 INFO neutron.api.wsgi [req-b022ed6a-0d4e-441c-b0f4-046c6a30f0cf req-65f49339-d13d-4f76-a1c5-e9673e7cafae e3107a1923d24722834d3f15eb8abab5 648eed71e8864f19b4f80e442a30f247 - - 9475e5ee510e48719cff67af03a81c01 9475e5ee510e48719cff67af03a81c01] 199.19.213.176 "GET /v2.0/networks/77b62125-fee8-4d76-8ad0-d38034b0ea18?fields=provider%3Aphysical_network&fields=provider%3Anetwork_type HTTP/1.1" status: 200 len: 277 time: 0.0512800
2026-05-27 20:50:10.590 9 INFO neutron.api.wsgi [None req-8b93ee60-98e2-43c5-bd2c-dcbd2ec24ace fc367df31778448aa17158a4cc8163ac 14333cf1279c42fdadeb68f5ee570e6a - - default default] 10.0.0.203 "DELETE /v2.0/security-groups/63e447d9-9790-457e-85e8-be55a05f5e6e HTTP/1.1" status: 204 len: 168 time: 0.2765667
2026-05-27 20:50:10.615 10 INFO neutron.notifiers.nova [-] Nova event matching ['req-729b4dcf-49a7-4ac3-8c40-61799c9a87ff'] response: {'server_uuid': 'f5a047e3-e4fa-420b-a759-8ec3b339b2c0', 'name': 'network-vif-unplugged', 'status': 'completed', 'tag': 'c9d7feb3-32bb-4384-8a6e-4c5c8ac5c07b', 'code': 200}
2026-05-27 20:50:10.615 10 INFO neutron.notifiers.nova [-] Nova event matching ['req-729b4dcf-49a7-4ac3-8c40-61799c9a87ff'] response: {'name': 'network-changed', 'server_uuid': 'cd32d545-bc2b-4575-9bdc-ba8b736539a5', 'tag': '7a118e28-b616-4b32-91b1-11c682a1a8fb', 'status': 'completed', 'code': 200}
2026-05-27 20:50:10.615 10 INFO neutron.notifiers.nova [-] Nova event matching ['req-729b4dcf-49a7-4ac3-8c40-61799c9a87ff'] response: {'server_uuid': 'f5a047e3-e4fa-420b-a759-8ec3b339b2c0', 'name': 'network-vif-deleted', 'tag': 'c9d7feb3-32bb-4384-8a6e-4c5c8ac5c07b', 'status': 'completed', 'code': 200}
2026-05-27 20:50:10.832 10 INFO neutron.db.ovn_revision_numbers_db [None req-0b721d4f-0a7b-428d-8205-92ca4d6fba9a fc367df31778448aa17158a4cc8163ac 14333cf1279c42fdadeb68f5ee570e6a - - default default] Successfully bumped revision number for resource fdfd362b-5077-4ea5-9aa9-abb1dd82acbb (type: security_groups) to 1
2026-05-27 20:50:10.845 10 INFO neutron.db.ovn_revision_numbers_db [None req-0b721d4f-0a7b-428d-8205-92ca4d6fba9a fc367df31778448aa17158a4cc8163ac 14333cf1279c42fdadeb68f5ee570e6a - - default default] Successfully bumped revision number for resource 894ee4ad-a24b-47ab-aaa8-8f9a9fe206e9 (type: security_group_rules) to 0
2026-05-27 20:50:10.859 10 INFO neutron.db.ovn_revision_numbers_db [None req-0b721d4f-0a7b-428d-8205-92ca4d6fba9a fc367df31778448aa17158a4cc8163ac 14333cf1279c42fdadeb68f5ee570e6a - - default default] Successfully bumped revision number for resource 93c908f5-4d45-4c8e-b5af-5f7269beb5d4 (type: security_group_rules) to 0
2026-05-27 20:50:10.875 10 INFO neutron.db.ovn_revision_numbers_db [None req-0b721d4f-0a7b-428d-8205-92ca4d6fba9a fc367df31778448aa17158a4cc8163ac 14333cf1279c42fdadeb68f5ee570e6a - - default default] Successfully bumped revision number for resource b3a680f7-a83f-41ef-aefd-ca46bd852315 (type: security_group_rules) to 0
2026-05-27 20:50:10.891 10 INFO neutron.db.ovn_revision_numbers_db [None req-0b721d4f-0a7b-428d-8205-92ca4d6fba9a fc367df31778448aa17158a4cc8163ac 14333cf1279c42fdadeb68f5ee570e6a - - default default] Successfully bumped revision number for resource c352e16f-280a-424c-9c94-35d8a8a90739 (type: security_group_rules) to 0
2026-05-27 20:50:10.933 10 INFO neutron.api.wsgi [None req-0b721d4f-0a7b-428d-8205-92ca4d6fba9a fc367df31778448aa17158a4cc8163ac 14333cf1279c42fdadeb68f5ee570e6a - - default default] 10.0.0.203 "GET /v2.0/security-groups?tenant_id=d41ebef4bdbd4bf4847e10de9d7116b8&name=default HTTP/1.1" status: 200 len: 3120 time: 0.2311306
2026-05-27 20:50:10.996 10 INFO neutron.api.wsgi [req-7e5c3a5e-71cc-496e-b92c-d01e86e2e0a7 req-8d06bced-f697-4811-9851-50d4bcbb1dfa 95c128c87b44404c906e5642ed279352 ad9e2fdd64e04e38bfda6bc31e55305e - - default default] 10.0.0.199 "GET /v2.0/ports?device_id=f5a047e3-e4fa-420b-a759-8ec3b339b2c0 HTTP/1.1" status: 200 len: 210 time: 0.0236120
2026-05-27 20:50:11.137 9 INFO neutron.api.wsgi [None req-3d7b671c-28cb-444d-8819-0c1008ca2bda fc367df31778448aa17158a4cc8163ac 14333cf1279c42fdadeb68f5ee570e6a - - default default] 10.0.0.203 "DELETE /v2.0/security-groups/fdfd362b-5077-4ea5-9aa9-abb1dd82acbb HTTP/1.1" status: 204 len: 168 time: 0.1991758
2026-05-27 20:50:11.317 9 INFO neutron.api.wsgi [req-f41605fe-09a3-4e6e-b392-13f97af12c15 req-6c0071a8-4aec-4286-97f4-766db8bb5da3 be7d737fb60d4712a7dd8271fb05d042 1c5d219285054842b48170ddb0e545dc - - default default] 10.0.0.199 "GET /v2.0/ports?device_id=cd32d545-bc2b-4575-9bdc-ba8b736539a5 HTTP/1.1" status: 200 len: 1168 time: 0.0315526
2026-05-27 20:50:11.354 9 INFO neutron.api.wsgi [req-f41605fe-09a3-4e6e-b392-13f97af12c15 req-2a37f068-fccb-414e-ace1-eb190402f9be be7d737fb60d4712a7dd8271fb05d042 1c5d219285054842b48170ddb0e545dc - - default default] 10.0.0.199 "GET /v2.0/security-groups?id=b5b87a55-930a-4b6f-b167-421cd9074f19&fields=id&fields=name HTTP/1.1" status: 200 len: 313 time: 0.0313385
2026-05-27 20:50:11.538 10 INFO neutron.api.wsgi [req-2b81f53a-e1b7-4c37-9739-f0b4dbd9d43c req-88727eb8-82ec-4c53-87db-fbec8c675d3f e3107a1923d24722834d3f15eb8abab5 648eed71e8864f19b4f80e442a30f247 - - 9475e5ee510e48719cff67af03a81c01 9475e5ee510e48719cff67af03a81c01] 199.19.213.176 "GET /v2.0/ports?tenant_id=2a6dccdeb0f840998f0e7bbfc68aba1a&device_id=bf4172da-6008-46d3-8db5-c499519060f3 HTTP/1.1" status: 200 len: 1409 time: 0.0311430
2026-05-27 20:50:11.569 9 INFO neutron.api.wsgi [req-bcf0798d-ff15-447b-9a66-7715fab137cb req-34838e28-9248-43f1-96e8-5f1b36fc73cd e3107a1923d24722834d3f15eb8abab5 648eed71e8864f19b4f80e442a30f247 - - 9475e5ee510e48719cff67af03a81c01 9475e5ee510e48719cff67af03a81c01] 199.19.213.176 "GET /v2.0/ports?tenant_id=1c5d219285054842b48170ddb0e545dc&device_id=cd32d545-bc2b-4575-9bdc-ba8b736539a5 HTTP/1.1" status: 200 len: 1407 time: 0.0365150
2026-05-27 20:50:11.628 9 INFO neutron.api.wsgi [req-bcf0798d-ff15-447b-9a66-7715fab137cb req-726b151a-f73e-48c8-b8b6-65640c9fd901 e3107a1923d24722834d3f15eb8abab5 648eed71e8864f19b4f80e442a30f247 - - 9475e5ee510e48719cff67af03a81c01 9475e5ee510e48719cff67af03a81c01] 199.19.213.176 "GET /v2.0/networks?id=77b62125-fee8-4d76-8ad0-d38034b0ea18 HTTP/1.1" status: 200 len: 974 time: 0.0516481
2026-05-27 20:50:11.652 9 INFO neutron.api.wsgi [req-bcf0798d-ff15-447b-9a66-7715fab137cb req-92ad220c-c655-40aa-9272-17ac0eeddbe0 e3107a1923d24722834d3f15eb8abab5 648eed71e8864f19b4f80e442a30f247 - - 9475e5ee510e48719cff67af03a81c01 9475e5ee510e48719cff67af03a81c01] 199.19.213.176 "GET /v2.0/floatingips?fixed_ip_address=10.100.0.6&port_id=7a118e28-b616-4b32-91b1-11c682a1a8fb HTTP/1.1" status: 200 len: 217 time: 0.0182731
2026-05-27 20:50:11.681 9 INFO neutron.api.wsgi [req-bcf0798d-ff15-447b-9a66-7715fab137cb req-78c21e42-8ece-4c9a-9e8f-66c45cd2ed7e e3107a1923d24722834d3f15eb8abab5 648eed71e8864f19b4f80e442a30f247 - - 9475e5ee510e48719cff67af03a81c01 9475e5ee510e48719cff67af03a81c01] 199.19.213.176 "GET /v2.0/subnets?id=8c2b98dd-430d-4a70-9660-c56e467d44a2 HTTP/1.1" status: 200 len: 893 time: 0.0233691
2026-05-27 20:50:11.704 9 INFO neutron.api.wsgi [req-bcf0798d-ff15-447b-9a66-7715fab137cb req-92c68061-5e32-49a5-9709-1117434a29d6 e3107a1923d24722834d3f15eb8abab5 648eed71e8864f19b4f80e442a30f247 - - 9475e5ee510e48719cff67af03a81c01 9475e5ee510e48719cff67af03a81c01] 199.19.213.176 "GET /v2.0/ports?network_id=77b62125-fee8-4d76-8ad0-d38034b0ea18&device_owner=network%3Adhcp HTTP/1.1" status: 200 len: 210 time: 0.0167675
2026-05-27 20:50:11.746 9 INFO neutron.api.wsgi [req-bcf0798d-ff15-447b-9a66-7715fab137cb req-f85888e8-a15f-4703-8827-3947639a178f e3107a1923d24722834d3f15eb8abab5 648eed71e8864f19b4f80e442a30f247 - - 9475e5ee510e48719cff67af03a81c01 9475e5ee510e48719cff67af03a81c01] 199.19.213.176 "GET /v2.0/networks/77b62125-fee8-4d76-8ad0-d38034b0ea18?fields=segments HTTP/1.1" status: 200 len: 212 time: 0.0360169
2026-05-27 20:50:11.793 9 INFO neutron.api.wsgi [req-bcf0798d-ff15-447b-9a66-7715fab137cb req-f59df776-5696-44f8-9558-e9923ba56c7f e3107a1923d24722834d3f15eb8abab5 648eed71e8864f19b4f80e442a30f247 - - 9475e5ee510e48719cff67af03a81c01 9475e5ee510e48719cff67af03a81c01] 199.19.213.176 "GET /v2.0/networks/77b62125-fee8-4d76-8ad0-d38034b0ea18?fields=provider%3Aphysical_network&fields=provider%3Anetwork_type HTTP/1.1" status: 200 len: 277 time: 0.0410216
2026-05-27 20:50:12.073 10 INFO neutron.api.wsgi [req-d2e34d58-9cb7-4e57-b811-14e0b5360d04 req-61fe80b1-3f3c-4f83-a5f1-67aaa4590d45 95c128c87b44404c906e5642ed279352 ad9e2fdd64e04e38bfda6bc31e55305e - - default default] 10.0.0.199 "GET /v2.0/ports?device_id=f5a047e3-e4fa-420b-a759-8ec3b339b2c0 HTTP/1.1" status: 200 len: 210 time: 0.0128169
2026-05-27 20:50:12.092 9 INFO neutron.api.wsgi [req-2b81f53a-e1b7-4c37-9739-f0b4dbd9d43c req-c70711d0-5ddc-4a5f-bbba-58bc7d2b9a8c e3107a1923d24722834d3f15eb8abab5 648eed71e8864f19b4f80e442a30f247 - - 9475e5ee510e48719cff67af03a81c01 9475e5ee510e48719cff67af03a81c01] 199.19.213.176 "GET /v2.0/networks?id=b5f1218a-4150-40e5-ab51-25f96d784604 HTTP/1.1" status: 200 len: 974 time: 0.0445473
2026-05-27 20:50:12.135 9 INFO neutron.api.wsgi [req-2b81f53a-e1b7-4c37-9739-f0b4dbd9d43c req-ce3fb3ad-52ca-4a53-8ed5-eaf93b83d3d0 e3107a1923d24722834d3f15eb8abab5 648eed71e8864f19b4f80e442a30f247 - - 9475e5ee510e48719cff67af03a81c01 9475e5ee510e48719cff67af03a81c01] 199.19.213.176 "GET /v2.0/floatingips?fixed_ip_address=10.100.0.4&port_id=adcf0928-a988-4074-ab93-c31494508bc8 HTTP/1.1" status: 200 len: 1059 time: 0.0378823
2026-05-27 20:50:12.163 9 INFO neutron.api.wsgi [req-2b81f53a-e1b7-4c37-9739-f0b4dbd9d43c req-535b0923-c495-4279-a3d0-ccc27782381f e3107a1923d24722834d3f15eb8abab5 648eed71e8864f19b4f80e442a30f247 - - 9475e5ee510e48719cff67af03a81c01 9475e5ee510e48719cff67af03a81c01] 199.19.213.176 "GET /v2.0/subnets?id=f0595b1a-03dd-440c-b29c-ce5a33fcdf05 HTTP/1.1" status: 200 len: 893 time: 0.0203848
2026-05-27 20:50:12.186 9 INFO neutron.api.wsgi [req-2b81f53a-e1b7-4c37-9739-f0b4dbd9d43c req-24c6747d-aac3-4b7f-8e7f-d9278892bca3 e3107a1923d24722834d3f15eb8abab5 648eed71e8864f19b4f80e442a30f247 - - 9475e5ee510e48719cff67af03a81c01 9475e5ee510e48719cff67af03a81c01] 199.19.213.176 "GET /v2.0/ports?network_id=b5f1218a-4150-40e5-ab51-25f96d784604&device_owner=network%3Adhcp HTTP/1.1" status: 200 len: 210 time: 0.0144732
2026-05-27 20:50:12.235 9 INFO neutron.api.wsgi [req-2b81f53a-e1b7-4c37-9739-f0b4dbd9d43c req-add30b87-9fac-4338-82f3-ee2aca830b64 e3107a1923d24722834d3f15eb8abab5 648eed71e8864f19b4f80e442a30f247 - - 9475e5ee510e48719cff67af03a81c01 9475e5ee510e48719cff67af03a81c01] 199.19.213.176 "GET /v2.0/networks/b5f1218a-4150-40e5-ab51-25f96d784604?fields=segments HTTP/1.1" status: 200 len: 212 time: 0.0442591
2026-05-27 20:50:12.287 9 INFO neutron.api.wsgi [req-2b81f53a-e1b7-4c37-9739-f0b4dbd9d43c req-454e3e9d-dd3d-4fc5-8b79-d648277cda46 e3107a1923d24722834d3f15eb8abab5 648eed71e8864f19b4f80e442a30f247 - - 9475e5ee510e48719cff67af03a81c01 9475e5ee510e48719cff67af03a81c01] 199.19.213.176 "GET /v2.0/networks/b5f1218a-4150-40e5-ab51-25f96d784604?fields=provider%3Aphysical_network&fields=provider%3Anetwork_type HTTP/1.1" status: 200 len: 277 time: 0.0416725
2026-05-27 20:50:12.438 9 INFO neutron.api.wsgi [req-11061b82-21e9-49b6-a9ac-0d9127fee398 req-30aa78ab-b30c-4d09-af76-5f7fd9987231 be7d737fb60d4712a7dd8271fb05d042 1c5d219285054842b48170ddb0e545dc - - default default] 10.0.0.199 "GET /v2.0/ports?device_id=cd32d545-bc2b-4575-9bdc-ba8b736539a5 HTTP/1.1" status: 200 len: 1168 time: 0.0348744
2026-05-27 20:50:12.471 9 INFO neutron.api.wsgi [req-11061b82-21e9-49b6-a9ac-0d9127fee398 req-6e9e4a6a-8e5b-4e92-beb1-7765ea4cf7ae be7d737fb60d4712a7dd8271fb05d042 1c5d219285054842b48170ddb0e545dc - - default default] 10.0.0.199 "GET /v2.0/security-groups?id=b5b87a55-930a-4b6f-b167-421cd9074f19&fields=id&fields=name HTTP/1.1" status: 200 len: 313 time: 0.0282879
2026-05-27 20:50:12.674 10 INFO neutron.plugins.ml2.drivers.ovn.mech_driver.mech_driver [None req-465bc112-0534-4254-a7e1-7ebe7635c030 - - - - - -] OVN reports status up for port: 7a118e28-b616-4b32-91b1-11c682a1a8fb
2026-05-27 20:50:12.698 10 INFO neutron.plugins.ml2.plugin [None req-465bc112-0534-4254-a7e1-7ebe7635c030 - - - - - -] Attempt 1 to provision port 7a118e28-b616-4b32-91b1-11c682a1a8fb
2026-05-27 20:50:12.792 10 INFO neutron.notifiers.nova [-] Nova event matching ['req-d23347c3-f38b-4f7a-80c3-32d3af1c63a8'] response: {'server_uuid': 'cd32d545-bc2b-4575-9bdc-ba8b736539a5', 'name': 'network-vif-plugged', 'status': 'completed', 'tag': '7a118e28-b616-4b32-91b1-11c682a1a8fb', 'code': 200}
2026-05-27 20:50:12.931 10 INFO neutron.db.ovn_revision_numbers_db [None req-465bc112-0534-4254-a7e1-7ebe7635c030 - - - - - -] Successfully bumped revision number for resource 7a118e28-b616-4b32-91b1-11c682a1a8fb (type: ports) to 5
2026-05-27 20:50:13.153 9 INFO neutron.api.wsgi [req-12f71ac5-5583-4717-8a76-9aa0bac22c05 req-8dc17e62-a779-4b1c-8fe9-d197f88fdf1f 95c128c87b44404c906e5642ed279352 ad9e2fdd64e04e38bfda6bc31e55305e - - default default] 10.0.0.199 "GET /v2.0/ports?device_id=f5a047e3-e4fa-420b-a759-8ec3b339b2c0 HTTP/1.1" status: 200 len: 210 time: 0.0184195 /var/lib/openstack/lib/python3.12/site-packages/pycadf/identifier.py:71: UserWarning: Invalid uuid: neutron. To ensure interoperability, identifiers should be a valid uuid. warnings.warn(('Invalid uuid: %s. To ensure interoperability, '
2026-05-27 20:50:13.571 10 INFO neutron.api.wsgi [req-f3862550-9a13-432c-ac60-9ff65b04bcf4 req-0c14696f-5f84-4ceb-85aa-045ad0fea8c4 be7d737fb60d4712a7dd8271fb05d042 1c5d219285054842b48170ddb0e545dc - - default default] 10.0.0.199 "GET /v2.0/ports?device_id=cd32d545-bc2b-4575-9bdc-ba8b736539a5 HTTP/1.1" status: 200 len: 1170 time: 0.0410805
