2026-05-27 20:50:26.111 10 INFO neutron.db.ovn_revision_numbers_db [None req-040dbe91-e154-40a6-8985-a79527500933 - - - - - -] Successfully bumped revision number for resource adcf0928-a988-4074-ab93-c31494508bc8 (type: ports) to 8 /var/lib/openstack/lib/python3.12/site-packages/pycadf/identifier.py:71: UserWarning: Invalid uuid: neutron. To ensure interoperability, identifiers should be a valid uuid. warnings.warn(('Invalid uuid: %s. To ensure interoperability, '
2026-05-27 20:50:26.484 10 INFO neutron.api.wsgi [req-2b4af46b-14ec-43a4-b763-d1f867a97e76 req-d126e266-390e-4eb1-b953-ed3192fa48d1 9a44373ba8dc402c89f349e90b998c89 2a6dccdeb0f840998f0e7bbfc68aba1a - - default default] 10.0.0.199 "GET /v2.0/ports?device_id=bf4172da-6008-46d3-8db5-c499519060f3 HTTP/1.1" status: 200 len: 1168 time: 0.0377460
2026-05-27 20:50:26.486 10 INFO neutron.services.segments.plugin [-] Segment 39972d33-9c0c-4a08-af8d-9d078de31f7a resource provider aggregate not found
2026-05-27 20:50:26.495 10 INFO neutron.services.segments.plugin [-] Segment 39972d33-9c0c-4a08-af8d-9d078de31f7a resource provider aggregate not found
2026-05-27 20:50:26.498 10 INFO neutron.services.segments.plugin [-] Segment 39972d33-9c0c-4a08-af8d-9d078de31f7a resource provider not found; error: Placement Client Error (4xx): {"errors": [{"status": 404, "title": "Not Found", "detail": "The resource could not be found.\n\n No resource provider with uuid 39972d33-9c0c-4a08-af8d-9d078de31f7a found for delete ", "request_id": "req-5c328121-8c70-4e11-969a-1d71d8d85bb6"}]}
2026-05-27 20:50:26.695 10 INFO neutron.services.segments.plugin [-] Segment 39972d33-9c0c-4a08-af8d-9d078de31f7a resource provider not found; error: Placement Client Error (4xx): {"errors": [{"status": 404, "title": "Not Found", "detail": "The resource could not be found.\n\n No resource provider with uuid 39972d33-9c0c-4a08-af8d-9d078de31f7a found for delete ", "request_id": "req-dc280717-9a17-47c7-b822-a642c7b8917a"}]}
2026-05-27 20:50:26.713 10 INFO neutron.api.wsgi [req-2b4af46b-14ec-43a4-b763-d1f867a97e76 req-90d0413e-fcd3-4f14-9910-e74ff4f318e1 9a44373ba8dc402c89f349e90b998c89 2a6dccdeb0f840998f0e7bbfc68aba1a - - default default] 10.0.0.199 "GET /v2.0/security-groups?id=adca9cdf-c073-489e-b5b1-844e6e790af2&fields=id&fields=name HTTP/1.1" status: 200 len: 313 time: 0.2240481
2026-05-27 20:50:27.140 9 INFO neutron.api.wsgi [req-ef711a11-0a5d-4228-bc14-db359acd5306 req-49e7c454-9dac-4b2e-a772-61f941eab089 9a44373ba8dc402c89f349e90b998c89 2a6dccdeb0f840998f0e7bbfc68aba1a - - default default] 199.19.213.176 "GET /v2.0/ports?device_id=bf4172da-6008-46d3-8db5-c499519060f3 HTTP/1.1" status: 200 len: 1168 time: 0.0814216
2026-05-27 20:50:27.439 9 INFO neutron.db.l3_db [req-ef711a11-0a5d-4228-bc14-db359acd5306 req-240bfcdf-779a-465c-860a-b7f1e6a98068 9a44373ba8dc402c89f349e90b998c89 2a6dccdeb0f840998f0e7bbfc68aba1a - - default default] Floating IP 836eccd5-7067-40d9-a008-a8b36c9a69d7 disassociated. External IP: 10.96.250.210, port: adcf0928-a988-4074-ab93-c31494508bc8.
2026-05-27 20:50:27.562 9 INFO neutron.db.ovn_revision_numbers_db [None req-882b4fff-6ba0-4f4e-a751-3224fc7e3329 fc367df31778448aa17158a4cc8163ac 14333cf1279c42fdadeb68f5ee570e6a - - default default] Successfully bumped revision number for resource 66f44510-d6ad-4409-bf30-e6125f5b05fd (type: security_groups) to 1
2026-05-27 20:50:27.580 9 INFO neutron.api.wsgi [req-ef711a11-0a5d-4228-bc14-db359acd5306 req-240bfcdf-779a-465c-860a-b7f1e6a98068 9a44373ba8dc402c89f349e90b998c89 2a6dccdeb0f840998f0e7bbfc68aba1a - - default default] 199.19.213.176 "DELETE /v2.0/ports/adcf0928-a988-4074-ab93-c31494508bc8 HTTP/1.1" status: 204 len: 173 time: 0.4294248
2026-05-27 20:50:27.584 9 INFO neutron.db.ovn_revision_numbers_db [None req-882b4fff-6ba0-4f4e-a751-3224fc7e3329 fc367df31778448aa17158a4cc8163ac 14333cf1279c42fdadeb68f5ee570e6a - - default default] Successfully bumped revision number for resource 43dab363-a0fb-4d79-bf56-ec02d4e97e86 (type: security_group_rules) to 0
2026-05-27 20:50:27.596 9 INFO neutron.db.ovn_revision_numbers_db [None req-882b4fff-6ba0-4f4e-a751-3224fc7e3329 fc367df31778448aa17158a4cc8163ac 14333cf1279c42fdadeb68f5ee570e6a - - default default] Successfully bumped revision number for resource 990e1a69-d1cb-43be-a4c4-e25ec4dae412 (type: security_group_rules) to 0
2026-05-27 20:50:27.608 9 INFO neutron.db.ovn_revision_numbers_db [None req-882b4fff-6ba0-4f4e-a751-3224fc7e3329 fc367df31778448aa17158a4cc8163ac 14333cf1279c42fdadeb68f5ee570e6a - - default default] Successfully bumped revision number for resource a8514993-0929-430e-a172-703c53dc429c (type: security_group_rules) to 0
2026-05-27 20:50:27.611 9 INFO neutron.notifiers.nova [-] Nova event matching ['req-2b9e2083-46b6-4c82-b228-9c4da74a0525'] response: {'server_uuid': 'bf4172da-6008-46d3-8db5-c499519060f3', 'name': 'network-vif-deleted', 'tag': 'adcf0928-a988-4074-ab93-c31494508bc8', 'status': 'completed', 'code': 200}
2026-05-27 20:50:27.623 9 INFO neutron.db.ovn_revision_numbers_db [None req-882b4fff-6ba0-4f4e-a751-3224fc7e3329 fc367df31778448aa17158a4cc8163ac 14333cf1279c42fdadeb68f5ee570e6a - - default default] Successfully bumped revision number for resource b076f968-48b4-4425-a07c-fc55e4157919 (type: security_group_rules) to 0
2026-05-27 20:50:27.657 9 INFO neutron.api.wsgi [None req-882b4fff-6ba0-4f4e-a751-3224fc7e3329 fc367df31778448aa17158a4cc8163ac 14333cf1279c42fdadeb68f5ee570e6a - - default default] 10.0.0.203 "GET /v2.0/security-groups?tenant_id=3ea61a29415d483cba71ebbc81a8463e&name=default HTTP/1.1" status: 200 len: 3120 time: 0.3164709 /var/lib/openstack/lib/python3.12/site-packages/pycadf/identifier.py:71: UserWarning: Invalid uuid: neutron. To ensure interoperability, identifiers should be a valid uuid. warnings.warn(('Invalid uuid: %s. To ensure interoperability, '
2026-05-27 20:50:27.793 10 INFO neutron.api.wsgi [req-18ca1762-4493-4397-b427-762afa23d9f7 req-818a75ed-5dbe-4f6c-b527-f1e292c8fa6e 9a44373ba8dc402c89f349e90b998c89 2a6dccdeb0f840998f0e7bbfc68aba1a - - default default] 10.0.0.199 "GET /v2.0/ports?device_id=bf4172da-6008-46d3-8db5-c499519060f3 HTTP/1.1" status: 200 len: 210 time: 0.0165982
2026-05-27 20:50:27.868 9 INFO neutron.api.wsgi [None req-f03f44ce-4739-4b9a-9cb4-2ad174d00019 fc367df31778448aa17158a4cc8163ac 14333cf1279c42fdadeb68f5ee570e6a - - default default] 10.0.0.203 "DELETE /v2.0/security-groups/66f44510-d6ad-4409-bf30-e6125f5b05fd HTTP/1.1" status: 204 len: 168 time: 0.2046075
2026-05-27 20:50:27.995 10 WARNING neutron_lib.context [None req-3497bd71-16ec-40c5-a90f-1f051aa62ae6 f9f642e7b4734116b8189b17ae49e917 a62ddc03c26b48e3967f81340c093dc5 - - default default] Method 'is_advsvc' is deprecated since 2023.2 release (neutron-lib 3.8.0) and will be removed once support for the old RBAC API policies will be removed from Neutron. Please use method 'is_service_role' instead.
2026-05-27 20:50:28.047 10 INFO neutron.notifiers.nova [-] Nova event matching ['req-b5c752d2-3e30-47e2-bf4e-7d294b507197'] response: {'server_uuid': 'bf4172da-6008-46d3-8db5-c499519060f3', 'name': 'network-vif-unplugged', 'status': 'completed', 'tag': 'adcf0928-a988-4074-ab93-c31494508bc8', 'code': 200}
2026-05-27 20:50:28.113 10 INFO neutron.db.ovn_revision_numbers_db [None req-3497bd71-16ec-40c5-a90f-1f051aa62ae6 f9f642e7b4734116b8189b17ae49e917 a62ddc03c26b48e3967f81340c093dc5 - - default default] Successfully bumped revision number for resource 61a27cda-b139-4ae8-8acc-14f4668e7ce3 (type: security_groups) to 1
2026-05-27 20:50:28.123 10 INFO neutron.db.ovn_revision_numbers_db [None req-3497bd71-16ec-40c5-a90f-1f051aa62ae6 f9f642e7b4734116b8189b17ae49e917 a62ddc03c26b48e3967f81340c093dc5 - - default default] Successfully bumped revision number for resource 0da5a7fe-1e81-497d-88e2-5f01232bdf4e (type: security_group_rules) to 0
2026-05-27 20:50:28.139 10 INFO neutron.db.ovn_revision_numbers_db [None req-3497bd71-16ec-40c5-a90f-1f051aa62ae6 f9f642e7b4734116b8189b17ae49e917 a62ddc03c26b48e3967f81340c093dc5 - - default default] Successfully bumped revision number for resource 2304194a-0b97-42fc-895a-8f140aabeb0e (type: security_group_rules) to 0
2026-05-27 20:50:28.156 10 INFO neutron.db.ovn_revision_numbers_db [None req-3497bd71-16ec-40c5-a90f-1f051aa62ae6 f9f642e7b4734116b8189b17ae49e917 a62ddc03c26b48e3967f81340c093dc5 - - default default] Successfully bumped revision number for resource d6e9291c-458d-4a4f-bf4e-e99c92083695 (type: security_group_rules) to 0
2026-05-27 20:50:28.168 10 INFO neutron.db.ovn_revision_numbers_db [None req-3497bd71-16ec-40c5-a90f-1f051aa62ae6 f9f642e7b4734116b8189b17ae49e917 a62ddc03c26b48e3967f81340c093dc5 - - default default] Successfully bumped revision number for resource f60f27df-9ce8-4118-9c56-89950b259f52 (type: security_group_rules) to 0
2026-05-27 20:50:28.171 9 INFO neutron.db.ovn_revision_numbers_db [None req-77ccbc6e-9a16-4376-ab26-ba1f420e33b1 fc367df31778448aa17158a4cc8163ac 14333cf1279c42fdadeb68f5ee570e6a - - default default] Successfully bumped revision number for resource e5a83e4c-7a14-4fcf-979f-3efcd522ef2d (type: security_groups) to 1
2026-05-27 20:50:28.184 9 INFO neutron.db.ovn_revision_numbers_db [None req-77ccbc6e-9a16-4376-ab26-ba1f420e33b1 fc367df31778448aa17158a4cc8163ac 14333cf1279c42fdadeb68f5ee570e6a - - default default] Successfully bumped revision number for resource 75212b90-cef9-45ba-80d5-08a2f24f16e5 (type: security_group_rules) to 0
2026-05-27 20:50:28.195 9 INFO neutron.db.ovn_revision_numbers_db [None req-77ccbc6e-9a16-4376-ab26-ba1f420e33b1 fc367df31778448aa17158a4cc8163ac 14333cf1279c42fdadeb68f5ee570e6a - - default default] Successfully bumped revision number for resource 950e94aa-df3b-4702-8755-88449f8c67c4 (type: security_group_rules) to 0
2026-05-27 20:50:28.207 9 INFO neutron.db.ovn_revision_numbers_db [None req-77ccbc6e-9a16-4376-ab26-ba1f420e33b1 fc367df31778448aa17158a4cc8163ac 14333cf1279c42fdadeb68f5ee570e6a - - default default] Successfully bumped revision number for resource 97e89e27-27a9-41bb-ad99-e7115f60f208 (type: security_group_rules) to 0
2026-05-27 20:50:28.219 9 INFO neutron.db.ovn_revision_numbers_db [None req-77ccbc6e-9a16-4376-ab26-ba1f420e33b1 fc367df31778448aa17158a4cc8163ac 14333cf1279c42fdadeb68f5ee570e6a - - default default] Successfully bumped revision number for resource c860a046-8187-454c-9120-661803302b0e (type: security_group_rules) to 0
2026-05-27 20:50:28.230 10 INFO neutron.db.segments_db [None req-3497bd71-16ec-40c5-a90f-1f051aa62ae6 f9f642e7b4734116b8189b17ae49e917 a62ddc03c26b48e3967f81340c093dc5 - - default default] Added segment ad6d137b-6cb1-4784-b200-362c22f8005b of type geneve for network cf0725ed-a8c1-40b2-bdc2-26f3a718df9f
2026-05-27 20:50:28.249 9 INFO neutron.api.wsgi [None req-77ccbc6e-9a16-4376-ab26-ba1f420e33b1 fc367df31778448aa17158a4cc8163ac 14333cf1279c42fdadeb68f5ee570e6a - - default default] 10.0.0.203 "GET /v2.0/security-groups?tenant_id=f4b04161026542ab8d72c3775944c57f&name=default HTTP/1.1" status: 200 len: 3120 time: 0.1781225
2026-05-27 20:50:28.335 10 INFO neutron.db.ovn_revision_numbers_db [None req-3497bd71-16ec-40c5-a90f-1f051aa62ae6 f9f642e7b4734116b8189b17ae49e917 a62ddc03c26b48e3967f81340c093dc5 - - default default] Successfully bumped revision number for resource cf0725ed-a8c1-40b2-bdc2-26f3a718df9f (type: networks) to 1
2026-05-27 20:50:28.452 9 INFO neutron.api.wsgi [None req-a9cb83c0-3976-494c-ad32-4884242412b1 fc367df31778448aa17158a4cc8163ac 14333cf1279c42fdadeb68f5ee570e6a - - default default] 10.0.0.203 "DELETE /v2.0/security-groups/e5a83e4c-7a14-4fcf-979f-3efcd522ef2d HTTP/1.1" status: 204 len: 168 time: 0.1963136
2026-05-27 20:50:28.474 10 WARNING neutron.scheduler.dhcp_agent_scheduler [None req-3497bd71-16ec-40c5-a90f-1f051aa62ae6 f9f642e7b4734116b8189b17ae49e917 a62ddc03c26b48e3967f81340c093dc5 - - default default] No more DHCP agents
2026-05-27 20:50:28.476 10 WARNING neutron.api.rpc.agentnotifiers.dhcp_rpc_agent_api [None req-3497bd71-16ec-40c5-a90f-1f051aa62ae6 f9f642e7b4734116b8189b17ae49e917 a62ddc03c26b48e3967f81340c093dc5 - - default default] Unable to schedule network cf0725ed-a8c1-40b2-bdc2-26f3a718df9f: no agents available; will retry on subsequent port and subnet creation events.
2026-05-27 20:50:28.528 10 INFO neutron.db.ovn_revision_numbers_db [None req-3497bd71-16ec-40c5-a90f-1f051aa62ae6 f9f642e7b4734116b8189b17ae49e917 a62ddc03c26b48e3967f81340c093dc5 - - default default] Successfully bumped revision number for resource 4a1453b9-f0de-4ecb-9b10-679a1aeecad2 (type: ports) to 1
2026-05-27 20:50:28.545 10 INFO neutron.api.wsgi [None req-3497bd71-16ec-40c5-a90f-1f051aa62ae6 f9f642e7b4734116b8189b17ae49e917 a62ddc03c26b48e3967f81340c093dc5 - - default default] 10.0.0.203 "POST /v2.0/networks HTTP/1.1" status: 201 len: 847 time: 0.7344358
2026-05-27 20:50:28.553 10 WARNING neutron_lib.context [None req-1e519c34-409c-4eb6-8ede-ae02edb03cd3 f9f642e7b4734116b8189b17ae49e917 a62ddc03c26b48e3967f81340c093dc5 - - default default] Method 'is_advsvc' is deprecated since 2023.2 release (neutron-lib 3.8.0) and will be removed once support for the old RBAC API policies will be removed from Neutron. Please use method 'is_service_role' instead.
2026-05-27 20:50:28.739 10 WARNING neutron.scheduler.dhcp_agent_scheduler [None req-1e519c34-409c-4eb6-8ede-ae02edb03cd3 f9f642e7b4734116b8189b17ae49e917 a62ddc03c26b48e3967f81340c093dc5 - - default default] No more DHCP agents
2026-05-27 20:50:28.740 10 WARNING neutron.api.rpc.agentnotifiers.dhcp_rpc_agent_api [None req-1e519c34-409c-4eb6-8ede-ae02edb03cd3 f9f642e7b4734116b8189b17ae49e917 a62ddc03c26b48e3967f81340c093dc5 - - default default] Unable to schedule network cf0725ed-a8c1-40b2-bdc2-26f3a718df9f: no agents available; will retry on subsequent port and subnet creation events.
2026-05-27 20:50:28.803 10 INFO neutron.db.ovn_revision_numbers_db [None req-1e519c34-409c-4eb6-8ede-ae02edb03cd3 f9f642e7b4734116b8189b17ae49e917 a62ddc03c26b48e3967f81340c093dc5 - - default default] Successfully bumped revision number for resource 174266c4-b822-4097-9fa3-d09565272713 (type: ports) to 1
2026-05-27 20:50:28.824 10 INFO neutron.api.wsgi [None req-1e519c34-409c-4eb6-8ede-ae02edb03cd3 f9f642e7b4734116b8189b17ae49e917 a62ddc03c26b48e3967f81340c093dc5 - - default default] 10.0.0.203 "POST /v2.0/ports HTTP/1.1" status: 201 len: 977 time: 0.2738864
2026-05-27 20:50:28.840 9 WARNING neutron_lib.context [None req-c2acd9c1-12c3-4702-b257-a0b70e25470e f9f642e7b4734116b8189b17ae49e917 a62ddc03c26b48e3967f81340c093dc5 - - default default] Method 'is_advsvc' is deprecated since 2023.2 release (neutron-lib 3.8.0) and will be removed once support for the old RBAC API policies will be removed from Neutron. Please use method 'is_service_role' instead. /var/lib/openstack/lib/python3.12/site-packages/pycadf/identifier.py:71: UserWarning: Invalid uuid: neutron. To ensure interoperability, identifiers should be a valid uuid. warnings.warn(('Invalid uuid: %s. To ensure interoperability, '
2026-05-27 20:50:28.875 10 INFO neutron.api.wsgi [req-0cc50bbd-ac47-4b8f-938d-d615eb763d9c req-3a210f4d-5fc8-475f-a818-001699a3ec55 9a44373ba8dc402c89f349e90b998c89 2a6dccdeb0f840998f0e7bbfc68aba1a - - default default] 10.0.0.199 "GET /v2.0/ports?device_id=bf4172da-6008-46d3-8db5-c499519060f3 HTTP/1.1" status: 200 len: 210 time: 0.0174019
2026-05-27 20:50:28.922 9 INFO neutron.db.segments_db [None req-c2acd9c1-12c3-4702-b257-a0b70e25470e f9f642e7b4734116b8189b17ae49e917 a62ddc03c26b48e3967f81340c093dc5 - - default default] Added segment eac3a150-c078-4f22-bcc8-6df7028b19b7 of type geneve for network d1fcd63f-a024-4998-b609-b1f0ecaf8f96
2026-05-27 20:50:29.036 9 INFO neutron.db.ovn_revision_numbers_db [None req-c2acd9c1-12c3-4702-b257-a0b70e25470e f9f642e7b4734116b8189b17ae49e917 a62ddc03c26b48e3967f81340c093dc5 - - default default] Successfully bumped revision number for resource d1fcd63f-a024-4998-b609-b1f0ecaf8f96 (type: networks) to 1
2026-05-27 20:50:29.198 9 WARNING neutron.scheduler.dhcp_agent_scheduler [None req-c2acd9c1-12c3-4702-b257-a0b70e25470e f9f642e7b4734116b8189b17ae49e917 a62ddc03c26b48e3967f81340c093dc5 - - default default] No more DHCP agents
2026-05-27 20:50:29.200 9 WARNING neutron.api.rpc.agentnotifiers.dhcp_rpc_agent_api [None req-c2acd9c1-12c3-4702-b257-a0b70e25470e f9f642e7b4734116b8189b17ae49e917 a62ddc03c26b48e3967f81340c093dc5 - - default default] Unable to schedule network d1fcd63f-a024-4998-b609-b1f0ecaf8f96: no agents available; will retry on subsequent port and subnet creation events.
2026-05-27 20:50:29.263 9 INFO neutron.db.ovn_revision_numbers_db [None req-c2acd9c1-12c3-4702-b257-a0b70e25470e f9f642e7b4734116b8189b17ae49e917 a62ddc03c26b48e3967f81340c093dc5 - - default default] Successfully bumped revision number for resource ac69d89a-7bce-4301-9804-ffe4aed9ae26 (type: ports) to 1
2026-05-27 20:50:29.285 9 INFO neutron.api.wsgi [None req-c2acd9c1-12c3-4702-b257-a0b70e25470e f9f642e7b4734116b8189b17ae49e917 a62ddc03c26b48e3967f81340c093dc5 - - default default] 10.0.0.203 "POST /v2.0/networks HTTP/1.1" status: 201 len: 834 time: 0.4504321
2026-05-27 20:50:29.297 9 WARNING neutron_lib.context [None req-9ed379ff-b413-4d15-ab01-7c176080d0e4 f9f642e7b4734116b8189b17ae49e917 a62ddc03c26b48e3967f81340c093dc5 - - default default] Method 'is_advsvc' is deprecated since 2023.2 release (neutron-lib 3.8.0) and will be removed once support for the old RBAC API policies will be removed from Neutron. Please use method 'is_service_role' instead.
2026-05-27 20:50:29.476 9 WARNING neutron.scheduler.dhcp_agent_scheduler [None req-9ed379ff-b413-4d15-ab01-7c176080d0e4 f9f642e7b4734116b8189b17ae49e917 a62ddc03c26b48e3967f81340c093dc5 - - default default] No more DHCP agents
2026-05-27 20:50:29.478 9 WARNING neutron.api.rpc.agentnotifiers.dhcp_rpc_agent_api [None req-9ed379ff-b413-4d15-ab01-7c176080d0e4 f9f642e7b4734116b8189b17ae49e917 a62ddc03c26b48e3967f81340c093dc5 - - default default] Unable to schedule network d1fcd63f-a024-4998-b609-b1f0ecaf8f96: no agents available; will retry on subsequent port and subnet creation events.
2026-05-27 20:50:29.504 9 INFO neutron.db.ovn_revision_numbers_db [None req-9ed379ff-b413-4d15-ab01-7c176080d0e4 f9f642e7b4734116b8189b17ae49e917 a62ddc03c26b48e3967f81340c093dc5 - - default default] Successfully bumped revision number for resource e2fb50f4-a03d-4e2e-aa3e-d79e1c923fe8 (type: subnets) to 0
2026-05-27 20:50:29.519 9 INFO neutron.api.wsgi [None req-9ed379ff-b413-4d15-ab01-7c176080d0e4 f9f642e7b4734116b8189b17ae49e917 a62ddc03c26b48e3967f81340c093dc5 - - default default] 10.0.0.203 "POST /v2.0/subnets HTTP/1.1" status: 201 len: 845 time: 0.2279687
2026-05-27 20:50:29.529 9 WARNING neutron_lib.context [None req-238b7944-a33a-497d-b70e-45e2f9cbf71b f9f642e7b4734116b8189b17ae49e917 a62ddc03c26b48e3967f81340c093dc5 - - default default] Method 'is_advsvc' is deprecated since 2023.2 release (neutron-lib 3.8.0) and will be removed once support for the old RBAC API policies will be removed from Neutron. Please use method 'is_service_role' instead.
2026-05-27 20:50:29.836 9 WARNING neutron.scheduler.dhcp_agent_scheduler [None req-238b7944-a33a-497d-b70e-45e2f9cbf71b f9f642e7b4734116b8189b17ae49e917 a62ddc03c26b48e3967f81340c093dc5 - - default default] No more DHCP agents
2026-05-27 20:50:29.838 9 WARNING neutron.api.rpc.agentnotifiers.dhcp_rpc_agent_api [None req-238b7944-a33a-497d-b70e-45e2f9cbf71b f9f642e7b4734116b8189b17ae49e917 a62ddc03c26b48e3967f81340c093dc5 - - default default] Unable to schedule network d1fcd63f-a024-4998-b609-b1f0ecaf8f96: no agents available; will retry on subsequent port and subnet creation events. /var/lib/openstack/lib/python3.12/site-packages/pycadf/identifier.py:71: UserWarning: Invalid uuid: neutron. To ensure interoperability, identifiers should be a valid uuid. warnings.warn(('Invalid uuid: %s. To ensure interoperability, '
2026-05-27 20:50:29.946 9 INFO neutron.db.ovn_revision_numbers_db [None req-238b7944-a33a-497d-b70e-45e2f9cbf71b f9f642e7b4734116b8189b17ae49e917 a62ddc03c26b48e3967f81340c093dc5 - - default default] Successfully bumped revision number for resource 87f08584-d940-4d6c-a01a-7d692415299f (type: ports) to 1
2026-05-27 20:50:29.957 9 INFO neutron.api.wsgi [req-ef642af3-35bf-49f7-96d4-469a69865194 req-4f4e5f9f-a8b8-4293-98a5-07405e25296a 9a44373ba8dc402c89f349e90b998c89 2a6dccdeb0f840998f0e7bbfc68aba1a - - default default] 10.0.0.199 "GET /v2.0/ports?device_id=bf4172da-6008-46d3-8db5-c499519060f3 HTTP/1.1" status: 200 len: 210 time: 0.0190337
2026-05-27 20:50:29.974 9 INFO neutron.api.wsgi [None req-238b7944-a33a-497d-b70e-45e2f9cbf71b f9f642e7b4734116b8189b17ae49e917 a62ddc03c26b48e3967f81340c093dc5 - - default default] 10.0.0.203 "POST /v2.0/ports HTTP/1.1" status: 201 len: 1164 time: 0.4491174
2026-05-27 20:50:30.016 9 INFO neutron.db.ovn_revision_numbers_db [None req-e4da4f7d-4a93-41ad-a990-172c73697c44 fc367df31778448aa17158a4cc8163ac 14333cf1279c42fdadeb68f5ee570e6a - - default default] Successfully bumped revision number for resource 02e30b36-56f4-4080-acff-0c17bc09493e (type: security_groups) to 1
2026-05-27 20:50:30.034 9 INFO neutron.db.ovn_revision_numbers_db [None req-e4da4f7d-4a93-41ad-a990-172c73697c44 fc367df31778448aa17158a4cc8163ac 14333cf1279c42fdadeb68f5ee570e6a - - default default] Successfully bumped revision number for resource 03e0ba5d-6936-4754-8c04-c175eaad98ef (type: security_group_rules) to 0
2026-05-27 20:50:30.045 9 INFO neutron.db.ovn_revision_numbers_db [None req-e4da4f7d-4a93-41ad-a990-172c73697c44 fc367df31778448aa17158a4cc8163ac 14333cf1279c42fdadeb68f5ee570e6a - - default default] Successfully bumped revision number for resource 56e60e71-a57f-4295-a5e5-53d70de4648f (type: security_group_rules) to 0
2026-05-27 20:50:30.061 9 INFO neutron.db.ovn_revision_numbers_db [None req-e4da4f7d-4a93-41ad-a990-172c73697c44 fc367df31778448aa17158a4cc8163ac 14333cf1279c42fdadeb68f5ee570e6a - - default default] Successfully bumped revision number for resource 815069a1-6364-4b3d-94ed-edac1eb1a34c (type: security_group_rules) to 0
2026-05-27 20:50:30.076 9 INFO neutron.db.ovn_revision_numbers_db [None req-e4da4f7d-4a93-41ad-a990-172c73697c44 fc367df31778448aa17158a4cc8163ac 14333cf1279c42fdadeb68f5ee570e6a - - default default] Successfully bumped revision number for resource fc565cdc-f1a3-4c71-a6e6-c5c3d5bff5c1 (type: security_group_rules) to 0
2026-05-27 20:50:30.111 9 INFO neutron.api.wsgi [None req-e4da4f7d-4a93-41ad-a990-172c73697c44 fc367df31778448aa17158a4cc8163ac 14333cf1279c42fdadeb68f5ee570e6a - - default default] 10.0.0.203 "GET /v2.0/security-groups?tenant_id=68da5e33a3c8415795d7834a5df9a676&name=default HTTP/1.1" status: 200 len: 3120 time: 0.3624861
2026-05-27 20:50:30.212 9 INFO neutron.api.wsgi [None req-d315a648-139b-4f7d-840c-2262848542e0 f9f642e7b4734116b8189b17ae49e917 a62ddc03c26b48e3967f81340c093dc5 - - default default] 10.0.0.203 "DELETE /v2.0/ports/87f08584-d940-4d6c-a01a-7d692415299f HTTP/1.1" status: 204 len: 168 time: 0.2353964
2026-05-27 20:50:30.229 9 INFO neutron.pecan_wsgi.hooks.translation [None req-1f372944-2ddb-44bf-b568-da922f1dd536 f9f642e7b4734116b8189b17ae49e917 a62ddc03c26b48e3967f81340c093dc5 - - default default] DELETE failed (client error): The resource could not be found.
2026-05-27 20:50:30.231 9 INFO neutron.api.wsgi [None req-1f372944-2ddb-44bf-b568-da922f1dd536 f9f642e7b4734116b8189b17ae49e917 a62ddc03c26b48e3967f81340c093dc5 - - default default] 10.0.0.203 "DELETE /v2.0/ports/87f08584-d940-4d6c-a01a-7d692415299f HTTP/1.1" status: 404 len: 333 time: 0.0144291
2026-05-27 20:50:30.259 10 INFO neutron.pecan_wsgi.hooks.translation [None req-363f0c9f-8232-41cd-9986-340889ffa0e6 f9f642e7b4734116b8189b17ae49e917 a62ddc03c26b48e3967f81340c093dc5 - - default default] GET failed (client error): The resource could not be found.
2026-05-27 20:50:30.260 10 INFO neutron.api.wsgi [None req-363f0c9f-8232-41cd-9986-340889ffa0e6 f9f642e7b4734116b8189b17ae49e917 a62ddc03c26b48e3967f81340c093dc5 - - default default] 10.0.0.203 "GET /v2.0/ports/87f08584-d940-4d6c-a01a-7d692415299f HTTP/1.1" status: 404 len: 333 time: 0.0216212
2026-05-27 20:50:30.332 10 INFO neutron.api.wsgi [None req-0acfd5ad-abd2-48c2-8b04-fd113f58f05f fc367df31778448aa17158a4cc8163ac 14333cf1279c42fdadeb68f5ee570e6a - - default default] 10.0.0.203 "DELETE /v2.0/security-groups/02e30b36-56f4-4080-acff-0c17bc09493e HTTP/1.1" status: 204 len: 168 time: 0.2168150
2026-05-27 20:50:30.389 9 INFO neutron.api.wsgi [None req-87d2541a-a122-4856-9cd1-ec7fe4c85f42 f9f642e7b4734116b8189b17ae49e917 a62ddc03c26b48e3967f81340c093dc5 - - default default] 10.0.0.203 "DELETE /v2.0/subnets/e2fb50f4-a03d-4e2e-aa3e-d79e1c923fe8 HTTP/1.1" status: 204 len: 168 time: 0.1241925
2026-05-27 20:50:30.600 9 INFO neutron.db.ovn_revision_numbers_db [None req-96be134e-6deb-4dc4-8eb5-013599448b0e fc367df31778448aa17158a4cc8163ac 14333cf1279c42fdadeb68f5ee570e6a - - default default] Successfully bumped revision number for resource e23368d9-fe59-41b4-9768-70772c96d845 (type: security_groups) to 1
2026-05-27 20:50:30.611 9 INFO neutron.db.ovn_revision_numbers_db [None req-96be134e-6deb-4dc4-8eb5-013599448b0e fc367df31778448aa17158a4cc8163ac 14333cf1279c42fdadeb68f5ee570e6a - - default default] Successfully bumped revision number for resource 023c0c31-5796-4000-9438-f4ef859e0c42 (type: security_group_rules) to 0
2026-05-27 20:50:30.628 9 INFO neutron.db.ovn_revision_numbers_db [None req-96be134e-6deb-4dc4-8eb5-013599448b0e fc367df31778448aa17158a4cc8163ac 14333cf1279c42fdadeb68f5ee570e6a - - default default] Successfully bumped revision number for resource 09ae0409-b765-4b61-81c1-47a002a9f6ac (type: security_group_rules) to 0
2026-05-27 20:50:30.644 9 INFO neutron.db.ovn_revision_numbers_db [None req-96be134e-6deb-4dc4-8eb5-013599448b0e fc367df31778448aa17158a4cc8163ac 14333cf1279c42fdadeb68f5ee570e6a - - default default] Successfully bumped revision number for resource 4be66928-e326-4ad9-8e48-576bcf94c4fb (type: security_group_rules) to 0
2026-05-27 20:50:30.657 9 INFO neutron.db.ovn_revision_numbers_db [None req-96be134e-6deb-4dc4-8eb5-013599448b0e fc367df31778448aa17158a4cc8163ac 14333cf1279c42fdadeb68f5ee570e6a - - default default] Successfully bumped revision number for resource da69ec59-21da-4ab3-be61-ab03c8c5c957 (type: security_group_rules) to 0
2026-05-27 20:50:30.688 9 INFO neutron.services.segments.plugin [-] Segment eac3a150-c078-4f22-bcc8-6df7028b19b7 resource provider aggregate not found
2026-05-27 20:50:30.692 9 INFO neutron.services.segments.plugin [-] Segment eac3a150-c078-4f22-bcc8-6df7028b19b7 resource provider aggregate not found
2026-05-27 20:50:30.701 9 INFO neutron.services.segments.plugin [-] Segment eac3a150-c078-4f22-bcc8-6df7028b19b7 resource provider not found; error: Placement Client Error (4xx): {"errors": [{"status": 404, "title": "Not Found", "detail": "The resource could not be found.\n\n No resource provider with uuid eac3a150-c078-4f22-bcc8-6df7028b19b7 found for delete ", "request_id": "req-d7343443-eb8b-4c26-9569-6152493666f2"}]}
2026-05-27 20:50:30.711 9 INFO neutron.services.segments.plugin [-] Segment eac3a150-c078-4f22-bcc8-6df7028b19b7 resource provider not found; error: Placement Client Error (4xx): {"errors": [{"status": 404, "title": "Not Found", "detail": "The resource could not be found.\n\n No resource provider with uuid eac3a150-c078-4f22-bcc8-6df7028b19b7 found for delete ", "request_id": "req-19fe9534-701b-4894-a89d-af20883e7d7d"}]}
2026-05-27 20:50:30.713 9 INFO neutron.api.wsgi [None req-96be134e-6deb-4dc4-8eb5-013599448b0e fc367df31778448aa17158a4cc8163ac 14333cf1279c42fdadeb68f5ee570e6a - - default default] 10.0.0.203 "GET /v2.0/security-groups?tenant_id=dc57acca8c174422b1345ca65635acac&name=default HTTP/1.1" status: 200 len: 3120 time: 0.2369215
2026-05-27 20:50:30.735 9 INFO neutron.api.wsgi [None req-2a581da1-5c5b-4623-b14b-c9eca378820a f9f642e7b4734116b8189b17ae49e917 a62ddc03c26b48e3967f81340c093dc5 - - default default] 10.0.0.203 "DELETE /v2.0/networks/d1fcd63f-a024-4998-b609-b1f0ecaf8f96 HTTP/1.1" status: 204 len: 168 time: 0.3408301
2026-05-27 20:50:30.747 9 WARNING neutron_lib.context [None req-0f3e0b30-746c-470e-80cb-52c772ee2d1f f9f642e7b4734116b8189b17ae49e917 a62ddc03c26b48e3967f81340c093dc5 - - default default] Method 'is_advsvc' is deprecated since 2023.2 release (neutron-lib 3.8.0) and will be removed once support for the old RBAC API policies will be removed from Neutron. Please use method 'is_service_role' instead.
2026-05-27 20:50:30.849 9 INFO neutron.db.segments_db [None req-0f3e0b30-746c-470e-80cb-52c772ee2d1f f9f642e7b4734116b8189b17ae49e917 a62ddc03c26b48e3967f81340c093dc5 - - default default] Added segment 09d3d20a-3ec2-475d-b95a-2f6cf2a80012 of type geneve for network 3443279f-ae7e-4207-95f0-7bed83331c7d
2026-05-27 20:50:31.005 9 INFO neutron.db.ovn_revision_numbers_db [None req-0f3e0b30-746c-470e-80cb-52c772ee2d1f f9f642e7b4734116b8189b17ae49e917 a62ddc03c26b48e3967f81340c093dc5 - - default default] Successfully bumped revision number for resource 3443279f-ae7e-4207-95f0-7bed83331c7d (type: networks) to 1
2026-05-27 20:50:31.010 9 INFO neutron.api.wsgi [None req-893d2321-0052-4309-b15f-e09c5764730a fc367df31778448aa17158a4cc8163ac 14333cf1279c42fdadeb68f5ee570e6a - - default default] 10.0.0.203 "DELETE /v2.0/security-groups/e23368d9-fe59-41b4-9768-70772c96d845 HTTP/1.1" status: 204 len: 168 time: 0.2926450
2026-05-27 20:50:31.100 9 INFO neutron.db.ovn_revision_numbers_db [None req-57c84718-0a9b-495d-9ee3-ba63e87d3280 fc367df31778448aa17158a4cc8163ac 14333cf1279c42fdadeb68f5ee570e6a - - default default] Successfully bumped revision number for resource 30ff8c21-3f77-4557-af16-d306e0ccbeec (type: security_groups) to 1
2026-05-27 20:50:31.120 9 INFO neutron.db.ovn_revision_numbers_db [None req-57c84718-0a9b-495d-9ee3-ba63e87d3280 fc367df31778448aa17158a4cc8163ac 14333cf1279c42fdadeb68f5ee570e6a - - default default] Successfully bumped revision number for resource 51eae23f-e08c-4eed-bf98-85f081d12950 (type: security_group_rules) to 0
2026-05-27 20:50:31.138 9 INFO neutron.db.ovn_revision_numbers_db [None req-57c84718-0a9b-495d-9ee3-ba63e87d3280 fc367df31778448aa17158a4cc8163ac 14333cf1279c42fdadeb68f5ee570e6a - - default default] Successfully bumped revision number for resource 5743fa7d-649d-4c09-a7cc-fb9565cccc31 (type: security_group_rules) to 0
2026-05-27 20:50:31.149 10 INFO neutron.api.wsgi [None req-622bdbfd-8c42-4761-adfd-f14943e7d9e3 9a44373ba8dc402c89f349e90b998c89 2a6dccdeb0f840998f0e7bbfc68aba1a - - default default] 10.0.0.203 "DELETE /v2.0/security-groups/adca9cdf-c073-489e-b5b1-844e6e790af2 HTTP/1.1" status: 204 len: 168 time: 0.1191390
2026-05-27 20:50:31.158 9 INFO neutron.db.ovn_revision_numbers_db [None req-57c84718-0a9b-495d-9ee3-ba63e87d3280 fc367df31778448aa17158a4cc8163ac 14333cf1279c42fdadeb68f5ee570e6a - - default default] Successfully bumped revision number for resource a2a6b9c9-57fd-4bb6-ba68-03ae759075a2 (type: security_group_rules) to 0
2026-05-27 20:50:31.163 10 INFO neutron.api.v2.resource [None req-77741d1d-073a-42c3-be1d-85628dde23fb 9a44373ba8dc402c89f349e90b998c89 2a6dccdeb0f840998f0e7bbfc68aba1a - - default default] show failed (client error): The resource could not be found.
2026-05-27 20:50:31.164 10 INFO neutron.api.wsgi [None req-77741d1d-073a-42c3-be1d-85628dde23fb 9a44373ba8dc402c89f349e90b998c89 2a6dccdeb0f840998f0e7bbfc68aba1a - - default default] 10.0.0.203 "GET /v2.0/security-groups/adca9cdf-c073-489e-b5b1-844e6e790af2 HTTP/1.1" status: 404 len: 347 time: 0.0104396
2026-05-27 20:50:31.180 9 INFO neutron.db.ovn_revision_numbers_db [None req-57c84718-0a9b-495d-9ee3-ba63e87d3280 fc367df31778448aa17158a4cc8163ac 14333cf1279c42fdadeb68f5ee570e6a - - default default] Successfully bumped revision number for resource adbcaac5-1743-4de2-aa3e-3a31258229fd (type: security_group_rules) to 0
2026-05-27 20:50:31.195 9 WARNING neutron.scheduler.dhcp_agent_scheduler [None req-0f3e0b30-746c-470e-80cb-52c772ee2d1f f9f642e7b4734116b8189b17ae49e917 a62ddc03c26b48e3967f81340c093dc5 - - default default] No more DHCP agents
2026-05-27 20:50:31.196 9 WARNING neutron.api.rpc.agentnotifiers.dhcp_rpc_agent_api [None req-0f3e0b30-746c-470e-80cb-52c772ee2d1f f9f642e7b4734116b8189b17ae49e917 a62ddc03c26b48e3967f81340c093dc5 - - default default] Unable to schedule network 3443279f-ae7e-4207-95f0-7bed83331c7d: no agents available; will retry on subsequent port and subnet creation events.
2026-05-27 20:50:31.226 9 INFO neutron.api.wsgi [None req-57c84718-0a9b-495d-9ee3-ba63e87d3280 fc367df31778448aa17158a4cc8163ac 14333cf1279c42fdadeb68f5ee570e6a - - default default] 10.0.0.203 "GET /v2.0/security-groups?tenant_id=f5e14867bbce41caa56d9e44083f2d04&name=default HTTP/1.1" status: 200 len: 3120 time: 0.4022212
2026-05-27 20:50:31.262 9 INFO neutron.db.ovn_revision_numbers_db [None req-0f3e0b30-746c-470e-80cb-52c772ee2d1f f9f642e7b4734116b8189b17ae49e917 a62ddc03c26b48e3967f81340c093dc5 - - default default] Successfully bumped revision number for resource d157a28e-43c8-445d-94bc-931df8c94957 (type: ports) to 1
2026-05-27 20:50:31.285 9 INFO neutron.api.wsgi [None req-0f3e0b30-746c-470e-80cb-52c772ee2d1f f9f642e7b4734116b8189b17ae49e917 a62ddc03c26b48e3967f81340c093dc5 - - default default] 10.0.0.203 "POST /v2.0/networks HTTP/1.1" status: 201 len: 834 time: 0.5432942
2026-05-27 20:50:31.296 9 WARNING neutron_lib.context [None req-5a12b56f-9ed8-4950-9c5a-5c67716d946a f9f642e7b4734116b8189b17ae49e917 a62ddc03c26b48e3967f81340c093dc5 - - default default] Method 'is_advsvc' is deprecated since 2023.2 release (neutron-lib 3.8.0) and will be removed once support for the old RBAC API policies will be removed from Neutron. Please use method 'is_service_role' instead.
2026-05-27 20:50:31.485 9 WARNING neutron.scheduler.dhcp_agent_scheduler [None req-5a12b56f-9ed8-4950-9c5a-5c67716d946a f9f642e7b4734116b8189b17ae49e917 a62ddc03c26b48e3967f81340c093dc5 - - default default] No more DHCP agents
2026-05-27 20:50:31.487 9 WARNING neutron.api.rpc.agentnotifiers.dhcp_rpc_agent_api [None req-5a12b56f-9ed8-4950-9c5a-5c67716d946a f9f642e7b4734116b8189b17ae49e917 a62ddc03c26b48e3967f81340c093dc5 - - default default] Unable to schedule network 3443279f-ae7e-4207-95f0-7bed83331c7d: no agents available; will retry on subsequent port and subnet creation events.
2026-05-27 20:50:31.515 9 INFO neutron.db.ovn_revision_numbers_db [None req-5a12b56f-9ed8-4950-9c5a-5c67716d946a f9f642e7b4734116b8189b17ae49e917 a62ddc03c26b48e3967f81340c093dc5 - - default default] Successfully bumped revision number for resource dace447a-3cb9-438f-bc18-a0df4a999de6 (type: subnets) to 0
2026-05-27 20:50:31.526 10 INFO neutron.api.wsgi [None req-44b5318e-3033-429f-9761-4817244d6fc4 fc367df31778448aa17158a4cc8163ac 14333cf1279c42fdadeb68f5ee570e6a - - default default] 10.0.0.203 "DELETE /v2.0/security-groups/30ff8c21-3f77-4557-af16-d306e0ccbeec HTTP/1.1" status: 204 len: 168 time: 0.2954710
2026-05-27 20:50:31.529 9 INFO neutron.api.wsgi [None req-5a12b56f-9ed8-4950-9c5a-5c67716d946a f9f642e7b4734116b8189b17ae49e917 a62ddc03c26b48e3967f81340c093dc5 - - default default] 10.0.0.203 "POST /v2.0/subnets HTTP/1.1" status: 201 len: 845 time: 0.2387843
2026-05-27 20:50:31.539 9 WARNING neutron_lib.context [None req-b705f163-672d-4c5e-aed5-6d08452ab58f f9f642e7b4734116b8189b17ae49e917 a62ddc03c26b48e3967f81340c093dc5 - - default default] Method 'is_advsvc' is deprecated since 2023.2 release (neutron-lib 3.8.0) and will be removed once support for the old RBAC API policies will be removed from Neutron. Please use method 'is_service_role' instead.
2026-05-27 20:50:31.560 10 INFO neutron.api.wsgi [None req-d688a3b4-a4dc-4904-a114-bf74d50aef67 9a44373ba8dc402c89f349e90b998c89 2a6dccdeb0f840998f0e7bbfc68aba1a - - default default] 10.0.0.203 "DELETE /v2.0/floatingips/836eccd5-7067-40d9-a008-a8b36c9a69d7 HTTP/1.1" status: 204 len: 168 time: 0.3858712
2026-05-27 20:50:31.787 9 WARNING neutron.scheduler.dhcp_agent_scheduler [None req-b705f163-672d-4c5e-aed5-6d08452ab58f f9f642e7b4734116b8189b17ae49e917 a62ddc03c26b48e3967f81340c093dc5 - - default default] No more DHCP agents
2026-05-27 20:50:31.788 9 WARNING neutron.api.rpc.agentnotifiers.dhcp_rpc_agent_api [None req-b705f163-672d-4c5e-aed5-6d08452ab58f f9f642e7b4734116b8189b17ae49e917 a62ddc03c26b48e3967f81340c093dc5 - - default default] Unable to schedule network 3443279f-ae7e-4207-95f0-7bed83331c7d: no agents available; will retry on subsequent port and subnet creation events.
2026-05-27 20:50:31.879 9 INFO neutron.db.ovn_revision_numbers_db [None req-b705f163-672d-4c5e-aed5-6d08452ab58f f9f642e7b4734116b8189b17ae49e917 a62ddc03c26b48e3967f81340c093dc5 - - default default] Successfully bumped revision number for resource b52d3529-3f87-48e8-993c-d1e5bf280ee3 (type: ports) to 1
2026-05-27 20:50:31.907 9 INFO neutron.api.wsgi [None req-b705f163-672d-4c5e-aed5-6d08452ab58f f9f642e7b4734116b8189b17ae49e917 a62ddc03c26b48e3967f81340c093dc5 - - default default] 10.0.0.203 "POST /v2.0/ports HTTP/1.1" status: 201 len: 1127 time: 0.3722289
2026-05-27 20:50:32.308 10 INFO neutron.api.wsgi [None req-5f8c8156-56a1-4100-8732-f96568bcf3be f9f642e7b4734116b8189b17ae49e917 a62ddc03c26b48e3967f81340c093dc5 - - default default] 10.0.0.203 "DELETE /v2.0/ports/b52d3529-3f87-48e8-993c-d1e5bf280ee3 HTTP/1.1" status: 204 len: 168 time: 0.3966231
2026-05-27 20:50:32.328 9 INFO neutron.pecan_wsgi.hooks.translation [None req-faef3bb7-0b4a-4e70-864d-863692209362 f9f642e7b4734116b8189b17ae49e917 a62ddc03c26b48e3967f81340c093dc5 - - default default] GET failed (client error): The resource could not be found.
2026-05-27 20:50:32.329 9 INFO neutron.api.wsgi [None req-faef3bb7-0b4a-4e70-864d-863692209362 f9f642e7b4734116b8189b17ae49e917 a62ddc03c26b48e3967f81340c093dc5 - - default default] 10.0.0.203 "GET /v2.0/ports/b52d3529-3f87-48e8-993c-d1e5bf280ee3 HTTP/1.1" status: 404 len: 333 time: 0.0171132
2026-05-27 20:50:32.491 9 INFO neutron.api.wsgi [None req-f230cdcc-1e1e-4d19-8af9-1d2f0d0ac9ec f9f642e7b4734116b8189b17ae49e917 a62ddc03c26b48e3967f81340c093dc5 - - default default] 10.0.0.203 "DELETE /v2.0/subnets/dace447a-3cb9-438f-bc18-a0df4a999de6 HTTP/1.1" status: 204 len: 168 time: 0.1586337
2026-05-27 20:50:32.499 10 INFO neutron.api.wsgi [None req-c00609e9-7b7d-40f7-83f9-4cc97ae09302 fc367df31778448aa17158a4cc8163ac 14333cf1279c42fdadeb68f5ee570e6a - - default default] 10.0.0.203 "PUT /v2.0/routers/70707bb3-5a52-4a21-aba5-42d4c508bf49/remove_router_interface HTTP/1.1" status: 200 len: 503 time: 0.9312823 /var/lib/openstack/lib/python3.12/site-packages/pycadf/identifier.py:71: UserWarning: Invalid uuid: neutron. To ensure interoperability, identifiers should be a valid uuid. warnings.warn(('Invalid uuid: %s. To ensure interoperability, '
2026-05-27 20:50:32.799 9 INFO neutron.services.segments.plugin [-] Segment 09d3d20a-3ec2-475d-b95a-2f6cf2a80012 resource provider aggregate not found
2026-05-27 20:50:32.802 9 INFO neutron.services.segments.plugin [-] Segment 09d3d20a-3ec2-475d-b95a-2f6cf2a80012 resource provider aggregate not found
2026-05-27 20:50:32.810 9 INFO neutron.services.segments.plugin [-] Segment 09d3d20a-3ec2-475d-b95a-2f6cf2a80012 resource provider not found; error: Placement Client Error (4xx): {"errors": [{"status": 404, "title": "Not Found", "detail": "The resource could not be found.\n\n No resource provider with uuid 09d3d20a-3ec2-475d-b95a-2f6cf2a80012 found for delete ", "request_id": "req-bac1f21c-fda8-42c8-984e-d9c1795fac4a"}]}
2026-05-27 20:50:32.819 9 INFO neutron.services.segments.plugin [-] Segment 09d3d20a-3ec2-475d-b95a-2f6cf2a80012 resource provider not found; error: Placement Client Error (4xx): {"errors": [{"status": 404, "title": "Not Found", "detail": "The resource could not be found.\n\n No resource provider with uuid 09d3d20a-3ec2-475d-b95a-2f6cf2a80012 found for delete ", "request_id": "req-edef4098-133b-48bb-93a6-5f69cff57d17"}]}
2026-05-27 20:50:32.835 9 INFO neutron.api.wsgi [None req-ab98ac90-9ddd-4b57-87ff-a24fdaa51a36 f9f642e7b4734116b8189b17ae49e917 a62ddc03c26b48e3967f81340c093dc5 - - default default] 10.0.0.203 "DELETE /v2.0/networks/3443279f-ae7e-4207-95f0-7bed83331c7d HTTP/1.1" status: 204 len: 168 time: 0.3353553
2026-05-27 20:50:32.847 9 WARNING neutron_lib.context [None req-7f680f5d-3593-4073-aac7-8916babc6d29 f9f642e7b4734116b8189b17ae49e917 a62ddc03c26b48e3967f81340c093dc5 - - default default] Method 'is_advsvc' is deprecated since 2023.2 release (neutron-lib 3.8.0) and will be removed once support for the old RBAC API policies will be removed from Neutron. Please use method 'is_service_role' instead. /var/lib/openstack/lib/python3.12/site-packages/pycadf/identifier.py:71: UserWarning: Invalid uuid: neutron. To ensure interoperability, identifiers should be a valid uuid. warnings.warn(('Invalid uuid: %s. To ensure interoperability, '
2026-05-27 20:50:33.040 9 WARNING neutron_lib.context [None req-c1e3cc86-7af7-4812-989c-9a3375da6f5e c7aef7122aed43fb98a77ae8928c148b 60a71b2f3ea2469690888e4695482d6c - - default default] Method 'is_advsvc' is deprecated since 2023.2 release (neutron-lib 3.8.0) and will be removed once support for the old RBAC API policies will be removed from Neutron. Please use method 'is_service_role' instead.
2026-05-27 20:50:33.051 9 WARNING neutron.scheduler.dhcp_agent_scheduler [None req-7f680f5d-3593-4073-aac7-8916babc6d29 f9f642e7b4734116b8189b17ae49e917 a62ddc03c26b48e3967f81340c093dc5 - - default default] No more DHCP agents
2026-05-27 20:50:33.052 9 WARNING neutron.api.rpc.agentnotifiers.dhcp_rpc_agent_api [None req-7f680f5d-3593-4073-aac7-8916babc6d29 f9f642e7b4734116b8189b17ae49e917 a62ddc03c26b48e3967f81340c093dc5 - - default default] Unable to schedule network cf0725ed-a8c1-40b2-bdc2-26f3a718df9f: no agents available; will retry on subsequent port and subnet creation events.
2026-05-27 20:50:33.156 10 INFO neutron.api.wsgi [None req-f5d2722f-4ba2-4ab5-962a-df463feeed90 fc367df31778448aa17158a4cc8163ac 14333cf1279c42fdadeb68f5ee570e6a - - default default] 10.0.0.203 "DELETE /v2.0/routers/70707bb3-5a52-4a21-aba5-42d4c508bf49 HTTP/1.1" status: 204 len: 168 time: 0.6521473
2026-05-27 20:50:33.251 10 INFO neutron.api.wsgi [None req-9994c75e-ca5f-4bda-a51c-77ace07361ba b67b0990c372440696d865cf63b768b6 8d36a5208ce94e7689535cb2f6a44803 - - default default] 10.0.0.203 "GET /v2.0/extensions HTTP/1.1" status: 200 len: 19293 time: 0.0608563
2026-05-27 20:50:33.260 10 INFO neutron.api.wsgi [None req-5979b76d-159b-422c-90ce-1462f0718dc4 b67b0990c372440696d865cf63b768b6 8d36a5208ce94e7689535cb2f6a44803 - - default default] 10.0.0.203 "GET /v2.0/extensions/address-group HTTP/1.1" status: 200 len: 353 time: 0.0046837
2026-05-27 20:50:33.267 10 INFO neutron.api.wsgi [None req-e78e1458-ea90-4fcc-99e6-d8bc5fd60ed0 b67b0990c372440696d865cf63b768b6 8d36a5208ce94e7689535cb2f6a44803 - - default default] 10.0.0.203 "GET /v2.0/extensions/address-scope HTTP/1.1" status: 200 len: 357 time: 0.0035269
2026-05-27 20:50:33.278 9 INFO neutron.api.wsgi [None req-d7071adf-6287-4edf-9ff1-a955279127ed b67b0990c372440696d865cf63b768b6 8d36a5208ce94e7689535cb2f6a44803 - - default default] 10.0.0.203 "GET /v2.0/extensions/agent HTTP/1.1" status: 200 len: 347 time: 0.0040331
2026-05-27 20:50:33.289 10 INFO neutron.api.wsgi [None req-b9197710-99e6-4d36-ade1-6aef69fbd1ae b67b0990c372440696d865cf63b768b6 8d36a5208ce94e7689535cb2f6a44803 - - default default] 10.0.0.203 "GET /v2.0/extensions/allowed-address-pairs HTTP/1.1" status: 200 len: 378 time: 0.0053134
2026-05-27 20:50:33.299 9 INFO neutron.api.wsgi [None req-188e8e5d-e8a0-4269-bd40-2b89511521c2 b67b0990c372440696d865cf63b768b6 8d36a5208ce94e7689535cb2f6a44803 - - default default] 10.0.0.203 "GET /v2.0/extensions/auto-allocated-topology HTTP/1.1" status: 200 len: 394 time: 0.0038288
2026-05-27 20:50:33.306 9 INFO neutron.api.wsgi [None req-18331949-3ea1-49e5-a704-193b8a48bde2 b67b0990c372440696d865cf63b768b6 8d36a5208ce94e7689535cb2f6a44803 - - default default] 10.0.0.203 "GET /v2.0/extensions/availability_zone HTTP/1.1" status: 200 len: 372 time: 0.0039251
2026-05-27 20:50:33.318 10 INFO neutron.api.wsgi [None req-fa87980c-9844-4c19-a952-4ac20dc39347 b67b0990c372440696d865cf63b768b6 8d36a5208ce94e7689535cb2f6a44803 - - default default] 10.0.0.203 "GET /v2.0/extensions/default-subnetpools HTTP/1.1" status: 200 len: 405 time: 0.0080659
2026-05-27 20:50:33.328 10 INFO neutron.api.wsgi [None req-0dbfecdd-978f-4c1f-b252-3db2e4fc68c6 b67b0990c372440696d865cf63b768b6 8d36a5208ce94e7689535cb2f6a44803 - - default default] 10.0.0.203 "GET /v2.0/extensions/dhcp_agent_scheduler HTTP/1.1" status: 200 len: 381 time: 0.0052056
2026-05-27 20:50:33.335 10 INFO neutron.api.wsgi [None req-3a0263bf-0b3d-46df-9f76-84d3a742174b b67b0990c372440696d865cf63b768b6 8d36a5208ce94e7689535cb2f6a44803 - - default default] 10.0.0.203 "GET /v2.0/extensions/dns-integration HTTP/1.1" status: 200 len: 366 time: 0.0041838
2026-05-27 20:50:33.338 9 INFO neutron.db.ovn_revision_numbers_db [None req-7f680f5d-3593-4073-aac7-8916babc6d29 f9f642e7b4734116b8189b17ae49e917 a62ddc03c26b48e3967f81340c093dc5 - - default default] Successfully bumped revision number for resource 5458cf56-30f7-4830-a16a-eda026fe89ca (type: ports) to 1
2026-05-27 20:50:33.345 10 INFO neutron.api.wsgi [None req-96b42a2a-a1b7-4f9a-9add-30b09406426e b67b0990c372440696d865cf63b768b6 8d36a5208ce94e7689535cb2f6a44803 - - default default] 10.0.0.203 "GET /v2.0/extensions/dns-domain-ports HTTP/1.1" status: 200 len: 399 time: 0.0031588
2026-05-27 20:50:33.354 10 INFO neutron.api.wsgi [None req-3c8223d2-b515-468e-a4f6-f3c6c84ced81 b67b0990c372440696d865cf63b768b6 8d36a5208ce94e7689535cb2f6a44803 - - default default] 10.0.0.203 "GET /v2.0/extensions/dns-integration-domain-keywords HTTP/1.1" status: 200 len: 477 time: 0.0053875
2026-05-27 20:50:33.360 9 INFO neutron.api.wsgi [None req-7f680f5d-3593-4073-aac7-8916babc6d29 f9f642e7b4734116b8189b17ae49e917 a62ddc03c26b48e3967f81340c093dc5 - - default default] 10.0.0.203 "POST /v2.0/ports HTTP/1.1" status: 201 len: 977 time: 0.5186400
2026-05-27 20:50:33.361 10 INFO neutron.api.wsgi [None req-81eff74d-e8aa-432d-b625-3d7c762d5bfa b67b0990c372440696d865cf63b768b6 8d36a5208ce94e7689535cb2f6a44803 - - default default] 10.0.0.203 "GET /v2.0/extensions/empty-string-filtering HTTP/1.1" status: 200 len: 413 time: 0.0041385
2026-05-27 20:50:33.369 9 INFO neutron.api.wsgi [None req-4a9e776e-8196-4eee-9d53-b53f71435458 b67b0990c372440696d865cf63b768b6 8d36a5208ce94e7689535cb2f6a44803 - - default default] 10.0.0.203 "GET /v2.0/extensions/external-net HTTP/1.1" status: 200 len: 394 time: 0.0040522
2026-05-27 20:50:33.382 10 INFO neutron.api.wsgi [None req-1e531d94-baa8-498c-ace8-1f36b2877569 b67b0990c372440696d865cf63b768b6 8d36a5208ce94e7689535cb2f6a44803 - - default default] 10.0.0.203 "GET /v2.0/extensions/extra_dhcp_opt HTTP/1.1" status: 200 len: 498 time: 0.0038197
2026-05-27 20:50:33.392 10 INFO neutron.api.wsgi [None req-fab4abe3-38be-4f30-9e81-0004e214a2a0 b67b0990c372440696d865cf63b768b6 8d36a5208ce94e7689535cb2f6a44803 - - default default] 10.0.0.203 "GET /v2.0/extensions/extraroute HTTP/1.1" status: 200 len: 375 time: 0.0046234
2026-05-27 20:50:33.403 9 INFO neutron.api.wsgi [None req-10f34486-2ecc-4185-9048-626fb9539990 b67b0990c372440696d865cf63b768b6 8d36a5208ce94e7689535cb2f6a44803 - - default default] 10.0.0.203 "GET /v2.0/extensions/floating-ip-port-forwarding-detail HTTP/1.1" status: 200 len: 465 time: 0.0061235
2026-05-27 20:50:33.404 9 INFO neutron.db.ovn_revision_numbers_db [None req-c1e3cc86-7af7-4812-989c-9a3375da6f5e c7aef7122aed43fb98a77ae8928c148b 60a71b2f3ea2469690888e4695482d6c - - default default] Successfully bumped revision number for resource dcf5afd9-693d-4b80-852b-fd1199d8c3c0 (type: security_groups) to 1
2026-05-27 20:50:33.411 10 INFO neutron.api.wsgi [None req-7748eb1f-ed70-42fd-ae14-ed4ae2a01285 b67b0990c372440696d865cf63b768b6 8d36a5208ce94e7689535cb2f6a44803 - - default default] 10.0.0.203 "GET /v2.0/extensions/fip-port-details HTTP/1.1" status: 200 len: 406 time: 0.0045774
2026-05-27 20:50:33.416 10 INFO neutron.api.wsgi [None req-69d3061d-2d96-4fd4-ab70-77998001665a fc367df31778448aa17158a4cc8163ac 14333cf1279c42fdadeb68f5ee570e6a - - default default] 10.0.0.203 "DELETE /v2.0/subnets/f0595b1a-03dd-440c-b29c-ce5a33fcdf05 HTTP/1.1" status: 204 len: 168 time: 0.2565784
2026-05-27 20:50:33.418 9 INFO neutron.api.wsgi [None req-c800ebe8-a713-4283-92df-c0769833c866 b67b0990c372440696d865cf63b768b6 8d36a5208ce94e7689535cb2f6a44803 - - default default] 10.0.0.203 "GET /v2.0/extensions/flavors HTTP/1.1" status: 200 len: 387 time: 0.0030644
2026-05-27 20:50:33.419 9 INFO neutron.db.ovn_revision_numbers_db [None req-c1e3cc86-7af7-4812-989c-9a3375da6f5e c7aef7122aed43fb98a77ae8928c148b 60a71b2f3ea2469690888e4695482d6c - - default default] Successfully bumped revision number for resource 3c868654-aa0d-4802-9190-4b22dbf60194 (type: security_group_rules) to 0
2026-05-27 20:50:33.425 10 INFO neutron.api.wsgi [None req-93143822-bc69-4880-a8a6-8074e18744c5 b67b0990c372440696d865cf63b768b6 8d36a5208ce94e7689535cb2f6a44803 - - default default] 10.0.0.203 "GET /v2.0/extensions/floatingip-pools HTTP/1.1" status: 200 len: 382 time: 0.0038188
2026-05-27 20:50:33.433 9 INFO neutron.api.wsgi [None req-0b27775b-c1ac-4010-b62f-4a87e6975105 b67b0990c372440696d865cf63b768b6 8d36a5208ce94e7689535cb2f6a44803 - - default default] 10.0.0.203 "GET /v2.0/extensions/ip_allocation HTTP/1.1" status: 200 len: 356 time: 0.0033185
2026-05-27 20:50:33.441 9 INFO neutron.api.wsgi [None req-578a0f85-75fc-499f-83e3-df0970a98407 b67b0990c372440696d865cf63b768b6 8d36a5208ce94e7689535cb2f6a44803 - - default default] 10.0.0.203 "GET /v2.0/extensions/l2_adjacency HTTP/1.1" status: 200 len: 372 time: 0.0043557
