2026-05-27 20:50:49.818 10 INFO neutron.db.ovn_revision_numbers_db [None req-6b6b7d2c-521e-447c-8d68-e9743a3811fc d8493c2b0c6540fcb2022bd6346aaf43 a7bdc271dba941148f3d2d50cd43b03b - - default default] Successfully bumped revision number for resource af033560-4a71-43fc-a33f-b547e3a2f25d (type: security_groups) to 1
2026-05-27 20:50:49.834 10 INFO neutron.db.ovn_revision_numbers_db [None req-6b6b7d2c-521e-447c-8d68-e9743a3811fc d8493c2b0c6540fcb2022bd6346aaf43 a7bdc271dba941148f3d2d50cd43b03b - - default default] Successfully bumped revision number for resource 0deec510-2894-4d09-8dac-62a541fdaef0 (type: security_group_rules) to 0
2026-05-27 20:50:49.844 9 WARNING neutron_lib.context [None req-b6fb117b-c43d-4e47-9904-a91994677331 710c2a1c4fcc445f800900858d5c4ee5 1919370d861f4069852d009f0b2f69ff - - default default] Method 'is_advsvc' is deprecated since 2023.2 release (neutron-lib 3.8.0) and will be removed once support for the old RBAC API policies will be removed from Neutron. Please use method 'is_service_role' instead.
2026-05-27 20:50:49.847 10 INFO neutron.db.ovn_revision_numbers_db [None req-6b6b7d2c-521e-447c-8d68-e9743a3811fc d8493c2b0c6540fcb2022bd6346aaf43 a7bdc271dba941148f3d2d50cd43b03b - - default default] Successfully bumped revision number for resource 473c2af8-75ef-4046-9834-8ac7d71188dc (type: security_group_rules) to 0
2026-05-27 20:50:49.859 10 INFO neutron.db.ovn_revision_numbers_db [None req-6b6b7d2c-521e-447c-8d68-e9743a3811fc d8493c2b0c6540fcb2022bd6346aaf43 a7bdc271dba941148f3d2d50cd43b03b - - default default] Successfully bumped revision number for resource b6d065b3-6165-4220-91ce-58edf86a3def (type: security_group_rules) to 0
2026-05-27 20:50:49.874 10 INFO neutron.db.ovn_revision_numbers_db [None req-6b6b7d2c-521e-447c-8d68-e9743a3811fc d8493c2b0c6540fcb2022bd6346aaf43 a7bdc271dba941148f3d2d50cd43b03b - - default default] Successfully bumped revision number for resource cedbfb85-8bb1-4ff5-a648-e65d136e0490 (type: security_group_rules) to 0
2026-05-27 20:50:49.961 10 INFO neutron.db.ovn_revision_numbers_db [None req-6b6b7d2c-521e-447c-8d68-e9743a3811fc d8493c2b0c6540fcb2022bd6346aaf43 a7bdc271dba941148f3d2d50cd43b03b - - default default] Successfully bumped revision number for resource 15f66c18-a22a-4ef2-a689-15eb394c6bba (type: security_groups) to 1
2026-05-27 20:50:49.972 10 INFO neutron.db.ovn_revision_numbers_db [None req-6b6b7d2c-521e-447c-8d68-e9743a3811fc d8493c2b0c6540fcb2022bd6346aaf43 a7bdc271dba941148f3d2d50cd43b03b - - default default] Successfully bumped revision number for resource ca835f22-cda1-4c70-ac63-4c9bad0601fe (type: security_group_rules) to 0
2026-05-27 20:50:49.984 9 WARNING neutron.scheduler.dhcp_agent_scheduler [None req-c9c66bad-5dfd-44c0-8238-bfeddfc3e99b ee79adceaefd4710aa199597fae25f3b 76e020bd488c4ae39b222b2cacf6f794 - - default default] No more DHCP agents
2026-05-27 20:50:49.986 10 INFO neutron.db.ovn_revision_numbers_db [None req-6b6b7d2c-521e-447c-8d68-e9743a3811fc d8493c2b0c6540fcb2022bd6346aaf43 a7bdc271dba941148f3d2d50cd43b03b - - default default] Successfully bumped revision number for resource d19cfad2-63ee-47e9-9d5b-b06f70218b5f (type: security_group_rules) to 0
2026-05-27 20:50:49.987 9 WARNING neutron.api.rpc.agentnotifiers.dhcp_rpc_agent_api [None req-c9c66bad-5dfd-44c0-8238-bfeddfc3e99b ee79adceaefd4710aa199597fae25f3b 76e020bd488c4ae39b222b2cacf6f794 - - default default] Unable to schedule network 66e4980d-7782-44e2-87e7-4453a96a99f7: no agents available; will retry on subsequent port and subnet creation events.
2026-05-27 20:50:49.995 9 INFO neutron.db.ovn_revision_numbers_db [None req-b6fb117b-c43d-4e47-9904-a91994677331 710c2a1c4fcc445f800900858d5c4ee5 1919370d861f4069852d009f0b2f69ff - - default default] Successfully bumped revision number for resource 1103ac50-9e28-4d8a-b0a9-c17d837c01bf (type: security_groups) to 1
2026-05-27 20:50:50.008 9 INFO neutron.db.ovn_revision_numbers_db [None req-b6fb117b-c43d-4e47-9904-a91994677331 710c2a1c4fcc445f800900858d5c4ee5 1919370d861f4069852d009f0b2f69ff - - default default] Successfully bumped revision number for resource 19c71e3e-70a2-4620-a84f-e6ea1b8c21f0 (type: security_group_rules) to 0
2026-05-27 20:50:50.019 10 INFO neutron.api.wsgi [None req-6b6b7d2c-521e-447c-8d68-e9743a3811fc d8493c2b0c6540fcb2022bd6346aaf43 a7bdc271dba941148f3d2d50cd43b03b - - default default] 10.0.0.203 "POST /v2.0/security-groups HTTP/1.1" status: 201 len: 1825 time: 0.4433007
2026-05-27 20:50:50.023 9 INFO neutron.db.ovn_revision_numbers_db [None req-b6fb117b-c43d-4e47-9904-a91994677331 710c2a1c4fcc445f800900858d5c4ee5 1919370d861f4069852d009f0b2f69ff - - default default] Successfully bumped revision number for resource 218770a1-a9ab-4407-ab01-f625880e0ed9 (type: security_group_rules) to 0
2026-05-27 20:50:50.040 9 INFO neutron.db.ovn_revision_numbers_db [None req-b6fb117b-c43d-4e47-9904-a91994677331 710c2a1c4fcc445f800900858d5c4ee5 1919370d861f4069852d009f0b2f69ff - - default default] Successfully bumped revision number for resource 5a49f945-de9c-44d8-890d-eb031002ef7e (type: security_group_rules) to 0
2026-05-27 20:50:50.052 9 INFO neutron.db.ovn_revision_numbers_db [None req-c9c66bad-5dfd-44c0-8238-bfeddfc3e99b ee79adceaefd4710aa199597fae25f3b 76e020bd488c4ae39b222b2cacf6f794 - - default default] Successfully bumped revision number for resource a849c70e-06ce-46b4-b5f5-3789a725d86e (type: ports) to 1
2026-05-27 20:50:50.054 9 INFO neutron.db.ovn_revision_numbers_db [None req-b6fb117b-c43d-4e47-9904-a91994677331 710c2a1c4fcc445f800900858d5c4ee5 1919370d861f4069852d009f0b2f69ff - - default default] Successfully bumped revision number for resource eef1edfc-f629-4b30-abc5-1f06be28b457 (type: security_group_rules) to 0
2026-05-27 20:50:50.064 10 INFO neutron.api.wsgi [None req-3025d758-ba4b-422c-95fc-4ff6a81e53c8 d8493c2b0c6540fcb2022bd6346aaf43 a7bdc271dba941148f3d2d50cd43b03b - - default default] 10.0.0.203 "GET /v2.0/security-groups HTTP/1.1" status: 200 len: 4725 time: 0.0372708
2026-05-27 20:50:50.079 9 INFO neutron.api.wsgi [None req-c9c66bad-5dfd-44c0-8238-bfeddfc3e99b ee79adceaefd4710aa199597fae25f3b 76e020bd488c4ae39b222b2cacf6f794 - - default default] 10.0.0.203 "POST /v2.0/networks HTTP/1.1" status: 201 len: 843 time: 0.7494280
2026-05-27 20:50:50.110 10 WARNING neutron_lib.context [None req-dcf5a4e7-1694-4986-95ef-e2fd9eca682c ee79adceaefd4710aa199597fae25f3b 76e020bd488c4ae39b222b2cacf6f794 - - default default] Method 'is_advsvc' is deprecated since 2023.2 release (neutron-lib 3.8.0) and will be removed once support for the old RBAC API policies will be removed from Neutron. Please use method 'is_service_role' instead.
2026-05-27 20:50:50.144 9 INFO neutron.db.segments_db [None req-b6fb117b-c43d-4e47-9904-a91994677331 710c2a1c4fcc445f800900858d5c4ee5 1919370d861f4069852d009f0b2f69ff - - default default] Added segment abdbb84a-b4b8-4d60-860c-eb4b1d4dd0ac of type geneve for network aa31e1e2-3008-487b-9ce2-60a6b4a86b61
2026-05-27 20:50:50.169 10 INFO neutron.db.ovn_revision_numbers_db [None req-ddd3bc72-d9bf-4764-9f80-c0881d5395da d8493c2b0c6540fcb2022bd6346aaf43 a7bdc271dba941148f3d2d50cd43b03b - - default default] Successfully bumped revision number for resource 15f66c18-a22a-4ef2-a689-15eb394c6bba (type: security_groups) to 2
2026-05-27 20:50:50.204 10 INFO neutron.api.wsgi [None req-ddd3bc72-d9bf-4764-9f80-c0881d5395da d8493c2b0c6540fcb2022bd6346aaf43 a7bdc271dba941148f3d2d50cd43b03b - - default default] 10.0.0.203 "PUT /v2.0/security-groups/15f66c18-a22a-4ef2-a689-15eb394c6bba HTTP/1.1" status: 200 len: 1858 time: 0.1366410
2026-05-27 20:50:50.241 10 INFO neutron.api.wsgi [None req-38927c18-501e-4268-83ce-14e3faf168df d8493c2b0c6540fcb2022bd6346aaf43 a7bdc271dba941148f3d2d50cd43b03b - - default default] 10.0.0.203 "GET /v2.0/security-groups/15f66c18-a22a-4ef2-a689-15eb394c6bba HTTP/1.1" status: 200 len: 1858 time: 0.0323317
2026-05-27 20:50:50.243 9 INFO neutron.db.ovn_revision_numbers_db [None req-b6fb117b-c43d-4e47-9904-a91994677331 710c2a1c4fcc445f800900858d5c4ee5 1919370d861f4069852d009f0b2f69ff - - default default] Successfully bumped revision number for resource aa31e1e2-3008-487b-9ce2-60a6b4a86b61 (type: networks) to 1
2026-05-27 20:50:50.283 9 INFO neutron.api.wsgi [req-72d3e0e2-9c90-4a7c-a9e7-3f682a1e71e9 req-649595c5-16c2-44e7-b218-9fcb0827f323 e3107a1923d24722834d3f15eb8abab5 648eed71e8864f19b4f80e442a30f247 - - 9475e5ee510e48719cff67af03a81c01 9475e5ee510e48719cff67af03a81c01] 199.19.213.176 "GET /v2.0/ports?tenant_id=237da8a303ee49e48bc0dac9791ea2c9&device_id=6b214ebd-67cb-4b43-bab9-5b493adc91fd HTTP/1.1" status: 200 len: 1407 time: 0.0406685
2026-05-27 20:50:50.311 9 INFO neutron.api.wsgi [req-72d3e0e2-9c90-4a7c-a9e7-3f682a1e71e9 req-c5cefb0e-30ff-4976-8d0d-9b54a4aa994c e3107a1923d24722834d3f15eb8abab5 648eed71e8864f19b4f80e442a30f247 - - 9475e5ee510e48719cff67af03a81c01 9475e5ee510e48719cff67af03a81c01] 199.19.213.176 "GET /v2.0/floatingips?fixed_ip_address=10.100.0.9&port_id=304e515e-140c-4901-97d9-ec221d57262f HTTP/1.1" status: 200 len: 217 time: 0.0166748
2026-05-27 20:50:50.348 9 INFO neutron.api.wsgi [req-72d3e0e2-9c90-4a7c-a9e7-3f682a1e71e9 req-9fad16ef-9f2c-4e0f-838e-6051d6b82540 e3107a1923d24722834d3f15eb8abab5 648eed71e8864f19b4f80e442a30f247 - - 9475e5ee510e48719cff67af03a81c01 9475e5ee510e48719cff67af03a81c01] 199.19.213.176 "GET /v2.0/subnets?id=4d8f6a14-bf89-4b52-9092-c1fcf741e09c HTTP/1.1" status: 200 len: 895 time: 0.0335791
2026-05-27 20:50:50.358 10 WARNING neutron.scheduler.dhcp_agent_scheduler [None req-dcf5a4e7-1694-4986-95ef-e2fd9eca682c ee79adceaefd4710aa199597fae25f3b 76e020bd488c4ae39b222b2cacf6f794 - - default default] No more DHCP agents
2026-05-27 20:50:50.362 10 INFO neutron.api.wsgi [None req-f7b51ef1-13a3-4f5c-916e-a0ffe6e955ff d8493c2b0c6540fcb2022bd6346aaf43 a7bdc271dba941148f3d2d50cd43b03b - - default default] 10.0.0.203 "DELETE /v2.0/security-groups/15f66c18-a22a-4ef2-a689-15eb394c6bba HTTP/1.1" status: 204 len: 168 time: 0.1137822
2026-05-27 20:50:50.363 10 WARNING neutron.api.rpc.agentnotifiers.dhcp_rpc_agent_api [None req-dcf5a4e7-1694-4986-95ef-e2fd9eca682c ee79adceaefd4710aa199597fae25f3b 76e020bd488c4ae39b222b2cacf6f794 - - default default] Unable to schedule network 66e4980d-7782-44e2-87e7-4453a96a99f7: no agents available; will retry on subsequent port and subnet creation events.
2026-05-27 20:50:50.371 9 INFO neutron.api.wsgi [req-72d3e0e2-9c90-4a7c-a9e7-3f682a1e71e9 req-20745264-64dd-4e35-bb97-d9ffba20d392 e3107a1923d24722834d3f15eb8abab5 648eed71e8864f19b4f80e442a30f247 - - 9475e5ee510e48719cff67af03a81c01 9475e5ee510e48719cff67af03a81c01] 199.19.213.176 "GET /v2.0/ports?network_id=5a19adaa-8a62-4616-a279-b8517b295e42&device_owner=network%3Adhcp HTTP/1.1" status: 200 len: 210 time: 0.0181394
2026-05-27 20:50:50.411 10 INFO neutron.api.wsgi [None req-8123a7e2-3a04-4768-bd73-393404b91e59 d8493c2b0c6540fcb2022bd6346aaf43 a7bdc271dba941148f3d2d50cd43b03b - - default default] 10.0.0.203 "GET /v2.0/security-groups HTTP/1.1" status: 200 len: 3120 time: 0.0443976
2026-05-27 20:50:50.429 9 WARNING neutron.plugins.ml2.drivers.ovn.mech_driver.ovsdb.ovn_client [None req-e59938fa-b671-4335-a6f4-4a9d3318f2aa - - - - - -] No hosting information found for port 1091a397-3dfc-4884-9979-dc0e83d6b47b: RuntimeError: No hosting information found for port 1091a397-3dfc-4884-9979-dc0e83d6b47b
2026-05-27 20:50:50.437 9 INFO neutron.api.v2.resource [None req-0a415191-383c-496d-814b-2be12fed1d7c d8493c2b0c6540fcb2022bd6346aaf43 a7bdc271dba941148f3d2d50cd43b03b - - default default] delete failed (client error): The resource could not be found.
2026-05-27 20:50:50.438 9 INFO neutron.api.wsgi [None req-0a415191-383c-496d-814b-2be12fed1d7c d8493c2b0c6540fcb2022bd6346aaf43 a7bdc271dba941148f3d2d50cd43b03b - - default default] 10.0.0.203 "DELETE /v2.0/security-groups/15f66c18-a22a-4ef2-a689-15eb394c6bba HTTP/1.1" status: 404 len: 347 time: 0.0198519
2026-05-27 20:50:50.449 10 WARNING neutron_lib.context [None req-805b2f1f-6ed9-457f-9fe6-fb4ce03f2acb d8493c2b0c6540fcb2022bd6346aaf43 a7bdc271dba941148f3d2d50cd43b03b - - default default] Method 'is_advsvc' is deprecated since 2023.2 release (neutron-lib 3.8.0) and will be removed once support for the old RBAC API policies will be removed from Neutron. Please use method 'is_service_role' instead.
2026-05-27 20:50:50.453 9 INFO neutron.api.wsgi [req-72d3e0e2-9c90-4a7c-a9e7-3f682a1e71e9 req-d0ba41cb-d09e-4c22-aded-3a86bf54251e e3107a1923d24722834d3f15eb8abab5 648eed71e8864f19b4f80e442a30f247 - - 9475e5ee510e48719cff67af03a81c01 9475e5ee510e48719cff67af03a81c01] 199.19.213.176 "GET /v2.0/networks/5a19adaa-8a62-4616-a279-b8517b295e42?fields=segments HTTP/1.1" status: 200 len: 212 time: 0.0771673
2026-05-27 20:50:50.502 9 WARNING neutron.scheduler.dhcp_agent_scheduler [None req-b6fb117b-c43d-4e47-9904-a91994677331 710c2a1c4fcc445f800900858d5c4ee5 1919370d861f4069852d009f0b2f69ff - - default default] No more DHCP agents
2026-05-27 20:50:50.504 9 WARNING neutron.api.rpc.agentnotifiers.dhcp_rpc_agent_api [None req-b6fb117b-c43d-4e47-9904-a91994677331 710c2a1c4fcc445f800900858d5c4ee5 1919370d861f4069852d009f0b2f69ff - - default default] Unable to schedule network aa31e1e2-3008-487b-9ce2-60a6b4a86b61: no agents available; will retry on subsequent port and subnet creation events.
2026-05-27 20:50:50.525 9 INFO neutron.api.wsgi [req-72d3e0e2-9c90-4a7c-a9e7-3f682a1e71e9 req-8c9e9d33-e927-4920-8b84-c82ce4e64369 e3107a1923d24722834d3f15eb8abab5 648eed71e8864f19b4f80e442a30f247 - - 9475e5ee510e48719cff67af03a81c01 9475e5ee510e48719cff67af03a81c01] 199.19.213.176 "GET /v2.0/networks/5a19adaa-8a62-4616-a279-b8517b295e42?fields=provider%3Aphysical_network&fields=provider%3Anetwork_type HTTP/1.1" status: 200 len: 277 time: 0.0677893
2026-05-27 20:50:50.547 9 INFO neutron.db.ovn_revision_numbers_db [None req-e59938fa-b671-4335-a6f4-4a9d3318f2aa - - - - - -] Successfully bumped revision number for resource 1091a397-3dfc-4884-9979-dc0e83d6b47b (type: router_ports) to 2
2026-05-27 20:50:50.593 10 INFO neutron.db.ovn_revision_numbers_db [None req-805b2f1f-6ed9-457f-9fe6-fb4ce03f2acb d8493c2b0c6540fcb2022bd6346aaf43 a7bdc271dba941148f3d2d50cd43b03b - - default default] Successfully bumped revision number for resource 4a1cab5d-d6bb-44ad-9e5b-84ecefdca246 (type: security_groups) to 1
2026-05-27 20:50:50.607 10 INFO neutron.db.ovn_revision_numbers_db [None req-805b2f1f-6ed9-457f-9fe6-fb4ce03f2acb d8493c2b0c6540fcb2022bd6346aaf43 a7bdc271dba941148f3d2d50cd43b03b - - default default] Successfully bumped revision number for resource 4c56e48c-b4a3-4c6a-99ab-56976f96c270 (type: security_group_rules) to 0
2026-05-27 20:50:50.621 10 INFO neutron.db.ovn_revision_numbers_db [None req-805b2f1f-6ed9-457f-9fe6-fb4ce03f2acb d8493c2b0c6540fcb2022bd6346aaf43 a7bdc271dba941148f3d2d50cd43b03b - - default default] Successfully bumped revision number for resource 7db5ba9e-6dd2-42b9-8636-8135db171763 (type: security_group_rules) to 0
2026-05-27 20:50:50.622 9 INFO neutron.db.ovn_revision_numbers_db [None req-b6fb117b-c43d-4e47-9904-a91994677331 710c2a1c4fcc445f800900858d5c4ee5 1919370d861f4069852d009f0b2f69ff - - default default] Successfully bumped revision number for resource 1e13d95b-27e0-446b-897c-4e62609d3f29 (type: ports) to 1
2026-05-27 20:50:50.641 9 INFO neutron.plugins.ml2.drivers.ovn.mech_driver.mech_driver [None req-e59938fa-b671-4335-a6f4-4a9d3318f2aa - - - - - -] OVN reports status down for port: e2c9ac68-5ce1-4cf8-a548-ba24c2069d01
2026-05-27 20:50:50.644 9 INFO neutron.api.wsgi [None req-b6fb117b-c43d-4e47-9904-a91994677331 710c2a1c4fcc445f800900858d5c4ee5 1919370d861f4069852d009f0b2f69ff - - default default] 10.0.0.203 "POST /v2.0/networks HTTP/1.1" status: 201 len: 829 time: 0.8427229 /var/lib/openstack/lib/python3.12/site-packages/pycadf/identifier.py:71: UserWarning: Invalid uuid: neutron. To ensure interoperability, identifiers should be a valid uuid. warnings.warn(('Invalid uuid: %s. To ensure interoperability, '
2026-05-27 20:50:50.653 9 WARNING neutron_lib.context [None req-9edb0f0b-59f9-49bf-8df9-c209ae9133bb 710c2a1c4fcc445f800900858d5c4ee5 1919370d861f4069852d009f0b2f69ff - - default default] Method 'is_advsvc' is deprecated since 2023.2 release (neutron-lib 3.8.0) and will be removed once support for the old RBAC API policies will be removed from Neutron. Please use method 'is_service_role' instead.
2026-05-27 20:50:50.656 10 INFO neutron.api.wsgi [None req-805b2f1f-6ed9-457f-9fe6-fb4ce03f2acb d8493c2b0c6540fcb2022bd6346aaf43 a7bdc271dba941148f3d2d50cd43b03b - - default default] 10.0.0.203 "POST /v2.0/security-groups HTTP/1.1" status: 201 len: 1824 time: 0.2099442
2026-05-27 20:50:50.663 9 WARNING neutron_lib.context [None req-10e809a8-2b0b-416b-906a-f97c646fa2b8 d8493c2b0c6540fcb2022bd6346aaf43 a7bdc271dba941148f3d2d50cd43b03b - - default default] Method 'is_advsvc' is deprecated since 2023.2 release (neutron-lib 3.8.0) and will be removed once support for the old RBAC API policies will be removed from Neutron. Please use method 'is_service_role' instead.
2026-05-27 20:50:50.735 9 INFO neutron.db.segments_db [None req-9edb0f0b-59f9-49bf-8df9-c209ae9133bb 710c2a1c4fcc445f800900858d5c4ee5 1919370d861f4069852d009f0b2f69ff - - default default] Added segment 838f66d5-ac3a-4c98-a15a-9898424770d6 of type geneve for network 83dd4292-ab2e-4a2d-a2cf-a9513c032ebc
2026-05-27 20:50:50.800 10 INFO neutron.db.ovn_revision_numbers_db [None req-83c6ae50-29be-4bfe-a07b-4a44e027d03c - - - - - -] Successfully bumped revision number for resource a849c70e-06ce-46b4-b5f5-3789a725d86e (type: ports) to 2
2026-05-27 20:50:50.814 9 INFO neutron.db.ovn_revision_numbers_db [None req-10e809a8-2b0b-416b-906a-f97c646fa2b8 d8493c2b0c6540fcb2022bd6346aaf43 a7bdc271dba941148f3d2d50cd43b03b - - default default] Successfully bumped revision number for resource 0002143a-bcad-4bd0-bb4a-e93f29310a6e (type: security_group_rules) to 0
2026-05-27 20:50:50.826 10 INFO neutron.db.ovn_revision_numbers_db [None req-83c6ae50-29be-4bfe-a07b-4a44e027d03c - - - - - -] Successfully bumped revision number for resource c2fb3dc5-d9d7-4951-afa6-773d1a649128 (type: subnets) to 0
2026-05-27 20:50:50.839 10 INFO neutron.api.wsgi [None req-dcf5a4e7-1694-4986-95ef-e2fd9eca682c ee79adceaefd4710aa199597fae25f3b 76e020bd488c4ae39b222b2cacf6f794 - - default default] 10.0.0.203 "POST /v2.0/subnets HTTP/1.1" status: 201 len: 840 time: 0.7345641
2026-05-27 20:50:50.847 10 WARNING neutron_lib.context [None req-8ece2b41-2c12-4e4b-87f6-b456931c4039 ee79adceaefd4710aa199597fae25f3b 76e020bd488c4ae39b222b2cacf6f794 - - default default] Method 'is_advsvc' is deprecated since 2023.2 release (neutron-lib 3.8.0) and will be removed once support for the old RBAC API policies will be removed from Neutron. Please use method 'is_service_role' instead.
2026-05-27 20:50:50.864 9 INFO neutron.api.wsgi [None req-10e809a8-2b0b-416b-906a-f97c646fa2b8 d8493c2b0c6540fcb2022bd6346aaf43 a7bdc271dba941148f3d2d50cd43b03b - - default default] 10.0.0.203 "POST /v2.0/security-group-rules HTTP/1.1" status: 201 len: 800 time: 0.2046769
2026-05-27 20:50:50.870 9 INFO neutron.api.wsgi [req-5a2d56a5-2f02-4851-9886-6b529f91c01b req-78522f17-2ae6-41a7-aba4-22076be4d1cd 696490799a9c486fa514478952eeb149 237da8a303ee49e48bc0dac9791ea2c9 - - default default] 10.0.0.199 "GET /v2.0/ports?device_id=6b214ebd-67cb-4b43-bab9-5b493adc91fd HTTP/1.1" status: 200 len: 1168 time: 0.0929980
2026-05-27 20:50:50.887 9 INFO neutron.db.ovn_revision_numbers_db [None req-9edb0f0b-59f9-49bf-8df9-c209ae9133bb 710c2a1c4fcc445f800900858d5c4ee5 1919370d861f4069852d009f0b2f69ff - - default default] Successfully bumped revision number for resource 83dd4292-ab2e-4a2d-a2cf-a9513c032ebc (type: networks) to 1
2026-05-27 20:50:50.899 10 INFO neutron.api.wsgi [None req-a78a4eaf-f7aa-4a24-86ce-0f65712d660e d8493c2b0c6540fcb2022bd6346aaf43 a7bdc271dba941148f3d2d50cd43b03b - - default default] 10.0.0.203 "GET /v2.0/security-group-rules/0002143a-bcad-4bd0-bb4a-e93f29310a6e HTTP/1.1" status: 200 len: 795 time: 0.0299058
2026-05-27 20:50:50.911 9 INFO neutron.api.wsgi [req-5a2d56a5-2f02-4851-9886-6b529f91c01b req-f820683e-41ed-4b3a-8fb7-d63c9a286bea 696490799a9c486fa514478952eeb149 237da8a303ee49e48bc0dac9791ea2c9 - - default default] 10.0.0.199 "GET /v2.0/security-groups?id=cd258096-c2bb-41c3-8238-e3f83ce0a5ac&fields=id&fields=name HTTP/1.1" status: 200 len: 286 time: 0.0356855
2026-05-27 20:50:50.939 10 INFO neutron.db.segments_db [None req-8ece2b41-2c12-4e4b-87f6-b456931c4039 ee79adceaefd4710aa199597fae25f3b 76e020bd488c4ae39b222b2cacf6f794 - - default default] Added segment c61d4d38-e39c-44a9-bca6-378c406cbb64 of type geneve for network a5d79fe7-fb90-4b66-8a27-8a833dfdfc6d
2026-05-27 20:50:50.977 10 INFO neutron.api.wsgi [None req-b50fd53d-893f-48b5-872d-fe628fb3c13d d8493c2b0c6540fcb2022bd6346aaf43 a7bdc271dba941148f3d2d50cd43b03b - - default default] 10.0.0.203 "GET /v2.0/security-group-rules HTTP/1.1" status: 200 len: 4333 time: 0.0715237
2026-05-27 20:50:51.056 10 INFO neutron.db.ovn_revision_numbers_db [None req-8ece2b41-2c12-4e4b-87f6-b456931c4039 ee79adceaefd4710aa199597fae25f3b 76e020bd488c4ae39b222b2cacf6f794 - - default default] Successfully bumped revision number for resource a5d79fe7-fb90-4b66-8a27-8a833dfdfc6d (type: networks) to 1
2026-05-27 20:50:51.058 9 WARNING neutron.scheduler.dhcp_agent_scheduler [None req-9edb0f0b-59f9-49bf-8df9-c209ae9133bb 710c2a1c4fcc445f800900858d5c4ee5 1919370d861f4069852d009f0b2f69ff - - default default] No more DHCP agents
2026-05-27 20:50:51.058 9 WARNING neutron.api.rpc.agentnotifiers.dhcp_rpc_agent_api [None req-9edb0f0b-59f9-49bf-8df9-c209ae9133bb 710c2a1c4fcc445f800900858d5c4ee5 1919370d861f4069852d009f0b2f69ff - - default default] Unable to schedule network 83dd4292-ab2e-4a2d-a2cf-a9513c032ebc: no agents available; will retry on subsequent port and subnet creation events.
2026-05-27 20:50:51.137 9 INFO neutron.db.ovn_revision_numbers_db [None req-9edb0f0b-59f9-49bf-8df9-c209ae9133bb 710c2a1c4fcc445f800900858d5c4ee5 1919370d861f4069852d009f0b2f69ff - - default default] Successfully bumped revision number for resource 3887e7ad-ec57-49e8-bd8e-59dd65a9843e (type: ports) to 1
2026-05-27 20:50:51.156 9 INFO neutron.api.wsgi [None req-18a131e1-c577-4724-8dc5-e2f22a6fe3a8 d8493c2b0c6540fcb2022bd6346aaf43 a7bdc271dba941148f3d2d50cd43b03b - - default default] 10.0.0.203 "DELETE /v2.0/security-group-rules/0002143a-bcad-4bd0-bb4a-e93f29310a6e HTTP/1.1" status: 204 len: 168 time: 0.1743603
2026-05-27 20:50:51.160 9 INFO neutron.api.wsgi [None req-9edb0f0b-59f9-49bf-8df9-c209ae9133bb 710c2a1c4fcc445f800900858d5c4ee5 1919370d861f4069852d009f0b2f69ff - - default default] 10.0.0.203 "POST /v2.0/networks HTTP/1.1" status: 201 len: 828 time: 0.5098109
2026-05-27 20:50:51.179 10 WARNING neutron_lib.context [None req-3a8f4a00-b41b-4d37-9f33-1bbbb352939f 710c2a1c4fcc445f800900858d5c4ee5 1919370d861f4069852d009f0b2f69ff - - default default] Method 'is_advsvc' is deprecated since 2023.2 release (neutron-lib 3.8.0) and will be removed once support for the old RBAC API policies will be removed from Neutron. Please use method 'is_service_role' instead.
2026-05-27 20:50:51.221 9 INFO neutron.api.wsgi [None req-63df3dc1-be4c-4e0f-920d-430f7e7829a0 d8493c2b0c6540fcb2022bd6346aaf43 a7bdc271dba941148f3d2d50cd43b03b - - default default] 10.0.0.203 "GET /v2.0/security-group-rules HTTP/1.1" status: 200 len: 3755 time: 0.0599439
2026-05-27 20:50:51.230 9 WARNING neutron_lib.context [None req-274f26e4-faef-4c04-a2ba-df74c768178b d8493c2b0c6540fcb2022bd6346aaf43 a7bdc271dba941148f3d2d50cd43b03b - - default default] Method 'is_advsvc' is deprecated since 2023.2 release (neutron-lib 3.8.0) and will be removed once support for the old RBAC API policies will be removed from Neutron. Please use method 'is_service_role' instead.
2026-05-27 20:50:51.275 10 WARNING neutron.scheduler.dhcp_agent_scheduler [None req-8ece2b41-2c12-4e4b-87f6-b456931c4039 ee79adceaefd4710aa199597fae25f3b 76e020bd488c4ae39b222b2cacf6f794 - - default default] No more DHCP agents
2026-05-27 20:50:51.277 10 WARNING neutron.api.rpc.agentnotifiers.dhcp_rpc_agent_api [None req-8ece2b41-2c12-4e4b-87f6-b456931c4039 ee79adceaefd4710aa199597fae25f3b 76e020bd488c4ae39b222b2cacf6f794 - - default default] Unable to schedule network a5d79fe7-fb90-4b66-8a27-8a833dfdfc6d: no agents available; will retry on subsequent port and subnet creation events.
2026-05-27 20:50:51.342 9 INFO neutron.db.ovn_revision_numbers_db [None req-274f26e4-faef-4c04-a2ba-df74c768178b d8493c2b0c6540fcb2022bd6346aaf43 a7bdc271dba941148f3d2d50cd43b03b - - default default] Successfully bumped revision number for resource e8231ca2-9164-4f38-b6c1-124efabc247d (type: security_group_rules) to 0
2026-05-27 20:50:51.345 10 INFO neutron.db.ovn_revision_numbers_db [None req-8ece2b41-2c12-4e4b-87f6-b456931c4039 ee79adceaefd4710aa199597fae25f3b 76e020bd488c4ae39b222b2cacf6f794 - - default default] Successfully bumped revision number for resource 08cdcf36-38f9-4dfb-8875-75a17688d80b (type: ports) to 1
2026-05-27 20:50:51.367 10 INFO neutron.api.wsgi [None req-8ece2b41-2c12-4e4b-87f6-b456931c4039 ee79adceaefd4710aa199597fae25f3b 76e020bd488c4ae39b222b2cacf6f794 - - default default] 10.0.0.203 "POST /v2.0/networks HTTP/1.1" status: 201 len: 842 time: 0.5238581
2026-05-27 20:50:51.375 9 INFO neutron.api.wsgi [None req-274f26e4-faef-4c04-a2ba-df74c768178b d8493c2b0c6540fcb2022bd6346aaf43 a7bdc271dba941148f3d2d50cd43b03b - - default default] 10.0.0.203 "POST /v2.0/security-group-rules HTTP/1.1" status: 201 len: 800 time: 0.1483328
2026-05-27 20:50:51.392 9 INFO neutron.api.wsgi [None req-4207c541-64d6-4579-b79a-ba70d34ae8c6 d8493c2b0c6540fcb2022bd6346aaf43 a7bdc271dba941148f3d2d50cd43b03b - - default default] 10.0.0.203 "GET /v2.0/security-group-rules/e8231ca2-9164-4f38-b6c1-124efabc247d HTTP/1.1" status: 200 len: 795 time: 0.0132682
2026-05-27 20:50:51.425 10 WARNING neutron.scheduler.dhcp_agent_scheduler [None req-3a8f4a00-b41b-4d37-9f33-1bbbb352939f 710c2a1c4fcc445f800900858d5c4ee5 1919370d861f4069852d009f0b2f69ff - - default default] No more DHCP agents
2026-05-27 20:50:51.427 10 WARNING neutron.api.rpc.agentnotifiers.dhcp_rpc_agent_api [None req-3a8f4a00-b41b-4d37-9f33-1bbbb352939f 710c2a1c4fcc445f800900858d5c4ee5 1919370d861f4069852d009f0b2f69ff - - default default] Unable to schedule network aa31e1e2-3008-487b-9ce2-60a6b4a86b61: no agents available; will retry on subsequent port and subnet creation events.
2026-05-27 20:50:51.449 9 INFO neutron.api.wsgi [None req-5ae92d40-2399-4edd-9f19-ebdfc40fcdf9 d8493c2b0c6540fcb2022bd6346aaf43 a7bdc271dba941148f3d2d50cd43b03b - - default default] 10.0.0.203 "GET /v2.0/security-group-rules HTTP/1.1" status: 200 len: 4333 time: 0.0532162
2026-05-27 20:50:51.573 9 INFO neutron.api.wsgi [None req-5398c402-c900-4181-8f2f-028a9a4f60ce d8493c2b0c6540fcb2022bd6346aaf43 a7bdc271dba941148f3d2d50cd43b03b - - default default] 10.0.0.203 "DELETE /v2.0/security-group-rules/e8231ca2-9164-4f38-b6c1-124efabc247d HTTP/1.1" status: 204 len: 168 time: 0.1137145
2026-05-27 20:50:51.586 10 INFO neutron.db.ovn_revision_numbers_db [None req-256cfc02-d73c-423f-b396-f0a1906edd6a ee79adceaefd4710aa199597fae25f3b 76e020bd488c4ae39b222b2cacf6f794 - - default default] Successfully bumped revision number for resource a5d79fe7-fb90-4b66-8a27-8a833dfdfc6d (type: networks) to 2
2026-05-27 20:50:51.589 10 INFO neutron.api.wsgi [None req-256cfc02-d73c-423f-b396-f0a1906edd6a ee79adceaefd4710aa199597fae25f3b 76e020bd488c4ae39b222b2cacf6f794 - - default default] 10.0.0.203 "PUT /v2.0/networks/a5d79fe7-fb90-4b66-8a27-8a833dfdfc6d HTTP/1.1" status: 200 len: 792 time: 0.2153528
2026-05-27 20:50:51.607 9 WARNING neutron_lib.context [None req-18025ab1-11a3-4ff3-b547-6bc429a80a42 ee79adceaefd4710aa199597fae25f3b 76e020bd488c4ae39b222b2cacf6f794 - - default default] Method 'is_advsvc' is deprecated since 2023.2 release (neutron-lib 3.8.0) and will be removed once support for the old RBAC API policies will be removed from Neutron. Please use method 'is_service_role' instead.
2026-05-27 20:50:51.644 9 INFO neutron.api.wsgi [None req-d82322bc-1e16-45b4-8ff8-aca880738ee0 d8493c2b0c6540fcb2022bd6346aaf43 a7bdc271dba941148f3d2d50cd43b03b - - default default] 10.0.0.203 "GET /v2.0/security-group-rules HTTP/1.1" status: 200 len: 3755 time: 0.0660627
2026-05-27 20:50:51.657 10 WARNING neutron_lib.context [None req-54f50111-faeb-4ba9-a692-4b45aa83a0df d8493c2b0c6540fcb2022bd6346aaf43 a7bdc271dba941148f3d2d50cd43b03b - - default default] Method 'is_advsvc' is deprecated since 2023.2 release (neutron-lib 3.8.0) and will be removed once support for the old RBAC API policies will be removed from Neutron. Please use method 'is_service_role' instead.
2026-05-27 20:50:51.796 9 WARNING neutron.scheduler.dhcp_agent_scheduler [None req-18025ab1-11a3-4ff3-b547-6bc429a80a42 ee79adceaefd4710aa199597fae25f3b 76e020bd488c4ae39b222b2cacf6f794 - - default default] No more DHCP agents
2026-05-27 20:50:51.798 9 WARNING neutron.api.rpc.agentnotifiers.dhcp_rpc_agent_api [None req-18025ab1-11a3-4ff3-b547-6bc429a80a42 ee79adceaefd4710aa199597fae25f3b 76e020bd488c4ae39b222b2cacf6f794 - - default default] Unable to schedule network a5d79fe7-fb90-4b66-8a27-8a833dfdfc6d: no agents available; will retry on subsequent port and subnet creation events.
2026-05-27 20:50:51.825 10 INFO neutron.db.ovn_revision_numbers_db [None req-54f50111-faeb-4ba9-a692-4b45aa83a0df d8493c2b0c6540fcb2022bd6346aaf43 a7bdc271dba941148f3d2d50cd43b03b - - default default] Successfully bumped revision number for resource 80a3fd5a-8d8e-498b-9088-9e772d25be29 (type: security_group_rules) to 0
2026-05-27 20:50:51.860 10 INFO neutron.api.wsgi [None req-54f50111-faeb-4ba9-a692-4b45aa83a0df d8493c2b0c6540fcb2022bd6346aaf43 a7bdc271dba941148f3d2d50cd43b03b - - default default] 10.0.0.203 "POST /v2.0/security-group-rules HTTP/1.1" status: 201 len: 801 time: 0.2100246
2026-05-27 20:50:51.881 10 INFO neutron.api.wsgi [None req-f015cbb4-f763-4533-8c3d-2f8355f59d5a d8493c2b0c6540fcb2022bd6346aaf43 a7bdc271dba941148f3d2d50cd43b03b - - default default] 10.0.0.203 "GET /v2.0/security-group-rules/80a3fd5a-8d8e-498b-9088-9e772d25be29 HTTP/1.1" status: 200 len: 796 time: 0.0169032
2026-05-27 20:50:51.961 9 INFO neutron.api.wsgi [None req-bbf839a5-61e5-45f8-957b-61e377751af2 d8493c2b0c6540fcb2022bd6346aaf43 a7bdc271dba941148f3d2d50cd43b03b - - default default] 10.0.0.203 "GET /v2.0/security-group-rules HTTP/1.1" status: 200 len: 4334 time: 0.0747991
2026-05-27 20:50:51.989 10 INFO neutron.db.ovn_revision_numbers_db [None req-41a95c1b-5653-4fcd-a766-445782afbc71 - - - - - -] Successfully bumped revision number for resource 1e13d95b-27e0-446b-897c-4e62609d3f29 (type: ports) to 2
2026-05-27 20:50:52.017 10 INFO neutron.api.wsgi [req-75588ba0-4ade-4fd9-b48c-24270579bde8 req-4c454c59-a2fc-4521-8135-fb709221cdfc 696490799a9c486fa514478952eeb149 237da8a303ee49e48bc0dac9791ea2c9 - - default default] 10.0.0.199 "GET /v2.0/ports?device_id=6b214ebd-67cb-4b43-bab9-5b493adc91fd HTTP/1.1" status: 200 len: 1168 time: 0.0385523
2026-05-27 20:50:52.030 10 INFO neutron.db.ovn_revision_numbers_db [None req-41a95c1b-5653-4fcd-a766-445782afbc71 - - - - - -] Successfully bumped revision number for resource ec21f3f3-11b3-427c-8f75-1c57186a66a2 (type: subnets) to 0
2026-05-27 20:50:52.048 10 INFO neutron.api.wsgi [None req-3a8f4a00-b41b-4d37-9f33-1bbbb352939f 710c2a1c4fcc445f800900858d5c4ee5 1919370d861f4069852d009f0b2f69ff - - default default] 10.0.0.203 "POST /v2.0/subnets HTTP/1.1" status: 201 len: 825 time: 0.8733242
2026-05-27 20:50:52.065 10 WARNING neutron_lib.context [None req-5629a349-b108-44bd-bcc2-071ec539903d 710c2a1c4fcc445f800900858d5c4ee5 1919370d861f4069852d009f0b2f69ff - - default default] Method 'is_advsvc' is deprecated since 2023.2 release (neutron-lib 3.8.0) and will be removed once support for the old RBAC API policies will be removed from Neutron. Please use method 'is_service_role' instead.
2026-05-27 20:50:52.078 10 INFO neutron.api.wsgi [req-75588ba0-4ade-4fd9-b48c-24270579bde8 req-685be3e1-53e8-4a58-9cf8-3f44885134bd 696490799a9c486fa514478952eeb149 237da8a303ee49e48bc0dac9791ea2c9 - - default default] 10.0.0.199 "GET /v2.0/security-groups?id=cd258096-c2bb-41c3-8238-e3f83ce0a5ac&fields=id&fields=name HTTP/1.1" status: 200 len: 286 time: 0.0538404
2026-05-27 20:50:52.094 9 INFO neutron.api.wsgi [None req-60b2251c-bc29-482b-94a8-149eaf172a0b d8493c2b0c6540fcb2022bd6346aaf43 a7bdc271dba941148f3d2d50cd43b03b - - default default] 10.0.0.203 "DELETE /v2.0/security-group-rules/80a3fd5a-8d8e-498b-9088-9e772d25be29 HTTP/1.1" status: 204 len: 168 time: 0.1223648
2026-05-27 20:50:52.173 10 INFO neutron.api.wsgi [None req-d8604225-5fa2-4b02-abd2-40be1a550d03 d8493c2b0c6540fcb2022bd6346aaf43 a7bdc271dba941148f3d2d50cd43b03b - - default default] 10.0.0.203 "GET /v2.0/security-group-rules HTTP/1.1" status: 200 len: 3755 time: 0.0714123
2026-05-27 20:50:52.264 10 WARNING neutron.scheduler.dhcp_agent_scheduler [None req-5629a349-b108-44bd-bcc2-071ec539903d 710c2a1c4fcc445f800900858d5c4ee5 1919370d861f4069852d009f0b2f69ff - - default default] No more DHCP agents
2026-05-27 20:50:52.265 10 WARNING neutron.api.rpc.agentnotifiers.dhcp_rpc_agent_api [None req-5629a349-b108-44bd-bcc2-071ec539903d 710c2a1c4fcc445f800900858d5c4ee5 1919370d861f4069852d009f0b2f69ff - - default default] Unable to schedule network 83dd4292-ab2e-4a2d-a2cf-a9513c032ebc: no agents available; will retry on subsequent port and subnet creation events.
2026-05-27 20:50:52.281 9 INFO neutron.db.ovn_revision_numbers_db [None req-a2bb5b1a-26cc-4b97-b497-d80550dc4110 - - - - - -] Successfully bumped revision number for resource 08cdcf36-38f9-4dfb-8875-75a17688d80b (type: ports) to 2
2026-05-27 20:50:52.304 9 INFO neutron.api.wsgi [None req-2b39abda-a1cb-4eec-b1de-a986374b2248 d8493c2b0c6540fcb2022bd6346aaf43 a7bdc271dba941148f3d2d50cd43b03b - - default default] 10.0.0.203 "DELETE /v2.0/security-groups/4a1cab5d-d6bb-44ad-9e5b-84ecefdca246 HTTP/1.1" status: 204 len: 168 time: 0.1262407
2026-05-27 20:50:52.322 9 INFO neutron.db.ovn_revision_numbers_db [None req-a2bb5b1a-26cc-4b97-b497-d80550dc4110 - - - - - -] Successfully bumped revision number for resource 467490f5-82db-4184-a698-3bb52a1a2a16 (type: subnets) to 0
2026-05-27 20:50:52.341 9 INFO neutron.api.wsgi [None req-18025ab1-11a3-4ff3-b547-6bc429a80a42 ee79adceaefd4710aa199597fae25f3b 76e020bd488c4ae39b222b2cacf6f794 - - default default] 10.0.0.203 "POST /v2.0/subnets HTTP/1.1" status: 201 len: 825 time: 0.7386825
2026-05-27 20:50:52.345 9 INFO neutron.api.wsgi [None req-f9805f57-42e2-4efe-8f36-5982f5249eee d8493c2b0c6540fcb2022bd6346aaf43 a7bdc271dba941148f3d2d50cd43b03b - - default default] 10.0.0.203 "GET /v2.0/security-groups HTTP/1.1" status: 200 len: 3120 time: 0.0363102
2026-05-27 20:50:52.397 10 INFO neutron.api.wsgi [None req-f35d0e48-e80d-4c33-9da1-0bb37a6e1738 d8493c2b0c6540fcb2022bd6346aaf43 a7bdc271dba941148f3d2d50cd43b03b - - default default] 10.0.0.203 "GET /v2.0/security-groups HTTP/1.1" status: 200 len: 3120 time: 0.0457771
2026-05-27 20:50:52.579 9 INFO neutron.db.ovn_revision_numbers_db [None req-7f00052d-9c87-4eea-a245-1d754fd1245c ee79adceaefd4710aa199597fae25f3b 76e020bd488c4ae39b222b2cacf6f794 - - default default] Successfully bumped revision number for resource 467490f5-82db-4184-a698-3bb52a1a2a16 (type: subnets) to 1
2026-05-27 20:50:52.582 9 INFO neutron.api.wsgi [None req-7f00052d-9c87-4eea-a245-1d754fd1245c ee79adceaefd4710aa199597fae25f3b 76e020bd488c4ae39b222b2cacf6f794 - - default default] 10.0.0.203 "PUT /v2.0/subnets/467490f5-82db-4184-a698-3bb52a1a2a16 HTTP/1.1" status: 200 len: 830 time: 0.2354345
2026-05-27 20:50:52.678 9 INFO neutron.plugins.ml2.drivers.ovn.mech_driver.mech_driver [None req-e59938fa-b671-4335-a6f4-4a9d3318f2aa - - - - - -] OVN reports status up for port: 304e515e-140c-4901-97d9-ec221d57262f
2026-05-27 20:50:52.693 9 INFO neutron.plugins.ml2.plugin [None req-e59938fa-b671-4335-a6f4-4a9d3318f2aa - - - - - -] Attempt 1 to provision port 304e515e-140c-4901-97d9-ec221d57262f
2026-05-27 20:50:52.722 10 INFO neutron.db.ovn_revision_numbers_db [None req-5b92cc03-5b8e-473c-ba03-58de4b830608 - - - - - -] Successfully bumped revision number for resource 3887e7ad-ec57-49e8-bd8e-59dd65a9843e (type: ports) to 2
2026-05-27 20:50:52.774 10 INFO neutron.db.ovn_revision_numbers_db [None req-5b92cc03-5b8e-473c-ba03-58de4b830608 - - - - - -] Successfully bumped revision number for resource 4deda45e-1dad-43af-907f-f8bc08d0e82a (type: subnets) to 0
2026-05-27 20:50:52.792 10 INFO neutron.api.wsgi [None req-5629a349-b108-44bd-bcc2-071ec539903d 710c2a1c4fcc445f800900858d5c4ee5 1919370d861f4069852d009f0b2f69ff - - default default] 10.0.0.203 "POST /v2.0/subnets HTTP/1.1" status: 201 len: 825 time: 0.7354488
2026-05-27 20:50:52.801 10 WARNING neutron_lib.context [None req-e3c27681-6b6e-4a89-a0df-458a3450de37 710c2a1c4fcc445f800900858d5c4ee5 1919370d861f4069852d009f0b2f69ff - - default default] Method 'is_advsvc' is deprecated since 2023.2 release (neutron-lib 3.8.0) and will be removed once support for the old RBAC API policies will be removed from Neutron. Please use method 'is_service_role' instead.
2026-05-27 20:50:52.827 9 INFO neutron.notifiers.nova [-] Nova event matching ['req-f6d4c286-4cbd-4894-94ce-b8a8fa6023de'] response: {'server_uuid': '6b214ebd-67cb-4b43-bab9-5b493adc91fd', 'name': 'network-vif-plugged', 'status': 'completed', 'tag': '304e515e-140c-4901-97d9-ec221d57262f', 'code': 200}
2026-05-27 20:50:52.934 10 INFO neutron.db.ovn_revision_numbers_db [None req-e3c27681-6b6e-4a89-a0df-458a3450de37 710c2a1c4fcc445f800900858d5c4ee5 1919370d861f4069852d009f0b2f69ff - - default default] Successfully bumped revision number for resource 04b39d0b-2b11-479e-b3a2-a2d22a02e35e (type: routers) to 1
2026-05-27 20:50:52.952 10 INFO neutron.api.wsgi [None req-e3c27681-6b6e-4a89-a0df-458a3450de37 710c2a1c4fcc445f800900858d5c4ee5 1919370d861f4069852d009f0b2f69ff - - default default] 10.0.0.203 "POST /v2.0/routers HTTP/1.1" status: 201 len: 801 time: 0.1540737
2026-05-27 20:50:52.954 9 INFO neutron.db.ovn_revision_numbers_db [None req-e59938fa-b671-4335-a6f4-4a9d3318f2aa - - - - - -] Successfully bumped revision number for resource 304e515e-140c-4901-97d9-ec221d57262f (type: ports) to 5 /var/lib/openstack/lib/python3.12/site-packages/pycadf/identifier.py:71: UserWarning: Invalid uuid: neutron. To ensure interoperability, identifiers should be a valid uuid. warnings.warn(('Invalid uuid: %s. To ensure interoperability, '
2026-05-27 20:50:53.087 9 INFO neutron.api.wsgi [None req-d7db0e20-2255-45c6-8840-fba3d074cfa8 fc367df31778448aa17158a4cc8163ac 14333cf1279c42fdadeb68f5ee570e6a - - default default] 10.0.0.203 "GET /v2.0/security-groups?tenant_id=a7bdc271dba941148f3d2d50cd43b03b&name=default HTTP/1.1" status: 200 len: 3120 time: 0.1458204
2026-05-27 20:50:53.147 10 INFO neutron.services.segments.plugin [-] Segment c61d4d38-e39c-44a9-bca6-378c406cbb64 resource provider aggregate not found
2026-05-27 20:50:53.150 10 INFO neutron.services.segments.plugin [-] Segment c61d4d38-e39c-44a9-bca6-378c406cbb64 resource provider aggregate not found
2026-05-27 20:50:53.167 10 INFO neutron.services.segments.plugin [-] Segment c61d4d38-e39c-44a9-bca6-378c406cbb64 resource provider not found; error: Placement Client Error (4xx): {"errors": [{"status": 404, "title": "Not Found", "detail": "The resource could not be found.\n\n No resource provider with uuid c61d4d38-e39c-44a9-bca6-378c406cbb64 found for delete ", "request_id": "req-fa8c50ea-aded-473b-940d-bf9841cc21c6"}]}
2026-05-27 20:50:53.169 10 INFO neutron.services.segments.plugin [-] Segment c61d4d38-e39c-44a9-bca6-378c406cbb64 resource provider not found; error: Placement Client Error (4xx): {"errors": [{"status": 404, "title": "Not Found", "detail": "The resource could not be found.\n\n No resource provider with uuid c61d4d38-e39c-44a9-bca6-378c406cbb64 found for delete ", "request_id": "req-018127b3-17bf-450e-b18b-7052f6e1ecd6"}]}
2026-05-27 20:50:53.200 10 INFO neutron.api.wsgi [req-f435455f-4c46-4a4e-9331-b8bdddef8c7f req-bdd7a53e-794f-4746-9a7f-cdd651568de5 696490799a9c486fa514478952eeb149 237da8a303ee49e48bc0dac9791ea2c9 - - default default] 10.0.0.199 "GET /v2.0/ports?device_id=6b214ebd-67cb-4b43-bab9-5b493adc91fd HTTP/1.1" status: 200 len: 1170 time: 0.0654392
2026-05-27 20:50:53.214 10 INFO neutron.api.wsgi [None req-183d96a5-91a1-4e7f-b00f-0cb8e37eb3c0 ee79adceaefd4710aa199597fae25f3b 76e020bd488c4ae39b222b2cacf6f794 - - default default] 10.0.0.203 "DELETE /v2.0/networks/a5d79fe7-fb90-4b66-8a27-8a833dfdfc6d HTTP/1.1" status: 204 len: 168 time: 0.6276586
2026-05-27 20:50:53.235 9 INFO neutron.pecan_wsgi.hooks.translation [None req-0a9a67c1-9173-466f-985a-3d6f2b706b5f ee79adceaefd4710aa199597fae25f3b 76e020bd488c4ae39b222b2cacf6f794 - - default default] DELETE failed (client error): The resource could not be found.
2026-05-27 20:50:53.238 9 INFO neutron.api.wsgi [None req-0a9a67c1-9173-466f-985a-3d6f2b706b5f ee79adceaefd4710aa199597fae25f3b 76e020bd488c4ae39b222b2cacf6f794 - - default default] 10.0.0.203 "DELETE /v2.0/networks/a5d79fe7-fb90-4b66-8a27-8a833dfdfc6d HTTP/1.1" status: 404 len: 339 time: 0.0187490
2026-05-27 20:50:53.255 10 INFO neutron.api.wsgi [req-f435455f-4c46-4a4e-9331-b8bdddef8c7f req-52b49c54-2906-422c-aeb0-f73227cc3261 696490799a9c486fa514478952eeb149 237da8a303ee49e48bc0dac9791ea2c9 - - default default] 10.0.0.199 "GET /v2.0/security-groups?id=cd258096-c2bb-41c3-8238-e3f83ce0a5ac&fields=id&fields=name HTTP/1.1" status: 200 len: 286 time: 0.0404642
2026-05-27 20:50:53.328 9 INFO neutron.api.wsgi [None req-b081553c-50bd-4c96-842d-a4056c937055 ee79adceaefd4710aa199597fae25f3b 76e020bd488c4ae39b222b2cacf6f794 - - default default] 10.0.0.203 "GET /v2.0/networks?router%3Aexternal=True HTTP/1.1" status: 200 len: 845 time: 0.0805347
2026-05-27 20:50:53.361 10 INFO neutron.api.wsgi [None req-41135560-7918-445b-9cbb-2a1415b6909a ee79adceaefd4710aa199597fae25f3b 76e020bd488c4ae39b222b2cacf6f794 - - default default] 10.0.0.203 "GET /v2.0/subnets?network_id=1cc437aa-4447-4aa4-bff5-1c80ac80f8b2 HTTP/1.1" status: 200 len: 843 time: 0.0260503
2026-05-27 20:50:53.371 10 INFO neutron.api.wsgi [None req-24a985fe-4c9c-47a2-aa8a-ba153a94467b ee79adceaefd4710aa199597fae25f3b 76e020bd488c4ae39b222b2cacf6f794 - - default default] 10.0.0.203 "GET /v2.0/extensions HTTP/1.1" status: 200 len: 19293 time: 0.0054309
2026-05-27 20:50:53.419 10 INFO neutron.api.wsgi [None req-56826ae5-23e1-413e-bd71-0151ef223e14 fc367df31778448aa17158a4cc8163ac 14333cf1279c42fdadeb68f5ee570e6a - - default default] 10.0.0.203 "DELETE /v2.0/security-groups/af033560-4a71-43fc-a33f-b547e3a2f25d HTTP/1.1" status: 204 len: 168 time: 0.3271461
2026-05-27 20:50:53.420 9 WARNING neutron.scheduler.dhcp_agent_scheduler [None req-1f093d1e-c407-4a8f-a9ae-e390a768f529 710c2a1c4fcc445f800900858d5c4ee5 1919370d861f4069852d009f0b2f69ff - - default default] No more DHCP agents
2026-05-27 20:50:53.422 9 WARNING neutron.api.rpc.agentnotifiers.dhcp_rpc_agent_api [None req-1f093d1e-c407-4a8f-a9ae-e390a768f529 710c2a1c4fcc445f800900858d5c4ee5 1919370d861f4069852d009f0b2f69ff - - default default] Unable to schedule network aa31e1e2-3008-487b-9ce2-60a6b4a86b61: no agents available; will retry on subsequent port and subnet creation events.
2026-05-27 20:50:53.454 10 INFO neutron.api.wsgi [None req-66f6c68a-dc8c-48dd-9a17-f05f8c8226e6 ee79adceaefd4710aa199597fae25f3b 76e020bd488c4ae39b222b2cacf6f794 - - default default] 10.0.0.203 "GET /v2.0/networks HTTP/1.1" status: 200 len: 1504 time: 0.0742948
2026-05-27 20:50:53.499 10 INFO neutron.api.wsgi [None req-23d5a7a3-59b3-4a03-888b-4770015e931a ee79adceaefd4710aa199597fae25f3b 76e020bd488c4ae39b222b2cacf6f794 - - default default] 10.0.0.203 "GET /v2.0/subnets HTTP/1.1" status: 200 len: 1475 time: 0.0326033
2026-05-27 20:50:53.572 10 INFO neutron.api.wsgi [None req-23293db1-da70-4dd2-b1a1-6fb4fd554859 ee79adceaefd4710aa199597fae25f3b 76e020bd488c4ae39b222b2cacf6f794 - - default default] 10.0.0.203 "GET /v2.0/networks/66e4980d-7782-44e2-87e7-4453a96a99f7 HTTP/1.1" status: 200 len: 863 time: 0.0592411
2026-05-27 20:50:53.574 9 INFO neutron.db.ovn_revision_numbers_db [None req-1f093d1e-c407-4a8f-a9ae-e390a768f529 710c2a1c4fcc445f800900858d5c4ee5 1919370d861f4069852d009f0b2f69ff - - default default] Successfully bumped revision number for resource 6740f3e9-3476-4695-9928-cba22a1cce46 (type: ports) to 1
2026-05-27 20:50:53.617 9 INFO neutron.api.wsgi [None req-dd233c68-fb5a-4e20-97bb-eb1370416421 ee79adceaefd4710aa199597fae25f3b 76e020bd488c4ae39b222b2cacf6f794 - - default default] 10.0.0.203 "GET /v2.0/subnets/c2fb3dc5-d9d7-4951-afa6-773d1a649128 HTTP/1.1" status: 200 len: 835 time: 0.0364196
2026-05-27 20:50:53.636 9 INFO neutron.pecan_wsgi.hooks.translation [None req-41bdd76a-52c3-4bcb-99f4-e87cced2f8e3 ee79adceaefd4710aa199597fae25f3b 76e020bd488c4ae39b222b2cacf6f794 - - default default] DELETE failed (client error): The resource could not be found.
2026-05-27 20:50:53.638 9 INFO neutron.api.wsgi [None req-41bdd76a-52c3-4bcb-99f4-e87cced2f8e3 ee79adceaefd4710aa199597fae25f3b 76e020bd488c4ae39b222b2cacf6f794 - - default default] 10.0.0.203 "DELETE /v2.0/subnets/467490f5-82db-4184-a698-3bb52a1a2a16 HTTP/1.1" status: 404 len: 337 time: 0.0143709
2026-05-27 20:50:53.659 10 INFO neutron.pecan_wsgi.hooks.translation [None req-4b9f4b01-7c12-49ef-b1e2-a212e998e5b7 ee79adceaefd4710aa199597fae25f3b 76e020bd488c4ae39b222b2cacf6f794 - - default default] DELETE failed (client error): The resource could not be found.
2026-05-27 20:50:53.663 10 INFO neutron.api.wsgi [None req-4b9f4b01-7c12-49ef-b1e2-a212e998e5b7 ee79adceaefd4710aa199597fae25f3b 76e020bd488c4ae39b222b2cacf6f794 - - default default] 10.0.0.203 "DELETE /v2.0/networks/a5d79fe7-fb90-4b66-8a27-8a833dfdfc6d HTTP/1.1" status: 404 len: 339 time: 0.0184441
2026-05-27 20:50:53.824 10 INFO neutron.api.wsgi [None req-d88279ae-fdc9-4cf5-b0a3-7ca6cce7251c ee79adceaefd4710aa199597fae25f3b 76e020bd488c4ae39b222b2cacf6f794 - - default default] 10.0.0.203 "DELETE /v2.0/subnets/c2fb3dc5-d9d7-4951-afa6-773d1a649128 HTTP/1.1" status: 204 len: 168 time: 0.1558528
2026-05-27 20:50:54.059 9 INFO neutron.plugins.ml2.drivers.ovn.mech_driver.mech_driver [None req-10eb3ae8-ac60-483a-9ff6-522f92481ebe - - - - - -] OVN reports status up for port: 6740f3e9-3476-4695-9928-cba22a1cce46
2026-05-27 20:50:54.071 9 INFO neutron.plugins.ml2.plugin [None req-10eb3ae8-ac60-483a-9ff6-522f92481ebe - - - - - -] Attempt 1 to provision port 6740f3e9-3476-4695-9928-cba22a1cce46
2026-05-27 20:50:54.084 9 INFO neutron.db.ovn_revision_numbers_db [None req-1f093d1e-c407-4a8f-a9ae-e390a768f529 710c2a1c4fcc445f800900858d5c4ee5 1919370d861f4069852d009f0b2f69ff - - default default] Successfully bumped revision number for resource 6740f3e9-3476-4695-9928-cba22a1cce46 (type: ports) to 1
2026-05-27 20:50:54.120 10 INFO neutron.api.wsgi [None req-5dd085b0-be9e-4f7e-802b-ab5e3adcfa2b ee79adceaefd4710aa199597fae25f3b 76e020bd488c4ae39b222b2cacf6f794 - - default default] 10.0.0.203 "DELETE /v2.0/networks/66e4980d-7782-44e2-87e7-4453a96a99f7 HTTP/1.1" status: 204 len: 168 time: 0.2924626
2026-05-27 20:50:54.133 9 WARNING neutron.scheduler.dhcp_agent_scheduler [None req-1f093d1e-c407-4a8f-a9ae-e390a768f529 710c2a1c4fcc445f800900858d5c4ee5 1919370d861f4069852d009f0b2f69ff - - default default] No more DHCP agents
2026-05-27 20:50:54.135 9 WARNING neutron.api.rpc.agentnotifiers.dhcp_rpc_agent_api [None req-1f093d1e-c407-4a8f-a9ae-e390a768f529 710c2a1c4fcc445f800900858d5c4ee5 1919370d861f4069852d009f0b2f69ff - - default default] Unable to schedule network aa31e1e2-3008-487b-9ce2-60a6b4a86b61: no agents available; will retry on subsequent port and subnet creation events.
2026-05-27 20:50:54.374 9 INFO neutron.api.wsgi [req-336857c7-ad48-48d5-83b0-36b35c21c07a req-685731e6-c129-4dc4-8665-4e226f5d60bf 696490799a9c486fa514478952eeb149 237da8a303ee49e48bc0dac9791ea2c9 - - default default] 10.0.0.199 "GET /v2.0/ports?device_id=6b214ebd-67cb-4b43-bab9-5b493adc91fd HTTP/1.1" status: 200 len: 1170 time: 0.0556767
2026-05-27 20:50:54.428 9 INFO neutron.db.ovn_revision_numbers_db [None req-1f093d1e-c407-4a8f-a9ae-e390a768f529 710c2a1c4fcc445f800900858d5c4ee5 1919370d861f4069852d009f0b2f69ff - - default default] Successfully bumped revision number for resource 6740f3e9-3476-4695-9928-cba22a1cce46 (type: router_ports) to 1
2026-05-27 20:50:54.431 9 INFO neutron.api.wsgi [req-336857c7-ad48-48d5-83b0-36b35c21c07a req-026b4e37-8942-43c0-9c25-b4491f957833 696490799a9c486fa514478952eeb149 237da8a303ee49e48bc0dac9791ea2c9 - - default default] 10.0.0.199 "GET /v2.0/security-groups?id=cd258096-c2bb-41c3-8238-e3f83ce0a5ac&fields=id&fields=name HTTP/1.1" status: 200 len: 286 time: 0.0480945
2026-05-27 20:50:54.433 9 INFO neutron.api.wsgi [None req-1f093d1e-c407-4a8f-a9ae-e390a768f529 710c2a1c4fcc445f800900858d5c4ee5 1919370d861f4069852d009f0b2f69ff - - default default] 10.0.0.203 "PUT /v2.0/routers/04b39d0b-2b11-479e-b3a2-a2d22a02e35e/add_router_interface HTTP/1.1" status: 200 len: 503 time: 1.4749210
2026-05-27 20:50:54.539 9 INFO neutron.api.wsgi [None req-e5a7d818-6400-4de7-b59e-bf7c6357a9ab 710c2a1c4fcc445f800900858d5c4ee5 1919370d861f4069852d009f0b2f69ff - - default default] 10.0.0.203 "GET /v2.0/ports/6740f3e9-3476-4695-9928-cba22a1cce46 HTTP/1.1" status: 200 len: 1137 time: 0.0974460
2026-05-27 20:50:54.557 9 INFO neutron.db.ovn_revision_numbers_db [None req-10eb3ae8-ac60-483a-9ff6-522f92481ebe - - - - - -] Successfully bumped revision number for resource 6740f3e9-3476-4695-9928-cba22a1cce46 (type: ports) to 2
