2026-05-27 20:50:42.781 9 WARNING neutron.scheduler.dhcp_agent_scheduler [None req-e292ee0a-479e-4f36-b94c-3a69278353b9 dc056c8deb23431ba2e9beda89dcabc5 3b35cac60b1d460183a5b1fb0ab2fa31 - - default default] No more DHCP agents
2026-05-27 20:50:42.783 9 WARNING neutron.api.rpc.agentnotifiers.dhcp_rpc_agent_api [None req-e292ee0a-479e-4f36-b94c-3a69278353b9 dc056c8deb23431ba2e9beda89dcabc5 3b35cac60b1d460183a5b1fb0ab2fa31 - - default default] Unable to schedule network f8b515d7-2e35-4647-9ac1-8d0b02421177: no agents available; will retry on subsequent port and subnet creation events.
2026-05-27 20:50:42.813 10 INFO neutron.api.wsgi [req-72d3e0e2-9c90-4a7c-a9e7-3f682a1e71e9 req-192ff9d4-4efc-48f5-a748-79cab9d24ace e3107a1923d24722834d3f15eb8abab5 648eed71e8864f19b4f80e442a30f247 - - 9475e5ee510e48719cff67af03a81c01 9475e5ee510e48719cff67af03a81c01] 10.0.0.199 "GET /v2.0/networks/5a19adaa-8a62-4616-a279-b8517b295e42?fields=segments HTTP/1.1" status: 200 len: 212 time: 0.0494294
2026-05-27 20:50:42.849 9 INFO neutron.db.ovn_revision_numbers_db [None req-e292ee0a-479e-4f36-b94c-3a69278353b9 dc056c8deb23431ba2e9beda89dcabc5 3b35cac60b1d460183a5b1fb0ab2fa31 - - default default] Successfully bumped revision number for resource 63c2dfa7-ba29-4b40-b00e-1ccc0b1eba04 (type: ports) to 1
2026-05-27 20:50:42.872 9 INFO neutron.api.wsgi [None req-e292ee0a-479e-4f36-b94c-3a69278353b9 dc056c8deb23431ba2e9beda89dcabc5 3b35cac60b1d460183a5b1fb0ab2fa31 - - default default] 10.0.0.203 "POST /v2.0/networks HTTP/1.1" status: 201 len: 853 time: 0.5378766
2026-05-27 20:50:42.880 10 INFO neutron.api.wsgi [req-72d3e0e2-9c90-4a7c-a9e7-3f682a1e71e9 req-b73954c9-a9d3-4664-a00c-b1006beeba53 e3107a1923d24722834d3f15eb8abab5 648eed71e8864f19b4f80e442a30f247 - - 9475e5ee510e48719cff67af03a81c01 9475e5ee510e48719cff67af03a81c01] 10.0.0.199 "GET /v2.0/networks/5a19adaa-8a62-4616-a279-b8517b295e42?fields=provider%3Aphysical_network&fields=provider%3Anetwork_type HTTP/1.1" status: 200 len: 277 time: 0.0563917
2026-05-27 20:50:42.881 9 WARNING neutron_lib.context [None req-7770815a-0bbe-431a-bdc2-34a8acd77dc4 dc056c8deb23431ba2e9beda89dcabc5 3b35cac60b1d460183a5b1fb0ab2fa31 - - default default] Method 'is_advsvc' is deprecated since 2023.2 release (neutron-lib 3.8.0) and will be removed once support for the old RBAC API policies will be removed from Neutron. Please use method 'is_service_role' instead.
2026-05-27 20:50:42.974 9 INFO neutron.db.segments_db [None req-7770815a-0bbe-431a-bdc2-34a8acd77dc4 dc056c8deb23431ba2e9beda89dcabc5 3b35cac60b1d460183a5b1fb0ab2fa31 - - default default] Added segment 3d21acc2-bdf1-489c-8e69-70d15d32ace5 of type geneve for network 04b84f23-fd61-4488-a0b0-6ab20f7b1752
2026-05-27 20:50:43.002 9 INFO neutron.api.wsgi [req-4299151d-f786-49ad-b860-e9312b87fe2a req-7ee9fa57-9b60-4197-a873-4c44365cfc9b 696490799a9c486fa514478952eeb149 237da8a303ee49e48bc0dac9791ea2c9 - - default default] 10.0.0.199 "GET /v2.0/ports?device_id=6b214ebd-67cb-4b43-bab9-5b493adc91fd HTTP/1.1" status: 200 len: 210 time: 0.0268924
2026-05-27 20:50:43.039 9 INFO neutron.db.ovn_revision_numbers_db [None req-4b2206ba-933f-4c09-9f66-34c64fc5fec3 - - - - - -] Successfully bumped revision number for resource 91089162-e56c-4a00-9ae4-3d8c270c66c6 (type: ports) to 2
2026-05-27 20:50:43.071 9 INFO neutron.db.ovn_revision_numbers_db [None req-4b2206ba-933f-4c09-9f66-34c64fc5fec3 - - - - - -] Successfully bumped revision number for resource 0dbf79f8-a484-419e-bec0-2ba50606566e (type: subnets) to 0
2026-05-27 20:50:43.085 9 INFO neutron.api.wsgi [None req-3d6bbf2d-084f-43c2-a6c5-f30d90064b59 392bdb423792479cbb77b180c9a99434 be481a30ccb3438f9f8dd767a2ceca1e - - default default] 10.0.0.203 "POST /v2.0/subnets HTTP/1.1" status: 201 len: 825 time: 0.7837481
2026-05-27 20:50:43.095 10 WARNING neutron_lib.context [None req-36953aff-5e85-4499-8107-a033f484f011 392bdb423792479cbb77b180c9a99434 be481a30ccb3438f9f8dd767a2ceca1e - - default default] Method 'is_advsvc' is deprecated since 2023.2 release (neutron-lib 3.8.0) and will be removed once support for the old RBAC API policies will be removed from Neutron. Please use method 'is_service_role' instead.
2026-05-27 20:50:43.106 9 INFO neutron.db.ovn_revision_numbers_db [None req-7770815a-0bbe-431a-bdc2-34a8acd77dc4 dc056c8deb23431ba2e9beda89dcabc5 3b35cac60b1d460183a5b1fb0ab2fa31 - - default default] Successfully bumped revision number for resource 04b84f23-fd61-4488-a0b0-6ab20f7b1752 (type: networks) to 1
2026-05-27 20:50:43.186 10 INFO neutron.db.ovn_revision_numbers_db [None req-a1b54168-e381-4491-aa60-8d59d6e84870 c7aef7122aed43fb98a77ae8928c148b 60a71b2f3ea2469690888e4695482d6c - - default default] Successfully bumped revision number for resource e795da32-de74-451f-a069-14c4d864c0f7 (type: floatingips) to 2
2026-05-27 20:50:43.213 10 INFO neutron.services.segments.plugin [-] Segment 2df12b1d-27a3-4e74-ba5c-3b0761ef7fb7 resource provider aggregate not found
2026-05-27 20:50:43.219 10 INFO neutron.services.segments.plugin [-] Segment 2df12b1d-27a3-4e74-ba5c-3b0761ef7fb7 resource provider aggregate not found
2026-05-27 20:50:43.232 10 INFO neutron.services.segments.plugin [-] Segment 2df12b1d-27a3-4e74-ba5c-3b0761ef7fb7 resource provider not found; error: Placement Client Error (4xx): {"errors": [{"status": 404, "title": "Not Found", "detail": "The resource could not be found.\n\n No resource provider with uuid 2df12b1d-27a3-4e74-ba5c-3b0761ef7fb7 found for delete ", "request_id": "req-009cd505-a1d2-4d6e-9842-60d91b464a9d"}]}
2026-05-27 20:50:43.234 10 INFO neutron.services.segments.plugin [-] Segment 2df12b1d-27a3-4e74-ba5c-3b0761ef7fb7 resource provider not found; error: Placement Client Error (4xx): {"errors": [{"status": 404, "title": "Not Found", "detail": "The resource could not be found.\n\n No resource provider with uuid 2df12b1d-27a3-4e74-ba5c-3b0761ef7fb7 found for delete ", "request_id": "req-cc7942cf-a343-44a3-b91f-964db70c01d5"}]}
2026-05-27 20:50:43.268 9 WARNING neutron.scheduler.dhcp_agent_scheduler [None req-7770815a-0bbe-431a-bdc2-34a8acd77dc4 dc056c8deb23431ba2e9beda89dcabc5 3b35cac60b1d460183a5b1fb0ab2fa31 - - default default] No more DHCP agents
2026-05-27 20:50:43.269 9 WARNING neutron.api.rpc.agentnotifiers.dhcp_rpc_agent_api [None req-7770815a-0bbe-431a-bdc2-34a8acd77dc4 dc056c8deb23431ba2e9beda89dcabc5 3b35cac60b1d460183a5b1fb0ab2fa31 - - default default] Unable to schedule network 04b84f23-fd61-4488-a0b0-6ab20f7b1752: no agents available; will retry on subsequent port and subnet creation events.
2026-05-27 20:50:43.323 10 INFO neutron.db.ovn_revision_numbers_db [None req-a1b54168-e381-4491-aa60-8d59d6e84870 c7aef7122aed43fb98a77ae8928c148b 60a71b2f3ea2469690888e4695482d6c - - default default] Successfully bumped revision number for resource e795da32-de74-451f-a069-14c4d864c0f7 (type: floatingips) to 2
2026-05-27 20:50:43.323 10 INFO neutron.db.l3_db [None req-a1b54168-e381-4491-aa60-8d59d6e84870 c7aef7122aed43fb98a77ae8928c148b 60a71b2f3ea2469690888e4695482d6c - - default default] Floating IP e795da32-de74-451f-a069-14c4d864c0f7 associated. External IP: 10.96.250.206, port: 3cc49fdf-35d4-4eb4-a27f-284b5421daec.
2026-05-27 20:50:43.336 9 INFO neutron.db.ovn_revision_numbers_db [None req-7770815a-0bbe-431a-bdc2-34a8acd77dc4 dc056c8deb23431ba2e9beda89dcabc5 3b35cac60b1d460183a5b1fb0ab2fa31 - - default default] Successfully bumped revision number for resource b6acd7d1-fbbb-4d8d-9747-b279d2179950 (type: ports) to 1
2026-05-27 20:50:43.360 9 INFO neutron.api.wsgi [None req-7770815a-0bbe-431a-bdc2-34a8acd77dc4 dc056c8deb23431ba2e9beda89dcabc5 3b35cac60b1d460183a5b1fb0ab2fa31 - - default default] 10.0.0.203 "POST /v2.0/networks HTTP/1.1" status: 201 len: 853 time: 0.4835422
2026-05-27 20:50:43.384 10 INFO neutron.api.wsgi [None req-a1b54168-e381-4491-aa60-8d59d6e84870 c7aef7122aed43fb98a77ae8928c148b 60a71b2f3ea2469690888e4695482d6c - - default default] 10.0.0.203 "PUT /v2.0/floatingips/e795da32-de74-451f-a069-14c4d864c0f7 HTTP/1.1" status: 200 len: 1037 time: 0.7818403 /var/lib/openstack/lib/python3.12/site-packages/pycadf/identifier.py:71: UserWarning: Invalid uuid: neutron. To ensure interoperability, identifiers should be a valid uuid. warnings.warn(('Invalid uuid: %s. To ensure interoperability, '
2026-05-27 20:50:43.446 10 WARNING neutron.scheduler.dhcp_agent_scheduler [None req-36953aff-5e85-4499-8107-a033f484f011 392bdb423792479cbb77b180c9a99434 be481a30ccb3438f9f8dd767a2ceca1e - - default default] No more DHCP agents
2026-05-27 20:50:43.448 10 WARNING neutron.api.rpc.agentnotifiers.dhcp_rpc_agent_api [None req-36953aff-5e85-4499-8107-a033f484f011 392bdb423792479cbb77b180c9a99434 be481a30ccb3438f9f8dd767a2ceca1e - - default default] Unable to schedule network e3989f36-d712-482a-81f7-2d182dbbd11a: no agents available; will retry on subsequent port and subnet creation events.
2026-05-27 20:50:43.527 10 INFO neutron.db.ovn_revision_numbers_db [None req-e537d4c9-c714-4bda-9fdc-98581fd24dc1 c7aef7122aed43fb98a77ae8928c148b 60a71b2f3ea2469690888e4695482d6c - - default default] Successfully bumped revision number for resource e795da32-de74-451f-a069-14c4d864c0f7 (type: floatingips) to 3
2026-05-27 20:50:43.593 10 INFO neutron.db.ovn_revision_numbers_db [None req-36953aff-5e85-4499-8107-a033f484f011 392bdb423792479cbb77b180c9a99434 be481a30ccb3438f9f8dd767a2ceca1e - - default default] Successfully bumped revision number for resource 6bfd73ab-3f63-4d68-ade7-17098a0e6c74 (type: ports) to 1
2026-05-27 20:50:43.595 10 INFO neutron.db.l3_db [None req-e537d4c9-c714-4bda-9fdc-98581fd24dc1 c7aef7122aed43fb98a77ae8928c148b 60a71b2f3ea2469690888e4695482d6c - - default default] Floating IP e795da32-de74-451f-a069-14c4d864c0f7 disassociated. External IP: 10.96.250.206, port: af92c5f3-3a66-46f3-94de-759d40c7ddab.
2026-05-27 20:50:43.620 10 INFO neutron.api.wsgi [None req-36953aff-5e85-4499-8107-a033f484f011 392bdb423792479cbb77b180c9a99434 be481a30ccb3438f9f8dd767a2ceca1e - - default default] 10.0.0.203 "POST /v2.0/ports HTTP/1.1" status: 201 len: 1114 time: 0.5293260
2026-05-27 20:50:43.625 10 INFO neutron.api.wsgi [None req-e537d4c9-c714-4bda-9fdc-98581fd24dc1 c7aef7122aed43fb98a77ae8928c148b 60a71b2f3ea2469690888e4695482d6c - - default default] 10.0.0.203 "PUT /v2.0/floatingips/e795da32-de74-451f-a069-14c4d864c0f7 HTTP/1.1" status: 200 len: 748 time: 0.2355092
2026-05-27 20:50:43.823 9 WARNING neutron.plugins.ml2.drivers.ovn.mech_driver.ovsdb.ovn_client [None req-9609426d-4491-439c-8fee-beceb71eed51 - - - - - -] No hosting information found for port 543359cc-4316-4396-93d6-e4e52c99d043: RuntimeError: No hosting information found for port 543359cc-4316-4396-93d6-e4e52c99d043
2026-05-27 20:50:43.842 10 WARNING neutron_lib.context [None req-614c0f78-053f-40a9-be8d-1f2b6b9a4675 dc056c8deb23431ba2e9beda89dcabc5 3b35cac60b1d460183a5b1fb0ab2fa31 - - default default] Method 'is_advsvc' is deprecated since 2023.2 release (neutron-lib 3.8.0) and will be removed once support for the old RBAC API policies will be removed from Neutron. Please use method 'is_service_role' instead.
2026-05-27 20:50:43.862 10 WARNING neutron_lib.context [None req-614c0f78-053f-40a9-be8d-1f2b6b9a4675 dc056c8deb23431ba2e9beda89dcabc5 3b35cac60b1d460183a5b1fb0ab2fa31 - - default default] Method 'is_advsvc' is deprecated since 2023.2 release (neutron-lib 3.8.0) and will be removed once support for the old RBAC API policies will be removed from Neutron. Please use method 'is_service_role' instead.
2026-05-27 20:50:43.949 9 INFO neutron.db.ovn_revision_numbers_db [None req-9609426d-4491-439c-8fee-beceb71eed51 - - - - - -] Successfully bumped revision number for resource 543359cc-4316-4396-93d6-e4e52c99d043 (type: router_ports) to 2
2026-05-27 20:50:43.950 9 INFO neutron.plugins.ml2.drivers.ovn.mech_driver.mech_driver [None req-9609426d-4491-439c-8fee-beceb71eed51 - - - - - -] OVN reports status up for port: 3530329b-61b2-40ba-93b0-6e525511e7b5
2026-05-27 20:50:43.971 9 INFO neutron.plugins.ml2.plugin [None req-9609426d-4491-439c-8fee-beceb71eed51 - - - - - -] Attempt 1 to provision port 3530329b-61b2-40ba-93b0-6e525511e7b5
2026-05-27 20:50:44.038 9 INFO neutron.api.wsgi [None req-50935ff0-1718-44d7-8413-bbbe3eb9b095 392bdb423792479cbb77b180c9a99434 be481a30ccb3438f9f8dd767a2ceca1e - - default default] 10.0.0.203 "DELETE /v2.0/ports/6bfd73ab-3f63-4d68-ade7-17098a0e6c74 HTTP/1.1" status: 204 len: 168 time: 0.4116809
2026-05-27 20:50:44.058 10 INFO neutron.pecan_wsgi.hooks.translation [None req-ff476766-99d4-480a-8612-e2654da8cda5 392bdb423792479cbb77b180c9a99434 be481a30ccb3438f9f8dd767a2ceca1e - - default default] GET failed (client error): The resource could not be found.
2026-05-27 20:50:44.059 10 INFO neutron.api.wsgi [None req-ff476766-99d4-480a-8612-e2654da8cda5 392bdb423792479cbb77b180c9a99434 be481a30ccb3438f9f8dd767a2ceca1e - - default default] 10.0.0.203 "GET /v2.0/ports/6bfd73ab-3f63-4d68-ade7-17098a0e6c74 HTTP/1.1" status: 404 len: 333 time: 0.0164356
2026-05-27 20:50:44.064 9 INFO neutron.api.wsgi [None req-d3b35f18-2207-4d0f-ade1-2c013522b38e c7aef7122aed43fb98a77ae8928c148b 60a71b2f3ea2469690888e4695482d6c - - default default] 10.0.0.203 "DELETE /v2.0/floatingips/e795da32-de74-451f-a069-14c4d864c0f7 HTTP/1.1" status: 204 len: 168 time: 0.4207127 /var/lib/openstack/lib/python3.12/site-packages/pycadf/identifier.py:71: UserWarning: Invalid uuid: neutron. To ensure interoperability, identifiers should be a valid uuid. warnings.warn(('Invalid uuid: %s. To ensure interoperability, '
2026-05-27 20:50:44.105 10 INFO neutron.api.wsgi [req-d6462481-99ca-4734-ad37-8b7a5f4a8346 req-324ac541-e336-4915-b278-a40d51c06929 696490799a9c486fa514478952eeb149 237da8a303ee49e48bc0dac9791ea2c9 - - default default] 10.0.0.199 "GET /v2.0/ports?device_id=6b214ebd-67cb-4b43-bab9-5b493adc91fd HTTP/1.1" status: 200 len: 210 time: 0.0331538
2026-05-27 20:50:44.124 9 INFO neutron.plugins.ml2.drivers.ovn.mech_driver.mech_driver [None req-9609426d-4491-439c-8fee-beceb71eed51 - - - - - -] OVN reports status up for port: 1091a397-3dfc-4884-9979-dc0e83d6b47b
2026-05-27 20:50:44.141 9 INFO neutron.api.v2.resource [None req-c997bfab-a0d9-4c9d-8e45-efb7a08a685b c7aef7122aed43fb98a77ae8928c148b 60a71b2f3ea2469690888e4695482d6c - - default default] delete failed (client error): The resource could not be found.
2026-05-27 20:50:44.143 9 INFO neutron.api.wsgi [None req-c997bfab-a0d9-4c9d-8e45-efb7a08a685b c7aef7122aed43fb98a77ae8928c148b 60a71b2f3ea2469690888e4695482d6c - - default default] 10.0.0.203 "DELETE /v2.0/floatingips/e795da32-de74-451f-a069-14c4d864c0f7 HTTP/1.1" status: 404 len: 345 time: 0.0722656 /var/lib/openstack/lib/python3.12/site-packages/pycadf/identifier.py:71: UserWarning: Invalid uuid: neutron. To ensure interoperability, identifiers should be a valid uuid. warnings.warn(('Invalid uuid: %s. To ensure interoperability, '
2026-05-27 20:50:44.154 9 INFO neutron.plugins.ml2.plugin [None req-9609426d-4491-439c-8fee-beceb71eed51 - - - - - -] Attempt 1 to provision port 1091a397-3dfc-4884-9979-dc0e83d6b47b
2026-05-27 20:50:44.215 10 WARNING neutron.scheduler.dhcp_agent_scheduler [None req-614c0f78-053f-40a9-be8d-1f2b6b9a4675 dc056c8deb23431ba2e9beda89dcabc5 3b35cac60b1d460183a5b1fb0ab2fa31 - - default default] No more DHCP agents
2026-05-27 20:50:44.220 10 WARNING neutron.api.rpc.agentnotifiers.dhcp_rpc_agent_api [None req-614c0f78-053f-40a9-be8d-1f2b6b9a4675 dc056c8deb23431ba2e9beda89dcabc5 3b35cac60b1d460183a5b1fb0ab2fa31 - - default default] Unable to schedule network f8b515d7-2e35-4647-9ac1-8d0b02421177: no agents available; will retry on subsequent port and subnet creation events.
2026-05-27 20:50:44.249 10 INFO neutron.db.ovn_revision_numbers_db [None req-614c0f78-053f-40a9-be8d-1f2b6b9a4675 dc056c8deb23431ba2e9beda89dcabc5 3b35cac60b1d460183a5b1fb0ab2fa31 - - default default] Successfully bumped revision number for resource 3dc0c8ad-3308-4796-b22d-66b67c9b6db2 (type: subnets) to 0
2026-05-27 20:50:44.274 10 INFO neutron.api.wsgi [None req-94b0f5a6-600a-4505-aaad-4966a5c5e2ee 392bdb423792479cbb77b180c9a99434 be481a30ccb3438f9f8dd767a2ceca1e - - default default] 10.0.0.203 "DELETE /v2.0/subnets/0dbf79f8-a484-419e-bec0-2ba50606566e HTTP/1.1" status: 204 len: 168 time: 0.2097690
2026-05-27 20:50:44.295 10 WARNING neutron.scheduler.dhcp_agent_scheduler [None req-614c0f78-053f-40a9-be8d-1f2b6b9a4675 dc056c8deb23431ba2e9beda89dcabc5 3b35cac60b1d460183a5b1fb0ab2fa31 - - default default] No more DHCP agents
2026-05-27 20:50:44.297 10 WARNING neutron.api.rpc.agentnotifiers.dhcp_rpc_agent_api [None req-614c0f78-053f-40a9-be8d-1f2b6b9a4675 dc056c8deb23431ba2e9beda89dcabc5 3b35cac60b1d460183a5b1fb0ab2fa31 - - default default] Unable to schedule network 04b84f23-fd61-4488-a0b0-6ab20f7b1752: no agents available; will retry on subsequent port and subnet creation events.
2026-05-27 20:50:44.324 10 INFO neutron.db.ovn_revision_numbers_db [None req-614c0f78-053f-40a9-be8d-1f2b6b9a4675 dc056c8deb23431ba2e9beda89dcabc5 3b35cac60b1d460183a5b1fb0ab2fa31 - - default default] Successfully bumped revision number for resource 0b34facb-ea34-47ff-93b0-f292e1157e38 (type: subnets) to 0
2026-05-27 20:50:44.344 10 INFO neutron.api.wsgi [None req-614c0f78-053f-40a9-be8d-1f2b6b9a4675 dc056c8deb23431ba2e9beda89dcabc5 3b35cac60b1d460183a5b1fb0ab2fa31 - - default default] 10.0.0.203 "POST /v2.0/subnets HTTP/1.1" status: 201 len: 1524 time: 0.5079148
2026-05-27 20:50:44.376 10 INFO neutron.api.wsgi [None req-e451a3ad-3e64-4e57-a645-d3a5870c3e1a dc056c8deb23431ba2e9beda89dcabc5 3b35cac60b1d460183a5b1fb0ab2fa31 - - default default] 10.0.0.203 "GET /v2.0/subnets HTTP/1.1" status: 200 len: 2155 time: 0.0269446
2026-05-27 20:50:44.521 9 INFO neutron.api.wsgi [None req-e1d1d156-ae8b-4958-a549-145a4b6e1f8e c7aef7122aed43fb98a77ae8928c148b 60a71b2f3ea2469690888e4695482d6c - - default default] 10.0.0.203 "DELETE /v2.0/ports/af92c5f3-3a66-46f3-94de-759d40c7ddab HTTP/1.1" status: 204 len: 168 time: 0.3732834
2026-05-27 20:50:44.597 9 INFO neutron.db.ovn_revision_numbers_db [None req-9609426d-4491-439c-8fee-beceb71eed51 - - - - - -] Successfully bumped revision number for resource 1091a397-3dfc-4884-9979-dc0e83d6b47b (type: ports) to 2
2026-05-27 20:50:44.767 10 INFO neutron.api.wsgi [None req-10c18f41-15e5-4b34-bb0b-b0fefb128455 dc056c8deb23431ba2e9beda89dcabc5 3b35cac60b1d460183a5b1fb0ab2fa31 - - default default] 10.0.0.203 "DELETE /v2.0/subnets/3dc0c8ad-3308-4796-b22d-66b67c9b6db2 HTTP/1.1" status: 204 len: 168 time: 0.3794153
2026-05-27 20:50:44.860 10 INFO neutron.api.wsgi [None req-de5201a1-d8dd-4d17-bbbb-161e80e142a7 392bdb423792479cbb77b180c9a99434 be481a30ccb3438f9f8dd767a2ceca1e - - default default] 10.0.0.203 "DELETE /v2.0/networks/e3989f36-d712-482a-81f7-2d182dbbd11a HTTP/1.1" status: 204 len: 168 time: 0.5807981
2026-05-27 20:50:44.872 9 WARNING neutron_lib.context [None req-466aec81-56ba-4646-8d27-ae14ea2f8fa0 392bdb423792479cbb77b180c9a99434 be481a30ccb3438f9f8dd767a2ceca1e - - default default] Method 'is_advsvc' is deprecated since 2023.2 release (neutron-lib 3.8.0) and will be removed once support for the old RBAC API policies will be removed from Neutron. Please use method 'is_service_role' instead.
2026-05-27 20:50:44.928 9 INFO neutron.api.wsgi [None req-f7c42fca-fef9-4018-8ac4-cde77eeed3c8 dc056c8deb23431ba2e9beda89dcabc5 3b35cac60b1d460183a5b1fb0ab2fa31 - - default default] 10.0.0.203 "DELETE /v2.0/subnets/0b34facb-ea34-47ff-93b0-f292e1157e38 HTTP/1.1" status: 204 len: 168 time: 0.1561825
2026-05-27 20:50:44.980 9 INFO neutron.api.wsgi [None req-f98f1246-6a91-4250-9081-8a2a42032bd8 dc056c8deb23431ba2e9beda89dcabc5 3b35cac60b1d460183a5b1fb0ab2fa31 - - default default] 10.0.0.203 "GET /v2.0/subnets HTTP/1.1" status: 200 len: 843 time: 0.0434923
2026-05-27 20:50:45.155 10 INFO neutron.api.wsgi [None req-3cd76c05-a1a4-429d-a4aa-97c7df0237be c7aef7122aed43fb98a77ae8928c148b 60a71b2f3ea2469690888e4695482d6c - - default default] 10.0.0.203 "DELETE /v2.0/ports/3cc49fdf-35d4-4eb4-a27f-284b5421daec HTTP/1.1" status: 204 len: 168 time: 0.6272113
2026-05-27 20:50:45.177 9 INFO neutron.api.wsgi [req-5e9167a5-4c73-452b-a94d-b71a06659ea6 req-061aa582-8562-40f0-b1f3-ffc04e6bd939 696490799a9c486fa514478952eeb149 237da8a303ee49e48bc0dac9791ea2c9 - - default default] 10.0.0.199 "GET /v2.0/ports?device_id=6b214ebd-67cb-4b43-bab9-5b493adc91fd HTTP/1.1" status: 200 len: 210 time: 0.0207279
2026-05-27 20:50:45.191 10 INFO neutron.api.wsgi [None req-ee843ef0-5669-4d44-b824-b1502fc5699d c7aef7122aed43fb98a77ae8928c148b 60a71b2f3ea2469690888e4695482d6c - - default default] 10.0.0.203 "GET /v2.0/ports?device_id=84b52c65-73bd-4500-9e10-7c316ae2bd50 HTTP/1.1" status: 200 len: 1140 time: 0.0324402
2026-05-27 20:50:45.219 9 WARNING neutron.scheduler.dhcp_agent_scheduler [None req-466aec81-56ba-4646-8d27-ae14ea2f8fa0 392bdb423792479cbb77b180c9a99434 be481a30ccb3438f9f8dd767a2ceca1e - - default default] No more DHCP agents
2026-05-27 20:50:45.223 9 WARNING neutron.api.rpc.agentnotifiers.dhcp_rpc_agent_api [None req-466aec81-56ba-4646-8d27-ae14ea2f8fa0 392bdb423792479cbb77b180c9a99434 be481a30ccb3438f9f8dd767a2ceca1e - - default default] Unable to schedule network 1714e1b9-b3b3-403e-a6d0-1bf55829c252: no agents available; will retry on subsequent port and subnet creation events.
2026-05-27 20:50:45.251 10 INFO neutron.services.segments.plugin [-] Segment 9ea8e9ad-7114-4f28-943d-16d473036433 resource provider aggregate not found
2026-05-27 20:50:45.258 10 INFO neutron.services.segments.plugin [-] Segment 9ea8e9ad-7114-4f28-943d-16d473036433 resource provider aggregate not found
2026-05-27 20:50:45.265 10 INFO neutron.services.segments.plugin [-] Segment 9ea8e9ad-7114-4f28-943d-16d473036433 resource provider not found; error: Placement Client Error (4xx): {"errors": [{"status": 404, "title": "Not Found", "detail": "The resource could not be found.\n\n No resource provider with uuid 9ea8e9ad-7114-4f28-943d-16d473036433 found for delete ", "request_id": "req-7a31d8ff-2fba-4543-9c1c-3c3d035b3304"}]}
2026-05-27 20:50:45.277 10 INFO neutron.services.segments.plugin [-] Segment 9ea8e9ad-7114-4f28-943d-16d473036433 resource provider not found; error: Placement Client Error (4xx): {"errors": [{"status": 404, "title": "Not Found", "detail": "The resource could not be found.\n\n No resource provider with uuid 9ea8e9ad-7114-4f28-943d-16d473036433 found for delete ", "request_id": "req-fff9e339-82f1-491d-90de-be63ca9bdeff"}]}
2026-05-27 20:50:45.309 9 INFO neutron.db.ovn_revision_numbers_db [None req-466aec81-56ba-4646-8d27-ae14ea2f8fa0 392bdb423792479cbb77b180c9a99434 be481a30ccb3438f9f8dd767a2ceca1e - - default default] Successfully bumped revision number for resource e2c9ac68-5ce1-4cf8-a548-ba24c2069d01 (type: ports) to 1
2026-05-27 20:50:45.327 9 INFO neutron.api.wsgi [None req-466aec81-56ba-4646-8d27-ae14ea2f8fa0 392bdb423792479cbb77b180c9a99434 be481a30ccb3438f9f8dd767a2ceca1e - - default default] 10.0.0.203 "POST /v2.0/ports HTTP/1.1" status: 201 len: 973 time: 0.4595730 /var/lib/openstack/lib/python3.12/site-packages/pycadf/identifier.py:71: UserWarning: Invalid uuid: neutron. To ensure interoperability, identifiers should be a valid uuid. warnings.warn(('Invalid uuid: %s. To ensure interoperability, '
2026-05-27 20:50:45.417 9 INFO neutron.services.segments.plugin [-] Segment 3d21acc2-bdf1-489c-8e69-70d15d32ace5 resource provider aggregate not found
2026-05-27 20:50:45.428 9 INFO neutron.services.segments.plugin [-] Segment 3d21acc2-bdf1-489c-8e69-70d15d32ace5 resource provider aggregate not found
2026-05-27 20:50:45.436 9 INFO neutron.services.segments.plugin [-] Segment 3d21acc2-bdf1-489c-8e69-70d15d32ace5 resource provider not found; error: Placement Client Error (4xx): {"errors": [{"status": 404, "title": "Not Found", "detail": "The resource could not be found.\n\n No resource provider with uuid 3d21acc2-bdf1-489c-8e69-70d15d32ace5 found for delete ", "request_id": "req-1e441b4a-6e1f-4a74-a7d4-da4470278a22"}]}
2026-05-27 20:50:45.445 9 INFO neutron.services.segments.plugin [-] Segment 3d21acc2-bdf1-489c-8e69-70d15d32ace5 resource provider not found; error: Placement Client Error (4xx): {"errors": [{"status": 404, "title": "Not Found", "detail": "The resource could not be found.\n\n No resource provider with uuid 3d21acc2-bdf1-489c-8e69-70d15d32ace5 found for delete ", "request_id": "req-145c92a9-0102-4e28-9445-b80e5b455c1d"}]}
2026-05-27 20:50:45.462 9 INFO neutron.api.wsgi [None req-f4251e4e-912c-4ed8-911a-2be22d296620 dc056c8deb23431ba2e9beda89dcabc5 3b35cac60b1d460183a5b1fb0ab2fa31 - - default default] 10.0.0.203 "DELETE /v2.0/networks/04b84f23-fd61-4488-a0b0-6ab20f7b1752 HTTP/1.1" status: 204 len: 168 time: 0.4758878
2026-05-27 20:50:45.814 9 INFO neutron.db.ovn_revision_numbers_db [None req-309959eb-41cf-417c-a414-e5226d372a7b 392bdb423792479cbb77b180c9a99434 be481a30ccb3438f9f8dd767a2ceca1e - - default default] Successfully bumped revision number for resource e2c9ac68-5ce1-4cf8-a548-ba24c2069d01 (type: ports) to 2
2026-05-27 20:50:45.823 9 INFO neutron.api.wsgi [None req-309959eb-41cf-417c-a414-e5226d372a7b 392bdb423792479cbb77b180c9a99434 be481a30ccb3438f9f8dd767a2ceca1e - - default default] 10.0.0.203 "PUT /v2.0/ports/e2c9ac68-5ce1-4cf8-a548-ba24c2069d01 HTTP/1.1" status: 200 len: 946 time: 0.4918618 /var/lib/openstack/lib/python3.12/site-packages/pycadf/identifier.py:71: UserWarning: Invalid uuid: neutron. To ensure interoperability, identifiers should be a valid uuid. warnings.warn(('Invalid uuid: %s. To ensure interoperability, '
2026-05-27 20:50:45.955 10 INFO neutron.api.wsgi [None req-7347127f-55db-461b-9c9c-204842f99f51 c7aef7122aed43fb98a77ae8928c148b 60a71b2f3ea2469690888e4695482d6c - - default default] 10.0.0.203 "PUT /v2.0/routers/84b52c65-73bd-4500-9e10-7c316ae2bd50/remove_router_interface HTTP/1.1" status: 200 len: 503 time: 0.7591031 /var/lib/openstack/lib/python3.12/site-packages/pycadf/identifier.py:71: UserWarning: Invalid uuid: neutron. To ensure interoperability, identifiers should be a valid uuid. warnings.warn(('Invalid uuid: %s. To ensure interoperability, '
2026-05-27 20:50:46.018 9 INFO neutron.api.wsgi [None req-8d23fcde-4c60-4220-99ca-8ae737f9c08b dc056c8deb23431ba2e9beda89dcabc5 3b35cac60b1d460183a5b1fb0ab2fa31 - - default default] 10.0.0.203 "DELETE /v2.0/networks/f8b515d7-2e35-4647-9ac1-8d0b02421177 HTTP/1.1" status: 204 len: 168 time: 0.5502133
2026-05-27 20:50:46.108 9 INFO neutron.api.wsgi [None req-f43a017a-8634-4947-a236-4ed35ab46a77 392bdb423792479cbb77b180c9a99434 be481a30ccb3438f9f8dd767a2ceca1e - - default default] 10.0.0.203 "DELETE /v2.0/ports/e2c9ac68-5ce1-4cf8-a548-ba24c2069d01 HTTP/1.1" status: 204 len: 168 time: 0.2788076
2026-05-27 20:50:46.184 10 INFO neutron.api.wsgi [None req-061b559a-8d5a-494b-b3b6-aac9e319a64a 392bdb423792479cbb77b180c9a99434 be481a30ccb3438f9f8dd767a2ceca1e - - default default] 10.0.0.203 "GET /v2.0/ports HTTP/1.1" status: 200 len: 1728 time: 0.0699837
2026-05-27 20:50:46.210 10 INFO neutron.pecan_wsgi.hooks.translation [None req-ea282fbf-5a0d-4c0f-8dd7-4751f5c813ca 392bdb423792479cbb77b180c9a99434 be481a30ccb3438f9f8dd767a2ceca1e - - default default] GET failed (client error): The resource could not be found.
2026-05-27 20:50:46.211 10 INFO neutron.api.wsgi [None req-ea282fbf-5a0d-4c0f-8dd7-4751f5c813ca 392bdb423792479cbb77b180c9a99434 be481a30ccb3438f9f8dd767a2ceca1e - - default default] 10.0.0.203 "GET /v2.0/ports/e2c9ac68-5ce1-4cf8-a548-ba24c2069d01 HTTP/1.1" status: 404 len: 333 time: 0.0208998
2026-05-27 20:50:46.255 10 INFO neutron.api.wsgi [None req-35194a60-0443-4ded-9bd5-76693e1d8f47 392bdb423792479cbb77b180c9a99434 be481a30ccb3438f9f8dd767a2ceca1e - - default default] 10.0.0.203 "GET /v2.0/ports HTTP/1.1" status: 200 len: 1728 time: 0.0343115
2026-05-27 20:50:46.288 10 INFO neutron.api.wsgi [req-3732563a-d7b6-4f2c-94e5-7d73eacbdc1f req-6c13306e-f1fc-4fd0-adab-23b493c0cea9 696490799a9c486fa514478952eeb149 237da8a303ee49e48bc0dac9791ea2c9 - - default default] 10.0.0.199 "GET /v2.0/ports?device_id=6b214ebd-67cb-4b43-bab9-5b493adc91fd HTTP/1.1" status: 200 len: 210 time: 0.0286953
2026-05-27 20:50:46.316 9 INFO neutron.api.wsgi [None req-99ca5b92-1452-4382-97a0-48240c3047d0 392bdb423792479cbb77b180c9a99434 be481a30ccb3438f9f8dd767a2ceca1e - - default default] 10.0.0.203 "GET /v2.0/ports/f831926b-dbc9-41ae-b01e-b25a0cabd460 HTTP/1.1" status: 200 len: 968 time: 0.0525432
2026-05-27 20:50:46.362 9 INFO neutron.pecan_wsgi.hooks.translation [None req-fb63aa51-f2ed-4772-9d4d-ab7320e82092 392bdb423792479cbb77b180c9a99434 be481a30ccb3438f9f8dd767a2ceca1e - - default default] DELETE failed (client error): The resource could not be found.
2026-05-27 20:50:46.366 9 INFO neutron.api.wsgi [None req-fb63aa51-f2ed-4772-9d4d-ab7320e82092 392bdb423792479cbb77b180c9a99434 be481a30ccb3438f9f8dd767a2ceca1e - - default default] 10.0.0.203 "DELETE /v2.0/ports/6bfd73ab-3f63-4d68-ade7-17098a0e6c74 HTTP/1.1" status: 404 len: 333 time: 0.0418584
2026-05-27 20:50:46.390 9 INFO neutron.pecan_wsgi.hooks.translation [None req-a6aad3ee-e37e-4f59-8235-41d7a1605cc8 392bdb423792479cbb77b180c9a99434 be481a30ccb3438f9f8dd767a2ceca1e - - default default] DELETE failed (client error): The resource could not be found.
2026-05-27 20:50:46.394 9 INFO neutron.api.wsgi [None req-a6aad3ee-e37e-4f59-8235-41d7a1605cc8 392bdb423792479cbb77b180c9a99434 be481a30ccb3438f9f8dd767a2ceca1e - - default default] 10.0.0.203 "DELETE /v2.0/subnets/0dbf79f8-a484-419e-bec0-2ba50606566e HTTP/1.1" status: 404 len: 337 time: 0.0242078
2026-05-27 20:50:46.409 9 INFO neutron.api.wsgi [None req-d05e8f5d-e379-47f6-819e-d30e25874c8d dc056c8deb23431ba2e9beda89dcabc5 3b35cac60b1d460183a5b1fb0ab2fa31 - - default default] 10.0.0.203 "DELETE /v2.0/networks/ba1ba02d-7206-48a7-9a74-7c4921b405a8 HTTP/1.1" status: 204 len: 168 time: 0.3861084
2026-05-27 20:50:46.409 9 INFO neutron.pecan_wsgi.hooks.translation [None req-0b6d9802-5ef1-4a87-8fb0-a93088e89879 392bdb423792479cbb77b180c9a99434 be481a30ccb3438f9f8dd767a2ceca1e - - default default] DELETE failed (client error): The resource could not be found.
2026-05-27 20:50:46.411 9 INFO neutron.api.wsgi [None req-0b6d9802-5ef1-4a87-8fb0-a93088e89879 392bdb423792479cbb77b180c9a99434 be481a30ccb3438f9f8dd767a2ceca1e - - default default] 10.0.0.203 "DELETE /v2.0/subnets/a30974d1-5fdc-4d2b-a142-76cbc8f718e7 HTTP/1.1" status: 404 len: 337 time: 0.0125751
2026-05-27 20:50:46.646 10 INFO neutron.api.wsgi [None req-01cb8c09-6222-461c-bc1a-ffa515e20fa8 392bdb423792479cbb77b180c9a99434 be481a30ccb3438f9f8dd767a2ceca1e - - default default] 10.0.0.203 "DELETE /v2.0/ports/f831926b-dbc9-41ae-b01e-b25a0cabd460 HTTP/1.1" status: 204 len: 168 time: 0.2307134
2026-05-27 20:50:46.740 10 INFO neutron.api.wsgi [None req-966c39d1-be85-4ec4-a442-45366dd97366 c7aef7122aed43fb98a77ae8928c148b 60a71b2f3ea2469690888e4695482d6c - - default default] 10.0.0.203 "DELETE /v2.0/routers/84b52c65-73bd-4500-9e10-7c316ae2bd50 HTTP/1.1" status: 204 len: 168 time: 0.7798188
2026-05-27 20:50:46.741 9 INFO neutron.api.wsgi [None req-f29b890d-f724-4140-8b72-a4754cb31cfd dc056c8deb23431ba2e9beda89dcabc5 3b35cac60b1d460183a5b1fb0ab2fa31 - - default default] 10.0.0.203 "DELETE /v2.0/networks/9dc46e6d-40f1-4de2-bf51-f53312e0d319 HTTP/1.1" status: 204 len: 168 time: 0.3273747
2026-05-27 20:50:46.898 9 INFO neutron.api.wsgi [None req-1aa2702c-05b2-46da-bd70-3eab008997df c7aef7122aed43fb98a77ae8928c148b 60a71b2f3ea2469690888e4695482d6c - - default default] 10.0.0.203 "DELETE /v2.0/subnets/50c70354-81d2-4a9a-a989-6d6799bdeb5c HTTP/1.1" status: 204 len: 168 time: 0.1545990
2026-05-27 20:50:47.051 9 INFO neutron.api.wsgi [None req-36c884d7-cc94-43aa-aa1c-2f0ec7cafd0b 392bdb423792479cbb77b180c9a99434 be481a30ccb3438f9f8dd767a2ceca1e - - default default] 10.0.0.203 "DELETE /v2.0/networks/1714e1b9-b3b3-403e-a6d0-1bf55829c252 HTTP/1.1" status: 204 len: 168 time: 0.4003906
2026-05-27 20:50:47.267 9 INFO neutron.api.wsgi [None req-af8a7c1c-f28c-4bf3-a7ed-95a77ba3127a c7aef7122aed43fb98a77ae8928c148b 60a71b2f3ea2469690888e4695482d6c - - default default] 10.0.0.203 "DELETE /v2.0/networks/8bd5074b-9752-4928-ae15-55ba01053cfe HTTP/1.1" status: 204 len: 168 time: 0.3636351
2026-05-27 20:50:47.291 9 INFO neutron.api.wsgi [req-72d3e0e2-9c90-4a7c-a9e7-3f682a1e71e9 req-11f0e25a-594e-472f-98da-e0c65a487b50 696490799a9c486fa514478952eeb149 237da8a303ee49e48bc0dac9791ea2c9 - - default default] 199.19.213.176 "GET /v2.0/networks?id=5a19adaa-8a62-4616-a279-b8517b295e42 HTTP/1.1" status: 200 len: 877 time: 0.0579937
2026-05-27 20:50:47.301 9 WARNING neutron_lib.context [req-72d3e0e2-9c90-4a7c-a9e7-3f682a1e71e9 req-612c0daa-123c-46a4-8886-7577e067ce41 696490799a9c486fa514478952eeb149 237da8a303ee49e48bc0dac9791ea2c9 - - default default] Method 'is_advsvc' is deprecated since 2023.2 release (neutron-lib 3.8.0) and will be removed once support for the old RBAC API policies will be removed from Neutron. Please use method 'is_service_role' instead.
2026-05-27 20:50:47.379 9 INFO neutron.api.wsgi [req-ac0cedaa-fc3e-4c18-8c86-21b7f19a69da req-51c5d82b-2d53-41c2-8db5-6a9241a2addd 696490799a9c486fa514478952eeb149 237da8a303ee49e48bc0dac9791ea2c9 - - default default] 10.0.0.199 "GET /v2.0/ports?device_id=6b214ebd-67cb-4b43-bab9-5b493adc91fd HTTP/1.1" status: 200 len: 210 time: 0.0243230
2026-05-27 20:50:47.451 10 INFO neutron.api.wsgi [None req-5f79a44d-fe2d-42b5-96a4-2621d6e29193 fc367df31778448aa17158a4cc8163ac 14333cf1279c42fdadeb68f5ee570e6a - - default default] 10.0.0.203 "GET /v2.0/security-groups?tenant_id=3b35cac60b1d460183a5b1fb0ab2fa31&name=default HTTP/1.1" status: 200 len: 3120 time: 0.1933954
2026-05-27 20:50:47.457 9 INFO neutron.services.segments.plugin [-] Segment 6f364e26-a3d3-4321-90fa-192c6b7a41c2 resource provider aggregate not found
2026-05-27 20:50:47.468 9 INFO neutron.services.segments.plugin [-] Segment 6f364e26-a3d3-4321-90fa-192c6b7a41c2 resource provider aggregate not found
2026-05-27 20:50:47.479 9 INFO neutron.services.segments.plugin [-] Segment 6f364e26-a3d3-4321-90fa-192c6b7a41c2 resource provider not found; error: Placement Client Error (4xx): {"errors": [{"status": 404, "title": "Not Found", "detail": "The resource could not be found.\n\n No resource provider with uuid 6f364e26-a3d3-4321-90fa-192c6b7a41c2 found for delete ", "request_id": "req-1de9d090-ea54-4468-9276-2565805699d0"}]}
2026-05-27 20:50:47.487 9 INFO neutron.services.segments.plugin [-] Segment 6f364e26-a3d3-4321-90fa-192c6b7a41c2 resource provider not found; error: Placement Client Error (4xx): {"errors": [{"status": 404, "title": "Not Found", "detail": "The resource could not be found.\n\n No resource provider with uuid 6f364e26-a3d3-4321-90fa-192c6b7a41c2 found for delete ", "request_id": "req-e8a353b8-6c93-4c02-ba43-bacd42c45543"}]}
2026-05-27 20:50:47.494 9 INFO neutron.services.segments.plugin [-] Segment d0250d7f-dfb9-4041-9c7c-d2626ac0bedb resource provider aggregate not found
2026-05-27 20:50:47.504 9 INFO neutron.services.segments.plugin [-] Segment d0250d7f-dfb9-4041-9c7c-d2626ac0bedb resource provider aggregate not found
2026-05-27 20:50:47.510 9 INFO neutron.services.segments.plugin [-] Segment d0250d7f-dfb9-4041-9c7c-d2626ac0bedb resource provider not found; error: Placement Client Error (4xx): {"errors": [{"status": 404, "title": "Not Found", "detail": "The resource could not be found.\n\n No resource provider with uuid d0250d7f-dfb9-4041-9c7c-d2626ac0bedb found for delete ", "request_id": "req-01fc8ce4-4c4c-463f-b8e8-933b944a4aec"}]}
2026-05-27 20:50:47.518 9 INFO neutron.services.segments.plugin [-] Segment d0250d7f-dfb9-4041-9c7c-d2626ac0bedb resource provider not found; error: Placement Client Error (4xx): {"errors": [{"status": 404, "title": "Not Found", "detail": "The resource could not be found.\n\n No resource provider with uuid d0250d7f-dfb9-4041-9c7c-d2626ac0bedb found for delete ", "request_id": "req-1678242f-a033-43fa-9f56-9848c186f89c"}]}
2026-05-27 20:50:47.523 9 INFO neutron.services.segments.plugin [-] Segment 052c668d-18c8-402d-abc9-1f77daf61840 resource provider aggregate not found
2026-05-27 20:50:47.530 9 INFO neutron.services.segments.plugin [-] Segment 052c668d-18c8-402d-abc9-1f77daf61840 resource provider aggregate not found
2026-05-27 20:50:47.536 9 INFO neutron.services.segments.plugin [-] Segment 052c668d-18c8-402d-abc9-1f77daf61840 resource provider not found; error: Placement Client Error (4xx): {"errors": [{"status": 404, "title": "Not Found", "detail": "The resource could not be found.\n\n No resource provider with uuid 052c668d-18c8-402d-abc9-1f77daf61840 found for delete ", "request_id": "req-58be102c-efd2-4244-bd85-19f4af9579a9"}]}
2026-05-27 20:50:47.541 9 INFO neutron.services.segments.plugin [-] Segment 052c668d-18c8-402d-abc9-1f77daf61840 resource provider not found; error: Placement Client Error (4xx): {"errors": [{"status": 404, "title": "Not Found", "detail": "The resource could not be found.\n\n No resource provider with uuid 052c668d-18c8-402d-abc9-1f77daf61840 found for delete ", "request_id": "req-c63daafc-b804-4321-ac5e-64cf73f05d00"}]}
2026-05-27 20:50:47.548 9 INFO neutron.services.segments.plugin [-] Segment 6e3b225a-6c49-47d5-b0be-028b1b347e7c resource provider aggregate not found
2026-05-27 20:50:47.563 9 INFO neutron.services.segments.plugin [-] Segment 6e3b225a-6c49-47d5-b0be-028b1b347e7c resource provider aggregate not found
2026-05-27 20:50:47.570 9 INFO neutron.services.segments.plugin [-] Segment 6e3b225a-6c49-47d5-b0be-028b1b347e7c resource provider not found; error: Placement Client Error (4xx): {"errors": [{"status": 404, "title": "Not Found", "detail": "The resource could not be found.\n\n No resource provider with uuid 6e3b225a-6c49-47d5-b0be-028b1b347e7c found for delete ", "request_id": "req-ef863d64-9d35-463f-a568-dfc4fb97b5e4"}]}
2026-05-27 20:50:47.582 9 INFO neutron.services.segments.plugin [-] Segment 6e3b225a-6c49-47d5-b0be-028b1b347e7c resource provider not found; error: Placement Client Error (4xx): {"errors": [{"status": 404, "title": "Not Found", "detail": "The resource could not be found.\n\n No resource provider with uuid 6e3b225a-6c49-47d5-b0be-028b1b347e7c found for delete ", "request_id": "req-726d424c-b855-42d4-89dc-9546249da4ca"}]}
2026-05-27 20:50:47.587 9 INFO neutron.services.segments.plugin [-] Segment 90d67d81-d385-4dbc-a741-1b77865f09d9 resource provider aggregate not found
2026-05-27 20:50:47.601 9 INFO neutron.services.segments.plugin [-] Segment 90d67d81-d385-4dbc-a741-1b77865f09d9 resource provider aggregate not found
2026-05-27 20:50:47.606 9 INFO neutron.services.segments.plugin [-] Segment 90d67d81-d385-4dbc-a741-1b77865f09d9 resource provider not found; error: Placement Client Error (4xx): {"errors": [{"status": 404, "title": "Not Found", "detail": "The resource could not be found.\n\n No resource provider with uuid 90d67d81-d385-4dbc-a741-1b77865f09d9 found for delete ", "request_id": "req-c5630f10-0ade-4329-9fd2-e890553c02cd"}]}
2026-05-27 20:50:47.614 9 INFO neutron.services.segments.plugin [-] Segment 90d67d81-d385-4dbc-a741-1b77865f09d9 resource provider not found; error: Placement Client Error (4xx): {"errors": [{"status": 404, "title": "Not Found", "detail": "The resource could not be found.\n\n No resource provider with uuid 90d67d81-d385-4dbc-a741-1b77865f09d9 found for delete ", "request_id": "req-bed8ed47-a3b8-4dae-9892-af487e0ae316"}]}
2026-05-27 20:50:47.677 10 INFO neutron.api.wsgi [None req-dc3144f0-1872-46e8-8acc-0169ef95e20e fc367df31778448aa17158a4cc8163ac 14333cf1279c42fdadeb68f5ee570e6a - - default default] 10.0.0.203 "GET /v2.0/security-groups?tenant_id=be481a30ccb3438f9f8dd767a2ceca1e&name=default HTTP/1.1" status: 200 len: 3120 time: 0.1200013
2026-05-27 20:50:47.726 9 WARNING neutron.scheduler.dhcp_agent_scheduler [req-72d3e0e2-9c90-4a7c-a9e7-3f682a1e71e9 req-612c0daa-123c-46a4-8886-7577e067ce41 696490799a9c486fa514478952eeb149 237da8a303ee49e48bc0dac9791ea2c9 - - default default] No more DHCP agents
2026-05-27 20:50:47.727 9 WARNING neutron.api.rpc.agentnotifiers.dhcp_rpc_agent_api [req-72d3e0e2-9c90-4a7c-a9e7-3f682a1e71e9 req-612c0daa-123c-46a4-8886-7577e067ce41 696490799a9c486fa514478952eeb149 237da8a303ee49e48bc0dac9791ea2c9 - - default default] Unable to schedule network 5a19adaa-8a62-4616-a279-b8517b295e42: no agents available; will retry on subsequent port and subnet creation events.
2026-05-27 20:50:47.776 9 INFO neutron.api.wsgi [None req-12ebfcd0-08fe-420e-a70d-f07685047e97 fc367df31778448aa17158a4cc8163ac 14333cf1279c42fdadeb68f5ee570e6a - - default default] 10.0.0.203 "DELETE /v2.0/security-groups/b28cd4d5-4d7c-4a5f-9a1f-353d84e093d9 HTTP/1.1" status: 204 len: 168 time: 0.3203995 /var/lib/openstack/lib/python3.12/site-packages/pycadf/identifier.py:71: UserWarning: Invalid uuid: neutron. To ensure interoperability, identifiers should be a valid uuid. warnings.warn(('Invalid uuid: %s. To ensure interoperability, '
2026-05-27 20:50:47.869 9 INFO neutron.api.wsgi [None req-8f7b5492-ef2c-4069-937b-27ff66dfd443 fc367df31778448aa17158a4cc8163ac 14333cf1279c42fdadeb68f5ee570e6a - - default default] 10.0.0.203 "GET /v2.0/security-groups?tenant_id=60a71b2f3ea2469690888e4695482d6c&name=default HTTP/1.1" status: 200 len: 3120 time: 0.0902278
2026-05-27 20:50:47.881 10 INFO neutron.api.wsgi [None req-8870c130-77a8-4efb-a91e-1819f05587ce fc367df31778448aa17158a4cc8163ac 14333cf1279c42fdadeb68f5ee570e6a - - default default] 10.0.0.203 "DELETE /v2.0/security-groups/609e84df-4122-4da9-a8a3-5795bde0fdca HTTP/1.1" status: 204 len: 168 time: 0.1995802
2026-05-27 20:50:47.893 9 INFO neutron.db.ovn_revision_numbers_db [req-72d3e0e2-9c90-4a7c-a9e7-3f682a1e71e9 req-612c0daa-123c-46a4-8886-7577e067ce41 696490799a9c486fa514478952eeb149 237da8a303ee49e48bc0dac9791ea2c9 - - default default] Successfully bumped revision number for resource 304e515e-140c-4901-97d9-ec221d57262f (type: ports) to 1
2026-05-27 20:50:47.924 9 INFO neutron.api.wsgi [req-72d3e0e2-9c90-4a7c-a9e7-3f682a1e71e9 req-612c0daa-123c-46a4-8886-7577e067ce41 696490799a9c486fa514478952eeb149 237da8a303ee49e48bc0dac9791ea2c9 - - default default] 199.19.213.176 "POST /v2.0/ports HTTP/1.1" status: 201 len: 1158 time: 0.6259835
2026-05-27 20:50:48.112 9 INFO neutron.api.wsgi [None req-7079c4da-497f-458d-8b49-1b0a2b10804c fc367df31778448aa17158a4cc8163ac 14333cf1279c42fdadeb68f5ee570e6a - - default default] 10.0.0.203 "DELETE /v2.0/security-groups/dcf5afd9-693d-4b80-852b-fd1199d8c3c0 HTTP/1.1" status: 204 len: 168 time: 0.2376487
2026-05-27 20:50:48.325 9 INFO neutron.db.ovn_revision_numbers_db [req-72d3e0e2-9c90-4a7c-a9e7-3f682a1e71e9 req-75557f86-7723-48f4-8e0b-b44b7597add3 e3107a1923d24722834d3f15eb8abab5 648eed71e8864f19b4f80e442a30f247 - - 9475e5ee510e48719cff67af03a81c01 9475e5ee510e48719cff67af03a81c01] Successfully bumped revision number for resource 304e515e-140c-4901-97d9-ec221d57262f (type: ports) to 2
2026-05-27 20:50:48.502 10 INFO neutron.api.wsgi [req-4d5eeb16-33f6-4a2c-9bf9-dbf282a98b69 req-f2c2794e-64a2-4cc1-9438-a6f5cceb35db 696490799a9c486fa514478952eeb149 237da8a303ee49e48bc0dac9791ea2c9 - - default default] 10.0.0.199 "GET /v2.0/ports?device_id=6b214ebd-67cb-4b43-bab9-5b493adc91fd HTTP/1.1" status: 200 len: 1168 time: 0.0724654
2026-05-27 20:50:48.546 9 INFO neutron.db.ovn_revision_numbers_db [req-72d3e0e2-9c90-4a7c-a9e7-3f682a1e71e9 req-75557f86-7723-48f4-8e0b-b44b7597add3 e3107a1923d24722834d3f15eb8abab5 648eed71e8864f19b4f80e442a30f247 - - 9475e5ee510e48719cff67af03a81c01 9475e5ee510e48719cff67af03a81c01] Successfully bumped revision number for resource 304e515e-140c-4901-97d9-ec221d57262f (type: ports) to 4
2026-05-27 20:50:48.551 10 INFO neutron.api.wsgi [req-4d5eeb16-33f6-4a2c-9bf9-dbf282a98b69 req-fbc5b22a-dd29-4925-8740-65119f32061f 696490799a9c486fa514478952eeb149 237da8a303ee49e48bc0dac9791ea2c9 - - default default] 10.0.0.199 "GET /v2.0/security-groups?id=cd258096-c2bb-41c3-8238-e3f83ce0a5ac&fields=id&fields=name HTTP/1.1" status: 200 len: 286 time: 0.0412841
2026-05-27 20:50:48.561 9 INFO neutron.api.wsgi [req-72d3e0e2-9c90-4a7c-a9e7-3f682a1e71e9 req-75557f86-7723-48f4-8e0b-b44b7597add3 e3107a1923d24722834d3f15eb8abab5 648eed71e8864f19b4f80e442a30f247 - - 9475e5ee510e48719cff67af03a81c01 9475e5ee510e48719cff67af03a81c01] 199.19.213.176 "PUT /v2.0/ports/304e515e-140c-4901-97d9-ec221d57262f HTTP/1.1" status: 200 len: 1404 time: 0.6338563
2026-05-27 20:50:48.597 9 INFO neutron.notifiers.nova [-] Nova event matching ['req-542a70fd-f916-4356-91ea-a17be252c09b'] response: {'name': 'network-changed', 'server_uuid': '6b214ebd-67cb-4b43-bab9-5b493adc91fd', 'tag': '304e515e-140c-4901-97d9-ec221d57262f', 'status': 'completed', 'code': 200} /var/lib/openstack/lib/python3.12/site-packages/pycadf/identifier.py:71: UserWarning: Invalid uuid: neutron. To ensure interoperability, identifiers should be a valid uuid. warnings.warn(('Invalid uuid: %s. To ensure interoperability, '
2026-05-27 20:50:49.138 9 INFO neutron.api.wsgi [req-218a48d1-f4c4-4400-9f11-08543e851e1f req-8cd873a2-e05e-474d-a84e-9721b7dd5d72 e3107a1923d24722834d3f15eb8abab5 648eed71e8864f19b4f80e442a30f247 - - 9475e5ee510e48719cff67af03a81c01 9475e5ee510e48719cff67af03a81c01] 199.19.213.176 "GET /v2.0/ports?tenant_id=237da8a303ee49e48bc0dac9791ea2c9&device_id=6b214ebd-67cb-4b43-bab9-5b493adc91fd HTTP/1.1" status: 200 len: 1407 time: 0.0309563
2026-05-27 20:50:49.187 9 INFO neutron.api.wsgi [req-218a48d1-f4c4-4400-9f11-08543e851e1f req-113e0c05-dd83-41ca-9bce-cc301738490d e3107a1923d24722834d3f15eb8abab5 648eed71e8864f19b4f80e442a30f247 - - 9475e5ee510e48719cff67af03a81c01 9475e5ee510e48719cff67af03a81c01] 199.19.213.176 "GET /v2.0/networks?tenant_id=237da8a303ee49e48bc0dac9791ea2c9&shared=False HTTP/1.1" status: 200 len: 976 time: 0.0442045
2026-05-27 20:50:49.226 9 INFO neutron.api.wsgi [req-218a48d1-f4c4-4400-9f11-08543e851e1f req-f9458cdc-f27e-44b3-b68a-8e091cf4749d e3107a1923d24722834d3f15eb8abab5 648eed71e8864f19b4f80e442a30f247 - - 9475e5ee510e48719cff67af03a81c01 9475e5ee510e48719cff67af03a81c01] 199.19.213.176 "GET /v2.0/networks?shared=True HTTP/1.1" status: 200 len: 952 time: 0.0346322
2026-05-27 20:50:49.457 9 WARNING neutron_lib.context [None req-c9c66bad-5dfd-44c0-8238-bfeddfc3e99b ee79adceaefd4710aa199597fae25f3b 76e020bd488c4ae39b222b2cacf6f794 - - default default] Method 'is_advsvc' is deprecated since 2023.2 release (neutron-lib 3.8.0) and will be removed once support for the old RBAC API policies will be removed from Neutron. Please use method 'is_service_role' instead.
2026-05-27 20:50:49.594 9 INFO neutron.db.ovn_revision_numbers_db [None req-c9c66bad-5dfd-44c0-8238-bfeddfc3e99b ee79adceaefd4710aa199597fae25f3b 76e020bd488c4ae39b222b2cacf6f794 - - default default] Successfully bumped revision number for resource 9ec5ce98-a677-4425-bd90-8850e55a9d0d (type: security_groups) to 1
2026-05-27 20:50:49.609 9 INFO neutron.db.ovn_revision_numbers_db [None req-c9c66bad-5dfd-44c0-8238-bfeddfc3e99b ee79adceaefd4710aa199597fae25f3b 76e020bd488c4ae39b222b2cacf6f794 - - default default] Successfully bumped revision number for resource 4c19d446-8e4f-4a2b-a105-0ce89c854fde (type: security_group_rules) to 0
2026-05-27 20:50:49.622 9 INFO neutron.db.ovn_revision_numbers_db [None req-c9c66bad-5dfd-44c0-8238-bfeddfc3e99b ee79adceaefd4710aa199597fae25f3b 76e020bd488c4ae39b222b2cacf6f794 - - default default] Successfully bumped revision number for resource 5d90d618-c404-4c80-9532-450bf69a856f (type: security_group_rules) to 0
2026-05-27 20:50:49.635 9 INFO neutron.db.ovn_revision_numbers_db [None req-c9c66bad-5dfd-44c0-8238-bfeddfc3e99b ee79adceaefd4710aa199597fae25f3b 76e020bd488c4ae39b222b2cacf6f794 - - default default] Successfully bumped revision number for resource 94563937-a42e-4459-9717-cd6262104782 (type: security_group_rules) to 0
2026-05-27 20:50:49.654 9 INFO neutron.db.ovn_revision_numbers_db [None req-c9c66bad-5dfd-44c0-8238-bfeddfc3e99b ee79adceaefd4710aa199597fae25f3b 76e020bd488c4ae39b222b2cacf6f794 - - default default] Successfully bumped revision number for resource f7e211b0-0b39-4ea4-9609-e3b9d131601e (type: security_group_rules) to 0
2026-05-27 20:50:49.663 10 INFO neutron.api.wsgi [req-8a44a72c-c954-41d5-94b8-f2408fe8fc2f req-e8324857-2031-4338-b3ae-10a7ed5c05e8 696490799a9c486fa514478952eeb149 237da8a303ee49e48bc0dac9791ea2c9 - - default default] 10.0.0.199 "GET /v2.0/ports?device_id=6b214ebd-67cb-4b43-bab9-5b493adc91fd HTTP/1.1" status: 200 len: 1168 time: 0.0479548
2026-05-27 20:50:49.687 10 WARNING neutron_lib.context [None req-6b6b7d2c-521e-447c-8d68-e9743a3811fc d8493c2b0c6540fcb2022bd6346aaf43 a7bdc271dba941148f3d2d50cd43b03b - - default default] Method 'is_advsvc' is deprecated since 2023.2 release (neutron-lib 3.8.0) and will be removed once support for the old RBAC API policies will be removed from Neutron. Please use method 'is_service_role' instead.
2026-05-27 20:50:49.704 10 INFO neutron.api.wsgi [req-8a44a72c-c954-41d5-94b8-f2408fe8fc2f req-fec55b16-bf61-4058-a2d4-ddae00842b1b 696490799a9c486fa514478952eeb149 237da8a303ee49e48bc0dac9791ea2c9 - - default default] 10.0.0.199 "GET /v2.0/security-groups?id=cd258096-c2bb-41c3-8238-e3f83ce0a5ac&fields=id&fields=name HTTP/1.1" status: 200 len: 286 time: 0.0338225
2026-05-27 20:50:49.717 9 INFO neutron.db.segments_db [None req-c9c66bad-5dfd-44c0-8238-bfeddfc3e99b ee79adceaefd4710aa199597fae25f3b 76e020bd488c4ae39b222b2cacf6f794 - - default default] Added segment 8dfc7dce-1b3d-4f45-a158-1c0e4aad810c of type geneve for network 66e4980d-7782-44e2-87e7-4453a96a99f7
2026-05-27 20:50:49.814 9 INFO neutron.db.ovn_revision_numbers_db [None req-c9c66bad-5dfd-44c0-8238-bfeddfc3e99b ee79adceaefd4710aa199597fae25f3b 76e020bd488c4ae39b222b2cacf6f794 - - default default] Successfully bumped revision number for resource 66e4980d-7782-44e2-87e7-4453a96a99f7 (type: networks) to 1
