2026-05-27 20:50:13.609 10 INFO neutron.api.wsgi [req-f3862550-9a13-432c-ac60-9ff65b04bcf4 req-e416a8b6-1b2e-4072-a7ff-20bb710e93dd be7d737fb60d4712a7dd8271fb05d042 1c5d219285054842b48170ddb0e545dc - - default default] 10.0.0.199 "GET /v2.0/security-groups?id=b5b87a55-930a-4b6f-b167-421cd9074f19&fields=id&fields=name HTTP/1.1" status: 200 len: 313 time: 0.0331995
2026-05-27 20:50:13.759 9 INFO neutron.db.ovn_revision_numbers_db [None req-66c61cec-f060-4c9a-9568-9a8d91f65828 fc367df31778448aa17158a4cc8163ac 14333cf1279c42fdadeb68f5ee570e6a - - default default] Successfully bumped revision number for resource cf0b8043-015e-452e-92b6-12244d662442 (type: security_groups) to 1
2026-05-27 20:50:13.773 9 INFO neutron.db.ovn_revision_numbers_db [None req-66c61cec-f060-4c9a-9568-9a8d91f65828 fc367df31778448aa17158a4cc8163ac 14333cf1279c42fdadeb68f5ee570e6a - - default default] Successfully bumped revision number for resource 1168c642-c5b5-41f4-83fe-e6539495fe3d (type: security_group_rules) to 0
2026-05-27 20:50:13.795 9 INFO neutron.db.ovn_revision_numbers_db [None req-66c61cec-f060-4c9a-9568-9a8d91f65828 fc367df31778448aa17158a4cc8163ac 14333cf1279c42fdadeb68f5ee570e6a - - default default] Successfully bumped revision number for resource 2a8c60a8-997b-4c6f-a60a-b26547dae15d (type: security_group_rules) to 0
2026-05-27 20:50:13.811 9 INFO neutron.db.ovn_revision_numbers_db [None req-66c61cec-f060-4c9a-9568-9a8d91f65828 fc367df31778448aa17158a4cc8163ac 14333cf1279c42fdadeb68f5ee570e6a - - default default] Successfully bumped revision number for resource 6b21b72e-ecde-442c-9cda-680bf2eddc00 (type: security_group_rules) to 0
2026-05-27 20:50:13.826 9 INFO neutron.db.ovn_revision_numbers_db [None req-66c61cec-f060-4c9a-9568-9a8d91f65828 fc367df31778448aa17158a4cc8163ac 14333cf1279c42fdadeb68f5ee570e6a - - default default] Successfully bumped revision number for resource 76e86973-bc80-470f-b395-6531e818e1fb (type: security_group_rules) to 0
2026-05-27 20:50:13.864 9 INFO neutron.api.wsgi [None req-66c61cec-f060-4c9a-9568-9a8d91f65828 fc367df31778448aa17158a4cc8163ac 14333cf1279c42fdadeb68f5ee570e6a - - default default] 10.0.0.203 "GET /v2.0/security-groups?tenant_id=c1511e08aebf46349f7f273e2cf9663e&name=default HTTP/1.1" status: 200 len: 3120 time: 0.4147272
2026-05-27 20:50:14.068 9 INFO neutron.api.wsgi [None req-14aae5ad-24ac-48c5-a623-702aed4b8492 fc367df31778448aa17158a4cc8163ac 14333cf1279c42fdadeb68f5ee570e6a - - default default] 10.0.0.203 "DELETE /v2.0/security-groups/cf0b8043-015e-452e-92b6-12244d662442 HTTP/1.1" status: 204 len: 168 time: 0.1996472
2026-05-27 20:50:14.373 9 INFO neutron.api.wsgi [None req-e09be2f5-f61c-4edb-928f-9156cb6c929e 95c128c87b44404c906e5642ed279352 ad9e2fdd64e04e38bfda6bc31e55305e - - default default] 10.0.0.203 "DELETE /v2.0/security-groups/c02f4b8b-4081-4a67-b3e5-7b6a91fbced6 HTTP/1.1" status: 204 len: 168 time: 0.1243801
2026-05-27 20:50:14.385 9 INFO neutron.api.v2.resource [None req-5fe7f8a0-eae7-4aaa-9cf1-2b5d31a83fa7 95c128c87b44404c906e5642ed279352 ad9e2fdd64e04e38bfda6bc31e55305e - - default default] show failed (client error): The resource could not be found.
2026-05-27 20:50:14.387 9 INFO neutron.api.wsgi [None req-5fe7f8a0-eae7-4aaa-9cf1-2b5d31a83fa7 95c128c87b44404c906e5642ed279352 ad9e2fdd64e04e38bfda6bc31e55305e - - default default] 10.0.0.203 "GET /v2.0/security-groups/c02f4b8b-4081-4a67-b3e5-7b6a91fbced6 HTTP/1.1" status: 404 len: 347 time: 0.0088019
2026-05-27 20:50:14.678 9 INFO neutron.api.wsgi [None req-29ae1143-0d4f-482e-a811-52cd56863f8b 95c128c87b44404c906e5642ed279352 ad9e2fdd64e04e38bfda6bc31e55305e - - default default] 10.0.0.203 "DELETE /v2.0/floatingips/4bb8a2d9-83bb-407c-af8f-18380e15068c HTTP/1.1" status: 204 len: 168 time: 0.2860987
2026-05-27 20:50:14.735 9 INFO neutron.api.wsgi [req-02960f0f-08c5-4e31-975c-1b10390efb5b req-4e5734b5-75b8-4375-945b-ad44a1decc78 be7d737fb60d4712a7dd8271fb05d042 1c5d219285054842b48170ddb0e545dc - - default default] 10.0.0.199 "GET /v2.0/ports?device_id=cd32d545-bc2b-4575-9bdc-ba8b736539a5 HTTP/1.1" status: 200 len: 1170 time: 0.0693383
2026-05-27 20:50:14.793 9 INFO neutron.api.wsgi [req-02960f0f-08c5-4e31-975c-1b10390efb5b req-22bb4daf-591f-4469-9c21-20b1165d9848 be7d737fb60d4712a7dd8271fb05d042 1c5d219285054842b48170ddb0e545dc - - default default] 10.0.0.199 "GET /v2.0/security-groups?id=b5b87a55-930a-4b6f-b167-421cd9074f19&fields=id&fields=name HTTP/1.1" status: 200 len: 313 time: 0.0500412
2026-05-27 20:50:14.824 10 INFO neutron.notifiers.nova [-] Nova event matching ['req-2814ec05-a120-4aa1-984c-70213e6a140c'] response: {'server_uuid': 'cd32d545-bc2b-4575-9bdc-ba8b736539a5', 'name': 'network-vif-plugged', 'status': 'completed', 'tag': '7a118e28-b616-4b32-91b1-11c682a1a8fb', 'code': 200}
2026-05-27 20:50:14.895 9 INFO neutron.api.wsgi [req-2501985b-bc37-4dcf-9037-713921391923 req-ac9b4945-6999-4f25-a90f-956e1c006bab be7d737fb60d4712a7dd8271fb05d042 1c5d219285054842b48170ddb0e545dc - - default default] 10.0.0.199 "GET /v2.0/ports?device_id=cd32d545-bc2b-4575-9bdc-ba8b736539a5 HTTP/1.1" status: 200 len: 1170 time: 0.0380726
2026-05-27 20:50:15.476 9 INFO neutron.db.ovn_revision_numbers_db [None req-caf7d4a6-9e20-4770-8c4f-649a31d74ead be7d737fb60d4712a7dd8271fb05d042 1c5d219285054842b48170ddb0e545dc - - default default] Successfully bumped revision number for resource e06afec2-a025-4cb5-9c7f-395f6fc7e8af (type: floatingips) to 1
2026-05-27 20:50:15.611 9 INFO neutron.db.ovn_revision_numbers_db [None req-caf7d4a6-9e20-4770-8c4f-649a31d74ead be7d737fb60d4712a7dd8271fb05d042 1c5d219285054842b48170ddb0e545dc - - default default] Successfully bumped revision number for resource e06afec2-a025-4cb5-9c7f-395f6fc7e8af (type: floatingips) to 2
2026-05-27 20:50:15.611 9 INFO neutron.db.l3_db [None req-caf7d4a6-9e20-4770-8c4f-649a31d74ead be7d737fb60d4712a7dd8271fb05d042 1c5d219285054842b48170ddb0e545dc - - default default] Floating IP e06afec2-a025-4cb5-9c7f-395f6fc7e8af associated. External IP: 10.96.250.216, port: 7a118e28-b616-4b32-91b1-11c682a1a8fb.
2026-05-27 20:50:15.637 9 INFO neutron.api.wsgi [None req-caf7d4a6-9e20-4770-8c4f-649a31d74ead be7d737fb60d4712a7dd8271fb05d042 1c5d219285054842b48170ddb0e545dc - - default default] 10.0.0.203 "PUT /v2.0/floatingips/e06afec2-a025-4cb5-9c7f-395f6fc7e8af HTTP/1.1" status: 200 len: 1049 time: 0.7255185
2026-05-27 20:50:15.668 9 INFO neutron.notifiers.nova [-] Nova event matching ['req-0e66be10-e911-49f4-96a1-31f05063aeb2'] response: {'name': 'network-changed', 'server_uuid': 'cd32d545-bc2b-4575-9bdc-ba8b736539a5', 'tag': '7a118e28-b616-4b32-91b1-11c682a1a8fb', 'status': 'completed', 'code': 200} /var/lib/openstack/lib/python3.12/site-packages/pycadf/identifier.py:71: UserWarning: Invalid uuid: neutron. To ensure interoperability, identifiers should be a valid uuid. warnings.warn(('Invalid uuid: %s. To ensure interoperability, '
2026-05-27 20:50:15.727 9 INFO neutron.api.wsgi [req-d43eafaa-2412-4c4b-9496-73920a656e74 req-3ae64c58-c9bf-4410-b86a-8ecb4f22ac64 be7d737fb60d4712a7dd8271fb05d042 1c5d219285054842b48170ddb0e545dc - - default default] 10.0.0.199 "GET /v2.0/ports?device_id=cd32d545-bc2b-4575-9bdc-ba8b736539a5 HTTP/1.1" status: 200 len: 1170 time: 0.0575175
2026-05-27 20:50:15.768 9 INFO neutron.api.wsgi [req-d43eafaa-2412-4c4b-9496-73920a656e74 req-280a10df-8407-46a4-b2b0-e07016cb6a2b be7d737fb60d4712a7dd8271fb05d042 1c5d219285054842b48170ddb0e545dc - - default default] 10.0.0.199 "GET /v2.0/security-groups?id=b5b87a55-930a-4b6f-b167-421cd9074f19&fields=id&fields=name HTTP/1.1" status: 200 len: 313 time: 0.0375721
2026-05-27 20:50:16.038 9 INFO neutron.api.wsgi [None req-3a76f8bb-5abb-4258-ad6f-571b94dea5da fc367df31778448aa17158a4cc8163ac 14333cf1279c42fdadeb68f5ee570e6a - - default default] 10.0.0.203 "PUT /v2.0/routers/80c70a0c-7eb5-40ff-9b40-d96b59f85d21/remove_router_interface HTTP/1.1" status: 200 len: 503 time: 1.3009548
2026-05-27 20:50:16.038 10 INFO neutron.api.wsgi [req-edfd2b39-67ad-480c-b778-8f7f263e1159 req-352b3cbe-257d-46a2-98b9-d902a785f984 be7d737fb60d4712a7dd8271fb05d042 1c5d219285054842b48170ddb0e545dc - - default default] 10.0.0.199 "GET /v2.0/ports?device_id=cd32d545-bc2b-4575-9bdc-ba8b736539a5 HTTP/1.1" status: 200 len: 1170 time: 0.0683591 /var/lib/openstack/lib/python3.12/site-packages/pycadf/identifier.py:71: UserWarning: Invalid uuid: neutron. To ensure interoperability, identifiers should be a valid uuid. warnings.warn(('Invalid uuid: %s. To ensure interoperability, '
2026-05-27 20:50:16.082 10 INFO neutron.api.wsgi [req-edfd2b39-67ad-480c-b778-8f7f263e1159 req-a30f94c5-b0b9-4bfb-a755-dac47a3936e7 be7d737fb60d4712a7dd8271fb05d042 1c5d219285054842b48170ddb0e545dc - - default default] 10.0.0.199 "GET /v2.0/security-groups?id=b5b87a55-930a-4b6f-b167-421cd9074f19&fields=id&fields=name HTTP/1.1" status: 200 len: 313 time: 0.0339341
2026-05-27 20:50:16.223 9 INFO neutron.api.wsgi [req-5da84467-f342-4ba4-be9b-8f798b9b7c76 req-9101a697-d379-4b4b-ab65-790e139f405f e3107a1923d24722834d3f15eb8abab5 648eed71e8864f19b4f80e442a30f247 - - 9475e5ee510e48719cff67af03a81c01 9475e5ee510e48719cff67af03a81c01] 199.19.213.176 "GET /v2.0/ports?tenant_id=1c5d219285054842b48170ddb0e545dc&device_id=cd32d545-bc2b-4575-9bdc-ba8b736539a5 HTTP/1.1" status: 200 len: 1409 time: 0.0434096
2026-05-27 20:50:16.279 9 INFO neutron.api.wsgi [req-5da84467-f342-4ba4-be9b-8f798b9b7c76 req-b752e849-b4f7-4990-b247-e9cb0ce569f4 e3107a1923d24722834d3f15eb8abab5 648eed71e8864f19b4f80e442a30f247 - - 9475e5ee510e48719cff67af03a81c01 9475e5ee510e48719cff67af03a81c01] 199.19.213.176 "GET /v2.0/networks?id=77b62125-fee8-4d76-8ad0-d38034b0ea18 HTTP/1.1" status: 200 len: 974 time: 0.0514176
2026-05-27 20:50:16.333 9 INFO neutron.api.wsgi [req-5da84467-f342-4ba4-be9b-8f798b9b7c76 req-b696110b-7ca1-4ffa-b2ee-9e55a83f4135 e3107a1923d24722834d3f15eb8abab5 648eed71e8864f19b4f80e442a30f247 - - 9475e5ee510e48719cff67af03a81c01 9475e5ee510e48719cff67af03a81c01] 199.19.213.176 "GET /v2.0/floatingips?fixed_ip_address=10.100.0.6&port_id=7a118e28-b616-4b32-91b1-11c682a1a8fb HTTP/1.1" status: 200 len: 1059 time: 0.0486772
2026-05-27 20:50:16.379 9 INFO neutron.api.wsgi [req-5da84467-f342-4ba4-be9b-8f798b9b7c76 req-06d499fe-fba7-4a0c-ab00-00d8f8807bde e3107a1923d24722834d3f15eb8abab5 648eed71e8864f19b4f80e442a30f247 - - 9475e5ee510e48719cff67af03a81c01 9475e5ee510e48719cff67af03a81c01] 199.19.213.176 "GET /v2.0/subnets?id=8c2b98dd-430d-4a70-9660-c56e467d44a2 HTTP/1.1" status: 200 len: 893 time: 0.0390956
2026-05-27 20:50:16.402 9 INFO neutron.api.wsgi [req-5da84467-f342-4ba4-be9b-8f798b9b7c76 req-89a48482-3476-45e7-ab57-50d308da90f1 e3107a1923d24722834d3f15eb8abab5 648eed71e8864f19b4f80e442a30f247 - - 9475e5ee510e48719cff67af03a81c01 9475e5ee510e48719cff67af03a81c01] 199.19.213.176 "GET /v2.0/ports?network_id=77b62125-fee8-4d76-8ad0-d38034b0ea18&device_owner=network%3Adhcp HTTP/1.1" status: 200 len: 210 time: 0.0182920
2026-05-27 20:50:16.457 9 INFO neutron.api.wsgi [req-5da84467-f342-4ba4-be9b-8f798b9b7c76 req-2a5a12fd-2c9c-4a19-8b9f-8e64aeff8c03 e3107a1923d24722834d3f15eb8abab5 648eed71e8864f19b4f80e442a30f247 - - 9475e5ee510e48719cff67af03a81c01 9475e5ee510e48719cff67af03a81c01] 199.19.213.176 "GET /v2.0/networks/77b62125-fee8-4d76-8ad0-d38034b0ea18?fields=segments HTTP/1.1" status: 200 len: 212 time: 0.0510643
2026-05-27 20:50:16.516 10 INFO neutron.plugins.ml2.drivers.ovn.mech_driver.mech_driver [None req-81a413ca-d88f-4ddc-9f15-ba0804c520a1 - - - - - -] OVN reports status down for port: 7a118e28-b616-4b32-91b1-11c682a1a8fb
2026-05-27 20:50:16.536 9 INFO neutron.api.wsgi [req-5da84467-f342-4ba4-be9b-8f798b9b7c76 req-a3b21800-cbf2-41a2-9ee4-942dfcf0bc01 e3107a1923d24722834d3f15eb8abab5 648eed71e8864f19b4f80e442a30f247 - - 9475e5ee510e48719cff67af03a81c01 9475e5ee510e48719cff67af03a81c01] 199.19.213.176 "GET /v2.0/networks/77b62125-fee8-4d76-8ad0-d38034b0ea18?fields=provider%3Aphysical_network&fields=provider%3Anetwork_type HTTP/1.1" status: 200 len: 277 time: 0.0718975
2026-05-27 20:50:16.859 10 INFO neutron.notifiers.nova [-] Nova event matching ['req-86452072-6398-425b-bb2f-1fe060563ad8'] response: {'server_uuid': 'cd32d545-bc2b-4575-9bdc-ba8b736539a5', 'name': 'network-vif-unplugged', 'status': 'completed', 'tag': '7a118e28-b616-4b32-91b1-11c682a1a8fb', 'code': 200}
2026-05-27 20:50:16.867 10 INFO neutron.db.ovn_revision_numbers_db [None req-81a413ca-d88f-4ddc-9f15-ba0804c520a1 - - - - - -] Successfully bumped revision number for resource 7a118e28-b616-4b32-91b1-11c682a1a8fb (type: ports) to 6
2026-05-27 20:50:17.021 9 INFO neutron.api.wsgi [None req-2f7d6aef-89e8-40aa-81b7-3553532dc0e4 fc367df31778448aa17158a4cc8163ac 14333cf1279c42fdadeb68f5ee570e6a - - default default] 10.0.0.203 "DELETE /v2.0/routers/80c70a0c-7eb5-40ff-9b40-d96b59f85d21 HTTP/1.1" status: 204 len: 168 time: 0.9737391 /var/lib/openstack/lib/python3.12/site-packages/pycadf/identifier.py:71: UserWarning: Invalid uuid: neutron. To ensure interoperability, identifiers should be a valid uuid. warnings.warn(('Invalid uuid: %s. To ensure interoperability, '
2026-05-27 20:50:17.183 10 INFO neutron.api.wsgi [req-c8706845-ce8c-487d-ae81-dcb94edf5ec5 req-a55d3fb9-a8dd-4398-8953-8e2a5faf262d be7d737fb60d4712a7dd8271fb05d042 1c5d219285054842b48170ddb0e545dc - - default default] 10.0.0.199 "GET /v2.0/ports?device_id=cd32d545-bc2b-4575-9bdc-ba8b736539a5 HTTP/1.1" status: 200 len: 1168 time: 0.0325487
2026-05-27 20:50:17.196 9 INFO neutron.api.wsgi [None req-f42b472d-da77-4669-8d56-6a1a55e96d72 fc367df31778448aa17158a4cc8163ac 14333cf1279c42fdadeb68f5ee570e6a - - default default] 10.0.0.203 "DELETE /v2.0/subnets/9399230d-df71-491f-b7ef-73a04f593f5f HTTP/1.1" status: 204 len: 168 time: 0.1669865
2026-05-27 20:50:17.228 10 INFO neutron.api.wsgi [req-c8706845-ce8c-487d-ae81-dcb94edf5ec5 req-37291922-7659-4307-a5e3-15cce4d396b9 be7d737fb60d4712a7dd8271fb05d042 1c5d219285054842b48170ddb0e545dc - - default default] 10.0.0.199 "GET /v2.0/security-groups?id=b5b87a55-930a-4b6f-b167-421cd9074f19&fields=id&fields=name HTTP/1.1" status: 200 len: 313 time: 0.0376518
2026-05-27 20:50:17.551 9 INFO neutron.api.wsgi [None req-980cfa7a-10f6-4c23-9893-639a5693b9ea fc367df31778448aa17158a4cc8163ac 14333cf1279c42fdadeb68f5ee570e6a - - default default] 10.0.0.203 "DELETE /v2.0/networks/2e67ea8b-74f4-4802-9918-83e59f7704a0 HTTP/1.1" status: 204 len: 168 time: 0.3488865
2026-05-27 20:50:17.715 9 INFO neutron.api.wsgi [None req-1e462795-e9e1-4c8a-875f-6c6b566eec7d fc367df31778448aa17158a4cc8163ac 14333cf1279c42fdadeb68f5ee570e6a - - default default] 10.0.0.203 "GET /v2.0/security-groups?tenant_id=ad9e2fdd64e04e38bfda6bc31e55305e&name=default HTTP/1.1" status: 200 len: 3120 time: 0.0355434
2026-05-27 20:50:17.791 9 INFO neutron.api.wsgi [req-1b9e85df-b0d1-4ae5-a0a9-73ded4c58d4a req-7c6679e9-86e4-4a8f-9ddd-b88794754cb3 be7d737fb60d4712a7dd8271fb05d042 1c5d219285054842b48170ddb0e545dc - - default default] 199.19.213.176 "GET /v2.0/ports?device_id=cd32d545-bc2b-4575-9bdc-ba8b736539a5 HTTP/1.1" status: 200 len: 1168 time: 0.0409186
2026-05-27 20:50:17.988 9 INFO neutron.services.segments.plugin [-] Segment e084ce11-0ae5-4a90-a723-5d43867383cb resource provider aggregate not found
2026-05-27 20:50:18.008 9 INFO neutron.services.segments.plugin [-] Segment e084ce11-0ae5-4a90-a723-5d43867383cb resource provider aggregate not found
2026-05-27 20:50:18.014 9 INFO neutron.services.segments.plugin [-] Segment e084ce11-0ae5-4a90-a723-5d43867383cb resource provider not found; error: Placement Client Error (4xx): {"errors": [{"status": 404, "title": "Not Found", "detail": "The resource could not be found.\n\n No resource provider with uuid e084ce11-0ae5-4a90-a723-5d43867383cb found for delete ", "request_id": "req-befa88b5-a0c1-41f7-986d-ebe2f0d3385c"}]}
2026-05-27 20:50:18.017 9 INFO neutron.api.wsgi [None req-b57615f5-1a2a-4684-b6f0-a2b7a7c4c899 fc367df31778448aa17158a4cc8163ac 14333cf1279c42fdadeb68f5ee570e6a - - default default] 10.0.0.203 "DELETE /v2.0/security-groups/33be6e47-f189-4f95-bbd0-12729902a326 HTTP/1.1" status: 204 len: 168 time: 0.2976372
2026-05-27 20:50:18.025 9 INFO neutron.services.segments.plugin [-] Segment e084ce11-0ae5-4a90-a723-5d43867383cb resource provider not found; error: Placement Client Error (4xx): {"errors": [{"status": 404, "title": "Not Found", "detail": "The resource could not be found.\n\n No resource provider with uuid e084ce11-0ae5-4a90-a723-5d43867383cb found for delete ", "request_id": "req-f665a273-a34d-4658-abe7-d3783ae41958"}]}
2026-05-27 20:50:18.163 9 INFO neutron.db.l3_db [req-1b9e85df-b0d1-4ae5-a0a9-73ded4c58d4a req-2623e3ca-fa91-4843-bba6-409a103f23ca be7d737fb60d4712a7dd8271fb05d042 1c5d219285054842b48170ddb0e545dc - - default default] Floating IP e06afec2-a025-4cb5-9c7f-395f6fc7e8af disassociated. External IP: 10.96.250.216, port: 7a118e28-b616-4b32-91b1-11c682a1a8fb. /var/lib/openstack/lib/python3.12/site-packages/pycadf/identifier.py:71: UserWarning: Invalid uuid: neutron. To ensure interoperability, identifiers should be a valid uuid. warnings.warn(('Invalid uuid: %s. To ensure interoperability, '
2026-05-27 20:50:18.305 9 INFO neutron.api.wsgi [req-1b9e85df-b0d1-4ae5-a0a9-73ded4c58d4a req-2623e3ca-fa91-4843-bba6-409a103f23ca be7d737fb60d4712a7dd8271fb05d042 1c5d219285054842b48170ddb0e545dc - - default default] 199.19.213.176 "DELETE /v2.0/ports/7a118e28-b616-4b32-91b1-11c682a1a8fb HTTP/1.1" status: 204 len: 173 time: 0.5078049
2026-05-27 20:50:18.317 9 INFO neutron.api.wsgi [req-ffd51348-570c-45b5-b324-f99fd7ca03d9 req-7334bced-abef-407e-ba5e-2c1ac41fa74b be7d737fb60d4712a7dd8271fb05d042 1c5d219285054842b48170ddb0e545dc - - default default] 10.0.0.199 "GET /v2.0/ports?device_id=cd32d545-bc2b-4575-9bdc-ba8b736539a5 HTTP/1.1" status: 200 len: 210 time: 0.0299931
2026-05-27 20:50:18.347 9 INFO neutron.notifiers.nova [-] Nova event matching ['req-b9941edf-6041-4d03-ab53-564c3793871f'] response: {'server_uuid': 'cd32d545-bc2b-4575-9bdc-ba8b736539a5', 'name': 'network-vif-deleted', 'tag': '7a118e28-b616-4b32-91b1-11c682a1a8fb', 'status': 'completed', 'code': 200}
2026-05-27 20:50:18.892 10 INFO neutron.notifiers.nova [-] Nova event matching ['req-632ee3ad-0550-452f-a2bd-085fc0efbf1a'] response: {'server_uuid': 'cd32d545-bc2b-4575-9bdc-ba8b736539a5', 'name': 'network-vif-unplugged', 'status': 'completed', 'tag': '7a118e28-b616-4b32-91b1-11c682a1a8fb', 'code': 200}
2026-05-27 20:50:18.955 9 INFO neutron.db.ovn_revision_numbers_db [None req-1bc5b02d-b440-406b-99a4-b110f03f1dca fc367df31778448aa17158a4cc8163ac 14333cf1279c42fdadeb68f5ee570e6a - - default default] Successfully bumped revision number for resource 9660b64e-843f-466b-bba8-b6dcf7e05c4b (type: security_groups) to 1
2026-05-27 20:50:18.985 9 INFO neutron.db.ovn_revision_numbers_db [None req-1bc5b02d-b440-406b-99a4-b110f03f1dca fc367df31778448aa17158a4cc8163ac 14333cf1279c42fdadeb68f5ee570e6a - - default default] Successfully bumped revision number for resource 1c5502a3-7763-4b52-9e28-48fd3ada6958 (type: security_group_rules) to 0
2026-05-27 20:50:18.998 9 INFO neutron.db.ovn_revision_numbers_db [None req-1bc5b02d-b440-406b-99a4-b110f03f1dca fc367df31778448aa17158a4cc8163ac 14333cf1279c42fdadeb68f5ee570e6a - - default default] Successfully bumped revision number for resource 6280afb9-a68c-4780-9948-ef49d82323c1 (type: security_group_rules) to 0
2026-05-27 20:50:19.011 9 INFO neutron.db.ovn_revision_numbers_db [None req-1bc5b02d-b440-406b-99a4-b110f03f1dca fc367df31778448aa17158a4cc8163ac 14333cf1279c42fdadeb68f5ee570e6a - - default default] Successfully bumped revision number for resource 99614017-42fd-43b2-bc4e-1a7a7fea60c4 (type: security_group_rules) to 0
2026-05-27 20:50:19.024 9 INFO neutron.db.ovn_revision_numbers_db [None req-1bc5b02d-b440-406b-99a4-b110f03f1dca fc367df31778448aa17158a4cc8163ac 14333cf1279c42fdadeb68f5ee570e6a - - default default] Successfully bumped revision number for resource 9c583a5e-3edf-403c-8bbe-c3fc2de2a67c (type: security_group_rules) to 0
2026-05-27 20:50:19.067 9 INFO neutron.api.wsgi [None req-1bc5b02d-b440-406b-99a4-b110f03f1dca fc367df31778448aa17158a4cc8163ac 14333cf1279c42fdadeb68f5ee570e6a - - default default] 10.0.0.203 "GET /v2.0/security-groups?tenant_id=c2f7e10bf9e94eed896d8d3f87722421&name=default HTTP/1.1" status: 200 len: 3120 time: 0.3613143
2026-05-27 20:50:19.315 10 INFO neutron.api.wsgi [None req-76edaf97-7703-40a6-85b7-372f750939c0 fc367df31778448aa17158a4cc8163ac 14333cf1279c42fdadeb68f5ee570e6a - - default default] 10.0.0.203 "DELETE /v2.0/security-groups/9660b64e-843f-466b-bba8-b6dcf7e05c4b HTTP/1.1" status: 204 len: 168 time: 0.2424965
2026-05-27 20:50:19.372 10 INFO neutron.api.wsgi [req-5861bfae-2ff6-4d6e-934d-a2c1f6e5288c req-6f67c65f-7206-4318-8ebf-9b0e810ef866 e3107a1923d24722834d3f15eb8abab5 648eed71e8864f19b4f80e442a30f247 - - 9475e5ee510e48719cff67af03a81c01 9475e5ee510e48719cff67af03a81c01] 10.0.0.6 "GET /v2.0/ports?device_id=bf4172da-6008-46d3-8db5-c499519060f3 HTTP/1.1" status: 200 len: 1409 time: 0.1898377
2026-05-27 20:50:19.407 10 INFO neutron.api.wsgi [req-89bc8713-23f1-4932-82ea-3a3f6f311851 req-5f399707-ea87-4bab-a72d-1ce7de461cba be7d737fb60d4712a7dd8271fb05d042 1c5d219285054842b48170ddb0e545dc - - default default] 10.0.0.199 "GET /v2.0/ports?device_id=cd32d545-bc2b-4575-9bdc-ba8b736539a5 HTTP/1.1" status: 200 len: 210 time: 0.0197978
2026-05-27 20:50:19.418 10 INFO neutron.api.wsgi [req-5861bfae-2ff6-4d6e-934d-a2c1f6e5288c req-a7f044e5-fb42-4e00-9906-28e9558e7711 e3107a1923d24722834d3f15eb8abab5 648eed71e8864f19b4f80e442a30f247 - - 9475e5ee510e48719cff67af03a81c01 9475e5ee510e48719cff67af03a81c01] 10.0.0.6 "GET /v2.0/security-groups?id=adca9cdf-c073-489e-b5b1-844e6e790af2&fields=id&fields=name HTTP/1.1" status: 200 len: 313 time: 0.0415871
2026-05-27 20:50:20.488 9 INFO neutron.api.wsgi [req-3341b2e2-e257-4b79-a24e-106a88794b1f req-27862f23-5208-4d0f-a589-5cd339962f0e be7d737fb60d4712a7dd8271fb05d042 1c5d219285054842b48170ddb0e545dc - - default default] 10.0.0.199 "GET /v2.0/ports?device_id=cd32d545-bc2b-4575-9bdc-ba8b736539a5 HTTP/1.1" status: 200 len: 210 time: 0.0165606
2026-05-27 20:50:21.162 10 WARNING neutron_lib.context [None req-3e09d3c8-7bac-44bb-b39e-51976cef3cf3 a91d4e6971c04e6387787f3cd9c5d79b 227373b2ed4248ea9eaa222b302704bd - - default default] Method 'is_advsvc' is deprecated since 2023.2 release (neutron-lib 3.8.0) and will be removed once support for the old RBAC API policies will be removed from Neutron. Please use method 'is_service_role' instead.
2026-05-27 20:50:21.304 10 INFO neutron.db.ovn_revision_numbers_db [None req-3e09d3c8-7bac-44bb-b39e-51976cef3cf3 a91d4e6971c04e6387787f3cd9c5d79b 227373b2ed4248ea9eaa222b302704bd - - default default] Successfully bumped revision number for resource 07d878b9-c04f-46d8-87b0-af25736189d3 (type: security_groups) to 1
2026-05-27 20:50:21.317 10 INFO neutron.db.ovn_revision_numbers_db [None req-3e09d3c8-7bac-44bb-b39e-51976cef3cf3 a91d4e6971c04e6387787f3cd9c5d79b 227373b2ed4248ea9eaa222b302704bd - - default default] Successfully bumped revision number for resource 15b6677b-04d6-4607-82f1-dff12e4e2b87 (type: security_group_rules) to 0
2026-05-27 20:50:21.329 10 INFO neutron.db.ovn_revision_numbers_db [None req-3e09d3c8-7bac-44bb-b39e-51976cef3cf3 a91d4e6971c04e6387787f3cd9c5d79b 227373b2ed4248ea9eaa222b302704bd - - default default] Successfully bumped revision number for resource 2da651d5-5040-49f2-a62b-e290888f0fcf (type: security_group_rules) to 0
2026-05-27 20:50:21.343 10 INFO neutron.db.ovn_revision_numbers_db [None req-3e09d3c8-7bac-44bb-b39e-51976cef3cf3 a91d4e6971c04e6387787f3cd9c5d79b 227373b2ed4248ea9eaa222b302704bd - - default default] Successfully bumped revision number for resource 3edc2b71-5f3f-41c9-9629-5ac0d4cd41c4 (type: security_group_rules) to 0
2026-05-27 20:50:21.356 10 INFO neutron.db.ovn_revision_numbers_db [None req-3e09d3c8-7bac-44bb-b39e-51976cef3cf3 a91d4e6971c04e6387787f3cd9c5d79b 227373b2ed4248ea9eaa222b302704bd - - default default] Successfully bumped revision number for resource ceca22fe-aa81-4c97-bec7-2020fb82a4d0 (type: security_group_rules) to 0
2026-05-27 20:50:21.419 10 INFO neutron.db.segments_db [None req-3e09d3c8-7bac-44bb-b39e-51976cef3cf3 a91d4e6971c04e6387787f3cd9c5d79b 227373b2ed4248ea9eaa222b302704bd - - default default] Added segment 39972d33-9c0c-4a08-af8d-9d078de31f7a of type geneve for network c0d0467e-fd45-4eac-8036-7ba46e4486b7
2026-05-27 20:50:21.576 10 INFO neutron.db.ovn_revision_numbers_db [None req-3e09d3c8-7bac-44bb-b39e-51976cef3cf3 a91d4e6971c04e6387787f3cd9c5d79b 227373b2ed4248ea9eaa222b302704bd - - default default] Successfully bumped revision number for resource c0d0467e-fd45-4eac-8036-7ba46e4486b7 (type: networks) to 1
2026-05-27 20:50:21.728 10 INFO neutron.api.wsgi [None req-bb660329-aad1-41cd-a822-00f16ab0721f be7d737fb60d4712a7dd8271fb05d042 1c5d219285054842b48170ddb0e545dc - - default default] 10.0.0.203 "DELETE /v2.0/security-groups/b5b87a55-930a-4b6f-b167-421cd9074f19 HTTP/1.1" status: 204 len: 168 time: 0.1637268
2026-05-27 20:50:21.740 10 INFO neutron.api.v2.resource [None req-0d37631b-87a4-424c-9f1d-c34713ff6362 be7d737fb60d4712a7dd8271fb05d042 1c5d219285054842b48170ddb0e545dc - - default default] show failed (client error): The resource could not be found.
2026-05-27 20:50:21.742 10 INFO neutron.api.wsgi [None req-0d37631b-87a4-424c-9f1d-c34713ff6362 be7d737fb60d4712a7dd8271fb05d042 1c5d219285054842b48170ddb0e545dc - - default default] 10.0.0.203 "GET /v2.0/security-groups/b5b87a55-930a-4b6f-b167-421cd9074f19 HTTP/1.1" status: 404 len: 347 time: 0.0093906
2026-05-27 20:50:21.771 10 WARNING neutron.scheduler.dhcp_agent_scheduler [None req-3e09d3c8-7bac-44bb-b39e-51976cef3cf3 a91d4e6971c04e6387787f3cd9c5d79b 227373b2ed4248ea9eaa222b302704bd - - default default] No more DHCP agents
2026-05-27 20:50:21.772 10 WARNING neutron.api.rpc.agentnotifiers.dhcp_rpc_agent_api [None req-3e09d3c8-7bac-44bb-b39e-51976cef3cf3 a91d4e6971c04e6387787f3cd9c5d79b 227373b2ed4248ea9eaa222b302704bd - - default default] Unable to schedule network c0d0467e-fd45-4eac-8036-7ba46e4486b7: no agents available; will retry on subsequent port and subnet creation events.
2026-05-27 20:50:21.829 10 INFO neutron.db.ovn_revision_numbers_db [None req-3e09d3c8-7bac-44bb-b39e-51976cef3cf3 a91d4e6971c04e6387787f3cd9c5d79b 227373b2ed4248ea9eaa222b302704bd - - default default] Successfully bumped revision number for resource 89af3fa4-41cd-4111-b343-f2335be50177 (type: ports) to 1
2026-05-27 20:50:21.860 10 INFO neutron.api.wsgi [None req-3e09d3c8-7bac-44bb-b39e-51976cef3cf3 a91d4e6971c04e6387787f3cd9c5d79b 227373b2ed4248ea9eaa222b302704bd - - default default] 10.0.0.203 "POST /v2.0/networks HTTP/1.1" status: 201 len: 847 time: 0.8646283
2026-05-27 20:50:22.027 9 INFO neutron.api.wsgi [None req-8cddd901-832d-4cdf-b0f7-c6f28664174a be7d737fb60d4712a7dd8271fb05d042 1c5d219285054842b48170ddb0e545dc - - default default] 10.0.0.203 "DELETE /v2.0/floatingips/e06afec2-a025-4cb5-9c7f-395f6fc7e8af HTTP/1.1" status: 204 len: 168 time: 0.2811630
2026-05-27 20:50:22.349 10 WARNING neutron_lib.context [None req-ce166143-8e54-4c23-ba9e-43125ea6c28d a91d4e6971c04e6387787f3cd9c5d79b 227373b2ed4248ea9eaa222b302704bd - - default default] Method 'is_advsvc' is deprecated since 2023.2 release (neutron-lib 3.8.0) and will be removed once support for the old RBAC API policies will be removed from Neutron. Please use method 'is_service_role' instead.
2026-05-27 20:50:22.575 10 WARNING neutron.scheduler.dhcp_agent_scheduler [None req-ce166143-8e54-4c23-ba9e-43125ea6c28d a91d4e6971c04e6387787f3cd9c5d79b 227373b2ed4248ea9eaa222b302704bd - - default default] No more DHCP agents
2026-05-27 20:50:22.576 10 WARNING neutron.api.rpc.agentnotifiers.dhcp_rpc_agent_api [None req-ce166143-8e54-4c23-ba9e-43125ea6c28d a91d4e6971c04e6387787f3cd9c5d79b 227373b2ed4248ea9eaa222b302704bd - - default default] Unable to schedule network c0d0467e-fd45-4eac-8036-7ba46e4486b7: no agents available; will retry on subsequent port and subnet creation events.
2026-05-27 20:50:22.599 10 INFO neutron.db.ovn_revision_numbers_db [None req-ce166143-8e54-4c23-ba9e-43125ea6c28d a91d4e6971c04e6387787f3cd9c5d79b 227373b2ed4248ea9eaa222b302704bd - - default default] Successfully bumped revision number for resource 5571a90b-a3ab-49db-80af-24d2e2ca44da (type: subnets) to 0
2026-05-27 20:50:22.614 10 INFO neutron.api.wsgi [None req-ce166143-8e54-4c23-ba9e-43125ea6c28d a91d4e6971c04e6387787f3cd9c5d79b 227373b2ed4248ea9eaa222b302704bd - - default default] 10.0.0.203 "POST /v2.0/subnets HTTP/1.1" status: 201 len: 872 time: 0.2715852
2026-05-27 20:50:22.625 10 WARNING neutron_lib.context [None req-5bc38619-940a-48df-b852-4daa0ee98303 a91d4e6971c04e6387787f3cd9c5d79b 227373b2ed4248ea9eaa222b302704bd - - default default] Method 'is_advsvc' is deprecated since 2023.2 release (neutron-lib 3.8.0) and will be removed once support for the old RBAC API policies will be removed from Neutron. Please use method 'is_service_role' instead.
2026-05-27 20:50:22.696 10 INFO neutron.db.segments_db [None req-5bc38619-940a-48df-b852-4daa0ee98303 a91d4e6971c04e6387787f3cd9c5d79b 227373b2ed4248ea9eaa222b302704bd - - default default] Added segment caefa5ca-4666-4bbe-a63b-47a65267d727 of type geneve for network 4b7bcb94-5f87-4b61-9ed0-58181da4d50a
2026-05-27 20:50:22.753 9 INFO neutron.db.ovn_revision_numbers_db [None req-c5d881eb-81d7-4f5a-8778-fb552f8c4cc4 fc367df31778448aa17158a4cc8163ac 14333cf1279c42fdadeb68f5ee570e6a - - default default] Successfully bumped revision number for resource 78ddff82-e081-44c7-b882-cd5392930457 (type: security_groups) to 1
2026-05-27 20:50:22.771 9 INFO neutron.db.ovn_revision_numbers_db [None req-c5d881eb-81d7-4f5a-8778-fb552f8c4cc4 fc367df31778448aa17158a4cc8163ac 14333cf1279c42fdadeb68f5ee570e6a - - default default] Successfully bumped revision number for resource 9cb7b2b3-c13d-46cd-b110-bf683ca73827 (type: security_group_rules) to 0
2026-05-27 20:50:22.792 9 INFO neutron.db.ovn_revision_numbers_db [None req-c5d881eb-81d7-4f5a-8778-fb552f8c4cc4 fc367df31778448aa17158a4cc8163ac 14333cf1279c42fdadeb68f5ee570e6a - - default default] Successfully bumped revision number for resource bac34263-795d-41b5-900c-054aa0786542 (type: security_group_rules) to 0
2026-05-27 20:50:22.802 10 INFO neutron.db.ovn_revision_numbers_db [None req-5bc38619-940a-48df-b852-4daa0ee98303 a91d4e6971c04e6387787f3cd9c5d79b 227373b2ed4248ea9eaa222b302704bd - - default default] Successfully bumped revision number for resource 4b7bcb94-5f87-4b61-9ed0-58181da4d50a (type: networks) to 1
2026-05-27 20:50:22.809 9 INFO neutron.db.ovn_revision_numbers_db [None req-c5d881eb-81d7-4f5a-8778-fb552f8c4cc4 fc367df31778448aa17158a4cc8163ac 14333cf1279c42fdadeb68f5ee570e6a - - default default] Successfully bumped revision number for resource cad21c74-596f-422c-801b-3ffcacbaff57 (type: security_group_rules) to 0
2026-05-27 20:50:22.823 9 INFO neutron.db.ovn_revision_numbers_db [None req-c5d881eb-81d7-4f5a-8778-fb552f8c4cc4 fc367df31778448aa17158a4cc8163ac 14333cf1279c42fdadeb68f5ee570e6a - - default default] Successfully bumped revision number for resource d1d679f8-6fc6-4379-ab95-7d0267948634 (type: security_group_rules) to 0
2026-05-27 20:50:22.861 9 INFO neutron.api.wsgi [None req-c5d881eb-81d7-4f5a-8778-fb552f8c4cc4 fc367df31778448aa17158a4cc8163ac 14333cf1279c42fdadeb68f5ee570e6a - - default default] 10.0.0.203 "GET /v2.0/security-groups?tenant_id=c50f216949c847879d68e0161dca8710&name=default HTTP/1.1" status: 200 len: 3120 time: 0.3305614
2026-05-27 20:50:22.967 10 WARNING neutron.scheduler.dhcp_agent_scheduler [None req-5bc38619-940a-48df-b852-4daa0ee98303 a91d4e6971c04e6387787f3cd9c5d79b 227373b2ed4248ea9eaa222b302704bd - - default default] No more DHCP agents
2026-05-27 20:50:22.969 10 WARNING neutron.api.rpc.agentnotifiers.dhcp_rpc_agent_api [None req-5bc38619-940a-48df-b852-4daa0ee98303 a91d4e6971c04e6387787f3cd9c5d79b 227373b2ed4248ea9eaa222b302704bd - - default default] Unable to schedule network 4b7bcb94-5f87-4b61-9ed0-58181da4d50a: no agents available; will retry on subsequent port and subnet creation events.
2026-05-27 20:50:23.034 10 INFO neutron.db.ovn_revision_numbers_db [None req-5bc38619-940a-48df-b852-4daa0ee98303 a91d4e6971c04e6387787f3cd9c5d79b 227373b2ed4248ea9eaa222b302704bd - - default default] Successfully bumped revision number for resource 0345c268-599f-4eb2-8877-586bbdfc8948 (type: ports) to 1
2026-05-27 20:50:23.057 10 INFO neutron.api.wsgi [None req-5bc38619-940a-48df-b852-4daa0ee98303 a91d4e6971c04e6387787f3cd9c5d79b 227373b2ed4248ea9eaa222b302704bd - - default default] 10.0.0.203 "POST /v2.0/networks HTTP/1.1" status: 201 len: 846 time: 0.4360929
2026-05-27 20:50:23.102 9 INFO neutron.api.wsgi [None req-652bf405-d3bf-4234-945e-b8a8aea5159a fc367df31778448aa17158a4cc8163ac 14333cf1279c42fdadeb68f5ee570e6a - - default default] 10.0.0.203 "PUT /v2.0/routers/78407d09-bf7c-4b36-b08d-e04e69c75b01/remove_router_interface HTTP/1.1" status: 200 len: 503 time: 1.0698795
2026-05-27 20:50:23.130 9 INFO neutron.api.wsgi [None req-1e275e98-9982-4e40-908f-efe2e1a34f7c fc367df31778448aa17158a4cc8163ac 14333cf1279c42fdadeb68f5ee570e6a - - default default] 10.0.0.203 "DELETE /v2.0/security-groups/78ddff82-e081-44c7-b882-cd5392930457 HTTP/1.1" status: 204 len: 168 time: 0.2637613 /var/lib/openstack/lib/python3.12/site-packages/pycadf/identifier.py:71: UserWarning: Invalid uuid: neutron. To ensure interoperability, identifiers should be a valid uuid. warnings.warn(('Invalid uuid: %s. To ensure interoperability, '
2026-05-27 20:50:23.235 10 INFO neutron.db.ovn_revision_numbers_db [None req-afa4e13f-e978-47d4-87f5-d0755b9db463 a91d4e6971c04e6387787f3cd9c5d79b 227373b2ed4248ea9eaa222b302704bd - - default default] Successfully bumped revision number for resource 4b7bcb94-5f87-4b61-9ed0-58181da4d50a (type: networks) to 2
2026-05-27 20:50:23.238 10 INFO neutron.api.wsgi [None req-afa4e13f-e978-47d4-87f5-d0755b9db463 a91d4e6971c04e6387787f3cd9c5d79b 227373b2ed4248ea9eaa222b302704bd - - default default] 10.0.0.203 "PUT /v2.0/networks/4b7bcb94-5f87-4b61-9ed0-58181da4d50a HTTP/1.1" status: 200 len: 792 time: 0.1760242
2026-05-27 20:50:23.248 9 WARNING neutron_lib.context [None req-ba9240cb-f3fc-48fe-85c3-a8252cc01fc8 a91d4e6971c04e6387787f3cd9c5d79b 227373b2ed4248ea9eaa222b302704bd - - default default] Method 'is_advsvc' is deprecated since 2023.2 release (neutron-lib 3.8.0) and will be removed once support for the old RBAC API policies will be removed from Neutron. Please use method 'is_service_role' instead.
2026-05-27 20:50:23.344 9 INFO neutron.db.ovn_revision_numbers_db [None req-9165ed21-2c91-4709-a9a9-e94bc495a464 fc367df31778448aa17158a4cc8163ac 14333cf1279c42fdadeb68f5ee570e6a - - default default] Successfully bumped revision number for resource 2b0f00e2-de01-42f8-b2ae-c64e12439823 (type: security_groups) to 1
2026-05-27 20:50:23.356 9 INFO neutron.db.ovn_revision_numbers_db [None req-9165ed21-2c91-4709-a9a9-e94bc495a464 fc367df31778448aa17158a4cc8163ac 14333cf1279c42fdadeb68f5ee570e6a - - default default] Successfully bumped revision number for resource 48767771-cae6-48dc-99f9-a25797ca7340 (type: security_group_rules) to 0
2026-05-27 20:50:23.372 9 INFO neutron.db.ovn_revision_numbers_db [None req-9165ed21-2c91-4709-a9a9-e94bc495a464 fc367df31778448aa17158a4cc8163ac 14333cf1279c42fdadeb68f5ee570e6a - - default default] Successfully bumped revision number for resource 83068b3f-b239-4c83-808a-4f83b187ce3e (type: security_group_rules) to 0
2026-05-27 20:50:23.385 9 INFO neutron.db.ovn_revision_numbers_db [None req-9165ed21-2c91-4709-a9a9-e94bc495a464 fc367df31778448aa17158a4cc8163ac 14333cf1279c42fdadeb68f5ee570e6a - - default default] Successfully bumped revision number for resource 87f8f325-df23-4267-b7da-c15e045dc606 (type: security_group_rules) to 0
2026-05-27 20:50:23.400 9 INFO neutron.db.ovn_revision_numbers_db [None req-9165ed21-2c91-4709-a9a9-e94bc495a464 fc367df31778448aa17158a4cc8163ac 14333cf1279c42fdadeb68f5ee570e6a - - default default] Successfully bumped revision number for resource a5fc55d4-dd1c-4fe0-9d6c-7487b1c83402 (type: security_group_rules) to 0
2026-05-27 20:50:23.426 9 WARNING neutron.scheduler.dhcp_agent_scheduler [None req-ba9240cb-f3fc-48fe-85c3-a8252cc01fc8 a91d4e6971c04e6387787f3cd9c5d79b 227373b2ed4248ea9eaa222b302704bd - - default default] No more DHCP agents
2026-05-27 20:50:23.427 9 WARNING neutron.api.rpc.agentnotifiers.dhcp_rpc_agent_api [None req-ba9240cb-f3fc-48fe-85c3-a8252cc01fc8 a91d4e6971c04e6387787f3cd9c5d79b 227373b2ed4248ea9eaa222b302704bd - - default default] Unable to schedule network 4b7bcb94-5f87-4b61-9ed0-58181da4d50a: no agents available; will retry on subsequent port and subnet creation events.
2026-05-27 20:50:23.438 9 INFO neutron.api.wsgi [None req-9165ed21-2c91-4709-a9a9-e94bc495a464 fc367df31778448aa17158a4cc8163ac 14333cf1279c42fdadeb68f5ee570e6a - - default default] 10.0.0.203 "GET /v2.0/security-groups?tenant_id=cf30657c19e640b188d628c772e99918&name=default HTTP/1.1" status: 200 len: 3120 time: 0.2147152
2026-05-27 20:50:23.451 9 INFO neutron.db.ovn_revision_numbers_db [None req-ba9240cb-f3fc-48fe-85c3-a8252cc01fc8 a91d4e6971c04e6387787f3cd9c5d79b 227373b2ed4248ea9eaa222b302704bd - - default default] Successfully bumped revision number for resource 9aefbea1-6913-4f87-892a-4f4bd6d8e02c (type: subnets) to 0
2026-05-27 20:50:23.462 9 INFO neutron.api.wsgi [None req-ba9240cb-f3fc-48fe-85c3-a8252cc01fc8 a91d4e6971c04e6387787f3cd9c5d79b 227373b2ed4248ea9eaa222b302704bd - - default default] 10.0.0.203 "POST /v2.0/subnets HTTP/1.1" status: 201 len: 845 time: 0.2185681
2026-05-27 20:50:23.699 10 INFO neutron.api.wsgi [None req-f2ec4f03-c0f2-4057-97c0-845163b9acd7 fc367df31778448aa17158a4cc8163ac 14333cf1279c42fdadeb68f5ee570e6a - - default default] 10.0.0.203 "DELETE /v2.0/security-groups/2b0f00e2-de01-42f8-b2ae-c64e12439823 HTTP/1.1" status: 204 len: 168 time: 0.2556021
2026-05-27 20:50:23.755 10 INFO neutron.api.wsgi [None req-745a33bd-5735-495e-9294-ce2a41a4a406 fc367df31778448aa17158a4cc8163ac 14333cf1279c42fdadeb68f5ee570e6a - - default default] 10.0.0.203 "DELETE /v2.0/routers/78407d09-bf7c-4b36-b08d-e04e69c75b01 HTTP/1.1" status: 204 len: 168 time: 0.6483328
2026-05-27 20:50:23.921 9 INFO neutron.api.wsgi [None req-a302565b-7ae3-47ba-9fb2-421dd31e5d8a fc367df31778448aa17158a4cc8163ac 14333cf1279c42fdadeb68f5ee570e6a - - default default] 10.0.0.203 "DELETE /v2.0/subnets/8c2b98dd-430d-4a70-9660-c56e467d44a2 HTTP/1.1" status: 204 len: 168 time: 0.1614416
2026-05-27 20:50:24.028 9 INFO neutron.db.ovn_revision_numbers_db [None req-80ab5e95-8986-4f8a-a27b-d969dfa10da2 - - - - - -] Successfully bumped revision number for resource 0345c268-599f-4eb2-8877-586bbdfc8948 (type: ports) to 2
2026-05-27 20:50:24.067 9 INFO neutron.db.ovn_revision_numbers_db [None req-80ab5e95-8986-4f8a-a27b-d969dfa10da2 - - - - - -] Successfully bumped revision number for resource 9aefbea1-6913-4f87-892a-4f4bd6d8e02c (type: subnets) to 1
2026-05-27 20:50:24.069 9 INFO neutron.api.wsgi [None req-31ca018e-986b-4c59-bd4f-79fcfb1bc7db a91d4e6971c04e6387787f3cd9c5d79b 227373b2ed4248ea9eaa222b302704bd - - default default] 10.0.0.203 "PUT /v2.0/subnets/9aefbea1-6913-4f87-892a-4f4bd6d8e02c HTTP/1.1" status: 200 len: 850 time: 0.6026089
2026-05-27 20:50:24.214 9 INFO neutron.services.segments.plugin [-] Segment fe0a96e0-af5f-423f-b3a1-4a48630d0b02 resource provider aggregate not found
2026-05-27 20:50:24.218 9 INFO neutron.services.segments.plugin [-] Segment fe0a96e0-af5f-423f-b3a1-4a48630d0b02 resource provider aggregate not found
2026-05-27 20:50:24.226 9 INFO neutron.services.segments.plugin [-] Segment fe0a96e0-af5f-423f-b3a1-4a48630d0b02 resource provider not found; error: Placement Client Error (4xx): {"errors": [{"status": 404, "title": "Not Found", "detail": "The resource could not be found.\n\n No resource provider with uuid fe0a96e0-af5f-423f-b3a1-4a48630d0b02 found for delete ", "request_id": "req-c467d8e4-a327-4c6b-ae29-77de5c206cb7"}]}
2026-05-27 20:50:24.231 9 INFO neutron.services.segments.plugin [-] Segment fe0a96e0-af5f-423f-b3a1-4a48630d0b02 resource provider not found; error: Placement Client Error (4xx): {"errors": [{"status": 404, "title": "Not Found", "detail": "The resource could not be found.\n\n No resource provider with uuid fe0a96e0-af5f-423f-b3a1-4a48630d0b02 found for delete ", "request_id": "req-04e05b6d-4eee-4765-96cc-89eae9653604"}]}
2026-05-27 20:50:24.242 9 INFO neutron.api.wsgi [None req-3728b022-9ef8-4189-8c73-4c0a16a3c819 fc367df31778448aa17158a4cc8163ac 14333cf1279c42fdadeb68f5ee570e6a - - default default] 10.0.0.203 "DELETE /v2.0/networks/77b62125-fee8-4d76-8ad0-d38034b0ea18 HTTP/1.1" status: 204 len: 168 time: 0.3156004
2026-05-27 20:50:24.371 9 INFO neutron.api.wsgi [None req-8e8f6f33-f304-4ff8-b103-2b110e63651a fc367df31778448aa17158a4cc8163ac 14333cf1279c42fdadeb68f5ee570e6a - - default default] 10.0.0.203 "GET /v2.0/security-groups?tenant_id=1c5d219285054842b48170ddb0e545dc&name=default HTTP/1.1" status: 200 len: 3120 time: 0.0326853
2026-05-27 20:50:24.450 10 INFO neutron.services.segments.plugin [-] Segment caefa5ca-4666-4bbe-a63b-47a65267d727 resource provider aggregate not found
2026-05-27 20:50:24.454 10 INFO neutron.services.segments.plugin [-] Segment caefa5ca-4666-4bbe-a63b-47a65267d727 resource provider aggregate not found
2026-05-27 20:50:24.470 10 INFO neutron.services.segments.plugin [-] Segment caefa5ca-4666-4bbe-a63b-47a65267d727 resource provider not found; error: Placement Client Error (4xx): {"errors": [{"status": 404, "title": "Not Found", "detail": "The resource could not be found.\n\n No resource provider with uuid caefa5ca-4666-4bbe-a63b-47a65267d727 found for delete ", "request_id": "req-15d8a4fa-3149-4ea9-9df1-18d4440a9115"}]}
2026-05-27 20:50:24.471 10 INFO neutron.services.segments.plugin [-] Segment caefa5ca-4666-4bbe-a63b-47a65267d727 resource provider not found; error: Placement Client Error (4xx): {"errors": [{"status": 404, "title": "Not Found", "detail": "The resource could not be found.\n\n No resource provider with uuid caefa5ca-4666-4bbe-a63b-47a65267d727 found for delete ", "request_id": "req-b99d3cbc-8134-44bd-8c0d-96bf7e7ff24c"}]}
2026-05-27 20:50:24.485 10 INFO neutron.api.wsgi [None req-bcd6f202-65b7-4df7-b8dc-22171b46460e a91d4e6971c04e6387787f3cd9c5d79b 227373b2ed4248ea9eaa222b302704bd - - default default] 10.0.0.203 "DELETE /v2.0/networks/4b7bcb94-5f87-4b61-9ed0-58181da4d50a HTTP/1.1" status: 204 len: 168 time: 0.4113293
2026-05-27 20:50:24.505 10 INFO neutron.pecan_wsgi.hooks.translation [None req-28cbb142-c264-45de-8b44-50ccfe1f6c73 a91d4e6971c04e6387787f3cd9c5d79b 227373b2ed4248ea9eaa222b302704bd - - default default] DELETE failed (client error): The resource could not be found.
2026-05-27 20:50:24.507 10 INFO neutron.api.wsgi [None req-28cbb142-c264-45de-8b44-50ccfe1f6c73 a91d4e6971c04e6387787f3cd9c5d79b 227373b2ed4248ea9eaa222b302704bd - - default default] 10.0.0.203 "DELETE /v2.0/networks/4b7bcb94-5f87-4b61-9ed0-58181da4d50a HTTP/1.1" status: 404 len: 339 time: 0.0163348
2026-05-27 20:50:24.562 10 INFO neutron.api.wsgi [None req-73a540f6-b50d-4a29-90c9-ce7012d45a49 a91d4e6971c04e6387787f3cd9c5d79b 227373b2ed4248ea9eaa222b302704bd - - default default] 10.0.0.203 "GET /v2.0/networks?router%3Aexternal=True HTTP/1.1" status: 200 len: 845 time: 0.0472813
2026-05-27 20:50:24.570 9 INFO neutron.api.wsgi [None req-1af6d980-b230-4a68-8719-633c7261e7e6 fc367df31778448aa17158a4cc8163ac 14333cf1279c42fdadeb68f5ee570e6a - - default default] 10.0.0.203 "DELETE /v2.0/security-groups/d265effb-e4bd-4c76-b862-81a6399f9372 HTTP/1.1" status: 204 len: 168 time: 0.1918097
2026-05-27 20:50:24.598 10 INFO neutron.api.wsgi [None req-bb6b7867-2e34-4836-b66a-e58d4eb7e1c6 a91d4e6971c04e6387787f3cd9c5d79b 227373b2ed4248ea9eaa222b302704bd - - default default] 10.0.0.203 "GET /v2.0/subnets?network_id=1cc437aa-4447-4aa4-bff5-1c80ac80f8b2 HTTP/1.1" status: 200 len: 843 time: 0.0316029
2026-05-27 20:50:24.607 10 INFO neutron.api.wsgi [None req-735ffde7-cbf9-4163-bb84-e4b6dbaed3fe a91d4e6971c04e6387787f3cd9c5d79b 227373b2ed4248ea9eaa222b302704bd - - default default] 10.0.0.203 "GET /v2.0/extensions HTTP/1.1" status: 200 len: 19293 time: 0.0044224
2026-05-27 20:50:24.664 10 INFO neutron.api.wsgi [None req-919c21b7-a725-433e-bb3f-1491ad683231 a91d4e6971c04e6387787f3cd9c5d79b 227373b2ed4248ea9eaa222b302704bd - - default default] 10.0.0.203 "GET /v2.0/networks HTTP/1.1" status: 200 len: 1508 time: 0.0528092
2026-05-27 20:50:24.706 10 INFO neutron.api.wsgi [None req-861242a3-2e7d-4f7d-b02a-890019156764 a91d4e6971c04e6387787f3cd9c5d79b 227373b2ed4248ea9eaa222b302704bd - - default default] 10.0.0.203 "GET /v2.0/subnets HTTP/1.1" status: 200 len: 1507 time: 0.0358608
2026-05-27 20:50:24.745 10 INFO neutron.api.wsgi [None req-8a5a63c9-7ce8-4bf6-a248-c13a4984e3e6 a91d4e6971c04e6387787f3cd9c5d79b 227373b2ed4248ea9eaa222b302704bd - - default default] 10.0.0.203 "GET /v2.0/networks/c0d0467e-fd45-4eac-8036-7ba46e4486b7 HTTP/1.1" status: 200 len: 867 time: 0.0339310
2026-05-27 20:50:24.775 10 INFO neutron.api.wsgi [None req-46492107-c843-4847-a140-4de492314c9f a91d4e6971c04e6387787f3cd9c5d79b 227373b2ed4248ea9eaa222b302704bd - - default default] 10.0.0.203 "GET /v2.0/subnets/5571a90b-a3ab-49db-80af-24d2e2ca44da HTTP/1.1" status: 200 len: 867 time: 0.0243959
2026-05-27 20:50:24.790 10 INFO neutron.pecan_wsgi.hooks.translation [None req-2effb0ef-a339-408a-b502-965db407ac8b a91d4e6971c04e6387787f3cd9c5d79b 227373b2ed4248ea9eaa222b302704bd - - default default] DELETE failed (client error): The resource could not be found.
2026-05-27 20:50:24.793 10 INFO neutron.api.wsgi [None req-2effb0ef-a339-408a-b502-965db407ac8b a91d4e6971c04e6387787f3cd9c5d79b 227373b2ed4248ea9eaa222b302704bd - - default default] 10.0.0.203 "DELETE /v2.0/subnets/9aefbea1-6913-4f87-892a-4f4bd6d8e02c HTTP/1.1" status: 404 len: 337 time: 0.0128822
2026-05-27 20:50:24.806 10 INFO neutron.pecan_wsgi.hooks.translation [None req-c7c0cfa8-6756-41d1-aa05-a8c719acf2ea a91d4e6971c04e6387787f3cd9c5d79b 227373b2ed4248ea9eaa222b302704bd - - default default] DELETE failed (client error): The resource could not be found.
2026-05-27 20:50:24.807 10 INFO neutron.api.wsgi [None req-c7c0cfa8-6756-41d1-aa05-a8c719acf2ea a91d4e6971c04e6387787f3cd9c5d79b 227373b2ed4248ea9eaa222b302704bd - - default default] 10.0.0.203 "DELETE /v2.0/networks/4b7bcb94-5f87-4b61-9ed0-58181da4d50a HTTP/1.1" status: 404 len: 339 time: 0.0103025
2026-05-27 20:50:24.941 10 INFO neutron.api.wsgi [None req-ae9cf74b-1c27-4ded-8b49-2e8e5eb21fa4 a91d4e6971c04e6387787f3cd9c5d79b 227373b2ed4248ea9eaa222b302704bd - - default default] 10.0.0.203 "DELETE /v2.0/subnets/5571a90b-a3ab-49db-80af-24d2e2ca44da HTTP/1.1" status: 204 len: 168 time: 0.1292300
2026-05-27 20:50:25.082 10 INFO neutron.api.wsgi [req-004b0c56-e61b-4c52-84c3-a8343e3a8b0e req-23dd195d-dca6-4836-870d-e39c4fa5b1a7 9a44373ba8dc402c89f349e90b998c89 2a6dccdeb0f840998f0e7bbfc68aba1a - - default default] 10.0.0.199 "GET /v2.0/ports?device_id=bf4172da-6008-46d3-8db5-c499519060f3 HTTP/1.1" status: 200 len: 1170 time: 0.0756030
2026-05-27 20:50:25.129 10 INFO neutron.api.wsgi [req-004b0c56-e61b-4c52-84c3-a8343e3a8b0e req-ec3bfcad-cda9-47a8-b370-d424446e6273 9a44373ba8dc402c89f349e90b998c89 2a6dccdeb0f840998f0e7bbfc68aba1a - - default default] 10.0.0.199 "GET /v2.0/security-groups?id=adca9cdf-c073-489e-b5b1-844e6e790af2&fields=id&fields=name HTTP/1.1" status: 200 len: 313 time: 0.0417490
2026-05-27 20:50:25.286 10 INFO neutron.api.wsgi [None req-aa0dec9e-c5dd-460b-8e82-733e0ef5975f a91d4e6971c04e6387787f3cd9c5d79b 227373b2ed4248ea9eaa222b302704bd - - default default] 10.0.0.203 "DELETE /v2.0/networks/c0d0467e-fd45-4eac-8036-7ba46e4486b7 HTTP/1.1" status: 204 len: 168 time: 0.3405049
2026-05-27 20:50:25.352 10 INFO neutron.api.wsgi [req-72884d20-c9af-43f2-a853-e4cd464705e7 req-7d6efdc7-3ddd-47bb-aebf-450d8cac57a7 9a44373ba8dc402c89f349e90b998c89 2a6dccdeb0f840998f0e7bbfc68aba1a - - default default] 10.0.0.199 "GET /v2.0/ports?device_id=bf4172da-6008-46d3-8db5-c499519060f3 HTTP/1.1" status: 200 len: 1170 time: 0.0371172
2026-05-27 20:50:25.391 10 INFO neutron.api.wsgi [req-72884d20-c9af-43f2-a853-e4cd464705e7 req-305792b7-4e82-468a-ad77-78341fb45ac9 9a44373ba8dc402c89f349e90b998c89 2a6dccdeb0f840998f0e7bbfc68aba1a - - default default] 10.0.0.199 "GET /v2.0/security-groups?id=adca9cdf-c073-489e-b5b1-844e6e790af2&fields=id&fields=name HTTP/1.1" status: 200 len: 313 time: 0.0300007
2026-05-27 20:50:25.471 9 INFO neutron.api.wsgi [-] 10.0.0.96 "GET / HTTP/1.1" status: 200 len: 247 time: 0.0014260
2026-05-27 20:50:25.473 10 INFO neutron.api.wsgi [-] 10.0.0.96 "GET / HTTP/1.1" status: 200 len: 247 time: 0.0029306
2026-05-27 20:50:25.828 10 INFO neutron.api.wsgi [None req-3e7b33a0-1585-4501-ad6d-5886e4ef1058 fc367df31778448aa17158a4cc8163ac 14333cf1279c42fdadeb68f5ee570e6a - - default default] 10.0.0.203 "GET /v2.0/security-groups?tenant_id=227373b2ed4248ea9eaa222b302704bd&name=default HTTP/1.1" status: 200 len: 3120 time: 0.1397676
2026-05-27 20:50:25.875 10 INFO neutron.plugins.ml2.drivers.ovn.mech_driver.mech_driver [None req-040dbe91-e154-40a6-8985-a79527500933 - - - - - -] OVN reports status down for port: adcf0928-a988-4074-ab93-c31494508bc8
2026-05-27 20:50:26.019 10 INFO neutron.notifiers.nova [-] Nova event matching ['req-2ccdcb78-b676-436f-8d87-19916fabc74f'] response: {'server_uuid': 'bf4172da-6008-46d3-8db5-c499519060f3', 'name': 'network-vif-unplugged', 'status': 'completed', 'tag': 'adcf0928-a988-4074-ab93-c31494508bc8', 'code': 200}
2026-05-27 20:50:26.077 10 INFO neutron.api.wsgi [None req-2eb00458-ccd8-4f37-8904-6b2e084b7235 fc367df31778448aa17158a4cc8163ac 14333cf1279c42fdadeb68f5ee570e6a - - default default] 10.0.0.203 "DELETE /v2.0/security-groups/07d878b9-c04f-46d8-87b0-af25736189d3 HTTP/1.1" status: 204 len: 168 time: 0.2338712
