2026-05-27 20:51:40.154 10 WARNING neutron_lib.context [None req-43f2dacc-3cb4-42a1-87aa-f2dacddf2c0e cabb3db70db240b7b6fc33f123ac7c39 c095e32bb68d4f4c887ebabd3781225d - - default default] Method 'is_advsvc' is deprecated since 2023.2 release (neutron-lib 3.8.0) and will be removed once support for the old RBAC API policies will be removed from Neutron. Please use method 'is_service_role' instead.
2026-05-27 20:51:40.236 9 INFO neutron.db.segments_db [None req-e3791383-fe9c-42d9-934b-318eb2c04bef dc21c443e29a44dba511311599eaefeb 83c838aee5124c8ab55b61cfcb3f726f - - default default] Added segment a956446d-86ab-4d49-a42c-abfa19e33392 of type geneve for network e52155da-9e99-4f42-81d5-4b098f8d7682
2026-05-27 20:51:40.356 9 INFO neutron.db.ovn_revision_numbers_db [None req-e3791383-fe9c-42d9-934b-318eb2c04bef dc21c443e29a44dba511311599eaefeb 83c838aee5124c8ab55b61cfcb3f726f - - default default] Successfully bumped revision number for resource e52155da-9e99-4f42-81d5-4b098f8d7682 (type: networks) to 1
2026-05-27 20:51:40.471 9 INFO neutron.api.wsgi [-] 10.0.0.96 "GET / HTTP/1.1" status: 200 len: 247 time: 0.0021913
2026-05-27 20:51:40.473 9 INFO neutron.api.wsgi [-] 10.0.0.96 "GET / HTTP/1.1" status: 200 len: 247 time: 0.0013354
2026-05-27 20:51:40.533 9 WARNING neutron.scheduler.dhcp_agent_scheduler [None req-e3791383-fe9c-42d9-934b-318eb2c04bef dc21c443e29a44dba511311599eaefeb 83c838aee5124c8ab55b61cfcb3f726f - - default default] No more DHCP agents
2026-05-27 20:51:40.536 9 WARNING neutron.api.rpc.agentnotifiers.dhcp_rpc_agent_api [None req-e3791383-fe9c-42d9-934b-318eb2c04bef dc21c443e29a44dba511311599eaefeb 83c838aee5124c8ab55b61cfcb3f726f - - default default] Unable to schedule network e52155da-9e99-4f42-81d5-4b098f8d7682: no agents available; will retry on subsequent port and subnet creation events.
2026-05-27 20:51:40.605 10 WARNING neutron.scheduler.dhcp_agent_scheduler [None req-43f2dacc-3cb4-42a1-87aa-f2dacddf2c0e cabb3db70db240b7b6fc33f123ac7c39 c095e32bb68d4f4c887ebabd3781225d - - default default] No more DHCP agents
2026-05-27 20:51:40.606 10 WARNING neutron.api.rpc.agentnotifiers.dhcp_rpc_agent_api [None req-43f2dacc-3cb4-42a1-87aa-f2dacddf2c0e cabb3db70db240b7b6fc33f123ac7c39 c095e32bb68d4f4c887ebabd3781225d - - default default] Unable to schedule network 79ca10c3-1b72-4c19-8be4-5971638f8898: no agents available; will retry on subsequent port and subnet creation events.
2026-05-27 20:51:40.611 9 INFO neutron.db.ovn_revision_numbers_db [None req-e3791383-fe9c-42d9-934b-318eb2c04bef dc21c443e29a44dba511311599eaefeb 83c838aee5124c8ab55b61cfcb3f726f - - default default] Successfully bumped revision number for resource 087d1abf-73e5-43d2-9990-754bfe295585 (type: ports) to 1
2026-05-27 20:51:40.642 9 INFO neutron.api.wsgi [None req-e3791383-fe9c-42d9-934b-318eb2c04bef dc21c443e29a44dba511311599eaefeb 83c838aee5124c8ab55b61cfcb3f726f - - default default] 10.0.0.203 "POST /v2.0/networks HTTP/1.1" status: 201 len: 833 time: 0.4952900
2026-05-27 20:51:40.653 9 WARNING neutron_lib.context [None req-88e205d3-f92e-4d2e-b6af-a63e97d28159 dc21c443e29a44dba511311599eaefeb 83c838aee5124c8ab55b61cfcb3f726f - - default default] Method 'is_advsvc' is deprecated since 2023.2 release (neutron-lib 3.8.0) and will be removed once support for the old RBAC API policies will be removed from Neutron. Please use method 'is_service_role' instead.
2026-05-27 20:51:40.666 10 INFO neutron.db.ovn_revision_numbers_db [None req-43f2dacc-3cb4-42a1-87aa-f2dacddf2c0e cabb3db70db240b7b6fc33f123ac7c39 c095e32bb68d4f4c887ebabd3781225d - - default default] Successfully bumped revision number for resource fc2fc52e-7a9e-4e58-86e9-623200b6465a (type: ports) to 1
2026-05-27 20:51:40.718 10 INFO neutron.api.wsgi [None req-43f2dacc-3cb4-42a1-87aa-f2dacddf2c0e cabb3db70db240b7b6fc33f123ac7c39 c095e32bb68d4f4c887ebabd3781225d - - default default] 10.0.0.203 "POST /v2.0/ports HTTP/1.1" status: 201 len: 942 time: 0.5688722 /var/lib/openstack/lib/python3.12/site-packages/pycadf/identifier.py:71: UserWarning: Invalid uuid: neutron. To ensure interoperability, identifiers should be a valid uuid. warnings.warn(('Invalid uuid: %s. To ensure interoperability, '
2026-05-27 20:51:40.734 10 WARNING neutron_lib.context [None req-f6068006-9f66-4506-bffb-c2caab6b0861 cabb3db70db240b7b6fc33f123ac7c39 c095e32bb68d4f4c887ebabd3781225d - - default default] Method 'is_advsvc' is deprecated since 2023.2 release (neutron-lib 3.8.0) and will be removed once support for the old RBAC API policies will be removed from Neutron. Please use method 'is_service_role' instead.
2026-05-27 20:51:40.813 10 INFO neutron.db.segments_db [None req-f6068006-9f66-4506-bffb-c2caab6b0861 cabb3db70db240b7b6fc33f123ac7c39 c095e32bb68d4f4c887ebabd3781225d - - default default] Added segment bb29b3c1-4db1-45c6-8a97-0a31f502ae9f of type geneve for network ae53b172-786d-4b9f-acb1-7f1cf816c0aa
2026-05-27 20:51:40.884 9 WARNING neutron.scheduler.dhcp_agent_scheduler [None req-88e205d3-f92e-4d2e-b6af-a63e97d28159 dc21c443e29a44dba511311599eaefeb 83c838aee5124c8ab55b61cfcb3f726f - - default default] No more DHCP agents
2026-05-27 20:51:40.886 9 WARNING neutron.api.rpc.agentnotifiers.dhcp_rpc_agent_api [None req-88e205d3-f92e-4d2e-b6af-a63e97d28159 dc21c443e29a44dba511311599eaefeb 83c838aee5124c8ab55b61cfcb3f726f - - default default] Unable to schedule network cbd6e758-3cd0-4ca1-a866-386a4b1d08c9: no agents available; will retry on subsequent port and subnet creation events.
2026-05-27 20:51:40.920 10 INFO neutron.db.ovn_revision_numbers_db [None req-f6068006-9f66-4506-bffb-c2caab6b0861 cabb3db70db240b7b6fc33f123ac7c39 c095e32bb68d4f4c887ebabd3781225d - - default default] Successfully bumped revision number for resource ae53b172-786d-4b9f-acb1-7f1cf816c0aa (type: networks) to 1
2026-05-27 20:51:40.921 9 INFO neutron.db.ovn_revision_numbers_db [None req-88e205d3-f92e-4d2e-b6af-a63e97d28159 dc21c443e29a44dba511311599eaefeb 83c838aee5124c8ab55b61cfcb3f726f - - default default] Successfully bumped revision number for resource edc61b45-6140-4231-85ff-b493df0754b6 (type: subnets) to 0
2026-05-27 20:51:40.933 9 INFO neutron.api.wsgi [None req-88e205d3-f92e-4d2e-b6af-a63e97d28159 dc21c443e29a44dba511311599eaefeb 83c838aee5124c8ab55b61cfcb3f726f - - default default] 10.0.0.203 "POST /v2.0/subnets HTTP/1.1" status: 201 len: 845 time: 0.2832189
2026-05-27 20:51:40.943 9 WARNING neutron_lib.context [None req-51d90fac-1f41-4abf-b7b2-bcfabdf7e711 dc21c443e29a44dba511311599eaefeb 83c838aee5124c8ab55b61cfcb3f726f - - default default] Method 'is_advsvc' is deprecated since 2023.2 release (neutron-lib 3.8.0) and will be removed once support for the old RBAC API policies will be removed from Neutron. Please use method 'is_service_role' instead.
2026-05-27 20:51:41.079 10 WARNING neutron.scheduler.dhcp_agent_scheduler [None req-f6068006-9f66-4506-bffb-c2caab6b0861 cabb3db70db240b7b6fc33f123ac7c39 c095e32bb68d4f4c887ebabd3781225d - - default default] No more DHCP agents
2026-05-27 20:51:41.081 10 WARNING neutron.api.rpc.agentnotifiers.dhcp_rpc_agent_api [None req-f6068006-9f66-4506-bffb-c2caab6b0861 cabb3db70db240b7b6fc33f123ac7c39 c095e32bb68d4f4c887ebabd3781225d - - default default] Unable to schedule network ae53b172-786d-4b9f-acb1-7f1cf816c0aa: no agents available; will retry on subsequent port and subnet creation events.
2026-05-27 20:51:41.128 9 WARNING neutron.scheduler.dhcp_agent_scheduler [None req-51d90fac-1f41-4abf-b7b2-bcfabdf7e711 dc21c443e29a44dba511311599eaefeb 83c838aee5124c8ab55b61cfcb3f726f - - default default] No more DHCP agents
2026-05-27 20:51:41.129 9 WARNING neutron.api.rpc.agentnotifiers.dhcp_rpc_agent_api [None req-51d90fac-1f41-4abf-b7b2-bcfabdf7e711 dc21c443e29a44dba511311599eaefeb 83c838aee5124c8ab55b61cfcb3f726f - - default default] Unable to schedule network e52155da-9e99-4f42-81d5-4b098f8d7682: no agents available; will retry on subsequent port and subnet creation events.
2026-05-27 20:51:41.144 10 INFO neutron.db.ovn_revision_numbers_db [None req-f6068006-9f66-4506-bffb-c2caab6b0861 cabb3db70db240b7b6fc33f123ac7c39 c095e32bb68d4f4c887ebabd3781225d - - default default] Successfully bumped revision number for resource b686f0da-35e9-4522-bd3b-101b1e15a276 (type: ports) to 1
2026-05-27 20:51:41.156 9 INFO neutron.db.ovn_revision_numbers_db [None req-51d90fac-1f41-4abf-b7b2-bcfabdf7e711 dc21c443e29a44dba511311599eaefeb 83c838aee5124c8ab55b61cfcb3f726f - - default default] Successfully bumped revision number for resource fa2d852b-b8bd-4b97-88f9-130b7e0c2348 (type: subnets) to 0
2026-05-27 20:51:41.165 10 INFO neutron.api.wsgi [None req-f6068006-9f66-4506-bffb-c2caab6b0861 cabb3db70db240b7b6fc33f123ac7c39 c095e32bb68d4f4c887ebabd3781225d - - default default] 10.0.0.203 "POST /v2.0/networks HTTP/1.1" status: 201 len: 831 time: 0.4380810
2026-05-27 20:51:41.173 10 WARNING neutron_lib.context [None req-41fcdcbd-ecea-4fa4-adc2-a14602aa136f cabb3db70db240b7b6fc33f123ac7c39 c095e32bb68d4f4c887ebabd3781225d - - default default] Method 'is_advsvc' is deprecated since 2023.2 release (neutron-lib 3.8.0) and will be removed once support for the old RBAC API policies will be removed from Neutron. Please use method 'is_service_role' instead.
2026-05-27 20:51:41.181 9 INFO neutron.api.wsgi [None req-51d90fac-1f41-4abf-b7b2-bcfabdf7e711 dc21c443e29a44dba511311599eaefeb 83c838aee5124c8ab55b61cfcb3f726f - - default default] 10.0.0.203 "POST /v2.0/subnets HTTP/1.1" status: 201 len: 854 time: 0.2425551
2026-05-27 20:51:41.192 9 WARNING neutron_lib.context [None req-254e3867-8eb5-4da6-a4e6-8000baa5bbf0 dc21c443e29a44dba511311599eaefeb 83c838aee5124c8ab55b61cfcb3f726f - - default default] Method 'is_advsvc' is deprecated since 2023.2 release (neutron-lib 3.8.0) and will be removed once support for the old RBAC API policies will be removed from Neutron. Please use method 'is_service_role' instead.
2026-05-27 20:51:41.297 9 INFO neutron.db.ovn_revision_numbers_db [None req-254e3867-8eb5-4da6-a4e6-8000baa5bbf0 dc21c443e29a44dba511311599eaefeb 83c838aee5124c8ab55b61cfcb3f726f - - default default] Successfully bumped revision number for resource bff05428-3f77-441c-9438-6439d1bd9b01 (type: routers) to 1
2026-05-27 20:51:41.313 9 INFO neutron.api.wsgi [None req-254e3867-8eb5-4da6-a4e6-8000baa5bbf0 dc21c443e29a44dba511311599eaefeb 83c838aee5124c8ab55b61cfcb3f726f - - default default] 10.0.0.203 "POST /v2.0/routers HTTP/1.1" status: 201 len: 805 time: 0.1277521
2026-05-27 20:51:41.393 10 WARNING neutron.scheduler.dhcp_agent_scheduler [None req-41fcdcbd-ecea-4fa4-adc2-a14602aa136f cabb3db70db240b7b6fc33f123ac7c39 c095e32bb68d4f4c887ebabd3781225d - - default default] No more DHCP agents
2026-05-27 20:51:41.395 10 WARNING neutron.api.rpc.agentnotifiers.dhcp_rpc_agent_api [None req-41fcdcbd-ecea-4fa4-adc2-a14602aa136f cabb3db70db240b7b6fc33f123ac7c39 c095e32bb68d4f4c887ebabd3781225d - - default default] Unable to schedule network ae53b172-786d-4b9f-acb1-7f1cf816c0aa: no agents available; will retry on subsequent port and subnet creation events.
2026-05-27 20:51:41.460 10 INFO neutron.db.ovn_revision_numbers_db [None req-41fcdcbd-ecea-4fa4-adc2-a14602aa136f cabb3db70db240b7b6fc33f123ac7c39 c095e32bb68d4f4c887ebabd3781225d - - default default] Successfully bumped revision number for resource 3bad7ae4-c07e-4ff8-a01d-e23c7a26e1b9 (type: ports) to 1
2026-05-27 20:51:41.481 10 INFO neutron.api.wsgi [None req-41fcdcbd-ecea-4fa4-adc2-a14602aa136f cabb3db70db240b7b6fc33f123ac7c39 c095e32bb68d4f4c887ebabd3781225d - - default default] 10.0.0.203 "POST /v2.0/ports HTTP/1.1" status: 201 len: 942 time: 0.3122935 /var/lib/openstack/lib/python3.12/site-packages/pycadf/identifier.py:71: UserWarning: Invalid uuid: neutron. To ensure interoperability, identifiers should be a valid uuid. warnings.warn(('Invalid uuid: %s. To ensure interoperability, '
2026-05-27 20:51:41.492 10 WARNING neutron_lib.context [None req-f5bbbaa5-728c-4f35-b229-65389169325b cabb3db70db240b7b6fc33f123ac7c39 c095e32bb68d4f4c887ebabd3781225d - - default default] Method 'is_advsvc' is deprecated since 2023.2 release (neutron-lib 3.8.0) and will be removed once support for the old RBAC API policies will be removed from Neutron. Please use method 'is_service_role' instead.
2026-05-27 20:51:41.518 9 INFO neutron.api.wsgi [req-a1d53797-bed2-4d3f-b12b-2f7658636a54 req-42589b43-726a-4848-8d46-5be57287d932 56ddbc36ebee46329dffd7177d05f69a 031fcc6cf8494bffad1f7852d3ab5be1 - - default default] 10.0.0.199 "GET /v2.0/ports?device_id=210168c2-386d-49f8-94d3-be63785801ad HTTP/1.1" status: 200 len: 1174 time: 0.1016443
2026-05-27 20:51:41.573 9 INFO neutron.api.wsgi [req-a1d53797-bed2-4d3f-b12b-2f7658636a54 req-18ffb778-4d68-4a9b-9e8c-f883fbc6d6d9 56ddbc36ebee46329dffd7177d05f69a 031fcc6cf8494bffad1f7852d3ab5be1 - - default default] 10.0.0.199 "GET /v2.0/security-groups?id=834fa4cb-caaa-4b57-8cf0-3b776d5e69e7&fields=id&fields=name HTTP/1.1" status: 200 len: 286 time: 0.0493765
2026-05-27 20:51:41.580 10 INFO neutron.db.segments_db [None req-f5bbbaa5-728c-4f35-b229-65389169325b cabb3db70db240b7b6fc33f123ac7c39 c095e32bb68d4f4c887ebabd3781225d - - default default] Added segment 1213eff2-2d51-4491-b7d8-db8c4e4efe67 of type geneve for network 72e0f3b9-2ef5-42ac-93ef-0d851d25799a
2026-05-27 20:51:41.701 9 WARNING neutron.scheduler.dhcp_agent_scheduler [None req-fac62753-9848-483a-87a0-8dc7bfac8268 dc21c443e29a44dba511311599eaefeb 83c838aee5124c8ab55b61cfcb3f726f - - default default] No more DHCP agents
2026-05-27 20:51:41.702 9 WARNING neutron.api.rpc.agentnotifiers.dhcp_rpc_agent_api [None req-fac62753-9848-483a-87a0-8dc7bfac8268 dc21c443e29a44dba511311599eaefeb 83c838aee5124c8ab55b61cfcb3f726f - - default default] Unable to schedule network cbd6e758-3cd0-4ca1-a866-386a4b1d08c9: no agents available; will retry on subsequent port and subnet creation events.
2026-05-27 20:51:41.710 10 INFO neutron.db.ovn_revision_numbers_db [None req-f5bbbaa5-728c-4f35-b229-65389169325b cabb3db70db240b7b6fc33f123ac7c39 c095e32bb68d4f4c887ebabd3781225d - - default default] Successfully bumped revision number for resource 72e0f3b9-2ef5-42ac-93ef-0d851d25799a (type: networks) to 1
2026-05-27 20:51:41.791 9 INFO neutron.db.ovn_revision_numbers_db [None req-fac62753-9848-483a-87a0-8dc7bfac8268 dc21c443e29a44dba511311599eaefeb 83c838aee5124c8ab55b61cfcb3f726f - - default default] Successfully bumped revision number for resource 40842ef4-48e8-4c7a-988d-157f5b204a6c (type: ports) to 1
2026-05-27 20:51:41.867 10 WARNING neutron.scheduler.dhcp_agent_scheduler [None req-f5bbbaa5-728c-4f35-b229-65389169325b cabb3db70db240b7b6fc33f123ac7c39 c095e32bb68d4f4c887ebabd3781225d - - default default] No more DHCP agents
2026-05-27 20:51:41.868 10 WARNING neutron.api.rpc.agentnotifiers.dhcp_rpc_agent_api [None req-f5bbbaa5-728c-4f35-b229-65389169325b cabb3db70db240b7b6fc33f123ac7c39 c095e32bb68d4f4c887ebabd3781225d - - default default] Unable to schedule network 72e0f3b9-2ef5-42ac-93ef-0d851d25799a: no agents available; will retry on subsequent port and subnet creation events.
2026-05-27 20:51:41.922 10 INFO neutron.db.ovn_revision_numbers_db [None req-f5bbbaa5-728c-4f35-b229-65389169325b cabb3db70db240b7b6fc33f123ac7c39 c095e32bb68d4f4c887ebabd3781225d - - default default] Successfully bumped revision number for resource 88b6e246-b595-4fae-8bd0-68144e3f70fa (type: ports) to 1
2026-05-27 20:51:41.944 10 INFO neutron.api.wsgi [None req-f5bbbaa5-728c-4f35-b229-65389169325b cabb3db70db240b7b6fc33f123ac7c39 c095e32bb68d4f4c887ebabd3781225d - - default default] 10.0.0.203 "POST /v2.0/networks HTTP/1.1" status: 201 len: 830 time: 0.4562142
2026-05-27 20:51:41.956 10 WARNING neutron_lib.context [None req-be586ea9-783b-4355-aaac-785f18d1a600 cabb3db70db240b7b6fc33f123ac7c39 c095e32bb68d4f4c887ebabd3781225d - - default default] Method 'is_advsvc' is deprecated since 2023.2 release (neutron-lib 3.8.0) and will be removed once support for the old RBAC API policies will be removed from Neutron. Please use method 'is_service_role' instead.
2026-05-27 20:51:41.980 9 INFO neutron.plugins.ml2.drivers.ovn.mech_driver.mech_driver [None req-21352457-6c00-4c90-b443-3737ea52aa33 - - - - - -] OVN reports status down for port: 96978fa2-9b24-40c3-b99d-55d97ae4b36d
2026-05-27 20:51:42.146 9 INFO neutron.notifiers.nova [-] Nova event matching ['req-741929a5-6de3-45b5-b655-e202481ff6cb'] response: {'server_uuid': '210168c2-386d-49f8-94d3-be63785801ad', 'name': 'network-vif-unplugged', 'status': 'completed', 'tag': '96978fa2-9b24-40c3-b99d-55d97ae4b36d', 'code': 200}
2026-05-27 20:51:42.204 10 WARNING neutron.scheduler.dhcp_agent_scheduler [None req-be586ea9-783b-4355-aaac-785f18d1a600 cabb3db70db240b7b6fc33f123ac7c39 c095e32bb68d4f4c887ebabd3781225d - - default default] No more DHCP agents
2026-05-27 20:51:42.207 10 WARNING neutron.api.rpc.agentnotifiers.dhcp_rpc_agent_api [None req-be586ea9-783b-4355-aaac-785f18d1a600 cabb3db70db240b7b6fc33f123ac7c39 c095e32bb68d4f4c887ebabd3781225d - - default default] Unable to schedule network 72e0f3b9-2ef5-42ac-93ef-0d851d25799a: no agents available; will retry on subsequent port and subnet creation events.
2026-05-27 20:51:42.262 9 INFO neutron.db.ovn_revision_numbers_db [None req-21352457-6c00-4c90-b443-3737ea52aa33 - - - - - -] Successfully bumped revision number for resource 96978fa2-9b24-40c3-b99d-55d97ae4b36d (type: ports) to 6
2026-05-27 20:51:42.263 10 INFO neutron.plugins.ml2.drivers.ovn.mech_driver.mech_driver [None req-87c8ff51-94d4-4008-adf4-44c6e74a83d0 - - - - - -] OVN reports status up for port: 40842ef4-48e8-4c7a-988d-157f5b204a6c
2026-05-27 20:51:42.278 10 INFO neutron.plugins.ml2.plugin [None req-87c8ff51-94d4-4008-adf4-44c6e74a83d0 - - - - - -] Attempt 1 to provision port 40842ef4-48e8-4c7a-988d-157f5b204a6c
2026-05-27 20:51:42.280 10 INFO neutron.db.ovn_revision_numbers_db [None req-be586ea9-783b-4355-aaac-785f18d1a600 cabb3db70db240b7b6fc33f123ac7c39 c095e32bb68d4f4c887ebabd3781225d - - default default] Successfully bumped revision number for resource 015dacd6-2ee2-4ae8-acc9-ecaf63151065 (type: ports) to 1
2026-05-27 20:51:42.286 9 INFO neutron.db.ovn_revision_numbers_db [None req-fac62753-9848-483a-87a0-8dc7bfac8268 dc21c443e29a44dba511311599eaefeb 83c838aee5124c8ab55b61cfcb3f726f - - default default] Successfully bumped revision number for resource 40842ef4-48e8-4c7a-988d-157f5b204a6c (type: ports) to 1
2026-05-27 20:51:42.306 10 INFO neutron.api.wsgi [None req-be586ea9-783b-4355-aaac-785f18d1a600 cabb3db70db240b7b6fc33f123ac7c39 c095e32bb68d4f4c887ebabd3781225d - - default default] 10.0.0.203 "POST /v2.0/ports HTTP/1.1" status: 201 len: 942 time: 0.3570139 /var/lib/openstack/lib/python3.12/site-packages/pycadf/identifier.py:71: UserWarning: Invalid uuid: neutron. To ensure interoperability, identifiers should be a valid uuid. warnings.warn(('Invalid uuid: %s. To ensure interoperability, '
2026-05-27 20:51:42.314 10 WARNING neutron_lib.context [None req-74154792-7c4e-4d2c-8a75-a737858e6929 cabb3db70db240b7b6fc33f123ac7c39 c095e32bb68d4f4c887ebabd3781225d - - default default] Method 'is_advsvc' is deprecated since 2023.2 release (neutron-lib 3.8.0) and will be removed once support for the old RBAC API policies will be removed from Neutron. Please use method 'is_service_role' instead.
2026-05-27 20:51:42.340 9 WARNING neutron.scheduler.dhcp_agent_scheduler [None req-fac62753-9848-483a-87a0-8dc7bfac8268 dc21c443e29a44dba511311599eaefeb 83c838aee5124c8ab55b61cfcb3f726f - - default default] No more DHCP agents
2026-05-27 20:51:42.341 9 WARNING neutron.api.rpc.agentnotifiers.dhcp_rpc_agent_api [None req-fac62753-9848-483a-87a0-8dc7bfac8268 dc21c443e29a44dba511311599eaefeb 83c838aee5124c8ab55b61cfcb3f726f - - default default] Unable to schedule network cbd6e758-3cd0-4ca1-a866-386a4b1d08c9: no agents available; will retry on subsequent port and subnet creation events.
2026-05-27 20:51:42.400 10 INFO neutron.db.segments_db [None req-74154792-7c4e-4d2c-8a75-a737858e6929 cabb3db70db240b7b6fc33f123ac7c39 c095e32bb68d4f4c887ebabd3781225d - - default default] Added segment 851326c6-05af-4d00-8380-291011ba21b0 of type geneve for network 557f9338-4935-4291-b18c-5a3d9c54f688
2026-05-27 20:51:42.511 9 INFO neutron.db.ovn_revision_numbers_db [None req-fac62753-9848-483a-87a0-8dc7bfac8268 dc21c443e29a44dba511311599eaefeb 83c838aee5124c8ab55b61cfcb3f726f - - default default] Successfully bumped revision number for resource 40842ef4-48e8-4c7a-988d-157f5b204a6c (type: router_ports) to 1
2026-05-27 20:51:42.516 9 INFO neutron.api.wsgi [None req-fac62753-9848-483a-87a0-8dc7bfac8268 dc21c443e29a44dba511311599eaefeb 83c838aee5124c8ab55b61cfcb3f726f - - default default] 10.0.0.203 "PUT /v2.0/routers/bff05428-3f77-441c-9438-6439d1bd9b01/add_router_interface HTTP/1.1" status: 200 len: 503 time: 1.1988223 /var/lib/openstack/lib/python3.12/site-packages/pycadf/identifier.py:71: UserWarning: Invalid uuid: neutron. To ensure interoperability, identifiers should be a valid uuid. warnings.warn(('Invalid uuid: %s. To ensure interoperability, '
2026-05-27 20:51:42.552 9 INFO neutron.api.wsgi [None req-6de64590-08c9-4659-a9b5-9aae33d9bf21 dc21c443e29a44dba511311599eaefeb 83c838aee5124c8ab55b61cfcb3f726f - - default default] 10.0.0.203 "GET /v2.0/ports/40842ef4-48e8-4c7a-988d-157f5b204a6c HTTP/1.1" status: 200 len: 1141 time: 0.0306661
2026-05-27 20:51:42.553 10 INFO neutron.db.ovn_revision_numbers_db [None req-74154792-7c4e-4d2c-8a75-a737858e6929 cabb3db70db240b7b6fc33f123ac7c39 c095e32bb68d4f4c887ebabd3781225d - - default default] Successfully bumped revision number for resource 557f9338-4935-4291-b18c-5a3d9c54f688 (type: networks) to 1
2026-05-27 20:51:42.666 9 INFO neutron.api.wsgi [req-aef61021-9087-4759-ab38-0597262302b7 req-c1a571db-3d22-4288-90db-f3accd23aa54 56ddbc36ebee46329dffd7177d05f69a 031fcc6cf8494bffad1f7852d3ab5be1 - - default default] 10.0.0.199 "GET /v2.0/ports?device_id=210168c2-386d-49f8-94d3-be63785801ad HTTP/1.1" status: 200 len: 1172 time: 0.0356963
2026-05-27 20:51:42.707 10 INFO neutron.db.ovn_revision_numbers_db [None req-87c8ff51-94d4-4008-adf4-44c6e74a83d0 - - - - - -] Successfully bumped revision number for resource 40842ef4-48e8-4c7a-988d-157f5b204a6c (type: ports) to 2
2026-05-27 20:51:42.719 9 INFO neutron.api.wsgi [req-aef61021-9087-4759-ab38-0597262302b7 req-a39d9c4a-a38f-493f-b4d3-25000bb4f359 56ddbc36ebee46329dffd7177d05f69a 031fcc6cf8494bffad1f7852d3ab5be1 - - default default] 10.0.0.199 "GET /v2.0/security-groups?id=834fa4cb-caaa-4b57-8cf0-3b776d5e69e7&fields=id&fields=name HTTP/1.1" status: 200 len: 286 time: 0.0466342
2026-05-27 20:51:42.762 10 WARNING neutron.scheduler.dhcp_agent_scheduler [None req-74154792-7c4e-4d2c-8a75-a737858e6929 cabb3db70db240b7b6fc33f123ac7c39 c095e32bb68d4f4c887ebabd3781225d - - default default] No more DHCP agents
2026-05-27 20:51:42.763 10 WARNING neutron.api.rpc.agentnotifiers.dhcp_rpc_agent_api [None req-74154792-7c4e-4d2c-8a75-a737858e6929 cabb3db70db240b7b6fc33f123ac7c39 c095e32bb68d4f4c887ebabd3781225d - - default default] Unable to schedule network 557f9338-4935-4291-b18c-5a3d9c54f688: no agents available; will retry on subsequent port and subnet creation events.
2026-05-27 20:51:42.832 10 INFO neutron.db.ovn_revision_numbers_db [None req-74154792-7c4e-4d2c-8a75-a737858e6929 cabb3db70db240b7b6fc33f123ac7c39 c095e32bb68d4f4c887ebabd3781225d - - default default] Successfully bumped revision number for resource 07f9f94a-76c9-4b63-b132-4f60113c6b63 (type: ports) to 1
2026-05-27 20:51:42.852 10 INFO neutron.api.wsgi [None req-74154792-7c4e-4d2c-8a75-a737858e6929 cabb3db70db240b7b6fc33f123ac7c39 c095e32bb68d4f4c887ebabd3781225d - - default default] 10.0.0.203 "POST /v2.0/networks HTTP/1.1" status: 201 len: 830 time: 0.5413706
2026-05-27 20:51:42.861 10 WARNING neutron_lib.context [None req-f7c604c7-555f-44fe-8e5f-9b1d71c3876f cabb3db70db240b7b6fc33f123ac7c39 c095e32bb68d4f4c887ebabd3781225d - - default default] Method 'is_advsvc' is deprecated since 2023.2 release (neutron-lib 3.8.0) and will be removed once support for the old RBAC API policies will be removed from Neutron. Please use method 'is_service_role' instead.
2026-05-27 20:51:42.976 9 WARNING neutron.scheduler.dhcp_agent_scheduler [None req-fd8a1877-638a-48f8-9aa2-28ba30be0adf dc21c443e29a44dba511311599eaefeb 83c838aee5124c8ab55b61cfcb3f726f - - default default] No more DHCP agents
2026-05-27 20:51:42.977 9 WARNING neutron.api.rpc.agentnotifiers.dhcp_rpc_agent_api [None req-fd8a1877-638a-48f8-9aa2-28ba30be0adf dc21c443e29a44dba511311599eaefeb 83c838aee5124c8ab55b61cfcb3f726f - - default default] Unable to schedule network e52155da-9e99-4f42-81d5-4b098f8d7682: no agents available; will retry on subsequent port and subnet creation events.
2026-05-27 20:51:43.064 9 INFO neutron.db.ovn_revision_numbers_db [None req-fd8a1877-638a-48f8-9aa2-28ba30be0adf dc21c443e29a44dba511311599eaefeb 83c838aee5124c8ab55b61cfcb3f726f - - default default] Successfully bumped revision number for resource e5b0f923-5cc4-4c21-a810-5172b57d8b53 (type: ports) to 1
2026-05-27 20:51:43.081 10 WARNING neutron.scheduler.dhcp_agent_scheduler [None req-f7c604c7-555f-44fe-8e5f-9b1d71c3876f cabb3db70db240b7b6fc33f123ac7c39 c095e32bb68d4f4c887ebabd3781225d - - default default] No more DHCP agents
2026-05-27 20:51:43.082 10 WARNING neutron.api.rpc.agentnotifiers.dhcp_rpc_agent_api [None req-f7c604c7-555f-44fe-8e5f-9b1d71c3876f cabb3db70db240b7b6fc33f123ac7c39 c095e32bb68d4f4c887ebabd3781225d - - default default] Unable to schedule network 557f9338-4935-4291-b18c-5a3d9c54f688: no agents available; will retry on subsequent port and subnet creation events.
2026-05-27 20:51:43.146 10 INFO neutron.db.ovn_revision_numbers_db [None req-f7c604c7-555f-44fe-8e5f-9b1d71c3876f cabb3db70db240b7b6fc33f123ac7c39 c095e32bb68d4f4c887ebabd3781225d - - default default] Successfully bumped revision number for resource 64652b8a-ddee-4020-9fb2-8f4600a4abcf (type: ports) to 1 /var/lib/openstack/lib/python3.12/site-packages/pycadf/identifier.py:71: UserWarning: Invalid uuid: neutron. To ensure interoperability, identifiers should be a valid uuid. warnings.warn(('Invalid uuid: %s. To ensure interoperability, '
2026-05-27 20:51:43.188 10 INFO neutron.api.wsgi [None req-f7c604c7-555f-44fe-8e5f-9b1d71c3876f cabb3db70db240b7b6fc33f123ac7c39 c095e32bb68d4f4c887ebabd3781225d - - default default] 10.0.0.203 "POST /v2.0/ports HTTP/1.1" status: 201 len: 942 time: 0.3305938
2026-05-27 20:51:43.198 9 WARNING neutron_lib.context [None req-b7708c2e-c1db-414b-8e28-b95f9d062517 cabb3db70db240b7b6fc33f123ac7c39 c095e32bb68d4f4c887ebabd3781225d - - default default] Method 'is_advsvc' is deprecated since 2023.2 release (neutron-lib 3.8.0) and will be removed once support for the old RBAC API policies will be removed from Neutron. Please use method 'is_service_role' instead.
2026-05-27 20:51:43.226 10 INFO neutron.api.wsgi [req-20140211-ee50-472b-9851-44a72126a8f4 req-6c037999-e170-4fc4-b4e9-cceec4982173 56ddbc36ebee46329dffd7177d05f69a 031fcc6cf8494bffad1f7852d3ab5be1 - - default default] 199.19.213.176 "GET /v2.0/ports?device_id=210168c2-386d-49f8-94d3-be63785801ad HTTP/1.1" status: 200 len: 1172 time: 0.0729527
2026-05-27 20:51:43.291 9 INFO neutron.db.segments_db [None req-b7708c2e-c1db-414b-8e28-b95f9d062517 cabb3db70db240b7b6fc33f123ac7c39 c095e32bb68d4f4c887ebabd3781225d - - default default] Added segment e099e2ad-e641-4de7-952e-41d30018e459 of type geneve for network 96d745b5-93e9-4373-8f40-61923eaf3f3e
2026-05-27 20:51:43.446 9 INFO neutron.db.ovn_revision_numbers_db [None req-b7708c2e-c1db-414b-8e28-b95f9d062517 cabb3db70db240b7b6fc33f123ac7c39 c095e32bb68d4f4c887ebabd3781225d - - default default] Successfully bumped revision number for resource 96d745b5-93e9-4373-8f40-61923eaf3f3e (type: networks) to 1
2026-05-27 20:51:43.463 10 INFO neutron.api.wsgi [req-20140211-ee50-472b-9851-44a72126a8f4 req-b4f156ec-7ccc-4fbf-9c98-67d5082f93f5 56ddbc36ebee46329dffd7177d05f69a 031fcc6cf8494bffad1f7852d3ab5be1 - - default default] 199.19.213.176 "DELETE /v2.0/ports/96978fa2-9b24-40c3-b99d-55d97ae4b36d HTTP/1.1" status: 204 len: 173 time: 0.2332287
2026-05-27 20:51:43.494 10 INFO neutron.notifiers.nova [-] Nova event matching ['req-3f97e70e-7d53-4565-827a-a365ab23e0a4'] response: {'server_uuid': '210168c2-386d-49f8-94d3-be63785801ad', 'name': 'network-vif-deleted', 'tag': '96978fa2-9b24-40c3-b99d-55d97ae4b36d', 'status': 'completed', 'code': 200}
2026-05-27 20:51:43.631 9 INFO neutron.plugins.ml2.drivers.ovn.mech_driver.mech_driver [None req-d3226eb5-8bf5-4409-b05c-12f80f3e007a - - - - - -] OVN reports status up for port: e5b0f923-5cc4-4c21-a810-5172b57d8b53
2026-05-27 20:51:43.654 9 INFO neutron.plugins.ml2.plugin [None req-d3226eb5-8bf5-4409-b05c-12f80f3e007a - - - - - -] Attempt 1 to provision port e5b0f923-5cc4-4c21-a810-5172b57d8b53
2026-05-27 20:51:43.674 9 INFO neutron.db.ovn_revision_numbers_db [None req-fd8a1877-638a-48f8-9aa2-28ba30be0adf dc21c443e29a44dba511311599eaefeb 83c838aee5124c8ab55b61cfcb3f726f - - default default] Successfully bumped revision number for resource e5b0f923-5cc4-4c21-a810-5172b57d8b53 (type: ports) to 1
2026-05-27 20:51:43.681 9 WARNING neutron.scheduler.dhcp_agent_scheduler [None req-b7708c2e-c1db-414b-8e28-b95f9d062517 cabb3db70db240b7b6fc33f123ac7c39 c095e32bb68d4f4c887ebabd3781225d - - default default] No more DHCP agents
2026-05-27 20:51:43.683 9 WARNING neutron.api.rpc.agentnotifiers.dhcp_rpc_agent_api [None req-b7708c2e-c1db-414b-8e28-b95f9d062517 cabb3db70db240b7b6fc33f123ac7c39 c095e32bb68d4f4c887ebabd3781225d - - default default] Unable to schedule network 96d745b5-93e9-4373-8f40-61923eaf3f3e: no agents available; will retry on subsequent port and subnet creation events.
2026-05-27 20:51:43.759 9 WARNING neutron.scheduler.dhcp_agent_scheduler [None req-fd8a1877-638a-48f8-9aa2-28ba30be0adf dc21c443e29a44dba511311599eaefeb 83c838aee5124c8ab55b61cfcb3f726f - - default default] No more DHCP agents
2026-05-27 20:51:43.762 9 WARNING neutron.api.rpc.agentnotifiers.dhcp_rpc_agent_api [None req-fd8a1877-638a-48f8-9aa2-28ba30be0adf dc21c443e29a44dba511311599eaefeb 83c838aee5124c8ab55b61cfcb3f726f - - default default] Unable to schedule network e52155da-9e99-4f42-81d5-4b098f8d7682: no agents available; will retry on subsequent port and subnet creation events.
2026-05-27 20:51:43.803 9 INFO neutron.db.ovn_revision_numbers_db [None req-b7708c2e-c1db-414b-8e28-b95f9d062517 cabb3db70db240b7b6fc33f123ac7c39 c095e32bb68d4f4c887ebabd3781225d - - default default] Successfully bumped revision number for resource 2c8cd847-fd2f-4692-bd20-314c3e926bf5 (type: ports) to 1
2026-05-27 20:51:43.808 9 INFO neutron.api.wsgi [req-4d489039-7b44-46a6-b38a-6291ee06ab86 req-d35f0959-41fd-4b1d-84a6-7d206b3cfd79 56ddbc36ebee46329dffd7177d05f69a 031fcc6cf8494bffad1f7852d3ab5be1 - - default default] 10.0.0.199 "GET /v2.0/ports?device_id=210168c2-386d-49f8-94d3-be63785801ad HTTP/1.1" status: 200 len: 210 time: 0.0257113
2026-05-27 20:51:43.853 9 INFO neutron.api.wsgi [None req-b7708c2e-c1db-414b-8e28-b95f9d062517 cabb3db70db240b7b6fc33f123ac7c39 c095e32bb68d4f4c887ebabd3781225d - - default default] 10.0.0.203 "POST /v2.0/networks HTTP/1.1" status: 201 len: 830 time: 0.6596277
2026-05-27 20:51:43.866 10 WARNING neutron_lib.context [None req-7a25b402-744d-454b-9015-9f984516efeb cabb3db70db240b7b6fc33f123ac7c39 c095e32bb68d4f4c887ebabd3781225d - - default default] Method 'is_advsvc' is deprecated since 2023.2 release (neutron-lib 3.8.0) and will be removed once support for the old RBAC API policies will be removed from Neutron. Please use method 'is_service_role' instead.
2026-05-27 20:51:44.021 9 INFO neutron.db.ovn_revision_numbers_db [None req-fd8a1877-638a-48f8-9aa2-28ba30be0adf dc21c443e29a44dba511311599eaefeb 83c838aee5124c8ab55b61cfcb3f726f - - default default] Successfully bumped revision number for resource e5b0f923-5cc4-4c21-a810-5172b57d8b53 (type: router_ports) to 1
2026-05-27 20:51:44.025 9 INFO neutron.api.wsgi [None req-fd8a1877-638a-48f8-9aa2-28ba30be0adf dc21c443e29a44dba511311599eaefeb 83c838aee5124c8ab55b61cfcb3f726f - - default default] 10.0.0.203 "PUT /v2.0/routers/bff05428-3f77-441c-9438-6439d1bd9b01/add_router_interface HTTP/1.1" status: 200 len: 503 time: 1.4692760 /var/lib/openstack/lib/python3.12/site-packages/pycadf/identifier.py:71: UserWarning: Invalid uuid: neutron. To ensure interoperability, identifiers should be a valid uuid. warnings.warn(('Invalid uuid: %s. To ensure interoperability, '
2026-05-27 20:51:44.086 10 WARNING neutron.scheduler.dhcp_agent_scheduler [None req-7a25b402-744d-454b-9015-9f984516efeb cabb3db70db240b7b6fc33f123ac7c39 c095e32bb68d4f4c887ebabd3781225d - - default default] No more DHCP agents
2026-05-27 20:51:44.088 10 WARNING neutron.api.rpc.agentnotifiers.dhcp_rpc_agent_api [None req-7a25b402-744d-454b-9015-9f984516efeb cabb3db70db240b7b6fc33f123ac7c39 c095e32bb68d4f4c887ebabd3781225d - - default default] Unable to schedule network 96d745b5-93e9-4373-8f40-61923eaf3f3e: no agents available; will retry on subsequent port and subnet creation events.
2026-05-27 20:51:44.102 9 INFO neutron.db.ovn_revision_numbers_db [None req-d3226eb5-8bf5-4409-b05c-12f80f3e007a - - - - - -] Successfully bumped revision number for resource e5b0f923-5cc4-4c21-a810-5172b57d8b53 (type: ports) to 2
2026-05-27 20:51:44.108 10 INFO neutron.api.wsgi [None req-e5dad870-e8a9-437a-9337-e4750e42edc6 dc21c443e29a44dba511311599eaefeb 83c838aee5124c8ab55b61cfcb3f726f - - default default] 10.0.0.203 "GET /v2.0/ports/e5b0f923-5cc4-4c21-a810-5172b57d8b53 HTTP/1.1" status: 200 len: 1149 time: 0.0768199 /var/lib/openstack/lib/python3.12/site-packages/pycadf/identifier.py:71: UserWarning: Invalid uuid: neutron. To ensure interoperability, identifiers should be a valid uuid. warnings.warn(('Invalid uuid: %s. To ensure interoperability, '
2026-05-27 20:51:44.170 10 INFO neutron.api.wsgi [None req-a4f65cc1-7193-40e6-bebb-e2080b13c2fc dc21c443e29a44dba511311599eaefeb 83c838aee5124c8ab55b61cfcb3f726f - - default default] 10.0.0.203 "GET /v2.0/ports/e5b0f923-5cc4-4c21-a810-5172b57d8b53 HTTP/1.1" status: 200 len: 1149 time: 0.0505867
2026-05-27 20:51:44.182 10 INFO neutron.db.ovn_revision_numbers_db [None req-7a25b402-744d-454b-9015-9f984516efeb cabb3db70db240b7b6fc33f123ac7c39 c095e32bb68d4f4c887ebabd3781225d - - default default] Successfully bumped revision number for resource 8fabfe24-0eb5-47cc-9dcd-03722c5ccc42 (type: ports) to 1
2026-05-27 20:51:44.193 9 INFO neutron.notifiers.nova [-] Nova event matching ['req-fcb200e7-7be8-4c4e-b257-7b388bf7b261'] response: {'server_uuid': '210168c2-386d-49f8-94d3-be63785801ad', 'name': 'network-vif-unplugged', 'status': 'completed', 'tag': '96978fa2-9b24-40c3-b99d-55d97ae4b36d', 'code': 200}
2026-05-27 20:51:44.203 10 INFO neutron.api.wsgi [None req-7a25b402-744d-454b-9015-9f984516efeb cabb3db70db240b7b6fc33f123ac7c39 c095e32bb68d4f4c887ebabd3781225d - - default default] 10.0.0.203 "POST /v2.0/ports HTTP/1.1" status: 201 len: 942 time: 0.3437068
2026-05-27 20:51:44.251 10 INFO neutron.api.wsgi [None req-945c421f-98ad-44cd-8039-ee2abc97dcad cabb3db70db240b7b6fc33f123ac7c39 c095e32bb68d4f4c887ebabd3781225d - - default default] 10.0.0.203 "PUT /v2.0/ports/fc2fc52e-7a9e-4e58-86e9-623200b6465a/tags HTTP/1.1" status: 200 len: 210 time: 0.0423028
2026-05-27 20:51:44.293 10 INFO neutron.api.wsgi [None req-45da2ea6-bdbc-41f7-a354-3b5675efc456 cabb3db70db240b7b6fc33f123ac7c39 c095e32bb68d4f4c887ebabd3781225d - - default default] 10.0.0.203 "PUT /v2.0/ports/3bad7ae4-c07e-4ff8-a01d-e23c7a26e1b9/tags HTTP/1.1" status: 200 len: 218 time: 0.0366454
2026-05-27 20:51:44.336 10 INFO neutron.api.wsgi [None req-1a004688-d769-4437-aa62-0a4fed25fd14 cabb3db70db240b7b6fc33f123ac7c39 c095e32bb68d4f4c887ebabd3781225d - - default default] 10.0.0.203 "PUT /v2.0/ports/015dacd6-2ee2-4ae8-acc9-ecaf63151065/tags HTTP/1.1" status: 200 len: 227 time: 0.0381122
2026-05-27 20:51:44.376 10 INFO neutron.api.wsgi [None req-5682ab05-512e-4da3-8288-ef49cc632f54 cabb3db70db240b7b6fc33f123ac7c39 c095e32bb68d4f4c887ebabd3781225d - - default default] 10.0.0.203 "PUT /v2.0/ports/64652b8a-ddee-4020-9fb2-8f4600a4abcf/tags HTTP/1.1" status: 200 len: 212 time: 0.0343316
2026-05-27 20:51:44.514 10 INFO neutron.api.wsgi [None req-f53c95f4-e57d-4145-9fc1-7f28c117008e cabb3db70db240b7b6fc33f123ac7c39 c095e32bb68d4f4c887ebabd3781225d - - default default] 10.0.0.203 "GET /v2.0/ports?tags=red HTTP/1.1" status: 200 len: 2448 time: 0.1325788
2026-05-27 20:51:44.569 10 INFO neutron.api.wsgi [None req-4d04c6f1-bbf0-462e-a59b-e790f0108c0e cabb3db70db240b7b6fc33f123ac7c39 c095e32bb68d4f4c887ebabd3781225d - - default default] 10.0.0.203 "GET /v2.0/ports?tags=red%2Cblue HTTP/1.1" status: 200 len: 1708 time: 0.0511203
2026-05-27 20:51:44.632 10 INFO neutron.api.wsgi [None req-bf536870-b73e-4f78-9bd9-83040b7c48f5 cabb3db70db240b7b6fc33f123ac7c39 c095e32bb68d4f4c887ebabd3781225d - - default default] 10.0.0.203 "GET /v2.0/ports?tags-any=blue HTTP/1.1" status: 200 len: 1708 time: 0.0561078
2026-05-27 20:51:44.671 10 INFO neutron.api.wsgi [None req-8523fcfd-08fc-4fe8-a48e-392ce56190ce cabb3db70db240b7b6fc33f123ac7c39 c095e32bb68d4f4c887ebabd3781225d - - default default] 10.0.0.203 "GET /v2.0/ports?tags-any=red%2Cblue HTTP/1.1" status: 200 len: 2448 time: 0.0347924
2026-05-27 20:51:44.718 9 INFO neutron.api.wsgi [None req-b1f16c04-2949-4323-bffa-7527702508c0 dc21c443e29a44dba511311599eaefeb 83c838aee5124c8ab55b61cfcb3f726f - - default default] 10.0.0.203 "PUT /v2.0/routers/bff05428-3f77-441c-9438-6439d1bd9b01/remove_router_interface HTTP/1.1" status: 200 len: 503 time: 0.5411754 /var/lib/openstack/lib/python3.12/site-packages/pycadf/identifier.py:71: UserWarning: Invalid uuid: neutron. To ensure interoperability, identifiers should be a valid uuid. warnings.warn(('Invalid uuid: %s. To ensure interoperability, '
2026-05-27 20:51:44.753 9 INFO neutron.api.wsgi [None req-8608aa7b-d86a-49f6-aadc-75e1db1c6ab8 dc21c443e29a44dba511311599eaefeb 83c838aee5124c8ab55b61cfcb3f726f - - default default] 10.0.0.203 "GET /v2.0/ports/40842ef4-48e8-4c7a-988d-157f5b204a6c HTTP/1.1" status: 200 len: 1141 time: 0.0301099
2026-05-27 20:51:44.807 10 INFO neutron.api.wsgi [None req-645116d0-1b27-4b04-a278-5f56c0620c9a cabb3db70db240b7b6fc33f123ac7c39 c095e32bb68d4f4c887ebabd3781225d - - default default] 10.0.0.203 "GET /v2.0/ports?not-tags=red HTTP/1.1" status: 200 len: 5463 time: 0.1309776
2026-05-27 20:51:44.893 10 INFO neutron.api.wsgi [None req-106ee407-a296-4f80-a390-16bb5220083c cabb3db70db240b7b6fc33f123ac7c39 c095e32bb68d4f4c887ebabd3781225d - - default default] 10.0.0.203 "GET /v2.0/ports?not-tags=red%2Cblue HTTP/1.1" status: 200 len: 6203 time: 0.0805581
2026-05-27 20:51:44.894 9 INFO neutron.api.wsgi [req-28fe1553-7ce1-470d-b435-4eeeb882471f req-be8e0f83-bc09-443b-b2e8-deb455894065 56ddbc36ebee46329dffd7177d05f69a 031fcc6cf8494bffad1f7852d3ab5be1 - - default default] 10.0.0.199 "GET /v2.0/ports?device_id=210168c2-386d-49f8-94d3-be63785801ad HTTP/1.1" status: 200 len: 210 time: 0.0220833
2026-05-27 20:51:45.113 9 INFO neutron.api.wsgi [None req-74821e77-2ad0-445c-9f09-e18a4543d3a5 cabb3db70db240b7b6fc33f123ac7c39 c095e32bb68d4f4c887ebabd3781225d - - default default] 10.0.0.203 "GET /v2.0/ports?not-tags-any=blue HTTP/1.1" status: 200 len: 6203 time: 0.2163999
2026-05-27 20:51:45.186 10 INFO neutron.api.wsgi [None req-d39c96f1-3513-4867-889c-b54fb10412b1 cabb3db70db240b7b6fc33f123ac7c39 c095e32bb68d4f4c887ebabd3781225d - - default default] 10.0.0.203 "GET /v2.0/ports?not-tags-any=red%2Cblue HTTP/1.1" status: 200 len: 5463 time: 0.0668578
2026-05-27 20:51:45.344 9 INFO neutron.api.wsgi [None req-4f83a3b5-7399-4aaf-ad47-571f316e3944 dc21c443e29a44dba511311599eaefeb 83c838aee5124c8ab55b61cfcb3f726f - - default default] 10.0.0.203 "PUT /v2.0/routers/bff05428-3f77-441c-9438-6439d1bd9b01/remove_router_interface HTTP/1.1" status: 200 len: 503 time: 0.5865324
2026-05-27 20:51:45.368 10 INFO neutron.api.wsgi [None req-eae06f8a-8093-404e-bc18-f918c82387f0 dc21c443e29a44dba511311599eaefeb 83c838aee5124c8ab55b61cfcb3f726f - - default default] 10.0.0.203 "GET /v2.0/ports?device_id=bff05428-3f77-441c-9438-6439d1bd9b01 HTTP/1.1" status: 200 len: 205 time: 0.0170884
2026-05-27 20:51:45.459 10 INFO neutron.api.wsgi [None req-e4e44cbf-e342-4b79-bce4-4fc440c77d04 cabb3db70db240b7b6fc33f123ac7c39 c095e32bb68d4f4c887ebabd3781225d - - default default] 10.0.0.203 "DELETE /v2.0/ports/fc2fc52e-7a9e-4e58-86e9-623200b6465a HTTP/1.1" status: 204 len: 168 time: 0.2666380
2026-05-27 20:51:45.583 10 INFO neutron.api.wsgi [None req-62dc99de-3d72-451e-ac02-d37451a19ef6 dc21c443e29a44dba511311599eaefeb 83c838aee5124c8ab55b61cfcb3f726f - - default default] 10.0.0.203 "DELETE /v2.0/routers/bff05428-3f77-441c-9438-6439d1bd9b01 HTTP/1.1" status: 204 len: 168 time: 0.2091386
2026-05-27 20:51:45.735 10 INFO neutron.api.wsgi [None req-75795401-f789-461b-8d94-e7abaeecebfc dc21c443e29a44dba511311599eaefeb 83c838aee5124c8ab55b61cfcb3f726f - - default default] 10.0.0.203 "DELETE /v2.0/subnets/fa2d852b-b8bd-4b97-88f9-130b7e0c2348 HTTP/1.1" status: 204 len: 168 time: 0.1461229
2026-05-27 20:51:45.746 10 INFO neutron.api.wsgi [None req-34ebfc21-58f0-4bac-99f8-2a8be7886aea cabb3db70db240b7b6fc33f123ac7c39 c095e32bb68d4f4c887ebabd3781225d - - default default] 10.0.0.203 "DELETE /v2.0/ports/3bad7ae4-c07e-4ff8-a01d-e23c7a26e1b9 HTTP/1.1" status: 204 len: 168 time: 0.2828243 /var/lib/openstack/lib/python3.12/site-packages/pycadf/identifier.py:71: UserWarning: Invalid uuid: neutron. To ensure interoperability, identifiers should be a valid uuid. warnings.warn(('Invalid uuid: %s. To ensure interoperability, '
2026-05-27 20:51:45.891 10 INFO neutron.api.wsgi [None req-769778a3-b6c0-484d-9671-65eb18070451 dc21c443e29a44dba511311599eaefeb 83c838aee5124c8ab55b61cfcb3f726f - - default default] 10.0.0.203 "DELETE /v2.0/subnets/edc61b45-6140-4231-85ff-b493df0754b6 HTTP/1.1" status: 204 len: 168 time: 0.1517398
2026-05-27 20:51:45.996 9 INFO neutron.api.wsgi [req-3d3818fb-47d1-478d-bfe7-0e8e0fc2e4b4 req-5606ee64-fce2-4dd3-ae7e-b5ad69fe4f15 56ddbc36ebee46329dffd7177d05f69a 031fcc6cf8494bffad1f7852d3ab5be1 - - default default] 10.0.0.199 "GET /v2.0/ports?device_id=210168c2-386d-49f8-94d3-be63785801ad HTTP/1.1" status: 200 len: 210 time: 0.0256958
2026-05-27 20:51:46.024 9 INFO neutron.api.wsgi [None req-1a6d7202-2cfd-4d5b-b24d-419312b57c00 cabb3db70db240b7b6fc33f123ac7c39 c095e32bb68d4f4c887ebabd3781225d - - default default] 10.0.0.203 "DELETE /v2.0/ports/015dacd6-2ee2-4ae8-acc9-ecaf63151065 HTTP/1.1" status: 204 len: 168 time: 0.2715869
2026-05-27 20:51:46.273 9 INFO neutron.services.segments.plugin [-] Segment a956446d-86ab-4d49-a42c-abfa19e33392 resource provider aggregate not found
2026-05-27 20:51:46.283 9 INFO neutron.services.segments.plugin [-] Segment a956446d-86ab-4d49-a42c-abfa19e33392 resource provider aggregate not found
2026-05-27 20:51:46.295 9 INFO neutron.services.segments.plugin [-] Segment a956446d-86ab-4d49-a42c-abfa19e33392 resource provider not found; error: Placement Client Error (4xx): {"errors": [{"status": 404, "title": "Not Found", "detail": "The resource could not be found.\n\n No resource provider with uuid a956446d-86ab-4d49-a42c-abfa19e33392 found for delete ", "request_id": "req-11e00384-02ea-4930-a4b9-ef99b07c94e8"}]}
2026-05-27 20:51:46.310 9 INFO neutron.services.segments.plugin [-] Segment a956446d-86ab-4d49-a42c-abfa19e33392 resource provider not found; error: Placement Client Error (4xx): {"errors": [{"status": 404, "title": "Not Found", "detail": "The resource could not be found.\n\n No resource provider with uuid a956446d-86ab-4d49-a42c-abfa19e33392 found for delete ", "request_id": "req-9a7be5c6-5a24-430a-8bd6-bc5ebd35cc53"}]}
2026-05-27 20:51:46.323 9 INFO neutron.api.wsgi [None req-ab1d3022-579e-4883-b692-596cb5f8cfe5 cabb3db70db240b7b6fc33f123ac7c39 c095e32bb68d4f4c887ebabd3781225d - - default default] 10.0.0.203 "DELETE /v2.0/ports/64652b8a-ddee-4020-9fb2-8f4600a4abcf HTTP/1.1" status: 204 len: 168 time: 0.2950649
2026-05-27 20:51:46.330 9 INFO neutron.api.wsgi [None req-5bbd59ec-e200-432e-a965-80d1561346bc dc21c443e29a44dba511311599eaefeb 83c838aee5124c8ab55b61cfcb3f726f - - default default] 10.0.0.203 "DELETE /v2.0/networks/e52155da-9e99-4f42-81d5-4b098f8d7682 HTTP/1.1" status: 204 len: 168 time: 0.4336066
2026-05-27 20:51:46.569 9 INFO neutron.api.wsgi [None req-1d48464f-9533-4df2-8f00-e6ab8fc3ae72 cabb3db70db240b7b6fc33f123ac7c39 c095e32bb68d4f4c887ebabd3781225d - - default default] 10.0.0.203 "DELETE /v2.0/ports/8fabfe24-0eb5-47cc-9dcd-03722c5ccc42 HTTP/1.1" status: 204 len: 168 time: 0.2416556
2026-05-27 20:51:46.665 10 INFO neutron.services.segments.plugin [-] Segment 0bf25ce1-a739-4056-8ac5-0b04c3acbc34 resource provider aggregate not found
2026-05-27 20:51:46.672 10 INFO neutron.services.segments.plugin [-] Segment 0bf25ce1-a739-4056-8ac5-0b04c3acbc34 resource provider aggregate not found
2026-05-27 20:51:46.677 10 INFO neutron.services.segments.plugin [-] Segment 0bf25ce1-a739-4056-8ac5-0b04c3acbc34 resource provider not found; error: Placement Client Error (4xx): {"errors": [{"status": 404, "title": "Not Found", "detail": "The resource could not be found.\n\n No resource provider with uuid 0bf25ce1-a739-4056-8ac5-0b04c3acbc34 found for delete ", "request_id": "req-bd3ae7c2-3d5b-4752-a355-2a6dfa8474f8"}]}
2026-05-27 20:51:46.686 10 INFO neutron.services.segments.plugin [-] Segment 0bf25ce1-a739-4056-8ac5-0b04c3acbc34 resource provider not found; error: Placement Client Error (4xx): {"errors": [{"status": 404, "title": "Not Found", "detail": "The resource could not be found.\n\n No resource provider with uuid 0bf25ce1-a739-4056-8ac5-0b04c3acbc34 found for delete ", "request_id": "req-4250ecec-f440-4a27-843c-08876bb054c3"}]}
2026-05-27 20:51:46.718 10 INFO neutron.api.wsgi [None req-96731d85-a784-4c9e-9dd7-f4e038a8d79a dc21c443e29a44dba511311599eaefeb 83c838aee5124c8ab55b61cfcb3f726f - - default default] 10.0.0.203 "DELETE /v2.0/networks/cbd6e758-3cd0-4ca1-a866-386a4b1d08c9 HTTP/1.1" status: 204 len: 168 time: 0.3844566
2026-05-27 20:51:46.735 9 WARNING neutron_lib.context [None req-2f21e211-c73e-42ce-bb08-07fa57926712 dc21c443e29a44dba511311599eaefeb 83c838aee5124c8ab55b61cfcb3f726f - - default default] Method 'is_advsvc' is deprecated since 2023.2 release (neutron-lib 3.8.0) and will be removed once support for the old RBAC API policies will be removed from Neutron. Please use method 'is_service_role' instead.
2026-05-27 20:51:46.844 9 INFO neutron.db.segments_db [None req-2f21e211-c73e-42ce-bb08-07fa57926712 dc21c443e29a44dba511311599eaefeb 83c838aee5124c8ab55b61cfcb3f726f - - default default] Added segment ebb859e7-52f9-4b3a-b989-785939e05e22 of type geneve for network 853cc2c8-3347-48c1-986a-6c6ea3f9745a
2026-05-27 20:51:46.950 10 INFO neutron.api.wsgi [None req-7f78aecd-9705-47df-be7e-6c404c5ac7a1 cabb3db70db240b7b6fc33f123ac7c39 c095e32bb68d4f4c887ebabd3781225d - - default default] 10.0.0.203 "DELETE /v2.0/networks/79ca10c3-1b72-4c19-8be4-5971638f8898 HTTP/1.1" status: 204 len: 168 time: 0.3777516
2026-05-27 20:51:46.960 9 INFO neutron.db.ovn_revision_numbers_db [None req-2f21e211-c73e-42ce-bb08-07fa57926712 dc21c443e29a44dba511311599eaefeb 83c838aee5124c8ab55b61cfcb3f726f - - default default] Successfully bumped revision number for resource 853cc2c8-3347-48c1-986a-6c6ea3f9745a (type: networks) to 1
2026-05-27 20:51:47.139 9 WARNING neutron.scheduler.dhcp_agent_scheduler [None req-2f21e211-c73e-42ce-bb08-07fa57926712 dc21c443e29a44dba511311599eaefeb 83c838aee5124c8ab55b61cfcb3f726f - - default default] No more DHCP agents
2026-05-27 20:51:47.140 9 WARNING neutron.api.rpc.agentnotifiers.dhcp_rpc_agent_api [None req-2f21e211-c73e-42ce-bb08-07fa57926712 dc21c443e29a44dba511311599eaefeb 83c838aee5124c8ab55b61cfcb3f726f - - default default] Unable to schedule network 853cc2c8-3347-48c1-986a-6c6ea3f9745a: no agents available; will retry on subsequent port and subnet creation events.
2026-05-27 20:51:47.231 9 INFO neutron.db.ovn_revision_numbers_db [None req-2f21e211-c73e-42ce-bb08-07fa57926712 dc21c443e29a44dba511311599eaefeb 83c838aee5124c8ab55b61cfcb3f726f - - default default] Successfully bumped revision number for resource 0782a80c-b1ec-4b16-a1b1-6a5aa61d442c (type: ports) to 1
2026-05-27 20:51:47.255 9 INFO neutron.api.wsgi [None req-2f21e211-c73e-42ce-bb08-07fa57926712 dc21c443e29a44dba511311599eaefeb 83c838aee5124c8ab55b61cfcb3f726f - - default default] 10.0.0.203 "POST /v2.0/networks HTTP/1.1" status: 201 len: 833 time: 0.5262203
2026-05-27 20:51:47.269 10 WARNING neutron_lib.context [None req-2258e470-d7ae-4ed6-8d7e-28b2b1b8fff1 dc21c443e29a44dba511311599eaefeb 83c838aee5124c8ab55b61cfcb3f726f - - default default] Method 'is_advsvc' is deprecated since 2023.2 release (neutron-lib 3.8.0) and will be removed once support for the old RBAC API policies will be removed from Neutron. Please use method 'is_service_role' instead.
2026-05-27 20:51:47.299 10 INFO neutron.api.wsgi [None req-f01527e0-8680-4408-a8f0-f0af6bd10399 cabb3db70db240b7b6fc33f123ac7c39 c095e32bb68d4f4c887ebabd3781225d - - default default] 10.0.0.203 "DELETE /v2.0/networks/ae53b172-786d-4b9f-acb1-7f1cf816c0aa HTTP/1.1" status: 204 len: 168 time: 0.3453178
2026-05-27 20:51:47.446 10 WARNING neutron.scheduler.dhcp_agent_scheduler [None req-2258e470-d7ae-4ed6-8d7e-28b2b1b8fff1 dc21c443e29a44dba511311599eaefeb 83c838aee5124c8ab55b61cfcb3f726f - - default default] No more DHCP agents
2026-05-27 20:51:47.447 10 WARNING neutron.api.rpc.agentnotifiers.dhcp_rpc_agent_api [None req-2258e470-d7ae-4ed6-8d7e-28b2b1b8fff1 dc21c443e29a44dba511311599eaefeb 83c838aee5124c8ab55b61cfcb3f726f - - default default] Unable to schedule network 853cc2c8-3347-48c1-986a-6c6ea3f9745a: no agents available; will retry on subsequent port and subnet creation events.
