2026-05-27 20:49:40.563 9 INFO neutron.db.l3_db [None req-9b64af1e-3503-4f52-8270-4f201aa8b6b6 5b5dd77c3fdf42cba639ff92ee5df0a5 43b71fc469ca48c392750a8ed93ffc05 - - default default] Floating IP ded97153-1e0a-40b4-933f-4957da4533cc associated. External IP: 10.96.250.205, port: 274542df-c193-464e-8a4f-6cd21b501482.
2026-05-27 20:49:40.569 9 INFO neutron.api.wsgi [req-d00e3f0a-4998-4407-a256-b980dbe9ffcf req-9a7b05d2-6bd3-465e-8a81-01aae2b713a3 e3107a1923d24722834d3f15eb8abab5 648eed71e8864f19b4f80e442a30f247 - - 9475e5ee510e48719cff67af03a81c01 9475e5ee510e48719cff67af03a81c01] 199.19.213.176 "PUT /v2.0/ports/adcf0928-a988-4074-ab93-c31494508bc8 HTTP/1.1" status: 200 len: 1404 time: 1.1713877
2026-05-27 20:49:40.615 9 INFO neutron.notifiers.nova [-] Nova event matching ['req-55a33c61-6406-4a75-8dbc-b5a38c14bbf3'] response: {'name': 'network-changed', 'server_uuid': 'bf4172da-6008-46d3-8db5-c499519060f3', 'tag': 'adcf0928-a988-4074-ab93-c31494508bc8', 'status': 'completed', 'code': 200}
2026-05-27 20:49:40.616 9 INFO neutron.api.wsgi [None req-9b64af1e-3503-4f52-8270-4f201aa8b6b6 5b5dd77c3fdf42cba639ff92ee5df0a5 43b71fc469ca48c392750a8ed93ffc05 - - default default] 10.0.0.203 "PUT /v2.0/floatingips/ded97153-1e0a-40b4-933f-4957da4533cc HTTP/1.1" status: 200 len: 1049 time: 1.1116397
2026-05-27 20:49:40.704 10 INFO neutron.api.wsgi [req-66da0f61-7399-4ea1-91c6-af4bb85e5f54 req-b548c471-72c8-43ca-91a8-e394c2edcc6e 5b5dd77c3fdf42cba639ff92ee5df0a5 43b71fc469ca48c392750a8ed93ffc05 - - default default] 10.0.0.199 "GET /v2.0/ports?device_id=f06b38ed-6270-4af6-a3c8-2f2ff30df17b HTTP/1.1" status: 200 len: 1170 time: 0.0347543
2026-05-27 20:49:40.765 10 INFO neutron.api.wsgi [req-66da0f61-7399-4ea1-91c6-af4bb85e5f54 req-e0e37ad4-189e-4387-bcc5-48dca15a493f 5b5dd77c3fdf42cba639ff92ee5df0a5 43b71fc469ca48c392750a8ed93ffc05 - - default default] 10.0.0.199 "GET /v2.0/security-groups?id=a156423f-2f95-49d9-84bb-81b75a2f2aea&fields=id&fields=name HTTP/1.1" status: 200 len: 313 time: 0.0487504 /var/lib/openstack/lib/python3.12/site-packages/pycadf/identifier.py:71: UserWarning: Invalid uuid: neutron. To ensure interoperability, identifiers should be a valid uuid. warnings.warn(('Invalid uuid: %s. To ensure interoperability, '
2026-05-27 20:49:41.129 9 INFO neutron.api.wsgi [req-011d1e4e-b845-4dcd-a7e2-57dab1eea5a1 req-1803a62c-3a81-47df-9679-ce5d0fa49f50 5b5dd77c3fdf42cba639ff92ee5df0a5 43b71fc469ca48c392750a8ed93ffc05 - - default default] 10.0.0.199 "GET /v2.0/ports?device_id=f06b38ed-6270-4af6-a3c8-2f2ff30df17b HTTP/1.1" status: 200 len: 1170 time: 0.0336618
2026-05-27 20:49:41.179 10 INFO neutron.api.wsgi [req-aa322a77-91d3-4520-9b92-dc0bb0242a3c req-c245ae80-d8a4-44c9-a75e-4d4967398546 4decf9c4940847ca91b3325703d5a5ed e48b6b36948b450ab5e637d97d3ca010 - - default default] 10.0.0.199 "GET /v2.0/ports?device_id=6e6c56a2-0fe5-49eb-8cdb-8c01ee3e17cf HTTP/1.1" status: 200 len: 1170 time: 0.0491488
2026-05-27 20:49:41.179 9 INFO neutron.api.wsgi [req-47099e32-d2bf-404b-b607-b455cd2503e1 req-e2b3d04a-8894-408e-820a-6b7fd4c53f8d e3107a1923d24722834d3f15eb8abab5 648eed71e8864f19b4f80e442a30f247 - - 9475e5ee510e48719cff67af03a81c01 9475e5ee510e48719cff67af03a81c01] 199.19.213.176 "GET /v2.0/ports?tenant_id=2a6dccdeb0f840998f0e7bbfc68aba1a&device_id=bf4172da-6008-46d3-8db5-c499519060f3 HTTP/1.1" status: 200 len: 1407 time: 0.0495563
2026-05-27 20:49:41.200 9 INFO neutron.api.wsgi [req-011d1e4e-b845-4dcd-a7e2-57dab1eea5a1 req-59a48637-0289-4e41-95c6-da080537cb70 5b5dd77c3fdf42cba639ff92ee5df0a5 43b71fc469ca48c392750a8ed93ffc05 - - default default] 10.0.0.199 "GET /v2.0/security-groups?id=a156423f-2f95-49d9-84bb-81b75a2f2aea&fields=id&fields=name HTTP/1.1" status: 200 len: 313 time: 0.0602417
2026-05-27 20:49:41.227 10 INFO neutron.api.wsgi [req-aa322a77-91d3-4520-9b92-dc0bb0242a3c req-5c31ee01-97f1-4e84-93df-d5fa4f1651f4 4decf9c4940847ca91b3325703d5a5ed e48b6b36948b450ab5e637d97d3ca010 - - default default] 10.0.0.199 "GET /v2.0/security-groups?id=9fc8182f-aeab-4129-b894-dc37e6ca54a0&fields=id&fields=name HTTP/1.1" status: 200 len: 313 time: 0.0434282
2026-05-27 20:49:41.233 9 INFO neutron.api.wsgi [req-47099e32-d2bf-404b-b607-b455cd2503e1 req-06ac3ada-5940-401d-90ac-92416c5e470c e3107a1923d24722834d3f15eb8abab5 648eed71e8864f19b4f80e442a30f247 - - 9475e5ee510e48719cff67af03a81c01 9475e5ee510e48719cff67af03a81c01] 199.19.213.176 "GET /v2.0/networks?tenant_id=2a6dccdeb0f840998f0e7bbfc68aba1a&shared=False HTTP/1.1" status: 200 len: 974 time: 0.0504394
2026-05-27 20:49:41.288 9 INFO neutron.api.wsgi [req-f14cbc5c-266b-44ca-8c4f-0f499412669d req-5fbfe204-e360-4c14-8e98-6b6bb8248e1d 95c128c87b44404c906e5642ed279352 ad9e2fdd64e04e38bfda6bc31e55305e - - default default] 10.0.0.199 "GET /v2.0/ports?device_id=f5a047e3-e4fa-420b-a759-8ec3b339b2c0 HTTP/1.1" status: 200 len: 1172 time: 0.0431640
2026-05-27 20:49:41.318 9 INFO neutron.api.wsgi [req-47099e32-d2bf-404b-b607-b455cd2503e1 req-461f5130-8391-4911-9934-887efc781e9c e3107a1923d24722834d3f15eb8abab5 648eed71e8864f19b4f80e442a30f247 - - 9475e5ee510e48719cff67af03a81c01 9475e5ee510e48719cff67af03a81c01] 199.19.213.176 "GET /v2.0/networks?shared=True HTTP/1.1" status: 200 len: 952 time: 0.0802608
2026-05-27 20:49:41.358 9 INFO neutron.api.wsgi [req-f14cbc5c-266b-44ca-8c4f-0f499412669d req-32cbb82a-eba5-4731-9a50-606ede24614a 95c128c87b44404c906e5642ed279352 ad9e2fdd64e04e38bfda6bc31e55305e - - default default] 10.0.0.199 "GET /v2.0/security-groups?id=c02f4b8b-4081-4a67-b3e5-7b6a91fbced6&fields=id&fields=name HTTP/1.1" status: 200 len: 313 time: 0.0627453
2026-05-27 20:49:41.366 10 INFO neutron.api.wsgi [req-57dc07fd-cf36-4f30-875f-3c1a92cc0f7a req-c43087b6-1e86-42ef-8e25-98d7fef9b2ef 9a44373ba8dc402c89f349e90b998c89 2a6dccdeb0f840998f0e7bbfc68aba1a - - default default] 10.0.0.199 "GET /v2.0/ports?device_id=bf4172da-6008-46d3-8db5-c499519060f3 HTTP/1.1" status: 200 len: 1168 time: 0.0518169
2026-05-27 20:49:41.413 10 INFO neutron.api.wsgi [req-57dc07fd-cf36-4f30-875f-3c1a92cc0f7a req-f3d4b072-1e6f-44c0-84bc-96b5e89e5fe4 9a44373ba8dc402c89f349e90b998c89 2a6dccdeb0f840998f0e7bbfc68aba1a - - default default] 10.0.0.199 "GET /v2.0/security-groups?id=adca9cdf-c073-489e-b5b1-844e6e790af2&fields=id&fields=name HTTP/1.1" status: 200 len: 313 time: 0.0366943
2026-05-27 20:49:41.640 10 INFO neutron.plugins.ml2.drivers.ovn.mech_driver.mech_driver [None req-111e861e-daea-4975-8e4d-7170a50362a1 - - - - - -] OVN reports status down for port: 274542df-c193-464e-8a4f-6cd21b501482
2026-05-27 20:49:41.907 10 INFO neutron.db.ovn_revision_numbers_db [None req-111e861e-daea-4975-8e4d-7170a50362a1 - - - - - -] Successfully bumped revision number for resource 274542df-c193-464e-8a4f-6cd21b501482 (type: ports) to 6
2026-05-27 20:49:41.972 10 INFO neutron.plugins.ml2.drivers.ovn.mech_driver.mech_driver [None req-8626cfe4-5316-4ce2-9148-46893dc37b37 - - - - - -] OVN reports status up for port: c9d7feb3-32bb-4384-8a6e-4c5c8ac5c07b
2026-05-27 20:49:41.980 10 INFO neutron.plugins.ml2.plugin [None req-8626cfe4-5316-4ce2-9148-46893dc37b37 - - - - - -] Attempt 1 to provision port c9d7feb3-32bb-4384-8a6e-4c5c8ac5c07b
2026-05-27 20:49:42.213 10 INFO neutron.notifiers.nova [-] Nova event matching ['req-22fc518b-9093-4658-8c72-a14f2408557f'] response: {'server_uuid': 'f06b38ed-6270-4af6-a3c8-2f2ff30df17b', 'name': 'network-vif-unplugged', 'status': 'completed', 'tag': '274542df-c193-464e-8a4f-6cd21b501482', 'code': 200}
2026-05-27 20:49:42.214 10 INFO neutron.notifiers.nova [-] Nova event matching ['req-22fc518b-9093-4658-8c72-a14f2408557f'] response: {'server_uuid': 'f06b38ed-6270-4af6-a3c8-2f2ff30df17b', 'name': 'network-vif-unplugged', 'status': 'completed', 'tag': '274542df-c193-464e-8a4f-6cd21b501482', 'code': 200}
2026-05-27 20:49:42.214 10 INFO neutron.notifiers.nova [-] Nova event matching ['req-22fc518b-9093-4658-8c72-a14f2408557f'] response: {'server_uuid': 'f5a047e3-e4fa-420b-a759-8ec3b339b2c0', 'name': 'network-vif-plugged', 'status': 'completed', 'tag': 'c9d7feb3-32bb-4384-8a6e-4c5c8ac5c07b', 'code': 200}
2026-05-27 20:49:42.245 10 INFO neutron.db.ovn_revision_numbers_db [None req-8626cfe4-5316-4ce2-9148-46893dc37b37 - - - - - -] Successfully bumped revision number for resource c9d7feb3-32bb-4384-8a6e-4c5c8ac5c07b (type: ports) to 5 /var/lib/openstack/lib/python3.12/site-packages/pycadf/identifier.py:71: UserWarning: Invalid uuid: neutron. To ensure interoperability, identifiers should be a valid uuid. warnings.warn(('Invalid uuid: %s. To ensure interoperability, '
2026-05-27 20:49:42.334 10 INFO neutron.api.wsgi [req-48ee4c4d-bbff-4a79-b607-27a6d2af30b5 req-547ff5f6-4899-4fe9-9150-3c1f4da15a8c 5b5dd77c3fdf42cba639ff92ee5df0a5 43b71fc469ca48c392750a8ed93ffc05 - - default default] 10.0.0.199 "GET /v2.0/ports?device_id=f06b38ed-6270-4af6-a3c8-2f2ff30df17b HTTP/1.1" status: 200 len: 1168 time: 0.0517395
2026-05-27 20:49:42.358 9 INFO neutron.api.wsgi [req-24cf383f-d794-4b5f-b27b-e212797c46ba req-605432c5-52b2-4acb-94ed-283c98053ed2 4decf9c4940847ca91b3325703d5a5ed e48b6b36948b450ab5e637d97d3ca010 - - default default] 10.0.0.199 "GET /v2.0/ports?device_id=6e6c56a2-0fe5-49eb-8cdb-8c01ee3e17cf HTTP/1.1" status: 200 len: 1170 time: 0.0555351
2026-05-27 20:49:42.367 10 INFO neutron.api.wsgi [req-48ee4c4d-bbff-4a79-b607-27a6d2af30b5 req-3782f1a4-ab07-4923-9132-5edec1b01e2b 5b5dd77c3fdf42cba639ff92ee5df0a5 43b71fc469ca48c392750a8ed93ffc05 - - default default] 10.0.0.199 "GET /v2.0/security-groups?id=a156423f-2f95-49d9-84bb-81b75a2f2aea&fields=id&fields=name HTTP/1.1" status: 200 len: 313 time: 0.0286829
2026-05-27 20:49:42.387 9 INFO neutron.api.wsgi [req-d00e3f0a-4998-4407-a256-b980dbe9ffcf req-669e2afb-254c-4b36-8f7e-31dbdf839e3f e3107a1923d24722834d3f15eb8abab5 648eed71e8864f19b4f80e442a30f247 - - 9475e5ee510e48719cff67af03a81c01 9475e5ee510e48719cff67af03a81c01] 199.19.213.176 "GET /v2.0/ports?tenant_id=2a6dccdeb0f840998f0e7bbfc68aba1a&device_id=bf4172da-6008-46d3-8db5-c499519060f3 HTTP/1.1" status: 200 len: 1407 time: 0.0550711
2026-05-27 20:49:42.413 9 INFO neutron.api.wsgi [req-d00e3f0a-4998-4407-a256-b980dbe9ffcf req-6ca11e63-5c4c-4587-aa6f-f80b1223026c e3107a1923d24722834d3f15eb8abab5 648eed71e8864f19b4f80e442a30f247 - - 9475e5ee510e48719cff67af03a81c01 9475e5ee510e48719cff67af03a81c01] 199.19.213.176 "GET /v2.0/floatingips?fixed_ip_address=10.100.0.4&port_id=adcf0928-a988-4074-ab93-c31494508bc8 HTTP/1.1" status: 200 len: 217 time: 0.0198426
2026-05-27 20:49:42.422 9 INFO neutron.api.wsgi [req-24cf383f-d794-4b5f-b27b-e212797c46ba req-11451e16-40d3-4b5e-9709-12dd2da5dccc 4decf9c4940847ca91b3325703d5a5ed e48b6b36948b450ab5e637d97d3ca010 - - default default] 10.0.0.199 "GET /v2.0/security-groups?id=9fc8182f-aeab-4129-b894-dc37e6ca54a0&fields=id&fields=name HTTP/1.1" status: 200 len: 313 time: 0.0568891
2026-05-27 20:49:42.452 9 INFO neutron.api.wsgi [req-d00e3f0a-4998-4407-a256-b980dbe9ffcf req-a702988b-3572-417c-b176-37550e83ab26 e3107a1923d24722834d3f15eb8abab5 648eed71e8864f19b4f80e442a30f247 - - 9475e5ee510e48719cff67af03a81c01 9475e5ee510e48719cff67af03a81c01] 199.19.213.176 "GET /v2.0/subnets?id=f0595b1a-03dd-440c-b29c-ce5a33fcdf05 HTTP/1.1" status: 200 len: 893 time: 0.0328760
2026-05-27 20:49:42.453 10 INFO neutron.api.wsgi [req-be324cd5-162d-4872-bbdd-9445045c7162 req-f5fab2f5-01ae-495b-b86b-f164f1fc2c8d 95c128c87b44404c906e5642ed279352 ad9e2fdd64e04e38bfda6bc31e55305e - - default default] 10.0.0.199 "GET /v2.0/ports?device_id=f5a047e3-e4fa-420b-a759-8ec3b339b2c0 HTTP/1.1" status: 200 len: 1174 time: 0.0320222
2026-05-27 20:49:42.480 9 INFO neutron.api.wsgi [req-d00e3f0a-4998-4407-a256-b980dbe9ffcf req-d6182200-0dd0-47a1-8deb-9b57b264cc7e e3107a1923d24722834d3f15eb8abab5 648eed71e8864f19b4f80e442a30f247 - - 9475e5ee510e48719cff67af03a81c01 9475e5ee510e48719cff67af03a81c01] 199.19.213.176 "GET /v2.0/ports?network_id=b5f1218a-4150-40e5-ab51-25f96d784604&device_owner=network%3Adhcp HTTP/1.1" status: 200 len: 210 time: 0.0221312
2026-05-27 20:49:42.495 10 INFO neutron.api.wsgi [req-be324cd5-162d-4872-bbdd-9445045c7162 req-dbaebb20-6749-47ee-b739-beb5fdfcb082 95c128c87b44404c906e5642ed279352 ad9e2fdd64e04e38bfda6bc31e55305e - - default default] 10.0.0.199 "GET /v2.0/security-groups?id=c02f4b8b-4081-4a67-b3e5-7b6a91fbced6&fields=id&fields=name HTTP/1.1" status: 200 len: 313 time: 0.0373702
2026-05-27 20:49:42.556 9 INFO neutron.api.wsgi [req-d00e3f0a-4998-4407-a256-b980dbe9ffcf req-7d9d4678-090b-4e2a-81b1-e37acff66e20 e3107a1923d24722834d3f15eb8abab5 648eed71e8864f19b4f80e442a30f247 - - 9475e5ee510e48719cff67af03a81c01 9475e5ee510e48719cff67af03a81c01] 199.19.213.176 "GET /v2.0/networks/b5f1218a-4150-40e5-ab51-25f96d784604?fields=segments HTTP/1.1" status: 200 len: 212 time: 0.0698125
2026-05-27 20:49:42.568 10 INFO neutron.api.wsgi [req-bd280ee4-9252-4a9f-8ce5-faa6be6d6f44 req-e9b5cef6-3553-4283-b7e0-4669c36d7fc0 4decf9c4940847ca91b3325703d5a5ed e48b6b36948b450ab5e637d97d3ca010 - - default default] 10.0.0.199 "GET /v2.0/ports?device_id=6e6c56a2-0fe5-49eb-8cdb-8c01ee3e17cf HTTP/1.1" status: 200 len: 1170 time: 0.0396597
2026-05-27 20:49:42.623 9 INFO neutron.api.wsgi [req-a6cea973-7823-4912-8601-4dca63e7e9df req-8c28a6d3-f18f-4fc0-9cc1-d71e5fa367e2 9a44373ba8dc402c89f349e90b998c89 2a6dccdeb0f840998f0e7bbfc68aba1a - - default default] 10.0.0.199 "GET /v2.0/ports?device_id=bf4172da-6008-46d3-8db5-c499519060f3 HTTP/1.1" status: 200 len: 1168 time: 0.1379087
2026-05-27 20:49:42.647 9 INFO neutron.notifiers.nova [-] Nova event matching ['req-01a48bd7-3983-4b1a-975b-38fa93aadf92'] response: {'name': 'network-changed', 'server_uuid': 'f06b38ed-6270-4af6-a3c8-2f2ff30df17b', 'tag': '274542df-c193-464e-8a4f-6cd21b501482', 'status': 'completed', 'code': 200}
2026-05-27 20:49:42.656 9 INFO neutron.api.wsgi [req-d00e3f0a-4998-4407-a256-b980dbe9ffcf req-a6b4e7b0-1266-415c-9cb9-1c385a6246db e3107a1923d24722834d3f15eb8abab5 648eed71e8864f19b4f80e442a30f247 - - 9475e5ee510e48719cff67af03a81c01 9475e5ee510e48719cff67af03a81c01] 199.19.213.176 "GET /v2.0/networks/b5f1218a-4150-40e5-ab51-25f96d784604?fields=provider%3Aphysical_network&fields=provider%3Anetwork_type HTTP/1.1" status: 200 len: 277 time: 0.0943143
2026-05-27 20:49:42.678 9 INFO neutron.api.wsgi [req-a6cea973-7823-4912-8601-4dca63e7e9df req-414de564-14db-4cda-a098-151cd5174291 9a44373ba8dc402c89f349e90b998c89 2a6dccdeb0f840998f0e7bbfc68aba1a - - default default] 10.0.0.199 "GET /v2.0/security-groups?id=adca9cdf-c073-489e-b5b1-844e6e790af2&fields=id&fields=name HTTP/1.1" status: 200 len: 313 time: 0.0488265
2026-05-27 20:49:43.073 9 INFO neutron.api.wsgi [req-73227a40-0733-4cfd-9929-f7b50e182ffc req-b2e038cd-0ad4-4cb8-88e5-e33eb8c23af1 5b5dd77c3fdf42cba639ff92ee5df0a5 43b71fc469ca48c392750a8ed93ffc05 - - default default] 199.19.213.176 "GET /v2.0/ports?device_id=f06b38ed-6270-4af6-a3c8-2f2ff30df17b HTTP/1.1" status: 200 len: 1168 time: 0.2343450
2026-05-27 20:49:43.189 10 INFO neutron.api.wsgi [req-6c64bd91-7b89-41a6-8c84-198074c5a2a8 req-191d048b-91ea-4811-a91a-6b904a5f4bad e3107a1923d24722834d3f15eb8abab5 648eed71e8864f19b4f80e442a30f247 - - 9475e5ee510e48719cff67af03a81c01 9475e5ee510e48719cff67af03a81c01] 199.19.213.176 "GET /v2.0/ports?tenant_id=43b71fc469ca48c392750a8ed93ffc05&device_id=f06b38ed-6270-4af6-a3c8-2f2ff30df17b HTTP/1.1" status: 200 len: 1407 time: 0.0331168
2026-05-27 20:49:43.251 10 INFO neutron.api.wsgi [req-6c64bd91-7b89-41a6-8c84-198074c5a2a8 req-e7fa6d47-ce94-44d5-8553-40a6f4e37083 e3107a1923d24722834d3f15eb8abab5 648eed71e8864f19b4f80e442a30f247 - - 9475e5ee510e48719cff67af03a81c01 9475e5ee510e48719cff67af03a81c01] 199.19.213.176 "GET /v2.0/networks?id=6ce999fa-eb3f-40bb-8974-263bce48fe9a HTTP/1.1" status: 200 len: 967 time: 0.0522480
2026-05-27 20:49:43.295 10 INFO neutron.api.wsgi [req-6c64bd91-7b89-41a6-8c84-198074c5a2a8 req-76af3725-78d7-4b81-8703-b85108e6cdb8 e3107a1923d24722834d3f15eb8abab5 648eed71e8864f19b4f80e442a30f247 - - 9475e5ee510e48719cff67af03a81c01 9475e5ee510e48719cff67af03a81c01] 199.19.213.176 "GET /v2.0/floatingips?fixed_ip_address=10.100.0.5&port_id=274542df-c193-464e-8a4f-6cd21b501482 HTTP/1.1" status: 200 len: 1057 time: 0.0396137
2026-05-27 20:49:43.303 9 INFO neutron.db.ovn_revision_numbers_db [None req-2b7e898f-bf3c-4e0d-b4fc-a572aac9d86a 4decf9c4940847ca91b3325703d5a5ed e48b6b36948b450ab5e637d97d3ca010 - - default default] Successfully bumped revision number for resource 2debef06-bc01-4d3c-a990-988a6752e493 (type: floatingips) to 1
2026-05-27 20:49:43.330 10 INFO neutron.api.wsgi [req-6c64bd91-7b89-41a6-8c84-198074c5a2a8 req-771acd07-393d-4fbd-8b2d-9cc95a77796b e3107a1923d24722834d3f15eb8abab5 648eed71e8864f19b4f80e442a30f247 - - 9475e5ee510e48719cff67af03a81c01 9475e5ee510e48719cff67af03a81c01] 199.19.213.176 "GET /v2.0/subnets?id=77afcefe-722a-4143-adea-78d0ea847d28 HTTP/1.1" status: 200 len: 886 time: 0.0299308
2026-05-27 20:49:43.351 10 INFO neutron.api.wsgi [req-6c64bd91-7b89-41a6-8c84-198074c5a2a8 req-86e59106-b4e4-47c1-aecb-cea5e07b9517 e3107a1923d24722834d3f15eb8abab5 648eed71e8864f19b4f80e442a30f247 - - 9475e5ee510e48719cff67af03a81c01 9475e5ee510e48719cff67af03a81c01] 199.19.213.176 "GET /v2.0/ports?network_id=6ce999fa-eb3f-40bb-8974-263bce48fe9a&device_owner=network%3Adhcp HTTP/1.1" status: 200 len: 210 time: 0.0154450
2026-05-27 20:49:43.395 10 INFO neutron.api.wsgi [req-6c64bd91-7b89-41a6-8c84-198074c5a2a8 req-47f41923-3174-451d-8c24-0ba83f03c216 e3107a1923d24722834d3f15eb8abab5 648eed71e8864f19b4f80e442a30f247 - - 9475e5ee510e48719cff67af03a81c01 9475e5ee510e48719cff67af03a81c01] 199.19.213.176 "GET /v2.0/networks/6ce999fa-eb3f-40bb-8974-263bce48fe9a?fields=segments HTTP/1.1" status: 200 len: 212 time: 0.0378046
2026-05-27 20:49:43.451 10 INFO neutron.api.wsgi [req-6c64bd91-7b89-41a6-8c84-198074c5a2a8 req-82f80302-8f74-4aaa-a217-488db7782f67 e3107a1923d24722834d3f15eb8abab5 648eed71e8864f19b4f80e442a30f247 - - 9475e5ee510e48719cff67af03a81c01 9475e5ee510e48719cff67af03a81c01] 199.19.213.176 "GET /v2.0/networks/6ce999fa-eb3f-40bb-8974-263bce48fe9a?fields=provider%3Aphysical_network&fields=provider%3Anetwork_type HTTP/1.1" status: 200 len: 277 time: 0.0503323
2026-05-27 20:49:43.460 10 INFO neutron.api.wsgi [req-b014167c-bcf7-49a2-b1b4-c9a874b0b2a9 req-475f2af6-22ab-4eed-bca9-ee2994d97c80 5b5dd77c3fdf42cba639ff92ee5df0a5 43b71fc469ca48c392750a8ed93ffc05 - - default default] 10.0.0.199 "GET /v2.0/ports?device_id=f06b38ed-6270-4af6-a3c8-2f2ff30df17b HTTP/1.1" status: 200 len: 1168 time: 0.0375972
2026-05-27 20:49:43.491 9 INFO neutron.db.ovn_revision_numbers_db [None req-2b7e898f-bf3c-4e0d-b4fc-a572aac9d86a 4decf9c4940847ca91b3325703d5a5ed e48b6b36948b450ab5e637d97d3ca010 - - default default] Successfully bumped revision number for resource 2debef06-bc01-4d3c-a990-988a6752e493 (type: floatingips) to 2
2026-05-27 20:49:43.491 9 INFO neutron.db.l3_db [None req-2b7e898f-bf3c-4e0d-b4fc-a572aac9d86a 4decf9c4940847ca91b3325703d5a5ed e48b6b36948b450ab5e637d97d3ca010 - - default default] Floating IP 2debef06-bc01-4d3c-a990-988a6752e493 associated. External IP: 10.96.250.211, port: 406328cf-3c6d-4218-9603-788f2f07c224.
2026-05-27 20:49:43.498 10 INFO neutron.api.wsgi [req-b014167c-bcf7-49a2-b1b4-c9a874b0b2a9 req-4a20c3dc-7edc-42eb-a940-2df75e117989 5b5dd77c3fdf42cba639ff92ee5df0a5 43b71fc469ca48c392750a8ed93ffc05 - - default default] 10.0.0.199 "GET /v2.0/security-groups?id=a156423f-2f95-49d9-84bb-81b75a2f2aea&fields=id&fields=name HTTP/1.1" status: 200 len: 313 time: 0.0341415
2026-05-27 20:49:43.524 9 INFO neutron.api.wsgi [None req-2b7e898f-bf3c-4e0d-b4fc-a572aac9d86a 4decf9c4940847ca91b3325703d5a5ed e48b6b36948b450ab5e637d97d3ca010 - - default default] 10.0.0.203 "PUT /v2.0/floatingips/2debef06-bc01-4d3c-a990-988a6752e493 HTTP/1.1" status: 200 len: 1049 time: 0.9417207 /var/lib/openstack/lib/python3.12/site-packages/pycadf/identifier.py:71: UserWarning: Invalid uuid: neutron. To ensure interoperability, identifiers should be a valid uuid. warnings.warn(('Invalid uuid: %s. To ensure interoperability, '
2026-05-27 20:49:43.603 10 INFO neutron.api.wsgi [req-d5115850-b980-4eb8-8558-2ae3b7e952bb req-e91bbd9d-1b29-4c9f-9080-97038d2f2b8b 4decf9c4940847ca91b3325703d5a5ed e48b6b36948b450ab5e637d97d3ca010 - - default default] 10.0.0.199 "GET /v2.0/ports?device_id=6e6c56a2-0fe5-49eb-8cdb-8c01ee3e17cf HTTP/1.1" status: 200 len: 1170 time: 0.0313411
2026-05-27 20:49:43.626 9 INFO neutron.api.wsgi [req-42dca40a-8bbb-4a84-8ee1-0a7010882c57 req-c62b54a1-2c75-46c0-8b45-4b84cb051d30 95c128c87b44404c906e5642ed279352 ad9e2fdd64e04e38bfda6bc31e55305e - - default default] 10.0.0.199 "GET /v2.0/ports?device_id=f5a047e3-e4fa-420b-a759-8ec3b339b2c0 HTTP/1.1" status: 200 len: 1174 time: 0.0496726
2026-05-27 20:49:43.631 9 INFO neutron.db.l3_db [req-73227a40-0733-4cfd-9929-f7b50e182ffc req-4db8b843-8a5e-44e7-9e6c-ace09a41aa05 5b5dd77c3fdf42cba639ff92ee5df0a5 43b71fc469ca48c392750a8ed93ffc05 - - default default] Floating IP ded97153-1e0a-40b4-933f-4957da4533cc disassociated. External IP: 10.96.250.205, port: 274542df-c193-464e-8a4f-6cd21b501482.
2026-05-27 20:49:43.636 10 INFO neutron.api.wsgi [req-d5115850-b980-4eb8-8558-2ae3b7e952bb req-e04ba018-c7b0-4bc1-94f5-e27106d6521f 4decf9c4940847ca91b3325703d5a5ed e48b6b36948b450ab5e637d97d3ca010 - - default default] 10.0.0.199 "GET /v2.0/security-groups?id=9fc8182f-aeab-4129-b894-dc37e6ca54a0&fields=id&fields=name HTTP/1.1" status: 200 len: 313 time: 0.0304778
2026-05-27 20:49:43.680 9 INFO neutron.api.wsgi [req-42dca40a-8bbb-4a84-8ee1-0a7010882c57 req-28e2c783-06fc-43e8-9688-f5a9847f6abb 95c128c87b44404c906e5642ed279352 ad9e2fdd64e04e38bfda6bc31e55305e - - default default] 10.0.0.199 "GET /v2.0/security-groups?id=c02f4b8b-4081-4a67-b3e5-7b6a91fbced6&fields=id&fields=name HTTP/1.1" status: 200 len: 313 time: 0.0496683
2026-05-27 20:49:43.778 9 INFO neutron.api.wsgi [req-255e8ddf-b9f5-4906-b2e8-4b1af756f6b6 req-2b323a01-1dee-4f2b-9271-4c99f0eb3eb7 9a44373ba8dc402c89f349e90b998c89 2a6dccdeb0f840998f0e7bbfc68aba1a - - default default] 10.0.0.199 "GET /v2.0/ports?device_id=bf4172da-6008-46d3-8db5-c499519060f3 HTTP/1.1" status: 200 len: 1168 time: 0.0353875
2026-05-27 20:49:43.792 9 INFO neutron.api.wsgi [req-73227a40-0733-4cfd-9929-f7b50e182ffc req-4db8b843-8a5e-44e7-9e6c-ace09a41aa05 5b5dd77c3fdf42cba639ff92ee5df0a5 43b71fc469ca48c392750a8ed93ffc05 - - default default] 199.19.213.176 "DELETE /v2.0/ports/274542df-c193-464e-8a4f-6cd21b501482 HTTP/1.1" status: 204 len: 173 time: 0.7125590
2026-05-27 20:49:43.821 9 INFO neutron.api.wsgi [req-255e8ddf-b9f5-4906-b2e8-4b1af756f6b6 req-e652b51f-de13-4deb-aa6b-01c9187fda6a 9a44373ba8dc402c89f349e90b998c89 2a6dccdeb0f840998f0e7bbfc68aba1a - - default default] 10.0.0.199 "GET /v2.0/security-groups?id=adca9cdf-c073-489e-b5b1-844e6e790af2&fields=id&fields=name HTTP/1.1" status: 200 len: 313 time: 0.0391932
2026-05-27 20:49:43.862 10 INFO neutron.api.wsgi [req-0f8ceb90-23a9-4cd6-8fa1-40c136879c76 req-261c6640-8cdc-4f76-9b69-c52981e216f0 95c128c87b44404c906e5642ed279352 ad9e2fdd64e04e38bfda6bc31e55305e - - default default] 10.0.0.199 "GET /v2.0/ports?device_id=f5a047e3-e4fa-420b-a759-8ec3b339b2c0 HTTP/1.1" status: 200 len: 1174 time: 0.0736041
2026-05-27 20:49:44.086 10 INFO neutron.api.wsgi [req-2b5796b7-7b55-4b56-b1ef-602c0c704baf req-c45b67cf-a371-4bf1-a8ff-94381eb446e7 4decf9c4940847ca91b3325703d5a5ed e48b6b36948b450ab5e637d97d3ca010 - - default default] 10.0.0.199 "GET /v2.0/ports?device_id=6e6c56a2-0fe5-49eb-8cdb-8c01ee3e17cf HTTP/1.1" status: 200 len: 1170 time: 0.0848479
2026-05-27 20:49:44.146 10 INFO neutron.api.wsgi [req-2b5796b7-7b55-4b56-b1ef-602c0c704baf req-4d38d2b7-55c9-4c57-adb3-3a3f315484ca 4decf9c4940847ca91b3325703d5a5ed e48b6b36948b450ab5e637d97d3ca010 - - default default] 10.0.0.199 "GET /v2.0/security-groups?id=9fc8182f-aeab-4129-b894-dc37e6ca54a0&fields=id&fields=name HTTP/1.1" status: 200 len: 313 time: 0.0543234
2026-05-27 20:49:44.252 10 INFO neutron.notifiers.nova [-] Nova event matching ['req-1e5ed90f-39ac-43bd-9f17-1e0259b9750e'] response: {'server_uuid': 'f5a047e3-e4fa-420b-a759-8ec3b339b2c0', 'name': 'network-vif-plugged', 'status': 'completed', 'tag': 'c9d7feb3-32bb-4384-8a6e-4c5c8ac5c07b', 'code': 200}
2026-05-27 20:49:44.567 10 INFO neutron.plugins.ml2.drivers.ovn.mech_driver.mech_driver [None req-16013069-297a-4650-99be-7e8fcfd927be - - - - - -] OVN reports status down for port: 406328cf-3c6d-4218-9603-788f2f07c224
2026-05-27 20:49:44.695 10 INFO neutron.db.ovn_revision_numbers_db [None req-61891902-8ecd-4e22-82f2-4cd8a878c797 95c128c87b44404c906e5642ed279352 ad9e2fdd64e04e38bfda6bc31e55305e - - default default] Successfully bumped revision number for resource 4bb8a2d9-83bb-407c-af8f-18380e15068c (type: floatingips) to 1
2026-05-27 20:49:44.709 9 INFO neutron.notifiers.nova [-] Nova event matching ['req-74da63c3-4f11-4d42-99e0-1bf17a08e45d'] response: {'name': 'network-changed', 'server_uuid': '6e6c56a2-0fe5-49eb-8cdb-8c01ee3e17cf', 'tag': '406328cf-3c6d-4218-9603-788f2f07c224', 'status': 'completed', 'code': 200}
2026-05-27 20:49:44.709 9 INFO neutron.notifiers.nova [-] Nova event matching ['req-74da63c3-4f11-4d42-99e0-1bf17a08e45d'] response: {'server_uuid': 'f06b38ed-6270-4af6-a3c8-2f2ff30df17b', 'name': 'network-vif-deleted', 'tag': '274542df-c193-464e-8a4f-6cd21b501482', 'status': 'completed', 'code': 200}
2026-05-27 20:49:44.765 10 INFO neutron.api.wsgi [req-0c82c612-607c-4d54-beba-7a4377d536ef req-ab1697cc-e7fd-45c9-8ab8-39424beee9bd 5b5dd77c3fdf42cba639ff92ee5df0a5 43b71fc469ca48c392750a8ed93ffc05 - - default default] 10.0.0.199 "GET /v2.0/ports?device_id=f06b38ed-6270-4af6-a3c8-2f2ff30df17b HTTP/1.1" status: 200 len: 210 time: 0.0303097
2026-05-27 20:49:44.866 10 INFO neutron.db.ovn_revision_numbers_db [None req-61891902-8ecd-4e22-82f2-4cd8a878c797 95c128c87b44404c906e5642ed279352 ad9e2fdd64e04e38bfda6bc31e55305e - - default default] Successfully bumped revision number for resource 4bb8a2d9-83bb-407c-af8f-18380e15068c (type: floatingips) to 2
2026-05-27 20:49:44.867 10 INFO neutron.db.l3_db [None req-61891902-8ecd-4e22-82f2-4cd8a878c797 95c128c87b44404c906e5642ed279352 ad9e2fdd64e04e38bfda6bc31e55305e - - default default] Floating IP 4bb8a2d9-83bb-407c-af8f-18380e15068c associated. External IP: 10.96.250.208, port: c9d7feb3-32bb-4384-8a6e-4c5c8ac5c07b.
2026-05-27 20:49:44.898 10 INFO neutron.api.wsgi [None req-61891902-8ecd-4e22-82f2-4cd8a878c797 95c128c87b44404c906e5642ed279352 ad9e2fdd64e04e38bfda6bc31e55305e - - default default] 10.0.0.203 "PUT /v2.0/floatingips/4bb8a2d9-83bb-407c-af8f-18380e15068c HTTP/1.1" status: 200 len: 1050 time: 1.0232048
2026-05-27 20:49:44.965 9 INFO neutron.api.wsgi [req-01163db9-e469-40df-a52e-6f3b37eac3ca req-5278aa02-57aa-41c2-a7cd-349d12f34f89 9a44373ba8dc402c89f349e90b998c89 2a6dccdeb0f840998f0e7bbfc68aba1a - - default default] 10.0.0.199 "GET /v2.0/ports?device_id=bf4172da-6008-46d3-8db5-c499519060f3 HTTP/1.1" status: 200 len: 1168 time: 0.0661962
2026-05-27 20:49:44.992 10 INFO neutron.api.wsgi [req-9cb61c65-2f22-4d6d-b1b0-c9151b39e252 req-9e999127-8629-40c3-a7a3-952d721b6747 95c128c87b44404c906e5642ed279352 ad9e2fdd64e04e38bfda6bc31e55305e - - default default] 10.0.0.199 "GET /v2.0/ports?device_id=f5a047e3-e4fa-420b-a759-8ec3b339b2c0 HTTP/1.1" status: 200 len: 1174 time: 0.0458663
2026-05-27 20:49:45.035 9 INFO neutron.api.wsgi [req-01163db9-e469-40df-a52e-6f3b37eac3ca req-e670a023-0f6a-4be9-bb3b-a986b2af9129 9a44373ba8dc402c89f349e90b998c89 2a6dccdeb0f840998f0e7bbfc68aba1a - - default default] 10.0.0.199 "GET /v2.0/security-groups?id=adca9cdf-c073-489e-b5b1-844e6e790af2&fields=id&fields=name HTTP/1.1" status: 200 len: 313 time: 0.0512764
2026-05-27 20:49:45.037 10 INFO neutron.api.wsgi [req-9cb61c65-2f22-4d6d-b1b0-c9151b39e252 req-8fc2ff10-d005-4370-a324-4c4ecbe3986e 95c128c87b44404c906e5642ed279352 ad9e2fdd64e04e38bfda6bc31e55305e - - default default] 10.0.0.199 "GET /v2.0/security-groups?id=c02f4b8b-4081-4a67-b3e5-7b6a91fbced6&fields=id&fields=name HTTP/1.1" status: 200 len: 313 time: 0.0405848
2026-05-27 20:49:45.046 10 INFO neutron.db.ovn_revision_numbers_db [None req-16013069-297a-4650-99be-7e8fcfd927be - - - - - -] Successfully bumped revision number for resource 406328cf-3c6d-4218-9603-788f2f07c224 (type: ports) to 6
2026-05-27 20:49:45.113 10 INFO neutron.plugins.ml2.drivers.ovn.mech_driver.mech_driver [None req-20219263-bb82-4f69-adc1-6f4f457dda83 - - - - - -] OVN reports status up for port: adcf0928-a988-4074-ab93-c31494508bc8
2026-05-27 20:49:45.126 10 INFO neutron.plugins.ml2.plugin [None req-20219263-bb82-4f69-adc1-6f4f457dda83 - - - - - -] Attempt 1 to provision port adcf0928-a988-4074-ab93-c31494508bc8 /var/lib/openstack/lib/python3.12/site-packages/pycadf/identifier.py:71: UserWarning: Invalid uuid: neutron. To ensure interoperability, identifiers should be a valid uuid. warnings.warn(('Invalid uuid: %s. To ensure interoperability, '
2026-05-27 20:49:45.263 9 INFO neutron.api.wsgi [req-f739ae33-b714-418c-b6c2-3cdb29026be8 req-b322ab6f-7701-42d7-9ead-ccc08ab33d76 e3107a1923d24722834d3f15eb8abab5 648eed71e8864f19b4f80e442a30f247 - - 9475e5ee510e48719cff67af03a81c01 9475e5ee510e48719cff67af03a81c01] 199.19.213.176 "GET /v2.0/ports?tenant_id=e48b6b36948b450ab5e637d97d3ca010&device_id=6e6c56a2-0fe5-49eb-8cdb-8c01ee3e17cf HTTP/1.1" status: 200 len: 1407 time: 0.0465713
2026-05-27 20:49:45.284 10 INFO neutron.api.wsgi [req-0dfa72a9-c5a9-4663-be9f-d13781dfae5f req-51ea2762-9d86-4c4b-aa16-55f6dd9a64c1 4decf9c4940847ca91b3325703d5a5ed e48b6b36948b450ab5e637d97d3ca010 - - default default] 10.0.0.199 "GET /v2.0/ports?device_id=6e6c56a2-0fe5-49eb-8cdb-8c01ee3e17cf HTTP/1.1" status: 200 len: 1168 time: 0.0676301
2026-05-27 20:49:45.322 10 INFO neutron.api.wsgi [req-0dfa72a9-c5a9-4663-be9f-d13781dfae5f req-00553fc7-ec46-4f58-ab77-ca6646d6911c 4decf9c4940847ca91b3325703d5a5ed e48b6b36948b450ab5e637d97d3ca010 - - default default] 10.0.0.199 "GET /v2.0/security-groups?id=9fc8182f-aeab-4129-b894-dc37e6ca54a0&fields=id&fields=name HTTP/1.1" status: 200 len: 313 time: 0.0337484
2026-05-27 20:49:45.333 9 INFO neutron.api.wsgi [req-f739ae33-b714-418c-b6c2-3cdb29026be8 req-5b332b85-b7ab-43b8-b033-190f2b3272d9 e3107a1923d24722834d3f15eb8abab5 648eed71e8864f19b4f80e442a30f247 - - 9475e5ee510e48719cff67af03a81c01 9475e5ee510e48719cff67af03a81c01] 199.19.213.176 "GET /v2.0/networks?id=e789b219-2f7d-4c0c-b093-7c431894722d HTTP/1.1" status: 200 len: 978 time: 0.0633881
2026-05-27 20:49:45.349 10 INFO neutron.db.ovn_revision_numbers_db [None req-20219263-bb82-4f69-adc1-6f4f457dda83 - - - - - -] Successfully bumped revision number for resource adcf0928-a988-4074-ab93-c31494508bc8 (type: ports) to 5
2026-05-27 20:49:45.386 9 INFO neutron.api.wsgi [req-f739ae33-b714-418c-b6c2-3cdb29026be8 req-02a4145b-6a27-43d2-9c06-ce60c7761d9e e3107a1923d24722834d3f15eb8abab5 648eed71e8864f19b4f80e442a30f247 - - 9475e5ee510e48719cff67af03a81c01 9475e5ee510e48719cff67af03a81c01] 199.19.213.176 "GET /v2.0/floatingips?fixed_ip_address=10.100.0.3&port_id=406328cf-3c6d-4218-9603-788f2f07c224 HTTP/1.1" status: 200 len: 1057 time: 0.0500145
2026-05-27 20:49:45.422 9 INFO neutron.api.wsgi [req-f739ae33-b714-418c-b6c2-3cdb29026be8 req-5be595a1-dd34-44b8-9bbf-bd0b9498a37f e3107a1923d24722834d3f15eb8abab5 648eed71e8864f19b4f80e442a30f247 - - 9475e5ee510e48719cff67af03a81c01 9475e5ee510e48719cff67af03a81c01] 199.19.213.176 "GET /v2.0/subnets?id=0a005748-de39-41c4-b4cf-3df3c5368d2e HTTP/1.1" status: 200 len: 897 time: 0.0273683
2026-05-27 20:49:45.447 9 INFO neutron.api.wsgi [req-f739ae33-b714-418c-b6c2-3cdb29026be8 req-6fed6d5f-c1aa-451c-a258-a72979a030b8 e3107a1923d24722834d3f15eb8abab5 648eed71e8864f19b4f80e442a30f247 - - 9475e5ee510e48719cff67af03a81c01 9475e5ee510e48719cff67af03a81c01] 199.19.213.176 "GET /v2.0/ports?network_id=e789b219-2f7d-4c0c-b093-7c431894722d&device_owner=network%3Adhcp HTTP/1.1" status: 200 len: 210 time: 0.0161667
2026-05-27 20:49:45.512 9 INFO neutron.api.wsgi [req-f739ae33-b714-418c-b6c2-3cdb29026be8 req-4bd53261-3c53-44f9-bfe0-c0681924d821 e3107a1923d24722834d3f15eb8abab5 648eed71e8864f19b4f80e442a30f247 - - 9475e5ee510e48719cff67af03a81c01 9475e5ee510e48719cff67af03a81c01] 199.19.213.176 "GET /v2.0/networks/e789b219-2f7d-4c0c-b093-7c431894722d?fields=segments HTTP/1.1" status: 200 len: 212 time: 0.0608854
2026-05-27 20:49:45.549 9 INFO neutron.api.wsgi [req-f739ae33-b714-418c-b6c2-3cdb29026be8 req-7c7e44e2-4db3-45b7-9b50-74b8c15b9e83 e3107a1923d24722834d3f15eb8abab5 648eed71e8864f19b4f80e442a30f247 - - 9475e5ee510e48719cff67af03a81c01 9475e5ee510e48719cff67af03a81c01] 199.19.213.176 "GET /v2.0/networks/e789b219-2f7d-4c0c-b093-7c431894722d?fields=provider%3Aphysical_network&fields=provider%3Anetwork_type HTTP/1.1" status: 200 len: 277 time: 0.0324519
2026-05-27 20:49:45.865 9 INFO neutron.api.wsgi [req-d318b8a7-8519-458f-8639-2e234727c16f req-835c6644-42fc-4c61-b6bf-1b0f62686814 5b5dd77c3fdf42cba639ff92ee5df0a5 43b71fc469ca48c392750a8ed93ffc05 - - default default] 10.0.0.199 "GET /v2.0/ports?device_id=f06b38ed-6270-4af6-a3c8-2f2ff30df17b HTTP/1.1" status: 200 len: 210 time: 0.0200610
2026-05-27 20:49:45.876 9 INFO neutron.api.wsgi [req-4f92a54a-e1d1-4790-8fd0-36b3293653a3 req-d325ca09-be51-4541-b4ce-1eca4df2df92 4decf9c4940847ca91b3325703d5a5ed e48b6b36948b450ab5e637d97d3ca010 - - default default] 199.19.213.176 "GET /v2.0/ports?device_id=6e6c56a2-0fe5-49eb-8cdb-8c01ee3e17cf HTTP/1.1" status: 200 len: 1168 time: 0.1165130 /var/lib/openstack/lib/python3.12/site-packages/pycadf/identifier.py:71: UserWarning: Invalid uuid: neutron. To ensure interoperability, identifiers should be a valid uuid. warnings.warn(('Invalid uuid: %s. To ensure interoperability, '
2026-05-27 20:49:46.173 10 INFO neutron.api.wsgi [req-79a4466f-7907-4e12-839a-961e5941bf96 req-e6123f87-e9e0-4b54-9436-54ae05c65206 9a44373ba8dc402c89f349e90b998c89 2a6dccdeb0f840998f0e7bbfc68aba1a - - default default] 10.0.0.199 "GET /v2.0/ports?device_id=bf4172da-6008-46d3-8db5-c499519060f3 HTTP/1.1" status: 200 len: 1170 time: 0.0702441
2026-05-27 20:49:46.211 10 INFO neutron.api.wsgi [req-79a4466f-7907-4e12-839a-961e5941bf96 req-e949133b-1b0f-48cd-bd8d-43bfb6fb0c5a 9a44373ba8dc402c89f349e90b998c89 2a6dccdeb0f840998f0e7bbfc68aba1a - - default default] 10.0.0.199 "GET /v2.0/security-groups?id=adca9cdf-c073-489e-b5b1-844e6e790af2&fields=id&fields=name HTTP/1.1" status: 200 len: 313 time: 0.0322604
2026-05-27 20:49:46.240 9 INFO neutron.db.l3_db [req-4f92a54a-e1d1-4790-8fd0-36b3293653a3 req-9836ba80-99a8-4706-9091-82f63a4b982d 4decf9c4940847ca91b3325703d5a5ed e48b6b36948b450ab5e637d97d3ca010 - - default default] Floating IP 2debef06-bc01-4d3c-a990-988a6752e493 disassociated. External IP: 10.96.250.211, port: 406328cf-3c6d-4218-9603-788f2f07c224.
2026-05-27 20:49:46.297 10 INFO neutron.notifiers.nova [-] Nova event matching ['req-b9ce9bd6-c627-484c-ba7b-deaac6daecde'] response: {'server_uuid': '6e6c56a2-0fe5-49eb-8cdb-8c01ee3e17cf', 'name': 'network-vif-unplugged', 'status': 'completed', 'tag': '406328cf-3c6d-4218-9603-788f2f07c224', 'code': 200}
2026-05-27 20:49:46.298 10 INFO neutron.notifiers.nova [-] Nova event matching ['req-b9ce9bd6-c627-484c-ba7b-deaac6daecde'] response: {'name': 'network-changed', 'server_uuid': 'f5a047e3-e4fa-420b-a759-8ec3b339b2c0', 'tag': 'c9d7feb3-32bb-4384-8a6e-4c5c8ac5c07b', 'status': 'completed', 'code': 200}
2026-05-27 20:49:46.298 10 INFO neutron.notifiers.nova [-] Nova event matching ['req-b9ce9bd6-c627-484c-ba7b-deaac6daecde'] response: {'server_uuid': '6e6c56a2-0fe5-49eb-8cdb-8c01ee3e17cf', 'name': 'network-vif-unplugged', 'status': 'completed', 'tag': '406328cf-3c6d-4218-9603-788f2f07c224', 'code': 200}
2026-05-27 20:49:46.298 10 INFO neutron.notifiers.nova [-] Nova event matching ['req-b9ce9bd6-c627-484c-ba7b-deaac6daecde'] response: {'server_uuid': 'bf4172da-6008-46d3-8db5-c499519060f3', 'name': 'network-vif-plugged', 'status': 'completed', 'tag': 'adcf0928-a988-4074-ab93-c31494508bc8', 'code': 200}
2026-05-27 20:49:46.298 10 INFO neutron.notifiers.nova [-] Nova event matching ['req-b9ce9bd6-c627-484c-ba7b-deaac6daecde'] response: {'server_uuid': 'bf4172da-6008-46d3-8db5-c499519060f3', 'name': 'network-vif-plugged', 'status': 'completed', 'tag': 'adcf0928-a988-4074-ab93-c31494508bc8', 'code': 200}
2026-05-27 20:49:46.357 9 INFO neutron.api.wsgi [req-4f92a54a-e1d1-4790-8fd0-36b3293653a3 req-9836ba80-99a8-4706-9091-82f63a4b982d 4decf9c4940847ca91b3325703d5a5ed e48b6b36948b450ab5e637d97d3ca010 - - default default] 199.19.213.176 "DELETE /v2.0/ports/406328cf-3c6d-4218-9603-788f2f07c224 HTTP/1.1" status: 204 len: 173 time: 0.4779501
2026-05-27 20:49:46.413 10 INFO neutron.api.wsgi [req-4939ff4e-f6b5-40c8-8034-437885ca6871 req-494423db-bb3d-43e6-ba37-83237d60906f 4decf9c4940847ca91b3325703d5a5ed e48b6b36948b450ab5e637d97d3ca010 - - default default] 10.0.0.199 "GET /v2.0/ports?device_id=6e6c56a2-0fe5-49eb-8cdb-8c01ee3e17cf HTTP/1.1" status: 200 len: 210 time: 0.0191205
2026-05-27 20:49:46.744 9 INFO neutron.notifiers.nova [-] Nova event matching ['req-65b0ad0a-daf8-4ecf-b93a-4a48c861ae34'] response: {'server_uuid': '6e6c56a2-0fe5-49eb-8cdb-8c01ee3e17cf', 'name': 'network-vif-deleted', 'tag': '406328cf-3c6d-4218-9603-788f2f07c224', 'status': 'completed', 'code': 200} /var/lib/openstack/lib/python3.12/site-packages/pycadf/identifier.py:71: UserWarning: Invalid uuid: neutron. To ensure interoperability, identifiers should be a valid uuid. warnings.warn(('Invalid uuid: %s. To ensure interoperability, '
2026-05-27 20:49:46.855 9 INFO neutron.api.wsgi [req-fde4a655-0bb4-4830-a638-1ac3eafcc8f2 req-e9b7a429-73cd-4b75-8cac-0c2181f90bff e3107a1923d24722834d3f15eb8abab5 648eed71e8864f19b4f80e442a30f247 - - 9475e5ee510e48719cff67af03a81c01 9475e5ee510e48719cff67af03a81c01] 199.19.213.176 "GET /v2.0/ports?tenant_id=ad9e2fdd64e04e38bfda6bc31e55305e&device_id=f5a047e3-e4fa-420b-a759-8ec3b339b2c0 HTTP/1.1" status: 200 len: 1413 time: 0.0461118
2026-05-27 20:49:46.903 9 INFO neutron.api.wsgi [req-fde4a655-0bb4-4830-a638-1ac3eafcc8f2 req-0ff4e5c9-1e3d-41da-97f6-fe2f551bf097 e3107a1923d24722834d3f15eb8abab5 648eed71e8864f19b4f80e442a30f247 - - 9475e5ee510e48719cff67af03a81c01 9475e5ee510e48719cff67af03a81c01] 199.19.213.176 "GET /v2.0/networks?id=2e67ea8b-74f4-4802-9918-83e59f7704a0 HTTP/1.1" status: 200 len: 982 time: 0.0443249
2026-05-27 20:49:46.940 9 INFO neutron.api.wsgi [req-fde4a655-0bb4-4830-a638-1ac3eafcc8f2 req-d77b47ec-311c-4abc-829c-f8f79fab9f61 e3107a1923d24722834d3f15eb8abab5 648eed71e8864f19b4f80e442a30f247 - - 9475e5ee510e48719cff67af03a81c01 9475e5ee510e48719cff67af03a81c01] 199.19.213.176 "GET /v2.0/floatingips?fixed_ip_address=10.100.0.12&port_id=c9d7feb3-32bb-4384-8a6e-4c5c8ac5c07b HTTP/1.1" status: 200 len: 1060 time: 0.0299454
2026-05-27 20:49:46.967 10 INFO neutron.api.wsgi [req-9089a6b1-a970-4e8e-bf8a-082ae1eb4001 req-9abc7231-dec2-4063-977f-e86aeaa8a971 5b5dd77c3fdf42cba639ff92ee5df0a5 43b71fc469ca48c392750a8ed93ffc05 - - default default] 10.0.0.199 "GET /v2.0/ports?device_id=f06b38ed-6270-4af6-a3c8-2f2ff30df17b HTTP/1.1" status: 200 len: 210 time: 0.0170639
2026-05-27 20:49:46.969 9 INFO neutron.api.wsgi [req-fde4a655-0bb4-4830-a638-1ac3eafcc8f2 req-b80a133c-2fd0-48c7-a60e-c62319fbc784 e3107a1923d24722834d3f15eb8abab5 648eed71e8864f19b4f80e442a30f247 - - 9475e5ee510e48719cff67af03a81c01 9475e5ee510e48719cff67af03a81c01] 199.19.213.176 "GET /v2.0/subnets?id=9399230d-df71-491f-b7ef-73a04f593f5f HTTP/1.1" status: 200 len: 901 time: 0.0225611
2026-05-27 20:49:46.993 9 INFO neutron.api.wsgi [req-fde4a655-0bb4-4830-a638-1ac3eafcc8f2 req-6746d22c-3f4d-49be-99ed-2546147b5703 e3107a1923d24722834d3f15eb8abab5 648eed71e8864f19b4f80e442a30f247 - - 9475e5ee510e48719cff67af03a81c01 9475e5ee510e48719cff67af03a81c01] 199.19.213.176 "GET /v2.0/ports?network_id=2e67ea8b-74f4-4802-9918-83e59f7704a0&device_owner=network%3Adhcp HTTP/1.1" status: 200 len: 210 time: 0.0184357
2026-05-27 20:49:47.045 9 INFO neutron.api.wsgi [req-fde4a655-0bb4-4830-a638-1ac3eafcc8f2 req-e639a144-7daf-4ed3-9c8a-7d2ec098ba20 e3107a1923d24722834d3f15eb8abab5 648eed71e8864f19b4f80e442a30f247 - - 9475e5ee510e48719cff67af03a81c01 9475e5ee510e48719cff67af03a81c01] 199.19.213.176 "GET /v2.0/networks/2e67ea8b-74f4-4802-9918-83e59f7704a0?fields=segments HTTP/1.1" status: 200 len: 212 time: 0.0453775
2026-05-27 20:49:47.094 9 INFO neutron.api.wsgi [req-fde4a655-0bb4-4830-a638-1ac3eafcc8f2 req-2efd0435-a011-4400-91a7-5dbb5e48fc82 e3107a1923d24722834d3f15eb8abab5 648eed71e8864f19b4f80e442a30f247 - - 9475e5ee510e48719cff67af03a81c01 9475e5ee510e48719cff67af03a81c01] 199.19.213.176 "GET /v2.0/networks/2e67ea8b-74f4-4802-9918-83e59f7704a0?fields=provider%3Aphysical_network&fields=provider%3Anetwork_type HTTP/1.1" status: 200 len: 277 time: 0.0452721
2026-05-27 20:49:47.329 9 INFO neutron.api.wsgi [req-915ca5a8-e274-4801-9672-861bcd97a26b req-1a48ac85-bb97-475b-936b-9cfd71293d3d 9a44373ba8dc402c89f349e90b998c89 2a6dccdeb0f840998f0e7bbfc68aba1a - - default default] 10.0.0.199 "GET /v2.0/ports?device_id=bf4172da-6008-46d3-8db5-c499519060f3 HTTP/1.1" status: 200 len: 1170 time: 0.0474095
2026-05-27 20:49:47.360 9 INFO neutron.api.wsgi [req-915ca5a8-e274-4801-9672-861bcd97a26b req-65b494d6-7735-4198-856d-d21011ff6741 9a44373ba8dc402c89f349e90b998c89 2a6dccdeb0f840998f0e7bbfc68aba1a - - default default] 10.0.0.199 "GET /v2.0/security-groups?id=adca9cdf-c073-489e-b5b1-844e6e790af2&fields=id&fields=name HTTP/1.1" status: 200 len: 313 time: 0.0264730
2026-05-27 20:49:47.495 10 INFO neutron.api.wsgi [req-32346078-6604-4d64-80a0-0155adb3b4a4 req-17b9c2f1-f338-4757-a58a-b2879e587307 4decf9c4940847ca91b3325703d5a5ed e48b6b36948b450ab5e637d97d3ca010 - - default default] 10.0.0.199 "GET /v2.0/ports?device_id=6e6c56a2-0fe5-49eb-8cdb-8c01ee3e17cf HTTP/1.1" status: 200 len: 210 time: 0.0235708
2026-05-27 20:49:48.178 9 INFO neutron.api.wsgi [None req-e4b78b5a-caf3-4d7b-982a-a44829b78dc5 5b5dd77c3fdf42cba639ff92ee5df0a5 43b71fc469ca48c392750a8ed93ffc05 - - default default] 10.0.0.203 "DELETE /v2.0/security-groups/a156423f-2f95-49d9-84bb-81b75a2f2aea HTTP/1.1" status: 204 len: 168 time: 0.1315563
2026-05-27 20:49:48.192 9 INFO neutron.api.v2.resource [None req-a0d8483b-ae1f-4de4-b325-ac92ec2e6124 5b5dd77c3fdf42cba639ff92ee5df0a5 43b71fc469ca48c392750a8ed93ffc05 - - default default] show failed (client error): The resource could not be found.
2026-05-27 20:49:48.193 9 INFO neutron.api.wsgi [None req-a0d8483b-ae1f-4de4-b325-ac92ec2e6124 5b5dd77c3fdf42cba639ff92ee5df0a5 43b71fc469ca48c392750a8ed93ffc05 - - default default] 10.0.0.203 "GET /v2.0/security-groups/a156423f-2f95-49d9-84bb-81b75a2f2aea HTTP/1.1" status: 404 len: 347 time: 0.0092447
2026-05-27 20:49:48.499 10 INFO neutron.api.wsgi [None req-408b94ff-2cb4-4e48-8dd3-d37ebe722864 5b5dd77c3fdf42cba639ff92ee5df0a5 43b71fc469ca48c392750a8ed93ffc05 - - default default] 10.0.0.203 "DELETE /v2.0/floatingips/ded97153-1e0a-40b4-933f-4957da4533cc HTTP/1.1" status: 204 len: 168 time: 0.3012748
2026-05-27 20:49:48.513 9 INFO neutron.api.wsgi [req-529c0d05-134b-4bd7-a38c-335872f4bb82 req-7abbfd3d-d234-4336-9bf0-7db9d78cc275 9a44373ba8dc402c89f349e90b998c89 2a6dccdeb0f840998f0e7bbfc68aba1a - - default default] 10.0.0.199 "GET /v2.0/ports?device_id=bf4172da-6008-46d3-8db5-c499519060f3 HTTP/1.1" status: 200 len: 1170 time: 0.0919905
2026-05-27 20:49:48.573 9 INFO neutron.api.wsgi [req-529c0d05-134b-4bd7-a38c-335872f4bb82 req-91e92d5b-fe41-4f90-a1a1-913581ec5741 9a44373ba8dc402c89f349e90b998c89 2a6dccdeb0f840998f0e7bbfc68aba1a - - default default] 10.0.0.199 "GET /v2.0/security-groups?id=adca9cdf-c073-489e-b5b1-844e6e790af2&fields=id&fields=name HTTP/1.1" status: 200 len: 313 time: 0.0492334
2026-05-27 20:49:48.592 10 INFO neutron.api.wsgi [req-1b2c7cac-ca97-4868-8ab8-06a39376546e req-77feeaa2-afb1-413a-9ae8-13792d1c2a2b 4decf9c4940847ca91b3325703d5a5ed e48b6b36948b450ab5e637d97d3ca010 - - default default] 10.0.0.199 "GET /v2.0/ports?device_id=6e6c56a2-0fe5-49eb-8cdb-8c01ee3e17cf HTTP/1.1" status: 200 len: 210 time: 0.0345068
2026-05-27 20:49:49.660 9 INFO neutron.api.wsgi [None req-6cf0e94a-092d-4a34-a862-bcec897f7649 fc367df31778448aa17158a4cc8163ac 14333cf1279c42fdadeb68f5ee570e6a - - default default] 10.0.0.203 "PUT /v2.0/routers/1add6523-7509-422a-8218-884606596670/remove_router_interface HTTP/1.1" status: 200 len: 503 time: 1.1556427 /var/lib/openstack/lib/python3.12/site-packages/pycadf/identifier.py:71: UserWarning: Invalid uuid: neutron. To ensure interoperability, identifiers should be a valid uuid. warnings.warn(('Invalid uuid: %s. To ensure interoperability, '
2026-05-27 20:49:49.693 10 INFO neutron.api.wsgi [req-996feb15-429c-4814-bbae-d94e2cbf7e5f req-37921594-0455-407f-8f51-b41cd290d531 4decf9c4940847ca91b3325703d5a5ed e48b6b36948b450ab5e637d97d3ca010 - - default default] 10.0.0.199 "GET /v2.0/ports?device_id=6e6c56a2-0fe5-49eb-8cdb-8c01ee3e17cf HTTP/1.1" status: 200 len: 210 time: 0.0177007
2026-05-27 20:49:49.711 9 INFO neutron.api.wsgi [req-4ed7fe0c-8e3f-41e7-9ff7-1cbffb8c7e7b req-033bc795-f5c3-45f8-ba17-6d67c7a35292 9a44373ba8dc402c89f349e90b998c89 2a6dccdeb0f840998f0e7bbfc68aba1a - - default default] 10.0.0.199 "GET /v2.0/ports?device_id=bf4172da-6008-46d3-8db5-c499519060f3 HTTP/1.1" status: 200 len: 1170 time: 0.0461090
2026-05-27 20:49:49.748 9 INFO neutron.api.wsgi [req-4ed7fe0c-8e3f-41e7-9ff7-1cbffb8c7e7b req-f05fc00a-5a56-40a9-bd3e-60fd9aaa2f89 9a44373ba8dc402c89f349e90b998c89 2a6dccdeb0f840998f0e7bbfc68aba1a - - default default] 10.0.0.199 "GET /v2.0/security-groups?id=adca9cdf-c073-489e-b5b1-844e6e790af2&fields=id&fields=name HTTP/1.1" status: 200 len: 313 time: 0.0324080
2026-05-27 20:49:49.859 10 INFO neutron.api.wsgi [req-4432452f-f8a6-423a-8098-8bb435b6eef6 req-d6df615d-6fc2-4661-9c8b-ad89c263ec8f 9a44373ba8dc402c89f349e90b998c89 2a6dccdeb0f840998f0e7bbfc68aba1a - - default default] 10.0.0.199 "GET /v2.0/ports?device_id=bf4172da-6008-46d3-8db5-c499519060f3 HTTP/1.1" status: 200 len: 1170 time: 0.0356309
2026-05-27 20:49:50.372 10 INFO neutron.api.wsgi [None req-c848aab7-07d0-4c48-8475-549b2ef10cdb fc367df31778448aa17158a4cc8163ac 14333cf1279c42fdadeb68f5ee570e6a - - default default] 10.0.0.203 "DELETE /v2.0/routers/1add6523-7509-422a-8218-884606596670 HTTP/1.1" status: 204 len: 168 time: 0.7049940
2026-05-27 20:49:50.446 9 INFO neutron.db.ovn_revision_numbers_db [None req-6ef79c0c-a327-4cdd-b8eb-e08b19f82a44 9a44373ba8dc402c89f349e90b998c89 2a6dccdeb0f840998f0e7bbfc68aba1a - - default default] Successfully bumped revision number for resource 836eccd5-7067-40d9-a008-a8b36c9a69d7 (type: floatingips) to 1
2026-05-27 20:49:50.565 9 INFO neutron.db.ovn_revision_numbers_db [None req-6ef79c0c-a327-4cdd-b8eb-e08b19f82a44 9a44373ba8dc402c89f349e90b998c89 2a6dccdeb0f840998f0e7bbfc68aba1a - - default default] Successfully bumped revision number for resource 836eccd5-7067-40d9-a008-a8b36c9a69d7 (type: floatingips) to 2
2026-05-27 20:49:50.566 9 INFO neutron.db.l3_db [None req-6ef79c0c-a327-4cdd-b8eb-e08b19f82a44 9a44373ba8dc402c89f349e90b998c89 2a6dccdeb0f840998f0e7bbfc68aba1a - - default default] Floating IP 836eccd5-7067-40d9-a008-a8b36c9a69d7 associated. External IP: 10.96.250.210, port: adcf0928-a988-4074-ab93-c31494508bc8.
2026-05-27 20:49:50.593 9 INFO neutron.api.wsgi [None req-6ef79c0c-a327-4cdd-b8eb-e08b19f82a44 9a44373ba8dc402c89f349e90b998c89 2a6dccdeb0f840998f0e7bbfc68aba1a - - default default] 10.0.0.203 "PUT /v2.0/floatingips/836eccd5-7067-40d9-a008-a8b36c9a69d7 HTTP/1.1" status: 200 len: 1049 time: 0.7200639
2026-05-27 20:49:50.593 10 INFO neutron.api.wsgi [None req-b5131707-c166-41c5-bc65-b05d060d1a16 fc367df31778448aa17158a4cc8163ac 14333cf1279c42fdadeb68f5ee570e6a - - default default] 10.0.0.203 "DELETE /v2.0/subnets/77afcefe-722a-4143-adea-78d0ea847d28 HTTP/1.1" status: 204 len: 168 time: 0.2143216 /var/lib/openstack/lib/python3.12/site-packages/pycadf/identifier.py:71: UserWarning: Invalid uuid: neutron. To ensure interoperability, identifiers should be a valid uuid. warnings.warn(('Invalid uuid: %s. To ensure interoperability, '
2026-05-27 20:49:50.762 9 INFO neutron.notifiers.nova [-] Nova event matching ['req-05d869ce-2bf8-48f3-ab86-29e5a70534c0'] response: {'name': 'network-changed', 'server_uuid': 'bf4172da-6008-46d3-8db5-c499519060f3', 'tag': 'adcf0928-a988-4074-ab93-c31494508bc8', 'status': 'completed', 'code': 200}
2026-05-27 20:49:50.895 9 INFO neutron.api.wsgi [None req-fb243cef-41e7-496a-bee6-aa31400c7474 4decf9c4940847ca91b3325703d5a5ed e48b6b36948b450ab5e637d97d3ca010 - - default default] 10.0.0.203 "DELETE /v2.0/security-groups/9fc8182f-aeab-4129-b894-dc37e6ca54a0 HTTP/1.1" status: 204 len: 168 time: 0.1206319
2026-05-27 20:49:50.908 9 INFO neutron.api.v2.resource [None req-3618eedc-d1c0-4c9b-ad38-a7d1a50265d2 4decf9c4940847ca91b3325703d5a5ed e48b6b36948b450ab5e637d97d3ca010 - - default default] show failed (client error): The resource could not be found.
2026-05-27 20:49:50.910 9 INFO neutron.api.wsgi [None req-3618eedc-d1c0-4c9b-ad38-a7d1a50265d2 4decf9c4940847ca91b3325703d5a5ed e48b6b36948b450ab5e637d97d3ca010 - - default default] 10.0.0.203 "GET /v2.0/security-groups/9fc8182f-aeab-4129-b894-dc37e6ca54a0 HTTP/1.1" status: 404 len: 347 time: 0.0097885
2026-05-27 20:49:50.933 10 INFO neutron.services.segments.plugin [-] Segment 1ab41099-5918-47f7-a395-89fd7d33e522 resource provider aggregate not found
2026-05-27 20:49:50.938 10 INFO neutron.services.segments.plugin [-] Segment 1ab41099-5918-47f7-a395-89fd7d33e522 resource provider aggregate not found
2026-05-27 20:49:50.948 10 INFO neutron.services.segments.plugin [-] Segment 1ab41099-5918-47f7-a395-89fd7d33e522 resource provider not found; error: Placement Client Error (4xx): {"errors": [{"status": 404, "title": "Not Found", "detail": "The resource could not be found.\n\n No resource provider with uuid 1ab41099-5918-47f7-a395-89fd7d33e522 found for delete ", "request_id": "req-5d749df5-5aec-43fb-913c-fc60fc1da416"}]}
