2026-05-27 20:52:26.679 10 INFO neutron.db.ovn_revision_numbers_db [None req-595cb0b9-cc10-46f5-b23a-c54238d3ac97 4de2e95c14e2428a9f26a6f8dd3e165b 9740f37a19ae4de7a7ca078d646215f9 - - default default] Successfully bumped revision number for resource f8282922-feda-4efb-b4b6-0a45e3e888f2 (type: security_group_rules) to 0
2026-05-27 20:52:26.746 10 INFO neutron.db.segments_db [None req-595cb0b9-cc10-46f5-b23a-c54238d3ac97 4de2e95c14e2428a9f26a6f8dd3e165b 9740f37a19ae4de7a7ca078d646215f9 - - default default] Added segment 05305e75-65be-48fe-b8b4-b9bd5ea9344d of type geneve for network 0f5ef4d3-fa75-4bde-b189-ccebf0b3f874
2026-05-27 20:52:26.761 9 INFO neutron.api.wsgi [None req-99515c1c-ce9e-41df-b0e9-8215c0ce1e77 288ea08a2b6d4ce08b5be937bed46662 5dc88bc669ca4ed985ed688897c9f7ad - - default default] 10.0.0.203 "DELETE /v2.0/subnets/871e193d-f7fc-4b91-900f-7c94a1f03156 HTTP/1.1" status: 204 len: 168 time: 0.1504455
2026-05-27 20:52:26.884 10 INFO neutron.db.ovn_revision_numbers_db [None req-595cb0b9-cc10-46f5-b23a-c54238d3ac97 4de2e95c14e2428a9f26a6f8dd3e165b 9740f37a19ae4de7a7ca078d646215f9 - - default default] Successfully bumped revision number for resource 0f5ef4d3-fa75-4bde-b189-ccebf0b3f874 (type: networks) to 1
2026-05-27 20:52:27.011 10 INFO neutron.api.wsgi [None req-51b1fc30-5ebe-4d5a-80a8-e501c7f73786 86cf5e199ff44806b8f4f9a3a37f2e84 9f8819945f68468f84f9b363ecaa1d93 - - default default] 10.0.0.203 "POST /v2.0/floatingips HTTP/1.1" status: 201 len: 751 time: 0.7006845
2026-05-27 20:52:27.043 9 INFO neutron.services.segments.plugin [-] Segment 139f63e1-93df-4dfa-8b28-749d6b2d4909 resource provider aggregate not found
2026-05-27 20:52:27.047 9 INFO neutron.services.segments.plugin [-] Segment 139f63e1-93df-4dfa-8b28-749d6b2d4909 resource provider aggregate not found
2026-05-27 20:52:27.064 9 INFO neutron.services.segments.plugin [-] Segment 139f63e1-93df-4dfa-8b28-749d6b2d4909 resource provider not found; error: Placement Client Error (4xx): {"errors": [{"status": 404, "title": "Not Found", "detail": "The resource could not be found.\n\n No resource provider with uuid 139f63e1-93df-4dfa-8b28-749d6b2d4909 found for delete ", "request_id": "req-dfb63455-84b5-4a40-ab61-7ebfcea4caf4"}]}
2026-05-27 20:52:27.064 9 INFO neutron.services.segments.plugin [-] Segment 139f63e1-93df-4dfa-8b28-749d6b2d4909 resource provider not found; error: Placement Client Error (4xx): {"errors": [{"status": 404, "title": "Not Found", "detail": "The resource could not be found.\n\n No resource provider with uuid 139f63e1-93df-4dfa-8b28-749d6b2d4909 found for delete ", "request_id": "req-48a207fb-59e9-4758-80bf-b01d755ff14c"}]}
2026-05-27 20:52:27.066 10 INFO neutron.api.wsgi [None req-569b4df9-a81f-4ecd-bec1-f3c758fc9a17 86cf5e199ff44806b8f4f9a3a37f2e84 9f8819945f68468f84f9b363ecaa1d93 - - default default] 10.0.0.203 "PUT /v2.0/floatingips/7ff906c8-0ca7-40d4-b26b-025fc0f726ed/tags HTTP/1.1" status: 200 len: 218 time: 0.0439718
2026-05-27 20:52:27.082 9 INFO neutron.api.wsgi [None req-8305027e-cd80-4f89-aa63-f8c04d55044e 288ea08a2b6d4ce08b5be937bed46662 5dc88bc669ca4ed985ed688897c9f7ad - - default default] 10.0.0.203 "DELETE /v2.0/networks/d56d6e44-5611-4402-99a8-5f4f7ca2516b HTTP/1.1" status: 204 len: 168 time: 0.3170791
2026-05-27 20:52:27.088 10 WARNING neutron.scheduler.dhcp_agent_scheduler [None req-595cb0b9-cc10-46f5-b23a-c54238d3ac97 4de2e95c14e2428a9f26a6f8dd3e165b 9740f37a19ae4de7a7ca078d646215f9 - - default default] No more DHCP agents
2026-05-27 20:52:27.091 10 WARNING neutron.api.rpc.agentnotifiers.dhcp_rpc_agent_api [None req-595cb0b9-cc10-46f5-b23a-c54238d3ac97 4de2e95c14e2428a9f26a6f8dd3e165b 9740f37a19ae4de7a7ca078d646215f9 - - default default] Unable to schedule network 0f5ef4d3-fa75-4bde-b189-ccebf0b3f874: no agents available; will retry on subsequent port and subnet creation events.
2026-05-27 20:52:27.093 10 INFO neutron.api.wsgi [None req-43b79f8a-76c1-442a-b443-8e97276c192d 86cf5e199ff44806b8f4f9a3a37f2e84 9f8819945f68468f84f9b363ecaa1d93 - - default default] 10.0.0.203 "GET /v2.0/floatingips/7ff906c8-0ca7-40d4-b26b-025fc0f726ed/tags HTTP/1.1" status: 200 len: 218 time: 0.0215397
2026-05-27 20:52:27.144 10 INFO neutron.api.wsgi [None req-a267ab3f-c9f0-449f-bf08-080ca7a1a9a3 86cf5e199ff44806b8f4f9a3a37f2e84 9f8819945f68468f84f9b363ecaa1d93 - - default default] 10.0.0.203 "PUT /v2.0/floatingips/7ff906c8-0ca7-40d4-b26b-025fc0f726ed/tags/green HTTP/1.1" status: 201 len: 201 time: 0.0461075
2026-05-27 20:52:27.181 10 INFO neutron.db.ovn_revision_numbers_db [None req-595cb0b9-cc10-46f5-b23a-c54238d3ac97 4de2e95c14e2428a9f26a6f8dd3e165b 9740f37a19ae4de7a7ca078d646215f9 - - default default] Successfully bumped revision number for resource 21f94842-5c03-40b5-b845-02691bb92e98 (type: ports) to 1
2026-05-27 20:52:27.185 10 INFO neutron.api.wsgi [None req-1322ecda-d8ad-4c9e-871d-52b1790cf1bb 86cf5e199ff44806b8f4f9a3a37f2e84 9f8819945f68468f84f9b363ecaa1d93 - - default default] 10.0.0.203 "GET /v2.0/floatingips/7ff906c8-0ca7-40d4-b26b-025fc0f726ed/tags HTTP/1.1" status: 200 len: 227 time: 0.0367696
2026-05-27 20:52:27.200 10 INFO neutron.api.wsgi [None req-595cb0b9-cc10-46f5-b23a-c54238d3ac97 4de2e95c14e2428a9f26a6f8dd3e165b 9740f37a19ae4de7a7ca078d646215f9 - - default default] 10.0.0.203 "POST /v2.0/networks HTTP/1.1" status: 201 len: 831 time: 0.9178283
2026-05-27 20:52:27.209 10 WARNING neutron_lib.context [None req-d35ced0d-e843-43d3-af03-1f67f101ec04 4de2e95c14e2428a9f26a6f8dd3e165b 9740f37a19ae4de7a7ca078d646215f9 - - default default] Method 'is_advsvc' is deprecated since 2023.2 release (neutron-lib 3.8.0) and will be removed once support for the old RBAC API policies will be removed from Neutron. Please use method 'is_service_role' instead.
2026-05-27 20:52:27.216 10 INFO neutron.api.wsgi [None req-97b52301-2b76-4291-a442-75b1afb9d705 86cf5e199ff44806b8f4f9a3a37f2e84 9f8819945f68468f84f9b363ecaa1d93 - - default default] 10.0.0.203 "PUT /v2.0/floatingips/7ff906c8-0ca7-40d4-b26b-025fc0f726ed/tags/red HTTP/1.1" status: 201 len: 201 time: 0.0265977
2026-05-27 20:52:27.242 10 INFO neutron.api.wsgi [None req-6bf5a83c-a292-4369-9cf7-60038414ded8 86cf5e199ff44806b8f4f9a3a37f2e84 9f8819945f68468f84f9b363ecaa1d93 - - default default] 10.0.0.203 "GET /v2.0/floatingips/7ff906c8-0ca7-40d4-b26b-025fc0f726ed/tags HTTP/1.1" status: 200 len: 227 time: 0.0210791
2026-05-27 20:52:27.286 10 INFO neutron.api.wsgi [None req-fe7ee4d7-85d7-4d19-a631-a221a759700b 86cf5e199ff44806b8f4f9a3a37f2e84 9f8819945f68468f84f9b363ecaa1d93 - - default default] 10.0.0.203 "PUT /v2.0/floatingips/7ff906c8-0ca7-40d4-b26b-025fc0f726ed/tags/black.or.white HTTP/1.1" status: 201 len: 201 time: 0.0394948
2026-05-27 20:52:27.314 9 INFO neutron.api.wsgi [None req-8a5d4486-879a-4ba8-a451-a1d2690fcf24 86cf5e199ff44806b8f4f9a3a37f2e84 9f8819945f68468f84f9b363ecaa1d93 - - default default] 10.0.0.203 "GET /v2.0/floatingips/7ff906c8-0ca7-40d4-b26b-025fc0f726ed/tags HTTP/1.1" status: 200 len: 245 time: 0.0232897
2026-05-27 20:52:27.365 9 INFO neutron.api.wsgi [None req-9d50ca30-3a15-4121-96d8-1ac50067bf27 86cf5e199ff44806b8f4f9a3a37f2e84 9f8819945f68468f84f9b363ecaa1d93 - - default default] 10.0.0.203 "PUT /v2.0/floatingips/7ff906c8-0ca7-40d4-b26b-025fc0f726ed/tags HTTP/1.1" status: 200 len: 230 time: 0.0451860
2026-05-27 20:52:27.432 9 INFO neutron.api.wsgi [None req-7638e94e-d793-4ca1-929c-c0a0dfe9ce6d 288ea08a2b6d4ce08b5be937bed46662 5dc88bc669ca4ed985ed688897c9f7ad - - default default] 10.0.0.203 "DELETE /v2.0/networks/4d5eeb07-8034-4857-8520-90ef918e28ae HTTP/1.1" status: 204 len: 168 time: 0.3460228
2026-05-27 20:52:27.647 10 INFO neutron.api.wsgi [None req-240accdd-e096-4311-8962-75cef8739de8 86cf5e199ff44806b8f4f9a3a37f2e84 9f8819945f68468f84f9b363ecaa1d93 - - default default] 10.0.0.203 "GET /v2.0/floatingips/7ff906c8-0ca7-40d4-b26b-025fc0f726ed/tags HTTP/1.1" status: 200 len: 230 time: 0.2772381
2026-05-27 20:52:27.678 10 INFO neutron.api.wsgi [None req-f0237ca6-9d55-4f86-991f-fcb42d99ef42 86cf5e199ff44806b8f4f9a3a37f2e84 9f8819945f68468f84f9b363ecaa1d93 - - default default] 10.0.0.203 "GET /v2.0/floatingips/7ff906c8-0ca7-40d4-b26b-025fc0f726ed/tags/red HTTP/1.1" status: 204 len: 168 time: 0.0263669
2026-05-27 20:52:27.708 9 INFO neutron.api.v2.resource [None req-16f2c888-c7a8-408d-9e30-bd51b95c4e9b 86cf5e199ff44806b8f4f9a3a37f2e84 9f8819945f68468f84f9b363ecaa1d93 - - default default] show failed (client error): The resource could not be found.
2026-05-27 20:52:27.710 9 INFO neutron.api.wsgi [None req-16f2c888-c7a8-408d-9e30-bd51b95c4e9b 86cf5e199ff44806b8f4f9a3a37f2e84 9f8819945f68468f84f9b363ecaa1d93 - - default default] 10.0.0.203 "GET /v2.0/floatingips/7ff906c8-0ca7-40d4-b26b-025fc0f726ed/tags/green HTTP/1.1" status: 404 len: 299 time: 0.0257537
2026-05-27 20:52:27.751 9 INFO neutron.api.wsgi [None req-b16ebb1a-5b92-40f8-8f9c-30e8d2c1021e 86cf5e199ff44806b8f4f9a3a37f2e84 9f8819945f68468f84f9b363ecaa1d93 - - default default] 10.0.0.203 "DELETE /v2.0/floatingips/7ff906c8-0ca7-40d4-b26b-025fc0f726ed/tags/red HTTP/1.1" status: 204 len: 168 time: 0.0367553
2026-05-27 20:52:27.759 9 INFO neutron.api.wsgi [None req-7ce1586a-fb0e-49d8-8506-9c6c24d3eb79 288ea08a2b6d4ce08b5be937bed46662 5dc88bc669ca4ed985ed688897c9f7ad - - default default] 10.0.0.203 "DELETE /v2.0/networks/05972c99-9ee4-4f13-984f-eebb66c956fb HTTP/1.1" status: 204 len: 168 time: 0.3199999
2026-05-27 20:52:27.795 10 INFO neutron.api.wsgi [None req-a332136c-e213-41a2-a8cb-18b4aa3b2955 86cf5e199ff44806b8f4f9a3a37f2e84 9f8819945f68468f84f9b363ecaa1d93 - - default default] 10.0.0.203 "GET /v2.0/floatingips/7ff906c8-0ca7-40d4-b26b-025fc0f726ed/tags HTTP/1.1" status: 200 len: 223 time: 0.0247560
2026-05-27 20:52:27.836 9 INFO neutron.api.v2.resource [None req-f227950e-b989-4feb-a526-614b0e1746dd 86cf5e199ff44806b8f4f9a3a37f2e84 9f8819945f68468f84f9b363ecaa1d93 - - default default] delete failed (client error): The resource could not be found.
2026-05-27 20:52:27.838 9 INFO neutron.api.wsgi [None req-f227950e-b989-4feb-a526-614b0e1746dd 86cf5e199ff44806b8f4f9a3a37f2e84 9f8819945f68468f84f9b363ecaa1d93 - - default default] 10.0.0.203 "DELETE /v2.0/floatingips/7ff906c8-0ca7-40d4-b26b-025fc0f726ed/tags/green HTTP/1.1" status: 404 len: 299 time: 0.0366216
2026-05-27 20:52:27.855 10 WARNING neutron.scheduler.dhcp_agent_scheduler [None req-d35ced0d-e843-43d3-af03-1f67f101ec04 4de2e95c14e2428a9f26a6f8dd3e165b 9740f37a19ae4de7a7ca078d646215f9 - - default default] No more DHCP agents
2026-05-27 20:52:27.857 10 WARNING neutron.api.rpc.agentnotifiers.dhcp_rpc_agent_api [None req-d35ced0d-e843-43d3-af03-1f67f101ec04 4de2e95c14e2428a9f26a6f8dd3e165b 9740f37a19ae4de7a7ca078d646215f9 - - default default] Unable to schedule network 1cc437aa-4447-4aa4-bff5-1c80ac80f8b2: no agents available; will retry on subsequent port and subnet creation events.
2026-05-27 20:52:27.881 9 INFO neutron.api.wsgi [None req-552addd5-7588-4aa5-930c-613fba0a92be 86cf5e199ff44806b8f4f9a3a37f2e84 9f8819945f68468f84f9b363ecaa1d93 - - default default] 10.0.0.203 "DELETE /v2.0/floatingips/7ff906c8-0ca7-40d4-b26b-025fc0f726ed/tags HTTP/1.1" status: 204 len: 168 time: 0.0392084
2026-05-27 20:52:27.912 9 INFO neutron.api.wsgi [None req-2a5b1cb4-7a0e-4db3-8e57-f1da292caf49 86cf5e199ff44806b8f4f9a3a37f2e84 9f8819945f68468f84f9b363ecaa1d93 - - default default] 10.0.0.203 "GET /v2.0/floatingips/7ff906c8-0ca7-40d4-b26b-025fc0f726ed/tags HTTP/1.1" status: 200 len: 205 time: 0.0266769
2026-05-27 20:52:27.958 10 INFO neutron.db.ovn_revision_numbers_db [None req-d35ced0d-e843-43d3-af03-1f67f101ec04 4de2e95c14e2428a9f26a6f8dd3e165b 9740f37a19ae4de7a7ca078d646215f9 - - default default] Successfully bumped revision number for resource 2b9f33fb-567e-4920-bbfa-e19a19a187e2 (type: ports) to 1
2026-05-27 20:52:28.378 9 INFO neutron.api.wsgi [None req-451485f8-6857-45ba-a94b-a821bc6e80f2 288ea08a2b6d4ce08b5be937bed46662 5dc88bc669ca4ed985ed688897c9f7ad - - default default] 10.0.0.203 "DELETE /v2.0/networks/7974dd4e-df30-4b39-8894-3a0c848cf9cc HTTP/1.1" status: 204 len: 168 time: 0.6147125
2026-05-27 20:52:28.465 9 INFO neutron.api.wsgi [None req-e5878b4a-8353-4a26-98d0-b948dc87b75e 86cf5e199ff44806b8f4f9a3a37f2e84 9f8819945f68468f84f9b363ecaa1d93 - - default default] 10.0.0.203 "DELETE /v2.0/floatingips/7ff906c8-0ca7-40d4-b26b-025fc0f726ed HTTP/1.1" status: 204 len: 168 time: 0.5469103
2026-05-27 20:52:28.470 10 INFO neutron.plugins.ml2.drivers.ovn.mech_driver.ovsdb.commands [None req-dac036f2-04a0-4af1-870c-f01996f05c2e - - - - - -] Schedule LRP lrp-2b9f33fb-567e-4920-bbfa-e19a19a187e2 on gateway 441fa924-19ea-43d1-9828-bf801db9e3d5 with priority 1
2026-05-27 20:52:28.477 9 INFO neutron.plugins.ml2.drivers.ovn.mech_driver.mech_driver [None req-dc66a7bc-d3c7-4bef-b51b-12185236bf0d - - - - - -] OVN reports status up for port: 2b9f33fb-567e-4920-bbfa-e19a19a187e2
2026-05-27 20:52:28.485 9 INFO neutron.plugins.ml2.plugin [None req-dc66a7bc-d3c7-4bef-b51b-12185236bf0d - - - - - -] Attempt 1 to provision port 2b9f33fb-567e-4920-bbfa-e19a19a187e2
2026-05-27 20:52:28.490 9 INFO neutron.plugins.ml2.drivers.ovn.mech_driver.ovsdb.ovsdb_monitor [None req-dbe3122c-e9be-4e99-8530-4cd6793e28cb - - - - - -] Router 5ab88010-ffdf-48a4-83cf-61f626ce14ce is bound to host instance
2026-05-27 20:52:28.519 10 INFO neutron.db.ovn_revision_numbers_db [None req-d35ced0d-e843-43d3-af03-1f67f101ec04 4de2e95c14e2428a9f26a6f8dd3e165b 9740f37a19ae4de7a7ca078d646215f9 - - default default] Successfully bumped revision number for resource 2b9f33fb-567e-4920-bbfa-e19a19a187e2 (type: router_ports) to 1
2026-05-27 20:52:28.577 10 INFO neutron.db.ovn_revision_numbers_db [None req-d35ced0d-e843-43d3-af03-1f67f101ec04 4de2e95c14e2428a9f26a6f8dd3e165b 9740f37a19ae4de7a7ca078d646215f9 - - default default] Successfully bumped revision number for resource 5ab88010-ffdf-48a4-83cf-61f626ce14ce (type: routers) to 2
2026-05-27 20:52:28.594 10 INFO neutron.api.wsgi [None req-d35ced0d-e843-43d3-af03-1f67f101ec04 4de2e95c14e2428a9f26a6f8dd3e165b 9740f37a19ae4de7a7ca078d646215f9 - - default default] 10.0.0.203 "POST /v2.0/routers HTTP/1.1" status: 201 len: 1153 time: 1.3881063
2026-05-27 20:52:28.743 9 INFO neutron.api.wsgi [None req-7c1ae13d-9701-4411-b60f-78195127e823 288ea08a2b6d4ce08b5be937bed46662 5dc88bc669ca4ed985ed688897c9f7ad - - default default] 10.0.0.203 "DELETE /v2.0/networks/29111967-e84c-47c6-82a6-338a345f7972 HTTP/1.1" status: 204 len: 168 time: 0.3599014
2026-05-27 20:52:28.754 10 INFO neutron.api.wsgi [None req-f9b97925-d8bd-4f5c-8887-95cea602a68b 1b42d8edfe524191b14cf12ec4a2262e ffc0fff8d0e2468cbe55577620440855 - - default default] 10.0.0.203 "GET /v2.0/subnets?project_id=9740f37a19ae4de7a7ca078d646215f9&cidr=10.100.0.0%2F28 HTTP/1.1" status: 200 len: 207 time: 0.1542454
2026-05-27 20:52:28.803 10 INFO neutron.api.wsgi [None req-252e8070-f8af-486a-9a50-9eda97291f92 1b42d8edfe524191b14cf12ec4a2262e ffc0fff8d0e2468cbe55577620440855 - - default default] 10.0.0.203 "GET /v2.0/networks?router%3Aexternal=True HTTP/1.1" status: 200 len: 947 time: 0.0432599
2026-05-27 20:52:28.825 10 INFO neutron.api.wsgi [None req-093f546d-4607-4588-ab75-b57e9a97de0a 1b42d8edfe524191b14cf12ec4a2262e ffc0fff8d0e2468cbe55577620440855 - - default default] 10.0.0.203 "GET /v2.0/subnets?network_id=1cc437aa-4447-4aa4-bff5-1c80ac80f8b2&cidr=10.100.0.0%2F28 HTTP/1.1" status: 200 len: 207 time: 0.0162859
2026-05-27 20:52:28.833 10 WARNING neutron_lib.context [None req-9c2d73c9-6334-4039-a269-10275f733a64 4de2e95c14e2428a9f26a6f8dd3e165b 9740f37a19ae4de7a7ca078d646215f9 - - default default] Method 'is_advsvc' is deprecated since 2023.2 release (neutron-lib 3.8.0) and will be removed once support for the old RBAC API policies will be removed from Neutron. Please use method 'is_service_role' instead.
2026-05-27 20:52:28.946 9 INFO neutron.db.ovn_revision_numbers_db [None req-61d5bc4e-894b-4fe8-ab5d-7a408b46bcbf - - - - - -] Successfully bumped revision number for resource 2b9f33fb-567e-4920-bbfa-e19a19a187e2 (type: ports) to 1
2026-05-27 20:52:29.024 10 WARNING neutron.scheduler.dhcp_agent_scheduler [None req-9c2d73c9-6334-4039-a269-10275f733a64 4de2e95c14e2428a9f26a6f8dd3e165b 9740f37a19ae4de7a7ca078d646215f9 - - default default] No more DHCP agents
2026-05-27 20:52:29.025 10 WARNING neutron.api.rpc.agentnotifiers.dhcp_rpc_agent_api [None req-9c2d73c9-6334-4039-a269-10275f733a64 4de2e95c14e2428a9f26a6f8dd3e165b 9740f37a19ae4de7a7ca078d646215f9 - - default default] Unable to schedule network 0f5ef4d3-fa75-4bde-b189-ccebf0b3f874: no agents available; will retry on subsequent port and subnet creation events.
2026-05-27 20:52:29.078 9 INFO neutron.services.segments.plugin [-] Segment aac9ec1f-02c4-4d4d-b620-85b1c16967e8 resource provider aggregate not found
2026-05-27 20:52:29.083 9 INFO neutron.services.segments.plugin [-] Segment aac9ec1f-02c4-4d4d-b620-85b1c16967e8 resource provider aggregate not found
2026-05-27 20:52:29.095 9 INFO neutron.services.segments.plugin [-] Segment aac9ec1f-02c4-4d4d-b620-85b1c16967e8 resource provider not found; error: Placement Client Error (4xx): {"errors": [{"status": 404, "title": "Not Found", "detail": "The resource could not be found.\n\n No resource provider with uuid aac9ec1f-02c4-4d4d-b620-85b1c16967e8 found for delete ", "request_id": "req-21cc0c2e-dae0-4c96-a022-3a1796a16451"}]}
2026-05-27 20:52:29.098 9 INFO neutron.services.segments.plugin [-] Segment aac9ec1f-02c4-4d4d-b620-85b1c16967e8 resource provider not found; error: Placement Client Error (4xx): {"errors": [{"status": 404, "title": "Not Found", "detail": "The resource could not be found.\n\n No resource provider with uuid aac9ec1f-02c4-4d4d-b620-85b1c16967e8 found for delete ", "request_id": "req-4b895d4b-3c74-41c7-b9f7-a4b10e1c5bcb"}]}
2026-05-27 20:52:29.110 9 INFO neutron.services.segments.plugin [-] Segment 5c6644d1-f8c3-4250-a30e-79fb539ffe87 resource provider aggregate not found
2026-05-27 20:52:29.114 9 INFO neutron.services.segments.plugin [-] Segment 5c6644d1-f8c3-4250-a30e-79fb539ffe87 resource provider aggregate not found
2026-05-27 20:52:29.121 9 INFO neutron.services.segments.plugin [-] Segment 5c6644d1-f8c3-4250-a30e-79fb539ffe87 resource provider not found; error: Placement Client Error (4xx): {"errors": [{"status": 404, "title": "Not Found", "detail": "The resource could not be found.\n\n No resource provider with uuid 5c6644d1-f8c3-4250-a30e-79fb539ffe87 found for delete ", "request_id": "req-c5a5e97f-188f-4df2-b759-0e76bc494fdd"}]}
2026-05-27 20:52:29.125 9 INFO neutron.services.segments.plugin [-] Segment 5c6644d1-f8c3-4250-a30e-79fb539ffe87 resource provider not found; error: Placement Client Error (4xx): {"errors": [{"status": 404, "title": "Not Found", "detail": "The resource could not be found.\n\n No resource provider with uuid 5c6644d1-f8c3-4250-a30e-79fb539ffe87 found for delete ", "request_id": "req-567b284d-63f7-46da-9076-29a56f1e85ec"}]}
2026-05-27 20:52:29.132 9 INFO neutron.services.segments.plugin [-] Segment ffd90ba8-a36a-48ce-a91d-23d0311435e5 resource provider aggregate not found
2026-05-27 20:52:29.137 9 INFO neutron.services.segments.plugin [-] Segment ffd90ba8-a36a-48ce-a91d-23d0311435e5 resource provider aggregate not found
2026-05-27 20:52:29.143 9 INFO neutron.services.segments.plugin [-] Segment ffd90ba8-a36a-48ce-a91d-23d0311435e5 resource provider not found; error: Placement Client Error (4xx): {"errors": [{"status": 404, "title": "Not Found", "detail": "The resource could not be found.\n\n No resource provider with uuid ffd90ba8-a36a-48ce-a91d-23d0311435e5 found for delete ", "request_id": "req-c4996638-18f2-4943-9a0f-9cb619142ffe"}]}
2026-05-27 20:52:29.148 9 INFO neutron.services.segments.plugin [-] Segment ffd90ba8-a36a-48ce-a91d-23d0311435e5 resource provider not found; error: Placement Client Error (4xx): {"errors": [{"status": 404, "title": "Not Found", "detail": "The resource could not be found.\n\n No resource provider with uuid ffd90ba8-a36a-48ce-a91d-23d0311435e5 found for delete ", "request_id": "req-979a6104-ff7d-4291-969b-77240497eb44"}]}
2026-05-27 20:52:29.153 9 INFO neutron.services.segments.plugin [-] Segment c8239105-890d-4da9-b5be-893a56b262cb resource provider aggregate not found
2026-05-27 20:52:29.158 9 INFO neutron.services.segments.plugin [-] Segment c8239105-890d-4da9-b5be-893a56b262cb resource provider aggregate not found
2026-05-27 20:52:29.171 9 INFO neutron.services.segments.plugin [-] Segment c8239105-890d-4da9-b5be-893a56b262cb resource provider not found; error: Placement Client Error (4xx): {"errors": [{"status": 404, "title": "Not Found", "detail": "The resource could not be found.\n\n No resource provider with uuid c8239105-890d-4da9-b5be-893a56b262cb found for delete ", "request_id": "req-5ab5966a-cd50-493c-9152-189d03ff1485"}]}
2026-05-27 20:52:29.172 9 INFO neutron.services.segments.plugin [-] Segment c8239105-890d-4da9-b5be-893a56b262cb resource provider not found; error: Placement Client Error (4xx): {"errors": [{"status": 404, "title": "Not Found", "detail": "The resource could not be found.\n\n No resource provider with uuid c8239105-890d-4da9-b5be-893a56b262cb found for delete ", "request_id": "req-49ca8117-b3e3-4017-bbca-b9bdbcd52daa"}]}
2026-05-27 20:52:29.286 9 INFO neutron.db.ovn_revision_numbers_db [None req-61d5bc4e-894b-4fe8-ab5d-7a408b46bcbf - - - - - -] Successfully bumped revision number for resource 2b9f33fb-567e-4920-bbfa-e19a19a187e2 (type: ports) to 4
2026-05-27 20:52:29.392 10 INFO neutron.db.ovn_revision_numbers_db [None req-4b7d8a1d-49c3-4ee3-8a35-24d7ad15c008 fc367df31778448aa17158a4cc8163ac 14333cf1279c42fdadeb68f5ee570e6a - - default default] Successfully bumped revision number for resource 11d014c3-f80e-4a24-9634-98f445da3092 (type: security_groups) to 1
2026-05-27 20:52:29.405 10 INFO neutron.db.ovn_revision_numbers_db [None req-4b7d8a1d-49c3-4ee3-8a35-24d7ad15c008 fc367df31778448aa17158a4cc8163ac 14333cf1279c42fdadeb68f5ee570e6a - - default default] Successfully bumped revision number for resource 13ee4fea-2f7f-4d0e-84f5-7470a741d10f (type: security_group_rules) to 0
2026-05-27 20:52:29.419 10 INFO neutron.db.ovn_revision_numbers_db [None req-4b7d8a1d-49c3-4ee3-8a35-24d7ad15c008 fc367df31778448aa17158a4cc8163ac 14333cf1279c42fdadeb68f5ee570e6a - - default default] Successfully bumped revision number for resource 27ba1885-44c0-427c-be9c-587147e2e4dc (type: security_group_rules) to 0
2026-05-27 20:52:29.437 10 INFO neutron.db.ovn_revision_numbers_db [None req-4b7d8a1d-49c3-4ee3-8a35-24d7ad15c008 fc367df31778448aa17158a4cc8163ac 14333cf1279c42fdadeb68f5ee570e6a - - default default] Successfully bumped revision number for resource b001d036-7fd0-43fd-a668-f57df560e0b1 (type: security_group_rules) to 0
2026-05-27 20:52:29.454 10 INFO neutron.db.ovn_revision_numbers_db [None req-bc03d737-ab87-47ac-b1a3-31357eadac0a - - - - - -] Successfully bumped revision number for resource 21f94842-5c03-40b5-b845-02691bb92e98 (type: ports) to 2
2026-05-27 20:52:29.455 10 INFO neutron.db.ovn_revision_numbers_db [None req-4b7d8a1d-49c3-4ee3-8a35-24d7ad15c008 fc367df31778448aa17158a4cc8163ac 14333cf1279c42fdadeb68f5ee570e6a - - default default] Successfully bumped revision number for resource fc80a84e-b0da-4241-bc56-084144b7db61 (type: security_group_rules) to 0
2026-05-27 20:52:29.487 10 INFO neutron.db.ovn_revision_numbers_db [None req-bc03d737-ab87-47ac-b1a3-31357eadac0a - - - - - -] Successfully bumped revision number for resource 8427a76c-4ac3-4db7-9f6e-bb3becc18ad4 (type: subnets) to 0
2026-05-27 20:52:29.490 10 INFO neutron.api.wsgi [None req-4b7d8a1d-49c3-4ee3-8a35-24d7ad15c008 fc367df31778448aa17158a4cc8163ac 14333cf1279c42fdadeb68f5ee570e6a - - default default] 10.0.0.203 "GET /v2.0/security-groups?tenant_id=877fd0e7925347a9b88941c6b154e2bf&name=default HTTP/1.1" status: 200 len: 3120 time: 0.4287164
2026-05-27 20:52:29.505 10 INFO neutron.api.wsgi [None req-9c2d73c9-6334-4039-a269-10275f733a64 4de2e95c14e2428a9f26a6f8dd3e165b 9740f37a19ae4de7a7ca078d646215f9 - - default default] 10.0.0.203 "POST /v2.0/subnets HTTP/1.1" status: 201 len: 856 time: 0.6757033
2026-05-27 20:52:29.571 9 INFO neutron.db.ovn_revision_numbers_db [None req-61d5bc4e-894b-4fe8-ab5d-7a408b46bcbf - - - - - -] Successfully bumped revision number for resource 2b9f33fb-567e-4920-bbfa-e19a19a187e2 (type: ports) to 5
2026-05-27 20:52:29.755 10 INFO neutron.api.wsgi [None req-4347c7c8-2f2a-487e-82ed-1454651c5b65 fc367df31778448aa17158a4cc8163ac 14333cf1279c42fdadeb68f5ee570e6a - - default default] 10.0.0.203 "DELETE /v2.0/security-groups/11d014c3-f80e-4a24-9634-98f445da3092 HTTP/1.1" status: 204 len: 168 time: 0.2586496
2026-05-27 20:52:29.792 10 INFO neutron.db.ovn_revision_numbers_db [None req-68c21fe1-bdbc-426a-8f8c-f0435bbfeb66 fc367df31778448aa17158a4cc8163ac 14333cf1279c42fdadeb68f5ee570e6a - - default default] Successfully bumped revision number for resource 770aa423-e0b5-41f8-a6be-75f858926aa5 (type: security_groups) to 1
2026-05-27 20:52:29.809 10 INFO neutron.db.ovn_revision_numbers_db [None req-68c21fe1-bdbc-426a-8f8c-f0435bbfeb66 fc367df31778448aa17158a4cc8163ac 14333cf1279c42fdadeb68f5ee570e6a - - default default] Successfully bumped revision number for resource 58db3b82-8485-4574-9039-8136c4c5e54f (type: security_group_rules) to 0
2026-05-27 20:52:29.825 10 INFO neutron.db.ovn_revision_numbers_db [None req-68c21fe1-bdbc-426a-8f8c-f0435bbfeb66 fc367df31778448aa17158a4cc8163ac 14333cf1279c42fdadeb68f5ee570e6a - - default default] Successfully bumped revision number for resource 6956d8ef-f2ce-4f99-af67-c27a12f47d45 (type: security_group_rules) to 0
2026-05-27 20:52:29.842 10 INFO neutron.db.ovn_revision_numbers_db [None req-68c21fe1-bdbc-426a-8f8c-f0435bbfeb66 fc367df31778448aa17158a4cc8163ac 14333cf1279c42fdadeb68f5ee570e6a - - default default] Successfully bumped revision number for resource 73ead4a1-0201-4e61-b5cf-dbe86a3b9e86 (type: security_group_rules) to 0
2026-05-27 20:52:29.859 10 INFO neutron.db.ovn_revision_numbers_db [None req-68c21fe1-bdbc-426a-8f8c-f0435bbfeb66 fc367df31778448aa17158a4cc8163ac 14333cf1279c42fdadeb68f5ee570e6a - - default default] Successfully bumped revision number for resource e8c2b88f-8ad0-444d-a0c7-18a95d3762ff (type: security_group_rules) to 0
2026-05-27 20:52:29.917 10 INFO neutron.api.wsgi [None req-68c21fe1-bdbc-426a-8f8c-f0435bbfeb66 fc367df31778448aa17158a4cc8163ac 14333cf1279c42fdadeb68f5ee570e6a - - default default] 10.0.0.203 "GET /v2.0/security-groups?tenant_id=7e09ac5651a14fb8acec6cb7814e7b69&name=default HTTP/1.1" status: 200 len: 3120 time: 0.3828042
2026-05-27 20:52:29.991 10 INFO neutron.db.ovn_revision_numbers_db [None req-2b96b749-277f-4206-a91e-9c4f2faec264 fc367df31778448aa17158a4cc8163ac 14333cf1279c42fdadeb68f5ee570e6a - - default default] Successfully bumped revision number for resource b25c9a09-646e-4b90-a8d7-a3059e335d74 (type: security_groups) to 1
2026-05-27 20:52:30.013 10 INFO neutron.db.ovn_revision_numbers_db [None req-2b96b749-277f-4206-a91e-9c4f2faec264 fc367df31778448aa17158a4cc8163ac 14333cf1279c42fdadeb68f5ee570e6a - - default default] Successfully bumped revision number for resource 87fc07fe-1b58-46ee-8c9f-7e0bb9209bae (type: security_group_rules) to 0
2026-05-27 20:52:30.025 10 INFO neutron.db.ovn_revision_numbers_db [None req-2b96b749-277f-4206-a91e-9c4f2faec264 fc367df31778448aa17158a4cc8163ac 14333cf1279c42fdadeb68f5ee570e6a - - default default] Successfully bumped revision number for resource 93ab70ee-4464-4937-ba57-adfbfab020ff (type: security_group_rules) to 0
2026-05-27 20:52:30.036 10 WARNING neutron.scheduler.dhcp_agent_scheduler [None req-ff75daba-6f87-4ad5-b383-c3b062186e53 4de2e95c14e2428a9f26a6f8dd3e165b 9740f37a19ae4de7a7ca078d646215f9 - - default default] No more DHCP agents
2026-05-27 20:52:30.037 10 INFO neutron.db.ovn_revision_numbers_db [None req-2b96b749-277f-4206-a91e-9c4f2faec264 fc367df31778448aa17158a4cc8163ac 14333cf1279c42fdadeb68f5ee570e6a - - default default] Successfully bumped revision number for resource c8c81803-c0b5-432c-96c0-6a2ddbb814b7 (type: security_group_rules) to 0
2026-05-27 20:52:30.038 10 WARNING neutron.api.rpc.agentnotifiers.dhcp_rpc_agent_api [None req-ff75daba-6f87-4ad5-b383-c3b062186e53 4de2e95c14e2428a9f26a6f8dd3e165b 9740f37a19ae4de7a7ca078d646215f9 - - default default] Unable to schedule network 0f5ef4d3-fa75-4bde-b189-ccebf0b3f874: no agents available; will retry on subsequent port and subnet creation events.
2026-05-27 20:52:30.052 10 INFO neutron.db.ovn_revision_numbers_db [None req-2b96b749-277f-4206-a91e-9c4f2faec264 fc367df31778448aa17158a4cc8163ac 14333cf1279c42fdadeb68f5ee570e6a - - default default] Successfully bumped revision number for resource d4125795-6aa9-4e0a-8e05-0465e21b0070 (type: security_group_rules) to 0
2026-05-27 20:52:30.087 10 INFO neutron.api.wsgi [None req-2b96b749-277f-4206-a91e-9c4f2faec264 fc367df31778448aa17158a4cc8163ac 14333cf1279c42fdadeb68f5ee570e6a - - default default] 10.0.0.203 "GET /v2.0/security-groups?tenant_id=9f8819945f68468f84f9b363ecaa1d93&name=default HTTP/1.1" status: 200 len: 3120 time: 0.2509422
2026-05-27 20:52:30.122 9 INFO neutron.api.wsgi [None req-73fcf8c0-dd67-4eac-a0da-902a66df19d6 fc367df31778448aa17158a4cc8163ac 14333cf1279c42fdadeb68f5ee570e6a - - default default] 10.0.0.203 "DELETE /v2.0/security-groups/770aa423-e0b5-41f8-a6be-75f858926aa5 HTTP/1.1" status: 204 len: 168 time: 0.1985254
2026-05-27 20:52:30.175 10 INFO neutron.db.ovn_revision_numbers_db [None req-ff75daba-6f87-4ad5-b383-c3b062186e53 4de2e95c14e2428a9f26a6f8dd3e165b 9740f37a19ae4de7a7ca078d646215f9 - - default default] Successfully bumped revision number for resource fde43019-9a4c-45d7-8707-26fc57c413bc (type: ports) to 1
2026-05-27 20:52:30.315 10 INFO neutron.api.wsgi [None req-f73f63cf-6685-4eaa-9d7f-e46ee878e61e fc367df31778448aa17158a4cc8163ac 14333cf1279c42fdadeb68f5ee570e6a - - default default] 10.0.0.203 "DELETE /v2.0/security-groups/b25c9a09-646e-4b90-a8d7-a3059e335d74 HTTP/1.1" status: 204 len: 168 time: 0.2206385
2026-05-27 20:52:30.394 9 INFO neutron.db.ovn_revision_numbers_db [None req-5ed0d777-af68-4272-8f03-ccaa4bf8097d fc367df31778448aa17158a4cc8163ac 14333cf1279c42fdadeb68f5ee570e6a - - default default] Successfully bumped revision number for resource b6e473f2-1820-49a7-a28b-42f03a611546 (type: security_groups) to 1
2026-05-27 20:52:30.409 9 INFO neutron.db.ovn_revision_numbers_db [None req-5ed0d777-af68-4272-8f03-ccaa4bf8097d fc367df31778448aa17158a4cc8163ac 14333cf1279c42fdadeb68f5ee570e6a - - default default] Successfully bumped revision number for resource 642b6289-8100-45ca-8fba-92a7d2c6c60b (type: security_group_rules) to 0
2026-05-27 20:52:30.424 9 INFO neutron.db.ovn_revision_numbers_db [None req-5ed0d777-af68-4272-8f03-ccaa4bf8097d fc367df31778448aa17158a4cc8163ac 14333cf1279c42fdadeb68f5ee570e6a - - default default] Successfully bumped revision number for resource a950f377-1da4-44d0-8a57-bf6263dfc291 (type: security_group_rules) to 0
2026-05-27 20:52:30.436 9 INFO neutron.db.ovn_revision_numbers_db [None req-5ed0d777-af68-4272-8f03-ccaa4bf8097d fc367df31778448aa17158a4cc8163ac 14333cf1279c42fdadeb68f5ee570e6a - - default default] Successfully bumped revision number for resource ba861125-ebce-4781-93c4-5a0e87cd2703 (type: security_group_rules) to 0
2026-05-27 20:52:30.449 9 INFO neutron.db.ovn_revision_numbers_db [None req-5ed0d777-af68-4272-8f03-ccaa4bf8097d fc367df31778448aa17158a4cc8163ac 14333cf1279c42fdadeb68f5ee570e6a - - default default] Successfully bumped revision number for resource f4a1afd1-4f3f-4002-9e76-e39781875e32 (type: security_group_rules) to 0
2026-05-27 20:52:30.488 9 INFO neutron.api.wsgi [None req-5ed0d777-af68-4272-8f03-ccaa4bf8097d fc367df31778448aa17158a4cc8163ac 14333cf1279c42fdadeb68f5ee570e6a - - default default] 10.0.0.203 "GET /v2.0/security-groups?tenant_id=ac6889709b9e4e309ad634a6047abfd1&name=default HTTP/1.1" status: 200 len: 3120 time: 0.2123134
2026-05-27 20:52:30.691 9 INFO neutron.api.wsgi [None req-58eba186-26a0-42ad-9e9e-04422e251dcb fc367df31778448aa17158a4cc8163ac 14333cf1279c42fdadeb68f5ee570e6a - - default default] 10.0.0.203 "DELETE /v2.0/security-groups/b6e473f2-1820-49a7-a28b-42f03a611546 HTTP/1.1" status: 204 len: 168 time: 0.1982729
2026-05-27 20:52:30.762 10 INFO neutron.plugins.ml2.drivers.ovn.mech_driver.mech_driver [None req-5364f8d2-062e-469d-8758-8a48b5b9549e - - - - - -] OVN reports status up for port: fde43019-9a4c-45d7-8707-26fc57c413bc
2026-05-27 20:52:30.768 10 INFO neutron.plugins.ml2.plugin [None req-5364f8d2-062e-469d-8758-8a48b5b9549e - - - - - -] Attempt 1 to provision port fde43019-9a4c-45d7-8707-26fc57c413bc
2026-05-27 20:52:30.781 10 INFO neutron.db.ovn_revision_numbers_db [None req-ff75daba-6f87-4ad5-b383-c3b062186e53 4de2e95c14e2428a9f26a6f8dd3e165b 9740f37a19ae4de7a7ca078d646215f9 - - default default] Successfully bumped revision number for resource fde43019-9a4c-45d7-8707-26fc57c413bc (type: ports) to 1
2026-05-27 20:52:30.835 10 WARNING neutron.scheduler.dhcp_agent_scheduler [None req-ff75daba-6f87-4ad5-b383-c3b062186e53 4de2e95c14e2428a9f26a6f8dd3e165b 9740f37a19ae4de7a7ca078d646215f9 - - default default] No more DHCP agents
2026-05-27 20:52:30.838 10 WARNING neutron.api.rpc.agentnotifiers.dhcp_rpc_agent_api [None req-ff75daba-6f87-4ad5-b383-c3b062186e53 4de2e95c14e2428a9f26a6f8dd3e165b 9740f37a19ae4de7a7ca078d646215f9 - - default default] Unable to schedule network 0f5ef4d3-fa75-4bde-b189-ccebf0b3f874: no agents available; will retry on subsequent port and subnet creation events.
2026-05-27 20:52:30.871 10 INFO neutron.api.wsgi [None req-55e4b434-76a8-4c8e-a13b-58c1946c4cc4 fc367df31778448aa17158a4cc8163ac 14333cf1279c42fdadeb68f5ee570e6a - - default default] 10.0.0.203 "GET /v2.0/security-groups?tenant_id=5dc88bc669ca4ed985ed688897c9f7ad&name=default HTTP/1.1" status: 200 len: 3120 time: 0.0451820
2026-05-27 20:52:31.067 9 INFO neutron.api.wsgi [None req-ec92abdf-5dcb-4af0-8957-197c91529473 fc367df31778448aa17158a4cc8163ac 14333cf1279c42fdadeb68f5ee570e6a - - default default] 10.0.0.203 "DELETE /v2.0/security-groups/eaee43c1-b10d-47a2-bb15-eb0cc77db6f0 HTTP/1.1" status: 204 len: 168 time: 0.1911190
2026-05-27 20:52:31.168 10 INFO neutron.db.ovn_revision_numbers_db [None req-5364f8d2-062e-469d-8758-8a48b5b9549e - - - - - -] Successfully bumped revision number for resource fde43019-9a4c-45d7-8707-26fc57c413bc (type: ports) to 2
2026-05-27 20:52:31.257 10 INFO neutron.db.ovn_revision_numbers_db [None req-ff75daba-6f87-4ad5-b383-c3b062186e53 4de2e95c14e2428a9f26a6f8dd3e165b 9740f37a19ae4de7a7ca078d646215f9 - - default default] Successfully bumped revision number for resource fde43019-9a4c-45d7-8707-26fc57c413bc (type: router_ports) to 1
2026-05-27 20:52:31.261 10 INFO neutron.api.wsgi [None req-ff75daba-6f87-4ad5-b383-c3b062186e53 4de2e95c14e2428a9f26a6f8dd3e165b 9740f37a19ae4de7a7ca078d646215f9 - - default default] 10.0.0.203 "PUT /v2.0/routers/5ab88010-ffdf-48a4-83cf-61f626ce14ce/add_router_interface HTTP/1.1" status: 200 len: 503 time: 1.7511947
2026-05-27 20:52:31.315 9 INFO neutron.api.wsgi [None req-eef496f2-13bf-44fb-abc7-bce5792400d3 1b42d8edfe524191b14cf12ec4a2262e ffc0fff8d0e2468cbe55577620440855 - - default default] 10.0.0.203 "GET /v2.0/networks HTTP/1.1" status: 200 len: 3112 time: 0.0486553
2026-05-27 20:52:31.345 9 INFO neutron.api.wsgi [None req-be108a29-498a-4e04-93cf-5a24bfc4a629 1b42d8edfe524191b14cf12ec4a2262e ffc0fff8d0e2468cbe55577620440855 - - default default] 10.0.0.203 "GET /v2.0/subnets HTTP/1.1" status: 200 len: 2168 time: 0.0254695
2026-05-27 20:52:31.403 9 INFO neutron.api.wsgi [None req-cf6b63f6-84ae-4771-95be-c1ad7806b0e9 1b42d8edfe524191b14cf12ec4a2262e ffc0fff8d0e2468cbe55577620440855 - - default default] 10.0.0.203 "GET /v2.0/routers HTTP/1.1" status: 200 len: 1169 time: 0.0526123
2026-05-27 20:52:31.461 10 WARNING neutron_lib.context [None req-d154ad59-8901-45bb-912e-f716a0828f6b 4de2e95c14e2428a9f26a6f8dd3e165b 9740f37a19ae4de7a7ca078d646215f9 - - default default] Method 'is_advsvc' is deprecated since 2023.2 release (neutron-lib 3.8.0) and will be removed once support for the old RBAC API policies will be removed from Neutron. Please use method 'is_service_role' instead.
2026-05-27 20:52:31.555 10 INFO neutron.db.ovn_revision_numbers_db [None req-d154ad59-8901-45bb-912e-f716a0828f6b 4de2e95c14e2428a9f26a6f8dd3e165b 9740f37a19ae4de7a7ca078d646215f9 - - default default] Successfully bumped revision number for resource c721138b-a643-4848-9615-f300ef7d0f9b (type: security_groups) to 1
2026-05-27 20:52:31.567 10 INFO neutron.db.ovn_revision_numbers_db [None req-d154ad59-8901-45bb-912e-f716a0828f6b 4de2e95c14e2428a9f26a6f8dd3e165b 9740f37a19ae4de7a7ca078d646215f9 - - default default] Successfully bumped revision number for resource 559ca8ce-e044-4009-b9b0-b45b260c7d6c (type: security_group_rules) to 0
2026-05-27 20:52:31.577 10 INFO neutron.db.ovn_revision_numbers_db [None req-d154ad59-8901-45bb-912e-f716a0828f6b 4de2e95c14e2428a9f26a6f8dd3e165b 9740f37a19ae4de7a7ca078d646215f9 - - default default] Successfully bumped revision number for resource 7941c1d4-9651-4b31-a4eb-b1aa572ed8d1 (type: security_group_rules) to 0
2026-05-27 20:52:31.608 10 INFO neutron.api.wsgi [None req-d154ad59-8901-45bb-912e-f716a0828f6b 4de2e95c14e2428a9f26a6f8dd3e165b 9740f37a19ae4de7a7ca078d646215f9 - - default default] 10.0.0.203 "POST /v2.0/security-groups HTTP/1.1" status: 201 len: 1873 time: 0.1537843
2026-05-27 20:52:31.616 10 WARNING neutron_lib.context [None req-65d9ef44-036a-42a2-8666-338a8287b855 4de2e95c14e2428a9f26a6f8dd3e165b 9740f37a19ae4de7a7ca078d646215f9 - - default default] Method 'is_advsvc' is deprecated since 2023.2 release (neutron-lib 3.8.0) and will be removed once support for the old RBAC API policies will be removed from Neutron. Please use method 'is_service_role' instead.
2026-05-27 20:52:31.724 10 INFO neutron.db.ovn_revision_numbers_db [None req-65d9ef44-036a-42a2-8666-338a8287b855 4de2e95c14e2428a9f26a6f8dd3e165b 9740f37a19ae4de7a7ca078d646215f9 - - default default] Successfully bumped revision number for resource 24f57ed1-3af0-4b54-b8e4-8b711346a663 (type: security_group_rules) to 0
2026-05-27 20:52:31.745 10 INFO neutron.api.wsgi [None req-65d9ef44-036a-42a2-8666-338a8287b855 4de2e95c14e2428a9f26a6f8dd3e165b 9740f37a19ae4de7a7ca078d646215f9 - - default default] 10.0.0.203 "POST /v2.0/security-group-rules HTTP/1.1" status: 201 len: 796 time: 0.1324911
2026-05-27 20:52:31.752 10 WARNING neutron_lib.context [None req-c15af2c5-9d83-4d0e-8f27-6683d0639122 4de2e95c14e2428a9f26a6f8dd3e165b 9740f37a19ae4de7a7ca078d646215f9 - - default default] Method 'is_advsvc' is deprecated since 2023.2 release (neutron-lib 3.8.0) and will be removed once support for the old RBAC API policies will be removed from Neutron. Please use method 'is_service_role' instead.
2026-05-27 20:52:31.834 10 INFO neutron.db.ovn_revision_numbers_db [None req-c15af2c5-9d83-4d0e-8f27-6683d0639122 4de2e95c14e2428a9f26a6f8dd3e165b 9740f37a19ae4de7a7ca078d646215f9 - - default default] Successfully bumped revision number for resource c29bd3d9-3a50-4fbf-9abd-4b8879afc360 (type: security_group_rules) to 0
2026-05-27 20:52:31.861 10 INFO neutron.api.wsgi [None req-c15af2c5-9d83-4d0e-8f27-6683d0639122 4de2e95c14e2428a9f26a6f8dd3e165b 9740f37a19ae4de7a7ca078d646215f9 - - default default] 10.0.0.203 "POST /v2.0/security-group-rules HTTP/1.1" status: 201 len: 795 time: 0.1112399
2026-05-27 20:52:31.870 10 WARNING neutron_lib.context [None req-96215e17-6948-488a-a481-0f9ab145e7b8 4de2e95c14e2428a9f26a6f8dd3e165b 9740f37a19ae4de7a7ca078d646215f9 - - default default] Method 'is_advsvc' is deprecated since 2023.2 release (neutron-lib 3.8.0) and will be removed once support for the old RBAC API policies will be removed from Neutron. Please use method 'is_service_role' instead.
2026-05-27 20:52:31.977 10 INFO neutron.db.ovn_revision_numbers_db [None req-96215e17-6948-488a-a481-0f9ab145e7b8 4de2e95c14e2428a9f26a6f8dd3e165b 9740f37a19ae4de7a7ca078d646215f9 - - default default] Successfully bumped revision number for resource e7b7c184-91b4-4ddf-be87-9da19e690c2e (type: security_group_rules) to 0
2026-05-27 20:52:32.017 10 INFO neutron.api.wsgi [None req-96215e17-6948-488a-a481-0f9ab145e7b8 4de2e95c14e2428a9f26a6f8dd3e165b 9740f37a19ae4de7a7ca078d646215f9 - - default default] 10.0.0.203 "POST /v2.0/security-group-rules HTTP/1.1" status: 201 len: 801 time: 0.1507545
2026-05-27 20:52:32.025 10 WARNING neutron_lib.context [None req-aaa98e2e-60b5-4137-b344-781ab2e55c02 4de2e95c14e2428a9f26a6f8dd3e165b 9740f37a19ae4de7a7ca078d646215f9 - - default default] Method 'is_advsvc' is deprecated since 2023.2 release (neutron-lib 3.8.0) and will be removed once support for the old RBAC API policies will be removed from Neutron. Please use method 'is_service_role' instead.
2026-05-27 20:52:32.130 10 INFO neutron.db.ovn_revision_numbers_db [None req-aaa98e2e-60b5-4137-b344-781ab2e55c02 4de2e95c14e2428a9f26a6f8dd3e165b 9740f37a19ae4de7a7ca078d646215f9 - - default default] Successfully bumped revision number for resource 4f1ace3c-7150-4c5c-92c5-b5c4379302ac (type: security_group_rules) to 0
2026-05-27 20:52:32.157 10 INFO neutron.api.wsgi [None req-aaa98e2e-60b5-4137-b344-781ab2e55c02 4de2e95c14e2428a9f26a6f8dd3e165b 9740f37a19ae4de7a7ca078d646215f9 - - default default] 10.0.0.203 "POST /v2.0/security-group-rules HTTP/1.1" status: 201 len: 800 time: 0.1353171
2026-05-27 20:52:32.165 10 WARNING neutron_lib.context [None req-9d953b95-918c-4103-8285-4f7c7a8acc43 4de2e95c14e2428a9f26a6f8dd3e165b 9740f37a19ae4de7a7ca078d646215f9 - - default default] Method 'is_advsvc' is deprecated since 2023.2 release (neutron-lib 3.8.0) and will be removed once support for the old RBAC API policies will be removed from Neutron. Please use method 'is_service_role' instead.
2026-05-27 20:52:32.191 10 INFO neutron.db.securitygroups_db [None req-9d953b95-918c-4103-8285-4f7c7a8acc43 4de2e95c14e2428a9f26a6f8dd3e165b 9740f37a19ae4de7a7ca078d646215f9 - - default default] Project 9740f37a19ae4de7a7ca078d646215f9 added a security group rule with legacy IPv6 ICMP protocol name icmp, ipv6-icmp should be used instead. It was automatically converted.
2026-05-27 20:52:32.274 10 INFO neutron.db.ovn_revision_numbers_db [None req-9d953b95-918c-4103-8285-4f7c7a8acc43 4de2e95c14e2428a9f26a6f8dd3e165b 9740f37a19ae4de7a7ca078d646215f9 - - default default] Successfully bumped revision number for resource 97329249-6304-4e7b-b974-8863f8726d72 (type: security_group_rules) to 0
2026-05-27 20:52:32.299 10 INFO neutron.api.wsgi [None req-9d953b95-918c-4103-8285-4f7c7a8acc43 4de2e95c14e2428a9f26a6f8dd3e165b 9740f37a19ae4de7a7ca078d646215f9 - - default default] 10.0.0.203 "POST /v2.0/security-group-rules HTTP/1.1" status: 201 len: 806 time: 0.1377780
2026-05-27 20:52:32.308 10 WARNING neutron_lib.context [None req-76900669-1e6d-4e5f-84b9-a1a26c66f880 4de2e95c14e2428a9f26a6f8dd3e165b 9740f37a19ae4de7a7ca078d646215f9 - - default default] Method 'is_advsvc' is deprecated since 2023.2 release (neutron-lib 3.8.0) and will be removed once support for the old RBAC API policies will be removed from Neutron. Please use method 'is_service_role' instead.
2026-05-27 20:52:32.335 10 INFO neutron.db.securitygroups_db [None req-76900669-1e6d-4e5f-84b9-a1a26c66f880 4de2e95c14e2428a9f26a6f8dd3e165b 9740f37a19ae4de7a7ca078d646215f9 - - default default] Project 9740f37a19ae4de7a7ca078d646215f9 added a security group rule with legacy IPv6 ICMP protocol name icmp, ipv6-icmp should be used instead. It was automatically converted.
2026-05-27 20:52:32.419 10 INFO neutron.db.ovn_revision_numbers_db [None req-76900669-1e6d-4e5f-84b9-a1a26c66f880 4de2e95c14e2428a9f26a6f8dd3e165b 9740f37a19ae4de7a7ca078d646215f9 - - default default] Successfully bumped revision number for resource 06834df5-0d93-409a-8bb3-1aaa5e2d7857 (type: security_group_rules) to 0
2026-05-27 20:52:32.458 10 INFO neutron.api.wsgi [None req-76900669-1e6d-4e5f-84b9-a1a26c66f880 4de2e95c14e2428a9f26a6f8dd3e165b 9740f37a19ae4de7a7ca078d646215f9 - - default default] 10.0.0.203 "POST /v2.0/security-group-rules HTTP/1.1" status: 201 len: 805 time: 0.1538060
2026-05-27 20:52:33.074 10 INFO neutron.api.wsgi [None req-07e36f6f-a4aa-4663-a0a8-f1777e899a99 4de2e95c14e2428a9f26a6f8dd3e165b 9740f37a19ae4de7a7ca078d646215f9 - - default default] 10.0.0.203 "GET /v2.0/networks HTTP/1.1" status: 200 len: 1492 time: 0.2528014
2026-05-27 20:52:33.170 10 INFO neutron.api.wsgi [req-978dcc2a-87cc-4e88-b1ef-a29a11a87336 req-4d863332-3bfb-4fd9-882e-4f8efd0e679a 4de2e95c14e2428a9f26a6f8dd3e165b 9740f37a19ae4de7a7ca078d646215f9 - - default default] 10.0.0.199 "GET /v2.0/security-groups?name=tempest-secgroup-smoke-354542686&fields=id&tenant_id=9740f37a19ae4de7a7ca078d646215f9 HTTP/1.1" status: 200 len: 267 time: 0.0334671
2026-05-27 20:52:33.218 10 INFO neutron.api.wsgi [req-978dcc2a-87cc-4e88-b1ef-a29a11a87336 req-903ace00-af44-48c3-bba6-126ea3b37796 4de2e95c14e2428a9f26a6f8dd3e165b 9740f37a19ae4de7a7ca078d646215f9 - - default default] 10.0.0.199 "GET /v2.0/networks?id=0f5ef4d3-fa75-4bde-b189-ccebf0b3f874 HTTP/1.1" status: 200 len: 859 time: 0.0426741
2026-05-27 20:52:33.232 10 INFO neutron.api.wsgi [req-978dcc2a-87cc-4e88-b1ef-a29a11a87336 req-e4b792e8-2b52-4613-85cd-f6d399d7f5f1 4de2e95c14e2428a9f26a6f8dd3e165b 9740f37a19ae4de7a7ca078d646215f9 - - default default] 10.0.0.199 "GET /v2.0/quotas/9740f37a19ae4de7a7ca078d646215f9 HTTP/1.1" status: 200 len: 491 time: 0.0086296
2026-05-27 20:52:33.268 10 INFO neutron.api.wsgi [req-978dcc2a-87cc-4e88-b1ef-a29a11a87336 req-3e7c7bc1-e6a3-4fb0-9a3a-783ac810f7b5 4de2e95c14e2428a9f26a6f8dd3e165b 9740f37a19ae4de7a7ca078d646215f9 - - default default] 10.0.0.199 "GET /v2.0/ports?tenant_id=9740f37a19ae4de7a7ca078d646215f9&fields=id HTTP/1.1" status: 200 len: 302 time: 0.0321195
2026-05-27 20:52:33.321 10 INFO neutron.api.wsgi [req-978dcc2a-87cc-4e88-b1ef-a29a11a87336 req-fcf609c8-4552-47b6-83a7-6840be3574ff e3107a1923d24722834d3f15eb8abab5 648eed71e8864f19b4f80e442a30f247 - - 9475e5ee510e48719cff67af03a81c01 9475e5ee510e48719cff67af03a81c01] 10.0.0.199 "GET /v2.0/networks/0f5ef4d3-fa75-4bde-b189-ccebf0b3f874?fields=segments HTTP/1.1" status: 200 len: 212 time: 0.0425725
2026-05-27 20:52:33.379 10 INFO neutron.api.wsgi [req-978dcc2a-87cc-4e88-b1ef-a29a11a87336 req-c8689e82-fe81-4e90-b411-b9c85ee5f998 e3107a1923d24722834d3f15eb8abab5 648eed71e8864f19b4f80e442a30f247 - - 9475e5ee510e48719cff67af03a81c01 9475e5ee510e48719cff67af03a81c01] 10.0.0.199 "GET /v2.0/networks/0f5ef4d3-fa75-4bde-b189-ccebf0b3f874?fields=provider%3Aphysical_network&fields=provider%3Anetwork_type HTTP/1.1" status: 200 len: 277 time: 0.0507889
2026-05-27 20:52:33.517 9 INFO neutron.api.wsgi [req-173fabe6-9c65-4aef-9611-c9decabe6ebe req-31e74962-651c-4ecd-be2b-99c8ff96bbbb 4de2e95c14e2428a9f26a6f8dd3e165b 9740f37a19ae4de7a7ca078d646215f9 - - default default] 10.0.0.199 "GET /v2.0/ports?device_id=4d99a4cd-9044-414e-abfc-3809e2470d19 HTTP/1.1" status: 200 len: 210 time: 0.0209689
2026-05-27 20:52:33.911 9 WARNING neutron_lib.context [None req-365f78af-d17b-4f4d-82f4-b6a9c5ff84ad 1abe4dea288744f1880f59f2da67cb4d bd230a1c10404f6a9f61ae5a9c19785d - - default default] Method 'is_advsvc' is deprecated since 2023.2 release (neutron-lib 3.8.0) and will be removed once support for the old RBAC API policies will be removed from Neutron. Please use method 'is_service_role' instead.
2026-05-27 20:52:34.061 9 INFO neutron.db.ovn_revision_numbers_db [None req-365f78af-d17b-4f4d-82f4-b6a9c5ff84ad 1abe4dea288744f1880f59f2da67cb4d bd230a1c10404f6a9f61ae5a9c19785d - - default default] Successfully bumped revision number for resource d1be6d2c-1972-4198-814e-aa74eefd3967 (type: security_groups) to 1
2026-05-27 20:52:34.073 9 INFO neutron.db.ovn_revision_numbers_db [None req-365f78af-d17b-4f4d-82f4-b6a9c5ff84ad 1abe4dea288744f1880f59f2da67cb4d bd230a1c10404f6a9f61ae5a9c19785d - - default default] Successfully bumped revision number for resource 3b5c5183-db84-438d-af00-206f6b68de74 (type: security_group_rules) to 0
2026-05-27 20:52:34.086 9 INFO neutron.db.ovn_revision_numbers_db [None req-365f78af-d17b-4f4d-82f4-b6a9c5ff84ad 1abe4dea288744f1880f59f2da67cb4d bd230a1c10404f6a9f61ae5a9c19785d - - default default] Successfully bumped revision number for resource 79ae0cd0-bec7-4239-b0ab-c713da31e4ee (type: security_group_rules) to 0
2026-05-27 20:52:34.098 9 INFO neutron.db.ovn_revision_numbers_db [None req-365f78af-d17b-4f4d-82f4-b6a9c5ff84ad 1abe4dea288744f1880f59f2da67cb4d bd230a1c10404f6a9f61ae5a9c19785d - - default default] Successfully bumped revision number for resource cc04c4c9-2af3-4816-8e75-07a709c43b96 (type: security_group_rules) to 0
2026-05-27 20:52:34.111 9 INFO neutron.db.ovn_revision_numbers_db [None req-365f78af-d17b-4f4d-82f4-b6a9c5ff84ad 1abe4dea288744f1880f59f2da67cb4d bd230a1c10404f6a9f61ae5a9c19785d - - default default] Successfully bumped revision number for resource cd1bce81-4241-4259-ba78-5c4673863979 (type: security_group_rules) to 0
2026-05-27 20:52:34.174 9 INFO neutron.db.segments_db [None req-365f78af-d17b-4f4d-82f4-b6a9c5ff84ad 1abe4dea288744f1880f59f2da67cb4d bd230a1c10404f6a9f61ae5a9c19785d - - default default] Added segment cceb86eb-a73b-45d0-a88c-975b42817962 of type geneve for network 8ea4663c-6217-4f5f-9b54-a2d30b2ac815
2026-05-27 20:52:34.281 9 INFO neutron.db.ovn_revision_numbers_db [None req-365f78af-d17b-4f4d-82f4-b6a9c5ff84ad 1abe4dea288744f1880f59f2da67cb4d bd230a1c10404f6a9f61ae5a9c19785d - - default default] Successfully bumped revision number for resource 8ea4663c-6217-4f5f-9b54-a2d30b2ac815 (type: networks) to 1
2026-05-27 20:52:34.431 9 WARNING neutron.scheduler.dhcp_agent_scheduler [None req-365f78af-d17b-4f4d-82f4-b6a9c5ff84ad 1abe4dea288744f1880f59f2da67cb4d bd230a1c10404f6a9f61ae5a9c19785d - - default default] No more DHCP agents
