2026-05-27 20:55:21.993 8 INFO placement.requestlog [req-8298425b-7b11-4d97-8e02-a6e377334f62 req-9fae07a2-3cb0-4b39-a05e-3b40649c95d4 e95cc8e66d1d40fea6891110155ff735 648eed71e8864f19b4f80e442a30f247 - - 9475e5ee510e48719cff67af03a81c01 9475e5ee510e48719cff67af03a81c01] 199.19.213.176 "GET /resource_providers/57b45e97-5a26-4e39-89da-6f455d65b14e/allocations" status: 200 len: 340 microversion: 1.0 [pid: 8|app: 0|req: 553/1106] 199.19.213.176 () {32 vars in 856 bytes} [Wed May 27 20:55:21 2026] GET /resource_providers/57b45e97-5a26-4e39-89da-6f455d65b14e/allocations => generated 340 bytes in 77 msecs (HTTP/1.1 200) 6 headers in 224 bytes (1 switches on core 0)
2026-05-27 20:55:22.022 7 INFO placement.requestlog [req-8298425b-7b11-4d97-8e02-a6e377334f62 req-0fccc32f-84ae-425b-9ab4-2be05607e16d e95cc8e66d1d40fea6891110155ff735 648eed71e8864f19b4f80e442a30f247 - - 9475e5ee510e48719cff67af03a81c01 9475e5ee510e48719cff67af03a81c01] 199.19.213.176 "GET /resource_providers?in_tree=57b45e97-5a26-4e39-89da-6f455d65b14e" status: 200 len: 798 microversion: 1.14 [pid: 7|app: 0|req: 554/1107] 199.19.213.176 () {34 vars in 891 bytes} [Wed May 27 20:55:22 2026] GET /resource_providers?in_tree=57b45e97-5a26-4e39-89da-6f455d65b14e => generated 798 bytes in 20 msecs (HTTP/1.1 200) 6 headers in 225 bytes (1 switches on core 0)
2026-05-27 20:55:22.046 8 INFO placement.requestlog [req-8298425b-7b11-4d97-8e02-a6e377334f62 req-2b8fa232-ce16-4e00-b6b9-8124abc60e77 e95cc8e66d1d40fea6891110155ff735 648eed71e8864f19b4f80e442a30f247 - - 9475e5ee510e48719cff67af03a81c01 9475e5ee510e48719cff67af03a81c01] 199.19.213.176 "GET /resource_providers/57b45e97-5a26-4e39-89da-6f455d65b14e/inventories" status: 200 len: 401 microversion: 1.0 [pid: 8|app: 0|req: 554/1108] 199.19.213.176 () {32 vars in 856 bytes} [Wed May 27 20:55:22 2026] GET /resource_providers/57b45e97-5a26-4e39-89da-6f455d65b14e/inventories => generated 401 bytes in 18 msecs (HTTP/1.1 200) 6 headers in 224 bytes (1 switches on core 0)
2026-05-27 20:55:22.064 7 INFO placement.requestlog [req-8298425b-7b11-4d97-8e02-a6e377334f62 req-e9d51375-f827-4843-b3d6-4711a25c5238 e95cc8e66d1d40fea6891110155ff735 648eed71e8864f19b4f80e442a30f247 - - 9475e5ee510e48719cff67af03a81c01 9475e5ee510e48719cff67af03a81c01] 199.19.213.176 "GET /resource_providers/57b45e97-5a26-4e39-89da-6f455d65b14e/aggregates" status: 200 len: 54 microversion: 1.19 [pid: 7|app: 0|req: 555/1109] 199.19.213.176 () {34 vars in 898 bytes} [Wed May 27 20:55:22 2026] GET /resource_providers/57b45e97-5a26-4e39-89da-6f455d65b14e/aggregates => generated 54 bytes in 13 msecs (HTTP/1.1 200) 8 headers in 295 bytes (1 switches on core 0)
2026-05-27 20:55:22.093 8 INFO placement.requestlog [req-8298425b-7b11-4d97-8e02-a6e377334f62 req-64cf0794-907a-4d36-9990-cdd691cd4a8f e95cc8e66d1d40fea6891110155ff735 648eed71e8864f19b4f80e442a30f247 - - 9475e5ee510e48719cff67af03a81c01 9475e5ee510e48719cff67af03a81c01] 199.19.213.176 "GET /resource_providers/57b45e97-5a26-4e39-89da-6f455d65b14e/traits" status: 200 len: 1920 microversion: 1.6 [pid: 8|app: 0|req: 555/1110] 199.19.213.176 () {34 vars in 889 bytes} [Wed May 27 20:55:22 2026] GET /resource_providers/57b45e97-5a26-4e39-89da-6f455d65b14e/traits => generated 1920 bytes in 24 msecs (HTTP/1.1 200) 6 headers in 225 bytes (1 switches on core 0)
2026-05-27 20:55:22.116 7 INFO placement.requestlog [req-8298425b-7b11-4d97-8e02-a6e377334f62 req-e1b2e296-22ee-40d2-a9eb-2a0c5f3cbe1d e95cc8e66d1d40fea6891110155ff735 648eed71e8864f19b4f80e442a30f247 - - 9475e5ee510e48719cff67af03a81c01 9475e5ee510e48719cff67af03a81c01] 199.19.213.176 "GET /resource_providers/57b45e97-5a26-4e39-89da-6f455d65b14e/allocations" status: 200 len: 340 microversion: 1.0 [pid: 7|app: 0|req: 556/1111] 199.19.213.176 () {32 vars in 856 bytes} [Wed May 27 20:55:22 2026] GET /resource_providers/57b45e97-5a26-4e39-89da-6f455d65b14e/allocations => generated 340 bytes in 16 msecs (HTTP/1.1 200) 6 headers in 224 bytes (1 switches on core 0)
2026-05-27 20:55:22.141 8 INFO placement.requestlog [req-8298425b-7b11-4d97-8e02-a6e377334f62 req-80d3bf21-20ee-4675-8e3c-813c07794a3f e95cc8e66d1d40fea6891110155ff735 648eed71e8864f19b4f80e442a30f247 - - 9475e5ee510e48719cff67af03a81c01 9475e5ee510e48719cff67af03a81c01] 199.19.213.176 "GET /allocations/d70547b3-4881-49a6-85b4-e718781e9e3a" status: 200 len: 258 microversion: 1.28 [pid: 8|app: 0|req: 556/1112] 199.19.213.176 () {34 vars in 862 bytes} [Wed May 27 20:55:22 2026] GET /allocations/d70547b3-4881-49a6-85b4-e718781e9e3a => generated 258 bytes in 18 msecs (HTTP/1.1 200) 8 headers in 296 bytes (1 switches on core 0)
2026-05-27 20:55:22.157 7 INFO placement.requestlog [req-8298425b-7b11-4d97-8e02-a6e377334f62 req-618fdf0e-a814-4351-a691-7c4d9055c96f e95cc8e66d1d40fea6891110155ff735 648eed71e8864f19b4f80e442a30f247 - - 9475e5ee510e48719cff67af03a81c01 9475e5ee510e48719cff67af03a81c01] 199.19.213.176 "GET /allocations/65da7b22-1cbc-442b-b075-6464f9a1f413" status: 200 len: 258 microversion: 1.28 [pid: 7|app: 0|req: 557/1113] 199.19.213.176 () {34 vars in 862 bytes} [Wed May 27 20:55:22 2026] GET /allocations/65da7b22-1cbc-442b-b075-6464f9a1f413 => generated 258 bytes in 8 msecs (HTTP/1.1 200) 8 headers in 296 bytes (1 switches on core 0)
2026-05-27 20:55:22.176 8 INFO placement.requestlog [req-8298425b-7b11-4d97-8e02-a6e377334f62 req-be6dd5bb-ce2d-4e1c-b3c0-5907ac385e98 e95cc8e66d1d40fea6891110155ff735 648eed71e8864f19b4f80e442a30f247 - - 9475e5ee510e48719cff67af03a81c01 9475e5ee510e48719cff67af03a81c01] 199.19.213.176 "GET /allocations/bcd38321-4544-4955-b477-701ca7578ff3" status: 200 len: 245 microversion: 1.28 [pid: 8|app: 0|req: 557/1114] 199.19.213.176 () {34 vars in 862 bytes} [Wed May 27 20:55:22 2026] GET /allocations/bcd38321-4544-4955-b477-701ca7578ff3 => generated 245 bytes in 13 msecs (HTTP/1.1 200) 8 headers in 296 bytes (1 switches on core 0)
2026-05-27 20:55:25.216 7 INFO placement.requestlog [None req-f250ac0b-49c5-48db-8afc-17260a759455 e3107a1923d24722834d3f15eb8abab5 648eed71e8864f19b4f80e442a30f247 - - 9475e5ee510e48719cff67af03a81c01 9475e5ee510e48719cff67af03a81c01] 10.0.0.180 "GET /resource_providers/5d7af2a7-dea5-4c4d-b5e6-b5d5cfea338a/aggregates" status: 404 len: 235 microversion: 1.1
2026-05-27 20:55:25.216 8 INFO placement.requestlog [None req-e25a6ec7-54e8-40d7-a2a6-5398f3608eec e3107a1923d24722834d3f15eb8abab5 648eed71e8864f19b4f80e442a30f247 - - 9475e5ee510e48719cff67af03a81c01 9475e5ee510e48719cff67af03a81c01] 10.0.0.180 "GET /resource_providers/5d7af2a7-dea5-4c4d-b5e6-b5d5cfea338a/aggregates" status: 404 len: 235 microversion: 1.1 [pid: 8|app: 0|req: 558/1115] 10.0.0.180 () {32 vars in 824 bytes} [Wed May 27 20:55:25 2026] GET /resource_providers/5d7af2a7-dea5-4c4d-b5e6-b5d5cfea338a/aggregates => generated 235 bytes in 9 msecs (HTTP/1.1 404) 5 headers in 202 bytes (1 switches on core 0) [pid: 7|app: 0|req: 558/1116] 10.0.0.180 () {32 vars in 824 bytes} [Wed May 27 20:55:25 2026] GET /resource_providers/5d7af2a7-dea5-4c4d-b5e6-b5d5cfea338a/aggregates => generated 235 bytes in 9 msecs (HTTP/1.1 404) 5 headers in 202 bytes (1 switches on core 0)
2026-05-27 20:55:25.228 8 INFO placement.requestlog [None req-ca7d7924-12ee-4e8d-adf1-e19ecd5fa959 e3107a1923d24722834d3f15eb8abab5 648eed71e8864f19b4f80e442a30f247 - - 9475e5ee510e48719cff67af03a81c01 9475e5ee510e48719cff67af03a81c01] 10.0.0.180 "DELETE /resource_providers/5d7af2a7-dea5-4c4d-b5e6-b5d5cfea338a" status: 404 len: 246 microversion: 1.1 [pid: 8|app: 0|req: 559/1117] 10.0.0.180 () {34 vars in 824 bytes} [Wed May 27 20:55:25 2026] DELETE /resource_providers/5d7af2a7-dea5-4c4d-b5e6-b5d5cfea338a => generated 246 bytes in 9 msecs (HTTP/1.1 404) 6 headers in 231 bytes (1 switches on core 0)
2026-05-27 20:55:25.229 7 INFO placement.requestlog [None req-e94e40ec-7ac8-4d84-82ce-5fc065263a2c e3107a1923d24722834d3f15eb8abab5 648eed71e8864f19b4f80e442a30f247 - - 9475e5ee510e48719cff67af03a81c01 9475e5ee510e48719cff67af03a81c01] 10.0.0.180 "DELETE /resource_providers/5d7af2a7-dea5-4c4d-b5e6-b5d5cfea338a" status: 404 len: 246 microversion: 1.1 [pid: 7|app: 0|req: 559/1118] 10.0.0.180 () {34 vars in 824 bytes} [Wed May 27 20:55:25 2026] DELETE /resource_providers/5d7af2a7-dea5-4c4d-b5e6-b5d5cfea338a => generated 246 bytes in 7 msecs (HTTP/1.1 404) 6 headers in 231 bytes (1 switches on core 0)
2026-05-27 20:55:26.072 8 INFO placement.requestlog [None req-0d4fa457-9300-4a65-9439-8004468fd1ce - - - - - -] 10.0.0.96 "GET /" status: 200 len: 136 microversion: 1.0
2026-05-27 20:55:26.072 7 INFO placement.requestlog [None req-46a02c78-4a5d-49a3-8849-d1c55afa3445 - - - - - -] 10.0.0.96 "GET /" status: 200 len: 136 microversion: 1.0
2026-05-27 20:55:27.247 8 INFO placement.requestlog [None req-c9a8dcdd-7bce-48ba-902b-9052008932cb e3107a1923d24722834d3f15eb8abab5 648eed71e8864f19b4f80e442a30f247 - - 9475e5ee510e48719cff67af03a81c01 9475e5ee510e48719cff67af03a81c01] 10.0.0.180 "GET /resource_providers/13e5c40a-4c96-4bd3-936a-e2adaab5accc/aggregates" status: 404 len: 235 microversion: 1.1 [pid: 8|app: 0|req: 561/1121] 10.0.0.180 () {32 vars in 824 bytes} [Wed May 27 20:55:27 2026] GET /resource_providers/13e5c40a-4c96-4bd3-936a-e2adaab5accc/aggregates => generated 235 bytes in 13 msecs (HTTP/1.1 404) 5 headers in 202 bytes (1 switches on core 0)
2026-05-27 20:55:27.250 7 INFO placement.requestlog [None req-16be49ee-7fdb-4565-9afc-64e76a4892bc e3107a1923d24722834d3f15eb8abab5 648eed71e8864f19b4f80e442a30f247 - - 9475e5ee510e48719cff67af03a81c01 9475e5ee510e48719cff67af03a81c01] 10.0.0.180 "GET /resource_providers/13e5c40a-4c96-4bd3-936a-e2adaab5accc/aggregates" status: 404 len: 235 microversion: 1.1 [pid: 7|app: 0|req: 561/1122] 10.0.0.180 () {32 vars in 824 bytes} [Wed May 27 20:55:27 2026] GET /resource_providers/13e5c40a-4c96-4bd3-936a-e2adaab5accc/aggregates => generated 235 bytes in 11 msecs (HTTP/1.1 404) 5 headers in 202 bytes (1 switches on core 0)
2026-05-27 20:55:27.268 7 INFO placement.requestlog [None req-7f317471-db99-4588-9bc1-764a19b44692 e3107a1923d24722834d3f15eb8abab5 648eed71e8864f19b4f80e442a30f247 - - 9475e5ee510e48719cff67af03a81c01 9475e5ee510e48719cff67af03a81c01] 10.0.0.180 "DELETE /resource_providers/13e5c40a-4c96-4bd3-936a-e2adaab5accc" status: 404 len: 246 microversion: 1.1 [pid: 7|app: 0|req: 562/1123] 10.0.0.180 () {34 vars in 824 bytes} [Wed May 27 20:55:27 2026] DELETE /resource_providers/13e5c40a-4c96-4bd3-936a-e2adaab5accc => generated 246 bytes in 10 msecs (HTTP/1.1 404) 6 headers in 231 bytes (1 switches on core 0)
2026-05-27 20:55:27.269 8 INFO placement.requestlog [None req-8762e569-dcfa-4fa6-b2cc-3fd82d9d809d e3107a1923d24722834d3f15eb8abab5 648eed71e8864f19b4f80e442a30f247 - - 9475e5ee510e48719cff67af03a81c01 9475e5ee510e48719cff67af03a81c01] 10.0.0.180 "DELETE /resource_providers/13e5c40a-4c96-4bd3-936a-e2adaab5accc" status: 404 len: 246 microversion: 1.1 [pid: 8|app: 0|req: 562/1124] 10.0.0.180 () {34 vars in 824 bytes} [Wed May 27 20:55:27 2026] DELETE /resource_providers/13e5c40a-4c96-4bd3-936a-e2adaab5accc => generated 246 bytes in 14 msecs (HTTP/1.1 404) 6 headers in 231 bytes (1 switches on core 0)
2026-05-27 20:55:27.286 7 INFO placement.requestlog [None req-5ccb4cc3-8644-45e8-a867-bdde4ca53df7 e3107a1923d24722834d3f15eb8abab5 648eed71e8864f19b4f80e442a30f247 - - 9475e5ee510e48719cff67af03a81c01 9475e5ee510e48719cff67af03a81c01] 10.0.0.180 "GET /resource_providers/9b79ea5f-4ee2-4910-9fcd-52eefb02afa2/aggregates" status: 404 len: 235 microversion: 1.1 [pid: 7|app: 0|req: 563/1125] 10.0.0.180 () {32 vars in 824 bytes} [Wed May 27 20:55:27 2026] GET /resource_providers/9b79ea5f-4ee2-4910-9fcd-52eefb02afa2/aggregates => generated 235 bytes in 8 msecs (HTTP/1.1 404) 5 headers in 202 bytes (1 switches on core 0)
2026-05-27 20:55:27.290 8 INFO placement.requestlog [None req-fa067d9b-4c7c-48c0-b86a-45f8b82751ce e3107a1923d24722834d3f15eb8abab5 648eed71e8864f19b4f80e442a30f247 - - 9475e5ee510e48719cff67af03a81c01 9475e5ee510e48719cff67af03a81c01] 10.0.0.180 "GET /resource_providers/9b79ea5f-4ee2-4910-9fcd-52eefb02afa2/aggregates" status: 404 len: 235 microversion: 1.1 [pid: 8|app: 0|req: 563/1126] 10.0.0.180 () {32 vars in 824 bytes} [Wed May 27 20:55:27 2026] GET /resource_providers/9b79ea5f-4ee2-4910-9fcd-52eefb02afa2/aggregates => generated 235 bytes in 10 msecs (HTTP/1.1 404) 5 headers in 202 bytes (1 switches on core 0)
2026-05-27 20:55:27.305 8 INFO placement.requestlog [None req-39d461f1-d8d2-4cb4-b495-aa24e32b2297 e3107a1923d24722834d3f15eb8abab5 648eed71e8864f19b4f80e442a30f247 - - 9475e5ee510e48719cff67af03a81c01 9475e5ee510e48719cff67af03a81c01] 10.0.0.180 "DELETE /resource_providers/9b79ea5f-4ee2-4910-9fcd-52eefb02afa2" status: 404 len: 246 microversion: 1.1 [pid: 8|app: 0|req: 564/1127] 10.0.0.180 () {34 vars in 824 bytes} [Wed May 27 20:55:27 2026] DELETE /resource_providers/9b79ea5f-4ee2-4910-9fcd-52eefb02afa2 => generated 246 bytes in 10 msecs (HTTP/1.1 404) 6 headers in 231 bytes (1 switches on core 0)
2026-05-27 20:55:27.308 7 INFO placement.requestlog [None req-140763eb-bd5f-43b4-9702-c7d11bc1aef6 e3107a1923d24722834d3f15eb8abab5 648eed71e8864f19b4f80e442a30f247 - - 9475e5ee510e48719cff67af03a81c01 9475e5ee510e48719cff67af03a81c01] 10.0.0.180 "DELETE /resource_providers/9b79ea5f-4ee2-4910-9fcd-52eefb02afa2" status: 404 len: 246 microversion: 1.1 [pid: 7|app: 0|req: 564/1128] 10.0.0.180 () {34 vars in 824 bytes} [Wed May 27 20:55:27 2026] DELETE /resource_providers/9b79ea5f-4ee2-4910-9fcd-52eefb02afa2 => generated 246 bytes in 14 msecs (HTTP/1.1 404) 6 headers in 231 bytes (1 switches on core 0)
2026-05-27 20:55:36.071 8 INFO placement.requestlog [None req-c2e820be-965d-4fe6-8215-4050aa13868c - - - - - -] 10.0.0.96 "GET /" status: 200 len: 136 microversion: 1.0
2026-05-27 20:55:36.071 7 INFO placement.requestlog [None req-faffac17-6270-4032-afe6-afa8657b44c4 - - - - - -] 10.0.0.96 "GET /" status: 200 len: 136 microversion: 1.0
2026-05-27 20:55:46.072 8 INFO placement.requestlog [None req-b0a52321-c614-413f-bb22-986f82b256a7 - - - - - -] 10.0.0.96 "GET /" status: 200 len: 136 microversion: 1.0
2026-05-27 20:55:46.072 7 INFO placement.requestlog [None req-88024431-7301-449e-97d4-2ef6dc25c323 - - - - - -] 10.0.0.96 "GET /" status: 200 len: 136 microversion: 1.0
2026-05-27 20:55:56.071 8 INFO placement.requestlog [None req-ea1af2c4-bb8d-4583-8f9c-718f83c14d96 - - - - - -] 10.0.0.96 "GET /" status: 200 len: 136 microversion: 1.0
2026-05-27 20:55:56.072 7 INFO placement.requestlog [None req-bbc4c872-34fd-4196-bd41-b8daf72d8281 - - - - - -] 10.0.0.96 "GET /" status: 200 len: 136 microversion: 1.0
2026-05-27 20:56:06.072 7 INFO placement.requestlog [None req-18a3e355-eabd-4f4a-a553-f4082b34ce34 - - - - - -] 10.0.0.96 "GET /" status: 200 len: 136 microversion: 1.0
2026-05-27 20:56:06.073 8 INFO placement.requestlog [None req-4b795dc8-08c9-4536-bd00-526e4bdd9b28 - - - - - -] 10.0.0.96 "GET /" status: 200 len: 136 microversion: 1.0
2026-05-27 20:56:16.072 8 INFO placement.requestlog [None req-2f52afeb-83c6-4819-b294-7b73f99a6197 - - - - - -] 10.0.0.96 "GET /" status: 200 len: 136 microversion: 1.0
2026-05-27 20:56:16.072 7 INFO placement.requestlog [None req-fb2b8df1-9c74-440d-b1c2-f07644e7a5e8 - - - - - -] 10.0.0.96 "GET /" status: 200 len: 136 microversion: 1.0
2026-05-27 20:56:24.276 8 INFO placement.requestlog [req-3ad03d0e-8c76-45e5-a515-77679ded3030 req-60ee4675-5586-44f6-a702-3a54bbd47510 e95cc8e66d1d40fea6891110155ff735 648eed71e8864f19b4f80e442a30f247 - - 9475e5ee510e48719cff67af03a81c01 9475e5ee510e48719cff67af03a81c01] 199.19.213.176 "GET /resource_providers/57b45e97-5a26-4e39-89da-6f455d65b14e/allocations" status: 200 len: 340 microversion: 1.0 [pid: 8|app: 0|req: 570/1139] 199.19.213.176 () {32 vars in 856 bytes} [Wed May 27 20:56:24 2026] GET /resource_providers/57b45e97-5a26-4e39-89da-6f455d65b14e/allocations => generated 340 bytes in 21 msecs (HTTP/1.1 200) 6 headers in 224 bytes (1 switches on core 0)
2026-05-27 20:56:24.298 7 INFO placement.requestlog [req-3ad03d0e-8c76-45e5-a515-77679ded3030 req-97b5a4b2-7ed0-4394-af0c-8101722952a2 e95cc8e66d1d40fea6891110155ff735 648eed71e8864f19b4f80e442a30f247 - - 9475e5ee510e48719cff67af03a81c01 9475e5ee510e48719cff67af03a81c01] 199.19.213.176 "GET /resource_providers/57b45e97-5a26-4e39-89da-6f455d65b14e/allocations" status: 200 len: 340 microversion: 1.0 [pid: 7|app: 0|req: 570/1140] 199.19.213.176 () {32 vars in 856 bytes} [Wed May 27 20:56:24 2026] GET /resource_providers/57b45e97-5a26-4e39-89da-6f455d65b14e/allocations => generated 340 bytes in 16 msecs (HTTP/1.1 200) 6 headers in 224 bytes (1 switches on core 0)
2026-05-27 20:56:24.319 8 INFO placement.requestlog [req-3ad03d0e-8c76-45e5-a515-77679ded3030 req-c75760b4-67cd-484f-b0d0-7c1959bdbefc e95cc8e66d1d40fea6891110155ff735 648eed71e8864f19b4f80e442a30f247 - - 9475e5ee510e48719cff67af03a81c01 9475e5ee510e48719cff67af03a81c01] 199.19.213.176 "GET /allocations/d70547b3-4881-49a6-85b4-e718781e9e3a" status: 200 len: 258 microversion: 1.28 [pid: 8|app: 0|req: 571/1141] 199.19.213.176 () {34 vars in 862 bytes} [Wed May 27 20:56:24 2026] GET /allocations/d70547b3-4881-49a6-85b4-e718781e9e3a => generated 258 bytes in 15 msecs (HTTP/1.1 200) 8 headers in 296 bytes (1 switches on core 0)
2026-05-27 20:56:24.340 7 INFO placement.requestlog [req-3ad03d0e-8c76-45e5-a515-77679ded3030 req-a3ee88f6-46b7-4cf4-acda-b32b6a22ce85 e95cc8e66d1d40fea6891110155ff735 648eed71e8864f19b4f80e442a30f247 - - 9475e5ee510e48719cff67af03a81c01 9475e5ee510e48719cff67af03a81c01] 199.19.213.176 "GET /allocations/65da7b22-1cbc-442b-b075-6464f9a1f413" status: 200 len: 258 microversion: 1.28 [pid: 7|app: 0|req: 571/1142] 199.19.213.176 () {34 vars in 862 bytes} [Wed May 27 20:56:24 2026] GET /allocations/65da7b22-1cbc-442b-b075-6464f9a1f413 => generated 258 bytes in 14 msecs (HTTP/1.1 200) 8 headers in 296 bytes (1 switches on core 0)
2026-05-27 20:56:24.362 8 INFO placement.requestlog [req-3ad03d0e-8c76-45e5-a515-77679ded3030 req-a7169f77-7057-4268-8a0e-49282d45e74d e95cc8e66d1d40fea6891110155ff735 648eed71e8864f19b4f80e442a30f247 - - 9475e5ee510e48719cff67af03a81c01 9475e5ee510e48719cff67af03a81c01] 199.19.213.176 "GET /allocations/bcd38321-4544-4955-b477-701ca7578ff3" status: 200 len: 245 microversion: 1.28 [pid: 8|app: 0|req: 572/1143] 199.19.213.176 () {34 vars in 862 bytes} [Wed May 27 20:56:24 2026] GET /allocations/bcd38321-4544-4955-b477-701ca7578ff3 => generated 245 bytes in 16 msecs (HTTP/1.1 200) 8 headers in 296 bytes (1 switches on core 0)
2026-05-27 20:56:26.072 8 INFO placement.requestlog [None req-c11f2388-3b0d-49e2-ac91-aff6a90090fe - - - - - -] 10.0.0.96 "GET /" status: 200 len: 136 microversion: 1.0
2026-05-27 20:56:26.072 7 INFO placement.requestlog [None req-6b177999-5f38-4a83-8b4d-b94cea73ce78 - - - - - -] 10.0.0.96 "GET /" status: 200 len: 136 microversion: 1.0
2026-05-27 20:56:36.072 7 INFO placement.requestlog [None req-20f1310f-e7c2-4e30-9dbe-adc2987b142b - - - - - -] 10.0.0.96 "GET /" status: 200 len: 136 microversion: 1.0
2026-05-27 20:56:36.072 8 INFO placement.requestlog [None req-2d543b25-50c3-440d-bcfb-185813126504 - - - - - -] 10.0.0.96 "GET /" status: 200 len: 136 microversion: 1.0
2026-05-27 20:56:42.300 7 INFO placement.requestlog [req-da2e3c49-02f5-4fc6-8d68-c434572bba25 req-3326f109-5216-4637-80d3-06f5c0a5bd8b e95cc8e66d1d40fea6891110155ff735 648eed71e8864f19b4f80e442a30f247 - - 9475e5ee510e48719cff67af03a81c01 9475e5ee510e48719cff67af03a81c01] 199.19.213.176 "GET /resource_providers/57b45e97-5a26-4e39-89da-6f455d65b14e/allocations" status: 200 len: 340 microversion: 1.0 [pid: 7|app: 0|req: 574/1148] 199.19.213.176 () {32 vars in 856 bytes} [Wed May 27 20:56:42 2026] GET /resource_providers/57b45e97-5a26-4e39-89da-6f455d65b14e/allocations => generated 340 bytes in 17 msecs (HTTP/1.1 200) 6 headers in 224 bytes (1 switches on core 0)
2026-05-27 20:56:42.323 8 INFO placement.requestlog [req-da2e3c49-02f5-4fc6-8d68-c434572bba25 req-980e9ce3-cf5d-49ab-b5e3-75dd82404fb3 e95cc8e66d1d40fea6891110155ff735 648eed71e8864f19b4f80e442a30f247 - - 9475e5ee510e48719cff67af03a81c01 9475e5ee510e48719cff67af03a81c01] 199.19.213.176 "GET /allocations/d70547b3-4881-49a6-85b4-e718781e9e3a" status: 200 len: 258 microversion: 1.28 [pid: 8|app: 0|req: 575/1149] 199.19.213.176 () {34 vars in 862 bytes} [Wed May 27 20:56:42 2026] GET /allocations/d70547b3-4881-49a6-85b4-e718781e9e3a => generated 258 bytes in 15 msecs (HTTP/1.1 200) 8 headers in 296 bytes (1 switches on core 0)
2026-05-27 20:56:42.345 7 INFO placement.requestlog [req-da2e3c49-02f5-4fc6-8d68-c434572bba25 req-d459e8a1-f607-4674-85c8-f4064372d897 e95cc8e66d1d40fea6891110155ff735 648eed71e8864f19b4f80e442a30f247 - - 9475e5ee510e48719cff67af03a81c01 9475e5ee510e48719cff67af03a81c01] 199.19.213.176 "GET /allocations/65da7b22-1cbc-442b-b075-6464f9a1f413" status: 200 len: 258 microversion: 1.28 [pid: 7|app: 0|req: 575/1150] 199.19.213.176 () {34 vars in 862 bytes} [Wed May 27 20:56:42 2026] GET /allocations/65da7b22-1cbc-442b-b075-6464f9a1f413 => generated 258 bytes in 17 msecs (HTTP/1.1 200) 8 headers in 296 bytes (1 switches on core 0)
2026-05-27 20:56:42.364 8 INFO placement.requestlog [req-da2e3c49-02f5-4fc6-8d68-c434572bba25 req-16ee94d5-60fa-4c2d-bcfc-47198df42ea5 e95cc8e66d1d40fea6891110155ff735 648eed71e8864f19b4f80e442a30f247 - - 9475e5ee510e48719cff67af03a81c01 9475e5ee510e48719cff67af03a81c01] 199.19.213.176 "GET /allocations/bcd38321-4544-4955-b477-701ca7578ff3" status: 200 len: 245 microversion: 1.28 [pid: 8|app: 0|req: 576/1151] 199.19.213.176 () {34 vars in 862 bytes} [Wed May 27 20:56:42 2026] GET /allocations/bcd38321-4544-4955-b477-701ca7578ff3 => generated 245 bytes in 12 msecs (HTTP/1.1 200) 8 headers in 296 bytes (1 switches on core 0)
2026-05-27 20:56:43.408 7 INFO placement.requestlog [req-da2e3c49-02f5-4fc6-8d68-c434572bba25 req-77c262bf-6ace-461b-b372-4a61f3fc698e e95cc8e66d1d40fea6891110155ff735 648eed71e8864f19b4f80e442a30f247 - - 9475e5ee510e48719cff67af03a81c01 9475e5ee510e48719cff67af03a81c01] 199.19.213.176 "DELETE /allocations/bcd38321-4544-4955-b477-701ca7578ff3" status: 204 len: 0 microversion: 1.0 [pid: 7|app: 0|req: 576/1152] 199.19.213.176 () {34 vars in 840 bytes} [Wed May 27 20:56:43 2026] DELETE /allocations/bcd38321-4544-4955-b477-701ca7578ff3 => generated 0 bytes in 23 msecs (HTTP/1.1 204) 5 headers in 198 bytes (1 switches on core 0)
2026-05-27 20:56:43.985 8 INFO placement.requestlog [req-92f8ba6b-e3d4-4c85-97bc-b320a1cac82c req-63c8b608-dbbd-4c37-9152-24df675a0682 e95cc8e66d1d40fea6891110155ff735 648eed71e8864f19b4f80e442a30f247 - - 9475e5ee510e48719cff67af03a81c01 9475e5ee510e48719cff67af03a81c01] 199.19.213.176 "GET /resource_providers/57b45e97-5a26-4e39-89da-6f455d65b14e/allocations" status: 200 len: 253 microversion: 1.0 [pid: 8|app: 0|req: 577/1153] 199.19.213.176 () {32 vars in 856 bytes} [Wed May 27 20:56:43 2026] GET /resource_providers/57b45e97-5a26-4e39-89da-6f455d65b14e/allocations => generated 253 bytes in 16 msecs (HTTP/1.1 200) 6 headers in 224 bytes (1 switches on core 0)
2026-05-27 20:56:44.003 7 INFO placement.requestlog [req-92f8ba6b-e3d4-4c85-97bc-b320a1cac82c req-aec24a06-878e-4f86-b42e-18c4a470db77 e95cc8e66d1d40fea6891110155ff735 648eed71e8864f19b4f80e442a30f247 - - 9475e5ee510e48719cff67af03a81c01 9475e5ee510e48719cff67af03a81c01] 199.19.213.176 "GET /allocations/d70547b3-4881-49a6-85b4-e718781e9e3a" status: 200 len: 258 microversion: 1.28 [pid: 7|app: 0|req: 577/1154] 199.19.213.176 () {34 vars in 862 bytes} [Wed May 27 20:56:43 2026] GET /allocations/d70547b3-4881-49a6-85b4-e718781e9e3a => generated 258 bytes in 12 msecs (HTTP/1.1 200) 8 headers in 296 bytes (1 switches on core 0)
2026-05-27 20:56:44.021 8 INFO placement.requestlog [req-92f8ba6b-e3d4-4c85-97bc-b320a1cac82c req-0abf9441-ab5b-49e8-854b-6f0f0c635298 e95cc8e66d1d40fea6891110155ff735 648eed71e8864f19b4f80e442a30f247 - - 9475e5ee510e48719cff67af03a81c01 9475e5ee510e48719cff67af03a81c01] 199.19.213.176 "GET /allocations/65da7b22-1cbc-442b-b075-6464f9a1f413" status: 200 len: 258 microversion: 1.28 [pid: 8|app: 0|req: 578/1155] 199.19.213.176 () {34 vars in 862 bytes} [Wed May 27 20:56:44 2026] GET /allocations/65da7b22-1cbc-442b-b075-6464f9a1f413 => generated 258 bytes in 12 msecs (HTTP/1.1 200) 8 headers in 296 bytes (1 switches on core 0)
2026-05-27 20:56:45.068 7 INFO placement.requestlog [req-92f8ba6b-e3d4-4c85-97bc-b320a1cac82c req-15623bb7-0dc2-406f-b09a-ab6ae3bc7c3a e95cc8e66d1d40fea6891110155ff735 648eed71e8864f19b4f80e442a30f247 - - 9475e5ee510e48719cff67af03a81c01 9475e5ee510e48719cff67af03a81c01] 199.19.213.176 "DELETE /allocations/d70547b3-4881-49a6-85b4-e718781e9e3a" status: 204 len: 0 microversion: 1.0 [pid: 7|app: 0|req: 578/1156] 199.19.213.176 () {34 vars in 840 bytes} [Wed May 27 20:56:45 2026] DELETE /allocations/d70547b3-4881-49a6-85b4-e718781e9e3a => generated 0 bytes in 21 msecs (HTTP/1.1 204) 5 headers in 198 bytes (1 switches on core 0)
2026-05-27 20:56:46.072 7 INFO placement.requestlog [None req-799c87a9-9877-432e-9d94-ef2e30c3d443 - - - - - -] 10.0.0.96 "GET /" status: 200 len: 136 microversion: 1.0
2026-05-27 20:56:46.072 8 INFO placement.requestlog [None req-51b76e3c-ec1c-418b-9d82-17a26f5d18a2 - - - - - -] 10.0.0.96 "GET /" status: 200 len: 136 microversion: 1.0
2026-05-27 20:56:54.943 7 INFO placement.requestlog [req-30872a52-ce7f-41fd-9267-3a4f05d4acdd req-db8399dc-6043-4050-b6e6-079a3f4349a0 e95cc8e66d1d40fea6891110155ff735 648eed71e8864f19b4f80e442a30f247 - - 9475e5ee510e48719cff67af03a81c01 9475e5ee510e48719cff67af03a81c01] 199.19.213.176 "GET /resource_providers/57b45e97-5a26-4e39-89da-6f455d65b14e/allocations" status: 200 len: 153 microversion: 1.0 [pid: 7|app: 0|req: 580/1159] 199.19.213.176 () {32 vars in 856 bytes} [Wed May 27 20:56:54 2026] GET /resource_providers/57b45e97-5a26-4e39-89da-6f455d65b14e/allocations => generated 153 bytes in 15 msecs (HTTP/1.1 200) 6 headers in 224 bytes (1 switches on core 0)
2026-05-27 20:56:54.967 8 INFO placement.requestlog [req-30872a52-ce7f-41fd-9267-3a4f05d4acdd req-3c5ce1c5-e455-4fc3-9491-672377556d63 e95cc8e66d1d40fea6891110155ff735 648eed71e8864f19b4f80e442a30f247 - - 9475e5ee510e48719cff67af03a81c01 9475e5ee510e48719cff67af03a81c01] 199.19.213.176 "GET /allocations/65da7b22-1cbc-442b-b075-6464f9a1f413" status: 200 len: 258 microversion: 1.28 [pid: 8|app: 0|req: 580/1160] 199.19.213.176 () {34 vars in 862 bytes} [Wed May 27 20:56:54 2026] GET /allocations/65da7b22-1cbc-442b-b075-6464f9a1f413 => generated 258 bytes in 19 msecs (HTTP/1.1 200) 8 headers in 296 bytes (1 switches on core 0)
2026-05-27 20:56:56.017 7 INFO placement.requestlog [req-30872a52-ce7f-41fd-9267-3a4f05d4acdd req-476a3a79-6ad2-4439-8032-0ef51bbb1fdb e95cc8e66d1d40fea6891110155ff735 648eed71e8864f19b4f80e442a30f247 - - 9475e5ee510e48719cff67af03a81c01 9475e5ee510e48719cff67af03a81c01] 199.19.213.176 "DELETE /allocations/65da7b22-1cbc-442b-b075-6464f9a1f413" status: 204 len: 0 microversion: 1.0 [pid: 7|app: 0|req: 581/1161] 199.19.213.176 () {34 vars in 840 bytes} [Wed May 27 20:56:55 2026] DELETE /allocations/65da7b22-1cbc-442b-b075-6464f9a1f413 => generated 0 bytes in 24 msecs (HTTP/1.1 204) 5 headers in 198 bytes (1 switches on core 0)
2026-05-27 20:56:56.076 7 INFO placement.requestlog [None req-1de4f078-4eb3-419b-bcab-ab6d902e6e92 - - - - - -] 10.0.0.96 "GET /" status: 200 len: 136 microversion: 1.0
2026-05-27 20:56:56.076 8 INFO placement.requestlog [None req-59ad2332-4377-4bc2-8ddc-ae8352e12668 - - - - - -] 10.0.0.96 "GET /" status: 200 len: 136 microversion: 1.0
2026-05-27 20:57:06.071 8 INFO placement.requestlog [None req-92033e73-b815-44ba-a6a9-3c75bebbf250 - - - - - -] 10.0.0.96 "GET /" status: 200 len: 136 microversion: 1.0
2026-05-27 20:57:06.072 7 INFO placement.requestlog [None req-8329681b-ecc5-43ad-9c95-3976cd7f7e9e - - - - - -] 10.0.0.96 "GET /" status: 200 len: 136 microversion: 1.0
2026-05-27 20:57:07.235 8 INFO placement.requestlog [None req-3d624f9a-54a9-4cc6-ab12-5266ca0b6f38 e3107a1923d24722834d3f15eb8abab5 648eed71e8864f19b4f80e442a30f247 - - 9475e5ee510e48719cff67af03a81c01 9475e5ee510e48719cff67af03a81c01] 10.0.0.180 "GET /resource_providers/33e20897-73bb-4be9-b853-9236a88c8c40/aggregates" status: 404 len: 235 microversion: 1.1 [pid: 8|app: 0|req: 583/1166] 10.0.0.180 () {32 vars in 824 bytes} [Wed May 27 20:57:07 2026] GET /resource_providers/33e20897-73bb-4be9-b853-9236a88c8c40/aggregates => generated 235 bytes in 13 msecs (HTTP/1.1 404) 5 headers in 202 bytes (1 switches on core 0)
2026-05-27 20:57:07.242 7 INFO placement.requestlog [None req-63b4dc57-838c-413f-8960-f8230a759d6e e3107a1923d24722834d3f15eb8abab5 648eed71e8864f19b4f80e442a30f247 - - 9475e5ee510e48719cff67af03a81c01 9475e5ee510e48719cff67af03a81c01] 10.0.0.180 "GET /resource_providers/33e20897-73bb-4be9-b853-9236a88c8c40/aggregates" status: 404 len: 235 microversion: 1.1 [pid: 7|app: 0|req: 584/1167] 10.0.0.180 () {32 vars in 824 bytes} [Wed May 27 20:57:07 2026] GET /resource_providers/33e20897-73bb-4be9-b853-9236a88c8c40/aggregates => generated 235 bytes in 19 msecs (HTTP/1.1 404) 5 headers in 202 bytes (1 switches on core 0)
2026-05-27 20:57:07.248 8 INFO placement.requestlog [None req-dcda61e5-e48c-4cd4-8d53-34d047db5026 e3107a1923d24722834d3f15eb8abab5 648eed71e8864f19b4f80e442a30f247 - - 9475e5ee510e48719cff67af03a81c01 9475e5ee510e48719cff67af03a81c01] 10.0.0.180 "DELETE /resource_providers/33e20897-73bb-4be9-b853-9236a88c8c40" status: 404 len: 246 microversion: 1.1 [pid: 8|app: 0|req: 584/1168] 10.0.0.180 () {34 vars in 824 bytes} [Wed May 27 20:57:07 2026] DELETE /resource_providers/33e20897-73bb-4be9-b853-9236a88c8c40 => generated 246 bytes in 7 msecs (HTTP/1.1 404) 6 headers in 231 bytes (1 switches on core 0)
2026-05-27 20:57:07.254 7 INFO placement.requestlog [None req-3d315fac-3aee-4c7f-b8de-39fcf28a5eda e3107a1923d24722834d3f15eb8abab5 648eed71e8864f19b4f80e442a30f247 - - 9475e5ee510e48719cff67af03a81c01 9475e5ee510e48719cff67af03a81c01] 10.0.0.180 "DELETE /resource_providers/33e20897-73bb-4be9-b853-9236a88c8c40" status: 404 len: 246 microversion: 1.1 [pid: 7|app: 0|req: 585/1169] 10.0.0.180 () {34 vars in 824 bytes} [Wed May 27 20:57:07 2026] DELETE /resource_providers/33e20897-73bb-4be9-b853-9236a88c8c40 => generated 246 bytes in 9 msecs (HTTP/1.1 404) 6 headers in 231 bytes (1 switches on core 0)
2026-05-27 20:57:09.267 7 INFO placement.requestlog [None req-b1840cbd-661f-4723-8223-0b7504101267 e3107a1923d24722834d3f15eb8abab5 648eed71e8864f19b4f80e442a30f247 - - 9475e5ee510e48719cff67af03a81c01 9475e5ee510e48719cff67af03a81c01] 10.0.0.180 "GET /resource_providers/a3a284b3-9886-49f3-8d5e-c01e3dbf0629/aggregates" status: 404 len: 235 microversion: 1.1 [pid: 7|app: 0|req: 586/1170] 10.0.0.180 () {32 vars in 824 bytes} [Wed May 27 20:57:09 2026] GET /resource_providers/a3a284b3-9886-49f3-8d5e-c01e3dbf0629/aggregates => generated 235 bytes in 7 msecs (HTTP/1.1 404) 5 headers in 202 bytes (1 switches on core 0)
2026-05-27 20:57:09.270 8 INFO placement.requestlog [None req-84215f0f-620c-4a94-a3c9-b40ebeef2cb6 e3107a1923d24722834d3f15eb8abab5 648eed71e8864f19b4f80e442a30f247 - - 9475e5ee510e48719cff67af03a81c01 9475e5ee510e48719cff67af03a81c01] 10.0.0.180 "GET /resource_providers/a3a284b3-9886-49f3-8d5e-c01e3dbf0629/aggregates" status: 404 len: 235 microversion: 1.1 [pid: 8|app: 0|req: 585/1171] 10.0.0.180 () {32 vars in 824 bytes} [Wed May 27 20:57:09 2026] GET /resource_providers/a3a284b3-9886-49f3-8d5e-c01e3dbf0629/aggregates => generated 235 bytes in 13 msecs (HTTP/1.1 404) 5 headers in 202 bytes (1 switches on core 0)
2026-05-27 20:57:09.283 7 INFO placement.requestlog [None req-22073677-26bb-4c75-81b2-8b8070a2962a e3107a1923d24722834d3f15eb8abab5 648eed71e8864f19b4f80e442a30f247 - - 9475e5ee510e48719cff67af03a81c01 9475e5ee510e48719cff67af03a81c01] 10.0.0.180 "DELETE /resource_providers/a3a284b3-9886-49f3-8d5e-c01e3dbf0629" status: 404 len: 246 microversion: 1.1 [pid: 7|app: 0|req: 587/1172] 10.0.0.180 () {34 vars in 824 bytes} [Wed May 27 20:57:09 2026] DELETE /resource_providers/a3a284b3-9886-49f3-8d5e-c01e3dbf0629 => generated 246 bytes in 10 msecs (HTTP/1.1 404) 6 headers in 231 bytes (1 switches on core 0)
2026-05-27 20:57:09.287 8 INFO placement.requestlog [None req-5d5c2394-9b26-4e96-9e49-24e9530bce15 e3107a1923d24722834d3f15eb8abab5 648eed71e8864f19b4f80e442a30f247 - - 9475e5ee510e48719cff67af03a81c01 9475e5ee510e48719cff67af03a81c01] 10.0.0.180 "DELETE /resource_providers/a3a284b3-9886-49f3-8d5e-c01e3dbf0629" status: 404 len: 246 microversion: 1.1 [pid: 8|app: 0|req: 586/1173] 10.0.0.180 () {34 vars in 824 bytes} [Wed May 27 20:57:09 2026] DELETE /resource_providers/a3a284b3-9886-49f3-8d5e-c01e3dbf0629 => generated 246 bytes in 10 msecs (HTTP/1.1 404) 6 headers in 231 bytes (1 switches on core 0)
2026-05-27 20:57:09.297 7 INFO placement.requestlog [None req-107b4a21-3194-445e-b3a1-db0182ed30e8 e3107a1923d24722834d3f15eb8abab5 648eed71e8864f19b4f80e442a30f247 - - 9475e5ee510e48719cff67af03a81c01 9475e5ee510e48719cff67af03a81c01] 10.0.0.180 "GET /resource_providers/e08acfdd-2cce-4ad2-99fb-9bb96ca62023/aggregates" status: 404 len: 235 microversion: 1.1 [pid: 7|app: 0|req: 588/1174] 10.0.0.180 () {32 vars in 824 bytes} [Wed May 27 20:57:09 2026] GET /resource_providers/e08acfdd-2cce-4ad2-99fb-9bb96ca62023/aggregates => generated 235 bytes in 10 msecs (HTTP/1.1 404) 5 headers in 202 bytes (1 switches on core 0)
2026-05-27 20:57:09.300 8 INFO placement.requestlog [None req-7fb65bdb-3d1d-4741-a541-5c9f6b0c87e9 e3107a1923d24722834d3f15eb8abab5 648eed71e8864f19b4f80e442a30f247 - - 9475e5ee510e48719cff67af03a81c01 9475e5ee510e48719cff67af03a81c01] 10.0.0.180 "GET /resource_providers/e08acfdd-2cce-4ad2-99fb-9bb96ca62023/aggregates" status: 404 len: 235 microversion: 1.1 [pid: 8|app: 0|req: 587/1175] 10.0.0.180 () {32 vars in 824 bytes} [Wed May 27 20:57:09 2026] GET /resource_providers/e08acfdd-2cce-4ad2-99fb-9bb96ca62023/aggregates => generated 235 bytes in 9 msecs (HTTP/1.1 404) 5 headers in 202 bytes (1 switches on core 0)
2026-05-27 20:57:09.312 7 INFO placement.requestlog [None req-2f629928-5107-4c69-991f-e0614be7986a e3107a1923d24722834d3f15eb8abab5 648eed71e8864f19b4f80e442a30f247 - - 9475e5ee510e48719cff67af03a81c01 9475e5ee510e48719cff67af03a81c01] 10.0.0.180 "DELETE /resource_providers/e08acfdd-2cce-4ad2-99fb-9bb96ca62023" status: 404 len: 246 microversion: 1.1 [pid: 7|app: 0|req: 589/1176] 10.0.0.180 () {34 vars in 824 bytes} [Wed May 27 20:57:09 2026] DELETE /resource_providers/e08acfdd-2cce-4ad2-99fb-9bb96ca62023 => generated 246 bytes in 8 msecs (HTTP/1.1 404) 6 headers in 231 bytes (1 switches on core 0)
2026-05-27 20:57:09.320 8 INFO placement.requestlog [None req-01b8f61c-3657-4e6f-a489-0b3e8aa15734 e3107a1923d24722834d3f15eb8abab5 648eed71e8864f19b4f80e442a30f247 - - 9475e5ee510e48719cff67af03a81c01 9475e5ee510e48719cff67af03a81c01] 10.0.0.180 "DELETE /resource_providers/e08acfdd-2cce-4ad2-99fb-9bb96ca62023" status: 404 len: 246 microversion: 1.1 [pid: 8|app: 0|req: 588/1177] 10.0.0.180 () {34 vars in 824 bytes} [Wed May 27 20:57:09 2026] DELETE /resource_providers/e08acfdd-2cce-4ad2-99fb-9bb96ca62023 => generated 246 bytes in 10 msecs (HTTP/1.1 404) 6 headers in 231 bytes (1 switches on core 0)
2026-05-27 20:57:16.072 7 INFO placement.requestlog [None req-50a73cd4-812d-40bd-8f7f-dd67fca725d9 - - - - - -] 10.0.0.96 "GET /" status: 200 len: 136 microversion: 1.0
2026-05-27 20:57:16.072 8 INFO placement.requestlog [None req-4e6b037f-408b-4893-a81f-6db03758c1c3 - - - - - -] 10.0.0.96 "GET /" status: 200 len: 136 microversion: 1.0
2026-05-27 20:57:20.098 7 INFO placement.requestlog [req-652c9a5f-5181-4333-b27f-82729980d100 req-454d2c61-bcdb-4536-8388-bb7f70ff9064 e95cc8e66d1d40fea6891110155ff735 648eed71e8864f19b4f80e442a30f247 - - 9475e5ee510e48719cff67af03a81c01 9475e5ee510e48719cff67af03a81c01] 199.19.213.176 "GET /resource_providers/57b45e97-5a26-4e39-89da-6f455d65b14e/allocations" status: 200 len: 55 microversion: 1.0 [pid: 7|app: 0|req: 591/1180] 199.19.213.176 () {32 vars in 856 bytes} [Wed May 27 20:57:20 2026] GET /resource_providers/57b45e97-5a26-4e39-89da-6f455d65b14e/allocations => generated 55 bytes in 14 msecs (HTTP/1.1 200) 6 headers in 223 bytes (1 switches on core 0)
2026-05-27 20:57:20.123 8 INFO placement.requestlog [req-652c9a5f-5181-4333-b27f-82729980d100 req-b7b90aad-2096-423c-8b58-581e631010bb e95cc8e66d1d40fea6891110155ff735 648eed71e8864f19b4f80e442a30f247 - - 9475e5ee510e48719cff67af03a81c01 9475e5ee510e48719cff67af03a81c01] 199.19.213.176 "GET /resource_providers/57b45e97-5a26-4e39-89da-6f455d65b14e/allocations" status: 200 len: 55 microversion: 1.0 [pid: 8|app: 0|req: 590/1181] 199.19.213.176 () {32 vars in 856 bytes} [Wed May 27 20:57:20 2026] GET /resource_providers/57b45e97-5a26-4e39-89da-6f455d65b14e/allocations => generated 55 bytes in 17 msecs (HTTP/1.1 200) 6 headers in 223 bytes (1 switches on core 0)
2026-05-27 20:57:26.072 7 INFO placement.requestlog [None req-81698dfd-83d4-4f2b-b106-7a10038f6016 - - - - - -] 10.0.0.96 "GET /" status: 200 len: 136 microversion: 1.0
2026-05-27 20:57:26.072 8 INFO placement.requestlog [None req-01849f8d-2b8f-495a-834f-c9bc03b549dd - - - - - -] 10.0.0.96 "GET /" status: 200 len: 136 microversion: 1.0
2026-05-27 20:57:36.072 8 INFO placement.requestlog [None req-8aa68c25-9adf-40f1-bed4-42a4e89e9c4b - - - - - -] 10.0.0.96 "GET /" status: 200 len: 136 microversion: 1.0
2026-05-27 20:57:36.073 7 INFO placement.requestlog [None req-fab9fb5d-cd76-4776-aa13-608093fe0116 - - - - - -] 10.0.0.96 "GET /" status: 200 len: 136 microversion: 1.0
2026-05-27 20:57:46.071 7 INFO placement.requestlog [None req-180e4cc9-2cfd-416e-adfb-5de040845fa8 - - - - - -] 10.0.0.96 "GET /" status: 200 len: 136 microversion: 1.0
2026-05-27 20:57:46.071 8 INFO placement.requestlog [None req-992bceaf-09af-4b35-bb4b-4e261c108b2a - - - - - -] 10.0.0.96 "GET /" status: 200 len: 136 microversion: 1.0
2026-05-27 20:57:56.074 7 INFO placement.requestlog [None req-6dc2524f-927c-4694-acd5-04267359faf1 - - - - - -] 10.0.0.96 "GET /" status: 200 len: 136 microversion: 1.0
2026-05-27 20:57:56.074 8 INFO placement.requestlog [None req-4cc952a2-1695-4c0b-a197-160adb6a499c - - - - - -] 10.0.0.96 "GET /" status: 200 len: 136 microversion: 1.0
2026-05-27 20:58:06.072 7 INFO placement.requestlog [None req-aeea6288-e05a-459f-ab08-1b9e78d52d88 - - - - - -] 10.0.0.96 "GET /" status: 200 len: 136 microversion: 1.0
2026-05-27 20:58:06.072 8 INFO placement.requestlog [None req-69dfc33a-2789-4d8b-9195-f2ec1cbf1aa5 - - - - - -] 10.0.0.96 "GET /" status: 200 len: 136 microversion: 1.0
2026-05-27 20:58:16.071 7 INFO placement.requestlog [None req-6777b1a4-9bee-404a-a374-69220cb63ef1 - - - - - -] 10.0.0.96 "GET /" status: 200 len: 136 microversion: 1.0
2026-05-27 20:58:16.072 8 INFO placement.requestlog [None req-f9196ab5-92e6-4eef-8e47-93d4ffb35ee3 - - - - - -] 10.0.0.96 "GET /" status: 200 len: 136 microversion: 1.0
2026-05-27 20:58:21.208 7 INFO placement.requestlog [req-891bd69b-e25a-42cd-be09-636916fe9db7 req-3a7b9bbb-eb1f-4a7d-a7cb-ac036ba7b43c e95cc8e66d1d40fea6891110155ff735 648eed71e8864f19b4f80e442a30f247 - - 9475e5ee510e48719cff67af03a81c01 9475e5ee510e48719cff67af03a81c01] 199.19.213.176 "GET /resource_providers/57b45e97-5a26-4e39-89da-6f455d65b14e/allocations" status: 200 len: 55 microversion: 1.0 [pid: 7|app: 0|req: 598/1194] 199.19.213.176 () {32 vars in 856 bytes} [Wed May 27 20:58:21 2026] GET /resource_providers/57b45e97-5a26-4e39-89da-6f455d65b14e/allocations => generated 55 bytes in 13 msecs (HTTP/1.1 200) 6 headers in 223 bytes (1 switches on core 0)
2026-05-27 20:58:21.235 8 INFO placement.requestlog [req-891bd69b-e25a-42cd-be09-636916fe9db7 req-98d611b3-a255-4330-9216-cdc344f5f2ce e95cc8e66d1d40fea6891110155ff735 648eed71e8864f19b4f80e442a30f247 - - 9475e5ee510e48719cff67af03a81c01 9475e5ee510e48719cff67af03a81c01] 199.19.213.176 "GET /resource_providers/57b45e97-5a26-4e39-89da-6f455d65b14e/allocations" status: 200 len: 55 microversion: 1.0 [pid: 8|app: 0|req: 597/1195] 199.19.213.176 () {32 vars in 856 bytes} [Wed May 27 20:58:21 2026] GET /resource_providers/57b45e97-5a26-4e39-89da-6f455d65b14e/allocations => generated 55 bytes in 19 msecs (HTTP/1.1 200) 6 headers in 223 bytes (1 switches on core 0)
2026-05-27 20:58:26.074 7 INFO placement.requestlog [None req-bc1c646c-0e6b-4d1e-98b5-85a1c7963209 - - - - - -] 10.0.0.96 "GET /" status: 200 len: 136 microversion: 1.0
2026-05-27 20:58:26.074 8 INFO placement.requestlog [None req-f1b2292a-7c27-41b7-9ac2-8ac25a93b8ec - - - - - -] 10.0.0.96 "GET /" status: 200 len: 136 microversion: 1.0
2026-05-27 20:58:36.071 8 INFO placement.requestlog [None req-600de371-911a-4735-9f37-f223f2e038a4 - - - - - -] 10.0.0.96 "GET /" status: 200 len: 136 microversion: 1.0
2026-05-27 20:58:36.072 7 INFO placement.requestlog [None req-399ada31-9aba-4d42-9db3-bcea239421dc - - - - - -] 10.0.0.96 "GET /" status: 200 len: 136 microversion: 1.0
2026-05-27 20:58:46.072 8 INFO placement.requestlog [None req-9bce80b6-83a7-4196-8bea-1cc2fa2c66bd - - - - - -] 10.0.0.96 "GET /" status: 200 len: 136 microversion: 1.0
2026-05-27 20:58:46.072 7 INFO placement.requestlog [None req-3dc82fb8-0944-4d51-aca1-f19882ae9091 - - - - - -] 10.0.0.96 "GET /" status: 200 len: 136 microversion: 1.0
2026-05-27 20:58:56.072 8 INFO placement.requestlog [None req-33e853bd-f76e-462f-86d8-873fd8bd6763 - - - - - -] 10.0.0.96 "GET /" status: 200 len: 136 microversion: 1.0
2026-05-27 20:58:56.072 7 INFO placement.requestlog [None req-9ea06b52-4167-4802-a81e-420c73386983 - - - - - -] 10.0.0.96 "GET /" status: 200 len: 136 microversion: 1.0
2026-05-27 20:59:06.071 8 INFO placement.requestlog [None req-f7f07e75-fa58-442b-a97c-9e7e4220acc8 - - - - - -] 10.0.0.96 "GET /" status: 200 len: 136 microversion: 1.0
2026-05-27 20:59:06.072 7 INFO placement.requestlog [None req-0714626b-b400-422d-ab2a-61f984c11284 - - - - - -] 10.0.0.96 "GET /" status: 200 len: 136 microversion: 1.0
2026-05-27 20:59:16.071 8 INFO placement.requestlog [None req-362f9f40-ccff-4019-8b76-3dfc87a06792 - - - - - -] 10.0.0.96 "GET /" status: 200 len: 136 microversion: 1.0
2026-05-27 20:59:16.071 7 INFO placement.requestlog [None req-bcda49a1-d698-41c6-9af4-13f09ebca6bd - - - - - -] 10.0.0.96 "GET /" status: 200 len: 136 microversion: 1.0
2026-05-27 20:59:21.849 8 INFO placement.requestlog [req-93f7e26f-c1db-4da9-8901-3ddb8774cb67 req-c3c6339d-458e-4e02-8784-f28f3f554c51 e95cc8e66d1d40fea6891110155ff735 648eed71e8864f19b4f80e442a30f247 - - 9475e5ee510e48719cff67af03a81c01 9475e5ee510e48719cff67af03a81c01] 199.19.213.176 "GET /resource_providers/57b45e97-5a26-4e39-89da-6f455d65b14e/allocations" status: 200 len: 55 microversion: 1.0 [pid: 8|app: 0|req: 604/1208] 199.19.213.176 () {32 vars in 856 bytes} [Wed May 27 20:59:21 2026] GET /resource_providers/57b45e97-5a26-4e39-89da-6f455d65b14e/allocations => generated 55 bytes in 19 msecs (HTTP/1.1 200) 6 headers in 223 bytes (1 switches on core 0)
2026-05-27 20:59:21.869 7 INFO placement.requestlog [req-93f7e26f-c1db-4da9-8901-3ddb8774cb67 req-f773fe03-75f1-4411-bf56-dfb3c280b467 e95cc8e66d1d40fea6891110155ff735 648eed71e8864f19b4f80e442a30f247 - - 9475e5ee510e48719cff67af03a81c01 9475e5ee510e48719cff67af03a81c01] 199.19.213.176 "GET /resource_providers/57b45e97-5a26-4e39-89da-6f455d65b14e/allocations" status: 200 len: 55 microversion: 1.0 [pid: 7|app: 0|req: 605/1209] 199.19.213.176 () {32 vars in 856 bytes} [Wed May 27 20:59:21 2026] GET /resource_providers/57b45e97-5a26-4e39-89da-6f455d65b14e/allocations => generated 55 bytes in 13 msecs (HTTP/1.1 200) 6 headers in 223 bytes (1 switches on core 0)
2026-05-27 20:59:26.071 7 INFO placement.requestlog [None req-85f3d919-5350-440d-9c91-d7ae9e46a024 - - - - - -] 10.0.0.96 "GET /" status: 200 len: 136 microversion: 1.0
2026-05-27 20:59:26.071 8 INFO placement.requestlog [None req-bbdc93c4-7fbd-44ce-b9e9-2060e5607d05 - - - - - -] 10.0.0.96 "GET /" status: 200 len: 136 microversion: 1.0
2026-05-27 20:59:36.071 7 INFO placement.requestlog [None req-d4b06087-9352-4a06-ade7-c0e09aed6044 - - - - - -] 10.0.0.96 "GET /" status: 200 len: 136 microversion: 1.0
2026-05-27 20:59:36.072 8 INFO placement.requestlog [None req-a97f0edd-c46c-4985-9e30-f849428b3a6f - - - - - -] 10.0.0.96 "GET /" status: 200 len: 136 microversion: 1.0
2026-05-27 20:59:46.072 8 INFO placement.requestlog [None req-d0744871-3a11-403a-a971-a3df999ca608 - - - - - -] 10.0.0.96 "GET /" status: 200 len: 136 microversion: 1.0
2026-05-27 20:59:46.072 7 INFO placement.requestlog [None req-9999fd73-8961-45c7-9465-c61864001787 - - - - - -] 10.0.0.96 "GET /" status: 200 len: 136 microversion: 1.0
2026-05-27 20:59:56.072 8 INFO placement.requestlog [None req-0f7ca460-e30b-470e-9c10-769da277148c - - - - - -] 10.0.0.96 "GET /" status: 200 len: 136 microversion: 1.0
2026-05-27 20:59:56.072 7 INFO placement.requestlog [None req-f4c3d477-b3f9-4aae-be1b-77e193616983 - - - - - -] 10.0.0.96 "GET /" status: 200 len: 136 microversion: 1.0
2026-05-27 21:00:06.072 8 INFO placement.requestlog [None req-025cbcf2-2c36-4e4d-a9ae-f10091c967cb - - - - - -] 10.0.0.96 "GET /" status: 200 len: 136 microversion: 1.0
2026-05-27 21:00:06.072 7 INFO placement.requestlog [None req-db2cc3b7-c3e7-4c65-8533-ce1cd5ae5ac1 - - - - - -] 10.0.0.96 "GET /" status: 200 len: 136 microversion: 1.0
2026-05-27 21:00:16.072 7 INFO placement.requestlog [None req-39a50ce9-c736-4503-8b18-5cf11bc5ad4e - - - - - -] 10.0.0.96 "GET /" status: 200 len: 136 microversion: 1.0
2026-05-27 21:00:16.073 8 INFO placement.requestlog [None req-4946044c-4438-4422-b22c-ba1aace73115 - - - - - -] 10.0.0.96 "GET /" status: 200 len: 136 microversion: 1.0
2026-05-27 21:00:22.613 7 INFO placement.requestlog [req-a5a8ac36-e98e-48cc-b240-d038e58ddcdb req-042e8269-e812-47d0-b82b-db70c12f7df0 e95cc8e66d1d40fea6891110155ff735 648eed71e8864f19b4f80e442a30f247 - - 9475e5ee510e48719cff67af03a81c01 9475e5ee510e48719cff67af03a81c01] 199.19.213.176 "GET /resource_providers/57b45e97-5a26-4e39-89da-6f455d65b14e/allocations" status: 200 len: 55 microversion: 1.0 [pid: 7|app: 0|req: 612/1222] 199.19.213.176 () {32 vars in 856 bytes} [Wed May 27 21:00:22 2026] GET /resource_providers/57b45e97-5a26-4e39-89da-6f455d65b14e/allocations => generated 55 bytes in 128 msecs (HTTP/1.1 200) 6 headers in 223 bytes (1 switches on core 0)
2026-05-27 21:00:22.635 8 INFO placement.requestlog [req-a5a8ac36-e98e-48cc-b240-d038e58ddcdb req-a46f2ee5-3176-4ebe-bcf5-89f2723e7e59 e95cc8e66d1d40fea6891110155ff735 648eed71e8864f19b4f80e442a30f247 - - 9475e5ee510e48719cff67af03a81c01 9475e5ee510e48719cff67af03a81c01] 199.19.213.176 "GET /resource_providers?in_tree=57b45e97-5a26-4e39-89da-6f455d65b14e" status: 200 len: 798 microversion: 1.14 [pid: 8|app: 0|req: 611/1223] 199.19.213.176 () {34 vars in 891 bytes} [Wed May 27 21:00:22 2026] GET /resource_providers?in_tree=57b45e97-5a26-4e39-89da-6f455d65b14e => generated 798 bytes in 15 msecs (HTTP/1.1 200) 6 headers in 225 bytes (1 switches on core 0)
2026-05-27 21:00:22.653 7 INFO placement.requestlog [req-a5a8ac36-e98e-48cc-b240-d038e58ddcdb req-f853bbf8-89f2-4173-b30a-6aa6c4e95dac e95cc8e66d1d40fea6891110155ff735 648eed71e8864f19b4f80e442a30f247 - - 9475e5ee510e48719cff67af03a81c01 9475e5ee510e48719cff67af03a81c01] 199.19.213.176 "GET /resource_providers/57b45e97-5a26-4e39-89da-6f455d65b14e/inventories" status: 200 len: 401 microversion: 1.0 [pid: 7|app: 0|req: 613/1224] 199.19.213.176 () {32 vars in 856 bytes} [Wed May 27 21:00:22 2026] GET /resource_providers/57b45e97-5a26-4e39-89da-6f455d65b14e/inventories => generated 401 bytes in 14 msecs (HTTP/1.1 200) 6 headers in 224 bytes (1 switches on core 0)
2026-05-27 21:00:22.670 8 INFO placement.requestlog [req-a5a8ac36-e98e-48cc-b240-d038e58ddcdb req-19dd79f9-2a49-4312-9455-1f5b7ceee7ac e95cc8e66d1d40fea6891110155ff735 648eed71e8864f19b4f80e442a30f247 - - 9475e5ee510e48719cff67af03a81c01 9475e5ee510e48719cff67af03a81c01] 199.19.213.176 "GET /resource_providers/57b45e97-5a26-4e39-89da-6f455d65b14e/aggregates" status: 200 len: 54 microversion: 1.19 [pid: 8|app: 0|req: 612/1225] 199.19.213.176 () {34 vars in 898 bytes} [Wed May 27 21:00:22 2026] GET /resource_providers/57b45e97-5a26-4e39-89da-6f455d65b14e/aggregates => generated 54 bytes in 12 msecs (HTTP/1.1 200) 8 headers in 295 bytes (1 switches on core 0)
2026-05-27 21:00:22.686 7 INFO placement.requestlog [req-a5a8ac36-e98e-48cc-b240-d038e58ddcdb req-9dc385d7-9925-4332-b893-807b729524e0 e95cc8e66d1d40fea6891110155ff735 648eed71e8864f19b4f80e442a30f247 - - 9475e5ee510e48719cff67af03a81c01 9475e5ee510e48719cff67af03a81c01] 199.19.213.176 "GET /resource_providers/57b45e97-5a26-4e39-89da-6f455d65b14e/traits" status: 200 len: 1920 microversion: 1.6 [pid: 7|app: 0|req: 614/1226] 199.19.213.176 () {34 vars in 889 bytes} [Wed May 27 21:00:22 2026] GET /resource_providers/57b45e97-5a26-4e39-89da-6f455d65b14e/traits => generated 1920 bytes in 12 msecs (HTTP/1.1 200) 6 headers in 225 bytes (1 switches on core 0)
2026-05-27 21:00:22.711 8 INFO placement.requestlog [req-a5a8ac36-e98e-48cc-b240-d038e58ddcdb req-999bb410-1aad-4e1c-8ac6-0cd90e22c741 e95cc8e66d1d40fea6891110155ff735 648eed71e8864f19b4f80e442a30f247 - - 9475e5ee510e48719cff67af03a81c01 9475e5ee510e48719cff67af03a81c01] 199.19.213.176 "GET /resource_providers/57b45e97-5a26-4e39-89da-6f455d65b14e/allocations" status: 200 len: 55 microversion: 1.0 [pid: 8|app: 0|req: 613/1227] 199.19.213.176 () {32 vars in 856 bytes} [Wed May 27 21:00:22 2026] GET /resource_providers/57b45e97-5a26-4e39-89da-6f455d65b14e/allocations => generated 55 bytes in 17 msecs (HTTP/1.1 200) 6 headers in 223 bytes (1 switches on core 0)
2026-05-27 21:00:26.072 7 INFO placement.requestlog [None req-916d5040-1894-413b-92ab-065e314d8b21 - - - - - -] 10.0.0.96 "GET /" status: 200 len: 136 microversion: 1.0
2026-05-27 21:00:26.072 8 INFO placement.requestlog [None req-2e9ca869-27bd-452c-883c-a05dc0ce5e3e - - - - - -] 10.0.0.96 "GET /" status: 200 len: 136 microversion: 1.0
