2026-06-11 18:48:16.723 7 INFO placement.requestlog [req-c335a229-90cd-4916-a279-ad095e3b2fc8 req-3c515e4d-4ca5-400c-af02-349ec1402f77 923995ce9b7d497c8237c22bf65ae819 c62f0277cc044fed808df32e2b09ccd9 - - 9f691506704341abb4bb2db54e6207d8 9f691506704341abb4bb2db54e6207d8] 199.204.45.240 "GET /resource_providers/5301867d-292a-4da4-ac16-d5ae0233ac0f/traits" status: 200 len: 2316 microversion: 1.6 [pid: 7|app: 0|req: 283/566] 199.204.45.240 () {34 vars in 889 bytes} [Thu Jun 11 18:48:16 2026] GET /resource_providers/5301867d-292a-4da4-ac16-d5ae0233ac0f/traits => generated 2316 bytes in 24 msecs (HTTP/1.1 200) 6 headers in 225 bytes (1 switches on core 0)
2026-06-11 18:48:16.744 8 INFO placement.requestlog [req-c335a229-90cd-4916-a279-ad095e3b2fc8 req-f5ec13ae-1b59-428e-b2a5-3cf93a58a43c 923995ce9b7d497c8237c22bf65ae819 c62f0277cc044fed808df32e2b09ccd9 - - 9f691506704341abb4bb2db54e6207d8 9f691506704341abb4bb2db54e6207d8] 199.204.45.240 "GET /resource_providers/5301867d-292a-4da4-ac16-d5ae0233ac0f/allocations" status: 200 len: 54 microversion: 1.0 [pid: 8|app: 0|req: 284/567] 199.204.45.240 () {32 vars in 856 bytes} [Thu Jun 11 18:48:16 2026] GET /resource_providers/5301867d-292a-4da4-ac16-d5ae0233ac0f/allocations => generated 54 bytes in 16 msecs (HTTP/1.1 200) 6 headers in 223 bytes (1 switches on core 0)
2026-06-11 18:48:19.116 7 INFO placement.requestlog [None req-fdf22e42-26ff-4f09-8fa2-27a3cf29572e - - - - - -] 10.0.0.48 "GET /" status: 200 len: 136 microversion: 1.0
2026-06-11 18:48:19.308 8 INFO placement.requestlog [req-90c08736-00cf-469f-bbeb-24429ec6d1b3 req-efe9c019-cdda-48a4-9d2b-12116a43e418 923995ce9b7d497c8237c22bf65ae819 c62f0277cc044fed808df32e2b09ccd9 - - 9f691506704341abb4bb2db54e6207d8 9f691506704341abb4bb2db54e6207d8] 10.0.0.115 "GET /allocation_candidates?limit=1000&resources=DISK_GB%3A1%2CMEMORY_MB%3A512%2CVCPU%3A1&root_required=%21COMPUTE_STATUS_DISABLED" status: 200 len: 2781 microversion: 1.36 [pid: 8|app: 0|req: 285/569] 10.0.0.115 () {34 vars in 1011 bytes} [Thu Jun 11 18:48:19 2026] GET /allocation_candidates?limit=1000&resources=DISK_GB%3A1%2CMEMORY_MB%3A512%2CVCPU%3A1&root_required=%21COMPUTE_STATUS_DISABLED => generated 2781 bytes in 121 msecs (HTTP/1.1 200) 8 headers in 297 bytes (1 switches on core 0)
2026-06-11 18:48:19.352 7 INFO placement.requestlog [req-90c08736-00cf-469f-bbeb-24429ec6d1b3 req-b20b7a01-3d6b-4a2b-8705-5747692e9ae9 923995ce9b7d497c8237c22bf65ae819 c62f0277cc044fed808df32e2b09ccd9 - - 9f691506704341abb4bb2db54e6207d8 9f691506704341abb4bb2db54e6207d8] 10.0.0.115 "GET /allocations/0723f6e8-1eaa-4371-967c-0031422b15c0" status: 200 len: 19 microversion: 1.28 [pid: 7|app: 0|req: 285/570] 10.0.0.115 () {34 vars in 860 bytes} [Thu Jun 11 18:48:19 2026] GET /allocations/0723f6e8-1eaa-4371-967c-0031422b15c0 => generated 19 bytes in 11 msecs (HTTP/1.1 200) 8 headers in 295 bytes (1 switches on core 0)
2026-06-11 18:48:19.431 8 INFO placement.requestlog [req-90c08736-00cf-469f-bbeb-24429ec6d1b3 req-95f5ceec-6b72-4805-b48b-b34b455dd17e 923995ce9b7d497c8237c22bf65ae819 c62f0277cc044fed808df32e2b09ccd9 - - 9f691506704341abb4bb2db54e6207d8 9f691506704341abb4bb2db54e6207d8] 10.0.0.115 "PUT /allocations/0723f6e8-1eaa-4371-967c-0031422b15c0" status: 204 len: 0 microversion: 1.36 [pid: 8|app: 0|req: 286/571] 10.0.0.115 () {38 vars in 913 bytes} [Thu Jun 11 18:48:19 2026] PUT /allocations/0723f6e8-1eaa-4371-967c-0031422b15c0 => generated 0 bytes in 70 msecs (HTTP/1.1 204) 5 headers in 199 bytes (1 switches on core 0)
2026-06-11 18:48:20.418 7 INFO placement.requestlog [None req-7a33a0e8-3785-421e-a505-afb6e5aca398 - - - - - -] 10.0.0.48 "GET /" status: 200 len: 136 microversion: 1.0
2026-06-11 18:48:20.972 8 INFO placement.requestlog [req-90c08736-00cf-469f-bbeb-24429ec6d1b3 req-3143a0a8-acc0-46f8-aa3c-a90f9b1451b0 923995ce9b7d497c8237c22bf65ae819 c62f0277cc044fed808df32e2b09ccd9 - - 9f691506704341abb4bb2db54e6207d8 9f691506704341abb4bb2db54e6207d8] 199.204.45.240 "GET /allocations/0723f6e8-1eaa-4371-967c-0031422b15c0" status: 200 len: 257 microversion: 1.28 [pid: 8|app: 0|req: 287/573] 199.204.45.240 () {34 vars in 862 bytes} [Thu Jun 11 18:48:20 2026] GET /allocations/0723f6e8-1eaa-4371-967c-0031422b15c0 => generated 257 bytes in 13 msecs (HTTP/1.1 200) 8 headers in 296 bytes (1 switches on core 0)
2026-06-11 18:48:21.936 7 INFO placement.requestlog [req-e20f514b-e0da-4637-b897-a547d02707db req-ca092a7b-0bd3-490a-8e22-5280ed852484 923995ce9b7d497c8237c22bf65ae819 c62f0277cc044fed808df32e2b09ccd9 - - 9f691506704341abb4bb2db54e6207d8 9f691506704341abb4bb2db54e6207d8] 10.0.0.115 "GET /allocation_candidates?limit=1000&resources=DISK_GB%3A1%2CMEMORY_MB%3A512%2CVCPU%3A1&root_required=%21COMPUTE_STATUS_DISABLED" status: 200 len: 2783 microversion: 1.36 [pid: 7|app: 0|req: 287/574] 10.0.0.115 () {34 vars in 1011 bytes} [Thu Jun 11 18:48:21 2026] GET /allocation_candidates?limit=1000&resources=DISK_GB%3A1%2CMEMORY_MB%3A512%2CVCPU%3A1&root_required=%21COMPUTE_STATUS_DISABLED => generated 2783 bytes in 50 msecs (HTTP/1.1 200) 8 headers in 297 bytes (1 switches on core 0)
2026-06-11 18:48:21.970 8 INFO placement.requestlog [req-e20f514b-e0da-4637-b897-a547d02707db req-acfe3683-fde4-46c1-8b97-098e3d1043ed 923995ce9b7d497c8237c22bf65ae819 c62f0277cc044fed808df32e2b09ccd9 - - 9f691506704341abb4bb2db54e6207d8 9f691506704341abb4bb2db54e6207d8] 10.0.0.115 "GET /allocations/41f367ab-edbe-4cbc-9ab6-3eb2adb9c95e" status: 200 len: 19 microversion: 1.28 [pid: 8|app: 0|req: 288/575] 10.0.0.115 () {34 vars in 860 bytes} [Thu Jun 11 18:48:21 2026] GET /allocations/41f367ab-edbe-4cbc-9ab6-3eb2adb9c95e => generated 19 bytes in 8 msecs (HTTP/1.1 200) 8 headers in 295 bytes (1 switches on core 0)
2026-06-11 18:48:22.015 8 INFO placement.requestlog [req-90c08736-00cf-469f-bbeb-24429ec6d1b3 req-1cfb6e0f-3096-4997-9df5-9d179509bab1 923995ce9b7d497c8237c22bf65ae819 c62f0277cc044fed808df32e2b09ccd9 - - 9f691506704341abb4bb2db54e6207d8 9f691506704341abb4bb2db54e6207d8] 199.204.45.240 "GET /resource_providers/5301867d-292a-4da4-ac16-d5ae0233ac0f/allocations" status: 200 len: 152 microversion: 1.0 [pid: 8|app: 0|req: 289/576] 199.204.45.240 () {32 vars in 856 bytes} [Thu Jun 11 18:48:21 2026] GET /resource_providers/5301867d-292a-4da4-ac16-d5ae0233ac0f/allocations => generated 152 bytes in 19 msecs (HTTP/1.1 200) 6 headers in 224 bytes (1 switches on core 0)
2026-06-11 18:48:22.035 8 INFO placement.requestlog [req-90c08736-00cf-469f-bbeb-24429ec6d1b3 req-fa56d4c2-540d-4611-b615-b253d9823e7c 923995ce9b7d497c8237c22bf65ae819 c62f0277cc044fed808df32e2b09ccd9 - - 9f691506704341abb4bb2db54e6207d8 9f691506704341abb4bb2db54e6207d8] 199.204.45.240 "GET /allocations/0723f6e8-1eaa-4371-967c-0031422b15c0" status: 200 len: 257 microversion: 1.28 [pid: 8|app: 0|req: 290/577] 199.204.45.240 () {34 vars in 862 bytes} [Thu Jun 11 18:48:22 2026] GET /allocations/0723f6e8-1eaa-4371-967c-0031422b15c0 => generated 257 bytes in 14 msecs (HTTP/1.1 200) 8 headers in 296 bytes (1 switches on core 0)
2026-06-11 18:48:22.052 7 INFO placement.requestlog [req-e20f514b-e0da-4637-b897-a547d02707db req-df940d19-37a0-4056-a811-fb473f8e04c3 923995ce9b7d497c8237c22bf65ae819 c62f0277cc044fed808df32e2b09ccd9 - - 9f691506704341abb4bb2db54e6207d8 9f691506704341abb4bb2db54e6207d8] 10.0.0.115 "PUT /allocations/41f367ab-edbe-4cbc-9ab6-3eb2adb9c95e" status: 204 len: 0 microversion: 1.36 [pid: 7|app: 0|req: 288/578] 10.0.0.115 () {38 vars in 913 bytes} [Thu Jun 11 18:48:21 2026] PUT /allocations/41f367ab-edbe-4cbc-9ab6-3eb2adb9c95e => generated 0 bytes in 75 msecs (HTTP/1.1 204) 5 headers in 199 bytes (1 switches on core 0)
2026-06-11 18:48:22.817 8 INFO placement.requestlog [None req-21e86cd7-cdf2-4b15-be53-8b69ee37e5ae cb93362f15cb4621943ea97dfc58dc27 c62f0277cc044fed808df32e2b09ccd9 - - 9f691506704341abb4bb2db54e6207d8 9f691506704341abb4bb2db54e6207d8] 10.0.0.24 "GET /resource_providers/9734e086-8050-4648-b6cc-c73cbd0b7db2/aggregates" status: 404 len: 235 microversion: 1.1 [pid: 8|app: 0|req: 291/579] 10.0.0.24 () {32 vars in 814 bytes} [Thu Jun 11 18:48:22 2026] GET /resource_providers/9734e086-8050-4648-b6cc-c73cbd0b7db2/aggregates => generated 235 bytes in 133 msecs (HTTP/1.1 404) 5 headers in 202 bytes (1 switches on core 0)
2026-06-11 18:48:22.825 7 INFO placement.requestlog [None req-9781a98d-f1d6-4a87-95d5-22de1548a093 cb93362f15cb4621943ea97dfc58dc27 c62f0277cc044fed808df32e2b09ccd9 - - 9f691506704341abb4bb2db54e6207d8 9f691506704341abb4bb2db54e6207d8] 10.0.0.24 "GET /resource_providers/9734e086-8050-4648-b6cc-c73cbd0b7db2/aggregates" status: 404 len: 235 microversion: 1.1 [pid: 7|app: 0|req: 289/580] 10.0.0.24 () {32 vars in 814 bytes} [Thu Jun 11 18:48:22 2026] GET /resource_providers/9734e086-8050-4648-b6cc-c73cbd0b7db2/aggregates => generated 235 bytes in 118 msecs (HTTP/1.1 404) 5 headers in 202 bytes (1 switches on core 0)
2026-06-11 18:48:22.834 8 INFO placement.requestlog [None req-4b96a9b6-ca1e-430a-8e74-90e1bef91cd3 cb93362f15cb4621943ea97dfc58dc27 c62f0277cc044fed808df32e2b09ccd9 - - 9f691506704341abb4bb2db54e6207d8 9f691506704341abb4bb2db54e6207d8] 10.0.0.24 "DELETE /resource_providers/9734e086-8050-4648-b6cc-c73cbd0b7db2" status: 404 len: 246 microversion: 1.1 [pid: 8|app: 0|req: 292/581] 10.0.0.24 () {34 vars in 814 bytes} [Thu Jun 11 18:48:22 2026] DELETE /resource_providers/9734e086-8050-4648-b6cc-c73cbd0b7db2 => generated 246 bytes in 9 msecs (HTTP/1.1 404) 6 headers in 231 bytes (1 switches on core 0)
2026-06-11 18:48:22.839 7 INFO placement.requestlog [None req-7d926744-31d2-4ef3-b5b0-1adb4c3e5cdd cb93362f15cb4621943ea97dfc58dc27 c62f0277cc044fed808df32e2b09ccd9 - - 9f691506704341abb4bb2db54e6207d8 9f691506704341abb4bb2db54e6207d8] 10.0.0.24 "DELETE /resource_providers/9734e086-8050-4648-b6cc-c73cbd0b7db2" status: 404 len: 246 microversion: 1.1 [pid: 7|app: 0|req: 290/582] 10.0.0.24 () {34 vars in 814 bytes} [Thu Jun 11 18:48:22 2026] DELETE /resource_providers/9734e086-8050-4648-b6cc-c73cbd0b7db2 => generated 246 bytes in 7 msecs (HTTP/1.1 404) 6 headers in 231 bytes (1 switches on core 0)
2026-06-11 18:48:23.381 8 INFO placement.requestlog [None req-0060d9d1-5cd8-446f-afea-9e65dc40c7bf cb93362f15cb4621943ea97dfc58dc27 c62f0277cc044fed808df32e2b09ccd9 - - 9f691506704341abb4bb2db54e6207d8 9f691506704341abb4bb2db54e6207d8] 10.0.0.24 "GET /resource_providers/26ff5972-0cc0-4e8e-add3-9a37807f0714/aggregates" status: 404 len: 235 microversion: 1.1 [pid: 8|app: 0|req: 293/583] 10.0.0.24 () {32 vars in 814 bytes} [Thu Jun 11 18:48:23 2026] GET /resource_providers/26ff5972-0cc0-4e8e-add3-9a37807f0714/aggregates => generated 235 bytes in 108 msecs (HTTP/1.1 404) 5 headers in 202 bytes (1 switches on core 0)
2026-06-11 18:48:23.406 8 INFO placement.requestlog [None req-40eab26f-8dd8-488c-9d97-69c8a15fccb0 cb93362f15cb4621943ea97dfc58dc27 c62f0277cc044fed808df32e2b09ccd9 - - 9f691506704341abb4bb2db54e6207d8 9f691506704341abb4bb2db54e6207d8] 10.0.0.24 "DELETE /resource_providers/26ff5972-0cc0-4e8e-add3-9a37807f0714" status: 404 len: 246 microversion: 1.1 [pid: 8|app: 0|req: 294/584] 10.0.0.24 () {34 vars in 814 bytes} [Thu Jun 11 18:48:23 2026] DELETE /resource_providers/26ff5972-0cc0-4e8e-add3-9a37807f0714 => generated 246 bytes in 10 msecs (HTTP/1.1 404) 6 headers in 231 bytes (1 switches on core 0)
2026-06-11 18:48:23.426 7 INFO placement.requestlog [None req-476abc9f-0bb1-4398-a204-f367e5a3d9ba cb93362f15cb4621943ea97dfc58dc27 c62f0277cc044fed808df32e2b09ccd9 - - 9f691506704341abb4bb2db54e6207d8 9f691506704341abb4bb2db54e6207d8] 10.0.0.24 "GET /resource_providers/26ff5972-0cc0-4e8e-add3-9a37807f0714/aggregates" status: 404 len: 235 microversion: 1.1 [pid: 7|app: 0|req: 291/585] 10.0.0.24 () {32 vars in 814 bytes} [Thu Jun 11 18:48:23 2026] GET /resource_providers/26ff5972-0cc0-4e8e-add3-9a37807f0714/aggregates => generated 235 bytes in 125 msecs (HTTP/1.1 404) 5 headers in 202 bytes (1 switches on core 0)
2026-06-11 18:48:23.448 8 INFO placement.requestlog [None req-8e84c0e4-df0c-4b54-92ad-7f588fa587fd cb93362f15cb4621943ea97dfc58dc27 c62f0277cc044fed808df32e2b09ccd9 - - 9f691506704341abb4bb2db54e6207d8 9f691506704341abb4bb2db54e6207d8] 10.0.0.24 "DELETE /resource_providers/26ff5972-0cc0-4e8e-add3-9a37807f0714" status: 404 len: 246 microversion: 1.1 [pid: 8|app: 0|req: 295/586] 10.0.0.24 () {34 vars in 814 bytes} [Thu Jun 11 18:48:23 2026] DELETE /resource_providers/26ff5972-0cc0-4e8e-add3-9a37807f0714 => generated 246 bytes in 15 msecs (HTTP/1.1 404) 6 headers in 231 bytes (1 switches on core 0)
2026-06-11 18:48:23.554 7 INFO placement.requestlog [req-e20f514b-e0da-4637-b897-a547d02707db req-165e6634-fa7b-4133-927c-8d979f653082 923995ce9b7d497c8237c22bf65ae819 c62f0277cc044fed808df32e2b09ccd9 - - 9f691506704341abb4bb2db54e6207d8 9f691506704341abb4bb2db54e6207d8] 199.204.45.240 "GET /allocations/41f367ab-edbe-4cbc-9ab6-3eb2adb9c95e" status: 200 len: 257 microversion: 1.28 [pid: 7|app: 0|req: 292/587] 199.204.45.240 () {34 vars in 862 bytes} [Thu Jun 11 18:48:23 2026] GET /allocations/41f367ab-edbe-4cbc-9ab6-3eb2adb9c95e => generated 257 bytes in 21 msecs (HTTP/1.1 200) 8 headers in 296 bytes (1 switches on core 0)
2026-06-11 18:48:24.598 8 INFO placement.requestlog [req-e20f514b-e0da-4637-b897-a547d02707db req-dd64d319-ac3c-4b9c-8eb8-6f7937c51217 923995ce9b7d497c8237c22bf65ae819 c62f0277cc044fed808df32e2b09ccd9 - - 9f691506704341abb4bb2db54e6207d8 9f691506704341abb4bb2db54e6207d8] 199.204.45.240 "GET /resource_providers/5301867d-292a-4da4-ac16-d5ae0233ac0f/allocations" status: 200 len: 252 microversion: 1.0 [pid: 8|app: 0|req: 296/588] 199.204.45.240 () {32 vars in 856 bytes} [Thu Jun 11 18:48:24 2026] GET /resource_providers/5301867d-292a-4da4-ac16-d5ae0233ac0f/allocations => generated 252 bytes in 17 msecs (HTTP/1.1 200) 6 headers in 224 bytes (1 switches on core 0)
2026-06-11 18:48:24.626 7 INFO placement.requestlog [req-e20f514b-e0da-4637-b897-a547d02707db req-5a7f9036-e41f-43be-993e-5f61d85f544f 923995ce9b7d497c8237c22bf65ae819 c62f0277cc044fed808df32e2b09ccd9 - - 9f691506704341abb4bb2db54e6207d8 9f691506704341abb4bb2db54e6207d8] 199.204.45.240 "GET /allocations/41f367ab-edbe-4cbc-9ab6-3eb2adb9c95e" status: 200 len: 257 microversion: 1.28 [pid: 7|app: 0|req: 293/589] 199.204.45.240 () {34 vars in 862 bytes} [Thu Jun 11 18:48:24 2026] GET /allocations/41f367ab-edbe-4cbc-9ab6-3eb2adb9c95e => generated 257 bytes in 14 msecs (HTTP/1.1 200) 8 headers in 296 bytes (1 switches on core 0)
2026-06-11 18:48:24.650 8 INFO placement.requestlog [req-e20f514b-e0da-4637-b897-a547d02707db req-fa2d727f-f211-4bc6-9b5c-855c874104f1 923995ce9b7d497c8237c22bf65ae819 c62f0277cc044fed808df32e2b09ccd9 - - 9f691506704341abb4bb2db54e6207d8 9f691506704341abb4bb2db54e6207d8] 199.204.45.240 "GET /allocations/0723f6e8-1eaa-4371-967c-0031422b15c0" status: 200 len: 257 microversion: 1.28 [pid: 8|app: 0|req: 297/590] 199.204.45.240 () {34 vars in 862 bytes} [Thu Jun 11 18:48:24 2026] GET /allocations/0723f6e8-1eaa-4371-967c-0031422b15c0 => generated 257 bytes in 15 msecs (HTTP/1.1 200) 8 headers in 296 bytes (1 switches on core 0)
2026-06-11 18:48:29.116 7 INFO placement.requestlog [None req-65c6b210-4cb9-4999-bd5b-94ac928311e9 - - - - - -] 10.0.0.48 "GET /" status: 200 len: 136 microversion: 1.0
2026-06-11 18:48:30.417 8 INFO placement.requestlog [None req-4ea5c4a2-bdd5-4225-b0f0-9087b0cc47f1 - - - - - -] 10.0.0.48 "GET /" status: 200 len: 136 microversion: 1.0
2026-06-11 18:48:33.226 7 INFO placement.requestlog [req-0a95616d-7b64-4f16-aaca-0eade37eb5d1 req-e221ebf5-541d-4cd8-890d-0145e59ea042 923995ce9b7d497c8237c22bf65ae819 c62f0277cc044fed808df32e2b09ccd9 - - 9f691506704341abb4bb2db54e6207d8 9f691506704341abb4bb2db54e6207d8] 10.0.0.115 "GET /allocation_candidates?limit=1000&resources=DISK_GB%3A1%2CMEMORY_MB%3A512%2CVCPU%3A1&root_required=%21COMPUTE_STATUS_DISABLED" status: 200 len: 2784 microversion: 1.36 [pid: 7|app: 0|req: 295/593] 10.0.0.115 () {34 vars in 1011 bytes} [Thu Jun 11 18:48:33 2026] GET /allocation_candidates?limit=1000&resources=DISK_GB%3A1%2CMEMORY_MB%3A512%2CVCPU%3A1&root_required=%21COMPUTE_STATUS_DISABLED => generated 2784 bytes in 52 msecs (HTTP/1.1 200) 8 headers in 297 bytes (1 switches on core 0)
2026-06-11 18:48:33.258 8 INFO placement.requestlog [req-0a95616d-7b64-4f16-aaca-0eade37eb5d1 req-7b0e24de-733a-4b51-9376-ed44e0999a63 923995ce9b7d497c8237c22bf65ae819 c62f0277cc044fed808df32e2b09ccd9 - - 9f691506704341abb4bb2db54e6207d8 9f691506704341abb4bb2db54e6207d8] 10.0.0.115 "GET /allocations/ef61a5cb-4bd4-4b5b-8f59-998a488055dd" status: 200 len: 19 microversion: 1.28 [pid: 8|app: 0|req: 299/594] 10.0.0.115 () {34 vars in 860 bytes} [Thu Jun 11 18:48:33 2026] GET /allocations/ef61a5cb-4bd4-4b5b-8f59-998a488055dd => generated 19 bytes in 12 msecs (HTTP/1.1 200) 8 headers in 295 bytes (1 switches on core 0)
2026-06-11 18:48:33.316 7 INFO placement.requestlog [req-0a95616d-7b64-4f16-aaca-0eade37eb5d1 req-a012830e-464d-4147-8583-b0a0778d455a 923995ce9b7d497c8237c22bf65ae819 c62f0277cc044fed808df32e2b09ccd9 - - 9f691506704341abb4bb2db54e6207d8 9f691506704341abb4bb2db54e6207d8] 10.0.0.115 "PUT /allocations/ef61a5cb-4bd4-4b5b-8f59-998a488055dd" status: 204 len: 0 microversion: 1.36 [pid: 7|app: 0|req: 296/595] 10.0.0.115 () {38 vars in 913 bytes} [Thu Jun 11 18:48:33 2026] PUT /allocations/ef61a5cb-4bd4-4b5b-8f59-998a488055dd => generated 0 bytes in 52 msecs (HTTP/1.1 204) 5 headers in 199 bytes (1 switches on core 0)
2026-06-11 18:48:34.822 8 INFO placement.requestlog [req-0a95616d-7b64-4f16-aaca-0eade37eb5d1 req-cc73fe63-3c49-4e97-ba2e-97da4193c8a8 923995ce9b7d497c8237c22bf65ae819 c62f0277cc044fed808df32e2b09ccd9 - - 9f691506704341abb4bb2db54e6207d8 9f691506704341abb4bb2db54e6207d8] 199.204.45.240 "GET /allocations/ef61a5cb-4bd4-4b5b-8f59-998a488055dd" status: 200 len: 257 microversion: 1.28 [pid: 8|app: 0|req: 300/596] 199.204.45.240 () {34 vars in 862 bytes} [Thu Jun 11 18:48:34 2026] GET /allocations/ef61a5cb-4bd4-4b5b-8f59-998a488055dd => generated 257 bytes in 13 msecs (HTTP/1.1 200) 8 headers in 296 bytes (1 switches on core 0)
2026-06-11 18:48:35.860 7 INFO placement.requestlog [req-0a95616d-7b64-4f16-aaca-0eade37eb5d1 req-48f89043-2e71-4505-bc6a-0a27a1ba2064 923995ce9b7d497c8237c22bf65ae819 c62f0277cc044fed808df32e2b09ccd9 - - 9f691506704341abb4bb2db54e6207d8 9f691506704341abb4bb2db54e6207d8] 199.204.45.240 "GET /resource_providers/5301867d-292a-4da4-ac16-d5ae0233ac0f/allocations" status: 200 len: 352 microversion: 1.0 [pid: 7|app: 0|req: 297/597] 199.204.45.240 () {32 vars in 856 bytes} [Thu Jun 11 18:48:35 2026] GET /resource_providers/5301867d-292a-4da4-ac16-d5ae0233ac0f/allocations => generated 352 bytes in 18 msecs (HTTP/1.1 200) 6 headers in 224 bytes (1 switches on core 0)
2026-06-11 18:48:35.881 8 INFO placement.requestlog [req-0a95616d-7b64-4f16-aaca-0eade37eb5d1 req-08bdb1df-b386-4802-b7fe-9837b547589a 923995ce9b7d497c8237c22bf65ae819 c62f0277cc044fed808df32e2b09ccd9 - - 9f691506704341abb4bb2db54e6207d8 9f691506704341abb4bb2db54e6207d8] 199.204.45.240 "GET /allocations/41f367ab-edbe-4cbc-9ab6-3eb2adb9c95e" status: 200 len: 257 microversion: 1.28 [pid: 8|app: 0|req: 301/598] 199.204.45.240 () {34 vars in 862 bytes} [Thu Jun 11 18:48:35 2026] GET /allocations/41f367ab-edbe-4cbc-9ab6-3eb2adb9c95e => generated 257 bytes in 13 msecs (HTTP/1.1 200) 8 headers in 296 bytes (1 switches on core 0)
2026-06-11 18:48:35.900 7 INFO placement.requestlog [req-0a95616d-7b64-4f16-aaca-0eade37eb5d1 req-7a24b79d-d6eb-489a-99f8-c5672225dda8 923995ce9b7d497c8237c22bf65ae819 c62f0277cc044fed808df32e2b09ccd9 - - 9f691506704341abb4bb2db54e6207d8 9f691506704341abb4bb2db54e6207d8] 199.204.45.240 "GET /allocations/ef61a5cb-4bd4-4b5b-8f59-998a488055dd" status: 200 len: 257 microversion: 1.28 [pid: 7|app: 0|req: 298/599] 199.204.45.240 () {34 vars in 862 bytes} [Thu Jun 11 18:48:35 2026] GET /allocations/ef61a5cb-4bd4-4b5b-8f59-998a488055dd => generated 257 bytes in 12 msecs (HTTP/1.1 200) 8 headers in 296 bytes (1 switches on core 0)
2026-06-11 18:48:35.918 8 INFO placement.requestlog [req-0a95616d-7b64-4f16-aaca-0eade37eb5d1 req-b35b07a3-7909-4e7d-8638-8d0f251198ea 923995ce9b7d497c8237c22bf65ae819 c62f0277cc044fed808df32e2b09ccd9 - - 9f691506704341abb4bb2db54e6207d8 9f691506704341abb4bb2db54e6207d8] 199.204.45.240 "GET /allocations/0723f6e8-1eaa-4371-967c-0031422b15c0" status: 200 len: 257 microversion: 1.28 [pid: 8|app: 0|req: 302/600] 199.204.45.240 () {34 vars in 862 bytes} [Thu Jun 11 18:48:35 2026] GET /allocations/0723f6e8-1eaa-4371-967c-0031422b15c0 => generated 257 bytes in 13 msecs (HTTP/1.1 200) 8 headers in 296 bytes (1 switches on core 0)
2026-06-11 18:48:39.116 7 INFO placement.requestlog [None req-9142573f-9f98-4377-8352-f716756f6ea7 - - - - - -] 10.0.0.48 "GET /" status: 200 len: 136 microversion: 1.0
2026-06-11 18:48:40.417 8 INFO placement.requestlog [None req-006d6c8e-32a9-4242-927b-86aef50f14d9 - - - - - -] 10.0.0.48 "GET /" status: 200 len: 136 microversion: 1.0
2026-06-11 18:48:49.119 7 INFO placement.requestlog [None req-1883319d-270c-4022-938a-c02478ffd9fb - - - - - -] 10.0.0.48 "GET /" status: 200 len: 136 microversion: 1.0
2026-06-11 18:48:50.417 8 INFO placement.requestlog [None req-f72ed5f0-ed74-4804-8008-e041889a9b08 - - - - - -] 10.0.0.48 "GET /" status: 200 len: 136 microversion: 1.0
2026-06-11 18:48:51.882 7 INFO placement.requestlog [req-5740e69c-4e2a-4c92-a724-c3e617e3dd56 req-1bafd806-bb30-4974-bfcf-b9f18ba65b72 923995ce9b7d497c8237c22bf65ae819 c62f0277cc044fed808df32e2b09ccd9 - - 9f691506704341abb4bb2db54e6207d8 9f691506704341abb4bb2db54e6207d8] 199.204.45.240 "GET /resource_providers/5301867d-292a-4da4-ac16-d5ae0233ac0f/allocations" status: 200 len: 352 microversion: 1.0 [pid: 7|app: 0|req: 301/605] 199.204.45.240 () {32 vars in 856 bytes} [Thu Jun 11 18:48:51 2026] GET /resource_providers/5301867d-292a-4da4-ac16-d5ae0233ac0f/allocations => generated 352 bytes in 14 msecs (HTTP/1.1 200) 6 headers in 224 bytes (1 switches on core 0)
2026-06-11 18:48:51.899 8 INFO placement.requestlog [req-5740e69c-4e2a-4c92-a724-c3e617e3dd56 req-326b63eb-f116-4547-91ef-9f74e1103ab9 923995ce9b7d497c8237c22bf65ae819 c62f0277cc044fed808df32e2b09ccd9 - - 9f691506704341abb4bb2db54e6207d8 9f691506704341abb4bb2db54e6207d8] 199.204.45.240 "GET /allocations/41f367ab-edbe-4cbc-9ab6-3eb2adb9c95e" status: 200 len: 257 microversion: 1.28 [pid: 8|app: 0|req: 305/606] 199.204.45.240 () {34 vars in 862 bytes} [Thu Jun 11 18:48:51 2026] GET /allocations/41f367ab-edbe-4cbc-9ab6-3eb2adb9c95e => generated 257 bytes in 11 msecs (HTTP/1.1 200) 8 headers in 296 bytes (1 switches on core 0)
2026-06-11 18:48:51.918 7 INFO placement.requestlog [req-5740e69c-4e2a-4c92-a724-c3e617e3dd56 req-19afcfde-ff9d-483b-9a7f-499be2d5b5e5 923995ce9b7d497c8237c22bf65ae819 c62f0277cc044fed808df32e2b09ccd9 - - 9f691506704341abb4bb2db54e6207d8 9f691506704341abb4bb2db54e6207d8] 199.204.45.240 "GET /allocations/ef61a5cb-4bd4-4b5b-8f59-998a488055dd" status: 200 len: 257 microversion: 1.28 [pid: 7|app: 0|req: 302/607] 199.204.45.240 () {34 vars in 862 bytes} [Thu Jun 11 18:48:51 2026] GET /allocations/ef61a5cb-4bd4-4b5b-8f59-998a488055dd => generated 257 bytes in 13 msecs (HTTP/1.1 200) 8 headers in 296 bytes (1 switches on core 0)
2026-06-11 18:48:51.936 8 INFO placement.requestlog [req-5740e69c-4e2a-4c92-a724-c3e617e3dd56 req-ee8ce9e9-1d8d-443c-84b1-2715a6d5c291 923995ce9b7d497c8237c22bf65ae819 c62f0277cc044fed808df32e2b09ccd9 - - 9f691506704341abb4bb2db54e6207d8 9f691506704341abb4bb2db54e6207d8] 199.204.45.240 "GET /allocations/0723f6e8-1eaa-4371-967c-0031422b15c0" status: 200 len: 257 microversion: 1.28 [pid: 8|app: 0|req: 306/608] 199.204.45.240 () {34 vars in 862 bytes} [Thu Jun 11 18:48:51 2026] GET /allocations/0723f6e8-1eaa-4371-967c-0031422b15c0 => generated 257 bytes in 13 msecs (HTTP/1.1 200) 8 headers in 296 bytes (1 switches on core 0)
2026-06-11 18:48:52.994 7 INFO placement.requestlog [req-5740e69c-4e2a-4c92-a724-c3e617e3dd56 req-2b628fc6-d0a7-4fb7-b332-e0b13c7d1a69 923995ce9b7d497c8237c22bf65ae819 c62f0277cc044fed808df32e2b09ccd9 - - 9f691506704341abb4bb2db54e6207d8 9f691506704341abb4bb2db54e6207d8] 199.204.45.240 "DELETE /allocations/41f367ab-edbe-4cbc-9ab6-3eb2adb9c95e" status: 204 len: 0 microversion: 1.0 [pid: 7|app: 0|req: 303/609] 199.204.45.240 () {34 vars in 840 bytes} [Thu Jun 11 18:48:52 2026] DELETE /allocations/41f367ab-edbe-4cbc-9ab6-3eb2adb9c95e => generated 0 bytes in 25 msecs (HTTP/1.1 204) 5 headers in 198 bytes (1 switches on core 0)
2026-06-11 18:48:57.706 8 INFO placement.requestlog [None req-93697cf5-f9a5-461c-a664-298814e26be9 cb93362f15cb4621943ea97dfc58dc27 c62f0277cc044fed808df32e2b09ccd9 - - 9f691506704341abb4bb2db54e6207d8 9f691506704341abb4bb2db54e6207d8] 10.0.0.24 "GET /resource_providers/c5bfeb7e-6acb-4cc1-a556-810225e4c597/aggregates" status: 404 len: 235 microversion: 1.1 [pid: 8|app: 0|req: 307/610] 10.0.0.24 () {32 vars in 814 bytes} [Thu Jun 11 18:48:57 2026] GET /resource_providers/c5bfeb7e-6acb-4cc1-a556-810225e4c597/aggregates => generated 235 bytes in 8 msecs (HTTP/1.1 404) 5 headers in 202 bytes (1 switches on core 0)
2026-06-11 18:48:57.709 7 INFO placement.requestlog [None req-7c74f88f-3f8c-4b32-b702-d04a1dbbd741 cb93362f15cb4621943ea97dfc58dc27 c62f0277cc044fed808df32e2b09ccd9 - - 9f691506704341abb4bb2db54e6207d8 9f691506704341abb4bb2db54e6207d8] 10.0.0.24 "GET /resource_providers/c5bfeb7e-6acb-4cc1-a556-810225e4c597/aggregates" status: 404 len: 235 microversion: 1.1 [pid: 7|app: 0|req: 304/611] 10.0.0.24 () {32 vars in 814 bytes} [Thu Jun 11 18:48:57 2026] GET /resource_providers/c5bfeb7e-6acb-4cc1-a556-810225e4c597/aggregates => generated 235 bytes in 11 msecs (HTTP/1.1 404) 5 headers in 202 bytes (1 switches on core 0)
2026-06-11 18:48:57.735 8 INFO placement.requestlog [None req-4fc8a00e-4183-4aeb-9f2e-e7dcb3809710 cb93362f15cb4621943ea97dfc58dc27 c62f0277cc044fed808df32e2b09ccd9 - - 9f691506704341abb4bb2db54e6207d8 9f691506704341abb4bb2db54e6207d8] 10.0.0.24 "DELETE /resource_providers/c5bfeb7e-6acb-4cc1-a556-810225e4c597" status: 404 len: 246 microversion: 1.1 [pid: 8|app: 0|req: 308/612] 10.0.0.24 () {34 vars in 814 bytes} [Thu Jun 11 18:48:57 2026] DELETE /resource_providers/c5bfeb7e-6acb-4cc1-a556-810225e4c597 => generated 246 bytes in 11 msecs (HTTP/1.1 404) 6 headers in 231 bytes (1 switches on core 0)
2026-06-11 18:48:57.740 7 INFO placement.requestlog [None req-74c6ebd7-0351-4180-997a-16dacf842222 cb93362f15cb4621943ea97dfc58dc27 c62f0277cc044fed808df32e2b09ccd9 - - 9f691506704341abb4bb2db54e6207d8 9f691506704341abb4bb2db54e6207d8] 10.0.0.24 "DELETE /resource_providers/c5bfeb7e-6acb-4cc1-a556-810225e4c597" status: 404 len: 246 microversion: 1.1 [pid: 7|app: 0|req: 305/613] 10.0.0.24 () {34 vars in 814 bytes} [Thu Jun 11 18:48:57 2026] DELETE /resource_providers/c5bfeb7e-6acb-4cc1-a556-810225e4c597 => generated 246 bytes in 12 msecs (HTTP/1.1 404) 6 headers in 231 bytes (1 switches on core 0)
2026-06-11 18:48:59.116 8 INFO placement.requestlog [None req-103b714e-0462-4f46-9795-378f1a5dc86b - - - - - -] 10.0.0.48 "GET /" status: 200 len: 136 microversion: 1.0
2026-06-11 18:49:00.417 7 INFO placement.requestlog [None req-36ebfadc-96b4-4a8d-bb58-e28e573c5385 - - - - - -] 10.0.0.48 "GET /" status: 200 len: 136 microversion: 1.0
2026-06-11 18:49:04.179 8 INFO placement.requestlog [None req-f4a658c1-6dbe-4ecd-b3f4-661696f03cfa cb93362f15cb4621943ea97dfc58dc27 c62f0277cc044fed808df32e2b09ccd9 - - 9f691506704341abb4bb2db54e6207d8 9f691506704341abb4bb2db54e6207d8] 10.0.0.24 "GET /resource_providers/02c66892-7eb3-4fb7-9207-8cd3276666d7/aggregates" status: 404 len: 235 microversion: 1.1 [pid: 8|app: 0|req: 310/616] 10.0.0.24 () {32 vars in 814 bytes} [Thu Jun 11 18:49:04 2026] GET /resource_providers/02c66892-7eb3-4fb7-9207-8cd3276666d7/aggregates => generated 235 bytes in 9 msecs (HTTP/1.1 404) 5 headers in 202 bytes (1 switches on core 0)
2026-06-11 18:49:04.189 7 INFO placement.requestlog [None req-eda4bbec-4bbb-4934-b2f9-17fb543e020a cb93362f15cb4621943ea97dfc58dc27 c62f0277cc044fed808df32e2b09ccd9 - - 9f691506704341abb4bb2db54e6207d8 9f691506704341abb4bb2db54e6207d8] 10.0.0.24 "GET /resource_providers/02c66892-7eb3-4fb7-9207-8cd3276666d7/aggregates" status: 404 len: 235 microversion: 1.1 [pid: 7|app: 0|req: 307/617] 10.0.0.24 () {32 vars in 814 bytes} [Thu Jun 11 18:49:04 2026] GET /resource_providers/02c66892-7eb3-4fb7-9207-8cd3276666d7/aggregates => generated 235 bytes in 15 msecs (HTTP/1.1 404) 5 headers in 202 bytes (1 switches on core 0)
2026-06-11 18:49:04.202 8 INFO placement.requestlog [None req-0ce1a6ac-83a3-4a1d-bbf4-2a7e19727aaf cb93362f15cb4621943ea97dfc58dc27 c62f0277cc044fed808df32e2b09ccd9 - - 9f691506704341abb4bb2db54e6207d8 9f691506704341abb4bb2db54e6207d8] 10.0.0.24 "DELETE /resource_providers/02c66892-7eb3-4fb7-9207-8cd3276666d7" status: 404 len: 246 microversion: 1.1 [pid: 8|app: 0|req: 311/618] 10.0.0.24 () {34 vars in 814 bytes} [Thu Jun 11 18:49:04 2026] DELETE /resource_providers/02c66892-7eb3-4fb7-9207-8cd3276666d7 => generated 246 bytes in 10 msecs (HTTP/1.1 404) 6 headers in 231 bytes (1 switches on core 0)
2026-06-11 18:49:04.224 7 INFO placement.requestlog [None req-fd7bed02-5968-4b9c-a248-dcbcdae770f5 cb93362f15cb4621943ea97dfc58dc27 c62f0277cc044fed808df32e2b09ccd9 - - 9f691506704341abb4bb2db54e6207d8 9f691506704341abb4bb2db54e6207d8] 10.0.0.24 "DELETE /resource_providers/02c66892-7eb3-4fb7-9207-8cd3276666d7" status: 404 len: 246 microversion: 1.1 [pid: 7|app: 0|req: 308/619] 10.0.0.24 () {34 vars in 814 bytes} [Thu Jun 11 18:49:04 2026] DELETE /resource_providers/02c66892-7eb3-4fb7-9207-8cd3276666d7 => generated 246 bytes in 28 msecs (HTTP/1.1 404) 6 headers in 231 bytes (1 switches on core 0)
2026-06-11 18:49:09.116 8 INFO placement.requestlog [None req-bc4290f3-43ec-4893-81fe-ac13565376e3 - - - - - -] 10.0.0.48 "GET /" status: 200 len: 136 microversion: 1.0
2026-06-11 18:49:10.418 7 INFO placement.requestlog [None req-52e242c6-4d48-4cd4-b7ad-f3635953471e - - - - - -] 10.0.0.48 "GET /" status: 200 len: 136 microversion: 1.0
2026-06-11 18:49:13.472 8 INFO placement.requestlog [req-1cda8d77-4c79-4b7b-b798-becde729767c req-c00c42c9-6b58-499b-9f53-f2b756f40852 923995ce9b7d497c8237c22bf65ae819 c62f0277cc044fed808df32e2b09ccd9 - - 9f691506704341abb4bb2db54e6207d8 9f691506704341abb4bb2db54e6207d8] 199.204.45.240 "GET /resource_providers/5301867d-292a-4da4-ac16-d5ae0233ac0f/allocations" status: 200 len: 252 microversion: 1.0 [pid: 8|app: 0|req: 313/622] 199.204.45.240 () {32 vars in 856 bytes} [Thu Jun 11 18:49:13 2026] GET /resource_providers/5301867d-292a-4da4-ac16-d5ae0233ac0f/allocations => generated 252 bytes in 13 msecs (HTTP/1.1 200) 6 headers in 224 bytes (1 switches on core 0)
2026-06-11 18:49:13.502 7 INFO placement.requestlog [req-1cda8d77-4c79-4b7b-b798-becde729767c req-9d8039cd-d11f-4940-bc92-986cc78fff4f 923995ce9b7d497c8237c22bf65ae819 c62f0277cc044fed808df32e2b09ccd9 - - 9f691506704341abb4bb2db54e6207d8 9f691506704341abb4bb2db54e6207d8] 199.204.45.240 "GET /allocations/ef61a5cb-4bd4-4b5b-8f59-998a488055dd" status: 200 len: 257 microversion: 1.28 [pid: 7|app: 0|req: 310/623] 199.204.45.240 () {34 vars in 862 bytes} [Thu Jun 11 18:49:13 2026] GET /allocations/ef61a5cb-4bd4-4b5b-8f59-998a488055dd => generated 257 bytes in 25 msecs (HTTP/1.1 200) 8 headers in 296 bytes (1 switches on core 0)
2026-06-11 18:49:13.520 8 INFO placement.requestlog [req-1cda8d77-4c79-4b7b-b798-becde729767c req-7adb880c-6c77-4063-bc3a-f664759c48a5 923995ce9b7d497c8237c22bf65ae819 c62f0277cc044fed808df32e2b09ccd9 - - 9f691506704341abb4bb2db54e6207d8 9f691506704341abb4bb2db54e6207d8] 199.204.45.240 "GET /allocations/0723f6e8-1eaa-4371-967c-0031422b15c0" status: 200 len: 257 microversion: 1.28 [pid: 8|app: 0|req: 314/624] 199.204.45.240 () {34 vars in 862 bytes} [Thu Jun 11 18:49:13 2026] GET /allocations/0723f6e8-1eaa-4371-967c-0031422b15c0 => generated 257 bytes in 11 msecs (HTTP/1.1 200) 8 headers in 296 bytes (1 switches on core 0)
2026-06-11 18:49:14.568 7 INFO placement.requestlog [req-1cda8d77-4c79-4b7b-b798-becde729767c req-158ffe17-9ee9-4829-8183-987569a39514 923995ce9b7d497c8237c22bf65ae819 c62f0277cc044fed808df32e2b09ccd9 - - 9f691506704341abb4bb2db54e6207d8 9f691506704341abb4bb2db54e6207d8] 199.204.45.240 "DELETE /allocations/ef61a5cb-4bd4-4b5b-8f59-998a488055dd" status: 204 len: 0 microversion: 1.0 [pid: 7|app: 0|req: 311/625] 199.204.45.240 () {34 vars in 840 bytes} [Thu Jun 11 18:49:14 2026] DELETE /allocations/ef61a5cb-4bd4-4b5b-8f59-998a488055dd => generated 0 bytes in 27 msecs (HTTP/1.1 204) 5 headers in 198 bytes (1 switches on core 0)
2026-06-11 18:49:17.729 8 INFO placement.requestlog [req-32dbe17f-46ef-42c8-bf8b-9ffb4b36fa77 req-ede22937-451d-48fe-9ea8-e7c7431d1266 923995ce9b7d497c8237c22bf65ae819 c62f0277cc044fed808df32e2b09ccd9 - - 9f691506704341abb4bb2db54e6207d8 9f691506704341abb4bb2db54e6207d8] 199.204.45.240 "GET /resource_providers/5301867d-292a-4da4-ac16-d5ae0233ac0f/allocations" status: 200 len: 152 microversion: 1.0 [pid: 8|app: 0|req: 315/626] 199.204.45.240 () {32 vars in 856 bytes} [Thu Jun 11 18:49:17 2026] GET /resource_providers/5301867d-292a-4da4-ac16-d5ae0233ac0f/allocations => generated 152 bytes in 17 msecs (HTTP/1.1 200) 6 headers in 224 bytes (1 switches on core 0)
2026-06-11 18:49:17.753 7 INFO placement.requestlog [req-32dbe17f-46ef-42c8-bf8b-9ffb4b36fa77 req-18c6500c-b36c-457f-a5bc-3f345ffd1c4b 923995ce9b7d497c8237c22bf65ae819 c62f0277cc044fed808df32e2b09ccd9 - - 9f691506704341abb4bb2db54e6207d8 9f691506704341abb4bb2db54e6207d8] 199.204.45.240 "GET /resource_providers/5301867d-292a-4da4-ac16-d5ae0233ac0f/allocations" status: 200 len: 152 microversion: 1.0 [pid: 7|app: 0|req: 312/627] 199.204.45.240 () {32 vars in 856 bytes} [Thu Jun 11 18:49:17 2026] GET /resource_providers/5301867d-292a-4da4-ac16-d5ae0233ac0f/allocations => generated 152 bytes in 16 msecs (HTTP/1.1 200) 6 headers in 224 bytes (1 switches on core 0)
2026-06-11 18:49:17.772 8 INFO placement.requestlog [req-32dbe17f-46ef-42c8-bf8b-9ffb4b36fa77 req-5a8bbea5-3772-4cbe-bfdb-20282c81bfa8 923995ce9b7d497c8237c22bf65ae819 c62f0277cc044fed808df32e2b09ccd9 - - 9f691506704341abb4bb2db54e6207d8 9f691506704341abb4bb2db54e6207d8] 199.204.45.240 "GET /allocations/0723f6e8-1eaa-4371-967c-0031422b15c0" status: 200 len: 257 microversion: 1.28 [pid: 8|app: 0|req: 316/628] 199.204.45.240 () {34 vars in 862 bytes} [Thu Jun 11 18:49:17 2026] GET /allocations/0723f6e8-1eaa-4371-967c-0031422b15c0 => generated 257 bytes in 13 msecs (HTTP/1.1 200) 8 headers in 296 bytes (1 switches on core 0)
2026-06-11 18:49:18.005 8 INFO placement.requestlog [None req-30e3b7af-c66f-4b6c-b061-d1ef309746f4 cb93362f15cb4621943ea97dfc58dc27 c62f0277cc044fed808df32e2b09ccd9 - - 9f691506704341abb4bb2db54e6207d8 9f691506704341abb4bb2db54e6207d8] 10.0.0.24 "GET /resource_providers/81220940-29d9-4c27-87fe-86ed3d75eadc/aggregates" status: 404 len: 235 microversion: 1.1 [pid: 8|app: 0|req: 317/629] 10.0.0.24 () {32 vars in 814 bytes} [Thu Jun 11 18:49:17 2026] GET /resource_providers/81220940-29d9-4c27-87fe-86ed3d75eadc/aggregates => generated 235 bytes in 8 msecs (HTTP/1.1 404) 5 headers in 202 bytes (1 switches on core 0)
2026-06-11 18:49:18.009 7 INFO placement.requestlog [None req-5e6996c3-77d0-4c97-8ce7-adf97c8bfe02 cb93362f15cb4621943ea97dfc58dc27 c62f0277cc044fed808df32e2b09ccd9 - - 9f691506704341abb4bb2db54e6207d8 9f691506704341abb4bb2db54e6207d8] 10.0.0.24 "GET /resource_providers/81220940-29d9-4c27-87fe-86ed3d75eadc/aggregates" status: 404 len: 235 microversion: 1.1 [pid: 7|app: 0|req: 313/630] 10.0.0.24 () {32 vars in 814 bytes} [Thu Jun 11 18:49:17 2026] GET /resource_providers/81220940-29d9-4c27-87fe-86ed3d75eadc/aggregates => generated 235 bytes in 13 msecs (HTTP/1.1 404) 5 headers in 202 bytes (1 switches on core 0)
2026-06-11 18:49:18.026 8 INFO placement.requestlog [None req-92aa1682-636b-4ff9-9dcd-e54d0d384ec7 cb93362f15cb4621943ea97dfc58dc27 c62f0277cc044fed808df32e2b09ccd9 - - 9f691506704341abb4bb2db54e6207d8 9f691506704341abb4bb2db54e6207d8] 10.0.0.24 "DELETE /resource_providers/81220940-29d9-4c27-87fe-86ed3d75eadc" status: 404 len: 246 microversion: 1.1 [pid: 8|app: 0|req: 318/631] 10.0.0.24 () {34 vars in 814 bytes} [Thu Jun 11 18:49:18 2026] DELETE /resource_providers/81220940-29d9-4c27-87fe-86ed3d75eadc => generated 246 bytes in 10 msecs (HTTP/1.1 404) 6 headers in 231 bytes (1 switches on core 0)
2026-06-11 18:49:18.032 7 INFO placement.requestlog [None req-dff22505-504e-42c6-b174-23460831e26e cb93362f15cb4621943ea97dfc58dc27 c62f0277cc044fed808df32e2b09ccd9 - - 9f691506704341abb4bb2db54e6207d8 9f691506704341abb4bb2db54e6207d8] 10.0.0.24 "DELETE /resource_providers/81220940-29d9-4c27-87fe-86ed3d75eadc" status: 404 len: 246 microversion: 1.1 [pid: 7|app: 0|req: 314/632] 10.0.0.24 () {34 vars in 814 bytes} [Thu Jun 11 18:49:18 2026] DELETE /resource_providers/81220940-29d9-4c27-87fe-86ed3d75eadc => generated 246 bytes in 10 msecs (HTTP/1.1 404) 6 headers in 231 bytes (1 switches on core 0)
2026-06-11 18:49:19.116 8 INFO placement.requestlog [None req-71f08ae7-81bf-4901-a330-5d954092565a - - - - - -] 10.0.0.48 "GET /" status: 200 len: 136 microversion: 1.0
2026-06-11 18:49:19.543 7 INFO placement.requestlog [None req-e298c136-7881-4c2d-8e39-e0f26b416ef3 cb93362f15cb4621943ea97dfc58dc27 c62f0277cc044fed808df32e2b09ccd9 - - 9f691506704341abb4bb2db54e6207d8 9f691506704341abb4bb2db54e6207d8] 10.0.0.24 "GET /resource_providers/3aee4469-3474-48bf-9771-88fc23233e1d/aggregates" status: 404 len: 235 microversion: 1.1 [pid: 7|app: 0|req: 315/634] 10.0.0.24 () {32 vars in 814 bytes} [Thu Jun 11 18:49:19 2026] GET /resource_providers/3aee4469-3474-48bf-9771-88fc23233e1d/aggregates => generated 235 bytes in 10 msecs (HTTP/1.1 404) 5 headers in 202 bytes (1 switches on core 0)
2026-06-11 18:49:19.545 8 INFO placement.requestlog [None req-e53ccc87-d70b-452c-88b5-0a6c8f374a68 cb93362f15cb4621943ea97dfc58dc27 c62f0277cc044fed808df32e2b09ccd9 - - 9f691506704341abb4bb2db54e6207d8 9f691506704341abb4bb2db54e6207d8] 10.0.0.24 "GET /resource_providers/3aee4469-3474-48bf-9771-88fc23233e1d/aggregates" status: 404 len: 235 microversion: 1.1 [pid: 8|app: 0|req: 320/635] 10.0.0.24 () {32 vars in 814 bytes} [Thu Jun 11 18:49:19 2026] GET /resource_providers/3aee4469-3474-48bf-9771-88fc23233e1d/aggregates => generated 235 bytes in 12 msecs (HTTP/1.1 404) 5 headers in 202 bytes (1 switches on core 0)
2026-06-11 18:49:19.564 7 INFO placement.requestlog [None req-c59ae6d8-b027-45d1-bca0-38fc2d0e1880 cb93362f15cb4621943ea97dfc58dc27 c62f0277cc044fed808df32e2b09ccd9 - - 9f691506704341abb4bb2db54e6207d8 9f691506704341abb4bb2db54e6207d8] 10.0.0.24 "DELETE /resource_providers/3aee4469-3474-48bf-9771-88fc23233e1d" status: 404 len: 246 microversion: 1.1 [pid: 7|app: 0|req: 316/636] 10.0.0.24 () {34 vars in 814 bytes} [Thu Jun 11 18:49:19 2026] DELETE /resource_providers/3aee4469-3474-48bf-9771-88fc23233e1d => generated 246 bytes in 9 msecs (HTTP/1.1 404) 6 headers in 231 bytes (1 switches on core 0)
2026-06-11 18:49:19.570 8 INFO placement.requestlog [None req-a5f572b4-84f6-471e-96b8-702e5a853ef0 cb93362f15cb4621943ea97dfc58dc27 c62f0277cc044fed808df32e2b09ccd9 - - 9f691506704341abb4bb2db54e6207d8 9f691506704341abb4bb2db54e6207d8] 10.0.0.24 "DELETE /resource_providers/3aee4469-3474-48bf-9771-88fc23233e1d" status: 404 len: 246 microversion: 1.1 [pid: 8|app: 0|req: 321/637] 10.0.0.24 () {34 vars in 814 bytes} [Thu Jun 11 18:49:19 2026] DELETE /resource_providers/3aee4469-3474-48bf-9771-88fc23233e1d => generated 246 bytes in 12 msecs (HTTP/1.1 404) 6 headers in 231 bytes (1 switches on core 0)
2026-06-11 18:49:20.417 7 INFO placement.requestlog [None req-2ed2e2c4-885e-4e79-aee6-4b3a58796e23 - - - - - -] 10.0.0.48 "GET /" status: 200 len: 136 microversion: 1.0
2026-06-11 18:49:21.592 8 INFO placement.requestlog [None req-6eb93d26-9a2c-4c40-afc2-3a7f537d77fc cb93362f15cb4621943ea97dfc58dc27 c62f0277cc044fed808df32e2b09ccd9 - - 9f691506704341abb4bb2db54e6207d8 9f691506704341abb4bb2db54e6207d8] 10.0.0.24 "GET /resource_providers/56d0bbdd-8003-4df5-b84d-7642c4a957e6/aggregates" status: 404 len: 235 microversion: 1.1
2026-06-11 18:49:21.593 7 INFO placement.requestlog [None req-7236b4cb-f996-4560-a5b6-be07aa01e005 cb93362f15cb4621943ea97dfc58dc27 c62f0277cc044fed808df32e2b09ccd9 - - 9f691506704341abb4bb2db54e6207d8 9f691506704341abb4bb2db54e6207d8] 10.0.0.24 "GET /resource_providers/56d0bbdd-8003-4df5-b84d-7642c4a957e6/aggregates" status: 404 len: 235 microversion: 1.1 [pid: 8|app: 0|req: 322/640] 10.0.0.24 () {32 vars in 814 bytes} [Thu Jun 11 18:49:21 2026] GET /resource_providers/56d0bbdd-8003-4df5-b84d-7642c4a957e6/aggregates => generated 235 bytes in 11 msecs (HTTP/1.1 404) 5 headers in 202 bytes (1 switches on core 0) [pid: 7|app: 0|req: 318/640] 10.0.0.24 () {32 vars in 814 bytes} [Thu Jun 11 18:49:21 2026] GET /resource_providers/56d0bbdd-8003-4df5-b84d-7642c4a957e6/aggregates => generated 235 bytes in 11 msecs (HTTP/1.1 404) 5 headers in 202 bytes (1 switches on core 0)
2026-06-11 18:49:21.615 8 INFO placement.requestlog [None req-13593095-be75-4d0f-8326-1ac34f82a1bf cb93362f15cb4621943ea97dfc58dc27 c62f0277cc044fed808df32e2b09ccd9 - - 9f691506704341abb4bb2db54e6207d8 9f691506704341abb4bb2db54e6207d8] 10.0.0.24 "DELETE /resource_providers/56d0bbdd-8003-4df5-b84d-7642c4a957e6" status: 404 len: 246 microversion: 1.1 [pid: 8|app: 0|req: 323/641] 10.0.0.24 () {34 vars in 814 bytes} [Thu Jun 11 18:49:21 2026] DELETE /resource_providers/56d0bbdd-8003-4df5-b84d-7642c4a957e6 => generated 246 bytes in 14 msecs (HTTP/1.1 404) 6 headers in 231 bytes (1 switches on core 0)
2026-06-11 18:49:21.617 7 INFO placement.requestlog [None req-90b78f5d-b23b-4aea-a4db-f04da5ee75e4 cb93362f15cb4621943ea97dfc58dc27 c62f0277cc044fed808df32e2b09ccd9 - - 9f691506704341abb4bb2db54e6207d8 9f691506704341abb4bb2db54e6207d8] 10.0.0.24 "DELETE /resource_providers/56d0bbdd-8003-4df5-b84d-7642c4a957e6" status: 404 len: 246 microversion: 1.1 [pid: 7|app: 0|req: 319/642] 10.0.0.24 () {34 vars in 814 bytes} [Thu Jun 11 18:49:21 2026] DELETE /resource_providers/56d0bbdd-8003-4df5-b84d-7642c4a957e6 => generated 246 bytes in 13 msecs (HTTP/1.1 404) 6 headers in 231 bytes (1 switches on core 0)
2026-06-11 18:49:22.872 8 INFO placement.requestlog [req-9d7f83e8-18e3-4c97-84fc-b023cc31da23 req-fd4c97f7-9a09-4aa9-8075-fd9c0757c3a2 923995ce9b7d497c8237c22bf65ae819 c62f0277cc044fed808df32e2b09ccd9 - - 9f691506704341abb4bb2db54e6207d8 9f691506704341abb4bb2db54e6207d8] 199.204.45.240 "GET /resource_providers/5301867d-292a-4da4-ac16-d5ae0233ac0f/allocations" status: 200 len: 152 microversion: 1.0 [pid: 8|app: 0|req: 324/643] 199.204.45.240 () {32 vars in 856 bytes} [Thu Jun 11 18:49:22 2026] GET /resource_providers/5301867d-292a-4da4-ac16-d5ae0233ac0f/allocations => generated 152 bytes in 18 msecs (HTTP/1.1 200) 6 headers in 224 bytes (1 switches on core 0)
2026-06-11 18:49:22.891 7 INFO placement.requestlog [req-9d7f83e8-18e3-4c97-84fc-b023cc31da23 req-03c3eac8-a2e1-4065-abd4-d9c96ca7ab0e 923995ce9b7d497c8237c22bf65ae819 c62f0277cc044fed808df32e2b09ccd9 - - 9f691506704341abb4bb2db54e6207d8 9f691506704341abb4bb2db54e6207d8] 199.204.45.240 "GET /allocations/0723f6e8-1eaa-4371-967c-0031422b15c0" status: 200 len: 257 microversion: 1.28 [pid: 7|app: 0|req: 320/644] 199.204.45.240 () {34 vars in 862 bytes} [Thu Jun 11 18:49:22 2026] GET /allocations/0723f6e8-1eaa-4371-967c-0031422b15c0 => generated 257 bytes in 13 msecs (HTTP/1.1 200) 8 headers in 296 bytes (1 switches on core 0)
2026-06-11 18:49:23.937 8 INFO placement.requestlog [req-9d7f83e8-18e3-4c97-84fc-b023cc31da23 req-10ac55bf-1662-4318-ae2e-ad24d3005574 923995ce9b7d497c8237c22bf65ae819 c62f0277cc044fed808df32e2b09ccd9 - - 9f691506704341abb4bb2db54e6207d8 9f691506704341abb4bb2db54e6207d8] 199.204.45.240 "DELETE /allocations/0723f6e8-1eaa-4371-967c-0031422b15c0" status: 204 len: 0 microversion: 1.0 [pid: 8|app: 0|req: 325/645] 199.204.45.240 () {34 vars in 840 bytes} [Thu Jun 11 18:49:23 2026] DELETE /allocations/0723f6e8-1eaa-4371-967c-0031422b15c0 => generated 0 bytes in 20 msecs (HTTP/1.1 204) 5 headers in 198 bytes (1 switches on core 0)
2026-06-11 18:49:27.069 7 INFO placement.requestlog [None req-9d080028-72a2-4e0d-beb0-3f127ac28704 cb93362f15cb4621943ea97dfc58dc27 c62f0277cc044fed808df32e2b09ccd9 - - 9f691506704341abb4bb2db54e6207d8 9f691506704341abb4bb2db54e6207d8] 10.0.0.24 "GET /resource_providers/a872a545-8175-4195-9c56-8aa50988cbc8/aggregates" status: 404 len: 235 microversion: 1.1 [pid: 7|app: 0|req: 321/646] 10.0.0.24 () {32 vars in 814 bytes} [Thu Jun 11 18:49:27 2026] GET /resource_providers/a872a545-8175-4195-9c56-8aa50988cbc8/aggregates => generated 235 bytes in 9 msecs (HTTP/1.1 404) 5 headers in 202 bytes (1 switches on core 0)
2026-06-11 18:49:27.078 8 INFO placement.requestlog [None req-772e668a-9414-4630-aafb-911bdf18af87 cb93362f15cb4621943ea97dfc58dc27 c62f0277cc044fed808df32e2b09ccd9 - - 9f691506704341abb4bb2db54e6207d8 9f691506704341abb4bb2db54e6207d8] 10.0.0.24 "GET /resource_providers/a872a545-8175-4195-9c56-8aa50988cbc8/aggregates" status: 404 len: 235 microversion: 1.1 [pid: 8|app: 0|req: 326/647] 10.0.0.24 () {32 vars in 814 bytes} [Thu Jun 11 18:49:27 2026] GET /resource_providers/a872a545-8175-4195-9c56-8aa50988cbc8/aggregates => generated 235 bytes in 11 msecs (HTTP/1.1 404) 5 headers in 202 bytes (1 switches on core 0)
2026-06-11 18:49:27.094 7 INFO placement.requestlog [None req-b80d3e8b-a701-4604-a09c-fc53df54d95d cb93362f15cb4621943ea97dfc58dc27 c62f0277cc044fed808df32e2b09ccd9 - - 9f691506704341abb4bb2db54e6207d8 9f691506704341abb4bb2db54e6207d8] 10.0.0.24 "DELETE /resource_providers/a872a545-8175-4195-9c56-8aa50988cbc8" status: 404 len: 246 microversion: 1.1 [pid: 7|app: 0|req: 322/648] 10.0.0.24 () {34 vars in 814 bytes} [Thu Jun 11 18:49:27 2026] DELETE /resource_providers/a872a545-8175-4195-9c56-8aa50988cbc8 => generated 246 bytes in 9 msecs (HTTP/1.1 404) 6 headers in 231 bytes (1 switches on core 0)
2026-06-11 18:49:27.102 8 INFO placement.requestlog [None req-52b44cd5-9d77-4208-a2f4-d5654f1792d1 cb93362f15cb4621943ea97dfc58dc27 c62f0277cc044fed808df32e2b09ccd9 - - 9f691506704341abb4bb2db54e6207d8 9f691506704341abb4bb2db54e6207d8] 10.0.0.24 "DELETE /resource_providers/a872a545-8175-4195-9c56-8aa50988cbc8" status: 404 len: 246 microversion: 1.1 [pid: 8|app: 0|req: 327/649] 10.0.0.24 () {34 vars in 814 bytes} [Thu Jun 11 18:49:27 2026] DELETE /resource_providers/a872a545-8175-4195-9c56-8aa50988cbc8 => generated 246 bytes in 12 msecs (HTTP/1.1 404) 6 headers in 231 bytes (1 switches on core 0)
2026-06-11 18:49:28.927 8 INFO placement.requestlog [None req-1722894c-5259-4648-86ae-60683a5e8ab8 cb93362f15cb4621943ea97dfc58dc27 c62f0277cc044fed808df32e2b09ccd9 - - 9f691506704341abb4bb2db54e6207d8 9f691506704341abb4bb2db54e6207d8] 10.0.0.24 "GET /resource_providers/46c12568-c549-4984-bc1b-5406f80b93be/aggregates" status: 404 len: 235 microversion: 1.1
2026-06-11 18:49:28.927 7 INFO placement.requestlog [None req-1bcabf0f-d915-4b80-b74d-3c641b7c6396 cb93362f15cb4621943ea97dfc58dc27 c62f0277cc044fed808df32e2b09ccd9 - - 9f691506704341abb4bb2db54e6207d8 9f691506704341abb4bb2db54e6207d8] 10.0.0.24 "GET /resource_providers/46c12568-c549-4984-bc1b-5406f80b93be/aggregates" status: 404 len: 235 microversion: 1.1 [pid: 8|app: 0|req: 328/650] 10.0.0.24 () {32 vars in 814 bytes} [Thu Jun 11 18:49:28 2026] GET /resource_providers/46c12568-c549-4984-bc1b-5406f80b93be/aggregates => generated 235 bytes in 8 msecs (HTTP/1.1 404) 5 headers in 202 bytes (1 switches on core 0) [pid: 7|app: 0|req: 323/651] 10.0.0.24 () {32 vars in 814 bytes} [Thu Jun 11 18:49:28 2026] GET /resource_providers/46c12568-c549-4984-bc1b-5406f80b93be/aggregates => generated 235 bytes in 12 msecs (HTTP/1.1 404) 5 headers in 202 bytes (1 switches on core 0)
2026-06-11 18:49:28.947 8 INFO placement.requestlog [None req-6d421e74-0148-4dea-96fa-1abe6e3c866b cb93362f15cb4621943ea97dfc58dc27 c62f0277cc044fed808df32e2b09ccd9 - - 9f691506704341abb4bb2db54e6207d8 9f691506704341abb4bb2db54e6207d8] 10.0.0.24 "DELETE /resource_providers/46c12568-c549-4984-bc1b-5406f80b93be" status: 404 len: 246 microversion: 1.1
2026-06-11 18:49:28.947 7 INFO placement.requestlog [None req-c4599d6c-ffc0-41ad-b79a-74b1ddf5c47a cb93362f15cb4621943ea97dfc58dc27 c62f0277cc044fed808df32e2b09ccd9 - - 9f691506704341abb4bb2db54e6207d8 9f691506704341abb4bb2db54e6207d8] 10.0.0.24 "DELETE /resource_providers/46c12568-c549-4984-bc1b-5406f80b93be" status: 404 len: 246 microversion: 1.1 [pid: 8|app: 0|req: 329/653] 10.0.0.24 () {34 vars in 814 bytes} [Thu Jun 11 18:49:28 2026] DELETE /resource_providers/46c12568-c549-4984-bc1b-5406f80b93be => generated 246 bytes in 8 msecs (HTTP/1.1 404) 6 headers in 231 bytes (1 switches on core 0) [pid: 7|app: 0|req: 324/653] 10.0.0.24 () {34 vars in 814 bytes} [Thu Jun 11 18:49:28 2026] DELETE /resource_providers/46c12568-c549-4984-bc1b-5406f80b93be => generated 246 bytes in 7 msecs (HTTP/1.1 404) 6 headers in 231 bytes (1 switches on core 0)
2026-06-11 18:49:29.116 8 INFO placement.requestlog [None req-f1494a4f-dec9-4899-8a58-793d4e524cf6 - - - - - -] 10.0.0.48 "GET /" status: 200 len: 136 microversion: 1.0
2026-06-11 18:49:30.417 7 INFO placement.requestlog [None req-218a65b6-d267-4c32-b159-7a0c149b30ff - - - - - -] 10.0.0.48 "GET /" status: 200 len: 136 microversion: 1.0
2026-06-11 18:49:32.370 8 INFO placement.requestlog [None req-50bada9d-8f90-4e5b-af4f-747117fa5a6b cb93362f15cb4621943ea97dfc58dc27 c62f0277cc044fed808df32e2b09ccd9 - - 9f691506704341abb4bb2db54e6207d8 9f691506704341abb4bb2db54e6207d8] 10.0.0.24 "GET /resource_providers/95ac2a21-7714-496b-ac13-c52a25376c41/aggregates" status: 404 len: 235 microversion: 1.1 [pid: 8|app: 0|req: 331/656] 10.0.0.24 () {32 vars in 814 bytes} [Thu Jun 11 18:49:32 2026] GET /resource_providers/95ac2a21-7714-496b-ac13-c52a25376c41/aggregates => generated 235 bytes in 10 msecs (HTTP/1.1 404) 5 headers in 202 bytes (1 switches on core 0)
