2026-05-09 17:59:13.794 10 INFO neutron.wsgi [None req-e660798b-0e05-45dc-9977-58c9fc7b4100 403c861a68fa4d29b7a03bd97f863667 11d5b78ddac64b9aac04041d6853d349 - - default default] 10.0.0.188 "GET /v2.0/security-groups?tenant_id=950d1bced14c4865889d609d849ec975&name=default HTTP/1.1" status: 200 len: 2992 time: 0.3887944
2026-05-09 17:59:14.012 9 WARNING neutron.scheduler.dhcp_agent_scheduler [None req-775d8a6b-2807-4474-9afd-6333a151488d 403c861a68fa4d29b7a03bd97f863667 11d5b78ddac64b9aac04041d6853d349 - - default default] No more DHCP agents
2026-05-09 17:59:14.020 9 WARNING neutron.api.rpc.agentnotifiers.dhcp_rpc_agent_api [None req-775d8a6b-2807-4474-9afd-6333a151488d 403c861a68fa4d29b7a03bd97f863667 11d5b78ddac64b9aac04041d6853d349 - - default default] Unable to schedule network d770e019-2c82-4a88-8b40-23a07a5dea9f: no agents available; will retry on subsequent port and subnet creation events.
2026-05-09 17:59:14.023 9 WARNING neutron.scheduler.dhcp_agent_scheduler [None req-7e4ba3d7-7f70-456f-8d3d-14b422fad031 403c861a68fa4d29b7a03bd97f863667 11d5b78ddac64b9aac04041d6853d349 - - default default] No more DHCP agents
2026-05-09 17:59:14.032 9 WARNING neutron.api.rpc.agentnotifiers.dhcp_rpc_agent_api [None req-7e4ba3d7-7f70-456f-8d3d-14b422fad031 403c861a68fa4d29b7a03bd97f863667 11d5b78ddac64b9aac04041d6853d349 - - default default] Unable to schedule network e6ef6860-2146-4f10-b5aa-7777488cdc80: no agents available; will retry on subsequent port and subnet creation events.
2026-05-09 17:59:14.035 9 WARNING neutron.scheduler.dhcp_agent_scheduler [None req-4fd3e335-adbd-431d-b2d0-420bfabf6b2d 403c861a68fa4d29b7a03bd97f863667 11d5b78ddac64b9aac04041d6853d349 - - default default] No more DHCP agents
2026-05-09 17:59:14.042 9 WARNING neutron.api.rpc.agentnotifiers.dhcp_rpc_agent_api [None req-4fd3e335-adbd-431d-b2d0-420bfabf6b2d 403c861a68fa4d29b7a03bd97f863667 11d5b78ddac64b9aac04041d6853d349 - - default default] Unable to schedule network 446a3b29-9f9d-42a4-908e-79d6a9540604: no agents available; will retry on subsequent port and subnet creation events.
2026-05-09 17:59:14.209 9 INFO neutron.db.ovn_revision_numbers_db [None req-775d8a6b-2807-4474-9afd-6333a151488d 403c861a68fa4d29b7a03bd97f863667 11d5b78ddac64b9aac04041d6853d349 - - default default] Successfully bumped revision number for resource ea3272e4-138b-445f-b280-1938e42511cc (type: ports) to 1
2026-05-09 17:59:14.250 9 INFO neutron.db.ovn_revision_numbers_db [None req-4fd3e335-adbd-431d-b2d0-420bfabf6b2d 403c861a68fa4d29b7a03bd97f863667 11d5b78ddac64b9aac04041d6853d349 - - default default] Successfully bumped revision number for resource 12cb9ed1-2953-4b5c-88cf-8bf48031f08b (type: ports) to 1
2026-05-09 17:59:14.256 9 INFO neutron.wsgi [None req-775d8a6b-2807-4474-9afd-6333a151488d 403c861a68fa4d29b7a03bd97f863667 11d5b78ddac64b9aac04041d6853d349 - - default default] 10.0.0.188 "POST /v2.0/networks HTTP/1.1" status: 201 len: 950 time: 1.3689520
2026-05-09 17:59:14.259 9 INFO neutron.db.ovn_revision_numbers_db [None req-7e4ba3d7-7f70-456f-8d3d-14b422fad031 403c861a68fa4d29b7a03bd97f863667 11d5b78ddac64b9aac04041d6853d349 - - default default] Successfully bumped revision number for resource 13add1f9-c1f0-474b-962c-a8332ba3e080 (type: ports) to 1
2026-05-09 17:59:14.279 9 INFO neutron.wsgi [None req-4fd3e335-adbd-431d-b2d0-420bfabf6b2d 403c861a68fa4d29b7a03bd97f863667 11d5b78ddac64b9aac04041d6853d349 - - default default] 10.0.0.188 "POST /v2.0/networks HTTP/1.1" status: 201 len: 953 time: 1.3769298
2026-05-09 17:59:14.290 9 INFO neutron.wsgi [None req-7e4ba3d7-7f70-456f-8d3d-14b422fad031 403c861a68fa4d29b7a03bd97f863667 11d5b78ddac64b9aac04041d6853d349 - - default default] 10.0.0.188 "POST /v2.0/networks HTTP/1.1" status: 201 len: 950 time: 1.5446684
2026-05-09 17:59:14.398 9 INFO neutron.wsgi [None req-30b9643c-72de-43aa-8011-8c819205a0dc 403c861a68fa4d29b7a03bd97f863667 11d5b78ddac64b9aac04041d6853d349 - - default default] 10.0.0.188 "DELETE /v2.0/security-groups/b7584317-acb2-4005-b56c-2cc9d1d43f53 HTTP/1.1" status: 204 len: 168 time: 0.5951991
2026-05-09 17:59:14.439 10 WARNING neutron.scheduler.dhcp_agent_scheduler [None req-05a2c752-d712-467a-b84b-367cfb57c354 403c861a68fa4d29b7a03bd97f863667 11d5b78ddac64b9aac04041d6853d349 - - default default] No more DHCP agents
2026-05-09 17:59:14.442 10 WARNING neutron.api.rpc.agentnotifiers.dhcp_rpc_agent_api [None req-05a2c752-d712-467a-b84b-367cfb57c354 403c861a68fa4d29b7a03bd97f863667 11d5b78ddac64b9aac04041d6853d349 - - default default] Unable to schedule network d770e019-2c82-4a88-8b40-23a07a5dea9f: no agents available; will retry on subsequent port and subnet creation events.
2026-05-09 17:59:14.478 9 WARNING neutron.scheduler.dhcp_agent_scheduler [None req-ca8241d2-339a-4493-8e84-101230ec70c9 403c861a68fa4d29b7a03bd97f863667 11d5b78ddac64b9aac04041d6853d349 - - default default] No more DHCP agents
2026-05-09 17:59:14.481 9 WARNING neutron.api.rpc.agentnotifiers.dhcp_rpc_agent_api [None req-ca8241d2-339a-4493-8e84-101230ec70c9 403c861a68fa4d29b7a03bd97f863667 11d5b78ddac64b9aac04041d6853d349 - - default default] Unable to schedule network e6ef6860-2146-4f10-b5aa-7777488cdc80: no agents available; will retry on subsequent port and subnet creation events.
2026-05-09 17:59:14.484 9 WARNING neutron.scheduler.dhcp_agent_scheduler [None req-8eb0bd44-5147-4fcb-8a96-77a5046e867c 403c861a68fa4d29b7a03bd97f863667 11d5b78ddac64b9aac04041d6853d349 - - default default] No more DHCP agents
2026-05-09 17:59:14.487 9 WARNING neutron.api.rpc.agentnotifiers.dhcp_rpc_agent_api [None req-8eb0bd44-5147-4fcb-8a96-77a5046e867c 403c861a68fa4d29b7a03bd97f863667 11d5b78ddac64b9aac04041d6853d349 - - default default] Unable to schedule network 446a3b29-9f9d-42a4-908e-79d6a9540604: no agents available; will retry on subsequent port and subnet creation events.
2026-05-09 17:59:14.878 10 INFO neutron.db.ovn_revision_numbers_db [None req-05a2c752-d712-467a-b84b-367cfb57c354 403c861a68fa4d29b7a03bd97f863667 11d5b78ddac64b9aac04041d6853d349 - - default default] Successfully bumped revision number for resource ea3272e4-138b-445f-b280-1938e42511cc (type: ports) to 2
2026-05-09 17:59:14.907 10 INFO neutron.db.ovn_revision_numbers_db [None req-05a2c752-d712-467a-b84b-367cfb57c354 403c861a68fa4d29b7a03bd97f863667 11d5b78ddac64b9aac04041d6853d349 - - default default] Successfully bumped revision number for resource 5f1f1b3c-c7eb-42c9-8601-50aba8bb477a (type: subnets) to 0
2026-05-09 17:59:14.922 10 INFO neutron.wsgi [None req-05a2c752-d712-467a-b84b-367cfb57c354 403c861a68fa4d29b7a03bd97f863667 11d5b78ddac64b9aac04041d6853d349 - - default default] 10.0.0.188 "POST /v2.0/subnets HTTP/1.1" status: 201 len: 870 time: 0.6620083
2026-05-09 17:59:15.175 9 INFO neutron.db.ovn_revision_numbers_db [None req-ca8241d2-339a-4493-8e84-101230ec70c9 403c861a68fa4d29b7a03bd97f863667 11d5b78ddac64b9aac04041d6853d349 - - default default] Successfully bumped revision number for resource 13add1f9-c1f0-474b-962c-a8332ba3e080 (type: ports) to 2
2026-05-09 17:59:15.179 9 INFO neutron.db.ovn_revision_numbers_db [None req-8eb0bd44-5147-4fcb-8a96-77a5046e867c 403c861a68fa4d29b7a03bd97f863667 11d5b78ddac64b9aac04041d6853d349 - - default default] Successfully bumped revision number for resource 12cb9ed1-2953-4b5c-88cf-8bf48031f08b (type: ports) to 2
2026-05-09 17:59:15.217 9 INFO neutron.db.ovn_revision_numbers_db [None req-8eb0bd44-5147-4fcb-8a96-77a5046e867c 403c861a68fa4d29b7a03bd97f863667 11d5b78ddac64b9aac04041d6853d349 - - default default] Successfully bumped revision number for resource 87102603-b837-4f33-a0a9-25e36c4a2a99 (type: subnets) to 0
2026-05-09 17:59:15.220 9 INFO neutron.db.ovn_revision_numbers_db [None req-ca8241d2-339a-4493-8e84-101230ec70c9 403c861a68fa4d29b7a03bd97f863667 11d5b78ddac64b9aac04041d6853d349 - - default default] Successfully bumped revision number for resource f59d8c13-a494-4e99-95cc-57ddfea6fc42 (type: subnets) to 0
2026-05-09 17:59:15.234 9 INFO neutron.wsgi [None req-8eb0bd44-5147-4fcb-8a96-77a5046e867c 403c861a68fa4d29b7a03bd97f863667 11d5b78ddac64b9aac04041d6853d349 - - default default] 10.0.0.188 "POST /v2.0/subnets HTTP/1.1" status: 201 len: 873 time: 0.9487522
2026-05-09 17:59:15.237 9 INFO neutron.wsgi [None req-ca8241d2-339a-4493-8e84-101230ec70c9 403c861a68fa4d29b7a03bd97f863667 11d5b78ddac64b9aac04041d6853d349 - - default default] 10.0.0.188 "POST /v2.0/subnets HTTP/1.1" status: 201 len: 870 time: 0.9414625
2026-05-09 17:59:15.593 10 WARNING neutron.scheduler.dhcp_agent_scheduler [None req-0c3a1f6a-d81a-4313-8252-e90c36a67ae2 403c861a68fa4d29b7a03bd97f863667 11d5b78ddac64b9aac04041d6853d349 - - default default] No more DHCP agents
2026-05-09 17:59:15.597 10 WARNING neutron.api.rpc.agentnotifiers.dhcp_rpc_agent_api [None req-0c3a1f6a-d81a-4313-8252-e90c36a67ae2 403c861a68fa4d29b7a03bd97f863667 11d5b78ddac64b9aac04041d6853d349 - - default default] Unable to schedule network 9325f272-0f0a-469a-8d49-1c9c9f32dd96: no agents available; will retry on subsequent port and subnet creation events.
2026-05-09 17:59:15.651 9 WARNING neutron.scheduler.dhcp_agent_scheduler [None req-b5db9594-51d6-4039-a50f-117dcf808454 403c861a68fa4d29b7a03bd97f863667 11d5b78ddac64b9aac04041d6853d349 - - default default] No more DHCP agents
2026-05-09 17:59:15.654 9 WARNING neutron.api.rpc.agentnotifiers.dhcp_rpc_agent_api [None req-b5db9594-51d6-4039-a50f-117dcf808454 403c861a68fa4d29b7a03bd97f863667 11d5b78ddac64b9aac04041d6853d349 - - default default] Unable to schedule network 9325f272-0f0a-469a-8d49-1c9c9f32dd96: no agents available; will retry on subsequent port and subnet creation events.
2026-05-09 17:59:15.772 10 INFO neutron.db.ovn_revision_numbers_db [None req-0c3a1f6a-d81a-4313-8252-e90c36a67ae2 403c861a68fa4d29b7a03bd97f863667 11d5b78ddac64b9aac04041d6853d349 - - default default] Successfully bumped revision number for resource 39a2c904-3423-4077-8912-f38c15c911fa (type: ports) to 1
2026-05-09 17:59:15.839 9 INFO neutron.db.ovn_revision_numbers_db [None req-b5db9594-51d6-4039-a50f-117dcf808454 403c861a68fa4d29b7a03bd97f863667 11d5b78ddac64b9aac04041d6853d349 - - default default] Successfully bumped revision number for resource dfdecc28-7cdb-42fd-9fee-d1f10cd5b581 (type: ports) to 1
2026-05-09 17:59:15.849 10 WARNING neutron.scheduler.dhcp_agent_scheduler [None req-e03f45fb-79d1-4a50-84e5-b3e55a34e592 403c861a68fa4d29b7a03bd97f863667 11d5b78ddac64b9aac04041d6853d349 - - default default] No more DHCP agents
2026-05-09 17:59:15.851 10 WARNING neutron.api.rpc.agentnotifiers.dhcp_rpc_agent_api [None req-e03f45fb-79d1-4a50-84e5-b3e55a34e592 403c861a68fa4d29b7a03bd97f863667 11d5b78ddac64b9aac04041d6853d349 - - default default] Unable to schedule network 9325f272-0f0a-469a-8d49-1c9c9f32dd96: no agents available; will retry on subsequent port and subnet creation events.
2026-05-09 17:59:16.036 10 INFO neutron.db.ovn_revision_numbers_db [None req-e03f45fb-79d1-4a50-84e5-b3e55a34e592 403c861a68fa4d29b7a03bd97f863667 11d5b78ddac64b9aac04041d6853d349 - - default default] Successfully bumped revision number for resource 03b96d8c-7b4a-4ae6-b40d-95f1b1afd559 (type: ports) to 1
2026-05-09 17:59:16.147 9 INFO neutron.plugins.ml2.drivers.ovn.mech_driver.ovsdb.extensions.qos [None req-b5db9594-51d6-4039-a50f-117dcf808454 403c861a68fa4d29b7a03bd97f863667 11d5b78ddac64b9aac04041d6853d349 - - default default] Starting OVNClientQosExtension
2026-05-09 17:59:16.267 10 INFO neutron.plugins.ml2.drivers.ovn.mech_driver.ovsdb.extensions.qos [None req-0c3a1f6a-d81a-4313-8252-e90c36a67ae2 403c861a68fa4d29b7a03bd97f863667 11d5b78ddac64b9aac04041d6853d349 - - default default] Starting OVNClientQosExtension
2026-05-09 17:59:16.411 9 INFO neutron.db.ovn_revision_numbers_db [None req-495b3d96-8f84-427a-89bb-7bfb2084bc22 403c861a68fa4d29b7a03bd97f863667 11d5b78ddac64b9aac04041d6853d349 - - default default] Successfully bumped revision number for resource 51641f80-61ad-411c-88f4-6058b23b3c62 (type: security_groups) to 1
2026-05-09 17:59:16.427 9 INFO neutron.plugins.ml2.drivers.ovn.mech_driver.mech_driver [-] OVN reports status up for port: dfdecc28-7cdb-42fd-9fee-d1f10cd5b581
2026-05-09 17:59:16.442 10 INFO neutron.plugins.ml2.drivers.ovn.mech_driver.ovsdb.ovsdb_monitor [-] Router 181bc69f-be9e-4cba-82f1-5fa445bf78aa is bound to host instance
2026-05-09 17:59:16.446 9 INFO neutron.plugins.ml2.plugin [None req-b53abae5-100b-4e58-a0c5-ba0a5ed47b26 - - - - - -] Attempt 1 to provision port dfdecc28-7cdb-42fd-9fee-d1f10cd5b581
2026-05-09 17:59:16.468 9 INFO neutron.db.ovn_revision_numbers_db [None req-495b3d96-8f84-427a-89bb-7bfb2084bc22 403c861a68fa4d29b7a03bd97f863667 11d5b78ddac64b9aac04041d6853d349 - - default default] Successfully bumped revision number for resource 052efb22-9d19-49f3-9426-f72cc98c1eec (type: security_group_rules) to 0
2026-05-09 17:59:16.488 9 INFO neutron.db.ovn_revision_numbers_db [None req-b5db9594-51d6-4039-a50f-117dcf808454 403c861a68fa4d29b7a03bd97f863667 11d5b78ddac64b9aac04041d6853d349 - - default default] Successfully bumped revision number for resource dfdecc28-7cdb-42fd-9fee-d1f10cd5b581 (type: router_ports) to 1
2026-05-09 17:59:16.510 9 INFO neutron.db.ovn_revision_numbers_db [None req-495b3d96-8f84-427a-89bb-7bfb2084bc22 403c861a68fa4d29b7a03bd97f863667 11d5b78ddac64b9aac04041d6853d349 - - default default] Successfully bumped revision number for resource 146fe57c-f567-4e65-af88-f9ae9110ba2a (type: security_group_rules) to 0
2026-05-09 17:59:16.536 9 INFO neutron.db.ovn_revision_numbers_db [None req-495b3d96-8f84-427a-89bb-7bfb2084bc22 403c861a68fa4d29b7a03bd97f863667 11d5b78ddac64b9aac04041d6853d349 - - default default] Successfully bumped revision number for resource 5bd9f058-9ba8-4361-9144-e3fc683c8140 (type: security_group_rules) to 0
2026-05-09 17:59:16.562 9 INFO neutron.db.ovn_revision_numbers_db [None req-495b3d96-8f84-427a-89bb-7bfb2084bc22 403c861a68fa4d29b7a03bd97f863667 11d5b78ddac64b9aac04041d6853d349 - - default default] Successfully bumped revision number for resource 641e95c7-ca27-408b-ac10-f32b825653d2 (type: security_group_rules) to 0
2026-05-09 17:59:16.583 9 INFO neutron.db.ovn_revision_numbers_db [None req-b5db9594-51d6-4039-a50f-117dcf808454 403c861a68fa4d29b7a03bd97f863667 11d5b78ddac64b9aac04041d6853d349 - - default default] Successfully bumped revision number for resource 181bc69f-be9e-4cba-82f1-5fa445bf78aa (type: routers) to 2
2026-05-09 17:59:16.614 9 INFO neutron.wsgi [None req-b5db9594-51d6-4039-a50f-117dcf808454 403c861a68fa4d29b7a03bd97f863667 11d5b78ddac64b9aac04041d6853d349 - - default default] 10.0.0.188 "POST /v2.0/routers HTTP/1.1" status: 201 len: 884 time: 1.3751547
2026-05-09 17:59:16.621 9 INFO neutron.db.segments_db [None req-495b3d96-8f84-427a-89bb-7bfb2084bc22 403c861a68fa4d29b7a03bd97f863667 11d5b78ddac64b9aac04041d6853d349 - - default default] Added segment daa30f3b-2bb4-4ff8-9097-a297f10eade4 of type geneve for network d145ab74-4d57-4579-88fd-517ee720e7b3
2026-05-09 17:59:16.772 10 INFO neutron.db.ovn_revision_numbers_db [None req-0c3a1f6a-d81a-4313-8252-e90c36a67ae2 403c861a68fa4d29b7a03bd97f863667 11d5b78ddac64b9aac04041d6853d349 - - default default] Successfully bumped revision number for resource 39a2c904-3423-4077-8912-f38c15c911fa (type: router_ports) to 1
2026-05-09 17:59:16.920 9 INFO neutron.db.ovn_revision_numbers_db [None req-495b3d96-8f84-427a-89bb-7bfb2084bc22 403c861a68fa4d29b7a03bd97f863667 11d5b78ddac64b9aac04041d6853d349 - - default default] Successfully bumped revision number for resource d145ab74-4d57-4579-88fd-517ee720e7b3 (type: networks) to 1
2026-05-09 17:59:17.005 10 INFO neutron.db.ovn_revision_numbers_db [None req-0c3a1f6a-d81a-4313-8252-e90c36a67ae2 403c861a68fa4d29b7a03bd97f863667 11d5b78ddac64b9aac04041d6853d349 - - default default] Successfully bumped revision number for resource 76cf7500-5395-45c9-ac28-657959707605 (type: routers) to 2
2026-05-09 17:59:17.032 10 INFO neutron.wsgi [None req-0c3a1f6a-d81a-4313-8252-e90c36a67ae2 403c861a68fa4d29b7a03bd97f863667 11d5b78ddac64b9aac04041d6853d349 - - default default] 10.0.0.188 "POST /v2.0/routers HTTP/1.1" status: 201 len: 881 time: 2.1039803
2026-05-09 17:59:17.119 10 INFO neutron.plugins.ml2.drivers.ovn.mech_driver.mech_driver [None req-11c9bff3-0817-4aeb-b6dd-74b63f19327f - - - - - -] OVN reports status up for port: 03b96d8c-7b4a-4ae6-b40d-95f1b1afd559
2026-05-09 17:59:17.139 9 INFO neutron.plugins.ml2.drivers.ovn.mech_driver.ovsdb.ovsdb_monitor [-] Router 3e9a3254-4cf3-4cc7-85f5-28ef456de282 is bound to host instance
2026-05-09 17:59:17.144 10 INFO neutron.plugins.ml2.plugin [None req-11c9bff3-0817-4aeb-b6dd-74b63f19327f - - - - - -] Attempt 1 to provision port 03b96d8c-7b4a-4ae6-b40d-95f1b1afd559
2026-05-09 17:59:17.159 9 WARNING neutron.scheduler.dhcp_agent_scheduler [None req-495b3d96-8f84-427a-89bb-7bfb2084bc22 403c861a68fa4d29b7a03bd97f863667 11d5b78ddac64b9aac04041d6853d349 - - default default] No more DHCP agents
2026-05-09 17:59:17.170 9 WARNING neutron.api.rpc.agentnotifiers.dhcp_rpc_agent_api [None req-495b3d96-8f84-427a-89bb-7bfb2084bc22 403c861a68fa4d29b7a03bd97f863667 11d5b78ddac64b9aac04041d6853d349 - - default default] Unable to schedule network d145ab74-4d57-4579-88fd-517ee720e7b3: no agents available; will retry on subsequent port and subnet creation events.
2026-05-09 17:59:17.179 10 INFO neutron.db.ovn_revision_numbers_db [None req-e03f45fb-79d1-4a50-84e5-b3e55a34e592 403c861a68fa4d29b7a03bd97f863667 11d5b78ddac64b9aac04041d6853d349 - - default default] Successfully bumped revision number for resource 03b96d8c-7b4a-4ae6-b40d-95f1b1afd559 (type: router_ports) to 1
2026-05-09 17:59:17.284 10 INFO neutron.db.ovn_revision_numbers_db [None req-e03f45fb-79d1-4a50-84e5-b3e55a34e592 403c861a68fa4d29b7a03bd97f863667 11d5b78ddac64b9aac04041d6853d349 - - default default] Successfully bumped revision number for resource 3e9a3254-4cf3-4cc7-85f5-28ef456de282 (type: routers) to 2
2026-05-09 17:59:17.302 10 INFO neutron.wsgi [None req-e03f45fb-79d1-4a50-84e5-b3e55a34e592 403c861a68fa4d29b7a03bd97f863667 11d5b78ddac64b9aac04041d6853d349 - - default default] 10.0.0.188 "POST /v2.0/routers HTTP/1.1" status: 201 len: 881 time: 2.0562105
2026-05-09 17:59:17.314 10 INFO neutron.db.ovn_revision_numbers_db [None req-2c99a562-eeeb-4a40-9649-4d520dd7b8bc - - - - - -] Successfully bumped revision number for resource dfdecc28-7cdb-42fd-9fee-d1f10cd5b581 (type: ports) to 1
2026-05-09 17:59:17.428 9 INFO neutron.db.ovn_revision_numbers_db [None req-495b3d96-8f84-427a-89bb-7bfb2084bc22 403c861a68fa4d29b7a03bd97f863667 11d5b78ddac64b9aac04041d6853d349 - - default default] Successfully bumped revision number for resource a9057bdc-9ac0-44ac-912c-e9f5f0c6da65 (type: ports) to 1
2026-05-09 17:59:17.481 9 INFO neutron.wsgi [None req-495b3d96-8f84-427a-89bb-7bfb2084bc22 403c861a68fa4d29b7a03bd97f863667 11d5b78ddac64b9aac04041d6853d349 - - default default] 10.0.0.188 "POST /v2.0/networks HTTP/1.1" status: 201 len: 947 time: 1.4081585
2026-05-09 17:59:17.499 9 WARNING neutron.scheduler.dhcp_agent_scheduler [None req-437dcba7-8dc6-4125-8cae-a2665adfb9b2 403c861a68fa4d29b7a03bd97f863667 11d5b78ddac64b9aac04041d6853d349 - - default default] No more DHCP agents
2026-05-09 17:59:17.506 9 WARNING neutron.api.rpc.agentnotifiers.dhcp_rpc_agent_api [None req-437dcba7-8dc6-4125-8cae-a2665adfb9b2 403c861a68fa4d29b7a03bd97f863667 11d5b78ddac64b9aac04041d6853d349 - - default default] Unable to schedule network 446a3b29-9f9d-42a4-908e-79d6a9540604: no agents available; will retry on subsequent port and subnet creation events.
2026-05-09 17:59:17.696 10 INFO neutron.db.ovn_revision_numbers_db [None req-2c99a562-eeeb-4a40-9649-4d520dd7b8bc - - - - - -] Successfully bumped revision number for resource dfdecc28-7cdb-42fd-9fee-d1f10cd5b581 (type: router_ports) to 3
2026-05-09 17:59:17.774 10 WARNING neutron.scheduler.dhcp_agent_scheduler [None req-224dc80e-552f-4962-9b3f-6822adda8b35 403c861a68fa4d29b7a03bd97f863667 11d5b78ddac64b9aac04041d6853d349 - - default default] No more DHCP agents
2026-05-09 17:59:17.782 10 WARNING neutron.api.rpc.agentnotifiers.dhcp_rpc_agent_api [None req-224dc80e-552f-4962-9b3f-6822adda8b35 403c861a68fa4d29b7a03bd97f863667 11d5b78ddac64b9aac04041d6853d349 - - default default] Unable to schedule network d145ab74-4d57-4579-88fd-517ee720e7b3: no agents available; will retry on subsequent port and subnet creation events.
2026-05-09 17:59:17.847 9 INFO neutron.db.ovn_revision_numbers_db [None req-437dcba7-8dc6-4125-8cae-a2665adfb9b2 403c861a68fa4d29b7a03bd97f863667 11d5b78ddac64b9aac04041d6853d349 - - default default] Successfully bumped revision number for resource 5909cb09-5fe4-4162-973d-1c90db889142 (type: ports) to 1
2026-05-09 17:59:18.019 9 WARNING neutron.scheduler.dhcp_agent_scheduler [None req-a4e1286d-9112-4c22-bf9b-7dcc2903beed 403c861a68fa4d29b7a03bd97f863667 11d5b78ddac64b9aac04041d6853d349 - - default default] No more DHCP agents
2026-05-09 17:59:18.025 9 WARNING neutron.api.rpc.agentnotifiers.dhcp_rpc_agent_api [None req-a4e1286d-9112-4c22-bf9b-7dcc2903beed 403c861a68fa4d29b7a03bd97f863667 11d5b78ddac64b9aac04041d6853d349 - - default default] Unable to schedule network d770e019-2c82-4a88-8b40-23a07a5dea9f: no agents available; will retry on subsequent port and subnet creation events.
2026-05-09 17:59:18.065 10 INFO neutron.db.ovn_revision_numbers_db [None req-2c99a562-eeeb-4a40-9649-4d520dd7b8bc - - - - - -] Successfully bumped revision number for resource dfdecc28-7cdb-42fd-9fee-d1f10cd5b581 (type: ports) to 2
2026-05-09 17:59:18.112 10 WARNING neutron.scheduler.dhcp_agent_scheduler [None req-32dff124-42b7-4a4e-97ec-90bdfb4b8643 403c861a68fa4d29b7a03bd97f863667 11d5b78ddac64b9aac04041d6853d349 - - default default] No more DHCP agents
2026-05-09 17:59:18.118 10 WARNING neutron.api.rpc.agentnotifiers.dhcp_rpc_agent_api [None req-32dff124-42b7-4a4e-97ec-90bdfb4b8643 403c861a68fa4d29b7a03bd97f863667 11d5b78ddac64b9aac04041d6853d349 - - default default] Unable to schedule network e6ef6860-2146-4f10-b5aa-7777488cdc80: no agents available; will retry on subsequent port and subnet creation events.
2026-05-09 17:59:18.149 9 INFO neutron.db.ovn_revision_numbers_db [None req-b2553e9f-4108-4b4a-9893-51e1525eb412 - - - - - -] Successfully bumped revision number for resource 03b96d8c-7b4a-4ae6-b40d-95f1b1afd559 (type: ports) to 1
2026-05-09 17:59:18.265 9 INFO neutron.db.ovn_revision_numbers_db [None req-a4e1286d-9112-4c22-bf9b-7dcc2903beed 403c861a68fa4d29b7a03bd97f863667 11d5b78ddac64b9aac04041d6853d349 - - default default] Successfully bumped revision number for resource 249d5733-33f2-47a6-aa74-764344ab40fe (type: ports) to 1
2026-05-09 17:59:18.401 10 INFO neutron.db.ovn_revision_numbers_db [None req-32dff124-42b7-4a4e-97ec-90bdfb4b8643 403c861a68fa4d29b7a03bd97f863667 11d5b78ddac64b9aac04041d6853d349 - - default default] Successfully bumped revision number for resource 672de8c9-671d-405a-a9d3-a049c421b209 (type: ports) to 1
2026-05-09 17:59:18.574 10 INFO neutron.db.ovn_revision_numbers_db [None req-2c99a562-eeeb-4a40-9649-4d520dd7b8bc - - - - - -] Successfully bumped revision number for resource dfdecc28-7cdb-42fd-9fee-d1f10cd5b581 (type: ports) to 4
2026-05-09 17:59:18.661 9 INFO neutron.db.ovn_revision_numbers_db [None req-b2553e9f-4108-4b4a-9893-51e1525eb412 - - - - - -] Successfully bumped revision number for resource 03b96d8c-7b4a-4ae6-b40d-95f1b1afd559 (type: router_ports) to 3
2026-05-09 17:59:18.723 9 INFO neutron.db.ovn_revision_numbers_db [None req-437dcba7-8dc6-4125-8cae-a2665adfb9b2 403c861a68fa4d29b7a03bd97f863667 11d5b78ddac64b9aac04041d6853d349 - - default default] Successfully bumped revision number for resource 5909cb09-5fe4-4162-973d-1c90db889142 (type: router_ports) to 1
2026-05-09 17:59:18.895 10 INFO neutron.db.ovn_revision_numbers_db [None req-224dc80e-552f-4962-9b3f-6822adda8b35 403c861a68fa4d29b7a03bd97f863667 11d5b78ddac64b9aac04041d6853d349 - - default default] Successfully bumped revision number for resource a9057bdc-9ac0-44ac-912c-e9f5f0c6da65 (type: ports) to 2
2026-05-09 17:59:18.925 9 INFO neutron.plugins.ml2.drivers.ovn.mech_driver.mech_driver [None req-b53abae5-100b-4e58-a0c5-ba0a5ed47b26 - - - - - -] OVN reports status up for port: 39a2c904-3423-4077-8912-f38c15c911fa
2026-05-09 17:59:18.934 9 INFO neutron.db.ovn_revision_numbers_db [None req-b2553e9f-4108-4b4a-9893-51e1525eb412 - - - - - -] Successfully bumped revision number for resource 03b96d8c-7b4a-4ae6-b40d-95f1b1afd559 (type: ports) to 2
2026-05-09 17:59:18.947 9 INFO neutron.plugins.ml2.plugin [None req-b53abae5-100b-4e58-a0c5-ba0a5ed47b26 - - - - - -] Attempt 1 to provision port 39a2c904-3423-4077-8912-f38c15c911fa
2026-05-09 17:59:18.996 10 INFO neutron.db.ovn_revision_numbers_db [None req-224dc80e-552f-4962-9b3f-6822adda8b35 403c861a68fa4d29b7a03bd97f863667 11d5b78ddac64b9aac04041d6853d349 - - default default] Successfully bumped revision number for resource 341e1f8c-ae60-4506-9008-8bc93e984d78 (type: subnets) to 0
2026-05-09 17:59:19.034 10 INFO neutron.wsgi [None req-224dc80e-552f-4962-9b3f-6822adda8b35 403c861a68fa4d29b7a03bd97f863667 11d5b78ddac64b9aac04041d6853d349 - - default default] 10.0.0.188 "POST /v2.0/subnets HTTP/1.1" status: 201 len: 867 time: 1.5439405
2026-05-09 17:59:19.100 9 INFO neutron.db.ovn_revision_numbers_db [None req-437dcba7-8dc6-4125-8cae-a2665adfb9b2 403c861a68fa4d29b7a03bd97f863667 11d5b78ddac64b9aac04041d6853d349 - - default default] Successfully bumped revision number for resource 5909cb09-5fe4-4162-973d-1c90db889142 (type: ports) to 1
2026-05-09 17:59:19.109 10 INFO neutron.db.ovn_revision_numbers_db [None req-2c99a562-eeeb-4a40-9649-4d520dd7b8bc - - - - - -] Successfully bumped revision number for resource dfdecc28-7cdb-42fd-9fee-d1f10cd5b581 (type: router_ports) to 4
2026-05-09 17:59:19.122 9 INFO neutron.db.ovn_revision_numbers_db [None req-a4e1286d-9112-4c22-bf9b-7dcc2903beed 403c861a68fa4d29b7a03bd97f863667 11d5b78ddac64b9aac04041d6853d349 - - default default] Successfully bumped revision number for resource 249d5733-33f2-47a6-aa74-764344ab40fe (type: router_ports) to 1
2026-05-09 17:59:19.137 10 INFO neutron.plugins.ml2.drivers.ovn.mech_driver.ovsdb.ovsdb_monitor [None req-2c99a562-eeeb-4a40-9649-4d520dd7b8bc - - - - - -] Router 76cf7500-5395-45c9-ac28-657959707605 is bound to host instance
2026-05-09 17:59:19.233 10 INFO neutron.db.ovn_revision_numbers_db [None req-32dff124-42b7-4a4e-97ec-90bdfb4b8643 403c861a68fa4d29b7a03bd97f863667 11d5b78ddac64b9aac04041d6853d349 - - default default] Successfully bumped revision number for resource 672de8c9-671d-405a-a9d3-a049c421b209 (type: router_ports) to 1
2026-05-09 17:59:19.297 9 WARNING neutron.scheduler.dhcp_agent_scheduler [None req-437dcba7-8dc6-4125-8cae-a2665adfb9b2 403c861a68fa4d29b7a03bd97f863667 11d5b78ddac64b9aac04041d6853d349 - - default default] No more DHCP agents
2026-05-09 17:59:19.390 10 INFO neutron.db.ovn_revision_numbers_db [None req-32dff124-42b7-4a4e-97ec-90bdfb4b8643 403c861a68fa4d29b7a03bd97f863667 11d5b78ddac64b9aac04041d6853d349 - - default default] Successfully bumped revision number for resource 672de8c9-671d-405a-a9d3-a049c421b209 (type: ports) to 1
2026-05-09 17:59:19.423 9 WARNING neutron.api.rpc.agentnotifiers.dhcp_rpc_agent_api [None req-437dcba7-8dc6-4125-8cae-a2665adfb9b2 403c861a68fa4d29b7a03bd97f863667 11d5b78ddac64b9aac04041d6853d349 - - default default] Unable to schedule network 446a3b29-9f9d-42a4-908e-79d6a9540604: no agents available; will retry on subsequent port and subnet creation events.
2026-05-09 17:59:19.493 10 WARNING neutron.scheduler.dhcp_agent_scheduler [None req-32dff124-42b7-4a4e-97ec-90bdfb4b8643 403c861a68fa4d29b7a03bd97f863667 11d5b78ddac64b9aac04041d6853d349 - - default default] No more DHCP agents
2026-05-09 17:59:19.495 10 WARNING neutron.api.rpc.agentnotifiers.dhcp_rpc_agent_api [None req-32dff124-42b7-4a4e-97ec-90bdfb4b8643 403c861a68fa4d29b7a03bd97f863667 11d5b78ddac64b9aac04041d6853d349 - - default default] Unable to schedule network e6ef6860-2146-4f10-b5aa-7777488cdc80: no agents available; will retry on subsequent port and subnet creation events.
2026-05-09 17:59:19.576 9 INFO neutron.db.ovn_revision_numbers_db [None req-a4e1286d-9112-4c22-bf9b-7dcc2903beed 403c861a68fa4d29b7a03bd97f863667 11d5b78ddac64b9aac04041d6853d349 - - default default] Successfully bumped revision number for resource 249d5733-33f2-47a6-aa74-764344ab40fe (type: ports) to 1
2026-05-09 17:59:19.596 10 INFO neutron.plugins.ml2.drivers.ovn.mech_driver.mech_driver [None req-11c9bff3-0817-4aeb-b6dd-74b63f19327f - - - - - -] OVN reports status up for port: 672de8c9-671d-405a-a9d3-a049c421b209
2026-05-09 17:59:19.612 10 INFO neutron.plugins.ml2.plugin [None req-11c9bff3-0817-4aeb-b6dd-74b63f19327f - - - - - -] Attempt 1 to provision port 672de8c9-671d-405a-a9d3-a049c421b209
2026-05-09 17:59:19.721 9 INFO neutron.db.ovn_revision_numbers_db [None req-b2553e9f-4108-4b4a-9893-51e1525eb412 - - - - - -] Successfully bumped revision number for resource 03b96d8c-7b4a-4ae6-b40d-95f1b1afd559 (type: ports) to 4
2026-05-09 17:59:19.770 9 WARNING neutron.scheduler.dhcp_agent_scheduler [None req-a4e1286d-9112-4c22-bf9b-7dcc2903beed 403c861a68fa4d29b7a03bd97f863667 11d5b78ddac64b9aac04041d6853d349 - - default default] No more DHCP agents
2026-05-09 17:59:19.781 9 WARNING neutron.api.rpc.agentnotifiers.dhcp_rpc_agent_api [None req-a4e1286d-9112-4c22-bf9b-7dcc2903beed 403c861a68fa4d29b7a03bd97f863667 11d5b78ddac64b9aac04041d6853d349 - - default default] Unable to schedule network d770e019-2c82-4a88-8b40-23a07a5dea9f: no agents available; will retry on subsequent port and subnet creation events.
2026-05-09 17:59:19.881 10 INFO neutron.db.ovn_revision_numbers_db [None req-2c99a562-eeeb-4a40-9649-4d520dd7b8bc - - - - - -] Successfully bumped revision number for resource 39a2c904-3423-4077-8912-f38c15c911fa (type: ports) to 1
2026-05-09 17:59:20.213 10 INFO neutron.db.ovn_revision_numbers_db [None req-11c9bff3-0817-4aeb-b6dd-74b63f19327f - - - - - -] Successfully bumped revision number for resource 672de8c9-671d-405a-a9d3-a049c421b209 (type: ports) to 2
2026-05-09 17:59:20.268 9 WARNING neutron.scheduler.dhcp_agent_scheduler [None req-1c7ae73d-cd82-4140-acb2-cf92a71c26e3 403c861a68fa4d29b7a03bd97f863667 11d5b78ddac64b9aac04041d6853d349 - - default default] No more DHCP agents
2026-05-09 17:59:20.273 9 WARNING neutron.api.rpc.agentnotifiers.dhcp_rpc_agent_api [None req-1c7ae73d-cd82-4140-acb2-cf92a71c26e3 403c861a68fa4d29b7a03bd97f863667 11d5b78ddac64b9aac04041d6853d349 - - default default] Unable to schedule network 9325f272-0f0a-469a-8d49-1c9c9f32dd96: no agents available; will retry on subsequent port and subnet creation events.
2026-05-09 17:59:20.331 10 INFO neutron.db.ovn_revision_numbers_db [None req-11c9bff3-0817-4aeb-b6dd-74b63f19327f - - - - - -] Successfully bumped revision number for resource 672de8c9-671d-405a-a9d3-a049c421b209 (type: router_ports) to 2
2026-05-09 17:59:20.369 10 INFO neutron.db.ovn_revision_numbers_db [None req-2c99a562-eeeb-4a40-9649-4d520dd7b8bc - - - - - -] Successfully bumped revision number for resource 39a2c904-3423-4077-8912-f38c15c911fa (type: router_ports) to 3
2026-05-09 17:59:20.378 9 INFO neutron.db.ovn_revision_numbers_db [None req-b2553e9f-4108-4b4a-9893-51e1525eb412 - - - - - -] Successfully bumped revision number for resource 03b96d8c-7b4a-4ae6-b40d-95f1b1afd559 (type: router_ports) to 4
2026-05-09 17:59:20.615 9 INFO neutron.db.ovn_revision_numbers_db [None req-1c7ae73d-cd82-4140-acb2-cf92a71c26e3 403c861a68fa4d29b7a03bd97f863667 11d5b78ddac64b9aac04041d6853d349 - - default default] Successfully bumped revision number for resource f77c673c-aaee-4618-b79a-20357120a12a (type: ports) to 1
2026-05-09 17:59:20.685 10 INFO neutron.db.ovn_revision_numbers_db [None req-2c99a562-eeeb-4a40-9649-4d520dd7b8bc - - - - - -] Successfully bumped revision number for resource 39a2c904-3423-4077-8912-f38c15c911fa (type: ports) to 2
2026-05-09 17:59:20.691 10 INFO neutron.wsgi [None req-32dff124-42b7-4a4e-97ec-90bdfb4b8643 403c861a68fa4d29b7a03bd97f863667 11d5b78ddac64b9aac04041d6853d349 - - default default] 10.0.0.188 "PUT /v2.0/routers/3e9a3254-4cf3-4cc7-85f5-28ef456de282/add_router_interface HTTP/1.1" status: 200 len: 503 time: 3.3692987
2026-05-09 17:59:20.893 9 INFO neutron.db.ovn_revision_numbers_db [None req-437dcba7-8dc6-4125-8cae-a2665adfb9b2 403c861a68fa4d29b7a03bd97f863667 11d5b78ddac64b9aac04041d6853d349 - - default default] Successfully bumped revision number for resource 5909cb09-5fe4-4162-973d-1c90db889142 (type: router_ports) to 1
2026-05-09 17:59:20.895 9 INFO neutron.wsgi [None req-437dcba7-8dc6-4125-8cae-a2665adfb9b2 403c861a68fa4d29b7a03bd97f863667 11d5b78ddac64b9aac04041d6853d349 - - default default] 10.0.0.188 "PUT /v2.0/routers/181bc69f-be9e-4cba-82f1-5fa445bf78aa/add_router_interface HTTP/1.1" status: 200 len: 503 time: 4.2735188
2026-05-09 17:59:20.948 10 INFO neutron.db.ovn_revision_numbers_db [None req-2c99a562-eeeb-4a40-9649-4d520dd7b8bc - - - - - -] Successfully bumped revision number for resource 39a2c904-3423-4077-8912-f38c15c911fa (type: ports) to 4
2026-05-09 17:59:21.155 10 INFO neutron.db.ovn_revision_numbers_db [None req-2c99a562-eeeb-4a40-9649-4d520dd7b8bc - - - - - -] Successfully bumped revision number for resource 39a2c904-3423-4077-8912-f38c15c911fa (type: router_ports) to 4
2026-05-09 17:59:21.239 10 WARNING neutron_lib.context [None req-2bd294c2-cc12-4158-8fa8-dbd986c10d9a 0f848939b4d74edfa1c6210b0a314e04 4cb5d356c2f148d29d8bff9e160710b8 - - default default] Method 'is_advsvc' is deprecated since 2023.2 release (neutron-lib 3.8.0) and will be removed once support for the old RBAC API policies will be removed from Neutron. Please use method 'is_service_role' instead.
2026-05-09 17:59:21.289 9 INFO neutron.db.ovn_revision_numbers_db [None req-a4e1286d-9112-4c22-bf9b-7dcc2903beed 403c861a68fa4d29b7a03bd97f863667 11d5b78ddac64b9aac04041d6853d349 - - default default] Successfully bumped revision number for resource 249d5733-33f2-47a6-aa74-764344ab40fe (type: router_ports) to 1
2026-05-09 17:59:21.291 9 INFO neutron.wsgi [None req-a4e1286d-9112-4c22-bf9b-7dcc2903beed 403c861a68fa4d29b7a03bd97f863667 11d5b78ddac64b9aac04041d6853d349 - - default default] 10.0.0.188 "PUT /v2.0/routers/76cf7500-5395-45c9-ac28-657959707605/add_router_interface HTTP/1.1" status: 200 len: 503 time: 4.2497747
2026-05-09 17:59:21.369 10 INFO neutron.db.ovn_revision_numbers_db [None req-2bd294c2-cc12-4158-8fa8-dbd986c10d9a 0f848939b4d74edfa1c6210b0a314e04 4cb5d356c2f148d29d8bff9e160710b8 - - default default] Successfully bumped revision number for resource 4f7b2ec8-827a-4f46-9405-8f8d9231489b (type: security_groups) to 1
2026-05-09 17:59:21.386 9 INFO neutron.plugins.ml2.drivers.ovn.mech_driver.mech_driver [None req-b53abae5-100b-4e58-a0c5-ba0a5ed47b26 - - - - - -] OVN reports status up for port: 5909cb09-5fe4-4162-973d-1c90db889142
2026-05-09 17:59:21.394 10 INFO neutron.db.ovn_revision_numbers_db [None req-2bd294c2-cc12-4158-8fa8-dbd986c10d9a 0f848939b4d74edfa1c6210b0a314e04 4cb5d356c2f148d29d8bff9e160710b8 - - default default] Successfully bumped revision number for resource 8106e3ad-6891-48b7-a6b4-b5c5244b990e (type: security_group_rules) to 0
2026-05-09 17:59:21.398 9 INFO neutron.plugins.ml2.plugin [None req-b53abae5-100b-4e58-a0c5-ba0a5ed47b26 - - - - - -] Attempt 1 to provision port 5909cb09-5fe4-4162-973d-1c90db889142
2026-05-09 17:59:21.407 10 INFO neutron.db.ovn_revision_numbers_db [None req-2bd294c2-cc12-4158-8fa8-dbd986c10d9a 0f848939b4d74edfa1c6210b0a314e04 4cb5d356c2f148d29d8bff9e160710b8 - - default default] Successfully bumped revision number for resource 83ae4aff-5779-499d-b28b-070f9ad266b4 (type: security_group_rules) to 0
2026-05-09 17:59:21.424 10 WARNING neutron_lib.context [None req-b8a5c236-bef6-4dcc-8884-1da2b0d1557c 9d44782bb1db4e06847393e49285bab1 200db972e9cc41b3a15f11d1e23de1b0 - - default default] Method 'is_advsvc' is deprecated since 2023.2 release (neutron-lib 3.8.0) and will be removed once support for the old RBAC API policies will be removed from Neutron. Please use method 'is_service_role' instead.
2026-05-09 17:59:21.437 10 INFO neutron.wsgi [None req-2bd294c2-cc12-4158-8fa8-dbd986c10d9a 0f848939b4d74edfa1c6210b0a314e04 4cb5d356c2f148d29d8bff9e160710b8 - - default default] 10.0.0.188 "POST /v2.0/security-groups HTTP/1.1" status: 201 len: 1796 time: 0.2057271
2026-05-09 17:59:21.447 10 WARNING neutron_lib.context [None req-2722528c-432f-48cb-8c53-9e1a5972e598 0f848939b4d74edfa1c6210b0a314e04 4cb5d356c2f148d29d8bff9e160710b8 - - default default] Method 'is_advsvc' is deprecated since 2023.2 release (neutron-lib 3.8.0) and will be removed once support for the old RBAC API policies will be removed from Neutron. Please use method 'is_service_role' instead.
2026-05-09 17:59:21.504 10 INFO neutron.plugins.ml2.drivers.ovn.mech_driver.ovsdb.ovsdb_monitor [None req-2c99a562-eeeb-4a40-9649-4d520dd7b8bc - - - - - -] Router e3b3b407-9057-4659-82b4-712b36b898d0 is bound to host instance
2026-05-09 17:59:21.524 9 INFO neutron.db.ovn_revision_numbers_db [None req-1c7ae73d-cd82-4140-acb2-cf92a71c26e3 403c861a68fa4d29b7a03bd97f863667 11d5b78ddac64b9aac04041d6853d349 - - default default] Successfully bumped revision number for resource f77c673c-aaee-4618-b79a-20357120a12a (type: router_ports) to 1
2026-05-09 17:59:21.611 10 INFO neutron.db.ovn_revision_numbers_db [None req-b8a5c236-bef6-4dcc-8884-1da2b0d1557c 9d44782bb1db4e06847393e49285bab1 200db972e9cc41b3a15f11d1e23de1b0 - - default default] Successfully bumped revision number for resource 934645d5-99d2-441f-9ca2-3866de5ce633 (type: security_groups) to 1
2026-05-09 17:59:21.627 9 INFO neutron.db.ovn_revision_numbers_db [None req-1c7ae73d-cd82-4140-acb2-cf92a71c26e3 403c861a68fa4d29b7a03bd97f863667 11d5b78ddac64b9aac04041d6853d349 - - default default] Successfully bumped revision number for resource e3b3b407-9057-4659-82b4-712b36b898d0 (type: routers) to 2
2026-05-09 17:59:21.634 10 INFO neutron.db.ovn_revision_numbers_db [None req-b8a5c236-bef6-4dcc-8884-1da2b0d1557c 9d44782bb1db4e06847393e49285bab1 200db972e9cc41b3a15f11d1e23de1b0 - - default default] Successfully bumped revision number for resource 55987569-47a0-4c87-abb3-ecc7701016e8 (type: security_group_rules) to 0
2026-05-09 17:59:21.641 9 INFO neutron.wsgi [None req-1c7ae73d-cd82-4140-acb2-cf92a71c26e3 403c861a68fa4d29b7a03bd97f863667 11d5b78ddac64b9aac04041d6853d349 - - default default] 10.0.0.188 "POST /v2.0/routers HTTP/1.1" status: 201 len: 878 time: 2.5925155
2026-05-09 17:59:21.646 10 INFO neutron.db.ovn_revision_numbers_db [None req-2722528c-432f-48cb-8c53-9e1a5972e598 0f848939b4d74edfa1c6210b0a314e04 4cb5d356c2f148d29d8bff9e160710b8 - - default default] Successfully bumped revision number for resource dabd160b-7846-4cb6-81d5-f3de92c8e183 (type: security_group_rules) to 0
2026-05-09 17:59:21.664 10 INFO neutron.db.ovn_revision_numbers_db [None req-b8a5c236-bef6-4dcc-8884-1da2b0d1557c 9d44782bb1db4e06847393e49285bab1 200db972e9cc41b3a15f11d1e23de1b0 - - default default] Successfully bumped revision number for resource 70b20655-bf17-4170-b1ad-1f92da77b8d6 (type: security_group_rules) to 0
2026-05-09 17:59:21.711 10 INFO neutron.wsgi [None req-b8a5c236-bef6-4dcc-8884-1da2b0d1557c 9d44782bb1db4e06847393e49285bab1 200db972e9cc41b3a15f11d1e23de1b0 - - default default] 10.0.0.188 "POST /v2.0/security-groups HTTP/1.1" status: 201 len: 1797 time: 0.2940636
2026-05-09 17:59:21.721 9 WARNING neutron_lib.context [None req-2d1987e8-d715-4bc7-8df8-80e30ba774cb 9d44782bb1db4e06847393e49285bab1 200db972e9cc41b3a15f11d1e23de1b0 - - default default] Method 'is_advsvc' is deprecated since 2023.2 release (neutron-lib 3.8.0) and will be removed once support for the old RBAC API policies will be removed from Neutron. Please use method 'is_service_role' instead.
2026-05-09 17:59:21.724 9 INFO neutron.db.ovn_revision_numbers_db [None req-b53abae5-100b-4e58-a0c5-ba0a5ed47b26 - - - - - -] Successfully bumped revision number for resource 5909cb09-5fe4-4162-973d-1c90db889142 (type: ports) to 2
2026-05-09 17:59:21.737 10 INFO neutron.wsgi [None req-2722528c-432f-48cb-8c53-9e1a5972e598 0f848939b4d74edfa1c6210b0a314e04 4cb5d356c2f148d29d8bff9e160710b8 - - default default] 10.0.0.188 "POST /v2.0/security-group-rules HTTP/1.1" status: 201 len: 764 time: 0.2937281
2026-05-09 17:59:21.749 10 WARNING neutron_lib.context [None req-56fabe92-ed1a-4942-bf32-947d355aacdc 0f848939b4d74edfa1c6210b0a314e04 4cb5d356c2f148d29d8bff9e160710b8 - - default default] Method 'is_advsvc' is deprecated since 2023.2 release (neutron-lib 3.8.0) and will be removed once support for the old RBAC API policies will be removed from Neutron. Please use method 'is_service_role' instead.
2026-05-09 17:59:21.830 9 INFO neutron.db.ovn_revision_numbers_db [None req-b53abae5-100b-4e58-a0c5-ba0a5ed47b26 - - - - - -] Successfully bumped revision number for resource 5909cb09-5fe4-4162-973d-1c90db889142 (type: router_ports) to 2
2026-05-09 17:59:21.906 9 INFO neutron.db.ovn_revision_numbers_db [None req-2d1987e8-d715-4bc7-8df8-80e30ba774cb 9d44782bb1db4e06847393e49285bab1 200db972e9cc41b3a15f11d1e23de1b0 - - default default] Successfully bumped revision number for resource 8461e09a-2782-463b-a1c7-ae632f646366 (type: security_group_rules) to 0
2026-05-09 17:59:21.936 9 INFO neutron.wsgi [None req-2d1987e8-d715-4bc7-8df8-80e30ba774cb 9d44782bb1db4e06847393e49285bab1 200db972e9cc41b3a15f11d1e23de1b0 - - default default] 10.0.0.188 "POST /v2.0/security-group-rules HTTP/1.1" status: 201 len: 764 time: 0.2193136
2026-05-09 17:59:21.951 9 WARNING neutron_lib.context [None req-a1f5fbee-b803-4937-be79-755d1bd770fc 9d44782bb1db4e06847393e49285bab1 200db972e9cc41b3a15f11d1e23de1b0 - - default default] Method 'is_advsvc' is deprecated since 2023.2 release (neutron-lib 3.8.0) and will be removed once support for the old RBAC API policies will be removed from Neutron. Please use method 'is_service_role' instead.
2026-05-09 17:59:22.004 10 INFO neutron.db.ovn_revision_numbers_db [None req-56fabe92-ed1a-4942-bf32-947d355aacdc 0f848939b4d74edfa1c6210b0a314e04 4cb5d356c2f148d29d8bff9e160710b8 - - default default] Successfully bumped revision number for resource 29750271-b778-49f4-ba58-055c43b8794b (type: security_group_rules) to 0
2026-05-09 17:59:22.042 9 INFO neutron.wsgi [None req-50fb7254-f608-480a-92ce-d74f1696e93d 403c861a68fa4d29b7a03bd97f863667 11d5b78ddac64b9aac04041d6853d349 - - default default] 10.0.0.113 "GET /v2.0/networks HTTP/1.1" status: 200 len: 5409 time: 0.1423268
2026-05-09 17:59:22.059 10 INFO neutron.wsgi [None req-56fabe92-ed1a-4942-bf32-947d355aacdc 0f848939b4d74edfa1c6210b0a314e04 4cb5d356c2f148d29d8bff9e160710b8 - - default default] 10.0.0.188 "POST /v2.0/security-group-rules HTTP/1.1" status: 201 len: 769 time: 0.3153365
2026-05-09 17:59:22.071 10 WARNING neutron_lib.context [None req-1459b967-f696-4c0d-8272-93b5c4d9cdb7 0f848939b4d74edfa1c6210b0a314e04 4cb5d356c2f148d29d8bff9e160710b8 - - default default] Method 'is_advsvc' is deprecated since 2023.2 release (neutron-lib 3.8.0) and will be removed once support for the old RBAC API policies will be removed from Neutron. Please use method 'is_service_role' instead.
2026-05-09 17:59:22.102 9 INFO neutron.wsgi [None req-7e55a0c0-5bde-4e27-9d99-e248b719ba3a 403c861a68fa4d29b7a03bd97f863667 11d5b78ddac64b9aac04041d6853d349 - - default default] 10.0.0.113 "GET /v2.0/subnets HTTP/1.1" status: 200 len: 4081 time: 0.0572631
2026-05-09 17:59:22.182 9 INFO neutron.wsgi [None req-fe93f173-9bc6-4549-9377-409989189f00 403c861a68fa4d29b7a03bd97f863667 11d5b78ddac64b9aac04041d6853d349 - - default default] 10.0.0.113 "GET /v2.0/ports HTTP/1.1" status: 200 len: 17083 time: 0.0771427
2026-05-09 17:59:22.214 9 INFO neutron.wsgi [None req-aa42309a-80da-48f9-b523-fcab32cabf06 403c861a68fa4d29b7a03bd97f863667 11d5b78ddac64b9aac04041d6853d349 - - default default] 10.0.0.113 "GET /v2.0/floatingips HTTP/1.1" status: 200 len: 193 time: 0.0214565
2026-05-09 17:59:22.237 9 WARNING neutron_lib.context [req-f978b5ac-9757-4b66-a210-b067f5faba75 req-1a65580a-c5f2-4ad4-a754-8468e4c3d613 c5f20011c0e54b94a284bc4a4ab64fcf f8744183e30d4c7fbf7647c4c8802a3c - - default default] Method 'is_advsvc' is deprecated since 2023.2 release (neutron-lib 3.8.0) and will be removed once support for the old RBAC API policies will be removed from Neutron. Please use method 'is_service_role' instead.
2026-05-09 17:59:22.263 9 INFO neutron.db.ovn_revision_numbers_db [None req-a1f5fbee-b803-4937-be79-755d1bd770fc 9d44782bb1db4e06847393e49285bab1 200db972e9cc41b3a15f11d1e23de1b0 - - default default] Successfully bumped revision number for resource 912fd0c4-d56a-40d0-9067-f6e4f08cc4f4 (type: security_group_rules) to 0
2026-05-09 17:59:22.310 9 INFO neutron.wsgi [None req-f9d4096e-1fdf-4404-b59b-350d10a6d341 403c861a68fa4d29b7a03bd97f863667 11d5b78ddac64b9aac04041d6853d349 - - default default] 10.0.0.113 "GET /v2.0/security-groups HTTP/1.1" status: 200 len: 33390 time: 0.0952544
2026-05-09 17:59:22.314 9 INFO neutron.wsgi [None req-a1f5fbee-b803-4937-be79-755d1bd770fc 9d44782bb1db4e06847393e49285bab1 200db972e9cc41b3a15f11d1e23de1b0 - - default default] 10.0.0.188 "POST /v2.0/security-group-rules HTTP/1.1" status: 201 len: 769 time: 0.3736994
2026-05-09 17:59:22.328 9 WARNING neutron_lib.context [None req-2277c9d7-1413-434b-8448-a5e0a396222d 9d44782bb1db4e06847393e49285bab1 200db972e9cc41b3a15f11d1e23de1b0 - - default default] Method 'is_advsvc' is deprecated since 2023.2 release (neutron-lib 3.8.0) and will be removed once support for the old RBAC API policies will be removed from Neutron. Please use method 'is_service_role' instead.
2026-05-09 17:59:22.343 9 INFO neutron.wsgi [None req-034e5a5a-4d23-4ffc-afa9-37fabed381e9 403c861a68fa4d29b7a03bd97f863667 11d5b78ddac64b9aac04041d6853d349 - - default default] 10.0.0.113 "GET /v2.0/agents HTTP/1.1" status: 200 len: 997 time: 0.0219493
2026-05-09 17:59:22.368 9 INFO neutron.wsgi [None req-1b03efa7-c4ab-4d25-b049-348ea4201d0a 403c861a68fa4d29b7a03bd97f863667 11d5b78ddac64b9aac04041d6853d349 - - default default] 10.0.0.113 "GET /v2.0/network-ip-availabilities HTTP/1.1" status: 200 len: 3224 time: 0.0222037
2026-05-09 17:59:22.442 10 INFO neutron.db.ovn_revision_numbers_db [None req-2c99a562-eeeb-4a40-9649-4d520dd7b8bc - - - - - -] Successfully bumped revision number for resource f77c673c-aaee-4618-b79a-20357120a12a (type: ports) to 1
2026-05-09 17:59:22.452 9 INFO neutron.wsgi [None req-a3ab5971-3ecf-44a6-978a-c4e591836cbe 403c861a68fa4d29b7a03bd97f863667 11d5b78ddac64b9aac04041d6853d349 - - default default] 10.0.0.113 "GET /v2.0/subnets HTTP/1.1" status: 200 len: 4081 time: 0.0714183
2026-05-09 17:59:22.578 10 WARNING neutron.scheduler.dhcp_agent_scheduler [None req-a2eb78de-3e69-4809-b226-8305dc80ce4b 403c861a68fa4d29b7a03bd97f863667 11d5b78ddac64b9aac04041d6853d349 - - default default] No more DHCP agents
2026-05-09 17:59:22.586 10 WARNING neutron.api.rpc.agentnotifiers.dhcp_rpc_agent_api [None req-a2eb78de-3e69-4809-b226-8305dc80ce4b 403c861a68fa4d29b7a03bd97f863667 11d5b78ddac64b9aac04041d6853d349 - - default default] Unable to schedule network d145ab74-4d57-4579-88fd-517ee720e7b3: no agents available; will retry on subsequent port and subnet creation events.
2026-05-09 17:59:22.593 9 INFO neutron.wsgi [None req-8a2970ce-c171-4dee-920e-3dafb43d3bf3 403c861a68fa4d29b7a03bd97f863667 11d5b78ddac64b9aac04041d6853d349 - - default default] 10.0.0.113 "GET /v2.0/subnetpools HTTP/1.1" status: 200 len: 193 time: 0.1394541
2026-05-09 17:59:22.617 9 INFO neutron.db.ovn_revision_numbers_db [req-f978b5ac-9757-4b66-a210-b067f5faba75 req-1a65580a-c5f2-4ad4-a754-8468e4c3d613 c5f20011c0e54b94a284bc4a4ab64fcf f8744183e30d4c7fbf7647c4c8802a3c - - default default] Successfully bumped revision number for resource 60a8ee62-1a8b-47bb-8c49-c7dd6e3b5a7d (type: security_groups) to 1
2026-05-09 17:59:22.667 9 INFO neutron.db.ovn_revision_numbers_db [req-f978b5ac-9757-4b66-a210-b067f5faba75 req-1a65580a-c5f2-4ad4-a754-8468e4c3d613 c5f20011c0e54b94a284bc4a4ab64fcf f8744183e30d4c7fbf7647c4c8802a3c - - default default] Successfully bumped revision number for resource 24097ea8-4481-420e-899a-25f9014f4f7e (type: security_group_rules) to 0
2026-05-09 17:59:22.673 10 WARNING neutron.scheduler.dhcp_agent_scheduler [None req-1459b967-f696-4c0d-8272-93b5c4d9cdb7 0f848939b4d74edfa1c6210b0a314e04 4cb5d356c2f148d29d8bff9e160710b8 - - default default] No more DHCP agents
2026-05-09 17:59:22.679 10 WARNING neutron.api.rpc.agentnotifiers.dhcp_rpc_agent_api [None req-1459b967-f696-4c0d-8272-93b5c4d9cdb7 0f848939b4d74edfa1c6210b0a314e04 4cb5d356c2f148d29d8bff9e160710b8 - - default default] Unable to schedule network 9325f272-0f0a-469a-8d49-1c9c9f32dd96: no agents available; will retry on subsequent port and subnet creation events.
2026-05-09 17:59:22.704 9 INFO neutron.db.ovn_revision_numbers_db [req-f978b5ac-9757-4b66-a210-b067f5faba75 req-1a65580a-c5f2-4ad4-a754-8468e4c3d613 c5f20011c0e54b94a284bc4a4ab64fcf f8744183e30d4c7fbf7647c4c8802a3c - - default default] Successfully bumped revision number for resource e6c7e1d0-5103-4133-9544-49033d19566f (type: security_group_rules) to 0
2026-05-09 17:59:22.732 9 INFO neutron.wsgi [None req-d63b84fc-6c61-4401-b348-7d3fbf6a22d3 403c861a68fa4d29b7a03bd97f863667 11d5b78ddac64b9aac04041d6853d349 - - default default] 10.0.0.113 "GET /v2.0/routers HTTP/1.1" status: 200 len: 2901 time: 0.1369677
2026-05-09 17:59:22.738 9 INFO neutron.wsgi [req-f978b5ac-9757-4b66-a210-b067f5faba75 req-1a65580a-c5f2-4ad4-a754-8468e4c3d613 c5f20011c0e54b94a284bc4a4ab64fcf f8744183e30d4c7fbf7647c4c8802a3c - - default default] 10.0.0.140 "POST /v2.0/security-groups HTTP/1.1" status: 201 len: 1826 time: 0.5538054
