2026-05-09 18:01:27.932 9 INFO neutron.wsgi [None req-9ef64381-f604-4ccb-960e-f49af00fdfce 1043ac2ff912400393987b1e118b63d4 ad14c6f6d5b94eaabedb21e90b9a46b8 - - default default] 10.0.0.188 "DELETE /v2.0/routers/b581a754-5628-4f3e-8af4-7e35f6c67f40 HTTP/1.1" status: 204 len: 168 time: 0.2521198
2026-05-09 18:01:28.091 10 INFO neutron.wsgi [None req-13595648-868d-4f13-875c-a1cfac2d6408 403c861a68fa4d29b7a03bd97f863667 11d5b78ddac64b9aac04041d6853d349 - - default default] 10.0.0.188 "DELETE /v2.0/security-groups/737254b9-7d72-4d2e-bf83-20c409964711 HTTP/1.1" status: 204 len: 168 time: 0.4956152
2026-05-09 18:01:28.138 10 INFO neutron.db.ovn_revision_numbers_db [None req-dea94a35-7658-4706-a646-045db5e71429 7bbd008b07c8424885cf008958d10223 e88d396e12844a459d9b69bfb78edca9 - - default default] Successfully bumped revision number for resource aea1b440-e473-4d27-89ca-abcf7309b7fe (type: floatingips) to 0
2026-05-09 18:01:28.145 9 INFO neutron.wsgi [None req-52430b52-f561-40b0-93e7-a5e23744c399 1043ac2ff912400393987b1e118b63d4 ad14c6f6d5b94eaabedb21e90b9a46b8 - - default default] 10.0.0.188 "DELETE /v2.0/subnets/07f9f411-c8c0-4670-bcb0-015b79ec6bb3 HTTP/1.1" status: 204 len: 168 time: 0.2088196
2026-05-09 18:01:28.230 9 INFO neutron.wsgi [None req-bfbeff4c-6483-47a8-b6de-64eaf0f5e970 403c861a68fa4d29b7a03bd97f863667 11d5b78ddac64b9aac04041d6853d349 - - default default] 10.0.0.188 "GET /v2.0/security-groups?tenant_id=aa8ec25bf1fc41e7b501c031c20482ca&name=default HTTP/1.1" status: 200 len: 2996 time: 0.0425806
2026-05-09 18:01:28.268 10 INFO neutron.db.ovn_revision_numbers_db [None req-dea94a35-7658-4706-a646-045db5e71429 7bbd008b07c8424885cf008958d10223 e88d396e12844a459d9b69bfb78edca9 - - default default] Successfully bumped revision number for resource aea1b440-e473-4d27-89ca-abcf7309b7fe (type: floatingips) to 1
2026-05-09 18:01:28.310 10 INFO neutron.wsgi [None req-dea94a35-7658-4706-a646-045db5e71429 7bbd008b07c8424885cf008958d10223 e88d396e12844a459d9b69bfb78edca9 - - default default] 10.0.0.188 "POST /v2.0/floatingips HTTP/1.1" status: 201 len: 1041 time: 1.3612981
2026-05-09 18:01:28.427 10 INFO neutron.wsgi [None req-fdecf43b-2065-4f59-9041-761ecb089ef3 403c861a68fa4d29b7a03bd97f863667 11d5b78ddac64b9aac04041d6853d349 - - default default] 10.0.0.188 "DELETE /v2.0/security-groups/b6f7b7ed-7767-4956-a2e8-d9c575f2bea0 HTTP/1.1" status: 204 len: 168 time: 0.1925471
2026-05-09 18:01:28.441 10 INFO neutron.wsgi [-] 10.0.0.111 "GET / HTTP/1.1" status: 200 len: 247 time: 0.0016987
2026-05-09 18:01:28.445 10 INFO neutron.wsgi [-] 10.0.0.111 "GET / HTTP/1.1" status: 200 len: 247 time: 0.0026667
2026-05-09 18:01:28.503 9 INFO neutron.db.l3_db [None req-14cd7848-9b85-4994-855c-acd517c383e1 7bbd008b07c8424885cf008958d10223 e88d396e12844a459d9b69bfb78edca9 - - default default] Floating IP aea1b440-e473-4d27-89ca-abcf7309b7fe disassociated. External IP: 10.96.250.216, port: 736adec5-3448-482a-b21b-4e51a1fa340e.
2026-05-09 18:01:28.542 9 INFO neutron.db.ovn_revision_numbers_db [None req-14cd7848-9b85-4994-855c-acd517c383e1 7bbd008b07c8424885cf008958d10223 e88d396e12844a459d9b69bfb78edca9 - - default default] Successfully bumped revision number for resource aea1b440-e473-4d27-89ca-abcf7309b7fe (type: floatingips) to 2
2026-05-09 18:01:28.628 9 INFO neutron.wsgi [None req-14cd7848-9b85-4994-855c-acd517c383e1 7bbd008b07c8424885cf008958d10223 e88d396e12844a459d9b69bfb78edca9 - - default default] 10.0.0.188 "PUT /v2.0/floatingips/aea1b440-e473-4d27-89ca-abcf7309b7fe HTTP/1.1" status: 200 len: 748 time: 0.3130968
2026-05-09 18:01:28.653 9 INFO neutron.wsgi [None req-47328ed1-877a-439f-bb7a-ac42f9a4c84d 1043ac2ff912400393987b1e118b63d4 ad14c6f6d5b94eaabedb21e90b9a46b8 - - default default] 10.0.0.188 "DELETE /v2.0/networks/6887e0b8-bb47-4a66-acfa-37adfe53bf8f HTTP/1.1" status: 204 len: 168 time: 0.5026109
2026-05-09 18:01:28.669 10 WARNING neutron_lib.context [None req-ca4588c0-d183-4435-bdb9-32bc4e61c3cf 1043ac2ff912400393987b1e118b63d4 ad14c6f6d5b94eaabedb21e90b9a46b8 - - default default] Method 'is_advsvc' is deprecated since 2023.2 release (neutron-lib 3.8.0) and will be removed once support for the old RBAC API policies will be removed from Neutron. Please use method 'is_service_role' instead.
2026-05-09 18:01:28.740 10 INFO neutron.db.ovn_revision_numbers_db [None req-9bb99506-04c8-4c2b-91ad-23297354fdef 403c861a68fa4d29b7a03bd97f863667 11d5b78ddac64b9aac04041d6853d349 - - default default] Successfully bumped revision number for resource 7e9c4027-f584-4535-8979-c189f28b2f8a (type: security_groups) to 1
2026-05-09 18:01:28.756 10 INFO neutron.db.ovn_revision_numbers_db [None req-9bb99506-04c8-4c2b-91ad-23297354fdef 403c861a68fa4d29b7a03bd97f863667 11d5b78ddac64b9aac04041d6853d349 - - default default] Successfully bumped revision number for resource 28282d0d-10b9-427a-9cde-fd598d46eb5c (type: security_group_rules) to 0
2026-05-09 18:01:28.786 10 INFO neutron.db.segments_db [None req-ca4588c0-d183-4435-bdb9-32bc4e61c3cf 1043ac2ff912400393987b1e118b63d4 ad14c6f6d5b94eaabedb21e90b9a46b8 - - default default] Added segment 8b2c0a37-1cbd-4ee0-86f6-5b2bc0a7ca63 of type geneve for network 85df6a21-0ba2-4d12-bfb0-1e407a4d3da6
2026-05-09 18:01:28.791 10 INFO neutron.db.ovn_revision_numbers_db [None req-9bb99506-04c8-4c2b-91ad-23297354fdef 403c861a68fa4d29b7a03bd97f863667 11d5b78ddac64b9aac04041d6853d349 - - default default] Successfully bumped revision number for resource 6ba34801-2bc6-4063-bde4-bab97c905e2a (type: security_group_rules) to 0
2026-05-09 18:01:28.823 10 INFO neutron.db.ovn_revision_numbers_db [None req-9bb99506-04c8-4c2b-91ad-23297354fdef 403c861a68fa4d29b7a03bd97f863667 11d5b78ddac64b9aac04041d6853d349 - - default default] Successfully bumped revision number for resource 6f0bbf66-9e09-4584-a336-7a03f17ab439 (type: security_group_rules) to 0
2026-05-09 18:01:28.878 10 INFO neutron.db.ovn_revision_numbers_db [None req-9bb99506-04c8-4c2b-91ad-23297354fdef 403c861a68fa4d29b7a03bd97f863667 11d5b78ddac64b9aac04041d6853d349 - - default default] Successfully bumped revision number for resource db39f6c9-9093-4018-962c-2e6fdd869cc3 (type: security_group_rules) to 0
2026-05-09 18:01:28.919 10 INFO neutron.wsgi [None req-9bb99506-04c8-4c2b-91ad-23297354fdef 403c861a68fa4d29b7a03bd97f863667 11d5b78ddac64b9aac04041d6853d349 - - default default] 10.0.0.188 "GET /v2.0/security-groups?tenant_id=f0b4914352354848bdeb69c677dd33ee&name=default HTTP/1.1" status: 200 len: 2996 time: 0.3607500
2026-05-09 18:01:29.002 10 INFO neutron.db.ovn_revision_numbers_db [None req-ca4588c0-d183-4435-bdb9-32bc4e61c3cf 1043ac2ff912400393987b1e118b63d4 ad14c6f6d5b94eaabedb21e90b9a46b8 - - default default] Successfully bumped revision number for resource 85df6a21-0ba2-4d12-bfb0-1e407a4d3da6 (type: networks) to 1
2026-05-09 18:01:29.139 10 INFO neutron.wsgi [None req-b7202262-6a44-468b-adc2-7881dde43aae 7bbd008b07c8424885cf008958d10223 e88d396e12844a459d9b69bfb78edca9 - - default default] 10.0.0.188 "DELETE /v2.0/floatingips/aea1b440-e473-4d27-89ca-abcf7309b7fe HTTP/1.1" status: 204 len: 168 time: 0.5052683
2026-05-09 18:01:29.145 9 INFO neutron.wsgi [None req-00bdbc50-eb29-4ab0-8172-aea6eb8e51de 403c861a68fa4d29b7a03bd97f863667 11d5b78ddac64b9aac04041d6853d349 - - default default] 10.0.0.188 "DELETE /v2.0/security-groups/7e9c4027-f584-4535-8979-c189f28b2f8a HTTP/1.1" status: 204 len: 168 time: 0.2192473
2026-05-09 18:01:29.156 9 WARNING neutron_lib.context [None req-fb2b087c-73cd-4774-b8f4-305d9a374972 7bbd008b07c8424885cf008958d10223 e88d396e12844a459d9b69bfb78edca9 - - default default] Method 'is_advsvc' is deprecated since 2023.2 release (neutron-lib 3.8.0) and will be removed once support for the old RBAC API policies will be removed from Neutron. Please use method 'is_service_role' instead.
2026-05-09 18:01:29.162 9 INFO neutron.services.segments.plugin [-] Segment e08649ad-d132-4f38-b4a9-d190013033f9 resource provider aggregate not found
2026-05-09 18:01:29.167 9 INFO neutron.services.segments.plugin [-] Segment e08649ad-d132-4f38-b4a9-d190013033f9 resource provider aggregate not found
2026-05-09 18:01:29.178 9 INFO neutron.services.segments.plugin [-] Segment e08649ad-d132-4f38-b4a9-d190013033f9 resource provider not found; error: Placement Client Error (4xx): {"errors": [{"status": 404, "title": "Not Found", "detail": "The resource could not be found.\n\n No resource provider with uuid e08649ad-d132-4f38-b4a9-d190013033f9 found for delete ", "request_id": "req-e30aea02-5719-4091-8e0a-355577fdefea"}]}
2026-05-09 18:01:29.182 9 INFO neutron.services.segments.plugin [-] Segment e08649ad-d132-4f38-b4a9-d190013033f9 resource provider not found; error: Placement Client Error (4xx): {"errors": [{"status": 404, "title": "Not Found", "detail": "The resource could not be found.\n\n No resource provider with uuid e08649ad-d132-4f38-b4a9-d190013033f9 found for delete ", "request_id": "req-133500b6-0daf-45e1-b851-01074904ee45"}]}
2026-05-09 18:01:29.207 10 WARNING neutron.scheduler.dhcp_agent_scheduler [None req-ca4588c0-d183-4435-bdb9-32bc4e61c3cf 1043ac2ff912400393987b1e118b63d4 ad14c6f6d5b94eaabedb21e90b9a46b8 - - default default] No more DHCP agents
2026-05-09 18:01:29.210 10 WARNING neutron.api.rpc.agentnotifiers.dhcp_rpc_agent_api [None req-ca4588c0-d183-4435-bdb9-32bc4e61c3cf 1043ac2ff912400393987b1e118b63d4 ad14c6f6d5b94eaabedb21e90b9a46b8 - - default default] Unable to schedule network 85df6a21-0ba2-4d12-bfb0-1e407a4d3da6: no agents available; will retry on subsequent port and subnet creation events.
2026-05-09 18:01:29.300 10 INFO neutron.db.ovn_revision_numbers_db [None req-ca4588c0-d183-4435-bdb9-32bc4e61c3cf 1043ac2ff912400393987b1e118b63d4 ad14c6f6d5b94eaabedb21e90b9a46b8 - - default default] Successfully bumped revision number for resource ec138c44-edd1-40ee-a69f-6e7a1eb7dfcc (type: ports) to 1
2026-05-09 18:01:29.322 10 INFO neutron.wsgi [None req-ca4588c0-d183-4435-bdb9-32bc4e61c3cf 1043ac2ff912400393987b1e118b63d4 ad14c6f6d5b94eaabedb21e90b9a46b8 - - default default] 10.0.0.188 "POST /v2.0/networks HTTP/1.1" status: 201 len: 828 time: 0.6609042
2026-05-09 18:01:29.333 10 WARNING neutron_lib.context [None req-b01622d3-45ca-457c-b0ae-7a77a0cd12ea 1043ac2ff912400393987b1e118b63d4 ad14c6f6d5b94eaabedb21e90b9a46b8 - - default default] Method 'is_advsvc' is deprecated since 2023.2 release (neutron-lib 3.8.0) and will be removed once support for the old RBAC API policies will be removed from Neutron. Please use method 'is_service_role' instead.
2026-05-09 18:01:29.420 9 WARNING neutron.scheduler.dhcp_agent_scheduler [None req-fb2b087c-73cd-4774-b8f4-305d9a374972 7bbd008b07c8424885cf008958d10223 e88d396e12844a459d9b69bfb78edca9 - - default default] No more DHCP agents
2026-05-09 18:01:29.422 9 WARNING neutron.api.rpc.agentnotifiers.dhcp_rpc_agent_api [None req-fb2b087c-73cd-4774-b8f4-305d9a374972 7bbd008b07c8424885cf008958d10223 e88d396e12844a459d9b69bfb78edca9 - - default default] Unable to schedule network 9325f272-0f0a-469a-8d49-1c9c9f32dd96: no agents available; will retry on subsequent port and subnet creation events.
2026-05-09 18:01:29.471 10 WARNING neutron.plugins.ml2.drivers.ovn.mech_driver.ovsdb.ovn_client [None req-11c9bff3-0817-4aeb-b6dd-74b63f19327f - - - - - -] No hosting information found for port 0d0005e4-dff2-4602-a330-098c30068b02: RuntimeError: No hosting information found for port 0d0005e4-dff2-4602-a330-098c30068b02
2026-05-09 18:01:29.472 10 INFO neutron.plugins.ml2.drivers.ovn.mech_driver.mech_driver [None req-11c9bff3-0817-4aeb-b6dd-74b63f19327f - - - - - -] OVN reports status up for port: 832f493b-6681-4b70-809c-b6d5c7441d5f
2026-05-09 18:01:29.583 10 WARNING neutron.scheduler.dhcp_agent_scheduler [None req-b01622d3-45ca-457c-b0ae-7a77a0cd12ea 1043ac2ff912400393987b1e118b63d4 ad14c6f6d5b94eaabedb21e90b9a46b8 - - default default] No more DHCP agents
2026-05-09 18:01:29.584 10 WARNING neutron.api.rpc.agentnotifiers.dhcp_rpc_agent_api [None req-b01622d3-45ca-457c-b0ae-7a77a0cd12ea 1043ac2ff912400393987b1e118b63d4 ad14c6f6d5b94eaabedb21e90b9a46b8 - - default default] Unable to schedule network 85df6a21-0ba2-4d12-bfb0-1e407a4d3da6: no agents available; will retry on subsequent port and subnet creation events.
2026-05-09 18:01:29.845 9 INFO neutron.db.l3_db [None req-fb2b087c-73cd-4774-b8f4-305d9a374972 7bbd008b07c8424885cf008958d10223 e88d396e12844a459d9b69bfb78edca9 - - default default] Floating IP a02b4a47-9be7-4d3a-941a-bf198fb2b544 associated. External IP: 10.96.250.211, port: efc6eb76-6d12-4b30-b726-2ba999d1ee59.
2026-05-09 18:01:30.072 10 INFO neutron.db.ovn_revision_numbers_db [None req-b01622d3-45ca-457c-b0ae-7a77a0cd12ea 1043ac2ff912400393987b1e118b63d4 ad14c6f6d5b94eaabedb21e90b9a46b8 - - default default] Successfully bumped revision number for resource ec138c44-edd1-40ee-a69f-6e7a1eb7dfcc (type: ports) to 2
2026-05-09 18:01:30.105 10 INFO neutron.db.ovn_revision_numbers_db [None req-b01622d3-45ca-457c-b0ae-7a77a0cd12ea 1043ac2ff912400393987b1e118b63d4 ad14c6f6d5b94eaabedb21e90b9a46b8 - - default default] Successfully bumped revision number for resource 7a9a563c-6a19-41ce-8e6a-c37e156a758c (type: subnets) to 0
2026-05-09 18:01:30.122 10 INFO neutron.wsgi [None req-b01622d3-45ca-457c-b0ae-7a77a0cd12ea 1043ac2ff912400393987b1e118b63d4 ad14c6f6d5b94eaabedb21e90b9a46b8 - - default default] 10.0.0.188 "POST /v2.0/subnets HTTP/1.1" status: 201 len: 801 time: 0.7937112
2026-05-09 18:01:30.133 10 WARNING neutron_lib.context [None req-5ce36c57-1917-42f2-bf36-abcb564023c6 1043ac2ff912400393987b1e118b63d4 ad14c6f6d5b94eaabedb21e90b9a46b8 - - default default] Method 'is_advsvc' is deprecated since 2023.2 release (neutron-lib 3.8.0) and will be removed once support for the old RBAC API policies will be removed from Neutron. Please use method 'is_service_role' instead.
2026-05-09 18:01:30.292 9 INFO neutron.db.ovn_revision_numbers_db [None req-fb2b087c-73cd-4774-b8f4-305d9a374972 7bbd008b07c8424885cf008958d10223 e88d396e12844a459d9b69bfb78edca9 - - default default] Successfully bumped revision number for resource a02b4a47-9be7-4d3a-941a-bf198fb2b544 (type: floatingips) to 0
2026-05-09 18:01:30.319 10 INFO neutron.db.ovn_revision_numbers_db [None req-5ce36c57-1917-42f2-bf36-abcb564023c6 1043ac2ff912400393987b1e118b63d4 ad14c6f6d5b94eaabedb21e90b9a46b8 - - default default] Successfully bumped revision number for resource 28daf1a5-330a-434a-a9e4-763274c80f5a (type: routers) to 1
2026-05-09 18:01:30.344 10 INFO neutron.wsgi [None req-5ce36c57-1917-42f2-bf36-abcb564023c6 1043ac2ff912400393987b1e118b63d4 ad14c6f6d5b94eaabedb21e90b9a46b8 - - default default] 10.0.0.188 "POST /v2.0/routers HTTP/1.1" status: 201 len: 687 time: 0.2170382
2026-05-09 18:01:30.468 9 INFO neutron.db.ovn_revision_numbers_db [None req-fb2b087c-73cd-4774-b8f4-305d9a374972 7bbd008b07c8424885cf008958d10223 e88d396e12844a459d9b69bfb78edca9 - - default default] Successfully bumped revision number for resource a02b4a47-9be7-4d3a-941a-bf198fb2b544 (type: floatingips) to 1
2026-05-09 18:01:30.520 9 INFO neutron.wsgi [None req-fb2b087c-73cd-4774-b8f4-305d9a374972 7bbd008b07c8424885cf008958d10223 e88d396e12844a459d9b69bfb78edca9 - - default default] 10.0.0.188 "POST /v2.0/floatingips HTTP/1.1" status: 201 len: 1041 time: 1.3713667
2026-05-09 18:01:30.588 9 INFO neutron.wsgi [None req-be8c8748-d1e7-4d55-bd94-ff3dfe321719 7bbd008b07c8424885cf008958d10223 e88d396e12844a459d9b69bfb78edca9 - - default default] 10.0.0.188 "GET /v2.0/floatingips/a02b4a47-9be7-4d3a-941a-bf198fb2b544 HTTP/1.1" status: 200 len: 1038 time: 0.0632010 /var/lib/openstack/lib/python3.10/site-packages/pycadf/identifier.py:71: UserWarning: Invalid uuid: neutron. To ensure interoperability, identifiers should be a valid uuid. warnings.warn(('Invalid uuid: %s. To ensure interoperability, '
2026-05-09 18:01:30.660 10 INFO neutron.wsgi [None req-b752b5f8-328c-446c-8f2e-aac6afeba1d0 7bbd008b07c8424885cf008958d10223 e88d396e12844a459d9b69bfb78edca9 - - default default] 10.0.0.188 "GET /v2.0/floatingips HTTP/1.1" status: 200 len: 1041 time: 0.0668530
2026-05-09 18:01:30.788 9 WARNING neutron.scheduler.dhcp_agent_scheduler [None req-3f4d8f51-1f54-4299-afe9-110e8d924c80 1043ac2ff912400393987b1e118b63d4 ad14c6f6d5b94eaabedb21e90b9a46b8 - - default default] No more DHCP agents
2026-05-09 18:01:30.790 9 WARNING neutron.api.rpc.agentnotifiers.dhcp_rpc_agent_api [None req-3f4d8f51-1f54-4299-afe9-110e8d924c80 1043ac2ff912400393987b1e118b63d4 ad14c6f6d5b94eaabedb21e90b9a46b8 - - default default] Unable to schedule network 85df6a21-0ba2-4d12-bfb0-1e407a4d3da6: no agents available; will retry on subsequent port and subnet creation events.
2026-05-09 18:01:30.905 9 WARNING neutron.plugins.ml2.drivers.ovn.mech_driver.ovsdb.ovn_client [None req-b53abae5-100b-4e58-a0c5-ba0a5ed47b26 - - - - - -] No hosting information found for port cb600c04-fed8-4ffb-94d9-59614502be93: RuntimeError: No hosting information found for port cb600c04-fed8-4ffb-94d9-59614502be93
2026-05-09 18:01:30.913 10 INFO neutron.db.l3_db [None req-8c139b5e-cf78-4849-9935-097c109d2ab4 7bbd008b07c8424885cf008958d10223 e88d396e12844a459d9b69bfb78edca9 - - default default] Floating IP a02b4a47-9be7-4d3a-941a-bf198fb2b544 associated. External IP: 10.96.250.211, port: efc6eb76-6d12-4b30-b726-2ba999d1ee59.
2026-05-09 18:01:31.025 9 INFO neutron.db.ovn_revision_numbers_db [None req-3f4d8f51-1f54-4299-afe9-110e8d924c80 1043ac2ff912400393987b1e118b63d4 ad14c6f6d5b94eaabedb21e90b9a46b8 - - default default] Successfully bumped revision number for resource 76dd8bd4-b65e-4c8e-98a1-a357e90fbb82 (type: ports) to 1
2026-05-09 18:01:31.161 10 INFO neutron.db.ovn_revision_numbers_db [None req-8c139b5e-cf78-4849-9935-097c109d2ab4 7bbd008b07c8424885cf008958d10223 e88d396e12844a459d9b69bfb78edca9 - - default default] Successfully bumped revision number for resource a02b4a47-9be7-4d3a-941a-bf198fb2b544 (type: floatingips) to 2
2026-05-09 18:01:31.272 10 INFO neutron.db.ovn_revision_numbers_db [None req-8c139b5e-cf78-4849-9935-097c109d2ab4 7bbd008b07c8424885cf008958d10223 e88d396e12844a459d9b69bfb78edca9 - - default default] Successfully bumped revision number for resource a02b4a47-9be7-4d3a-941a-bf198fb2b544 (type: floatingips) to 2
2026-05-09 18:01:31.316 10 INFO neutron.wsgi [None req-8c139b5e-cf78-4849-9935-097c109d2ab4 7bbd008b07c8424885cf008958d10223 e88d396e12844a459d9b69bfb78edca9 - - default default] 10.0.0.188 "PUT /v2.0/floatingips/a02b4a47-9be7-4d3a-941a-bf198fb2b544 HTTP/1.1" status: 200 len: 1038 time: 0.6509671 /var/lib/openstack/lib/python3.10/site-packages/pycadf/identifier.py:71: UserWarning: Invalid uuid: neutron. To ensure interoperability, identifiers should be a valid uuid. warnings.warn(('Invalid uuid: %s. To ensure interoperability, '
2026-05-09 18:01:31.420 10 INFO neutron.plugins.ml2.drivers.ovn.mech_driver.mech_driver [None req-11c9bff3-0817-4aeb-b6dd-74b63f19327f - - - - - -] OVN reports status up for port: 76dd8bd4-b65e-4c8e-98a1-a357e90fbb82
2026-05-09 18:01:31.428 10 INFO neutron.plugins.ml2.plugin [None req-11c9bff3-0817-4aeb-b6dd-74b63f19327f - - - - - -] Attempt 1 to provision port 76dd8bd4-b65e-4c8e-98a1-a357e90fbb82
2026-05-09 18:01:31.440 9 INFO neutron.db.ovn_revision_numbers_db [None req-3f4d8f51-1f54-4299-afe9-110e8d924c80 1043ac2ff912400393987b1e118b63d4 ad14c6f6d5b94eaabedb21e90b9a46b8 - - default default] Successfully bumped revision number for resource 76dd8bd4-b65e-4c8e-98a1-a357e90fbb82 (type: router_ports) to 1
2026-05-09 18:01:31.480 10 INFO neutron.db.l3_db [None req-316d6806-f980-411d-9c8f-804023b5e2cf 7bbd008b07c8424885cf008958d10223 e88d396e12844a459d9b69bfb78edca9 - - default default] Floating IP a02b4a47-9be7-4d3a-941a-bf198fb2b544 disassociated. External IP: 10.96.250.211, port: 736adec5-3448-482a-b21b-4e51a1fa340e.
2026-05-09 18:01:31.535 10 INFO neutron.db.ovn_revision_numbers_db [None req-316d6806-f980-411d-9c8f-804023b5e2cf 7bbd008b07c8424885cf008958d10223 e88d396e12844a459d9b69bfb78edca9 - - default default] Successfully bumped revision number for resource a02b4a47-9be7-4d3a-941a-bf198fb2b544 (type: floatingips) to 3
2026-05-09 18:01:31.641 10 INFO neutron.wsgi [None req-316d6806-f980-411d-9c8f-804023b5e2cf 7bbd008b07c8424885cf008958d10223 e88d396e12844a459d9b69bfb78edca9 - - default default] 10.0.0.188 "PUT /v2.0/floatingips/a02b4a47-9be7-4d3a-941a-bf198fb2b544 HTTP/1.1" status: 200 len: 748 time: 0.3128872 /var/lib/openstack/lib/python3.10/site-packages/pycadf/identifier.py:71: UserWarning: Invalid uuid: neutron. To ensure interoperability, identifiers should be a valid uuid. warnings.warn(('Invalid uuid: %s. To ensure interoperability, '
2026-05-09 18:01:31.709 9 INFO neutron.db.ovn_revision_numbers_db [None req-3f4d8f51-1f54-4299-afe9-110e8d924c80 1043ac2ff912400393987b1e118b63d4 ad14c6f6d5b94eaabedb21e90b9a46b8 - - default default] Successfully bumped revision number for resource 76dd8bd4-b65e-4c8e-98a1-a357e90fbb82 (type: ports) to 1
2026-05-09 18:01:31.797 10 INFO neutron.db.ovn_revision_numbers_db [None req-11c9bff3-0817-4aeb-b6dd-74b63f19327f - - - - - -] Successfully bumped revision number for resource 76dd8bd4-b65e-4c8e-98a1-a357e90fbb82 (type: ports) to 2
2026-05-09 18:01:31.801 9 WARNING neutron.scheduler.dhcp_agent_scheduler [None req-3f4d8f51-1f54-4299-afe9-110e8d924c80 1043ac2ff912400393987b1e118b63d4 ad14c6f6d5b94eaabedb21e90b9a46b8 - - default default] No more DHCP agents
2026-05-09 18:01:31.804 9 WARNING neutron.api.rpc.agentnotifiers.dhcp_rpc_agent_api [None req-3f4d8f51-1f54-4299-afe9-110e8d924c80 1043ac2ff912400393987b1e118b63d4 ad14c6f6d5b94eaabedb21e90b9a46b8 - - default default] Unable to schedule network 85df6a21-0ba2-4d12-bfb0-1e407a4d3da6: no agents available; will retry on subsequent port and subnet creation events.
2026-05-09 18:01:31.874 10 INFO neutron.db.ovn_revision_numbers_db [None req-11c9bff3-0817-4aeb-b6dd-74b63f19327f - - - - - -] Successfully bumped revision number for resource 76dd8bd4-b65e-4c8e-98a1-a357e90fbb82 (type: router_ports) to 2
2026-05-09 18:01:31.964 10 INFO neutron.db.ovn_revision_numbers_db [None req-ab0b717f-90f3-4529-97f2-0f89c6a89cde 403c861a68fa4d29b7a03bd97f863667 11d5b78ddac64b9aac04041d6853d349 - - default default] Successfully bumped revision number for resource ff31c28d-5ddd-4f46-881f-affdb3938ee1 (type: security_groups) to 1
2026-05-09 18:01:31.964 9 INFO neutron.db.ovn_revision_numbers_db [None req-3f4d8f51-1f54-4299-afe9-110e8d924c80 1043ac2ff912400393987b1e118b63d4 ad14c6f6d5b94eaabedb21e90b9a46b8 - - default default] Successfully bumped revision number for resource 76dd8bd4-b65e-4c8e-98a1-a357e90fbb82 (type: router_ports) to 2
2026-05-09 18:01:31.966 9 INFO neutron.wsgi [None req-3f4d8f51-1f54-4299-afe9-110e8d924c80 1043ac2ff912400393987b1e118b63d4 ad14c6f6d5b94eaabedb21e90b9a46b8 - - default default] 10.0.0.188 "PUT /v2.0/routers/28daf1a5-330a-434a-a9e4-763274c80f5a/add_router_interface HTTP/1.1" status: 200 len: 503 time: 1.6170204
2026-05-09 18:01:32.004 10 INFO neutron.db.ovn_revision_numbers_db [None req-ab0b717f-90f3-4529-97f2-0f89c6a89cde 403c861a68fa4d29b7a03bd97f863667 11d5b78ddac64b9aac04041d6853d349 - - default default] Successfully bumped revision number for resource 3d72ad57-9872-443e-9ef7-356f6bb25272 (type: security_group_rules) to 0
2026-05-09 18:01:32.023 10 INFO neutron.wsgi [None req-a6ce906a-2a21-4b6e-ba6e-4a076c075ab0 1043ac2ff912400393987b1e118b63d4 ad14c6f6d5b94eaabedb21e90b9a46b8 - - default default] 10.0.0.188 "GET /v2.0/ports/76dd8bd4-b65e-4c8e-98a1-a357e90fbb82 HTTP/1.1" status: 200 len: 1137 time: 0.0509675
2026-05-09 18:01:32.031 10 INFO neutron.db.ovn_revision_numbers_db [None req-ab0b717f-90f3-4529-97f2-0f89c6a89cde 403c861a68fa4d29b7a03bd97f863667 11d5b78ddac64b9aac04041d6853d349 - - default default] Successfully bumped revision number for resource 45af2a29-60e3-4bbc-8577-603cbce4339f (type: security_group_rules) to 0
2026-05-09 18:01:32.076 10 INFO neutron.db.ovn_revision_numbers_db [None req-ab0b717f-90f3-4529-97f2-0f89c6a89cde 403c861a68fa4d29b7a03bd97f863667 11d5b78ddac64b9aac04041d6853d349 - - default default] Successfully bumped revision number for resource 60ae4d65-b5c1-4455-b973-b253954e0574 (type: security_group_rules) to 0
2026-05-09 18:01:32.102 10 INFO neutron.wsgi [None req-4084abc9-0d5d-421c-89b7-22f0780d3ba7 1043ac2ff912400393987b1e118b63d4 ad14c6f6d5b94eaabedb21e90b9a46b8 - - default default] 10.0.0.188 "GET /v2.0/ports/76dd8bd4-b65e-4c8e-98a1-a357e90fbb82 HTTP/1.1" status: 200 len: 1137 time: 0.0720544
2026-05-09 18:01:32.106 9 INFO neutron.wsgi [None req-f6cee85c-4325-4289-908b-8414abeae6bd 7bbd008b07c8424885cf008958d10223 e88d396e12844a459d9b69bfb78edca9 - - default default] 10.0.0.188 "DELETE /v2.0/floatingips/a02b4a47-9be7-4d3a-941a-bf198fb2b544 HTTP/1.1" status: 204 len: 168 time: 0.4600177
2026-05-09 18:01:32.129 10 INFO neutron.db.ovn_revision_numbers_db [None req-ab0b717f-90f3-4529-97f2-0f89c6a89cde 403c861a68fa4d29b7a03bd97f863667 11d5b78ddac64b9aac04041d6853d349 - - default default] Successfully bumped revision number for resource 99ed6a15-23f4-4f85-8eb9-30b50dc55fe3 (type: security_group_rules) to 0
2026-05-09 18:01:32.133 9 INFO neutron.api.v2.resource [None req-1bb20687-c278-4ee4-9aea-6c2a38bc1f1a 7bbd008b07c8424885cf008958d10223 e88d396e12844a459d9b69bfb78edca9 - - default default] delete failed (client error): The resource could not be found.
2026-05-09 18:01:32.136 9 INFO neutron.wsgi [None req-1bb20687-c278-4ee4-9aea-6c2a38bc1f1a 7bbd008b07c8424885cf008958d10223 e88d396e12844a459d9b69bfb78edca9 - - default default] 10.0.0.188 "DELETE /v2.0/floatingips/a02b4a47-9be7-4d3a-941a-bf198fb2b544 HTTP/1.1" status: 404 len: 345 time: 0.0263352
2026-05-09 18:01:32.167 10 INFO neutron.wsgi [None req-ab0b717f-90f3-4529-97f2-0f89c6a89cde 403c861a68fa4d29b7a03bd97f863667 11d5b78ddac64b9aac04041d6853d349 - - default default] 10.0.0.188 "GET /v2.0/security-groups?tenant_id=e11fc3349e804a5fa290c22d1f85eb7c&name=default HTTP/1.1" status: 200 len: 2996 time: 0.5858538
2026-05-09 18:01:32.454 9 INFO neutron.wsgi [None req-74f8b74c-b197-4d88-9f28-9a5c2efc03ed 7bbd008b07c8424885cf008958d10223 e88d396e12844a459d9b69bfb78edca9 - - default default] 10.0.0.188 "DELETE /v2.0/ports/736adec5-3448-482a-b21b-4e51a1fa340e HTTP/1.1" status: 204 len: 168 time: 0.3126526
2026-05-09 18:01:32.703 10 INFO neutron.wsgi [None req-d1494176-16aa-4ad7-867a-ff6f87262505 403c861a68fa4d29b7a03bd97f863667 11d5b78ddac64b9aac04041d6853d349 - - default default] 10.0.0.188 "DELETE /v2.0/security-groups/ff31c28d-5ddd-4f46-881f-affdb3938ee1 HTTP/1.1" status: 204 len: 168 time: 0.5266435
2026-05-09 18:01:32.826 9 INFO neutron.wsgi [None req-d13b8b43-13fc-4da2-a399-436e69ba08e3 7bbd008b07c8424885cf008958d10223 e88d396e12844a459d9b69bfb78edca9 - - default default] 10.0.0.188 "DELETE /v2.0/ports/efc6eb76-6d12-4b30-b726-2ba999d1ee59 HTTP/1.1" status: 204 len: 168 time: 0.3651938
2026-05-09 18:01:32.956 9 INFO neutron.wsgi [None req-999a90a2-3f38-4516-9c72-3e796f8fb38e 7bbd008b07c8424885cf008958d10223 e88d396e12844a459d9b69bfb78edca9 - - default default] 10.0.0.188 "GET /v2.0/ports?device_id=25135d1a-9cb7-4c9c-8d0b-6b6381a331f0 HTTP/1.1" status: 200 len: 1140 time: 0.1253150
2026-05-09 18:01:33.053 10 INFO neutron.wsgi [None req-1b0a9082-b44b-454b-9f65-2e9d49c33db6 1043ac2ff912400393987b1e118b63d4 ad14c6f6d5b94eaabedb21e90b9a46b8 - - default default] 10.0.0.188 "PUT /v2.0/routers/28daf1a5-330a-434a-a9e4-763274c80f5a/remove_router_interface HTTP/1.1" status: 200 len: 503 time: 0.9469180
2026-05-09 18:01:33.083 9 INFO neutron.wsgi [None req-9f81bbe9-cc0b-4d6c-bfdd-40b319c02f1a 1043ac2ff912400393987b1e118b63d4 ad14c6f6d5b94eaabedb21e90b9a46b8 - - default default] 10.0.0.188 "GET /v2.0/ports?device_id=28daf1a5-330a-434a-a9e4-763274c80f5a HTTP/1.1" status: 200 len: 205 time: 0.0261948 /var/lib/openstack/lib/python3.10/site-packages/pycadf/identifier.py:71: UserWarning: Invalid uuid: neutron. To ensure interoperability, identifiers should be a valid uuid. warnings.warn(('Invalid uuid: %s. To ensure interoperability, '
2026-05-09 18:01:33.374 10 INFO neutron.wsgi [None req-9d96c57f-8b99-4888-b89e-f55f2870fb6f 1043ac2ff912400393987b1e118b63d4 ad14c6f6d5b94eaabedb21e90b9a46b8 - - default default] 10.0.0.188 "DELETE /v2.0/routers/28daf1a5-330a-434a-a9e4-763274c80f5a HTTP/1.1" status: 204 len: 168 time: 0.2857065
2026-05-09 18:01:33.593 10 INFO neutron.wsgi [None req-32c3b704-652e-48ae-8832-fa957e9b6a97 1043ac2ff912400393987b1e118b63d4 ad14c6f6d5b94eaabedb21e90b9a46b8 - - default default] 10.0.0.188 "DELETE /v2.0/subnets/7a9a563c-6a19-41ce-8e6a-c37e156a758c HTTP/1.1" status: 204 len: 168 time: 0.2141652
2026-05-09 18:01:33.740 9 WARNING neutron_lib.context [None req-c1c848f2-e40c-4f8c-aaff-604a11f7732c 0d0372921bdc4bb4993a6a0ddeae363d ee6f1db447434cd59bc4e6a9949932fd - - default default] Method 'is_advsvc' is deprecated since 2023.2 release (neutron-lib 3.8.0) and will be removed once support for the old RBAC API policies will be removed from Neutron. Please use method 'is_service_role' instead.
2026-05-09 18:01:33.923 10 INFO neutron.services.segments.plugin [-] Segment 8b2c0a37-1cbd-4ee0-86f6-5b2bc0a7ca63 resource provider aggregate not found
2026-05-09 18:01:33.929 10 INFO neutron.services.segments.plugin [-] Segment 8b2c0a37-1cbd-4ee0-86f6-5b2bc0a7ca63 resource provider aggregate not found
2026-05-09 18:01:33.938 9 INFO neutron.db.ovn_revision_numbers_db [None req-c1c848f2-e40c-4f8c-aaff-604a11f7732c 0d0372921bdc4bb4993a6a0ddeae363d ee6f1db447434cd59bc4e6a9949932fd - - default default] Successfully bumped revision number for resource cabab8db-4706-4d1c-8021-559868c80266 (type: routers) to 1
2026-05-09 18:01:33.941 10 INFO neutron.services.segments.plugin [-] Segment 8b2c0a37-1cbd-4ee0-86f6-5b2bc0a7ca63 resource provider not found; error: Placement Client Error (4xx): {"errors": [{"status": 404, "title": "Not Found", "detail": "The resource could not be found.\n\n No resource provider with uuid 8b2c0a37-1cbd-4ee0-86f6-5b2bc0a7ca63 found for delete ", "request_id": "req-3d06d015-9627-4cac-930b-2462cb72cb8d"}]}
2026-05-09 18:01:33.946 10 INFO neutron.services.segments.plugin [-] Segment 8b2c0a37-1cbd-4ee0-86f6-5b2bc0a7ca63 resource provider not found; error: Placement Client Error (4xx): {"errors": [{"status": 404, "title": "Not Found", "detail": "The resource could not be found.\n\n No resource provider with uuid 8b2c0a37-1cbd-4ee0-86f6-5b2bc0a7ca63 found for delete ", "request_id": "req-b0189700-ca8f-4975-8080-a86c0f196c68"}]}
2026-05-09 18:01:33.964 9 INFO neutron.wsgi [None req-c1c848f2-e40c-4f8c-aaff-604a11f7732c 0d0372921bdc4bb4993a6a0ddeae363d ee6f1db447434cd59bc4e6a9949932fd - - default default] 10.0.0.188 "POST /v2.0/routers HTTP/1.1" status: 201 len: 654 time: 0.3421371
2026-05-09 18:01:33.969 10 INFO neutron.wsgi [None req-e9f9e53b-6beb-4fed-aff1-fa48b2152874 1043ac2ff912400393987b1e118b63d4 ad14c6f6d5b94eaabedb21e90b9a46b8 - - default default] 10.0.0.188 "DELETE /v2.0/networks/85df6a21-0ba2-4d12-bfb0-1e407a4d3da6 HTTP/1.1" status: 204 len: 168 time: 0.3695698
2026-05-09 18:01:33.972 9 WARNING neutron_lib.context [None req-6d6023b6-239d-4374-8120-5561264e60ea 0d0372921bdc4bb4993a6a0ddeae363d ee6f1db447434cd59bc4e6a9949932fd - - default default] Method 'is_advsvc' is deprecated since 2023.2 release (neutron-lib 3.8.0) and will be removed once support for the old RBAC API policies will be removed from Neutron. Please use method 'is_service_role' instead.
2026-05-09 18:01:33.978 10 WARNING neutron_lib.context [None req-5ac2825c-d0ec-4d47-b24d-928b162da664 1043ac2ff912400393987b1e118b63d4 ad14c6f6d5b94eaabedb21e90b9a46b8 - - default default] Method 'is_advsvc' is deprecated since 2023.2 release (neutron-lib 3.8.0) and will be removed once support for the old RBAC API policies will be removed from Neutron. Please use method 'is_service_role' instead.
2026-05-09 18:01:34.147 9 INFO neutron.db.ovn_revision_numbers_db [None req-6d6023b6-239d-4374-8120-5561264e60ea 0d0372921bdc4bb4993a6a0ddeae363d ee6f1db447434cd59bc4e6a9949932fd - - default default] Successfully bumped revision number for resource daab8dee-2bc3-4afa-b4f3-6059e61b8c26 (type: routers) to 1
2026-05-09 18:01:34.169 9 INFO neutron.wsgi [None req-6d6023b6-239d-4374-8120-5561264e60ea 0d0372921bdc4bb4993a6a0ddeae363d ee6f1db447434cd59bc4e6a9949932fd - - default default] 10.0.0.188 "POST /v2.0/routers HTTP/1.1" status: 201 len: 654 time: 0.2009106
2026-05-09 18:01:34.180 9 WARNING neutron_lib.context [None req-8da817a0-49eb-4b09-aa18-401f277045f4 0d0372921bdc4bb4993a6a0ddeae363d ee6f1db447434cd59bc4e6a9949932fd - - default default] Method 'is_advsvc' is deprecated since 2023.2 release (neutron-lib 3.8.0) and will be removed once support for the old RBAC API policies will be removed from Neutron. Please use method 'is_service_role' instead.
2026-05-09 18:01:34.221 9 INFO neutron.wsgi [None req-e589cf81-9dd6-4bea-897a-0d000f9bba6d 7bbd008b07c8424885cf008958d10223 e88d396e12844a459d9b69bfb78edca9 - - default default] 10.0.0.188 "PUT /v2.0/routers/25135d1a-9cb7-4c9c-8d0b-6b6381a331f0/remove_router_interface HTTP/1.1" status: 200 len: 503 time: 1.2574449 /var/lib/openstack/lib/python3.10/site-packages/pycadf/identifier.py:71: UserWarning: Invalid uuid: neutron. To ensure interoperability, identifiers should be a valid uuid. warnings.warn(('Invalid uuid: %s. To ensure interoperability, '
2026-05-09 18:01:34.401 10 WARNING neutron.scheduler.dhcp_agent_scheduler [None req-5ac2825c-d0ec-4d47-b24d-928b162da664 1043ac2ff912400393987b1e118b63d4 ad14c6f6d5b94eaabedb21e90b9a46b8 - - default default] No more DHCP agents
2026-05-09 18:01:34.401 9 INFO neutron.db.ovn_revision_numbers_db [None req-8da817a0-49eb-4b09-aa18-401f277045f4 0d0372921bdc4bb4993a6a0ddeae363d ee6f1db447434cd59bc4e6a9949932fd - - default default] Successfully bumped revision number for resource 9e9a165a-62fc-4056-b180-0b0ffe562e0b (type: routers) to 1
2026-05-09 18:01:34.403 10 WARNING neutron.api.rpc.agentnotifiers.dhcp_rpc_agent_api [None req-5ac2825c-d0ec-4d47-b24d-928b162da664 1043ac2ff912400393987b1e118b63d4 ad14c6f6d5b94eaabedb21e90b9a46b8 - - default default] Unable to schedule network 9325f272-0f0a-469a-8d49-1c9c9f32dd96: no agents available; will retry on subsequent port and subnet creation events.
2026-05-09 18:01:34.416 9 INFO neutron.wsgi [None req-8da817a0-49eb-4b09-aa18-401f277045f4 0d0372921bdc4bb4993a6a0ddeae363d ee6f1db447434cd59bc4e6a9949932fd - - default default] 10.0.0.188 "POST /v2.0/routers HTTP/1.1" status: 201 len: 654 time: 0.2402883
2026-05-09 18:01:34.432 10 WARNING neutron_lib.context [None req-e553128a-1941-4301-b9e3-3279d03ed3cd 0d0372921bdc4bb4993a6a0ddeae363d ee6f1db447434cd59bc4e6a9949932fd - - default default] Method 'is_advsvc' is deprecated since 2023.2 release (neutron-lib 3.8.0) and will be removed once support for the old RBAC API policies will be removed from Neutron. Please use method 'is_service_role' instead.
2026-05-09 18:01:34.608 10 INFO neutron.db.ovn_revision_numbers_db [None req-e553128a-1941-4301-b9e3-3279d03ed3cd 0d0372921bdc4bb4993a6a0ddeae363d ee6f1db447434cd59bc4e6a9949932fd - - default default] Successfully bumped revision number for resource 3cec574b-a54f-4c52-99a3-4c570f29938b (type: routers) to 1
2026-05-09 18:01:34.612 10 INFO neutron.db.ovn_revision_numbers_db [None req-5ac2825c-d0ec-4d47-b24d-928b162da664 1043ac2ff912400393987b1e118b63d4 ad14c6f6d5b94eaabedb21e90b9a46b8 - - default default] Successfully bumped revision number for resource 3fecaca9-0dc1-430d-9a11-9eef587bad47 (type: ports) to 1
2026-05-09 18:01:34.622 10 INFO neutron.wsgi [None req-e553128a-1941-4301-b9e3-3279d03ed3cd 0d0372921bdc4bb4993a6a0ddeae363d ee6f1db447434cd59bc4e6a9949932fd - - default default] 10.0.0.188 "POST /v2.0/routers HTTP/1.1" status: 201 len: 654 time: 0.1988287
2026-05-09 18:01:34.637 9 WARNING neutron_lib.context [None req-b4adf888-01f1-4667-aeed-e912a5b31fbd 0d0372921bdc4bb4993a6a0ddeae363d ee6f1db447434cd59bc4e6a9949932fd - - default default] Method 'is_advsvc' is deprecated since 2023.2 release (neutron-lib 3.8.0) and will be removed once support for the old RBAC API policies will be removed from Neutron. Please use method 'is_service_role' instead.
2026-05-09 18:01:34.814 9 INFO neutron.db.ovn_revision_numbers_db [None req-b4adf888-01f1-4667-aeed-e912a5b31fbd 0d0372921bdc4bb4993a6a0ddeae363d ee6f1db447434cd59bc4e6a9949932fd - - default default] Successfully bumped revision number for resource 4adcb996-8b95-4f67-89f5-4ec7e0181cdb (type: routers) to 1
2026-05-09 18:01:34.827 9 INFO neutron.wsgi [None req-b4adf888-01f1-4667-aeed-e912a5b31fbd 0d0372921bdc4bb4993a6a0ddeae363d ee6f1db447434cd59bc4e6a9949932fd - - default default] 10.0.0.188 "POST /v2.0/routers HTTP/1.1" status: 201 len: 654 time: 0.1958230
2026-05-09 18:01:35.129 9 INFO neutron.wsgi [None req-4a5e0eb6-518a-4b8a-b6da-5639f52fa702 0d0372921bdc4bb4993a6a0ddeae363d ee6f1db447434cd59bc4e6a9949932fd - - default default] 10.0.0.188 "PUT /v2.0/routers/cabab8db-4706-4d1c-8021-559868c80266/tags HTTP/1.1" status: 200 len: 210 time: 0.2972894
2026-05-09 18:01:35.193 10 INFO neutron.db.ovn_revision_numbers_db [None req-5ac2825c-d0ec-4d47-b24d-928b162da664 1043ac2ff912400393987b1e118b63d4 ad14c6f6d5b94eaabedb21e90b9a46b8 - - default default] Successfully bumped revision number for resource 3fecaca9-0dc1-430d-9a11-9eef587bad47 (type: router_ports) to 1
2026-05-09 18:01:35.196 10 INFO neutron.wsgi [None req-1051161c-5751-46e1-8322-9d7e416b5f55 0d0372921bdc4bb4993a6a0ddeae363d ee6f1db447434cd59bc4e6a9949932fd - - default default] 10.0.0.188 "PUT /v2.0/routers/daab8dee-2bc3-4afa-b4f3-6059e61b8c26/tags HTTP/1.1" status: 200 len: 218 time: 0.0599823
2026-05-09 18:01:35.258 10 INFO neutron.db.ovn_revision_numbers_db [None req-5ac2825c-d0ec-4d47-b24d-928b162da664 1043ac2ff912400393987b1e118b63d4 ad14c6f6d5b94eaabedb21e90b9a46b8 - - default default] Successfully bumped revision number for resource 920e04c1-2760-40a9-ae40-034e55c38b74 (type: routers) to 2
2026-05-09 18:01:35.274 10 INFO neutron.wsgi [None req-5ac2825c-d0ec-4d47-b24d-928b162da664 1043ac2ff912400393987b1e118b63d4 ad14c6f6d5b94eaabedb21e90b9a46b8 - - default default] 10.0.0.188 "POST /v2.0/routers HTTP/1.1" status: 201 len: 867 time: 1.2992363
2026-05-09 18:01:35.303 9 INFO neutron.wsgi [None req-8e0ee3b4-5b4f-4d4f-8903-14e46ae6bbe5 0d0372921bdc4bb4993a6a0ddeae363d ee6f1db447434cd59bc4e6a9949932fd - - default default] 10.0.0.188 "PUT /v2.0/routers/9e9a165a-62fc-4056-b180-0b0ffe562e0b/tags HTTP/1.1" status: 200 len: 227 time: 0.1015470
2026-05-09 18:01:35.365 10 INFO neutron.wsgi [None req-3ba18fc6-c99a-412b-8771-5b74e9901289 0d0372921bdc4bb4993a6a0ddeae363d ee6f1db447434cd59bc4e6a9949932fd - - default default] 10.0.0.188 "PUT /v2.0/routers/3cec574b-a54f-4c52-99a3-4c570f29938b/tags HTTP/1.1" status: 200 len: 212 time: 0.0571153
2026-05-09 18:01:35.449 9 INFO neutron.wsgi [None req-11fdea96-eccd-48b3-bc39-0c3c77da763d 1043ac2ff912400393987b1e118b63d4 ad14c6f6d5b94eaabedb21e90b9a46b8 - - default default] 10.0.0.188 "GET /v2.0/routers/920e04c1-2760-40a9-ae40-034e55c38b74 HTTP/1.1" status: 200 len: 868 time: 0.1672556
2026-05-09 18:01:35.458 9 INFO neutron.wsgi [None req-050678bf-f419-4a4e-af69-59b51381fed7 0d0372921bdc4bb4993a6a0ddeae363d ee6f1db447434cd59bc4e6a9949932fd - - default default] 10.0.0.188 "GET /v2.0/routers?tags=red HTTP/1.1" status: 200 len: 1601 time: 0.0878069
2026-05-09 18:01:35.497 9 INFO neutron.wsgi [None req-de10f89b-d458-466d-877c-62992b5a9ea3 7bbd008b07c8424885cf008958d10223 e88d396e12844a459d9b69bfb78edca9 - - default default] 10.0.0.188 "DELETE /v2.0/routers/25135d1a-9cb7-4c9c-8d0b-6b6381a331f0 HTTP/1.1" status: 204 len: 168 time: 1.2709572
2026-05-09 18:01:35.679 9 INFO neutron.wsgi [None req-7fbd5b9e-8ce7-4359-b6a6-9c24bba3ca82 7bbd008b07c8424885cf008958d10223 e88d396e12844a459d9b69bfb78edca9 - - default default] 10.0.0.188 "DELETE /v2.0/subnets/719ee27d-a049-4ac9-8863-41831f537461 HTTP/1.1" status: 204 len: 168 time: 0.1759505
2026-05-09 18:01:36.020 9 INFO neutron.services.segments.plugin [-] Segment 2f10e2b6-95b8-4823-bff4-ae454f022d91 resource provider aggregate not found
2026-05-09 18:01:36.024 9 INFO neutron.services.segments.plugin [-] Segment 2f10e2b6-95b8-4823-bff4-ae454f022d91 resource provider aggregate not found
2026-05-09 18:01:36.045 9 INFO neutron.services.segments.plugin [-] Segment 2f10e2b6-95b8-4823-bff4-ae454f022d91 resource provider not found; error: Placement Client Error (4xx): {"errors": [{"status": 404, "title": "Not Found", "detail": "The resource could not be found.\n\n No resource provider with uuid 2f10e2b6-95b8-4823-bff4-ae454f022d91 found for delete ", "request_id": "req-7a94c47d-1c31-4a13-af9a-71d106628c54"}]}
2026-05-09 18:01:36.047 9 INFO neutron.services.segments.plugin [-] Segment 2f10e2b6-95b8-4823-bff4-ae454f022d91 resource provider not found; error: Placement Client Error (4xx): {"errors": [{"status": 404, "title": "Not Found", "detail": "The resource could not be found.\n\n No resource provider with uuid 2f10e2b6-95b8-4823-bff4-ae454f022d91 found for delete ", "request_id": "req-14773c25-c51a-4012-8ba5-87c5ee7eebde"}]}
2026-05-09 18:01:36.064 10 INFO neutron.wsgi [None req-a79729fa-14e3-4d7d-889a-1d2d1f08ba2f 0d0372921bdc4bb4993a6a0ddeae363d ee6f1db447434cd59bc4e6a9949932fd - - default default] 10.0.0.188 "GET /v2.0/routers?tags=red%2Cblue HTTP/1.1" status: 200 len: 1144 time: 0.5956495
2026-05-09 18:01:36.071 9 INFO neutron.wsgi [None req-87fec356-a2d3-4e55-ad88-0eb61159ba83 7bbd008b07c8424885cf008958d10223 e88d396e12844a459d9b69bfb78edca9 - - default default] 10.0.0.188 "DELETE /v2.0/networks/3cd481c6-9224-4536-9ba5-d6d18a68b6ab HTTP/1.1" status: 204 len: 168 time: 0.3873389
2026-05-09 18:01:36.143 10 INFO neutron.wsgi [None req-5e77de42-89ba-4f32-825a-e9cd0d40781e 0d0372921bdc4bb4993a6a0ddeae363d ee6f1db447434cd59bc4e6a9949932fd - - default default] 10.0.0.188 "GET /v2.0/routers?tags-any=blue HTTP/1.1" status: 200 len: 1144 time: 0.0722213
2026-05-09 18:01:36.148 10 INFO neutron.wsgi [None req-2c4f7507-cb55-454d-82a5-b6dd1f4b6e1f 1043ac2ff912400393987b1e118b63d4 ad14c6f6d5b94eaabedb21e90b9a46b8 - - default default] 10.0.0.188 "GET /v2.0/routers HTTP/1.1" status: 200 len: 871 time: 0.6944382
2026-05-09 18:01:36.220 10 INFO neutron.wsgi [None req-83b4c2f7-29c3-453b-8f21-8ee3fedaad35 0d0372921bdc4bb4993a6a0ddeae363d ee6f1db447434cd59bc4e6a9949932fd - - default default] 10.0.0.188 "GET /v2.0/routers?tags-any=red%2Cblue HTTP/1.1" status: 200 len: 1601 time: 0.0702200
2026-05-09 18:01:36.299 9 INFO neutron.wsgi [None req-35e80c1a-3f05-4d91-914b-9abc067c5328 0d0372921bdc4bb4993a6a0ddeae363d ee6f1db447434cd59bc4e6a9949932fd - - default default] 10.0.0.188 "GET /v2.0/routers?not-tags=red HTTP/1.1" status: 200 len: 1116 time: 0.0731122
2026-05-09 18:01:36.378 9 INFO neutron.wsgi [None req-0dcf1001-4d81-4593-a0ee-94e59fb50ad7 0d0372921bdc4bb4993a6a0ddeae363d ee6f1db447434cd59bc4e6a9949932fd - - default default] 10.0.0.188 "GET /v2.0/routers?not-tags=red%2Cblue HTTP/1.1" status: 200 len: 1573 time: 0.0747685
2026-05-09 18:01:36.447 9 INFO neutron.wsgi [None req-c9c97481-bcdd-4777-8553-4e6c3eb3f76e 0d0372921bdc4bb4993a6a0ddeae363d ee6f1db447434cd59bc4e6a9949932fd - - default default] 10.0.0.188 "GET /v2.0/routers?not-tags-any=blue HTTP/1.1" status: 200 len: 1573 time: 0.0631683
2026-05-09 18:01:36.495 9 INFO neutron.wsgi [None req-88596a8a-5926-4802-954c-1655cf375ce9 0d0372921bdc4bb4993a6a0ddeae363d ee6f1db447434cd59bc4e6a9949932fd - - default default] 10.0.0.188 "GET /v2.0/routers?not-tags-any=red%2Cblue HTTP/1.1" status: 200 len: 1116 time: 0.0437760
2026-05-09 18:01:36.549 9 INFO neutron.wsgi [None req-1c21c52f-f0fd-41ce-8711-3fb78cd64108 0d0372921bdc4bb4993a6a0ddeae363d ee6f1db447434cd59bc4e6a9949932fd - - default default] 10.0.0.188 "GET /v2.0/routers/cabab8db-4706-4d1c-8021-559868c80266 HTTP/1.1" status: 200 len: 660 time: 0.0466928
2026-05-09 18:01:36.635 10 INFO neutron.db.ovn_revision_numbers_db [None req-0dc28f4c-9285-4572-bbd8-23ef732c6783 1043ac2ff912400393987b1e118b63d4 ad14c6f6d5b94eaabedb21e90b9a46b8 - - default default] Successfully bumped revision number for resource 920e04c1-2760-40a9-ae40-034e55c38b74 (type: routers) to 3
2026-05-09 18:01:36.639 10 INFO neutron.wsgi [None req-0dc28f4c-9285-4572-bbd8-23ef732c6783 1043ac2ff912400393987b1e118b63d4 ad14c6f6d5b94eaabedb21e90b9a46b8 - - default default] 10.0.0.188 "PUT /v2.0/routers/920e04c1-2760-40a9-ae40-034e55c38b74 HTTP/1.1" status: 200 len: 875 time: 0.4818425
2026-05-09 18:01:36.711 10 INFO neutron.wsgi [None req-1a77f2f0-8c9e-4268-bd62-bb71ce947563 1043ac2ff912400393987b1e118b63d4 ad14c6f6d5b94eaabedb21e90b9a46b8 - - default default] 10.0.0.188 "GET /v2.0/routers/920e04c1-2760-40a9-ae40-034e55c38b74 HTTP/1.1" status: 200 len: 875 time: 0.0671451
2026-05-09 18:01:36.745 10 INFO neutron.wsgi [None req-d8952b83-7b90-4608-b06f-6cd831135d5a 1043ac2ff912400393987b1e118b63d4 ad14c6f6d5b94eaabedb21e90b9a46b8 - - default default] 10.0.0.188 "GET /v2.0/ports?device_id=920e04c1-2760-40a9-ae40-034e55c38b74 HTTP/1.1" status: 200 len: 205 time: 0.0269091
2026-05-09 18:01:36.775 10 INFO neutron.wsgi [None req-1e9fcd47-54e0-466d-8435-93ca3f09f48c 403c861a68fa4d29b7a03bd97f863667 11d5b78ddac64b9aac04041d6853d349 - - default default] 10.0.0.188 "GET /v2.0/security-groups?tenant_id=e88d396e12844a459d9b69bfb78edca9&name=default HTTP/1.1" status: 200 len: 2996 time: 0.1744921
2026-05-09 18:01:36.958 10 INFO neutron.wsgi [None req-7cae42eb-d164-4ec7-bc85-463dd04f2927 2dc261f9d80949318cd5daeb383f8822 7fc8d9b971dc49a7bd6d2e81fc543f61 - - default default] 10.0.0.188 "POST /v2.0/qos/policies HTTP/1.1" status: 201 len: 558 time: 0.1108651
2026-05-09 18:01:37.042 10 INFO neutron.wsgi [None req-f27639a9-36f7-44d2-93e8-bbc75e3e027a 2dc261f9d80949318cd5daeb383f8822 7fc8d9b971dc49a7bd6d2e81fc543f61 - - default default] 10.0.0.188 "POST /v2.0/qos/policies HTTP/1.1" status: 201 len: 558 time: 0.0785005
2026-05-09 18:01:37.085 10 INFO neutron.wsgi [None req-05ca37fc-d2a5-4704-9676-392c644885c2 2dc261f9d80949318cd5daeb383f8822 7fc8d9b971dc49a7bd6d2e81fc543f61 - - default default] 10.0.0.188 "POST /v2.0/qos/policies HTTP/1.1" status: 201 len: 558 time: 0.0386403
2026-05-09 18:01:37.142 10 INFO neutron.wsgi [None req-22bce1f2-f064-4fa2-9fa6-35d507febd9b 2dc261f9d80949318cd5daeb383f8822 7fc8d9b971dc49a7bd6d2e81fc543f61 - - default default] 10.0.0.188 "POST /v2.0/qos/policies HTTP/1.1" status: 201 len: 558 time: 0.0466056
2026-05-09 18:01:37.198 10 INFO neutron.wsgi [None req-914d8ffe-4486-4568-a624-8966a7c8061b 2dc261f9d80949318cd5daeb383f8822 7fc8d9b971dc49a7bd6d2e81fc543f61 - - default default] 10.0.0.188 "POST /v2.0/qos/policies HTTP/1.1" status: 201 len: 558 time: 0.0508902
2026-05-09 18:01:37.265 9 INFO neutron.wsgi [None req-05d3632c-ae28-4199-be8a-cd087371f389 2dc261f9d80949318cd5daeb383f8822 7fc8d9b971dc49a7bd6d2e81fc543f61 - - default default] 10.0.0.188 "PUT /v2.0/policies/07cf7586-bace-41fc-b050-e3196572998b/tags HTTP/1.1" status: 200 len: 210 time: 0.0604279
2026-05-09 18:01:37.311 10 INFO neutron.wsgi [None req-3ba20777-5639-4bd3-9392-e020a04c3e6f 2dc261f9d80949318cd5daeb383f8822 7fc8d9b971dc49a7bd6d2e81fc543f61 - - default default] 10.0.0.188 "PUT /v2.0/policies/ea686d99-46d2-43a5-bee0-1740e5fe3778/tags HTTP/1.1" status: 200 len: 218 time: 0.0382402
2026-05-09 18:01:37.351 9 INFO neutron.db.ovn_revision_numbers_db [None req-01240a3c-768c-4391-a5f6-59ca3da36b73 0d0372921bdc4bb4993a6a0ddeae363d ee6f1db447434cd59bc4e6a9949932fd - - default default] Successfully bumped revision number for resource cabab8db-4706-4d1c-8021-559868c80266 (type: routers) to 2
2026-05-09 18:01:37.354 9 INFO neutron.wsgi [None req-01240a3c-768c-4391-a5f6-59ca3da36b73 0d0372921bdc4bb4993a6a0ddeae363d ee6f1db447434cd59bc4e6a9949932fd - - default default] 10.0.0.188 "PUT /v2.0/routers/cabab8db-4706-4d1c-8021-559868c80266 HTTP/1.1" status: 200 len: 660 time: 0.7979918
2026-05-09 18:01:37.368 9 INFO neutron.wsgi [None req-ab669ea4-9aea-415b-81ea-4cbb91750967 2dc261f9d80949318cd5daeb383f8822 7fc8d9b971dc49a7bd6d2e81fc543f61 - - default default] 10.0.0.188 "PUT /v2.0/policies/43c623e9-6273-4716-8966-891c8d36329a/tags HTTP/1.1" status: 200 len: 227 time: 0.0506673
2026-05-09 18:01:37.383 10 INFO neutron.wsgi [None req-f259622e-dbe4-40b4-b4fe-42beaebbd188 0d0372921bdc4bb4993a6a0ddeae363d ee6f1db447434cd59bc4e6a9949932fd - - default default] 10.0.0.188 "GET /v2.0/ports?device_id=cabab8db-4706-4d1c-8021-559868c80266 HTTP/1.1" status: 200 len: 205 time: 0.0224016
2026-05-09 18:01:37.407 9 INFO neutron.wsgi [None req-3fb8bec8-3497-47b7-b392-dce1c6bfb0dd 2dc261f9d80949318cd5daeb383f8822 7fc8d9b971dc49a7bd6d2e81fc543f61 - - default default] 10.0.0.188 "PUT /v2.0/policies/ce193e1c-bab7-496e-b428-bb91d1f99356/tags HTTP/1.1" status: 200 len: 212 time: 0.0317719
2026-05-09 18:01:37.410 9 INFO neutron.wsgi [None req-fdd0184f-5baa-41ae-8e09-5503b37f73ac 403c861a68fa4d29b7a03bd97f863667 11d5b78ddac64b9aac04041d6853d349 - - default default] 10.0.0.188 "DELETE /v2.0/security-groups/edcd0a19-7514-46ea-b5f4-662493fd185f HTTP/1.1" status: 204 len: 168 time: 0.6286557
2026-05-09 18:01:37.565 10 WARNING neutron.plugins.ml2.drivers.ovn.mech_driver.ovsdb.ovn_client [None req-11c9bff3-0817-4aeb-b6dd-74b63f19327f - - - - - -] No port found with ID 76dd8bd4-b65e-4c8e-98a1-a357e90fbb82: RuntimeError: No port found with ID 76dd8bd4-b65e-4c8e-98a1-a357e90fbb82
2026-05-09 18:01:37.565 10 INFO neutron.plugins.ml2.drivers.ovn.mech_driver.mech_driver [None req-11c9bff3-0817-4aeb-b6dd-74b63f19327f - - - - - -] OVN reports status up for port: 3fecaca9-0dc1-430d-9a11-9eef587bad47
2026-05-09 18:01:37.924 9 INFO neutron.wsgi [None req-180e279c-85df-40a4-b475-9e7cea662d43 37a26131cd164c6d95d530196e046d2e 9fedfcb9ab414c4f95e469b3a08e73c3 - - default default] 10.0.0.188 "GET /v2.0/qos/policies?tags=red HTTP/1.1" status: 200 len: 1296 time: 0.1662443
