2026-05-09 18:02:20.449 9 INFO neutron.services.segments.plugin [-] Segment 05a9936b-a6be-401d-9264-69a3eb5bfdef resource provider not found; error: Placement Client Error (4xx): {"errors": [{"status": 404, "title": "Not Found", "detail": "The resource could not be found.\n\n No resource provider with uuid 05a9936b-a6be-401d-9264-69a3eb5bfdef found for delete ", "request_id": "req-ac8c3a6a-a842-4168-a198-4e1da2362059"}]}
2026-05-09 18:02:20.492 9 INFO neutron.wsgi [None req-1a44d881-a8ac-4fa4-9105-cdcbf2fb0317 dca9b48d4c1940dbbb32a40b794a1dab b2b0017fc868405b9a75a05bd3477ff6 - - default default] 10.0.0.188 "DELETE /v2.0/networks/a4bf77b7-91ea-4551-8245-9ce6dd786951 HTTP/1.1" status: 204 len: 168 time: 0.4436619
2026-05-09 18:02:20.864 10 INFO neutron.services.segments.plugin [-] Segment 89e21373-9157-4001-a6ce-7db5b974f937 resource provider aggregate not found
2026-05-09 18:02:20.870 10 INFO neutron.services.segments.plugin [-] Segment 89e21373-9157-4001-a6ce-7db5b974f937 resource provider aggregate not found
2026-05-09 18:02:20.883 10 INFO neutron.services.segments.plugin [-] Segment 89e21373-9157-4001-a6ce-7db5b974f937 resource provider not found; error: Placement Client Error (4xx): {"errors": [{"status": 404, "title": "Not Found", "detail": "The resource could not be found.\n\n No resource provider with uuid 89e21373-9157-4001-a6ce-7db5b974f937 found for delete ", "request_id": "req-4764b96d-340c-41bc-b387-f71c53fe2570"}]}
2026-05-09 18:02:20.887 10 INFO neutron.services.segments.plugin [-] Segment 89e21373-9157-4001-a6ce-7db5b974f937 resource provider not found; error: Placement Client Error (4xx): {"errors": [{"status": 404, "title": "Not Found", "detail": "The resource could not be found.\n\n No resource provider with uuid 89e21373-9157-4001-a6ce-7db5b974f937 found for delete ", "request_id": "req-f1c7f359-82c5-4502-bf7a-ffb61a61c99a"}]}
2026-05-09 18:02:20.925 10 INFO neutron.wsgi [None req-1022687c-8e8e-413c-a331-be463df42907 dca9b48d4c1940dbbb32a40b794a1dab b2b0017fc868405b9a75a05bd3477ff6 - - default default] 10.0.0.188 "DELETE /v2.0/networks/3cd347aa-4320-4c54-b51d-5b85fe27fafe HTTP/1.1" status: 204 len: 168 time: 0.4245780
2026-05-09 18:02:20.955 10 INFO neutron.wsgi [None req-d32f8f54-78e8-4376-9648-17ca0c192bf2 e3f827b8f6f84f978c4b9e68357bb50b 7df23abf1ab4499eb275cb330d3aba5e - - default default] 10.0.0.188 "GET /v2.0/networks HTTP/1.1" status: 200 len: 1493 time: 0.2417340
2026-05-09 18:02:21.056 9 INFO neutron.wsgi [req-e1144aec-c119-4666-bdaa-ac9991213005 req-bd42d179-9e87-4675-8ed3-6d44276c4113 e3f827b8f6f84f978c4b9e68357bb50b 7df23abf1ab4499eb275cb330d3aba5e - - default default] 10.0.0.140 "GET /v2.0/security-groups?name=tempest-secgroup-smoke-1802898909&fields=id&tenant_id=7df23abf1ab4499eb275cb330d3aba5e HTTP/1.1" status: 200 len: 267 time: 0.0384111
2026-05-09 18:02:21.128 9 INFO neutron.wsgi [req-e1144aec-c119-4666-bdaa-ac9991213005 req-8e66194b-f527-4e51-a69c-8d835585a0ee e3f827b8f6f84f978c4b9e68357bb50b 7df23abf1ab4499eb275cb330d3aba5e - - default default] 10.0.0.140 "GET /v2.0/networks?id=750ffe80-e0e6-4d0b-9891-e17f685255f4 HTTP/1.1" status: 200 len: 860 time: 0.0646245
2026-05-09 18:02:21.147 9 INFO neutron.wsgi [req-e1144aec-c119-4666-bdaa-ac9991213005 req-807ee42e-598a-46d9-8424-e38f2e949899 e3f827b8f6f84f978c4b9e68357bb50b 7df23abf1ab4499eb275cb330d3aba5e - - default default] 10.0.0.140 "GET /v2.0/quotas/7df23abf1ab4499eb275cb330d3aba5e HTTP/1.1" status: 200 len: 386 time: 0.0098486
2026-05-09 18:02:21.231 9 INFO neutron.wsgi [req-e1144aec-c119-4666-bdaa-ac9991213005 req-728c7e69-9932-4ef0-abe6-57dc8e574120 e3f827b8f6f84f978c4b9e68357bb50b 7df23abf1ab4499eb275cb330d3aba5e - - default default] 10.0.0.140 "GET /v2.0/ports?tenant_id=7df23abf1ab4499eb275cb330d3aba5e&fields=id HTTP/1.1" status: 200 len: 348 time: 0.0767114
2026-05-09 18:02:21.306 9 INFO neutron.wsgi [req-e1144aec-c119-4666-bdaa-ac9991213005 req-9c5cd4b3-2c22-4bba-b0bb-96ef5a352b0c 3d9dea9445d4474c86004f40755ec965 3265557e2e0f4adc8876917c1ab2194b - - 24fb024d43c54052bfeeb1475316e5b6 24fb024d43c54052bfeeb1475316e5b6] 10.0.0.140 "GET /v2.0/networks/750ffe80-e0e6-4d0b-9891-e17f685255f4?fields=segments HTTP/1.1" status: 200 len: 212 time: 0.0614650
2026-05-09 18:02:21.374 9 INFO neutron.wsgi [req-e1144aec-c119-4666-bdaa-ac9991213005 req-9e7f0a2e-30c9-4995-943e-a619c0569279 3d9dea9445d4474c86004f40755ec965 3265557e2e0f4adc8876917c1ab2194b - - 24fb024d43c54052bfeeb1475316e5b6 24fb024d43c54052bfeeb1475316e5b6] 10.0.0.140 "GET /v2.0/networks/750ffe80-e0e6-4d0b-9891-e17f685255f4?fields=provider%3Aphysical_network&fields=provider%3Anetwork_type HTTP/1.1" status: 200 len: 277 time: 0.0586736
2026-05-09 18:02:21.508 9 INFO neutron.wsgi [req-9c735ad5-3601-4c1d-a1e7-f00a79d96a52 req-94925e25-debb-468a-98bd-e58c2e8c0f83 e3f827b8f6f84f978c4b9e68357bb50b 7df23abf1ab4499eb275cb330d3aba5e - - default default] 10.0.0.140 "GET /v2.0/ports?device_id=5ec03b6d-d6c2-49d9-a5a9-9e74ce432a1c HTTP/1.1" status: 200 len: 210 time: 0.0250523
2026-05-09 18:02:22.189 9 INFO neutron.wsgi [req-e1144aec-c119-4666-bdaa-ac9991213005 req-82b857e9-1e8d-44fe-81d3-7cbb07e11f45 e3f827b8f6f84f978c4b9e68357bb50b 7df23abf1ab4499eb275cb330d3aba5e - - default default] 199.204.45.246 "GET /v2.0/networks?id=750ffe80-e0e6-4d0b-9891-e17f685255f4 HTTP/1.1" status: 200 len: 860 time: 0.0686989
2026-05-09 18:02:22.253 9 INFO neutron.wsgi [req-e1144aec-c119-4666-bdaa-ac9991213005 req-6b6b7809-e29d-4732-bbfb-c9a413ddba75 e3f827b8f6f84f978c4b9e68357bb50b 7df23abf1ab4499eb275cb330d3aba5e - - default default] 199.204.45.246 "GET /v2.0/security-groups?fields=id&fields=name&tenant_id=7df23abf1ab4499eb275cb330d3aba5e HTTP/1.1" status: 200 len: 472 time: 0.0593572
2026-05-09 18:02:22.266 9 WARNING neutron_lib.context [req-e1144aec-c119-4666-bdaa-ac9991213005 req-1adedcab-70d1-4bac-ad48-279c099f03b1 e3f827b8f6f84f978c4b9e68357bb50b 7df23abf1ab4499eb275cb330d3aba5e - - default default] Method 'is_advsvc' is deprecated since 2023.2 release (neutron-lib 3.8.0) and will be removed once support for the old RBAC API policies will be removed from Neutron. Please use method 'is_service_role' instead.
2026-05-09 18:02:22.286 10 WARNING neutron_lib.context [None req-2195792e-71ce-4ef0-b985-c35c44544daa 04187bbdc05649fa9d28e7dc74665a06 eab810b5eeb74a04bd72f746a0f682f4 - - default default] Method 'is_advsvc' is deprecated since 2023.2 release (neutron-lib 3.8.0) and will be removed once support for the old RBAC API policies will be removed from Neutron. Please use method 'is_service_role' instead.
2026-05-09 18:02:22.354 10 INFO neutron.wsgi [None req-2195792e-71ce-4ef0-b985-c35c44544daa 04187bbdc05649fa9d28e7dc74665a06 eab810b5eeb74a04bd72f746a0f682f4 - - default default] 10.0.0.188 "POST /v2.0/subnetpools HTTP/1.1" status: 201 len: 715 time: 0.2567091
2026-05-09 18:02:22.367 9 INFO neutron.wsgi [None req-1dd38e01-7722-48f5-9f94-3c36328eb253 403c861a68fa4d29b7a03bd97f863667 11d5b78ddac64b9aac04041d6853d349 - - default default] 10.0.0.188 "GET /v2.0/security-groups?tenant_id=b2b0017fc868405b9a75a05bd3477ff6&name=default HTTP/1.1" status: 200 len: 2996 time: 0.1108711
2026-05-09 18:02:22.423 10 INFO neutron.wsgi [None req-58cd173e-48b6-40eb-8185-ba8365d0525d 04187bbdc05649fa9d28e7dc74665a06 eab810b5eeb74a04bd72f746a0f682f4 - - default default] 10.0.0.188 "PUT /v2.0/subnetpools/fba08612-752f-4c89-899c-ec31b9dad5d6/tags HTTP/1.1" status: 200 len: 218 time: 0.0634880
2026-05-09 18:02:22.455 9 INFO neutron.wsgi [None req-e523f306-55aa-4171-9dd9-9fc5f97bba13 04187bbdc05649fa9d28e7dc74665a06 eab810b5eeb74a04bd72f746a0f682f4 - - default default] 10.0.0.188 "GET /v2.0/subnetpools/fba08612-752f-4c89-899c-ec31b9dad5d6/tags HTTP/1.1" status: 200 len: 218 time: 0.0274551
2026-05-09 18:02:22.511 10 INFO neutron.wsgi [None req-13beb14f-14ef-42a6-9096-5a71c435201f 04187bbdc05649fa9d28e7dc74665a06 eab810b5eeb74a04bd72f746a0f682f4 - - default default] 10.0.0.188 "PUT /v2.0/subnetpools/fba08612-752f-4c89-899c-ec31b9dad5d6/tags/green HTTP/1.1" status: 201 len: 201 time: 0.0488224
2026-05-09 18:02:22.550 10 INFO neutron.wsgi [None req-a8d256f1-5b8c-4f70-aa49-6310b33a12cb 04187bbdc05649fa9d28e7dc74665a06 eab810b5eeb74a04bd72f746a0f682f4 - - default default] 10.0.0.188 "GET /v2.0/subnetpools/fba08612-752f-4c89-899c-ec31b9dad5d6/tags HTTP/1.1" status: 200 len: 227 time: 0.0345671
2026-05-09 18:02:22.586 10 INFO neutron.wsgi [None req-102cf268-a168-42c4-a055-029ceb282e24 04187bbdc05649fa9d28e7dc74665a06 eab810b5eeb74a04bd72f746a0f682f4 - - default default] 10.0.0.188 "PUT /v2.0/subnetpools/fba08612-752f-4c89-899c-ec31b9dad5d6/tags/red HTTP/1.1" status: 201 len: 201 time: 0.0295184
2026-05-09 18:02:22.622 10 INFO neutron.wsgi [None req-f5af7812-5750-40fb-9422-314fabf56dcc 04187bbdc05649fa9d28e7dc74665a06 eab810b5eeb74a04bd72f746a0f682f4 - - default default] 10.0.0.188 "GET /v2.0/subnetpools/fba08612-752f-4c89-899c-ec31b9dad5d6/tags HTTP/1.1" status: 200 len: 227 time: 0.0276172
2026-05-09 18:02:22.642 10 INFO neutron.wsgi [None req-2432062a-0783-40c2-a282-53ec1c56d22e 403c861a68fa4d29b7a03bd97f863667 11d5b78ddac64b9aac04041d6853d349 - - default default] 10.0.0.188 "DELETE /v2.0/security-groups/ce9b7c34-dc9c-4f35-88e1-f442232b202b HTTP/1.1" status: 204 len: 168 time: 0.2615283
2026-05-09 18:02:22.682 10 INFO neutron.wsgi [None req-bbca4434-77d5-4c03-9f42-2f199bb68d4b 04187bbdc05649fa9d28e7dc74665a06 eab810b5eeb74a04bd72f746a0f682f4 - - default default] 10.0.0.188 "PUT /v2.0/subnetpools/fba08612-752f-4c89-899c-ec31b9dad5d6/tags/black.or.white HTTP/1.1" status: 201 len: 201 time: 0.0560713
2026-05-09 18:02:22.714 10 INFO neutron.wsgi [None req-2b717b73-7917-453a-b65d-29b129fc74fc 04187bbdc05649fa9d28e7dc74665a06 eab810b5eeb74a04bd72f746a0f682f4 - - default default] 10.0.0.188 "GET /v2.0/subnetpools/fba08612-752f-4c89-899c-ec31b9dad5d6/tags HTTP/1.1" status: 200 len: 245 time: 0.0276465
2026-05-09 18:02:22.772 10 INFO neutron.wsgi [None req-7f66a306-8b81-4f36-bb39-6d1d77629cee 04187bbdc05649fa9d28e7dc74665a06 eab810b5eeb74a04bd72f746a0f682f4 - - default default] 10.0.0.188 "PUT /v2.0/subnetpools/fba08612-752f-4c89-899c-ec31b9dad5d6/tags HTTP/1.1" status: 200 len: 230 time: 0.0441835
2026-05-09 18:02:22.775 9 INFO neutron.wsgi [req-39cb02d0-4c6c-4584-8f60-4bfbc690c8ae req-de879045-f832-4c7d-9662-e80d2f3c5c00 e3f827b8f6f84f978c4b9e68357bb50b 7df23abf1ab4499eb275cb330d3aba5e - - default default] 10.0.0.140 "GET /v2.0/ports?device_id=5ec03b6d-d6c2-49d9-a5a9-9e74ce432a1c HTTP/1.1" status: 200 len: 210 time: 0.0251985
2026-05-09 18:02:22.778 9 INFO neutron.wsgi [None req-d91a8530-b325-423b-a059-effef4eeb6ac 403c861a68fa4d29b7a03bd97f863667 11d5b78ddac64b9aac04041d6853d349 - - default default] 10.0.0.113 "GET /v2.0/network-ip-availabilities HTTP/1.1" status: 200 len: 1726 time: 0.3084874
2026-05-09 18:02:22.810 10 INFO neutron.wsgi [None req-d362004d-a272-45be-a2b3-b9ff75cc91b8 04187bbdc05649fa9d28e7dc74665a06 eab810b5eeb74a04bd72f746a0f682f4 - - default default] 10.0.0.188 "GET /v2.0/subnetpools/fba08612-752f-4c89-899c-ec31b9dad5d6/tags HTTP/1.1" status: 200 len: 230 time: 0.0316153
2026-05-09 18:02:22.820 9 INFO neutron.wsgi [None req-99cbfbfe-7eca-4a06-b30b-166e76714a38 403c861a68fa4d29b7a03bd97f863667 11d5b78ddac64b9aac04041d6853d349 - - default default] 10.0.0.113 "GET /v2.0/subnets HTTP/1.1" status: 200 len: 2077 time: 0.0402138
2026-05-09 18:02:22.850 10 INFO neutron.wsgi [None req-1d46b3ac-51bb-443c-8c31-edf2b57afed5 04187bbdc05649fa9d28e7dc74665a06 eab810b5eeb74a04bd72f746a0f682f4 - - default default] 10.0.0.188 "GET /v2.0/subnetpools/fba08612-752f-4c89-899c-ec31b9dad5d6/tags/red HTTP/1.1" status: 204 len: 168 time: 0.0355172
2026-05-09 18:02:22.892 10 INFO neutron.api.v2.resource [None req-807cd5e0-ee08-4dc0-8f6e-3d867c1922b6 04187bbdc05649fa9d28e7dc74665a06 eab810b5eeb74a04bd72f746a0f682f4 - - default default] show failed (client error): The resource could not be found.
2026-05-09 18:02:22.893 10 INFO neutron.wsgi [None req-807cd5e0-ee08-4dc0-8f6e-3d867c1922b6 04187bbdc05649fa9d28e7dc74665a06 eab810b5eeb74a04bd72f746a0f682f4 - - default default] 10.0.0.188 "GET /v2.0/subnetpools/fba08612-752f-4c89-899c-ec31b9dad5d6/tags/green HTTP/1.1" status: 404 len: 299 time: 0.0377147
2026-05-09 18:02:22.912 9 INFO neutron.wsgi [None req-787b9ef5-7c1b-48f5-a06b-5bc19e6093f6 403c861a68fa4d29b7a03bd97f863667 11d5b78ddac64b9aac04041d6853d349 - - default default] 10.0.0.113 "GET /v2.0/ports HTTP/1.1" status: 200 len: 10769 time: 0.0904102 /var/lib/openstack/lib/python3.10/site-packages/pycadf/identifier.py:71: UserWarning: Invalid uuid: neutron. To ensure interoperability, identifiers should be a valid uuid. warnings.warn(('Invalid uuid: %s. To ensure interoperability, '
2026-05-09 18:02:22.954 10 INFO neutron.wsgi [None req-c8701df4-4939-4ed5-9272-3a4f653aa9c2 04187bbdc05649fa9d28e7dc74665a06 eab810b5eeb74a04bd72f746a0f682f4 - - default default] 10.0.0.188 "DELETE /v2.0/subnetpools/fba08612-752f-4c89-899c-ec31b9dad5d6/tags/red HTTP/1.1" status: 204 len: 168 time: 0.0561726
2026-05-09 18:02:22.996 10 INFO neutron.wsgi [None req-678ecd35-1180-4093-8904-ac80a0207b38 04187bbdc05649fa9d28e7dc74665a06 eab810b5eeb74a04bd72f746a0f682f4 - - default default] 10.0.0.188 "GET /v2.0/subnetpools/fba08612-752f-4c89-899c-ec31b9dad5d6/tags HTTP/1.1" status: 200 len: 223 time: 0.0341876
2026-05-09 18:02:22.997 10 INFO neutron.db.ovn_revision_numbers_db [None req-5abf3edf-5fde-4aab-a89b-b7009d86e88e 403c861a68fa4d29b7a03bd97f863667 11d5b78ddac64b9aac04041d6853d349 - - default default] Successfully bumped revision number for resource 87f06462-b664-430c-a337-4a72f871eff5 (type: security_groups) to 1
2026-05-09 18:02:23.002 9 WARNING neutron.scheduler.dhcp_agent_scheduler [req-e1144aec-c119-4666-bdaa-ac9991213005 req-1adedcab-70d1-4bac-ad48-279c099f03b1 e3f827b8f6f84f978c4b9e68357bb50b 7df23abf1ab4499eb275cb330d3aba5e - - default default] No more DHCP agents
2026-05-09 18:02:23.013 9 WARNING neutron.api.rpc.agentnotifiers.dhcp_rpc_agent_api [req-e1144aec-c119-4666-bdaa-ac9991213005 req-1adedcab-70d1-4bac-ad48-279c099f03b1 e3f827b8f6f84f978c4b9e68357bb50b 7df23abf1ab4499eb275cb330d3aba5e - - default default] Unable to schedule network 750ffe80-e0e6-4d0b-9891-e17f685255f4: no agents available; will retry on subsequent port and subnet creation events.
2026-05-09 18:02:23.015 10 INFO neutron.db.ovn_revision_numbers_db [None req-5abf3edf-5fde-4aab-a89b-b7009d86e88e 403c861a68fa4d29b7a03bd97f863667 11d5b78ddac64b9aac04041d6853d349 - - default default] Successfully bumped revision number for resource 121bc8ba-eebd-4192-855c-1a806db0d2e3 (type: security_group_rules) to 0
2026-05-09 18:02:23.038 10 INFO neutron.db.ovn_revision_numbers_db [None req-5abf3edf-5fde-4aab-a89b-b7009d86e88e 403c861a68fa4d29b7a03bd97f863667 11d5b78ddac64b9aac04041d6853d349 - - default default] Successfully bumped revision number for resource 79c83884-1983-4b80-aa09-aa5168937862 (type: security_group_rules) to 0
2026-05-09 18:02:23.040 10 INFO neutron.api.v2.resource [None req-27c9b5e9-e5e9-41de-9b16-4aa63a5f9ffa 04187bbdc05649fa9d28e7dc74665a06 eab810b5eeb74a04bd72f746a0f682f4 - - default default] delete failed (client error): The resource could not be found.
2026-05-09 18:02:23.041 10 INFO neutron.wsgi [None req-27c9b5e9-e5e9-41de-9b16-4aa63a5f9ffa 04187bbdc05649fa9d28e7dc74665a06 eab810b5eeb74a04bd72f746a0f682f4 - - default default] 10.0.0.188 "DELETE /v2.0/subnetpools/fba08612-752f-4c89-899c-ec31b9dad5d6/tags/green HTTP/1.1" status: 404 len: 299 time: 0.0331733 /var/lib/openstack/lib/python3.10/site-packages/pycadf/identifier.py:71: UserWarning: Invalid uuid: neutron. To ensure interoperability, identifiers should be a valid uuid. warnings.warn(('Invalid uuid: %s. To ensure interoperability, '
2026-05-09 18:02:23.061 10 INFO neutron.db.ovn_revision_numbers_db [None req-5abf3edf-5fde-4aab-a89b-b7009d86e88e 403c861a68fa4d29b7a03bd97f863667 11d5b78ddac64b9aac04041d6853d349 - - default default] Successfully bumped revision number for resource 9ba2aa4d-df08-41ca-8dd2-e5abea1b22a5 (type: security_group_rules) to 0
2026-05-09 18:02:23.076 9 INFO neutron.wsgi [None req-54f00179-5a87-44a5-a36d-fbe595ffa759 403c861a68fa4d29b7a03bd97f863667 11d5b78ddac64b9aac04041d6853d349 - - default default] 10.0.0.113 "GET /v2.0/routers HTTP/1.1" status: 200 len: 858 time: 0.1563981
2026-05-09 18:02:23.080 10 INFO neutron.db.ovn_revision_numbers_db [None req-5abf3edf-5fde-4aab-a89b-b7009d86e88e 403c861a68fa4d29b7a03bd97f863667 11d5b78ddac64b9aac04041d6853d349 - - default default] Successfully bumped revision number for resource b6d420dd-02b8-43d1-9251-6642722a21bf (type: security_group_rules) to 0
2026-05-09 18:02:23.094 9 INFO neutron.wsgi [None req-511eda1a-b734-40e4-8146-09e69ed3d082 403c861a68fa4d29b7a03bd97f863667 11d5b78ddac64b9aac04041d6853d349 - - default default] 10.0.0.113 "GET /v2.0/agents?binary=ovn-controller HTTP/1.1" status: 200 len: 591 time: 0.0160916
2026-05-09 18:02:23.105 10 INFO neutron.wsgi [None req-5abf3edf-5fde-4aab-a89b-b7009d86e88e 403c861a68fa4d29b7a03bd97f863667 11d5b78ddac64b9aac04041d6853d349 - - default default] 10.0.0.188 "GET /v2.0/security-groups?tenant_id=9cea449f1a5b454f9f2881a09b1049fc&name=default HTTP/1.1" status: 200 len: 2996 time: 0.3255532
2026-05-09 18:02:23.138 9 INFO neutron.wsgi [None req-defbc6d0-5c33-4411-bb1c-19839c1a1fdd 403c861a68fa4d29b7a03bd97f863667 11d5b78ddac64b9aac04041d6853d349 - - default default] 10.0.0.113 "GET /v2.0/floatingips HTTP/1.1" status: 200 len: 730 time: 0.0408971
2026-05-09 18:02:23.141 9 INFO neutron.wsgi [None req-69d76dba-4100-4f3b-ad98-98b1224b0825 04187bbdc05649fa9d28e7dc74665a06 eab810b5eeb74a04bd72f746a0f682f4 - - default default] 10.0.0.188 "DELETE /v2.0/subnetpools/fba08612-752f-4c89-899c-ec31b9dad5d6/tags HTTP/1.1" status: 204 len: 168 time: 0.0935454
2026-05-09 18:02:23.155 9 INFO neutron.wsgi [None req-07538076-e5c2-4d06-a407-1478641d7ccc 403c861a68fa4d29b7a03bd97f863667 11d5b78ddac64b9aac04041d6853d349 - - default default] 10.0.0.113 "GET /v2.0/agents HTTP/1.1" status: 200 len: 997 time: 0.0152190
2026-05-09 18:02:23.171 10 INFO neutron.wsgi [None req-8db51b28-f02c-409a-98ba-6fa6b79cb2b7 04187bbdc05649fa9d28e7dc74665a06 eab810b5eeb74a04bd72f746a0f682f4 - - default default] 10.0.0.188 "GET /v2.0/subnetpools/fba08612-752f-4c89-899c-ec31b9dad5d6/tags HTTP/1.1" status: 200 len: 205 time: 0.0257747
2026-05-09 18:02:23.229 9 INFO neutron.wsgi [None req-08a8aebe-4727-409d-ad4d-c04e1bae72ba 403c861a68fa4d29b7a03bd97f863667 11d5b78ddac64b9aac04041d6853d349 - - default default] 10.0.0.113 "GET /v2.0/networks HTTP/1.1" status: 200 len: 3095 time: 0.0670736
2026-05-09 18:02:23.253 10 INFO neutron.wsgi [None req-ba94e2a1-5ef4-4644-98ba-db361480f8fa 04187bbdc05649fa9d28e7dc74665a06 eab810b5eeb74a04bd72f746a0f682f4 - - default default] 10.0.0.188 "DELETE /v2.0/subnetpools/fba08612-752f-4c89-899c-ec31b9dad5d6 HTTP/1.1" status: 204 len: 168 time: 0.0766773
2026-05-09 18:02:23.267 9 INFO neutron.db.ovn_revision_numbers_db [req-e1144aec-c119-4666-bdaa-ac9991213005 req-1adedcab-70d1-4bac-ad48-279c099f03b1 e3f827b8f6f84f978c4b9e68357bb50b 7df23abf1ab4499eb275cb330d3aba5e - - default default] Successfully bumped revision number for resource 58f33ffd-aa97-4e86-8617-b2921c3d43fd (type: ports) to 1
2026-05-09 18:02:23.307 9 INFO neutron.wsgi [req-e1144aec-c119-4666-bdaa-ac9991213005 req-1adedcab-70d1-4bac-ad48-279c099f03b1 e3f827b8f6f84f978c4b9e68357bb50b 7df23abf1ab4499eb275cb330d3aba5e - - default default] 199.204.45.246 "POST /v2.0/ports HTTP/1.1" status: 201 len: 1162 time: 1.0453494
2026-05-09 18:02:23.318 9 INFO neutron.wsgi [None req-12a10444-54aa-49e3-bbfe-38bddca37c47 403c861a68fa4d29b7a03bd97f863667 11d5b78ddac64b9aac04041d6853d349 - - default default] 10.0.0.113 "GET /v2.0/security-groups HTTP/1.1" status: 200 len: 32549 time: 0.0859702
2026-05-09 18:02:23.367 10 INFO neutron.wsgi [None req-f0860e70-994f-4332-8644-7ab5d4e04fd5 403c861a68fa4d29b7a03bd97f863667 11d5b78ddac64b9aac04041d6853d349 - - default default] 10.0.0.188 "DELETE /v2.0/security-groups/87f06462-b664-430c-a337-4a72f871eff5 HTTP/1.1" status: 204 len: 168 time: 0.2547364
2026-05-09 18:02:23.384 9 INFO neutron.wsgi [None req-1e9e6e9c-4f30-4763-9593-0735a56108c4 403c861a68fa4d29b7a03bd97f863667 11d5b78ddac64b9aac04041d6853d349 - - default default] 10.0.0.113 "GET /v2.0/subnets HTTP/1.1" status: 200 len: 2077 time: 0.0446641
2026-05-09 18:02:23.409 9 INFO neutron.wsgi [None req-15f96751-d76e-4d9e-ac3c-8a3d8de7aa59 403c861a68fa4d29b7a03bd97f863667 11d5b78ddac64b9aac04041d6853d349 - - default default] 10.0.0.113 "GET /v2.0/subnetpools HTTP/1.1" status: 200 len: 193 time: 0.0225577
2026-05-09 18:02:23.779 9 INFO neutron.db.ovn_revision_numbers_db [req-e1144aec-c119-4666-bdaa-ac9991213005 req-6d428650-57fe-4f56-8647-5b18423425c3 3d9dea9445d4474c86004f40755ec965 3265557e2e0f4adc8876917c1ab2194b - - 24fb024d43c54052bfeeb1475316e5b6 24fb024d43c54052bfeeb1475316e5b6] Successfully bumped revision number for resource 58f33ffd-aa97-4e86-8617-b2921c3d43fd (type: ports) to 2 /var/lib/openstack/lib/python3.10/site-packages/pycadf/identifier.py:71: UserWarning: Invalid uuid: neutron. To ensure interoperability, identifiers should be a valid uuid. warnings.warn(('Invalid uuid: %s. To ensure interoperability, '
2026-05-09 18:02:23.878 9 INFO neutron.wsgi [req-f59d6f7e-d639-41f9-87ba-bd27cbcedd85 req-aebff586-e85a-49d0-809e-56d6fb56cee6 e3f827b8f6f84f978c4b9e68357bb50b 7df23abf1ab4499eb275cb330d3aba5e - - default default] 10.0.0.140 "GET /v2.0/ports?device_id=5ec03b6d-d6c2-49d9-a5a9-9e74ce432a1c HTTP/1.1" status: 200 len: 1172 time: 0.0454843
2026-05-09 18:02:23.952 9 INFO neutron.wsgi [req-f59d6f7e-d639-41f9-87ba-bd27cbcedd85 req-fff0cf7a-eb1e-4db4-bb30-635b3d2dfe99 e3f827b8f6f84f978c4b9e68357bb50b 7df23abf1ab4499eb275cb330d3aba5e - - default default] 10.0.0.140 "GET /v2.0/security-groups?id=397e6316-da64-453f-bf21-1fa26e762cfb&fields=id&fields=name HTTP/1.1" status: 200 len: 313 time: 0.0621548
2026-05-09 18:02:24.004 9 INFO neutron.db.ovn_revision_numbers_db [req-e1144aec-c119-4666-bdaa-ac9991213005 req-6d428650-57fe-4f56-8647-5b18423425c3 3d9dea9445d4474c86004f40755ec965 3265557e2e0f4adc8876917c1ab2194b - - 24fb024d43c54052bfeeb1475316e5b6 24fb024d43c54052bfeeb1475316e5b6] Successfully bumped revision number for resource 58f33ffd-aa97-4e86-8617-b2921c3d43fd (type: ports) to 2
2026-05-09 18:02:24.021 10 INFO neutron.wsgi [None req-feb3ff8d-433d-47dc-9804-eac01b5c4a15 515a168a87194f2eaa6695695522e614 9264f5b38e8849c48ff0c4a3a6ae74c1 - - default default] 10.0.0.70 "GET /v2.0/extensions HTTP/1.1" status: 200 len: 16980 time: 0.1260667
2026-05-09 18:02:24.022 9 INFO neutron.wsgi [req-e1144aec-c119-4666-bdaa-ac9991213005 req-6d428650-57fe-4f56-8647-5b18423425c3 3d9dea9445d4474c86004f40755ec965 3265557e2e0f4adc8876917c1ab2194b - - 24fb024d43c54052bfeeb1475316e5b6 24fb024d43c54052bfeeb1475316e5b6] 199.204.45.246 "PUT /v2.0/ports/58f33ffd-aa97-4e86-8617-b2921c3d43fd HTTP/1.1" status: 200 len: 1380 time: 0.7030377 /var/lib/openstack/lib/python3.10/site-packages/pycadf/identifier.py:71: UserWarning: Invalid uuid: neutron. To ensure interoperability, identifiers should be a valid uuid. warnings.warn(('Invalid uuid: %s. To ensure interoperability, '
2026-05-09 18:02:24.068 9 INFO neutron.notifiers.nova [-] Nova event matching ['req-747db8b6-68b6-4bb9-8639-c201ae99e4d4'] response: {'name': 'network-changed', 'server_uuid': '5ec03b6d-d6c2-49d9-a5a9-9e74ce432a1c', 'tag': '58f33ffd-aa97-4e86-8617-b2921c3d43fd', 'status': 'completed', 'code': 200}
2026-05-09 18:02:24.113 9 INFO neutron.wsgi [req-e1144aec-c119-4666-bdaa-ac9991213005 req-09cc1006-055a-4578-94a5-1577845af5f5 3d9dea9445d4474c86004f40755ec965 3265557e2e0f4adc8876917c1ab2194b - - 24fb024d43c54052bfeeb1475316e5b6 24fb024d43c54052bfeeb1475316e5b6] 199.204.45.246 "GET /v2.0/ports?tenant_id=7df23abf1ab4499eb275cb330d3aba5e&device_id=5ec03b6d-d6c2-49d9-a5a9-9e74ce432a1c HTTP/1.1" status: 200 len: 1411 time: 0.0568087
2026-05-09 18:02:24.143 9 INFO neutron.wsgi [req-e1144aec-c119-4666-bdaa-ac9991213005 req-9c2a2d27-8ebe-4162-8d61-22e7861e802c 3d9dea9445d4474c86004f40755ec965 3265557e2e0f4adc8876917c1ab2194b - - 24fb024d43c54052bfeeb1475316e5b6 24fb024d43c54052bfeeb1475316e5b6] 199.204.45.246 "GET /v2.0/floatingips?fixed_ip_address=10.100.0.10&port_id=58f33ffd-aa97-4e86-8617-b2921c3d43fd HTTP/1.1" status: 200 len: 217 time: 0.0220828
2026-05-09 18:02:24.158 10 INFO neutron.db.ovn_revision_numbers_db [None req-62bf1e4e-f09e-4a84-bc93-65e635fd9353 403c861a68fa4d29b7a03bd97f863667 11d5b78ddac64b9aac04041d6853d349 - - default default] Successfully bumped revision number for resource 3e280ef1-6d70-4de4-9e6d-c6bb18298f27 (type: security_groups) to 1
2026-05-09 18:02:24.170 10 INFO neutron.db.ovn_revision_numbers_db [None req-62bf1e4e-f09e-4a84-bc93-65e635fd9353 403c861a68fa4d29b7a03bd97f863667 11d5b78ddac64b9aac04041d6853d349 - - default default] Successfully bumped revision number for resource 02c13690-3235-4216-a92a-6a6e76a0e928 (type: security_group_rules) to 0
2026-05-09 18:02:24.182 10 INFO neutron.db.ovn_revision_numbers_db [None req-62bf1e4e-f09e-4a84-bc93-65e635fd9353 403c861a68fa4d29b7a03bd97f863667 11d5b78ddac64b9aac04041d6853d349 - - default default] Successfully bumped revision number for resource 0b428917-0659-4c81-9cd7-61557506507b (type: security_group_rules) to 0
2026-05-09 18:02:24.188 9 INFO neutron.wsgi [req-e1144aec-c119-4666-bdaa-ac9991213005 req-7bf36b4e-b337-4342-9c87-ad097c91a07c 3d9dea9445d4474c86004f40755ec965 3265557e2e0f4adc8876917c1ab2194b - - 24fb024d43c54052bfeeb1475316e5b6 24fb024d43c54052bfeeb1475316e5b6] 199.204.45.246 "GET /v2.0/subnets?id=ba9720e4-e3ad-47da-b367-b1147b870256 HTTP/1.1" status: 200 len: 852 time: 0.0366864
2026-05-09 18:02:24.196 10 INFO neutron.db.ovn_revision_numbers_db [None req-62bf1e4e-f09e-4a84-bc93-65e635fd9353 403c861a68fa4d29b7a03bd97f863667 11d5b78ddac64b9aac04041d6853d349 - - default default] Successfully bumped revision number for resource 5d05289a-0af5-47cd-bed0-03041acbbe8e (type: security_group_rules) to 0
2026-05-09 18:02:24.206 9 INFO neutron.wsgi [None req-8e7ed349-6ae5-4360-aa04-14bc57b740d4 515a168a87194f2eaa6695695522e614 9264f5b38e8849c48ff0c4a3a6ae74c1 - - default default] 10.0.0.70 "GET /v2.0/quotas/9264f5b38e8849c48ff0c4a3a6ae74c1/details HTTP/1.1" status: 200 len: 756 time: 0.1667445
2026-05-09 18:02:24.207 10 INFO neutron.db.ovn_revision_numbers_db [None req-62bf1e4e-f09e-4a84-bc93-65e635fd9353 403c861a68fa4d29b7a03bd97f863667 11d5b78ddac64b9aac04041d6853d349 - - default default] Successfully bumped revision number for resource 620ac863-83b8-4528-b706-223256fa8d7c (type: security_group_rules) to 0
2026-05-09 18:02:24.214 9 INFO neutron.wsgi [req-e1144aec-c119-4666-bdaa-ac9991213005 req-4ce14321-d189-4f3c-b918-0fcebcf80012 3d9dea9445d4474c86004f40755ec965 3265557e2e0f4adc8876917c1ab2194b - - 24fb024d43c54052bfeeb1475316e5b6 24fb024d43c54052bfeeb1475316e5b6] 199.204.45.246 "GET /v2.0/ports?network_id=750ffe80-e0e6-4d0b-9891-e17f685255f4&device_owner=network%3Adhcp HTTP/1.1" status: 200 len: 210 time: 0.0189285
2026-05-09 18:02:24.229 10 INFO neutron.wsgi [None req-62bf1e4e-f09e-4a84-bc93-65e635fd9353 403c861a68fa4d29b7a03bd97f863667 11d5b78ddac64b9aac04041d6853d349 - - default default] 10.0.0.188 "GET /v2.0/security-groups?tenant_id=a255a4b84bd446129aef970af521c8f7&name=default HTTP/1.1" status: 200 len: 2996 time: 0.2599065
2026-05-09 18:02:24.295 9 INFO neutron.wsgi [req-e1144aec-c119-4666-bdaa-ac9991213005 req-5f6844ae-edbd-476b-a4c2-8539037e485b 3d9dea9445d4474c86004f40755ec965 3265557e2e0f4adc8876917c1ab2194b - - 24fb024d43c54052bfeeb1475316e5b6 24fb024d43c54052bfeeb1475316e5b6] 199.204.45.246 "GET /v2.0/networks/750ffe80-e0e6-4d0b-9891-e17f685255f4?fields=segments HTTP/1.1" status: 200 len: 212 time: 0.0725696
2026-05-09 18:02:24.372 9 INFO neutron.wsgi [req-e1144aec-c119-4666-bdaa-ac9991213005 req-d38cc372-1e06-44a7-9b82-ce27b41398b0 3d9dea9445d4474c86004f40755ec965 3265557e2e0f4adc8876917c1ab2194b - - 24fb024d43c54052bfeeb1475316e5b6 24fb024d43c54052bfeeb1475316e5b6] 199.204.45.246 "GET /v2.0/networks/750ffe80-e0e6-4d0b-9891-e17f685255f4?fields=provider%3Aphysical_network&fields=provider%3Anetwork_type HTTP/1.1" status: 200 len: 277 time: 0.0701678
2026-05-09 18:02:24.467 9 INFO neutron.wsgi [req-5417154a-6ffe-4ea7-8da3-f9a9b821350d req-3408a23a-7385-4879-801e-ba7ee5a58c28 3d9dea9445d4474c86004f40755ec965 3265557e2e0f4adc8876917c1ab2194b - - 24fb024d43c54052bfeeb1475316e5b6 24fb024d43c54052bfeeb1475316e5b6] 199.204.45.246 "GET /v2.0/ports?tenant_id=7df23abf1ab4499eb275cb330d3aba5e&device_id=5ec03b6d-d6c2-49d9-a5a9-9e74ce432a1c HTTP/1.1" status: 200 len: 1411 time: 0.0511751
2026-05-09 18:02:24.516 9 INFO neutron.wsgi [None req-ff46f824-6b57-4d48-b663-0e9880b59f53 403c861a68fa4d29b7a03bd97f863667 11d5b78ddac64b9aac04041d6853d349 - - default default] 10.0.0.188 "DELETE /v2.0/security-groups/3e280ef1-6d70-4de4-9e6d-c6bb18298f27 HTTP/1.1" status: 204 len: 168 time: 0.2825017
2026-05-09 18:02:24.565 9 INFO neutron.wsgi [req-5417154a-6ffe-4ea7-8da3-f9a9b821350d req-63b33520-e1ac-4190-ba5b-bac7945a2347 3d9dea9445d4474c86004f40755ec965 3265557e2e0f4adc8876917c1ab2194b - - 24fb024d43c54052bfeeb1475316e5b6 24fb024d43c54052bfeeb1475316e5b6] 199.204.45.246 "GET /v2.0/networks?id=750ffe80-e0e6-4d0b-9891-e17f685255f4 HTTP/1.1" status: 200 len: 959 time: 0.0931399
2026-05-09 18:02:24.579 10 INFO neutron.plugins.ml2.drivers.ovn.mech_driver.mech_driver [None req-11c9bff3-0817-4aeb-b6dd-74b63f19327f - - - - - -] OVN reports status up for port: 58f33ffd-aa97-4e86-8617-b2921c3d43fd
2026-05-09 18:02:24.597 10 INFO neutron.plugins.ml2.plugin [None req-11c9bff3-0817-4aeb-b6dd-74b63f19327f - - - - - -] Attempt 1 to provision port 58f33ffd-aa97-4e86-8617-b2921c3d43fd
2026-05-09 18:02:24.606 9 INFO neutron.wsgi [req-5417154a-6ffe-4ea7-8da3-f9a9b821350d req-ae19e7e5-fccb-4a2d-a809-f20e7837c528 3d9dea9445d4474c86004f40755ec965 3265557e2e0f4adc8876917c1ab2194b - - 24fb024d43c54052bfeeb1475316e5b6 24fb024d43c54052bfeeb1475316e5b6] 199.204.45.246 "GET /v2.0/floatingips?fixed_ip_address=10.100.0.10&port_id=58f33ffd-aa97-4e86-8617-b2921c3d43fd HTTP/1.1" status: 200 len: 217 time: 0.0306561
2026-05-09 18:02:24.656 9 INFO neutron.wsgi [req-5417154a-6ffe-4ea7-8da3-f9a9b821350d req-e284660c-2d4f-4f38-9429-a98fef56c359 3d9dea9445d4474c86004f40755ec965 3265557e2e0f4adc8876917c1ab2194b - - 24fb024d43c54052bfeeb1475316e5b6 24fb024d43c54052bfeeb1475316e5b6] 199.204.45.246 "GET /v2.0/subnets?id=ba9720e4-e3ad-47da-b367-b1147b870256 HTTP/1.1" status: 200 len: 852 time: 0.0444946
2026-05-09 18:02:24.694 9 INFO neutron.wsgi [req-5417154a-6ffe-4ea7-8da3-f9a9b821350d req-891df61f-cfe5-4dc9-8f3f-8c82c4106c0e 3d9dea9445d4474c86004f40755ec965 3265557e2e0f4adc8876917c1ab2194b - - 24fb024d43c54052bfeeb1475316e5b6 24fb024d43c54052bfeeb1475316e5b6] 199.204.45.246 "GET /v2.0/ports?network_id=750ffe80-e0e6-4d0b-9891-e17f685255f4&device_owner=network%3Adhcp HTTP/1.1" status: 200 len: 210 time: 0.0294998
2026-05-09 18:02:24.743 10 INFO neutron.notifiers.nova [-] Nova event matching ['req-351dba30-0ff7-4d5f-a265-dafbe46b839b'] response: {'server_uuid': '5ec03b6d-d6c2-49d9-a5a9-9e74ce432a1c', 'name': 'network-vif-plugged', 'status': 'completed', 'tag': '58f33ffd-aa97-4e86-8617-b2921c3d43fd', 'code': 200}
2026-05-09 18:02:24.788 9 INFO neutron.wsgi [req-5417154a-6ffe-4ea7-8da3-f9a9b821350d req-f038570c-f3e0-4752-8ce8-f0c95827a189 3d9dea9445d4474c86004f40755ec965 3265557e2e0f4adc8876917c1ab2194b - - 24fb024d43c54052bfeeb1475316e5b6 24fb024d43c54052bfeeb1475316e5b6] 199.204.45.246 "GET /v2.0/networks/750ffe80-e0e6-4d0b-9891-e17f685255f4?fields=segments HTTP/1.1" status: 200 len: 212 time: 0.0854747
2026-05-09 18:02:24.824 9 INFO neutron.db.ovn_revision_numbers_db [None req-c349e5f2-46f3-43b9-9986-760c046b8e55 403c861a68fa4d29b7a03bd97f863667 11d5b78ddac64b9aac04041d6853d349 - - default default] Successfully bumped revision number for resource 05e46fee-db8a-496e-ad1e-cc12968ca708 (type: security_groups) to 1
2026-05-09 18:02:24.840 9 INFO neutron.db.ovn_revision_numbers_db [None req-c349e5f2-46f3-43b9-9986-760c046b8e55 403c861a68fa4d29b7a03bd97f863667 11d5b78ddac64b9aac04041d6853d349 - - default default] Successfully bumped revision number for resource 2f54d1b3-cac5-4eda-a43d-c3de99c72554 (type: security_group_rules) to 0
2026-05-09 18:02:24.854 9 INFO neutron.wsgi [req-5417154a-6ffe-4ea7-8da3-f9a9b821350d req-a3299206-d31e-4320-af52-5ade38f6f48a 3d9dea9445d4474c86004f40755ec965 3265557e2e0f4adc8876917c1ab2194b - - 24fb024d43c54052bfeeb1475316e5b6 24fb024d43c54052bfeeb1475316e5b6] 199.204.45.246 "GET /v2.0/networks/750ffe80-e0e6-4d0b-9891-e17f685255f4?fields=provider%3Aphysical_network&fields=provider%3Anetwork_type HTTP/1.1" status: 200 len: 277 time: 0.0577724
2026-05-09 18:02:24.861 9 INFO neutron.db.ovn_revision_numbers_db [None req-c349e5f2-46f3-43b9-9986-760c046b8e55 403c861a68fa4d29b7a03bd97f863667 11d5b78ddac64b9aac04041d6853d349 - - default default] Successfully bumped revision number for resource 428033ce-6ea1-4a2f-9442-90dbf8cc005c (type: security_group_rules) to 0
2026-05-09 18:02:24.875 9 INFO neutron.db.ovn_revision_numbers_db [None req-c349e5f2-46f3-43b9-9986-760c046b8e55 403c861a68fa4d29b7a03bd97f863667 11d5b78ddac64b9aac04041d6853d349 - - default default] Successfully bumped revision number for resource a192fdca-45f8-4cf4-ba56-128de83f960c (type: security_group_rules) to 0
2026-05-09 18:02:24.888 9 INFO neutron.db.ovn_revision_numbers_db [None req-c349e5f2-46f3-43b9-9986-760c046b8e55 403c861a68fa4d29b7a03bd97f863667 11d5b78ddac64b9aac04041d6853d349 - - default default] Successfully bumped revision number for resource f34daf57-aceb-4e8a-a118-83c49819d7a0 (type: security_group_rules) to 0
2026-05-09 18:02:24.912 9 INFO neutron.wsgi [None req-c349e5f2-46f3-43b9-9986-760c046b8e55 403c861a68fa4d29b7a03bd97f863667 11d5b78ddac64b9aac04041d6853d349 - - default default] 10.0.0.188 "GET /v2.0/security-groups?tenant_id=eab810b5eeb74a04bd72f746a0f682f4&name=default HTTP/1.1" status: 200 len: 2996 time: 0.2640319
2026-05-09 18:02:24.930 10 INFO neutron.db.ovn_revision_numbers_db [None req-11c9bff3-0817-4aeb-b6dd-74b63f19327f - - - - - -] Successfully bumped revision number for resource 58f33ffd-aa97-4e86-8617-b2921c3d43fd (type: ports) to 4
2026-05-09 18:02:25.067 9 INFO neutron.wsgi [req-83b872f7-b9a8-4aa6-a1f1-389fc1a9919b req-ebb8abd2-0134-4f64-bb3b-8edfb9a5a660 e3f827b8f6f84f978c4b9e68357bb50b 7df23abf1ab4499eb275cb330d3aba5e - - default default] 10.0.0.140 "GET /v2.0/ports?device_id=5ec03b6d-d6c2-49d9-a5a9-9e74ce432a1c HTTP/1.1" status: 200 len: 1174 time: 0.0403254
2026-05-09 18:02:25.117 9 INFO neutron.wsgi [req-83b872f7-b9a8-4aa6-a1f1-389fc1a9919b req-dc4eb7b4-5605-4166-863f-b88cdea192bf e3f827b8f6f84f978c4b9e68357bb50b 7df23abf1ab4499eb275cb330d3aba5e - - default default] 10.0.0.140 "GET /v2.0/security-groups?id=397e6316-da64-453f-bf21-1fa26e762cfb&fields=id&fields=name HTTP/1.1" status: 200 len: 313 time: 0.0420022
2026-05-09 18:02:25.159 9 INFO neutron.wsgi [None req-2b4da263-77fd-4c80-a7f2-be2b488b8a11 403c861a68fa4d29b7a03bd97f863667 11d5b78ddac64b9aac04041d6853d349 - - default default] 10.0.0.188 "DELETE /v2.0/security-groups/05e46fee-db8a-496e-ad1e-cc12968ca708 HTTP/1.1" status: 204 len: 168 time: 0.2391651
2026-05-09 18:02:26.288 9 INFO neutron.wsgi [req-af5cca3d-beeb-4abe-8935-3dff07db5219 req-946f08a7-632e-4065-9c36-11056b47b4e4 e3f827b8f6f84f978c4b9e68357bb50b 7df23abf1ab4499eb275cb330d3aba5e - - default default] 10.0.0.140 "GET /v2.0/ports?device_id=5ec03b6d-d6c2-49d9-a5a9-9e74ce432a1c HTTP/1.1" status: 200 len: 1174 time: 0.0991921
2026-05-09 18:02:26.331 9 INFO neutron.wsgi [req-af5cca3d-beeb-4abe-8935-3dff07db5219 req-db3bb8be-87e4-41e8-93f5-8870981d0848 e3f827b8f6f84f978c4b9e68357bb50b 7df23abf1ab4499eb275cb330d3aba5e - - default default] 10.0.0.140 "GET /v2.0/security-groups?id=397e6316-da64-453f-bf21-1fa26e762cfb&fields=id&fields=name HTTP/1.1" status: 200 len: 313 time: 0.0368588
2026-05-09 18:02:26.448 9 INFO neutron.wsgi [req-d69b4e24-7a14-45b9-9429-a5f1afc17db3 req-6c27b58f-90c4-4856-b9e2-21183bdf27a5 e3f827b8f6f84f978c4b9e68357bb50b 7df23abf1ab4499eb275cb330d3aba5e - - default default] 10.0.0.140 "GET /v2.0/ports?device_id=5ec03b6d-d6c2-49d9-a5a9-9e74ce432a1c HTTP/1.1" status: 200 len: 1174 time: 0.0444672
2026-05-09 18:02:26.496 9 INFO neutron.wsgi [req-d69b4e24-7a14-45b9-9429-a5f1afc17db3 req-c3a93b61-85c2-4699-bd44-79f51b442221 e3f827b8f6f84f978c4b9e68357bb50b 7df23abf1ab4499eb275cb330d3aba5e - - default default] 10.0.0.140 "GET /v2.0/security-groups?id=397e6316-da64-453f-bf21-1fa26e762cfb&fields=id&fields=name HTTP/1.1" status: 200 len: 313 time: 0.0391691
2026-05-09 18:02:26.575 9 INFO neutron.wsgi [None req-a55da58e-c251-459b-b0e7-558b813167fc fd4142ec664f4312b530e2e223fbacd7 ee269bbccc4947ad9593686559ed7d8e - - default default] 10.0.0.188 "GET /v2.0/ports?device_id=5ec03b6d-d6c2-49d9-a5a9-9e74ce432a1c HTTP/1.1" status: 200 len: 1408 time: 0.0460699
2026-05-09 18:02:26.672 9 INFO neutron.wsgi [None req-e0a8aea0-3004-41ba-881a-9e3938a8ea79 515a168a87194f2eaa6695695522e614 9264f5b38e8849c48ff0c4a3a6ae74c1 - - default default] 10.0.0.70 "GET /v2.0/extensions HTTP/1.1" status: 200 len: 16980 time: 0.0076141 /var/lib/openstack/lib/python3.10/site-packages/pycadf/identifier.py:71: UserWarning: Invalid uuid: neutron. To ensure interoperability, identifiers should be a valid uuid. warnings.warn(('Invalid uuid: %s. To ensure interoperability, '
2026-05-09 18:02:26.786 10 INFO neutron.notifiers.nova [-] Nova event matching ['req-3dc5d9bb-ec9c-42bb-96b7-8b2c3bdfadca'] response: {'server_uuid': '5ec03b6d-d6c2-49d9-a5a9-9e74ce432a1c', 'name': 'network-vif-plugged', 'status': 'completed', 'tag': '58f33ffd-aa97-4e86-8617-b2921c3d43fd', 'code': 200}
2026-05-09 18:02:26.812 10 INFO neutron.wsgi [None req-eb1f050c-fa65-4f27-9f72-089cfbec7450 515a168a87194f2eaa6695695522e614 9264f5b38e8849c48ff0c4a3a6ae74c1 - - default default] 10.0.0.70 "GET /v2.0/quotas/9264f5b38e8849c48ff0c4a3a6ae74c1/details HTTP/1.1" status: 200 len: 756 time: 0.1206934
2026-05-09 18:02:26.824 9 INFO neutron.db.l3_db [None req-0163dda8-1b08-4ccd-9963-a1690026bb3f e3f827b8f6f84f978c4b9e68357bb50b 7df23abf1ab4499eb275cb330d3aba5e - - default default] Floating IP e15650d1-5ae6-4c20-b28b-3594ff6e0b79 associated. External IP: 10.96.250.202, port: 58f33ffd-aa97-4e86-8617-b2921c3d43fd.
2026-05-09 18:02:27.032 9 INFO neutron.db.ovn_revision_numbers_db [None req-0163dda8-1b08-4ccd-9963-a1690026bb3f e3f827b8f6f84f978c4b9e68357bb50b 7df23abf1ab4499eb275cb330d3aba5e - - default default] Successfully bumped revision number for resource e15650d1-5ae6-4c20-b28b-3594ff6e0b79 (type: floatingips) to 4
2026-05-09 18:02:27.165 9 INFO neutron.db.ovn_revision_numbers_db [None req-0163dda8-1b08-4ccd-9963-a1690026bb3f e3f827b8f6f84f978c4b9e68357bb50b 7df23abf1ab4499eb275cb330d3aba5e - - default default] Successfully bumped revision number for resource e15650d1-5ae6-4c20-b28b-3594ff6e0b79 (type: floatingips) to 5
2026-05-09 18:02:27.190 9 INFO neutron.wsgi [None req-0163dda8-1b08-4ccd-9963-a1690026bb3f e3f827b8f6f84f978c4b9e68357bb50b 7df23abf1ab4499eb275cb330d3aba5e - - default default] 10.0.0.188 "PUT /v2.0/floatingips/e15650d1-5ae6-4c20-b28b-3594ff6e0b79 HTTP/1.1" status: 200 len: 1050 time: 0.6095576 /var/lib/openstack/lib/python3.10/site-packages/pycadf/identifier.py:71: UserWarning: Invalid uuid: neutron. To ensure interoperability, identifiers should be a valid uuid. warnings.warn(('Invalid uuid: %s. To ensure interoperability, '
2026-05-09 18:02:27.228 9 INFO neutron.notifiers.nova [-] Nova event matching ['req-aa1fb130-0919-4846-9741-33f09ee88262'] response: {'name': 'network-changed', 'server_uuid': '5ec03b6d-d6c2-49d9-a5a9-9e74ce432a1c', 'tag': '58f33ffd-aa97-4e86-8617-b2921c3d43fd', 'status': 'completed', 'code': 200}
2026-05-09 18:02:27.256 10 INFO neutron.wsgi [None req-e09e3d88-abf2-4337-beb3-44ff111be3c1 e3f827b8f6f84f978c4b9e68357bb50b 7df23abf1ab4499eb275cb330d3aba5e - - default default] 10.0.0.188 "GET /v2.0/floatingips/e15650d1-5ae6-4c20-b28b-3594ff6e0b79 HTTP/1.1" status: 200 len: 1052 time: 0.0594981
2026-05-09 18:02:27.299 9 INFO neutron.wsgi [req-a856577d-b668-4b5f-986d-e6b2d8d5a79d req-ac594712-032a-4d75-a7cf-106a54f71db1 3d9dea9445d4474c86004f40755ec965 3265557e2e0f4adc8876917c1ab2194b - - 24fb024d43c54052bfeeb1475316e5b6 24fb024d43c54052bfeeb1475316e5b6] 199.204.45.246 "GET /v2.0/ports?tenant_id=7df23abf1ab4499eb275cb330d3aba5e&device_id=5ec03b6d-d6c2-49d9-a5a9-9e74ce432a1c HTTP/1.1" status: 200 len: 1413 time: 0.0442791
2026-05-09 18:02:27.368 9 INFO neutron.wsgi [req-a856577d-b668-4b5f-986d-e6b2d8d5a79d req-09fc8918-882a-4038-96b1-613a8db90b8a 3d9dea9445d4474c86004f40755ec965 3265557e2e0f4adc8876917c1ab2194b - - 24fb024d43c54052bfeeb1475316e5b6 24fb024d43c54052bfeeb1475316e5b6] 199.204.45.246 "GET /v2.0/networks?id=750ffe80-e0e6-4d0b-9891-e17f685255f4 HTTP/1.1" status: 200 len: 959 time: 0.0617950
2026-05-09 18:02:27.413 9 INFO neutron.wsgi [req-a856577d-b668-4b5f-986d-e6b2d8d5a79d req-745a88bd-a527-47b8-86f6-99ba60b6b944 3d9dea9445d4474c86004f40755ec965 3265557e2e0f4adc8876917c1ab2194b - - 24fb024d43c54052bfeeb1475316e5b6 24fb024d43c54052bfeeb1475316e5b6] 199.204.45.246 "GET /v2.0/floatingips?fixed_ip_address=10.100.0.10&port_id=58f33ffd-aa97-4e86-8617-b2921c3d43fd HTTP/1.1" status: 200 len: 1060 time: 0.0392540
2026-05-09 18:02:27.449 9 INFO neutron.wsgi [req-a856577d-b668-4b5f-986d-e6b2d8d5a79d req-a4581a6b-32a1-4ae4-b0ce-6e3c19963d3d 3d9dea9445d4474c86004f40755ec965 3265557e2e0f4adc8876917c1ab2194b - - 24fb024d43c54052bfeeb1475316e5b6 24fb024d43c54052bfeeb1475316e5b6] 199.204.45.246 "GET /v2.0/subnets?id=ba9720e4-e3ad-47da-b367-b1147b870256 HTTP/1.1" status: 200 len: 852 time: 0.0273805
2026-05-09 18:02:27.475 9 INFO neutron.wsgi [req-a856577d-b668-4b5f-986d-e6b2d8d5a79d req-821a6eef-da2a-4b3e-b9dc-b1d1d9d90a41 3d9dea9445d4474c86004f40755ec965 3265557e2e0f4adc8876917c1ab2194b - - 24fb024d43c54052bfeeb1475316e5b6 24fb024d43c54052bfeeb1475316e5b6] 199.204.45.246 "GET /v2.0/ports?network_id=750ffe80-e0e6-4d0b-9891-e17f685255f4&device_owner=network%3Adhcp HTTP/1.1" status: 200 len: 210 time: 0.0184662
2026-05-09 18:02:27.528 9 INFO neutron.wsgi [req-a856577d-b668-4b5f-986d-e6b2d8d5a79d req-861deb50-5740-4723-a1e1-ce568c6c884b 3d9dea9445d4474c86004f40755ec965 3265557e2e0f4adc8876917c1ab2194b - - 24fb024d43c54052bfeeb1475316e5b6 24fb024d43c54052bfeeb1475316e5b6] 199.204.45.246 "GET /v2.0/networks/750ffe80-e0e6-4d0b-9891-e17f685255f4?fields=segments HTTP/1.1" status: 200 len: 212 time: 0.0462122
2026-05-09 18:02:27.579 9 INFO neutron.wsgi [req-a856577d-b668-4b5f-986d-e6b2d8d5a79d req-8e93d709-fdbc-4426-b1ba-5ba6f58c2e29 3d9dea9445d4474c86004f40755ec965 3265557e2e0f4adc8876917c1ab2194b - - 24fb024d43c54052bfeeb1475316e5b6 24fb024d43c54052bfeeb1475316e5b6] 199.204.45.246 "GET /v2.0/networks/750ffe80-e0e6-4d0b-9891-e17f685255f4?fields=provider%3Aphysical_network&fields=provider%3Anetwork_type HTTP/1.1" status: 200 len: 277 time: 0.0445762
2026-05-09 18:02:28.442 10 INFO neutron.wsgi [-] 10.0.0.111 "GET / HTTP/1.1" status: 200 len: 247 time: 0.0018647
2026-05-09 18:02:28.442 9 INFO neutron.wsgi [-] 10.0.0.111 "GET / HTTP/1.1" status: 200 len: 247 time: 0.0018268
2026-05-09 18:02:28.766 9 WARNING neutron_lib.context [None req-e77c6e3a-63b1-47da-b78d-3f042192b480 c5dc25a5b2a84c80a9ccd0bf39182843 bbb0b89ebf0c42f1ac8132967c7aec6f - - default default] Method 'is_advsvc' is deprecated since 2023.2 release (neutron-lib 3.8.0) and will be removed once support for the old RBAC API policies will be removed from Neutron. Please use method 'is_service_role' instead.
2026-05-09 18:02:29.162 9 INFO neutron.db.ovn_revision_numbers_db [None req-e77c6e3a-63b1-47da-b78d-3f042192b480 c5dc25a5b2a84c80a9ccd0bf39182843 bbb0b89ebf0c42f1ac8132967c7aec6f - - default default] Successfully bumped revision number for resource 50ea7bde-a381-4b1e-a7db-8eef162c1db1 (type: security_groups) to 1
2026-05-09 18:02:29.173 9 INFO neutron.db.ovn_revision_numbers_db [None req-e77c6e3a-63b1-47da-b78d-3f042192b480 c5dc25a5b2a84c80a9ccd0bf39182843 bbb0b89ebf0c42f1ac8132967c7aec6f - - default default] Successfully bumped revision number for resource 0f15ad78-71f2-40a7-b1c0-9dad9a3e21f7 (type: security_group_rules) to 0
2026-05-09 18:02:29.187 9 INFO neutron.db.ovn_revision_numbers_db [None req-e77c6e3a-63b1-47da-b78d-3f042192b480 c5dc25a5b2a84c80a9ccd0bf39182843 bbb0b89ebf0c42f1ac8132967c7aec6f - - default default] Successfully bumped revision number for resource 4c2a74c0-6d3c-45ec-94d4-4cc5ab7603da (type: security_group_rules) to 0
2026-05-09 18:02:29.200 9 INFO neutron.db.ovn_revision_numbers_db [None req-e77c6e3a-63b1-47da-b78d-3f042192b480 c5dc25a5b2a84c80a9ccd0bf39182843 bbb0b89ebf0c42f1ac8132967c7aec6f - - default default] Successfully bumped revision number for resource 932fed2d-3d1b-4f6d-958a-a0a1779f5ee8 (type: security_group_rules) to 0
2026-05-09 18:02:29.214 9 INFO neutron.db.ovn_revision_numbers_db [None req-e77c6e3a-63b1-47da-b78d-3f042192b480 c5dc25a5b2a84c80a9ccd0bf39182843 bbb0b89ebf0c42f1ac8132967c7aec6f - - default default] Successfully bumped revision number for resource c814d939-06be-4fa4-8895-cf51a57c526a (type: security_group_rules) to 0
2026-05-09 18:02:29.255 9 INFO neutron.db.segments_db [None req-e77c6e3a-63b1-47da-b78d-3f042192b480 c5dc25a5b2a84c80a9ccd0bf39182843 bbb0b89ebf0c42f1ac8132967c7aec6f - - default default] Added segment 2e47f05e-0fc0-43b8-a191-fc0168eb1255 of type geneve for network 412e5280-9545-43bd-b68c-36befd08b07f
2026-05-09 18:02:29.382 9 INFO neutron.db.ovn_revision_numbers_db [None req-e77c6e3a-63b1-47da-b78d-3f042192b480 c5dc25a5b2a84c80a9ccd0bf39182843 bbb0b89ebf0c42f1ac8132967c7aec6f - - default default] Successfully bumped revision number for resource 412e5280-9545-43bd-b68c-36befd08b07f (type: networks) to 1
2026-05-09 18:02:29.527 9 WARNING neutron.scheduler.dhcp_agent_scheduler [None req-e77c6e3a-63b1-47da-b78d-3f042192b480 c5dc25a5b2a84c80a9ccd0bf39182843 bbb0b89ebf0c42f1ac8132967c7aec6f - - default default] No more DHCP agents
2026-05-09 18:02:29.531 9 WARNING neutron.api.rpc.agentnotifiers.dhcp_rpc_agent_api [None req-e77c6e3a-63b1-47da-b78d-3f042192b480 c5dc25a5b2a84c80a9ccd0bf39182843 bbb0b89ebf0c42f1ac8132967c7aec6f - - default default] Unable to schedule network 412e5280-9545-43bd-b68c-36befd08b07f: no agents available; will retry on subsequent port and subnet creation events.
2026-05-09 18:02:29.534 10 INFO neutron.db.ovn_revision_numbers_db [None req-a27c78c9-253d-4b91-b2f9-572229b1c840 403c861a68fa4d29b7a03bd97f863667 11d5b78ddac64b9aac04041d6853d349 - - default default] Successfully bumped revision number for resource 5d61bb6b-2ca8-418d-8e2a-95fe55047efc (type: security_groups) to 1
2026-05-09 18:02:29.548 10 INFO neutron.db.ovn_revision_numbers_db [None req-a27c78c9-253d-4b91-b2f9-572229b1c840 403c861a68fa4d29b7a03bd97f863667 11d5b78ddac64b9aac04041d6853d349 - - default default] Successfully bumped revision number for resource 936ea2a2-8d75-419c-88e6-3cfdc1ad3f14 (type: security_group_rules) to 0
2026-05-09 18:02:29.565 10 INFO neutron.db.ovn_revision_numbers_db [None req-a27c78c9-253d-4b91-b2f9-572229b1c840 403c861a68fa4d29b7a03bd97f863667 11d5b78ddac64b9aac04041d6853d349 - - default default] Successfully bumped revision number for resource 97078eab-9cb9-4534-bf92-d0f93934f777 (type: security_group_rules) to 0
2026-05-09 18:02:29.590 10 INFO neutron.db.ovn_revision_numbers_db [None req-a27c78c9-253d-4b91-b2f9-572229b1c840 403c861a68fa4d29b7a03bd97f863667 11d5b78ddac64b9aac04041d6853d349 - - default default] Successfully bumped revision number for resource a559f65f-cc4f-4364-ad94-1ef9d8e30a90 (type: security_group_rules) to 0
2026-05-09 18:02:29.600 9 INFO neutron.db.ovn_revision_numbers_db [None req-e77c6e3a-63b1-47da-b78d-3f042192b480 c5dc25a5b2a84c80a9ccd0bf39182843 bbb0b89ebf0c42f1ac8132967c7aec6f - - default default] Successfully bumped revision number for resource be012447-83a0-4322-8ff5-f6f914747d9a (type: ports) to 1
2026-05-09 18:02:29.611 10 INFO neutron.db.ovn_revision_numbers_db [None req-a27c78c9-253d-4b91-b2f9-572229b1c840 403c861a68fa4d29b7a03bd97f863667 11d5b78ddac64b9aac04041d6853d349 - - default default] Successfully bumped revision number for resource b9deba32-d0c6-4dd0-b8dc-8dd29d913fe5 (type: security_group_rules) to 0
2026-05-09 18:02:29.620 9 INFO neutron.wsgi [None req-e77c6e3a-63b1-47da-b78d-3f042192b480 c5dc25a5b2a84c80a9ccd0bf39182843 bbb0b89ebf0c42f1ac8132967c7aec6f - - default default] 10.0.0.188 "POST /v2.0/networks HTTP/1.1" status: 201 len: 830 time: 0.9455500
2026-05-09 18:02:29.629 9 WARNING neutron_lib.context [None req-542309cb-8e8d-4f96-a794-7f5f5319322e c5dc25a5b2a84c80a9ccd0bf39182843 bbb0b89ebf0c42f1ac8132967c7aec6f - - default default] Method 'is_advsvc' is deprecated since 2023.2 release (neutron-lib 3.8.0) and will be removed once support for the old RBAC API policies will be removed from Neutron. Please use method 'is_service_role' instead.
2026-05-09 18:02:29.642 10 INFO neutron.wsgi [None req-a27c78c9-253d-4b91-b2f9-572229b1c840 403c861a68fa4d29b7a03bd97f863667 11d5b78ddac64b9aac04041d6853d349 - - default default] 10.0.0.188 "GET /v2.0/security-groups?tenant_id=9264f5b38e8849c48ff0c4a3a6ae74c1&name=default HTTP/1.1" status: 200 len: 2996 time: 0.3438077
2026-05-09 18:02:29.848 10 INFO neutron.wsgi [None req-ea3f65d8-e5cf-4065-bacf-3137d7d61ee8 403c861a68fa4d29b7a03bd97f863667 11d5b78ddac64b9aac04041d6853d349 - - default default] 10.0.0.188 "DELETE /v2.0/security-groups/5d61bb6b-2ca8-418d-8e2a-95fe55047efc HTTP/1.1" status: 204 len: 168 time: 0.1993060
2026-05-09 18:02:29.859 9 WARNING neutron.scheduler.dhcp_agent_scheduler [None req-542309cb-8e8d-4f96-a794-7f5f5319322e c5dc25a5b2a84c80a9ccd0bf39182843 bbb0b89ebf0c42f1ac8132967c7aec6f - - default default] No more DHCP agents
