2026-05-09 18:01:08.234 9 INFO neutron.wsgi [None req-32cb8763-d28e-4f8d-9503-446780dbade3 fe001d0e5b044e748f942f3cd27a24e5 f178ab8ecba24886a30d53490278626e - - default default] 10.0.0.188 "POST /v2.0/floatingips HTTP/1.1" status: 201 len: 751 time: 0.5777757
2026-05-09 18:01:08.245 10 WARNING neutron_lib.context [None req-b7801ea0-8469-4e04-aff3-da51e98316ea fe001d0e5b044e748f942f3cd27a24e5 f178ab8ecba24886a30d53490278626e - - default default] Method 'is_advsvc' is deprecated since 2023.2 release (neutron-lib 3.8.0) and will be removed once support for the old RBAC API policies will be removed from Neutron. Please use method 'is_service_role' instead.
2026-05-09 18:01:08.297 10 WARNING neutron.scheduler.dhcp_agent_scheduler [None req-502b602a-d4fd-4a9c-923f-e2d98478d150 1043ac2ff912400393987b1e118b63d4 ad14c6f6d5b94eaabedb21e90b9a46b8 - - default default] No more DHCP agents
2026-05-09 18:01:08.300 10 WARNING neutron.api.rpc.agentnotifiers.dhcp_rpc_agent_api [None req-502b602a-d4fd-4a9c-923f-e2d98478d150 1043ac2ff912400393987b1e118b63d4 ad14c6f6d5b94eaabedb21e90b9a46b8 - - default default] Unable to schedule network 31cef99c-0246-4e17-a97d-09a1df69dd83: no agents available; will retry on subsequent port and subnet creation events.
2026-05-09 18:01:08.539 10 WARNING neutron.scheduler.dhcp_agent_scheduler [None req-b7801ea0-8469-4e04-aff3-da51e98316ea fe001d0e5b044e748f942f3cd27a24e5 f178ab8ecba24886a30d53490278626e - - default default] No more DHCP agents
2026-05-09 18:01:08.544 10 WARNING neutron.api.rpc.agentnotifiers.dhcp_rpc_agent_api [None req-b7801ea0-8469-4e04-aff3-da51e98316ea fe001d0e5b044e748f942f3cd27a24e5 f178ab8ecba24886a30d53490278626e - - default default] Unable to schedule network 9325f272-0f0a-469a-8d49-1c9c9f32dd96: no agents available; will retry on subsequent port and subnet creation events.
2026-05-09 18:01:08.611 9 INFO neutron.db.ovn_revision_numbers_db [None req-ad942fdc-fb15-417b-92e6-f04a7a32d61a 403c861a68fa4d29b7a03bd97f863667 11d5b78ddac64b9aac04041d6853d349 - - default default] Successfully bumped revision number for resource 1af0aa25-9c36-4474-a6f5-41c4ce3c5b3b (type: security_groups) to 1
2026-05-09 18:01:08.622 9 INFO neutron.db.ovn_revision_numbers_db [None req-ad942fdc-fb15-417b-92e6-f04a7a32d61a 403c861a68fa4d29b7a03bd97f863667 11d5b78ddac64b9aac04041d6853d349 - - default default] Successfully bumped revision number for resource 3d65b0c0-c8ea-4f26-9578-d68692facc1f (type: security_group_rules) to 0
2026-05-09 18:01:08.635 9 INFO neutron.db.ovn_revision_numbers_db [None req-ad942fdc-fb15-417b-92e6-f04a7a32d61a 403c861a68fa4d29b7a03bd97f863667 11d5b78ddac64b9aac04041d6853d349 - - default default] Successfully bumped revision number for resource be9a8661-0d6b-4b6c-8a15-8f37e64cf62f (type: security_group_rules) to 0
2026-05-09 18:01:08.651 9 INFO neutron.db.ovn_revision_numbers_db [None req-ad942fdc-fb15-417b-92e6-f04a7a32d61a 403c861a68fa4d29b7a03bd97f863667 11d5b78ddac64b9aac04041d6853d349 - - default default] Successfully bumped revision number for resource d3eeefd0-2756-4fcf-9868-23ec9ab89e0b (type: security_group_rules) to 0
2026-05-09 18:01:08.663 9 INFO neutron.db.ovn_revision_numbers_db [None req-ad942fdc-fb15-417b-92e6-f04a7a32d61a 403c861a68fa4d29b7a03bd97f863667 11d5b78ddac64b9aac04041d6853d349 - - default default] Successfully bumped revision number for resource fb994082-3f9e-45f0-8c3b-2285692ae55b (type: security_group_rules) to 0
2026-05-09 18:01:08.687 9 INFO neutron.wsgi [None req-ad942fdc-fb15-417b-92e6-f04a7a32d61a 403c861a68fa4d29b7a03bd97f863667 11d5b78ddac64b9aac04041d6853d349 - - default default] 10.0.0.188 "GET /v2.0/security-groups?tenant_id=b72011ea4db54b59a4ba8a66f3c8f30e&name=default HTTP/1.1" status: 200 len: 2996 time: 0.2939241
2026-05-09 18:01:08.893 9 INFO neutron.wsgi [None req-b4d2b4ed-dc4a-42b4-a7fa-8a80f4847123 403c861a68fa4d29b7a03bd97f863667 11d5b78ddac64b9aac04041d6853d349 - - default default] 10.0.0.188 "DELETE /v2.0/security-groups/1af0aa25-9c36-4474-a6f5-41c4ce3c5b3b HTTP/1.1" status: 204 len: 168 time: 0.2007773
2026-05-09 18:01:09.086 10 INFO neutron.db.ovn_revision_numbers_db [None req-502b602a-d4fd-4a9c-923f-e2d98478d150 1043ac2ff912400393987b1e118b63d4 ad14c6f6d5b94eaabedb21e90b9a46b8 - - default default] Successfully bumped revision number for resource 9391a06b-b311-46b6-afc5-48a8e8f02a97 (type: ports) to 2
2026-05-09 18:01:09.124 10 INFO neutron.db.ovn_revision_numbers_db [None req-b7801ea0-8469-4e04-aff3-da51e98316ea fe001d0e5b044e748f942f3cd27a24e5 f178ab8ecba24886a30d53490278626e - - default default] Successfully bumped revision number for resource 7ed42657-2d05-4642-910a-0e74ec19e7c5 (type: floatingips) to 0
2026-05-09 18:01:09.134 10 INFO neutron.db.ovn_revision_numbers_db [None req-502b602a-d4fd-4a9c-923f-e2d98478d150 1043ac2ff912400393987b1e118b63d4 ad14c6f6d5b94eaabedb21e90b9a46b8 - - default default] Successfully bumped revision number for resource 4fc173af-d1fb-42fc-b2d9-4dc98873a2fe (type: subnets) to 0
2026-05-09 18:01:09.139 10 INFO neutron.wsgi [None req-b7801ea0-8469-4e04-aff3-da51e98316ea fe001d0e5b044e748f942f3cd27a24e5 f178ab8ecba24886a30d53490278626e - - default default] 10.0.0.188 "POST /v2.0/floatingips HTTP/1.1" status: 201 len: 751 time: 0.8995354
2026-05-09 18:01:09.149 10 INFO neutron.wsgi [None req-502b602a-d4fd-4a9c-923f-e2d98478d150 1043ac2ff912400393987b1e118b63d4 ad14c6f6d5b94eaabedb21e90b9a46b8 - - default default] 10.0.0.188 "POST /v2.0/subnets HTTP/1.1" status: 201 len: 801 time: 1.1051297
2026-05-09 18:01:09.157 9 WARNING neutron_lib.context [None req-cfc1b66c-3a90-43aa-93ca-23ea69d3e1c5 1043ac2ff912400393987b1e118b63d4 ad14c6f6d5b94eaabedb21e90b9a46b8 - - default default] Method 'is_advsvc' is deprecated since 2023.2 release (neutron-lib 3.8.0) and will be removed once support for the old RBAC API policies will be removed from Neutron. Please use method 'is_service_role' instead.
2026-05-09 18:01:09.208 10 INFO neutron.wsgi [None req-d26fedb4-18a3-4cd3-962b-c96fc089df9c fe001d0e5b044e748f942f3cd27a24e5 f178ab8ecba24886a30d53490278626e - - default default] 10.0.0.188 "PUT /v2.0/floatingips/ae52c6db-da94-47a1-b0cb-1023f8c99376/tags HTTP/1.1" status: 200 len: 210 time: 0.0643611
2026-05-09 18:01:09.213 9 INFO neutron.db.ovn_revision_numbers_db [None req-b6eebd9b-8454-4aeb-a96d-6b4e433c7e87 403c861a68fa4d29b7a03bd97f863667 11d5b78ddac64b9aac04041d6853d349 - - default default] Successfully bumped revision number for resource cab33464-a8da-4fe3-9f7d-7421e173de74 (type: security_groups) to 1
2026-05-09 18:01:09.258 9 INFO neutron.db.ovn_revision_numbers_db [None req-b6eebd9b-8454-4aeb-a96d-6b4e433c7e87 403c861a68fa4d29b7a03bd97f863667 11d5b78ddac64b9aac04041d6853d349 - - default default] Successfully bumped revision number for resource 58787195-9288-4b62-94bf-05c8b508d840 (type: security_group_rules) to 0
2026-05-09 18:01:09.287 9 INFO neutron.db.ovn_revision_numbers_db [None req-b6eebd9b-8454-4aeb-a96d-6b4e433c7e87 403c861a68fa4d29b7a03bd97f863667 11d5b78ddac64b9aac04041d6853d349 - - default default] Successfully bumped revision number for resource a80e105e-76ae-48f2-aa0b-61ab3d13b910 (type: security_group_rules) to 0
2026-05-09 18:01:09.291 9 INFO neutron.wsgi [None req-7cce9187-0517-4aa8-97ce-e2ee5ef5e324 fe001d0e5b044e748f942f3cd27a24e5 f178ab8ecba24886a30d53490278626e - - default default] 10.0.0.188 "PUT /v2.0/floatingips/4ea186eb-60b8-4c7b-ad1c-94e419339cc0/tags HTTP/1.1" status: 200 len: 218 time: 0.0779154
2026-05-09 18:01:09.324 9 INFO neutron.db.ovn_revision_numbers_db [None req-b6eebd9b-8454-4aeb-a96d-6b4e433c7e87 403c861a68fa4d29b7a03bd97f863667 11d5b78ddac64b9aac04041d6853d349 - - default default] Successfully bumped revision number for resource dc619dea-f913-4e0c-95a0-65fd384cff57 (type: security_group_rules) to 0
2026-05-09 18:01:09.341 10 INFO neutron.wsgi [None req-ae2b8b1e-ca4a-4798-bb1f-116ad3cd7082 fe001d0e5b044e748f942f3cd27a24e5 f178ab8ecba24886a30d53490278626e - - default default] 10.0.0.188 "PUT /v2.0/floatingips/85831c14-7084-4246-948e-686ccbd71740/tags HTTP/1.1" status: 200 len: 227 time: 0.0432439
2026-05-09 18:01:09.341 9 INFO neutron.db.ovn_revision_numbers_db [None req-b6eebd9b-8454-4aeb-a96d-6b4e433c7e87 403c861a68fa4d29b7a03bd97f863667 11d5b78ddac64b9aac04041d6853d349 - - default default] Successfully bumped revision number for resource f11bfc35-3377-4d40-9532-ea480f52fe1d (type: security_group_rules) to 0
2026-05-09 18:01:09.362 9 INFO neutron.wsgi [None req-b6eebd9b-8454-4aeb-a96d-6b4e433c7e87 403c861a68fa4d29b7a03bd97f863667 11d5b78ddac64b9aac04041d6853d349 - - default default] 10.0.0.188 "GET /v2.0/security-groups?tenant_id=fb9963427ab048799f407cb4c2c9127a&name=default HTTP/1.1" status: 200 len: 2996 time: 0.2824652
2026-05-09 18:01:09.381 10 INFO neutron.wsgi [None req-a981273b-2a15-4a9d-923c-7e0edefb089e fe001d0e5b044e748f942f3cd27a24e5 f178ab8ecba24886a30d53490278626e - - default default] 10.0.0.188 "PUT /v2.0/floatingips/42bc6fc3-896e-44e0-b2e4-0670bc26ac68/tags HTTP/1.1" status: 200 len: 212 time: 0.0331562
2026-05-09 18:01:09.425 10 INFO neutron.wsgi [None req-86d7ee97-0e4a-4306-94ef-866e86233319 fe001d0e5b044e748f942f3cd27a24e5 f178ab8ecba24886a30d53490278626e - - default default] 10.0.0.188 "GET /v2.0/floatingips?tags=red HTTP/1.1" status: 200 len: 1866 time: 0.0388694
2026-05-09 18:01:09.459 9 WARNING neutron.scheduler.dhcp_agent_scheduler [None req-cfc1b66c-3a90-43aa-93ca-23ea69d3e1c5 1043ac2ff912400393987b1e118b63d4 ad14c6f6d5b94eaabedb21e90b9a46b8 - - default default] No more DHCP agents
2026-05-09 18:01:09.462 9 WARNING neutron.api.rpc.agentnotifiers.dhcp_rpc_agent_api [None req-cfc1b66c-3a90-43aa-93ca-23ea69d3e1c5 1043ac2ff912400393987b1e118b63d4 ad14c6f6d5b94eaabedb21e90b9a46b8 - - default default] Unable to schedule network b68b8846-43e1-4f3f-bc2b-bedf11207c1d: no agents available; will retry on subsequent port and subnet creation events.
2026-05-09 18:01:09.466 10 INFO neutron.wsgi [None req-b6e4ecea-fc67-44fc-ab68-f337d2fe88be fe001d0e5b044e748f942f3cd27a24e5 f178ab8ecba24886a30d53490278626e - - default default] 10.0.0.188 "GET /v2.0/floatingips?tags=red%2Cblue HTTP/1.1" status: 200 len: 1323 time: 0.0366802
2026-05-09 18:01:09.520 10 INFO neutron.wsgi [None req-659aab51-dc45-489c-a5cc-2f31362a4738 fe001d0e5b044e748f942f3cd27a24e5 f178ab8ecba24886a30d53490278626e - - default default] 10.0.0.188 "GET /v2.0/floatingips?tags-any=blue HTTP/1.1" status: 200 len: 1323 time: 0.0378387
2026-05-09 18:01:09.554 10 INFO neutron.wsgi [None req-17fd84a9-9982-44ad-b348-bbbcaa141c2f fe001d0e5b044e748f942f3cd27a24e5 f178ab8ecba24886a30d53490278626e - - default default] 10.0.0.188 "GET /v2.0/floatingips?tags-any=red%2Cblue HTTP/1.1" status: 200 len: 1866 time: 0.0280170
2026-05-09 18:01:09.599 10 INFO neutron.wsgi [None req-44998cdc-8f61-4c1b-9ce3-339e5b8dbc09 fe001d0e5b044e748f942f3cd27a24e5 f178ab8ecba24886a30d53490278626e - - default default] 10.0.0.188 "GET /v2.0/floatingips?not-tags=red HTTP/1.1" status: 200 len: 1295 time: 0.0404515
2026-05-09 18:01:09.629 9 INFO neutron.wsgi [None req-32e905d1-05a9-4ec6-bc36-cd3bdc12f96d 403c861a68fa4d29b7a03bd97f863667 11d5b78ddac64b9aac04041d6853d349 - - default default] 10.0.0.188 "DELETE /v2.0/security-groups/cab33464-a8da-4fe3-9f7d-7421e173de74 HTTP/1.1" status: 204 len: 168 time: 0.2616594
2026-05-09 18:01:09.645 10 INFO neutron.wsgi [None req-1f218695-0d78-4241-88ec-b66d6a4a9537 fe001d0e5b044e748f942f3cd27a24e5 f178ab8ecba24886a30d53490278626e - - default default] 10.0.0.188 "GET /v2.0/floatingips?not-tags=red%2Cblue HTTP/1.1" status: 200 len: 1838 time: 0.0407882
2026-05-09 18:01:09.690 10 INFO neutron.wsgi [None req-d217e611-ed05-4a23-a236-e3c8458bd354 fe001d0e5b044e748f942f3cd27a24e5 f178ab8ecba24886a30d53490278626e - - default default] 10.0.0.188 "GET /v2.0/floatingips?not-tags-any=blue HTTP/1.1" status: 200 len: 1838 time: 0.0407221
2026-05-09 18:01:09.721 10 INFO neutron.wsgi [None req-05fbb7d2-e662-4927-a4a7-9256a972525e fe001d0e5b044e748f942f3cd27a24e5 f178ab8ecba24886a30d53490278626e - - default default] 10.0.0.188 "GET /v2.0/floatingips?not-tags-any=red%2Cblue HTTP/1.1" status: 200 len: 1295 time: 0.0260139
2026-05-09 18:01:09.928 9 INFO neutron.db.ovn_revision_numbers_db [None req-cfc1b66c-3a90-43aa-93ca-23ea69d3e1c5 1043ac2ff912400393987b1e118b63d4 ad14c6f6d5b94eaabedb21e90b9a46b8 - - default default] Successfully bumped revision number for resource 4aa28468-5055-4530-a5ce-0fe63f8e7ea9 (type: ports) to 2
2026-05-09 18:01:09.961 9 INFO neutron.db.ovn_revision_numbers_db [None req-cfc1b66c-3a90-43aa-93ca-23ea69d3e1c5 1043ac2ff912400393987b1e118b63d4 ad14c6f6d5b94eaabedb21e90b9a46b8 - - default default] Successfully bumped revision number for resource 2123e833-1024-487e-b6a4-c1890f642f45 (type: subnets) to 0
2026-05-09 18:01:09.988 9 INFO neutron.wsgi [None req-cfc1b66c-3a90-43aa-93ca-23ea69d3e1c5 1043ac2ff912400393987b1e118b63d4 ad14c6f6d5b94eaabedb21e90b9a46b8 - - default default] 10.0.0.188 "POST /v2.0/subnets HTTP/1.1" status: 201 len: 801 time: 0.8343458
2026-05-09 18:01:09.995 9 WARNING neutron_lib.context [None req-ed95ef66-e034-4f71-82a0-ca0529169b45 1043ac2ff912400393987b1e118b63d4 ad14c6f6d5b94eaabedb21e90b9a46b8 - - default default] Method 'is_advsvc' is deprecated since 2023.2 release (neutron-lib 3.8.0) and will be removed once support for the old RBAC API policies will be removed from Neutron. Please use method 'is_service_role' instead.
2026-05-09 18:01:10.046 10 INFO neutron.wsgi [None req-c034b8ea-f2f5-4183-8f43-6fbfd829cb72 fe001d0e5b044e748f942f3cd27a24e5 f178ab8ecba24886a30d53490278626e - - default default] 10.0.0.188 "DELETE /v2.0/floatingips/ae52c6db-da94-47a1-b0cb-1023f8c99376 HTTP/1.1" status: 204 len: 168 time: 0.3187926
2026-05-09 18:01:10.161 9 INFO neutron.db.ovn_revision_numbers_db [None req-ed95ef66-e034-4f71-82a0-ca0529169b45 1043ac2ff912400393987b1e118b63d4 ad14c6f6d5b94eaabedb21e90b9a46b8 - - default default] Successfully bumped revision number for resource a1940f9f-9742-42ba-a8ae-2c775b5b9c9f (type: routers) to 1
2026-05-09 18:01:10.175 9 INFO neutron.wsgi [None req-ed95ef66-e034-4f71-82a0-ca0529169b45 1043ac2ff912400393987b1e118b63d4 ad14c6f6d5b94eaabedb21e90b9a46b8 - - default default] 10.0.0.188 "POST /v2.0/routers HTTP/1.1" status: 201 len: 686 time: 0.1841204
2026-05-09 18:01:10.374 10 INFO neutron.wsgi [None req-5418e70a-4c27-47b0-a568-f47068513d7e fe001d0e5b044e748f942f3cd27a24e5 f178ab8ecba24886a30d53490278626e - - default default] 10.0.0.188 "DELETE /v2.0/floatingips/4ea186eb-60b8-4c7b-ad1c-94e419339cc0 HTTP/1.1" status: 204 len: 168 time: 0.3230717
2026-05-09 18:01:10.602 9 WARNING neutron.scheduler.dhcp_agent_scheduler [None req-dd41974b-8447-489e-a4da-1b8ccd6b66b6 1043ac2ff912400393987b1e118b63d4 ad14c6f6d5b94eaabedb21e90b9a46b8 - - default default] No more DHCP agents
2026-05-09 18:01:10.605 9 WARNING neutron.api.rpc.agentnotifiers.dhcp_rpc_agent_api [None req-dd41974b-8447-489e-a4da-1b8ccd6b66b6 1043ac2ff912400393987b1e118b63d4 ad14c6f6d5b94eaabedb21e90b9a46b8 - - default default] Unable to schedule network 31cef99c-0246-4e17-a97d-09a1df69dd83: no agents available; will retry on subsequent port and subnet creation events.
2026-05-09 18:01:10.721 10 INFO neutron.wsgi [None req-f15ea609-df05-4acb-a2ca-03eeda50658d fe001d0e5b044e748f942f3cd27a24e5 f178ab8ecba24886a30d53490278626e - - default default] 10.0.0.188 "DELETE /v2.0/floatingips/85831c14-7084-4246-948e-686ccbd71740 HTTP/1.1" status: 204 len: 168 time: 0.3405707
2026-05-09 18:01:10.800 9 INFO neutron.db.ovn_revision_numbers_db [None req-dd41974b-8447-489e-a4da-1b8ccd6b66b6 1043ac2ff912400393987b1e118b63d4 ad14c6f6d5b94eaabedb21e90b9a46b8 - - default default] Successfully bumped revision number for resource fc595946-820e-4955-bec1-7e653e049dcd (type: ports) to 1
2026-05-09 18:01:11.103 10 INFO neutron.wsgi [None req-a84958a8-bcd3-4564-82f1-21d83734a569 fe001d0e5b044e748f942f3cd27a24e5 f178ab8ecba24886a30d53490278626e - - default default] 10.0.0.188 "DELETE /v2.0/floatingips/42bc6fc3-896e-44e0-b2e4-0670bc26ac68 HTTP/1.1" status: 204 len: 168 time: 0.3773515
2026-05-09 18:01:11.144 10 INFO neutron.plugins.ml2.drivers.ovn.mech_driver.mech_driver [None req-11c9bff3-0817-4aeb-b6dd-74b63f19327f - - - - - -] OVN reports status up for port: fc595946-820e-4955-bec1-7e653e049dcd
2026-05-09 18:01:11.157 10 INFO neutron.plugins.ml2.plugin [None req-11c9bff3-0817-4aeb-b6dd-74b63f19327f - - - - - -] Attempt 1 to provision port fc595946-820e-4955-bec1-7e653e049dcd
2026-05-09 18:01:11.159 9 INFO neutron.db.ovn_revision_numbers_db [None req-dd41974b-8447-489e-a4da-1b8ccd6b66b6 1043ac2ff912400393987b1e118b63d4 ad14c6f6d5b94eaabedb21e90b9a46b8 - - default default] Successfully bumped revision number for resource fc595946-820e-4955-bec1-7e653e049dcd (type: router_ports) to 1
2026-05-09 18:01:11.311 9 INFO neutron.db.ovn_revision_numbers_db [None req-dd41974b-8447-489e-a4da-1b8ccd6b66b6 1043ac2ff912400393987b1e118b63d4 ad14c6f6d5b94eaabedb21e90b9a46b8 - - default default] Successfully bumped revision number for resource fc595946-820e-4955-bec1-7e653e049dcd (type: ports) to 1
2026-05-09 18:01:11.365 9 WARNING neutron.scheduler.dhcp_agent_scheduler [None req-dd41974b-8447-489e-a4da-1b8ccd6b66b6 1043ac2ff912400393987b1e118b63d4 ad14c6f6d5b94eaabedb21e90b9a46b8 - - default default] No more DHCP agents
2026-05-09 18:01:11.366 9 WARNING neutron.api.rpc.agentnotifiers.dhcp_rpc_agent_api [None req-dd41974b-8447-489e-a4da-1b8ccd6b66b6 1043ac2ff912400393987b1e118b63d4 ad14c6f6d5b94eaabedb21e90b9a46b8 - - default default] Unable to schedule network 31cef99c-0246-4e17-a97d-09a1df69dd83: no agents available; will retry on subsequent port and subnet creation events.
2026-05-09 18:01:11.500 9 INFO neutron.db.ovn_revision_numbers_db [None req-dd41974b-8447-489e-a4da-1b8ccd6b66b6 1043ac2ff912400393987b1e118b63d4 ad14c6f6d5b94eaabedb21e90b9a46b8 - - default default] Successfully bumped revision number for resource fc595946-820e-4955-bec1-7e653e049dcd (type: router_ports) to 2
2026-05-09 18:01:11.502 9 INFO neutron.wsgi [None req-dd41974b-8447-489e-a4da-1b8ccd6b66b6 1043ac2ff912400393987b1e118b63d4 ad14c6f6d5b94eaabedb21e90b9a46b8 - - default default] 10.0.0.188 "PUT /v2.0/routers/a1940f9f-9742-42ba-a8ae-2c775b5b9c9f/add_router_interface HTTP/1.1" status: 200 len: 503 time: 1.3222482
2026-05-09 18:01:11.538 10 INFO neutron.wsgi [None req-9e286da9-514d-4d43-9271-7a5f17cd83b2 fe001d0e5b044e748f942f3cd27a24e5 f178ab8ecba24886a30d53490278626e - - default default] 10.0.0.188 "DELETE /v2.0/floatingips/7ed42657-2d05-4642-910a-0e74ec19e7c5 HTTP/1.1" status: 204 len: 168 time: 0.4297345
2026-05-09 18:01:11.539 10 INFO neutron.db.ovn_revision_numbers_db [None req-11c9bff3-0817-4aeb-b6dd-74b63f19327f - - - - - -] Successfully bumped revision number for resource fc595946-820e-4955-bec1-7e653e049dcd (type: ports) to 2
2026-05-09 18:01:11.586 9 INFO neutron.wsgi [None req-d8d9df34-bac1-4131-bc25-c8a78b9d5c6c 1043ac2ff912400393987b1e118b63d4 ad14c6f6d5b94eaabedb21e90b9a46b8 - - default default] 10.0.0.188 "GET /v2.0/ports/fc595946-820e-4955-bec1-7e653e049dcd HTTP/1.1" status: 200 len: 1137 time: 0.0786061
2026-05-09 18:01:11.603 10 INFO neutron.db.ovn_revision_numbers_db [None req-11c9bff3-0817-4aeb-b6dd-74b63f19327f - - - - - -] Successfully bumped revision number for resource fc595946-820e-4955-bec1-7e653e049dcd (type: router_ports) to 2
2026-05-09 18:01:12.267 9 WARNING neutron.scheduler.dhcp_agent_scheduler [None req-376a37e3-5ed8-4b85-a4ff-bdc2b8d3b42d 1043ac2ff912400393987b1e118b63d4 ad14c6f6d5b94eaabedb21e90b9a46b8 - - default default] No more DHCP agents
2026-05-09 18:01:12.268 9 WARNING neutron.api.rpc.agentnotifiers.dhcp_rpc_agent_api [None req-376a37e3-5ed8-4b85-a4ff-bdc2b8d3b42d 1043ac2ff912400393987b1e118b63d4 ad14c6f6d5b94eaabedb21e90b9a46b8 - - default default] Unable to schedule network b68b8846-43e1-4f3f-bc2b-bedf11207c1d: no agents available; will retry on subsequent port and subnet creation events.
2026-05-09 18:01:12.416 9 INFO neutron.db.ovn_revision_numbers_db [None req-376a37e3-5ed8-4b85-a4ff-bdc2b8d3b42d 1043ac2ff912400393987b1e118b63d4 ad14c6f6d5b94eaabedb21e90b9a46b8 - - default default] Successfully bumped revision number for resource 9bd53a5b-9175-4037-a06f-300423d5f940 (type: ports) to 1
2026-05-09 18:01:12.799 10 INFO neutron.db.ovn_revision_numbers_db [None req-12c81e80-ac78-4408-a159-d8d3affd0490 403c861a68fa4d29b7a03bd97f863667 11d5b78ddac64b9aac04041d6853d349 - - default default] Successfully bumped revision number for resource 8b17fbdf-e62b-4100-83e8-7ed0d7caf2cf (type: security_groups) to 1
2026-05-09 18:01:12.833 10 INFO neutron.db.ovn_revision_numbers_db [None req-12c81e80-ac78-4408-a159-d8d3affd0490 403c861a68fa4d29b7a03bd97f863667 11d5b78ddac64b9aac04041d6853d349 - - default default] Successfully bumped revision number for resource 102cda10-82d3-4b93-911a-fc66746c9a1e (type: security_group_rules) to 0
2026-05-09 18:01:12.856 10 INFO neutron.db.ovn_revision_numbers_db [None req-12c81e80-ac78-4408-a159-d8d3affd0490 403c861a68fa4d29b7a03bd97f863667 11d5b78ddac64b9aac04041d6853d349 - - default default] Successfully bumped revision number for resource 2ed4a782-8d38-4dff-8849-c9491f93106e (type: security_group_rules) to 0
2026-05-09 18:01:12.875 10 INFO neutron.db.ovn_revision_numbers_db [None req-12c81e80-ac78-4408-a159-d8d3affd0490 403c861a68fa4d29b7a03bd97f863667 11d5b78ddac64b9aac04041d6853d349 - - default default] Successfully bumped revision number for resource 64290207-04cb-4c93-a14d-ba4ff75009cd (type: security_group_rules) to 0
2026-05-09 18:01:12.876 9 INFO neutron.db.ovn_revision_numbers_db [None req-376a37e3-5ed8-4b85-a4ff-bdc2b8d3b42d 1043ac2ff912400393987b1e118b63d4 ad14c6f6d5b94eaabedb21e90b9a46b8 - - default default] Successfully bumped revision number for resource 9bd53a5b-9175-4037-a06f-300423d5f940 (type: router_ports) to 1
2026-05-09 18:01:12.891 10 INFO neutron.db.ovn_revision_numbers_db [None req-12c81e80-ac78-4408-a159-d8d3affd0490 403c861a68fa4d29b7a03bd97f863667 11d5b78ddac64b9aac04041d6853d349 - - default default] Successfully bumped revision number for resource 80ee3592-0db3-420f-8432-9b4166b1d1f0 (type: security_group_rules) to 0
2026-05-09 18:01:12.915 10 INFO neutron.wsgi [None req-12c81e80-ac78-4408-a159-d8d3affd0490 403c861a68fa4d29b7a03bd97f863667 11d5b78ddac64b9aac04041d6853d349 - - default default] 10.0.0.188 "GET /v2.0/security-groups?tenant_id=c72abf3ac0fd4b56ab1940295cfd936a&name=default HTTP/1.1" status: 200 len: 2996 time: 0.4397988
2026-05-09 18:01:13.034 9 INFO neutron.db.ovn_revision_numbers_db [None req-376a37e3-5ed8-4b85-a4ff-bdc2b8d3b42d 1043ac2ff912400393987b1e118b63d4 ad14c6f6d5b94eaabedb21e90b9a46b8 - - default default] Successfully bumped revision number for resource 9bd53a5b-9175-4037-a06f-300423d5f940 (type: ports) to 1
2026-05-09 18:01:13.099 9 WARNING neutron.scheduler.dhcp_agent_scheduler [None req-376a37e3-5ed8-4b85-a4ff-bdc2b8d3b42d 1043ac2ff912400393987b1e118b63d4 ad14c6f6d5b94eaabedb21e90b9a46b8 - - default default] No more DHCP agents
2026-05-09 18:01:13.100 9 WARNING neutron.api.rpc.agentnotifiers.dhcp_rpc_agent_api [None req-376a37e3-5ed8-4b85-a4ff-bdc2b8d3b42d 1043ac2ff912400393987b1e118b63d4 ad14c6f6d5b94eaabedb21e90b9a46b8 - - default default] Unable to schedule network b68b8846-43e1-4f3f-bc2b-bedf11207c1d: no agents available; will retry on subsequent port and subnet creation events.
2026-05-09 18:01:13.167 10 INFO neutron.wsgi [None req-ef50688e-f3af-4a34-94d5-56c9486ad077 403c861a68fa4d29b7a03bd97f863667 11d5b78ddac64b9aac04041d6853d349 - - default default] 10.0.0.188 "DELETE /v2.0/security-groups/8b17fbdf-e62b-4100-83e8-7ed0d7caf2cf HTTP/1.1" status: 204 len: 168 time: 0.2465069
2026-05-09 18:01:13.249 9 INFO neutron.db.ovn_revision_numbers_db [None req-376a37e3-5ed8-4b85-a4ff-bdc2b8d3b42d 1043ac2ff912400393987b1e118b63d4 ad14c6f6d5b94eaabedb21e90b9a46b8 - - default default] Successfully bumped revision number for resource 9bd53a5b-9175-4037-a06f-300423d5f940 (type: router_ports) to 1
2026-05-09 18:01:13.252 9 INFO neutron.wsgi [None req-376a37e3-5ed8-4b85-a4ff-bdc2b8d3b42d 1043ac2ff912400393987b1e118b63d4 ad14c6f6d5b94eaabedb21e90b9a46b8 - - default default] 10.0.0.188 "PUT /v2.0/routers/a1940f9f-9742-42ba-a8ae-2c775b5b9c9f/add_router_interface HTTP/1.1" status: 200 len: 503 time: 1.6613994
2026-05-09 18:01:13.307 9 INFO neutron.wsgi [None req-9d51563c-8a90-46ab-a7a7-bfe035494271 1043ac2ff912400393987b1e118b63d4 ad14c6f6d5b94eaabedb21e90b9a46b8 - - default default] 10.0.0.188 "GET /v2.0/ports/9bd53a5b-9175-4037-a06f-300423d5f940 HTTP/1.1" status: 200 len: 1135 time: 0.0494118
2026-05-09 18:01:13.402 10 INFO neutron.wsgi [None req-ae9fa306-11b9-478b-97c7-cfb1343350ca 1043ac2ff912400393987b1e118b63d4 ad14c6f6d5b94eaabedb21e90b9a46b8 - - default default] 10.0.0.188 "GET /v2.0/ports/9bd53a5b-9175-4037-a06f-300423d5f940 HTTP/1.1" status: 200 len: 1135 time: 0.0906954
2026-05-09 18:01:13.441 9 INFO neutron.wsgi [-] 10.0.0.111 "GET / HTTP/1.1" status: 200 len: 247 time: 0.0015979
2026-05-09 18:01:13.443 9 INFO neutron.wsgi [-] 10.0.0.111 "GET / HTTP/1.1" status: 200 len: 247 time: 0.0011964
2026-05-09 18:01:13.485 9 INFO neutron.db.ovn_revision_numbers_db [None req-be659194-93f9-4c39-9a5b-40017ccc378b 403c861a68fa4d29b7a03bd97f863667 11d5b78ddac64b9aac04041d6853d349 - - default default] Successfully bumped revision number for resource cbeff9f1-6cfd-4208-a07a-91f18e42e595 (type: security_groups) to 1
2026-05-09 18:01:13.502 9 INFO neutron.db.ovn_revision_numbers_db [None req-be659194-93f9-4c39-9a5b-40017ccc378b 403c861a68fa4d29b7a03bd97f863667 11d5b78ddac64b9aac04041d6853d349 - - default default] Successfully bumped revision number for resource 21062137-f6a1-413a-a47c-9d6a1836b8b6 (type: security_group_rules) to 0
2026-05-09 18:01:13.514 9 INFO neutron.db.ovn_revision_numbers_db [None req-be659194-93f9-4c39-9a5b-40017ccc378b 403c861a68fa4d29b7a03bd97f863667 11d5b78ddac64b9aac04041d6853d349 - - default default] Successfully bumped revision number for resource 52245b04-c0db-4e6a-b45b-de4b41778ee6 (type: security_group_rules) to 0
2026-05-09 18:01:13.528 9 INFO neutron.db.ovn_revision_numbers_db [None req-be659194-93f9-4c39-9a5b-40017ccc378b 403c861a68fa4d29b7a03bd97f863667 11d5b78ddac64b9aac04041d6853d349 - - default default] Successfully bumped revision number for resource 8cf20e3f-42a0-4b5a-991b-a3dcaaaba350 (type: security_group_rules) to 0
2026-05-09 18:01:13.541 9 INFO neutron.db.ovn_revision_numbers_db [None req-be659194-93f9-4c39-9a5b-40017ccc378b 403c861a68fa4d29b7a03bd97f863667 11d5b78ddac64b9aac04041d6853d349 - - default default] Successfully bumped revision number for resource d2e9ae24-1600-49e1-9375-ee9f9e808c11 (type: security_group_rules) to 0
2026-05-09 18:01:13.564 9 INFO neutron.wsgi [None req-be659194-93f9-4c39-9a5b-40017ccc378b 403c861a68fa4d29b7a03bd97f863667 11d5b78ddac64b9aac04041d6853d349 - - default default] 10.0.0.188 "GET /v2.0/security-groups?tenant_id=0ee8c877e81d4c5ea25627993e7f0e13&name=default HTTP/1.1" status: 200 len: 2996 time: 0.2009394
2026-05-09 18:01:13.733 9 INFO neutron.wsgi [None req-5d7a4d18-8ec3-425a-9bd9-797c64cfdbd4 403c861a68fa4d29b7a03bd97f863667 11d5b78ddac64b9aac04041d6853d349 - - default default] 10.0.0.188 "DELETE /v2.0/security-groups/cbeff9f1-6cfd-4208-a07a-91f18e42e595 HTTP/1.1" status: 204 len: 168 time: 0.1648259
2026-05-09 18:01:14.021 10 INFO neutron.db.ovn_revision_numbers_db [None req-4af34fa9-fc86-4913-a581-070a3260de7e 403c861a68fa4d29b7a03bd97f863667 11d5b78ddac64b9aac04041d6853d349 - - default default] Successfully bumped revision number for resource 24f7fee2-3740-4130-a04f-4fc31ba28318 (type: security_groups) to 1
2026-05-09 18:01:14.034 10 INFO neutron.db.ovn_revision_numbers_db [None req-4af34fa9-fc86-4913-a581-070a3260de7e 403c861a68fa4d29b7a03bd97f863667 11d5b78ddac64b9aac04041d6853d349 - - default default] Successfully bumped revision number for resource 75b95741-77eb-4a7a-90db-90b3b8b2ffe1 (type: security_group_rules) to 0
2026-05-09 18:01:14.049 10 INFO neutron.db.ovn_revision_numbers_db [None req-4af34fa9-fc86-4913-a581-070a3260de7e 403c861a68fa4d29b7a03bd97f863667 11d5b78ddac64b9aac04041d6853d349 - - default default] Successfully bumped revision number for resource a2ed05a2-b1d7-4791-aa49-c289fce97667 (type: security_group_rules) to 0
2026-05-09 18:01:14.065 10 INFO neutron.db.ovn_revision_numbers_db [None req-4af34fa9-fc86-4913-a581-070a3260de7e 403c861a68fa4d29b7a03bd97f863667 11d5b78ddac64b9aac04041d6853d349 - - default default] Successfully bumped revision number for resource be84c90a-421f-4f02-b972-cb16e33c8f5a (type: security_group_rules) to 0
2026-05-09 18:01:14.078 10 INFO neutron.db.ovn_revision_numbers_db [None req-4af34fa9-fc86-4913-a581-070a3260de7e 403c861a68fa4d29b7a03bd97f863667 11d5b78ddac64b9aac04041d6853d349 - - default default] Successfully bumped revision number for resource d787dbf2-e0c7-4fbc-9d6e-881629648ebd (type: security_group_rules) to 0
2026-05-09 18:01:14.100 10 INFO neutron.wsgi [None req-4af34fa9-fc86-4913-a581-070a3260de7e 403c861a68fa4d29b7a03bd97f863667 11d5b78ddac64b9aac04041d6853d349 - - default default] 10.0.0.188 "GET /v2.0/security-groups?tenant_id=f178ab8ecba24886a30d53490278626e&name=default HTTP/1.1" status: 200 len: 2996 time: 0.1666608
2026-05-09 18:01:14.283 9 INFO neutron.wsgi [None req-29c50a27-98d4-4510-a0b5-3afb1ead9e5b 403c861a68fa4d29b7a03bd97f863667 11d5b78ddac64b9aac04041d6853d349 - - default default] 10.0.0.188 "DELETE /v2.0/security-groups/24f7fee2-3740-4130-a04f-4fc31ba28318 HTTP/1.1" status: 204 len: 168 time: 0.1767688
2026-05-09 18:01:14.447 10 INFO neutron.wsgi [None req-bcb2456b-89e3-45f0-9fc7-479915c55c96 1043ac2ff912400393987b1e118b63d4 ad14c6f6d5b94eaabedb21e90b9a46b8 - - default default] 10.0.0.188 "GET /v2.0/ports/9bd53a5b-9175-4037-a06f-300423d5f940 HTTP/1.1" status: 200 len: 1135 time: 0.0387163
2026-05-09 18:01:15.489 10 INFO neutron.wsgi [None req-ab023910-c8da-425f-9ed2-489286921517 1043ac2ff912400393987b1e118b63d4 ad14c6f6d5b94eaabedb21e90b9a46b8 - - default default] 10.0.0.188 "GET /v2.0/ports/9bd53a5b-9175-4037-a06f-300423d5f940 HTTP/1.1" status: 200 len: 1135 time: 0.0377467
2026-05-09 18:01:16.538 10 INFO neutron.wsgi [None req-8b89ff16-b56a-48a3-986c-6ab531082035 1043ac2ff912400393987b1e118b63d4 ad14c6f6d5b94eaabedb21e90b9a46b8 - - default default] 10.0.0.188 "GET /v2.0/ports/9bd53a5b-9175-4037-a06f-300423d5f940 HTTP/1.1" status: 200 len: 1135 time: 0.0430031
2026-05-09 18:01:16.872 10 WARNING neutron.plugins.ml2.drivers.ovn.mech_driver.ovsdb.ovn_client [None req-11c9bff3-0817-4aeb-b6dd-74b63f19327f - - - - - -] No hosting information found for port fc595946-820e-4955-bec1-7e653e049dcd: RuntimeError: No hosting information found for port fc595946-820e-4955-bec1-7e653e049dcd
2026-05-09 18:01:16.873 10 INFO neutron.plugins.ml2.drivers.ovn.mech_driver.mech_driver [None req-11c9bff3-0817-4aeb-b6dd-74b63f19327f - - - - - -] OVN reports status up for port: 9bd53a5b-9175-4037-a06f-300423d5f940
2026-05-09 18:01:16.879 10 INFO neutron.plugins.ml2.plugin [None req-11c9bff3-0817-4aeb-b6dd-74b63f19327f - - - - - -] Attempt 1 to provision port 9bd53a5b-9175-4037-a06f-300423d5f940
2026-05-09 18:01:17.043 10 INFO neutron.db.ovn_revision_numbers_db [None req-1767b223-53dc-4e8c-b9f0-53c3e941978e 403c861a68fa4d29b7a03bd97f863667 11d5b78ddac64b9aac04041d6853d349 - - default default] Successfully bumped revision number for resource 35de4c3b-fc42-4602-beb1-c02d8007e0f7 (type: security_groups) to 1
2026-05-09 18:01:17.059 10 INFO neutron.db.ovn_revision_numbers_db [None req-1767b223-53dc-4e8c-b9f0-53c3e941978e 403c861a68fa4d29b7a03bd97f863667 11d5b78ddac64b9aac04041d6853d349 - - default default] Successfully bumped revision number for resource 382b7316-9f18-4029-b667-ee85bac4fefb (type: security_group_rules) to 0
2026-05-09 18:01:17.076 10 INFO neutron.db.ovn_revision_numbers_db [None req-1767b223-53dc-4e8c-b9f0-53c3e941978e 403c861a68fa4d29b7a03bd97f863667 11d5b78ddac64b9aac04041d6853d349 - - default default] Successfully bumped revision number for resource 3c7e11ef-a992-4b92-85e5-ed023c528d61 (type: security_group_rules) to 0
2026-05-09 18:01:17.097 10 INFO neutron.db.ovn_revision_numbers_db [None req-1767b223-53dc-4e8c-b9f0-53c3e941978e 403c861a68fa4d29b7a03bd97f863667 11d5b78ddac64b9aac04041d6853d349 - - default default] Successfully bumped revision number for resource b79ef4de-01ff-4356-9b82-42ac5bd05836 (type: security_group_rules) to 0
2026-05-09 18:01:17.120 10 INFO neutron.db.ovn_revision_numbers_db [None req-1767b223-53dc-4e8c-b9f0-53c3e941978e 403c861a68fa4d29b7a03bd97f863667 11d5b78ddac64b9aac04041d6853d349 - - default default] Successfully bumped revision number for resource f5304989-6747-4a5b-82f8-d000ac630b44 (type: security_group_rules) to 0
2026-05-09 18:01:17.151 10 INFO neutron.wsgi [None req-1767b223-53dc-4e8c-b9f0-53c3e941978e 403c861a68fa4d29b7a03bd97f863667 11d5b78ddac64b9aac04041d6853d349 - - default default] 10.0.0.188 "GET /v2.0/security-groups?tenant_id=56232b09b93a4220bc3a6f3157e4544e&name=default HTTP/1.1" status: 200 len: 2996 time: 0.3544903
2026-05-09 18:01:17.206 10 INFO neutron.db.ovn_revision_numbers_db [None req-11c9bff3-0817-4aeb-b6dd-74b63f19327f - - - - - -] Successfully bumped revision number for resource 9bd53a5b-9175-4037-a06f-300423d5f940 (type: ports) to 2
2026-05-09 18:01:17.291 10 INFO neutron.db.ovn_revision_numbers_db [None req-11c9bff3-0817-4aeb-b6dd-74b63f19327f - - - - - -] Successfully bumped revision number for resource 9bd53a5b-9175-4037-a06f-300423d5f940 (type: router_ports) to 2
2026-05-09 18:01:17.394 10 INFO neutron.wsgi [None req-38a3edf0-982b-4e9f-ad96-3dfa86cbad0c 403c861a68fa4d29b7a03bd97f863667 11d5b78ddac64b9aac04041d6853d349 - - default default] 10.0.0.188 "DELETE /v2.0/security-groups/35de4c3b-fc42-4602-beb1-c02d8007e0f7 HTTP/1.1" status: 204 len: 168 time: 0.2381546
2026-05-09 18:01:17.634 9 INFO neutron.wsgi [None req-6d0e0593-5c77-46e1-8a40-efed8b56e101 1043ac2ff912400393987b1e118b63d4 ad14c6f6d5b94eaabedb21e90b9a46b8 - - default default] 10.0.0.188 "GET /v2.0/ports/9bd53a5b-9175-4037-a06f-300423d5f940 HTTP/1.1" status: 200 len: 1137 time: 0.0887518
2026-05-09 18:01:17.720 9 INFO neutron.db.ovn_revision_numbers_db [None req-602e3b23-37f4-4a5c-a617-ee70edba53ba 403c861a68fa4d29b7a03bd97f863667 11d5b78ddac64b9aac04041d6853d349 - - default default] Successfully bumped revision number for resource fafcb12e-c8f2-4f6e-baea-9f0cf54c25e8 (type: security_groups) to 1
2026-05-09 18:01:17.734 9 INFO neutron.db.ovn_revision_numbers_db [None req-602e3b23-37f4-4a5c-a617-ee70edba53ba 403c861a68fa4d29b7a03bd97f863667 11d5b78ddac64b9aac04041d6853d349 - - default default] Successfully bumped revision number for resource 1e74da09-e8ff-49af-a87b-7887fbf2d84f (type: security_group_rules) to 0
2026-05-09 18:01:17.747 9 INFO neutron.db.ovn_revision_numbers_db [None req-602e3b23-37f4-4a5c-a617-ee70edba53ba 403c861a68fa4d29b7a03bd97f863667 11d5b78ddac64b9aac04041d6853d349 - - default default] Successfully bumped revision number for resource 58df8039-1a90-475f-83c2-d25918dea499 (type: security_group_rules) to 0
2026-05-09 18:01:17.760 9 INFO neutron.db.ovn_revision_numbers_db [None req-602e3b23-37f4-4a5c-a617-ee70edba53ba 403c861a68fa4d29b7a03bd97f863667 11d5b78ddac64b9aac04041d6853d349 - - default default] Successfully bumped revision number for resource 8b26a776-f4ab-4773-8308-c768a51a2bb7 (type: security_group_rules) to 0
2026-05-09 18:01:17.773 9 INFO neutron.db.ovn_revision_numbers_db [None req-602e3b23-37f4-4a5c-a617-ee70edba53ba 403c861a68fa4d29b7a03bd97f863667 11d5b78ddac64b9aac04041d6853d349 - - default default] Successfully bumped revision number for resource c8ff02e1-d996-429f-951f-d824ccc9b3db (type: security_group_rules) to 0
2026-05-09 18:01:17.801 9 INFO neutron.wsgi [None req-602e3b23-37f4-4a5c-a617-ee70edba53ba 403c861a68fa4d29b7a03bd97f863667 11d5b78ddac64b9aac04041d6853d349 - - default default] 10.0.0.188 "GET /v2.0/security-groups?tenant_id=0b01ec4200644c49a9357299836aa401&name=default HTTP/1.1" status: 200 len: 2996 time: 0.1804254
2026-05-09 18:01:18.296 10 INFO neutron.wsgi [None req-030db26b-fee7-49e8-8857-32c6cd444b7d 403c861a68fa4d29b7a03bd97f863667 11d5b78ddac64b9aac04041d6853d349 - - default default] 10.0.0.188 "DELETE /v2.0/security-groups/fafcb12e-c8f2-4f6e-baea-9f0cf54c25e8 HTTP/1.1" status: 204 len: 168 time: 0.4906504
2026-05-09 18:01:18.569 10 INFO neutron.wsgi [None req-96409dc0-6250-4696-8529-e422be89c12c 1043ac2ff912400393987b1e118b63d4 ad14c6f6d5b94eaabedb21e90b9a46b8 - - default default] 10.0.0.188 "PUT /v2.0/routers/a1940f9f-9742-42ba-a8ae-2c775b5b9c9f/remove_router_interface HTTP/1.1" status: 200 len: 503 time: 0.9307089 /var/lib/openstack/lib/python3.10/site-packages/pycadf/identifier.py:71: UserWarning: Invalid uuid: neutron. To ensure interoperability, identifiers should be a valid uuid. warnings.warn(('Invalid uuid: %s. To ensure interoperability, '
2026-05-09 18:01:18.666 10 INFO neutron.wsgi [None req-cb47a42e-32bf-4fdc-8565-3ac57b61777f 1043ac2ff912400393987b1e118b63d4 ad14c6f6d5b94eaabedb21e90b9a46b8 - - default default] 10.0.0.188 "GET /v2.0/ports/fc595946-820e-4955-bec1-7e653e049dcd HTTP/1.1" status: 200 len: 1137 time: 0.0906429
2026-05-09 18:01:18.998 10 WARNING neutron_lib.context [None req-5f12833a-0e9d-47b9-934c-a6da265849da 4eac549527244102b7fdb31391094963 aa8ec25bf1fc41e7b501c031c20482ca - - default default] Method 'is_advsvc' is deprecated since 2023.2 release (neutron-lib 3.8.0) and will be removed once support for the old RBAC API policies will be removed from Neutron. Please use method 'is_service_role' instead.
2026-05-09 18:01:19.193 10 INFO neutron.db.ovn_revision_numbers_db [None req-5f12833a-0e9d-47b9-934c-a6da265849da 4eac549527244102b7fdb31391094963 aa8ec25bf1fc41e7b501c031c20482ca - - default default] Successfully bumped revision number for resource b6f7b7ed-7767-4956-a2e8-d9c575f2bea0 (type: security_groups) to 1
2026-05-09 18:01:19.214 10 INFO neutron.db.ovn_revision_numbers_db [None req-5f12833a-0e9d-47b9-934c-a6da265849da 4eac549527244102b7fdb31391094963 aa8ec25bf1fc41e7b501c031c20482ca - - default default] Successfully bumped revision number for resource 8271fbe0-aca3-40ef-b2be-2cb1381d098a (type: security_group_rules) to 0
2026-05-09 18:01:19.231 10 INFO neutron.db.ovn_revision_numbers_db [None req-5f12833a-0e9d-47b9-934c-a6da265849da 4eac549527244102b7fdb31391094963 aa8ec25bf1fc41e7b501c031c20482ca - - default default] Successfully bumped revision number for resource 8eb33491-2f88-48bb-83bf-9eae43f09e5e (type: security_group_rules) to 0
2026-05-09 18:01:19.277 10 INFO neutron.db.ovn_revision_numbers_db [None req-5f12833a-0e9d-47b9-934c-a6da265849da 4eac549527244102b7fdb31391094963 aa8ec25bf1fc41e7b501c031c20482ca - - default default] Successfully bumped revision number for resource 944d55bd-81d7-427d-aa26-35690ecd8a9e (type: security_group_rules) to 0
2026-05-09 18:01:19.296 10 INFO neutron.db.ovn_revision_numbers_db [None req-5f12833a-0e9d-47b9-934c-a6da265849da 4eac549527244102b7fdb31391094963 aa8ec25bf1fc41e7b501c031c20482ca - - default default] Successfully bumped revision number for resource fb8609cd-57ad-44aa-863e-387f0544e457 (type: security_group_rules) to 0
2026-05-09 18:01:19.345 10 INFO neutron.db.segments_db [None req-5f12833a-0e9d-47b9-934c-a6da265849da 4eac549527244102b7fdb31391094963 aa8ec25bf1fc41e7b501c031c20482ca - - default default] Added segment b97b5771-820a-430d-9a5c-9fdd18917d31 of type geneve for network 2c4e7d7f-9abc-4be2-b0cc-5bb07b79b8c1
2026-05-09 18:01:19.389 10 INFO neutron.wsgi [None req-e4d3f954-2315-41f4-9c5d-afaee226378b 1043ac2ff912400393987b1e118b63d4 ad14c6f6d5b94eaabedb21e90b9a46b8 - - default default] 10.0.0.188 "PUT /v2.0/routers/a1940f9f-9742-42ba-a8ae-2c775b5b9c9f/remove_router_interface HTTP/1.1" status: 200 len: 503 time: 0.7177951 /var/lib/openstack/lib/python3.10/site-packages/pycadf/identifier.py:71: UserWarning: Invalid uuid: neutron. To ensure interoperability, identifiers should be a valid uuid. warnings.warn(('Invalid uuid: %s. To ensure interoperability, '
2026-05-09 18:01:19.420 10 INFO neutron.wsgi [None req-37b11972-def1-4bb7-8b13-a27305c3cb13 1043ac2ff912400393987b1e118b63d4 ad14c6f6d5b94eaabedb21e90b9a46b8 - - default default] 10.0.0.188 "GET /v2.0/ports?device_id=a1940f9f-9742-42ba-a8ae-2c775b5b9c9f HTTP/1.1" status: 200 len: 205 time: 0.0243640
2026-05-09 18:01:19.518 10 INFO neutron.db.ovn_revision_numbers_db [None req-5f12833a-0e9d-47b9-934c-a6da265849da 4eac549527244102b7fdb31391094963 aa8ec25bf1fc41e7b501c031c20482ca - - default default] Successfully bumped revision number for resource 2c4e7d7f-9abc-4be2-b0cc-5bb07b79b8c1 (type: networks) to 1
2026-05-09 18:01:19.692 10 WARNING neutron.scheduler.dhcp_agent_scheduler [None req-5f12833a-0e9d-47b9-934c-a6da265849da 4eac549527244102b7fdb31391094963 aa8ec25bf1fc41e7b501c031c20482ca - - default default] No more DHCP agents
2026-05-09 18:01:19.694 10 WARNING neutron.api.rpc.agentnotifiers.dhcp_rpc_agent_api [None req-5f12833a-0e9d-47b9-934c-a6da265849da 4eac549527244102b7fdb31391094963 aa8ec25bf1fc41e7b501c031c20482ca - - default default] Unable to schedule network 2c4e7d7f-9abc-4be2-b0cc-5bb07b79b8c1: no agents available; will retry on subsequent port and subnet creation events.
2026-05-09 18:01:19.708 9 INFO neutron.wsgi [None req-c27469eb-b026-4280-b46a-06366769a838 1043ac2ff912400393987b1e118b63d4 ad14c6f6d5b94eaabedb21e90b9a46b8 - - default default] 10.0.0.188 "DELETE /v2.0/routers/a1940f9f-9742-42ba-a8ae-2c775b5b9c9f HTTP/1.1" status: 204 len: 168 time: 0.2825630
2026-05-09 18:01:19.772 10 INFO neutron.db.ovn_revision_numbers_db [None req-5f12833a-0e9d-47b9-934c-a6da265849da 4eac549527244102b7fdb31391094963 aa8ec25bf1fc41e7b501c031c20482ca - - default default] Successfully bumped revision number for resource dae59a60-e9b1-4e12-9f7e-fdde764cfbfc (type: ports) to 1
2026-05-09 18:01:19.794 10 INFO neutron.wsgi [None req-5f12833a-0e9d-47b9-934c-a6da265849da 4eac549527244102b7fdb31391094963 aa8ec25bf1fc41e7b501c031c20482ca - - default default] 10.0.0.188 "POST /v2.0/networks HTTP/1.1" status: 201 len: 831 time: 0.9292619
2026-05-09 18:01:19.802 10 WARNING neutron_lib.context [None req-1d616b35-93f3-42ba-ab47-27d64e5815ad 4eac549527244102b7fdb31391094963 aa8ec25bf1fc41e7b501c031c20482ca - - default default] Method 'is_advsvc' is deprecated since 2023.2 release (neutron-lib 3.8.0) and will be removed once support for the old RBAC API policies will be removed from Neutron. Please use method 'is_service_role' instead.
2026-05-09 18:01:19.893 10 INFO neutron.db.segments_db [None req-1d616b35-93f3-42ba-ab47-27d64e5815ad 4eac549527244102b7fdb31391094963 aa8ec25bf1fc41e7b501c031c20482ca - - default default] Added segment 3b3d942c-d761-4815-8df2-13ff94711ea9 of type geneve for network 28b3bf7e-2f9b-4330-ac69-8ad90b241c10
2026-05-09 18:01:19.947 9 INFO neutron.wsgi [None req-2cb3add5-f0ae-40d5-994f-eec1fae167b5 1043ac2ff912400393987b1e118b63d4 ad14c6f6d5b94eaabedb21e90b9a46b8 - - default default] 10.0.0.188 "DELETE /v2.0/subnets/2123e833-1024-487e-b6a4-c1890f642f45 HTTP/1.1" status: 204 len: 168 time: 0.2349679
2026-05-09 18:01:20.079 10 INFO neutron.db.ovn_revision_numbers_db [None req-1d616b35-93f3-42ba-ab47-27d64e5815ad 4eac549527244102b7fdb31391094963 aa8ec25bf1fc41e7b501c031c20482ca - - default default] Successfully bumped revision number for resource 28b3bf7e-2f9b-4330-ac69-8ad90b241c10 (type: networks) to 1
2026-05-09 18:01:20.236 10 INFO neutron.wsgi [None req-c66439f0-370a-4622-8066-9235c1f08cdb 1043ac2ff912400393987b1e118b63d4 ad14c6f6d5b94eaabedb21e90b9a46b8 - - default default] 10.0.0.188 "DELETE /v2.0/subnets/4fc173af-d1fb-42fc-b2d9-4dc98873a2fe HTTP/1.1" status: 204 len: 168 time: 0.2832673
2026-05-09 18:01:20.258 9 WARNING neutron_lib.context [None req-32b59689-7cea-48b0-8471-7f02a39b024a 7bbd008b07c8424885cf008958d10223 e88d396e12844a459d9b69bfb78edca9 - - default default] Method 'is_advsvc' is deprecated since 2023.2 release (neutron-lib 3.8.0) and will be removed once support for the old RBAC API policies will be removed from Neutron. Please use method 'is_service_role' instead.
2026-05-09 18:01:20.284 10 WARNING neutron.scheduler.dhcp_agent_scheduler [None req-1d616b35-93f3-42ba-ab47-27d64e5815ad 4eac549527244102b7fdb31391094963 aa8ec25bf1fc41e7b501c031c20482ca - - default default] No more DHCP agents
2026-05-09 18:01:20.286 10 WARNING neutron.api.rpc.agentnotifiers.dhcp_rpc_agent_api [None req-1d616b35-93f3-42ba-ab47-27d64e5815ad 4eac549527244102b7fdb31391094963 aa8ec25bf1fc41e7b501c031c20482ca - - default default] Unable to schedule network 28b3bf7e-2f9b-4330-ac69-8ad90b241c10: no agents available; will retry on subsequent port and subnet creation events.
2026-05-09 18:01:20.372 10 INFO neutron.db.ovn_revision_numbers_db [None req-1d616b35-93f3-42ba-ab47-27d64e5815ad 4eac549527244102b7fdb31391094963 aa8ec25bf1fc41e7b501c031c20482ca - - default default] Successfully bumped revision number for resource 82d52732-8984-4adc-b858-b4bdaa0390fe (type: ports) to 1
2026-05-09 18:01:20.394 10 INFO neutron.wsgi [None req-1d616b35-93f3-42ba-ab47-27d64e5815ad 4eac549527244102b7fdb31391094963 aa8ec25bf1fc41e7b501c031c20482ca - - default default] 10.0.0.188 "POST /v2.0/networks HTTP/1.1" status: 201 len: 830 time: 0.5968325
2026-05-09 18:01:20.404 10 WARNING neutron_lib.context [None req-ba5d2ba7-3f69-41c2-b385-086adc733753 4eac549527244102b7fdb31391094963 aa8ec25bf1fc41e7b501c031c20482ca - - default default] Method 'is_advsvc' is deprecated since 2023.2 release (neutron-lib 3.8.0) and will be removed once support for the old RBAC API policies will be removed from Neutron. Please use method 'is_service_role' instead.
2026-05-09 18:01:20.482 10 INFO neutron.db.segments_db [None req-ba5d2ba7-3f69-41c2-b385-086adc733753 4eac549527244102b7fdb31391094963 aa8ec25bf1fc41e7b501c031c20482ca - - default default] Added segment d9e54815-1905-438d-a277-6fbe18661813 of type geneve for network 24c851e8-2e0c-40f9-b099-bc0f2694a429
2026-05-09 18:01:20.499 9 INFO neutron.db.ovn_revision_numbers_db [None req-32b59689-7cea-48b0-8471-7f02a39b024a 7bbd008b07c8424885cf008958d10223 e88d396e12844a459d9b69bfb78edca9 - - default default] Successfully bumped revision number for resource edcd0a19-7514-46ea-b5f4-662493fd185f (type: security_groups) to 1
2026-05-09 18:01:20.514 9 INFO neutron.db.ovn_revision_numbers_db [None req-32b59689-7cea-48b0-8471-7f02a39b024a 7bbd008b07c8424885cf008958d10223 e88d396e12844a459d9b69bfb78edca9 - - default default] Successfully bumped revision number for resource 67c0e1c3-f35e-4650-9cf6-2ee971aeaff6 (type: security_group_rules) to 0
2026-05-09 18:01:20.538 9 INFO neutron.db.ovn_revision_numbers_db [None req-32b59689-7cea-48b0-8471-7f02a39b024a 7bbd008b07c8424885cf008958d10223 e88d396e12844a459d9b69bfb78edca9 - - default default] Successfully bumped revision number for resource aebe52ee-5544-4d36-abca-acccc2efbf34 (type: security_group_rules) to 0
2026-05-09 18:01:20.560 9 INFO neutron.db.ovn_revision_numbers_db [None req-32b59689-7cea-48b0-8471-7f02a39b024a 7bbd008b07c8424885cf008958d10223 e88d396e12844a459d9b69bfb78edca9 - - default default] Successfully bumped revision number for resource fbf6dba6-d194-4908-b759-71b6cb5999bf (type: security_group_rules) to 0
2026-05-09 18:01:20.604 9 INFO neutron.db.ovn_revision_numbers_db [None req-32b59689-7cea-48b0-8471-7f02a39b024a 7bbd008b07c8424885cf008958d10223 e88d396e12844a459d9b69bfb78edca9 - - default default] Successfully bumped revision number for resource fff8c977-4cbb-4d6f-b2a7-2a0e2844434b (type: security_group_rules) to 0
2026-05-09 18:01:20.617 10 INFO neutron.db.ovn_revision_numbers_db [None req-ba5d2ba7-3f69-41c2-b385-086adc733753 4eac549527244102b7fdb31391094963 aa8ec25bf1fc41e7b501c031c20482ca - - default default] Successfully bumped revision number for resource 24c851e8-2e0c-40f9-b099-bc0f2694a429 (type: networks) to 1
2026-05-09 18:01:20.654 9 INFO neutron.db.segments_db [None req-32b59689-7cea-48b0-8471-7f02a39b024a 7bbd008b07c8424885cf008958d10223 e88d396e12844a459d9b69bfb78edca9 - - default default] Added segment 2f10e2b6-95b8-4823-bff4-ae454f022d91 of type geneve for network 3cd481c6-9224-4536-9ba5-d6d18a68b6ab
2026-05-09 18:01:20.684 9 INFO neutron.services.segments.plugin [-] Segment 601b45a7-f579-486d-a972-c301ab64101c resource provider aggregate not found
2026-05-09 18:01:20.701 9 INFO neutron.services.segments.plugin [-] Segment 601b45a7-f579-486d-a972-c301ab64101c resource provider not found; error: Placement Client Error (4xx): {"errors": [{"status": 404, "title": "Not Found", "detail": "The resource could not be found.\n\n No resource provider with uuid 601b45a7-f579-486d-a972-c301ab64101c found for delete ", "request_id": "req-6fad86f2-c48f-4886-882a-a7966cf06025"}]}
2026-05-09 18:01:20.705 9 INFO neutron.services.segments.plugin [-] Segment 601b45a7-f579-486d-a972-c301ab64101c resource provider aggregate not found
2026-05-09 18:01:20.718 9 INFO neutron.services.segments.plugin [-] Segment 601b45a7-f579-486d-a972-c301ab64101c resource provider not found; error: Placement Client Error (4xx): {"errors": [{"status": 404, "title": "Not Found", "detail": "The resource could not be found.\n\n No resource provider with uuid 601b45a7-f579-486d-a972-c301ab64101c found for delete ", "request_id": "req-f69a42a9-6514-4c0e-abba-19f015dff7bb"}]}
2026-05-09 18:01:20.748 9 INFO neutron.wsgi [None req-1ecf419b-77e2-47d4-943c-77bc0718b5cb 1043ac2ff912400393987b1e118b63d4 ad14c6f6d5b94eaabedb21e90b9a46b8 - - default default] 10.0.0.188 "DELETE /v2.0/networks/b68b8846-43e1-4f3f-bc2b-bedf11207c1d HTTP/1.1" status: 204 len: 168 time: 0.5060914
2026-05-09 18:01:20.811 10 WARNING neutron.scheduler.dhcp_agent_scheduler [None req-ba5d2ba7-3f69-41c2-b385-086adc733753 4eac549527244102b7fdb31391094963 aa8ec25bf1fc41e7b501c031c20482ca - - default default] No more DHCP agents
