2026-05-09 18:01:51.842 10 INFO neutron.db.ovn_revision_numbers_db [None req-71ec5698-0e1f-47eb-a888-a3e4d8e1bc4d 696fa6d34c9e49f9ba1d2d75b59fad60 6b9c77189fdc46149f955b49ef925183 - - default default] Successfully bumped revision number for resource 49b652e9-519a-497b-9c8c-d9b7516fab66 (type: security_group_rules) to 0
2026-05-09 18:01:51.862 10 INFO neutron.db.ovn_revision_numbers_db [None req-71ec5698-0e1f-47eb-a888-a3e4d8e1bc4d 696fa6d34c9e49f9ba1d2d75b59fad60 6b9c77189fdc46149f955b49ef925183 - - default default] Successfully bumped revision number for resource 5f857b82-7d73-4824-938d-44f2e0f52620 (type: security_group_rules) to 0
2026-05-09 18:01:51.873 9 INFO neutron.plugins.ml2.drivers.ovn.mech_driver.mech_driver [None req-b53abae5-100b-4e58-a0c5-ba0a5ed47b26 - - - - - -] OVN reports status up for port: 141f6e40-1474-45f4-b378-46bccb0b08e8
2026-05-09 18:01:51.882 10 INFO neutron.db.ovn_revision_numbers_db [None req-71ec5698-0e1f-47eb-a888-a3e4d8e1bc4d 696fa6d34c9e49f9ba1d2d75b59fad60 6b9c77189fdc46149f955b49ef925183 - - default default] Successfully bumped revision number for resource bd11425b-e4c8-4347-b8a3-80168fc4306f (type: security_group_rules) to 0
2026-05-09 18:01:51.890 9 INFO neutron.plugins.ml2.plugin [None req-b53abae5-100b-4e58-a0c5-ba0a5ed47b26 - - - - - -] Attempt 1 to provision port 141f6e40-1474-45f4-b378-46bccb0b08e8
2026-05-09 18:01:51.895 10 INFO neutron.plugins.ml2.drivers.ovn.mech_driver.ovsdb.ovsdb_monitor [None req-2c99a562-eeeb-4a40-9649-4d520dd7b8bc - - - - - -] Router aa3858f8-270f-4234-be5f-a43a75588986 is bound to host instance
2026-05-09 18:01:51.918 9 INFO neutron.db.ovn_revision_numbers_db [None req-25fac0c2-5857-40c5-a166-e8e71e17d388 e3f827b8f6f84f978c4b9e68357bb50b 7df23abf1ab4499eb275cb330d3aba5e - - default default] Successfully bumped revision number for resource 141f6e40-1474-45f4-b378-46bccb0b08e8 (type: router_ports) to 1
2026-05-09 18:01:52.004 9 INFO neutron.db.ovn_revision_numbers_db [None req-25fac0c2-5857-40c5-a166-e8e71e17d388 e3f827b8f6f84f978c4b9e68357bb50b 7df23abf1ab4499eb275cb330d3aba5e - - default default] Successfully bumped revision number for resource aa3858f8-270f-4234-be5f-a43a75588986 (type: routers) to 2
2026-05-09 18:01:52.024 9 INFO neutron.wsgi [None req-25fac0c2-5857-40c5-a166-e8e71e17d388 e3f827b8f6f84f978c4b9e68357bb50b 7df23abf1ab4499eb275cb330d3aba5e - - default default] 10.0.0.188 "POST /v2.0/routers HTTP/1.1" status: 201 len: 873 time: 1.6852655
2026-05-09 18:01:52.099 10 INFO neutron.db.ovn_revision_numbers_db [None req-71ec5698-0e1f-47eb-a888-a3e4d8e1bc4d 696fa6d34c9e49f9ba1d2d75b59fad60 6b9c77189fdc46149f955b49ef925183 - - default default] Successfully bumped revision number for resource d7677b4e-e64e-4948-9bff-5d9932a45b22 (type: security_groups) to 1
2026-05-09 18:01:52.111 10 WARNING neutron.scheduler.dhcp_agent_scheduler [None req-33ebdb0c-7c90-442d-acf5-f2ae99c69eb3 28c940e75583403eb55f6a4144957e51 6967bedbcb71461da96002e815e4bad6 - - default default] No more DHCP agents
2026-05-09 18:01:52.115 10 WARNING neutron.api.rpc.agentnotifiers.dhcp_rpc_agent_api [None req-33ebdb0c-7c90-442d-acf5-f2ae99c69eb3 28c940e75583403eb55f6a4144957e51 6967bedbcb71461da96002e815e4bad6 - - default default] Unable to schedule network 10f4c6a1-abc6-4bb7-8e7c-9582593b80d6: no agents available; will retry on subsequent port and subnet creation events.
2026-05-09 18:01:52.127 10 INFO neutron.db.ovn_revision_numbers_db [None req-71ec5698-0e1f-47eb-a888-a3e4d8e1bc4d 696fa6d34c9e49f9ba1d2d75b59fad60 6b9c77189fdc46149f955b49ef925183 - - default default] Successfully bumped revision number for resource 8b3f88fe-5aff-49b6-aa51-fea46b318883 (type: security_group_rules) to 0
2026-05-09 18:01:52.178 10 INFO neutron.db.ovn_revision_numbers_db [None req-71ec5698-0e1f-47eb-a888-a3e4d8e1bc4d 696fa6d34c9e49f9ba1d2d75b59fad60 6b9c77189fdc46149f955b49ef925183 - - default default] Successfully bumped revision number for resource cb83d357-3668-47c6-89d7-257bdb03c510 (type: security_group_rules) to 0
2026-05-09 18:01:52.207 10 INFO neutron.wsgi [None req-71ec5698-0e1f-47eb-a888-a3e4d8e1bc4d 696fa6d34c9e49f9ba1d2d75b59fad60 6b9c77189fdc46149f955b49ef925183 - - default default] 10.0.0.188 "POST /v2.0/security-groups HTTP/1.1" status: 201 len: 1760 time: 0.8490553 /var/lib/openstack/lib/python3.10/site-packages/pycadf/identifier.py:71: UserWarning: Invalid uuid: neutron. To ensure interoperability, identifiers should be a valid uuid. warnings.warn(('Invalid uuid: %s. To ensure interoperability, ' /var/lib/openstack/lib/python3.10/site-packages/pycadf/identifier.py:71: UserWarning: Invalid uuid: neutron. To ensure interoperability, identifiers should be a valid uuid. warnings.warn(('Invalid uuid: %s. To ensure interoperability, '
2026-05-09 18:01:52.240 9 INFO neutron.wsgi [None req-1e3f9b25-f189-4b25-b656-aa6b8b4d87d3 fd4142ec664f4312b530e2e223fbacd7 ee269bbccc4947ad9593686559ed7d8e - - default default] 10.0.0.188 "GET /v2.0/subnets?project_id=7df23abf1ab4499eb275cb330d3aba5e&cidr=10.100.0.0%2F28 HTTP/1.1" status: 200 len: 207 time: 0.2082100
2026-05-09 18:01:52.261 10 INFO neutron.db.ovn_revision_numbers_db [None req-33ebdb0c-7c90-442d-acf5-f2ae99c69eb3 28c940e75583403eb55f6a4144957e51 6967bedbcb71461da96002e815e4bad6 - - default default] Successfully bumped revision number for resource e4ce994b-f408-411f-9186-84464a7c1862 (type: ports) to 1
2026-05-09 18:01:52.285 10 INFO neutron.wsgi [None req-393f7068-2d8e-4411-8817-35bfbb82b874 696fa6d34c9e49f9ba1d2d75b59fad60 6b9c77189fdc46149f955b49ef925183 - - default default] 10.0.0.188 "GET /v2.0/security-groups HTTP/1.1" status: 200 len: 4538 time: 0.0631723
2026-05-09 18:01:52.305 10 INFO neutron.wsgi [None req-33ebdb0c-7c90-442d-acf5-f2ae99c69eb3 28c940e75583403eb55f6a4144957e51 6967bedbcb71461da96002e815e4bad6 - - default default] 10.0.0.188 "POST /v2.0/ports HTTP/1.1" status: 201 len: 942 time: 0.5399644
2026-05-09 18:01:52.318 10 WARNING neutron_lib.context [None req-fa5126a6-07ed-4146-a933-83ae936293dc 28c940e75583403eb55f6a4144957e51 6967bedbcb71461da96002e815e4bad6 - - default default] Method 'is_advsvc' is deprecated since 2023.2 release (neutron-lib 3.8.0) and will be removed once support for the old RBAC API policies will be removed from Neutron. Please use method 'is_service_role' instead.
2026-05-09 18:01:52.337 9 INFO neutron.wsgi [None req-99d78889-fdad-4038-841a-705f891c059f fd4142ec664f4312b530e2e223fbacd7 ee269bbccc4947ad9593686559ed7d8e - - default default] 10.0.0.188 "GET /v2.0/networks?router%3Aexternal=True HTTP/1.1" status: 200 len: 947 time: 0.0907688
2026-05-09 18:01:52.373 9 INFO neutron.wsgi [None req-7367a841-4181-44d3-916d-263d96a613d6 fd4142ec664f4312b530e2e223fbacd7 ee269bbccc4947ad9593686559ed7d8e - - default default] 10.0.0.188 "GET /v2.0/subnets?network_id=9325f272-0f0a-469a-8d49-1c9c9f32dd96&cidr=10.100.0.0%2F28 HTTP/1.1" status: 200 len: 207 time: 0.0258286
2026-05-09 18:01:52.382 9 WARNING neutron_lib.context [None req-952be44c-9d20-4427-b84a-19d2cb779581 e3f827b8f6f84f978c4b9e68357bb50b 7df23abf1ab4499eb275cb330d3aba5e - - default default] Method 'is_advsvc' is deprecated since 2023.2 release (neutron-lib 3.8.0) and will be removed once support for the old RBAC API policies will be removed from Neutron. Please use method 'is_service_role' instead.
2026-05-09 18:01:52.625 9 WARNING neutron.scheduler.dhcp_agent_scheduler [None req-952be44c-9d20-4427-b84a-19d2cb779581 e3f827b8f6f84f978c4b9e68357bb50b 7df23abf1ab4499eb275cb330d3aba5e - - default default] No more DHCP agents
2026-05-09 18:01:52.629 9 WARNING neutron.api.rpc.agentnotifiers.dhcp_rpc_agent_api [None req-952be44c-9d20-4427-b84a-19d2cb779581 e3f827b8f6f84f978c4b9e68357bb50b 7df23abf1ab4499eb275cb330d3aba5e - - default default] Unable to schedule network 750ffe80-e0e6-4d0b-9891-e17f685255f4: no agents available; will retry on subsequent port and subnet creation events.
2026-05-09 18:01:52.665 10 INFO neutron.db.ovn_revision_numbers_db [None req-5888ff52-dca8-4c33-b0f8-a1a7c269881b 696fa6d34c9e49f9ba1d2d75b59fad60 6b9c77189fdc46149f955b49ef925183 - - default default] Successfully bumped revision number for resource d7677b4e-e64e-4948-9bff-5d9932a45b22 (type: security_groups) to 2
2026-05-09 18:01:52.668 10 INFO neutron.wsgi [None req-5888ff52-dca8-4c33-b0f8-a1a7c269881b 696fa6d34c9e49f9ba1d2d75b59fad60 6b9c77189fdc46149f955b49ef925183 - - default default] 10.0.0.188 "PUT /v2.0/security-groups/d7677b4e-e64e-4948-9bff-5d9932a45b22 HTTP/1.1" status: 200 len: 1794 time: 0.3721619
2026-05-09 18:01:52.752 10 INFO neutron.wsgi [None req-a18ffcb7-f384-4dbb-9d0d-8ea54f79ddc9 696fa6d34c9e49f9ba1d2d75b59fad60 6b9c77189fdc46149f955b49ef925183 - - default default] 10.0.0.188 "GET /v2.0/security-groups/d7677b4e-e64e-4948-9bff-5d9932a45b22 HTTP/1.1" status: 200 len: 1794 time: 0.0775106
2026-05-09 18:01:52.805 10 INFO neutron.wsgi [None req-fa5126a6-07ed-4146-a933-83ae936293dc 28c940e75583403eb55f6a4144957e51 6967bedbcb71461da96002e815e4bad6 - - default default] 10.0.0.188 "POST /v2.0/trunks HTTP/1.1" status: 201 len: 608 time: 0.4938645
2026-05-09 18:01:52.814 9 WARNING neutron_lib.context [None req-71d830df-dc67-40bf-837b-d8fd506adeaa 28c940e75583403eb55f6a4144957e51 6967bedbcb71461da96002e815e4bad6 - - default default] Method 'is_advsvc' is deprecated since 2023.2 release (neutron-lib 3.8.0) and will be removed once support for the old RBAC API policies will be removed from Neutron. Please use method 'is_service_role' instead.
2026-05-09 18:01:52.890 10 INFO neutron.db.ovn_revision_numbers_db [None req-2c99a562-eeeb-4a40-9649-4d520dd7b8bc - - - - - -] Successfully bumped revision number for resource 141f6e40-1474-45f4-b378-46bccb0b08e8 (type: ports) to 1
2026-05-09 18:01:52.916 9 INFO neutron.db.segments_db [None req-71d830df-dc67-40bf-837b-d8fd506adeaa 28c940e75583403eb55f6a4144957e51 6967bedbcb71461da96002e815e4bad6 - - default default] Added segment 12262639-dfef-435d-83ae-87ebe69b1f8e of type geneve for network afb98f80-cc8e-44da-889a-a69ac806498b
2026-05-09 18:01:52.928 10 INFO neutron.wsgi [None req-5a66dd0c-dc9b-4562-aba1-1bc2ea29cd17 696fa6d34c9e49f9ba1d2d75b59fad60 6b9c77189fdc46149f955b49ef925183 - - default default] 10.0.0.188 "DELETE /v2.0/security-groups/d7677b4e-e64e-4948-9bff-5d9932a45b22 HTTP/1.1" status: 204 len: 168 time: 0.1705830
2026-05-09 18:01:52.972 10 INFO neutron.wsgi [None req-5f579975-920c-4be9-9c11-2f312a884bcd 696fa6d34c9e49f9ba1d2d75b59fad60 6b9c77189fdc46149f955b49ef925183 - - default default] 10.0.0.188 "GET /v2.0/security-groups HTTP/1.1" status: 200 len: 2996 time: 0.0381536
2026-05-09 18:01:53.000 9 INFO neutron.api.v2.resource [None req-f44abbd3-1bbc-4601-9f37-a0a973739b65 696fa6d34c9e49f9ba1d2d75b59fad60 6b9c77189fdc46149f955b49ef925183 - - default default] delete failed (client error): The resource could not be found.
2026-05-09 18:01:53.001 9 INFO neutron.wsgi [None req-f44abbd3-1bbc-4601-9f37-a0a973739b65 696fa6d34c9e49f9ba1d2d75b59fad60 6b9c77189fdc46149f955b49ef925183 - - default default] 10.0.0.188 "DELETE /v2.0/security-groups/d7677b4e-e64e-4948-9bff-5d9932a45b22 HTTP/1.1" status: 404 len: 347 time: 0.0189331
2026-05-09 18:01:53.014 10 WARNING neutron_lib.context [None req-5b0dbd36-90b9-4808-93ec-65a2636733ae 696fa6d34c9e49f9ba1d2d75b59fad60 6b9c77189fdc46149f955b49ef925183 - - default default] Method 'is_advsvc' is deprecated since 2023.2 release (neutron-lib 3.8.0) and will be removed once support for the old RBAC API policies will be removed from Neutron. Please use method 'is_service_role' instead.
2026-05-09 18:01:53.098 9 INFO neutron.db.ovn_revision_numbers_db [None req-71d830df-dc67-40bf-837b-d8fd506adeaa 28c940e75583403eb55f6a4144957e51 6967bedbcb71461da96002e815e4bad6 - - default default] Successfully bumped revision number for resource afb98f80-cc8e-44da-889a-a69ac806498b (type: networks) to 1
2026-05-09 18:01:53.157 10 INFO neutron.db.ovn_revision_numbers_db [None req-2c99a562-eeeb-4a40-9649-4d520dd7b8bc - - - - - -] Successfully bumped revision number for resource 141f6e40-1474-45f4-b378-46bccb0b08e8 (type: router_ports) to 3
2026-05-09 18:01:53.208 10 INFO neutron.db.ovn_revision_numbers_db [None req-5b0dbd36-90b9-4808-93ec-65a2636733ae 696fa6d34c9e49f9ba1d2d75b59fad60 6b9c77189fdc46149f955b49ef925183 - - default default] Successfully bumped revision number for resource 244996c3-5cbf-4c1f-8efa-aa49f5708a98 (type: security_groups) to 1
2026-05-09 18:01:53.225 10 INFO neutron.db.ovn_revision_numbers_db [None req-5b0dbd36-90b9-4808-93ec-65a2636733ae 696fa6d34c9e49f9ba1d2d75b59fad60 6b9c77189fdc46149f955b49ef925183 - - default default] Successfully bumped revision number for resource 63e36c71-addf-4aa9-b308-76c4dfb05f82 (type: security_group_rules) to 0
2026-05-09 18:01:53.233 9 INFO neutron.db.ovn_revision_numbers_db [None req-952be44c-9d20-4427-b84a-19d2cb779581 e3f827b8f6f84f978c4b9e68357bb50b 7df23abf1ab4499eb275cb330d3aba5e - - default default] Successfully bumped revision number for resource 2a17d9e8-d361-49ff-b82e-f4bcf3adf3f8 (type: ports) to 2
2026-05-09 18:01:53.248 10 INFO neutron.db.ovn_revision_numbers_db [None req-5b0dbd36-90b9-4808-93ec-65a2636733ae 696fa6d34c9e49f9ba1d2d75b59fad60 6b9c77189fdc46149f955b49ef925183 - - default default] Successfully bumped revision number for resource 8dda1739-1d77-49b9-98e3-6573a1937d87 (type: security_group_rules) to 0
2026-05-09 18:01:53.286 10 INFO neutron.wsgi [None req-5b0dbd36-90b9-4808-93ec-65a2636733ae 696fa6d34c9e49f9ba1d2d75b59fad60 6b9c77189fdc46149f955b49ef925183 - - default default] 10.0.0.188 "POST /v2.0/security-groups HTTP/1.1" status: 201 len: 1760 time: 0.2778432
2026-05-09 18:01:53.298 9 WARNING neutron_lib.context [None req-237446eb-39d2-4399-aa7d-d65d577f57d9 696fa6d34c9e49f9ba1d2d75b59fad60 6b9c77189fdc46149f955b49ef925183 - - default default] Method 'is_advsvc' is deprecated since 2023.2 release (neutron-lib 3.8.0) and will be removed once support for the old RBAC API policies will be removed from Neutron. Please use method 'is_service_role' instead.
2026-05-09 18:01:53.311 9 INFO neutron.db.ovn_revision_numbers_db [None req-952be44c-9d20-4427-b84a-19d2cb779581 e3f827b8f6f84f978c4b9e68357bb50b 7df23abf1ab4499eb275cb330d3aba5e - - default default] Successfully bumped revision number for resource ba9720e4-e3ad-47da-b367-b1147b870256 (type: subnets) to 0
2026-05-09 18:01:53.330 9 INFO neutron.wsgi [None req-952be44c-9d20-4427-b84a-19d2cb779581 e3f827b8f6f84f978c4b9e68357bb50b 7df23abf1ab4499eb275cb330d3aba5e - - default default] 10.0.0.188 "POST /v2.0/subnets HTTP/1.1" status: 201 len: 831 time: 0.9516692
2026-05-09 18:01:53.351 10 INFO neutron.db.ovn_revision_numbers_db [None req-2c99a562-eeeb-4a40-9649-4d520dd7b8bc - - - - - -] Successfully bumped revision number for resource 141f6e40-1474-45f4-b378-46bccb0b08e8 (type: ports) to 2
2026-05-09 18:01:53.391 9 WARNING neutron.scheduler.dhcp_agent_scheduler [None req-71d830df-dc67-40bf-837b-d8fd506adeaa 28c940e75583403eb55f6a4144957e51 6967bedbcb71461da96002e815e4bad6 - - default default] No more DHCP agents
2026-05-09 18:01:53.398 9 WARNING neutron.api.rpc.agentnotifiers.dhcp_rpc_agent_api [None req-71d830df-dc67-40bf-837b-d8fd506adeaa 28c940e75583403eb55f6a4144957e51 6967bedbcb71461da96002e815e4bad6 - - default default] Unable to schedule network afb98f80-cc8e-44da-889a-a69ac806498b: no agents available; will retry on subsequent port and subnet creation events.
2026-05-09 18:01:53.566 9 INFO neutron.db.ovn_revision_numbers_db [None req-71d830df-dc67-40bf-837b-d8fd506adeaa 28c940e75583403eb55f6a4144957e51 6967bedbcb71461da96002e815e4bad6 - - default default] Successfully bumped revision number for resource a319427a-c81c-4390-8852-eb6d53df8732 (type: ports) to 1
2026-05-09 18:01:53.581 10 INFO neutron.db.ovn_revision_numbers_db [None req-2c99a562-eeeb-4a40-9649-4d520dd7b8bc - - - - - -] Successfully bumped revision number for resource 141f6e40-1474-45f4-b378-46bccb0b08e8 (type: ports) to 4
2026-05-09 18:01:53.609 9 INFO neutron.wsgi [None req-71d830df-dc67-40bf-837b-d8fd506adeaa 28c940e75583403eb55f6a4144957e51 6967bedbcb71461da96002e815e4bad6 - - default default] 10.0.0.188 "POST /v2.0/networks HTTP/1.1" status: 201 len: 831 time: 0.7988400
2026-05-09 18:01:53.623 9 WARNING neutron_lib.context [None req-7ee4bb31-4b2c-4ebb-8a41-79611b48f17a 28c940e75583403eb55f6a4144957e51 6967bedbcb71461da96002e815e4bad6 - - default default] Method 'is_advsvc' is deprecated since 2023.2 release (neutron-lib 3.8.0) and will be removed once support for the old RBAC API policies will be removed from Neutron. Please use method 'is_service_role' instead.
2026-05-09 18:01:53.682 9 INFO neutron.db.ovn_revision_numbers_db [None req-237446eb-39d2-4399-aa7d-d65d577f57d9 696fa6d34c9e49f9ba1d2d75b59fad60 6b9c77189fdc46149f955b49ef925183 - - default default] Successfully bumped revision number for resource 0c54d242-80ef-442c-acdf-b3d9215d89fb (type: security_group_rules) to 0
2026-05-09 18:01:53.726 10 INFO neutron.db.ovn_revision_numbers_db [None req-2c99a562-eeeb-4a40-9649-4d520dd7b8bc - - - - - -] Successfully bumped revision number for resource 141f6e40-1474-45f4-b378-46bccb0b08e8 (type: router_ports) to 4
2026-05-09 18:01:53.748 9 INFO neutron.wsgi [None req-237446eb-39d2-4399-aa7d-d65d577f57d9 696fa6d34c9e49f9ba1d2d75b59fad60 6b9c77189fdc46149f955b49ef925183 - - default default] 10.0.0.188 "POST /v2.0/security-group-rules HTTP/1.1" status: 201 len: 768 time: 0.4557858
2026-05-09 18:01:53.800 10 INFO neutron.wsgi [None req-7206f434-4a95-4641-8468-7e100f4cd759 696fa6d34c9e49f9ba1d2d75b59fad60 6b9c77189fdc46149f955b49ef925183 - - default default] 10.0.0.188 "GET /v2.0/security-group-rules/0c54d242-80ef-442c-acdf-b3d9215d89fb HTTP/1.1" status: 200 len: 763 time: 0.0448248
2026-05-09 18:01:53.851 10 INFO neutron.wsgi [None req-7aebba24-f753-4b51-80ab-fc1e3c3e3f19 696fa6d34c9e49f9ba1d2d75b59fad60 6b9c77189fdc46149f955b49ef925183 - - default default] 10.0.0.188 "GET /v2.0/security-group-rules HTTP/1.1" status: 200 len: 4113 time: 0.0473044
2026-05-09 18:01:53.967 10 INFO neutron.wsgi [None req-d6e876cd-30a1-45c7-af0e-85c52ba3fb58 696fa6d34c9e49f9ba1d2d75b59fad60 6b9c77189fdc46149f955b49ef925183 - - default default] 10.0.0.188 "DELETE /v2.0/security-group-rules/0c54d242-80ef-442c-acdf-b3d9215d89fb HTTP/1.1" status: 204 len: 168 time: 0.1101184
2026-05-09 18:01:54.010 10 INFO neutron.wsgi [None req-c8bb0dba-62f2-46d3-8122-3cc4388c34d9 696fa6d34c9e49f9ba1d2d75b59fad60 6b9c77189fdc46149f955b49ef925183 - - default default] 10.0.0.188 "GET /v2.0/security-group-rules HTTP/1.1" status: 200 len: 3567 time: 0.0379233
2026-05-09 18:01:54.021 10 WARNING neutron_lib.context [None req-efc0ea91-c4ae-4bda-bf88-773e286d2f82 696fa6d34c9e49f9ba1d2d75b59fad60 6b9c77189fdc46149f955b49ef925183 - - default default] Method 'is_advsvc' is deprecated since 2023.2 release (neutron-lib 3.8.0) and will be removed once support for the old RBAC API policies will be removed from Neutron. Please use method 'is_service_role' instead.
2026-05-09 18:01:54.137 10 INFO neutron.db.ovn_revision_numbers_db [None req-efc0ea91-c4ae-4bda-bf88-773e286d2f82 696fa6d34c9e49f9ba1d2d75b59fad60 6b9c77189fdc46149f955b49ef925183 - - default default] Successfully bumped revision number for resource 478b0a95-adfd-40f7-b995-5da5c96f9f7f (type: security_group_rules) to 0
2026-05-09 18:01:54.164 10 INFO neutron.wsgi [None req-efc0ea91-c4ae-4bda-bf88-773e286d2f82 696fa6d34c9e49f9ba1d2d75b59fad60 6b9c77189fdc46149f955b49ef925183 - - default default] 10.0.0.188 "POST /v2.0/security-group-rules HTTP/1.1" status: 201 len: 768 time: 0.1479523
2026-05-09 18:01:54.185 10 INFO neutron.wsgi [None req-eaaa777c-c41f-4f58-b166-168c63b80c24 696fa6d34c9e49f9ba1d2d75b59fad60 6b9c77189fdc46149f955b49ef925183 - - default default] 10.0.0.188 "GET /v2.0/security-group-rules/478b0a95-adfd-40f7-b995-5da5c96f9f7f HTTP/1.1" status: 200 len: 763 time: 0.0160203
2026-05-09 18:01:54.226 10 INFO neutron.wsgi [None req-c9740f78-607a-4bba-875d-5048afc80b84 696fa6d34c9e49f9ba1d2d75b59fad60 6b9c77189fdc46149f955b49ef925183 - - default default] 10.0.0.188 "GET /v2.0/security-group-rules HTTP/1.1" status: 200 len: 4113 time: 0.0376053
2026-05-09 18:01:54.328 10 INFO neutron.wsgi [None req-ea004b08-d02a-45fc-8927-2e6985b94d16 696fa6d34c9e49f9ba1d2d75b59fad60 6b9c77189fdc46149f955b49ef925183 - - default default] 10.0.0.188 "DELETE /v2.0/security-group-rules/478b0a95-adfd-40f7-b995-5da5c96f9f7f HTTP/1.1" status: 204 len: 168 time: 0.0961833
2026-05-09 18:01:54.372 10 INFO neutron.wsgi [None req-9033b6c8-65dd-4028-940a-ffa1c654de2d 696fa6d34c9e49f9ba1d2d75b59fad60 6b9c77189fdc46149f955b49ef925183 - - default default] 10.0.0.188 "GET /v2.0/security-group-rules HTTP/1.1" status: 200 len: 3567 time: 0.0392489
2026-05-09 18:01:54.382 10 WARNING neutron_lib.context [None req-2b51c67d-d539-46bf-99f7-9b5137ac415e 696fa6d34c9e49f9ba1d2d75b59fad60 6b9c77189fdc46149f955b49ef925183 - - default default] Method 'is_advsvc' is deprecated since 2023.2 release (neutron-lib 3.8.0) and will be removed once support for the old RBAC API policies will be removed from Neutron. Please use method 'is_service_role' instead.
2026-05-09 18:01:54.496 9 WARNING neutron_lib.context [None req-84fbf001-8778-4b88-8844-5ed8e071f087 7d4d596d7e434889a75b022328181eb1 d72969ff9f8b4f25948b76c3062a94f0 - - default default] Method 'is_advsvc' is deprecated since 2023.2 release (neutron-lib 3.8.0) and will be removed once support for the old RBAC API policies will be removed from Neutron. Please use method 'is_service_role' instead.
2026-05-09 18:01:54.497 10 INFO neutron.db.ovn_revision_numbers_db [None req-2b51c67d-d539-46bf-99f7-9b5137ac415e 696fa6d34c9e49f9ba1d2d75b59fad60 6b9c77189fdc46149f955b49ef925183 - - default default] Successfully bumped revision number for resource 8b5e6570-9267-4df6-8606-cb330bcf19d5 (type: security_group_rules) to 0
2026-05-09 18:01:54.524 10 INFO neutron.wsgi [None req-2b51c67d-d539-46bf-99f7-9b5137ac415e 696fa6d34c9e49f9ba1d2d75b59fad60 6b9c77189fdc46149f955b49ef925183 - - default default] 10.0.0.188 "POST /v2.0/security-group-rules HTTP/1.1" status: 201 len: 769 time: 0.1461453
2026-05-09 18:01:54.545 10 INFO neutron.wsgi [None req-f880ec16-8f1e-49cc-a177-e4003be8abfb 696fa6d34c9e49f9ba1d2d75b59fad60 6b9c77189fdc46149f955b49ef925183 - - default default] 10.0.0.188 "GET /v2.0/security-group-rules/8b5e6570-9267-4df6-8606-cb330bcf19d5 HTTP/1.1" status: 200 len: 764 time: 0.0157845
2026-05-09 18:01:54.585 10 INFO neutron.wsgi [None req-8badee66-6e06-43e7-b5dd-0c8075f47d06 696fa6d34c9e49f9ba1d2d75b59fad60 6b9c77189fdc46149f955b49ef925183 - - default default] 10.0.0.188 "GET /v2.0/security-group-rules HTTP/1.1" status: 200 len: 4114 time: 0.0343533
2026-05-09 18:01:54.641 9 WARNING neutron.scheduler.dhcp_agent_scheduler [None req-7ee4bb31-4b2c-4ebb-8a41-79611b48f17a 28c940e75583403eb55f6a4144957e51 6967bedbcb71461da96002e815e4bad6 - - default default] No more DHCP agents
2026-05-09 18:01:54.650 9 WARNING neutron.api.rpc.agentnotifiers.dhcp_rpc_agent_api [None req-7ee4bb31-4b2c-4ebb-8a41-79611b48f17a 28c940e75583403eb55f6a4144957e51 6967bedbcb71461da96002e815e4bad6 - - default default] Unable to schedule network afb98f80-cc8e-44da-889a-a69ac806498b: no agents available; will retry on subsequent port and subnet creation events.
2026-05-09 18:01:54.694 10 INFO neutron.wsgi [None req-5246f216-82f3-4d2f-9648-5f82f024e7a4 696fa6d34c9e49f9ba1d2d75b59fad60 6b9c77189fdc46149f955b49ef925183 - - default default] 10.0.0.188 "DELETE /v2.0/security-group-rules/8b5e6570-9267-4df6-8606-cb330bcf19d5 HTTP/1.1" status: 204 len: 168 time: 0.1034477
2026-05-09 18:01:54.736 10 INFO neutron.wsgi [None req-c0920b68-0bd6-44a4-88d5-784afafc80a3 696fa6d34c9e49f9ba1d2d75b59fad60 6b9c77189fdc46149f955b49ef925183 - - default default] 10.0.0.188 "GET /v2.0/security-group-rules HTTP/1.1" status: 200 len: 3567 time: 0.0368612
2026-05-09 18:01:54.795 9 INFO neutron.db.ovn_revision_numbers_db [None req-7ee4bb31-4b2c-4ebb-8a41-79611b48f17a 28c940e75583403eb55f6a4144957e51 6967bedbcb71461da96002e815e4bad6 - - default default] Successfully bumped revision number for resource a42eb405-6e06-4306-9ad6-05a7e6945791 (type: ports) to 1
2026-05-09 18:01:54.802 9 WARNING neutron.scheduler.dhcp_agent_scheduler [None req-b4ee3f73-7ad1-4370-987e-bc9fcc6af620 e3f827b8f6f84f978c4b9e68357bb50b 7df23abf1ab4499eb275cb330d3aba5e - - default default] No more DHCP agents
2026-05-09 18:01:54.810 9 WARNING neutron.api.rpc.agentnotifiers.dhcp_rpc_agent_api [None req-b4ee3f73-7ad1-4370-987e-bc9fcc6af620 e3f827b8f6f84f978c4b9e68357bb50b 7df23abf1ab4499eb275cb330d3aba5e - - default default] Unable to schedule network 750ffe80-e0e6-4d0b-9891-e17f685255f4: no agents available; will retry on subsequent port and subnet creation events.
2026-05-09 18:01:54.812 9 INFO neutron.db.ovn_revision_numbers_db [None req-84fbf001-8778-4b88-8844-5ed8e071f087 7d4d596d7e434889a75b022328181eb1 d72969ff9f8b4f25948b76c3062a94f0 - - default default] Successfully bumped revision number for resource e3ef8e51-34a2-4b9f-9c18-d13faffde371 (type: security_groups) to 1
2026-05-09 18:01:54.844 9 INFO neutron.wsgi [None req-7ee4bb31-4b2c-4ebb-8a41-79611b48f17a 28c940e75583403eb55f6a4144957e51 6967bedbcb71461da96002e815e4bad6 - - default default] 10.0.0.188 "POST /v2.0/ports HTTP/1.1" status: 201 len: 942 time: 1.2302706
2026-05-09 18:01:54.846 9 INFO neutron.db.ovn_revision_numbers_db [None req-84fbf001-8778-4b88-8844-5ed8e071f087 7d4d596d7e434889a75b022328181eb1 d72969ff9f8b4f25948b76c3062a94f0 - - default default] Successfully bumped revision number for resource 0ca88018-07e7-4d24-827d-afbf74e01970 (type: security_group_rules) to 0
2026-05-09 18:01:54.855 10 WARNING neutron_lib.context [None req-fb8b94ae-27e6-4a00-84bc-479fd668b2eb 28c940e75583403eb55f6a4144957e51 6967bedbcb71461da96002e815e4bad6 - - default default] Method 'is_advsvc' is deprecated since 2023.2 release (neutron-lib 3.8.0) and will be removed once support for the old RBAC API policies will be removed from Neutron. Please use method 'is_service_role' instead.
2026-05-09 18:01:54.877 9 INFO neutron.db.ovn_revision_numbers_db [None req-84fbf001-8778-4b88-8844-5ed8e071f087 7d4d596d7e434889a75b022328181eb1 d72969ff9f8b4f25948b76c3062a94f0 - - default default] Successfully bumped revision number for resource 41f11184-4d83-43ae-9b90-f36d0a108438 (type: security_group_rules) to 0
2026-05-09 18:01:54.894 10 INFO neutron.wsgi [None req-1e48795e-352b-409f-8ff6-48fae6168f4f 696fa6d34c9e49f9ba1d2d75b59fad60 6b9c77189fdc46149f955b49ef925183 - - default default] 10.0.0.188 "DELETE /v2.0/security-groups/244996c3-5cbf-4c1f-8efa-aa49f5708a98 HTTP/1.1" status: 204 len: 168 time: 0.1495752 /var/lib/openstack/lib/python3.10/site-packages/pycadf/identifier.py:71: UserWarning: Invalid uuid: neutron. To ensure interoperability, identifiers should be a valid uuid. warnings.warn(('Invalid uuid: %s. To ensure interoperability, '
2026-05-09 18:01:54.914 9 INFO neutron.db.ovn_revision_numbers_db [None req-84fbf001-8778-4b88-8844-5ed8e071f087 7d4d596d7e434889a75b022328181eb1 d72969ff9f8b4f25948b76c3062a94f0 - - default default] Successfully bumped revision number for resource 6d45623e-d292-415c-9519-82d97fcad3c7 (type: security_group_rules) to 0
2026-05-09 18:01:54.948 9 INFO neutron.db.ovn_revision_numbers_db [None req-84fbf001-8778-4b88-8844-5ed8e071f087 7d4d596d7e434889a75b022328181eb1 d72969ff9f8b4f25948b76c3062a94f0 - - default default] Successfully bumped revision number for resource c3d89681-1594-4677-86a1-bae3da5af08d (type: security_group_rules) to 0
2026-05-09 18:01:54.971 9 INFO neutron.wsgi [None req-59ad538d-7759-47d9-896a-ab70dae53441 696fa6d34c9e49f9ba1d2d75b59fad60 6b9c77189fdc46149f955b49ef925183 - - default default] 10.0.0.188 "GET /v2.0/security-groups HTTP/1.1" status: 200 len: 2996 time: 0.0717173
2026-05-09 18:01:55.017 9 INFO neutron.db.segments_db [None req-84fbf001-8778-4b88-8844-5ed8e071f087 7d4d596d7e434889a75b022328181eb1 d72969ff9f8b4f25948b76c3062a94f0 - - default default] Added segment b33553c1-9b57-4a7f-be59-6179e2e625bc of type geneve for network 7fef6125-1be8-4650-973c-54d2168355f2
2026-05-09 18:01:55.056 10 INFO neutron.wsgi [None req-fb8b94ae-27e6-4a00-84bc-479fd668b2eb 28c940e75583403eb55f6a4144957e51 6967bedbcb71461da96002e815e4bad6 - - default default] 10.0.0.188 "POST /v2.0/trunks HTTP/1.1" status: 201 len: 608 time: 0.2065294
2026-05-09 18:01:55.060 9 INFO neutron.wsgi [None req-fc8c8f4c-1f79-43ad-8ea7-ab3e0838a215 696fa6d34c9e49f9ba1d2d75b59fad60 6b9c77189fdc46149f955b49ef925183 - - default default] 10.0.0.188 "GET /v2.0/security-groups HTTP/1.1" status: 200 len: 2996 time: 0.0814471
2026-05-09 18:01:55.067 10 WARNING neutron_lib.context [None req-7faa9f40-97ff-4981-a102-7539e0005550 28c940e75583403eb55f6a4144957e51 6967bedbcb71461da96002e815e4bad6 - - default default] Method 'is_advsvc' is deprecated since 2023.2 release (neutron-lib 3.8.0) and will be removed once support for the old RBAC API policies will be removed from Neutron. Please use method 'is_service_role' instead.
2026-05-09 18:01:55.080 9 INFO neutron.db.ovn_revision_numbers_db [None req-b4ee3f73-7ad1-4370-987e-bc9fcc6af620 e3f827b8f6f84f978c4b9e68357bb50b 7df23abf1ab4499eb275cb330d3aba5e - - default default] Successfully bumped revision number for resource 2c907457-3678-4163-998f-4afa8c3c305e (type: ports) to 1
2026-05-09 18:01:55.150 10 INFO neutron.db.segments_db [None req-7faa9f40-97ff-4981-a102-7539e0005550 28c940e75583403eb55f6a4144957e51 6967bedbcb71461da96002e815e4bad6 - - default default] Added segment 3e74fff8-4c64-4bad-aa4c-d6e0401efcfe of type geneve for network 3c0ef3c2-7660-4703-a68d-abfcedb1ec0d
2026-05-09 18:01:55.237 9 INFO neutron.db.ovn_revision_numbers_db [None req-84fbf001-8778-4b88-8844-5ed8e071f087 7d4d596d7e434889a75b022328181eb1 d72969ff9f8b4f25948b76c3062a94f0 - - default default] Successfully bumped revision number for resource 7fef6125-1be8-4650-973c-54d2168355f2 (type: networks) to 1
2026-05-09 18:01:55.296 10 INFO neutron.db.ovn_revision_numbers_db [None req-7faa9f40-97ff-4981-a102-7539e0005550 28c940e75583403eb55f6a4144957e51 6967bedbcb71461da96002e815e4bad6 - - default default] Successfully bumped revision number for resource 3c0ef3c2-7660-4703-a68d-abfcedb1ec0d (type: networks) to 1
2026-05-09 18:01:55.468 10 WARNING neutron.scheduler.dhcp_agent_scheduler [None req-7faa9f40-97ff-4981-a102-7539e0005550 28c940e75583403eb55f6a4144957e51 6967bedbcb71461da96002e815e4bad6 - - default default] No more DHCP agents
2026-05-09 18:01:55.471 10 WARNING neutron.api.rpc.agentnotifiers.dhcp_rpc_agent_api [None req-7faa9f40-97ff-4981-a102-7539e0005550 28c940e75583403eb55f6a4144957e51 6967bedbcb71461da96002e815e4bad6 - - default default] Unable to schedule network 3c0ef3c2-7660-4703-a68d-abfcedb1ec0d: no agents available; will retry on subsequent port and subnet creation events.
2026-05-09 18:01:55.486 9 WARNING neutron.scheduler.dhcp_agent_scheduler [None req-84fbf001-8778-4b88-8844-5ed8e071f087 7d4d596d7e434889a75b022328181eb1 d72969ff9f8b4f25948b76c3062a94f0 - - default default] No more DHCP agents
2026-05-09 18:01:55.490 9 WARNING neutron.api.rpc.agentnotifiers.dhcp_rpc_agent_api [None req-84fbf001-8778-4b88-8844-5ed8e071f087 7d4d596d7e434889a75b022328181eb1 d72969ff9f8b4f25948b76c3062a94f0 - - default default] Unable to schedule network 7fef6125-1be8-4650-973c-54d2168355f2: no agents available; will retry on subsequent port and subnet creation events.
2026-05-09 18:01:55.558 10 INFO neutron.db.ovn_revision_numbers_db [None req-7faa9f40-97ff-4981-a102-7539e0005550 28c940e75583403eb55f6a4144957e51 6967bedbcb71461da96002e815e4bad6 - - default default] Successfully bumped revision number for resource 899176b4-0661-4790-8467-d1b79ba33722 (type: ports) to 1
2026-05-09 18:01:55.584 10 INFO neutron.wsgi [None req-7faa9f40-97ff-4981-a102-7539e0005550 28c940e75583403eb55f6a4144957e51 6967bedbcb71461da96002e815e4bad6 - - default default] 10.0.0.188 "POST /v2.0/networks HTTP/1.1" status: 201 len: 831 time: 0.5220470
2026-05-09 18:01:55.593 10 WARNING neutron_lib.context [None req-6d36c67e-3555-4146-8a22-1255072ad53c 28c940e75583403eb55f6a4144957e51 6967bedbcb71461da96002e815e4bad6 - - default default] Method 'is_advsvc' is deprecated since 2023.2 release (neutron-lib 3.8.0) and will be removed once support for the old RBAC API policies will be removed from Neutron. Please use method 'is_service_role' instead.
2026-05-09 18:01:55.622 9 INFO neutron.db.ovn_revision_numbers_db [None req-84fbf001-8778-4b88-8844-5ed8e071f087 7d4d596d7e434889a75b022328181eb1 d72969ff9f8b4f25948b76c3062a94f0 - - default default] Successfully bumped revision number for resource b0d349ee-433f-4808-b53f-7c8a7b9d61ae (type: ports) to 1
2026-05-09 18:01:55.646 9 INFO neutron.wsgi [None req-84fbf001-8778-4b88-8844-5ed8e071f087 7d4d596d7e434889a75b022328181eb1 d72969ff9f8b4f25948b76c3062a94f0 - - default default] 10.0.0.188 "POST /v2.0/networks HTTP/1.1" status: 201 len: 831 time: 1.7499435
2026-05-09 18:01:55.753 9 INFO neutron.wsgi [None req-d6399fd3-6275-4c71-a8ed-c67cdfaebcbd 7d4d596d7e434889a75b022328181eb1 d72969ff9f8b4f25948b76c3062a94f0 - - default default] 10.0.0.188 "PUT /v2.0/networks/7fef6125-1be8-4650-973c-54d2168355f2/tags HTTP/1.1" status: 200 len: 218 time: 0.0988772
2026-05-09 18:01:55.770 9 INFO neutron.plugins.ml2.drivers.ovn.mech_driver.mech_driver [None req-b53abae5-100b-4e58-a0c5-ba0a5ed47b26 - - - - - -] OVN reports status up for port: 2c907457-3678-4163-998f-4afa8c3c305e
2026-05-09 18:01:55.791 9 INFO neutron.plugins.ml2.plugin [None req-b53abae5-100b-4e58-a0c5-ba0a5ed47b26 - - - - - -] Attempt 1 to provision port 2c907457-3678-4163-998f-4afa8c3c305e
2026-05-09 18:01:55.813 9 INFO neutron.wsgi [None req-9e74c2e0-12e0-440c-97eb-caa098e77376 403c861a68fa4d29b7a03bd97f863667 11d5b78ddac64b9aac04041d6853d349 - - default default] 10.0.0.188 "GET /v2.0/security-groups?tenant_id=6b9c77189fdc46149f955b49ef925183&name=default HTTP/1.1" status: 200 len: 2996 time: 0.2190211
2026-05-09 18:01:55.814 10 INFO neutron.wsgi [None req-95390c88-961a-4c16-95ec-7685d0d02c1d 7d4d596d7e434889a75b022328181eb1 d72969ff9f8b4f25948b76c3062a94f0 - - default default] 10.0.0.188 "GET /v2.0/networks/7fef6125-1be8-4650-973c-54d2168355f2/tags HTTP/1.1" status: 200 len: 218 time: 0.0558794 /var/lib/openstack/lib/python3.10/site-packages/pycadf/identifier.py:71: UserWarning: Invalid uuid: neutron. To ensure interoperability, identifiers should be a valid uuid. warnings.warn(('Invalid uuid: %s. To ensure interoperability, '
2026-05-09 18:01:55.827 9 INFO neutron.db.ovn_revision_numbers_db [None req-b4ee3f73-7ad1-4370-987e-bc9fcc6af620 e3f827b8f6f84f978c4b9e68357bb50b 7df23abf1ab4499eb275cb330d3aba5e - - default default] Successfully bumped revision number for resource 2c907457-3678-4163-998f-4afa8c3c305e (type: router_ports) to 1
2026-05-09 18:01:55.858 10 WARNING neutron.scheduler.dhcp_agent_scheduler [None req-6d36c67e-3555-4146-8a22-1255072ad53c 28c940e75583403eb55f6a4144957e51 6967bedbcb71461da96002e815e4bad6 - - default default] No more DHCP agents
2026-05-09 18:01:55.862 10 WARNING neutron.api.rpc.agentnotifiers.dhcp_rpc_agent_api [None req-6d36c67e-3555-4146-8a22-1255072ad53c 28c940e75583403eb55f6a4144957e51 6967bedbcb71461da96002e815e4bad6 - - default default] Unable to schedule network 3c0ef3c2-7660-4703-a68d-abfcedb1ec0d: no agents available; will retry on subsequent port and subnet creation events.
2026-05-09 18:01:55.899 10 INFO neutron.wsgi [None req-8b51d902-aac2-407b-bb65-94d486f3cb25 7d4d596d7e434889a75b022328181eb1 d72969ff9f8b4f25948b76c3062a94f0 - - default default] 10.0.0.188 "PUT /v2.0/networks/7fef6125-1be8-4650-973c-54d2168355f2/tags/green HTTP/1.1" status: 201 len: 201 time: 0.0805421 /var/lib/openstack/lib/python3.10/site-packages/pycadf/identifier.py:71: UserWarning: Invalid uuid: neutron. To ensure interoperability, identifiers should be a valid uuid. warnings.warn(('Invalid uuid: %s. To ensure interoperability, '
2026-05-09 18:01:55.955 10 INFO neutron.wsgi [None req-ac569176-4e59-4443-82ec-876e317e260c 7d4d596d7e434889a75b022328181eb1 d72969ff9f8b4f25948b76c3062a94f0 - - default default] 10.0.0.188 "GET /v2.0/networks/7fef6125-1be8-4650-973c-54d2168355f2/tags HTTP/1.1" status: 200 len: 227 time: 0.0513656
2026-05-09 18:01:55.964 10 INFO neutron.db.ovn_revision_numbers_db [None req-6d36c67e-3555-4146-8a22-1255072ad53c 28c940e75583403eb55f6a4144957e51 6967bedbcb71461da96002e815e4bad6 - - default default] Successfully bumped revision number for resource 8a8a6b56-380f-40d4-a3e7-e113c1cbd284 (type: ports) to 1
2026-05-09 18:01:56.004 10 INFO neutron.wsgi [None req-6d36c67e-3555-4146-8a22-1255072ad53c 28c940e75583403eb55f6a4144957e51 6967bedbcb71461da96002e815e4bad6 - - default default] 10.0.0.188 "POST /v2.0/ports HTTP/1.1" status: 201 len: 942 time: 0.4157381
2026-05-09 18:01:56.014 10 WARNING neutron_lib.context [None req-e3488724-5521-46ac-b7a6-23e81913d5d3 28c940e75583403eb55f6a4144957e51 6967bedbcb71461da96002e815e4bad6 - - default default] Method 'is_advsvc' is deprecated since 2023.2 release (neutron-lib 3.8.0) and will be removed once support for the old RBAC API policies will be removed from Neutron. Please use method 'is_service_role' instead.
2026-05-09 18:01:56.021 10 INFO neutron.wsgi [None req-8888b061-b284-4bcc-aafa-137a2184ea9b 7d4d596d7e434889a75b022328181eb1 d72969ff9f8b4f25948b76c3062a94f0 - - default default] 10.0.0.188 "PUT /v2.0/networks/7fef6125-1be8-4650-973c-54d2168355f2/tags/red HTTP/1.1" status: 201 len: 201 time: 0.0623448
2026-05-09 18:01:56.072 10 INFO neutron.wsgi [None req-a3d4b5ae-377f-401d-b410-9f25ed2a1d67 7d4d596d7e434889a75b022328181eb1 d72969ff9f8b4f25948b76c3062a94f0 - - default default] 10.0.0.188 "GET /v2.0/networks/7fef6125-1be8-4650-973c-54d2168355f2/tags HTTP/1.1" status: 200 len: 227 time: 0.0463104
2026-05-09 18:01:56.146 10 INFO neutron.wsgi [None req-27ce268f-ca61-4bf7-8ecf-8b2422e4e2c2 7d4d596d7e434889a75b022328181eb1 d72969ff9f8b4f25948b76c3062a94f0 - - default default] 10.0.0.188 "PUT /v2.0/networks/7fef6125-1be8-4650-973c-54d2168355f2/tags/black.or.white HTTP/1.1" status: 201 len: 201 time: 0.0692942
2026-05-09 18:01:56.205 10 INFO neutron.wsgi [None req-e4135479-ba36-4565-be6f-796bdaf8e3a4 7d4d596d7e434889a75b022328181eb1 d72969ff9f8b4f25948b76c3062a94f0 - - default default] 10.0.0.188 "GET /v2.0/networks/7fef6125-1be8-4650-973c-54d2168355f2/tags HTTP/1.1" status: 200 len: 245 time: 0.0530283
2026-05-09 18:01:56.255 10 INFO neutron.wsgi [None req-e3488724-5521-46ac-b7a6-23e81913d5d3 28c940e75583403eb55f6a4144957e51 6967bedbcb71461da96002e815e4bad6 - - default default] 10.0.0.188 "POST /v2.0/trunks HTTP/1.1" status: 201 len: 608 time: 0.2454903
2026-05-09 18:01:56.260 10 INFO neutron.wsgi [None req-7fc2f85d-d744-4922-ab25-55c3e9f05f2e 7d4d596d7e434889a75b022328181eb1 d72969ff9f8b4f25948b76c3062a94f0 - - default default] 10.0.0.188 "PUT /v2.0/networks/7fef6125-1be8-4650-973c-54d2168355f2/tags HTTP/1.1" status: 200 len: 230 time: 0.0503142
2026-05-09 18:01:56.276 9 INFO neutron.db.ovn_revision_numbers_db [None req-b4ee3f73-7ad1-4370-987e-bc9fcc6af620 e3f827b8f6f84f978c4b9e68357bb50b 7df23abf1ab4499eb275cb330d3aba5e - - default default] Successfully bumped revision number for resource 2c907457-3678-4163-998f-4afa8c3c305e (type: ports) to 1
2026-05-09 18:01:56.290 10 INFO neutron.wsgi [None req-502198c7-63fe-44b5-9418-f8bd0e0e4827 28c940e75583403eb55f6a4144957e51 6967bedbcb71461da96002e815e4bad6 - - default default] 10.0.0.188 "PUT /v2.0/trunks/04bba43f-634e-4aba-aa5f-ee497aa7883e/tags HTTP/1.1" status: 200 len: 210 time: 0.0296397
2026-05-09 18:01:56.323 10 INFO neutron.wsgi [None req-cc46f133-7f66-4c28-8bcf-1f522a157dcf 28c940e75583403eb55f6a4144957e51 6967bedbcb71461da96002e815e4bad6 - - default default] 10.0.0.188 "PUT /v2.0/trunks/7b5c441e-b3e3-4114-995a-5efd37bf67a9/tags HTTP/1.1" status: 200 len: 218 time: 0.0269420
2026-05-09 18:01:56.356 10 INFO neutron.wsgi [None req-3c7d992a-e4a6-40cb-8893-418458dd74b5 28c940e75583403eb55f6a4144957e51 6967bedbcb71461da96002e815e4bad6 - - default default] 10.0.0.188 "PUT /v2.0/trunks/617d55f3-ee8b-47b0-8a35-e77d0df2bb2f/tags HTTP/1.1" status: 200 len: 227 time: 0.0288506
2026-05-09 18:01:56.386 10 INFO neutron.wsgi [None req-1e398335-beeb-4a97-825d-1056bf077984 28c940e75583403eb55f6a4144957e51 6967bedbcb71461da96002e815e4bad6 - - default default] 10.0.0.188 "PUT /v2.0/trunks/6f02b63d-a401-4a1d-b0e0-8308275e7b06/tags HTTP/1.1" status: 200 len: 212 time: 0.0257227
2026-05-09 18:01:56.410 10 INFO neutron.wsgi [None req-c331bcdd-a4dc-4540-a430-81ab61316850 28c940e75583403eb55f6a4144957e51 6967bedbcb71461da96002e815e4bad6 - - default default] 10.0.0.188 "GET /v2.0/trunks?tags=red HTTP/1.1" status: 200 len: 1447 time: 0.0193355
2026-05-09 18:01:56.411 9 INFO neutron.wsgi [None req-a9fd5a34-2ed0-4f8c-9f61-0bd822893422 7d4d596d7e434889a75b022328181eb1 d72969ff9f8b4f25948b76c3062a94f0 - - default default] 10.0.0.188 "GET /v2.0/networks/7fef6125-1be8-4650-973c-54d2168355f2/tags HTTP/1.1" status: 200 len: 230 time: 0.1451879
2026-05-09 18:01:56.436 9 WARNING neutron.scheduler.dhcp_agent_scheduler [None req-b4ee3f73-7ad1-4370-987e-bc9fcc6af620 e3f827b8f6f84f978c4b9e68357bb50b 7df23abf1ab4499eb275cb330d3aba5e - - default default] No more DHCP agents
2026-05-09 18:01:56.441 9 WARNING neutron.api.rpc.agentnotifiers.dhcp_rpc_agent_api [None req-b4ee3f73-7ad1-4370-987e-bc9fcc6af620 e3f827b8f6f84f978c4b9e68357bb50b 7df23abf1ab4499eb275cb330d3aba5e - - default default] Unable to schedule network 750ffe80-e0e6-4d0b-9891-e17f685255f4: no agents available; will retry on subsequent port and subnet creation events.
2026-05-09 18:01:56.448 9 INFO neutron.wsgi [None req-f8216dff-3264-48be-8f2f-954a86dff496 403c861a68fa4d29b7a03bd97f863667 11d5b78ddac64b9aac04041d6853d349 - - default default] 10.0.0.188 "DELETE /v2.0/security-groups/8b815350-a366-4af2-b52b-5ae52aeb43e9 HTTP/1.1" status: 204 len: 168 time: 0.6295133
2026-05-09 18:01:56.466 10 INFO neutron.wsgi [None req-9eb871a8-dca1-4e8b-89e4-5ac49ea3febd 28c940e75583403eb55f6a4144957e51 6967bedbcb71461da96002e815e4bad6 - - default default] 10.0.0.188 "GET /v2.0/trunks?tags=red%2Cblue HTTP/1.1" status: 200 len: 1041 time: 0.0493007
2026-05-09 18:01:56.478 10 INFO neutron.wsgi [None req-22e01a7e-647d-44b8-b4f3-8b79e3134972 7d4d596d7e434889a75b022328181eb1 d72969ff9f8b4f25948b76c3062a94f0 - - default default] 10.0.0.188 "GET /v2.0/networks/7fef6125-1be8-4650-973c-54d2168355f2/tags/red HTTP/1.1" status: 204 len: 168 time: 0.0604818
2026-05-09 18:01:56.491 10 INFO neutron.wsgi [None req-8982fdb0-f5ba-469b-86ce-65265a95858c 28c940e75583403eb55f6a4144957e51 6967bedbcb71461da96002e815e4bad6 - - default default] 10.0.0.188 "GET /v2.0/trunks?tags-any=blue HTTP/1.1" status: 200 len: 1041 time: 0.0215905
2026-05-09 18:01:56.523 9 INFO neutron.db.ovn_revision_numbers_db [None req-b53abae5-100b-4e58-a0c5-ba0a5ed47b26 - - - - - -] Successfully bumped revision number for resource 2c907457-3678-4163-998f-4afa8c3c305e (type: ports) to 2
2026-05-09 18:01:56.525 10 INFO neutron.wsgi [None req-bb4b40ec-4be7-4739-a3aa-cc8227573fbd 28c940e75583403eb55f6a4144957e51 6967bedbcb71461da96002e815e4bad6 - - default default] 10.0.0.188 "GET /v2.0/trunks?tags-any=red%2Cblue HTTP/1.1" status: 200 len: 1447 time: 0.0292149
2026-05-09 18:01:56.528 10 INFO neutron.api.v2.resource [None req-32ae6fe2-2cdd-4f84-be2d-bdf58870909a 7d4d596d7e434889a75b022328181eb1 d72969ff9f8b4f25948b76c3062a94f0 - - default default] show failed (client error): The resource could not be found.
2026-05-09 18:01:56.529 10 INFO neutron.wsgi [None req-32ae6fe2-2cdd-4f84-be2d-bdf58870909a 7d4d596d7e434889a75b022328181eb1 d72969ff9f8b4f25948b76c3062a94f0 - - default default] 10.0.0.188 "GET /v2.0/networks/7fef6125-1be8-4650-973c-54d2168355f2/tags/green HTTP/1.1" status: 404 len: 299 time: 0.0453172
2026-05-09 18:01:56.549 10 INFO neutron.wsgi [None req-914b3f3a-f4dc-4190-8f2c-a0e8b4a64066 28c940e75583403eb55f6a4144957e51 6967bedbcb71461da96002e815e4bad6 - - default default] 10.0.0.188 "GET /v2.0/trunks?not-tags=red HTTP/1.1" status: 200 len: 1013 time: 0.0195749
2026-05-09 18:01:56.585 10 INFO neutron.wsgi [None req-2ce9a083-8581-4c41-86f2-2ff45c009581 28c940e75583403eb55f6a4144957e51 6967bedbcb71461da96002e815e4bad6 - - default default] 10.0.0.188 "GET /v2.0/trunks?not-tags=red%2Cblue HTTP/1.1" status: 200 len: 1419 time: 0.0309865
2026-05-09 18:01:56.605 10 INFO neutron.wsgi [None req-f0bd6348-67c9-441b-a612-c867361bed64 7d4d596d7e434889a75b022328181eb1 d72969ff9f8b4f25948b76c3062a94f0 - - default default] 10.0.0.188 "DELETE /v2.0/networks/7fef6125-1be8-4650-973c-54d2168355f2/tags/red HTTP/1.1" status: 204 len: 168 time: 0.0694189
2026-05-09 18:01:56.608 10 INFO neutron.wsgi [None req-31c4d211-4610-475d-973f-5412bdd9af1e 28c940e75583403eb55f6a4144957e51 6967bedbcb71461da96002e815e4bad6 - - default default] 10.0.0.188 "GET /v2.0/trunks?not-tags-any=blue HTTP/1.1" status: 200 len: 1419 time: 0.0177987
2026-05-09 18:01:56.639 9 INFO neutron.db.ovn_revision_numbers_db [None req-b53abae5-100b-4e58-a0c5-ba0a5ed47b26 - - - - - -] Successfully bumped revision number for resource 2c907457-3678-4163-998f-4afa8c3c305e (type: router_ports) to 2
2026-05-09 18:01:56.643 10 INFO neutron.wsgi [None req-afbf5df0-67f3-4a42-a076-409d75bf9870 7d4d596d7e434889a75b022328181eb1 d72969ff9f8b4f25948b76c3062a94f0 - - default default] 10.0.0.188 "GET /v2.0/networks/7fef6125-1be8-4650-973c-54d2168355f2/tags HTTP/1.1" status: 200 len: 223 time: 0.0331995
2026-05-09 18:01:56.662 9 INFO neutron.wsgi [None req-2e165934-6fa3-4e43-98ee-c5cbdf76f76c 28c940e75583403eb55f6a4144957e51 6967bedbcb71461da96002e815e4bad6 - - default default] 10.0.0.188 "GET /v2.0/trunks?not-tags-any=red%2Cblue HTTP/1.1" status: 200 len: 1013 time: 0.0474241
2026-05-09 18:01:56.693 10 INFO neutron.api.v2.resource [None req-779fff6d-43cc-46de-99bf-28f8d9ff4f9e 7d4d596d7e434889a75b022328181eb1 d72969ff9f8b4f25948b76c3062a94f0 - - default default] delete failed (client error): The resource could not be found.
2026-05-09 18:01:56.695 10 INFO neutron.wsgi [None req-779fff6d-43cc-46de-99bf-28f8d9ff4f9e 7d4d596d7e434889a75b022328181eb1 d72969ff9f8b4f25948b76c3062a94f0 - - default default] 10.0.0.188 "DELETE /v2.0/networks/7fef6125-1be8-4650-973c-54d2168355f2/tags/green HTTP/1.1" status: 404 len: 299 time: 0.0472269
2026-05-09 18:01:56.697 9 INFO neutron.wsgi [None req-4c0ceb2b-b4e8-42c2-ac09-00b8fef96202 28c940e75583403eb55f6a4144957e51 6967bedbcb71461da96002e815e4bad6 - - default default] 10.0.0.188 "GET /v2.0/trunks/04bba43f-634e-4aba-aa5f-ee497aa7883e HTTP/1.1" status: 200 len: 608 time: 0.0276127
2026-05-09 18:01:56.855 9 INFO neutron.db.ovn_revision_numbers_db [None req-b4ee3f73-7ad1-4370-987e-bc9fcc6af620 e3f827b8f6f84f978c4b9e68357bb50b 7df23abf1ab4499eb275cb330d3aba5e - - default default] Successfully bumped revision number for resource 2c907457-3678-4163-998f-4afa8c3c305e (type: router_ports) to 2
2026-05-09 18:01:56.858 9 INFO neutron.wsgi [None req-b4ee3f73-7ad1-4370-987e-bc9fcc6af620 e3f827b8f6f84f978c4b9e68357bb50b 7df23abf1ab4499eb275cb330d3aba5e - - default default] 10.0.0.188 "PUT /v2.0/routers/aa3858f8-270f-4234-be5f-a43a75588986/add_router_interface HTTP/1.1" status: 200 len: 503 time: 3.5234642
2026-05-09 18:01:57.004 9 INFO neutron.wsgi [None req-f788ab2b-b002-41e6-9cca-30329c0210ff fd4142ec664f4312b530e2e223fbacd7 ee269bbccc4947ad9593686559ed7d8e - - default default] 10.0.0.188 "GET /v2.0/networks HTTP/1.1" status: 200 len: 7371 time: 0.1352129
2026-05-09 18:01:57.056 10 INFO neutron.wsgi [None req-a0acc986-0e4e-4f5c-997d-79a3a4383cc9 7d4d596d7e434889a75b022328181eb1 d72969ff9f8b4f25948b76c3062a94f0 - - default default] 10.0.0.188 "DELETE /v2.0/networks/7fef6125-1be8-4650-973c-54d2168355f2/tags HTTP/1.1" status: 204 len: 168 time: 0.3564820
2026-05-09 18:01:57.066 10 INFO neutron.wsgi [None req-b1460d0e-5b3f-49ab-9e1c-30b56c4b392c 28c940e75583403eb55f6a4144957e51 6967bedbcb71461da96002e815e4bad6 - - default default] 10.0.0.188 "GET /v2.0/ports/f93b3fff-a4dd-4076-84ca-946db28c1160 HTTP/1.1" status: 200 len: 1020 time: 0.3613470
2026-05-09 18:01:57.089 9 INFO neutron.wsgi [None req-41c62208-5dbe-4444-ae7f-3a7238f47332 fd4142ec664f4312b530e2e223fbacd7 ee269bbccc4947ad9593686559ed7d8e - - default default] 10.0.0.188 "GET /v2.0/subnets HTTP/1.1" status: 200 len: 2096 time: 0.0646584
2026-05-09 18:01:57.111 9 INFO neutron.wsgi [None req-8ab041d4-9a82-48c1-9ff9-be625e422497 7d4d596d7e434889a75b022328181eb1 d72969ff9f8b4f25948b76c3062a94f0 - - default default] 10.0.0.188 "GET /v2.0/networks/7fef6125-1be8-4650-973c-54d2168355f2/tags HTTP/1.1" status: 200 len: 205 time: 0.0483394
2026-05-09 18:01:57.208 10 INFO neutron.wsgi [None req-94db1817-a0ed-459a-afa0-d1c5c4a3f329 28c940e75583403eb55f6a4144957e51 6967bedbcb71461da96002e815e4bad6 - - default default] 10.0.0.188 "DELETE /v2.0/trunks/04bba43f-634e-4aba-aa5f-ee497aa7883e HTTP/1.1" status: 204 len: 168 time: 0.1376534
2026-05-09 18:01:57.228 10 INFO neutron.wsgi [None req-cf60b857-eb3a-4892-9735-e749190733a6 fd4142ec664f4312b530e2e223fbacd7 ee269bbccc4947ad9593686559ed7d8e - - default default] 10.0.0.188 "GET /v2.0/routers HTTP/1.1" status: 200 len: 877 time: 0.1333764
2026-05-09 18:01:57.246 10 INFO neutron.wsgi [None req-f8e3ca9f-1d52-45fc-99a2-9c72fce6474e 28c940e75583403eb55f6a4144957e51 6967bedbcb71461da96002e815e4bad6 - - default default] 10.0.0.188 "GET /v2.0/trunks/7b5c441e-b3e3-4114-995a-5efd37bf67a9 HTTP/1.1" status: 200 len: 616 time: 0.0331311
2026-05-09 18:01:57.298 9 WARNING neutron_lib.context [None req-a268b21d-7831-4d06-9877-95b9a12f881f e3f827b8f6f84f978c4b9e68357bb50b 7df23abf1ab4499eb275cb330d3aba5e - - default default] Method 'is_advsvc' is deprecated since 2023.2 release (neutron-lib 3.8.0) and will be removed once support for the old RBAC API policies will be removed from Neutron. Please use method 'is_service_role' instead.
