2026-05-09 17:59:54.180 9 INFO neutron.wsgi [req-ddf7e946-10f7-4db5-8289-3882cfe2154d req-25815f24-9e6e-4090-be28-67b947ed9f4f 3d9dea9445d4474c86004f40755ec965 3265557e2e0f4adc8876917c1ab2194b - - 24fb024d43c54052bfeeb1475316e5b6 24fb024d43c54052bfeeb1475316e5b6] 199.204.45.246 "GET /v2.0/subnets?id=87102603-b837-4f33-a0a9-25e36c4a2a99 HTTP/1.1" status: 200 len: 876 time: 0.0335422
2026-05-09 17:59:54.205 9 INFO neutron.wsgi [req-ddf7e946-10f7-4db5-8289-3882cfe2154d req-8681dc62-35aa-46a4-98b1-d838c79351c6 3d9dea9445d4474c86004f40755ec965 3265557e2e0f4adc8876917c1ab2194b - - 24fb024d43c54052bfeeb1475316e5b6 24fb024d43c54052bfeeb1475316e5b6] 199.204.45.246 "GET /v2.0/ports?network_id=446a3b29-9f9d-42a4-908e-79d6a9540604&device_owner=network%3Adhcp HTTP/1.1" status: 200 len: 210 time: 0.0182002
2026-05-09 17:59:54.271 9 INFO neutron.wsgi [req-ddf7e946-10f7-4db5-8289-3882cfe2154d req-2a736ab0-5779-43f0-a1d1-81924b5cb88e 3d9dea9445d4474c86004f40755ec965 3265557e2e0f4adc8876917c1ab2194b - - 24fb024d43c54052bfeeb1475316e5b6 24fb024d43c54052bfeeb1475316e5b6] 199.204.45.246 "GET /v2.0/networks/446a3b29-9f9d-42a4-908e-79d6a9540604?fields=segments HTTP/1.1" status: 200 len: 212 time: 0.0589776
2026-05-09 17:59:54.341 9 INFO neutron.wsgi [req-ddf7e946-10f7-4db5-8289-3882cfe2154d req-32e60999-3338-4a26-9425-ca6c5a3215c3 3d9dea9445d4474c86004f40755ec965 3265557e2e0f4adc8876917c1ab2194b - - 24fb024d43c54052bfeeb1475316e5b6 24fb024d43c54052bfeeb1475316e5b6] 199.204.45.246 "GET /v2.0/networks/446a3b29-9f9d-42a4-908e-79d6a9540604?fields=provider%3Aphysical_network&fields=provider%3Anetwork_type HTTP/1.1" status: 200 len: 277 time: 0.0636902
2026-05-09 17:59:54.437 10 INFO neutron.wsgi [None req-f5540b56-a088-402c-8fa0-79bfa237009e 2b11aa0acd7b422d8d1fdeb229fc8d17 364cc673364e4f59a642775e3e17c4ce - - default default] 10.0.0.188 "DELETE /v2.0/security-groups/3823d445-1ec0-4281-a474-d409c62276e9 HTTP/1.1" status: 204 len: 168 time: 0.1197345
2026-05-09 17:59:54.451 10 INFO neutron.api.v2.resource [None req-a1f8b587-0a4b-474a-ae08-100cf77fc613 2b11aa0acd7b422d8d1fdeb229fc8d17 364cc673364e4f59a642775e3e17c4ce - - default default] show failed (client error): The resource could not be found.
2026-05-09 17:59:54.452 10 INFO neutron.wsgi [None req-a1f8b587-0a4b-474a-ae08-100cf77fc613 2b11aa0acd7b422d8d1fdeb229fc8d17 364cc673364e4f59a642775e3e17c4ce - - default default] 10.0.0.188 "GET /v2.0/security-groups/3823d445-1ec0-4281-a474-d409c62276e9 HTTP/1.1" status: 404 len: 347 time: 0.0086062
2026-05-09 17:59:54.774 10 INFO neutron.wsgi [None req-8b141601-ebc7-41ab-8352-c9584fb263f8 2b11aa0acd7b422d8d1fdeb229fc8d17 364cc673364e4f59a642775e3e17c4ce - - default default] 10.0.0.188 "DELETE /v2.0/floatingips/9defc94e-2e6b-46e0-885d-e82553a62297 HTTP/1.1" status: 204 len: 168 time: 0.3181827
2026-05-09 17:59:54.904 9 INFO neutron.db.ovn_revision_numbers_db [None req-d5e29565-3fe3-47fc-bdae-a766220b0ec6 403c861a68fa4d29b7a03bd97f863667 11d5b78ddac64b9aac04041d6853d349 - - default default] Successfully bumped revision number for resource 8b3cf818-e13b-4709-b733-c04c2364d973 (type: security_groups) to 1
2026-05-09 17:59:54.915 9 INFO neutron.db.ovn_revision_numbers_db [None req-d5e29565-3fe3-47fc-bdae-a766220b0ec6 403c861a68fa4d29b7a03bd97f863667 11d5b78ddac64b9aac04041d6853d349 - - default default] Successfully bumped revision number for resource 580df993-c9dc-4cdb-b821-6e65fb0a7e6a (type: security_group_rules) to 0
2026-05-09 17:59:54.929 9 INFO neutron.db.ovn_revision_numbers_db [None req-d5e29565-3fe3-47fc-bdae-a766220b0ec6 403c861a68fa4d29b7a03bd97f863667 11d5b78ddac64b9aac04041d6853d349 - - default default] Successfully bumped revision number for resource 5c2e3234-6d39-4329-a7ab-c2fabb1210ea (type: security_group_rules) to 0
2026-05-09 17:59:54.943 9 INFO neutron.db.ovn_revision_numbers_db [None req-d5e29565-3fe3-47fc-bdae-a766220b0ec6 403c861a68fa4d29b7a03bd97f863667 11d5b78ddac64b9aac04041d6853d349 - - default default] Successfully bumped revision number for resource 8239cd40-e3a1-4fdb-bb25-900878c70b9d (type: security_group_rules) to 0
2026-05-09 17:59:54.956 9 INFO neutron.db.ovn_revision_numbers_db [None req-d5e29565-3fe3-47fc-bdae-a766220b0ec6 403c861a68fa4d29b7a03bd97f863667 11d5b78ddac64b9aac04041d6853d349 - - default default] Successfully bumped revision number for resource f22ba2eb-0ea3-49cc-8430-3e377860c1d9 (type: security_group_rules) to 0
2026-05-09 17:59:55.010 9 INFO neutron.db.segments_db [None req-d5e29565-3fe3-47fc-bdae-a766220b0ec6 403c861a68fa4d29b7a03bd97f863667 11d5b78ddac64b9aac04041d6853d349 - - default default] Added segment 3ccc264d-6b4e-483b-8d27-e3916fc80963 of type geneve for network e54b6d49-58dd-4a2e-ac2b-b861d0cde66f
2026-05-09 17:59:55.137 9 INFO neutron.db.ovn_revision_numbers_db [None req-d5e29565-3fe3-47fc-bdae-a766220b0ec6 403c861a68fa4d29b7a03bd97f863667 11d5b78ddac64b9aac04041d6853d349 - - default default] Successfully bumped revision number for resource e54b6d49-58dd-4a2e-ac2b-b861d0cde66f (type: networks) to 1
2026-05-09 17:59:55.185 9 INFO neutron.wsgi [req-5bbb6d97-f364-437c-b005-dd7a8a800c7f req-2d8ddc9b-5445-456d-bc6c-106be6ad8594 9d44782bb1db4e06847393e49285bab1 200db972e9cc41b3a15f11d1e23de1b0 - - default default] 10.0.0.140 "GET /v2.0/ports?device_id=ce8f2516-6259-4bd3-ab42-5d55c94db046 HTTP/1.1" status: 200 len: 1348 time: 0.0377631
2026-05-09 17:59:55.248 9 INFO neutron.wsgi [req-5bbb6d97-f364-437c-b005-dd7a8a800c7f req-6d18f338-3e53-4d4a-a686-81f2adb4fcff 9d44782bb1db4e06847393e49285bab1 200db972e9cc41b3a15f11d1e23de1b0 - - default default] 10.0.0.140 "GET /v2.0/security-groups?id=934645d5-99d2-441f-9ca2-3866de5ce633&fields=id&fields=name HTTP/1.1" status: 200 len: 313 time: 0.0557733
2026-05-09 17:59:55.327 9 WARNING neutron.scheduler.dhcp_agent_scheduler [None req-d5e29565-3fe3-47fc-bdae-a766220b0ec6 403c861a68fa4d29b7a03bd97f863667 11d5b78ddac64b9aac04041d6853d349 - - default default] No more DHCP agents
2026-05-09 17:59:55.329 9 WARNING neutron.api.rpc.agentnotifiers.dhcp_rpc_agent_api [None req-d5e29565-3fe3-47fc-bdae-a766220b0ec6 403c861a68fa4d29b7a03bd97f863667 11d5b78ddac64b9aac04041d6853d349 - - default default] Unable to schedule network e54b6d49-58dd-4a2e-ac2b-b861d0cde66f: no agents available; will retry on subsequent port and subnet creation events.
2026-05-09 17:59:55.404 9 INFO neutron.wsgi [req-dc0acb0c-fc2a-4805-84a5-3843c84b8fc9 req-c4594b20-de6e-49d0-82f7-17d755e5396f 9d44782bb1db4e06847393e49285bab1 200db972e9cc41b3a15f11d1e23de1b0 - - default default] 199.204.45.246 "GET /v2.0/ports?device_id=ce8f2516-6259-4bd3-ab42-5d55c94db046&device_owner=compute%3Anova&fixed_ips=ip_address%3D10.100.0.7 HTTP/1.1" status: 200 len: 1348 time: 0.0614355
2026-05-09 17:59:55.462 9 INFO neutron.db.ovn_revision_numbers_db [None req-d5e29565-3fe3-47fc-bdae-a766220b0ec6 403c861a68fa4d29b7a03bd97f863667 11d5b78ddac64b9aac04041d6853d349 - - default default] Successfully bumped revision number for resource 1584c47a-72a9-4950-8eea-20be2b44e7cb (type: ports) to 1
2026-05-09 17:59:55.496 9 INFO neutron.wsgi [None req-d5e29565-3fe3-47fc-bdae-a766220b0ec6 403c861a68fa4d29b7a03bd97f863667 11d5b78ddac64b9aac04041d6853d349 - - default default] 10.0.0.188 "POST /v2.0/networks HTTP/1.1" status: 201 len: 948 time: 0.8302634
2026-05-09 17:59:55.695 9 WARNING neutron.scheduler.dhcp_agent_scheduler [None req-89a2fdbb-7ed8-4383-84c7-7894235e38a3 403c861a68fa4d29b7a03bd97f863667 11d5b78ddac64b9aac04041d6853d349 - - default default] No more DHCP agents
2026-05-09 17:59:55.702 9 WARNING neutron.api.rpc.agentnotifiers.dhcp_rpc_agent_api [None req-89a2fdbb-7ed8-4383-84c7-7894235e38a3 403c861a68fa4d29b7a03bd97f863667 11d5b78ddac64b9aac04041d6853d349 - - default default] Unable to schedule network e54b6d49-58dd-4a2e-ac2b-b861d0cde66f: no agents available; will retry on subsequent port and subnet creation events.
2026-05-09 17:59:55.754 10 INFO neutron.wsgi [None req-e3bffb5e-7477-4a2b-9369-bc11ee7ead7c 403c861a68fa4d29b7a03bd97f863667 11d5b78ddac64b9aac04041d6853d349 - - default default] 10.0.0.188 "PUT /v2.0/routers/f5185ad7-070a-4d77-9a81-a645187d165d/remove_router_interface HTTP/1.1" status: 200 len: 503 time: 0.9733634
2026-05-09 17:59:55.760 9 INFO neutron.notifiers.nova [-] Nova event matching ['req-2703ab16-85f1-48dc-9362-6006f6c091e7'] response: {'name': 'network-changed', 'server_uuid': 'ce8f2516-6259-4bd3-ab42-5d55c94db046', 'tag': 'c862012f-f391-42a3-9a31-5791a570f7cf', 'status': 'completed', 'code': 200} /var/lib/openstack/lib/python3.10/site-packages/pycadf/identifier.py:71: UserWarning: Invalid uuid: neutron. To ensure interoperability, identifiers should be a valid uuid. warnings.warn(('Invalid uuid: %s. To ensure interoperability, '
2026-05-09 17:59:56.166 9 INFO neutron.db.ovn_revision_numbers_db [req-dc0acb0c-fc2a-4805-84a5-3843c84b8fc9 req-4aed861d-b33c-472d-ad2f-1d4d11a7ec2a 9d44782bb1db4e06847393e49285bab1 200db972e9cc41b3a15f11d1e23de1b0 - - default default] Successfully bumped revision number for resource c862012f-f391-42a3-9a31-5791a570f7cf (type: ports) to 6
2026-05-09 17:59:56.182 9 INFO neutron.wsgi [req-dc0acb0c-fc2a-4805-84a5-3843c84b8fc9 req-4aed861d-b33c-472d-ad2f-1d4d11a7ec2a 9d44782bb1db4e06847393e49285bab1 200db972e9cc41b3a15f11d1e23de1b0 - - default default] 199.204.45.246 "PUT /v2.0/ports/c862012f-f391-42a3-9a31-5791a570f7cf HTTP/1.1" status: 200 len: 1167 time: 0.7715952 /var/lib/openstack/lib/python3.10/site-packages/pycadf/identifier.py:71: UserWarning: Invalid uuid: neutron. To ensure interoperability, identifiers should be a valid uuid. warnings.warn(('Invalid uuid: %s. To ensure interoperability, '
2026-05-09 17:59:56.240 9 INFO neutron.wsgi [req-dc0acb0c-fc2a-4805-84a5-3843c84b8fc9 req-12cbe287-6a84-4da9-a0a0-b4c86981dc4a 3d9dea9445d4474c86004f40755ec965 3265557e2e0f4adc8876917c1ab2194b - - 24fb024d43c54052bfeeb1475316e5b6 24fb024d43c54052bfeeb1475316e5b6] 199.204.45.246 "GET /v2.0/ports?tenant_id=200db972e9cc41b3a15f11d1e23de1b0&device_id=ce8f2516-6259-4bd3-ab42-5d55c94db046 HTTP/1.1" status: 200 len: 1409 time: 0.0384371
2026-05-09 17:59:56.322 9 INFO neutron.wsgi [req-dc0acb0c-fc2a-4805-84a5-3843c84b8fc9 req-0de5fb38-8604-4569-9a43-77e519bd573a 3d9dea9445d4474c86004f40755ec965 3265557e2e0f4adc8876917c1ab2194b - - 24fb024d43c54052bfeeb1475316e5b6 24fb024d43c54052bfeeb1475316e5b6] 199.204.45.246 "GET /v2.0/networks?id=446a3b29-9f9d-42a4-908e-79d6a9540604 HTTP/1.1" status: 200 len: 981 time: 0.0747840
2026-05-09 17:59:56.379 9 INFO neutron.wsgi [req-dc0acb0c-fc2a-4805-84a5-3843c84b8fc9 req-118eb1b6-d42a-47a0-8fcf-725ceb62e7bf 3d9dea9445d4474c86004f40755ec965 3265557e2e0f4adc8876917c1ab2194b - - 24fb024d43c54052bfeeb1475316e5b6 24fb024d43c54052bfeeb1475316e5b6] 199.204.45.246 "GET /v2.0/floatingips?fixed_ip_address=10.100.0.3&port_id=c862012f-f391-42a3-9a31-5791a570f7cf HTTP/1.1" status: 200 len: 1059 time: 0.0462310
2026-05-09 17:59:56.423 9 INFO neutron.wsgi [req-dc0acb0c-fc2a-4805-84a5-3843c84b8fc9 req-866bfdd5-2604-4ca0-9ac2-50621416c33a 3d9dea9445d4474c86004f40755ec965 3265557e2e0f4adc8876917c1ab2194b - - 24fb024d43c54052bfeeb1475316e5b6 24fb024d43c54052bfeeb1475316e5b6] 199.204.45.246 "GET /v2.0/subnets?id=87102603-b837-4f33-a0a9-25e36c4a2a99 HTTP/1.1" status: 200 len: 876 time: 0.0386407
2026-05-09 17:59:56.457 9 INFO neutron.wsgi [req-dc0acb0c-fc2a-4805-84a5-3843c84b8fc9 req-9df76814-324e-47e3-b7a4-d66d672b925f 3d9dea9445d4474c86004f40755ec965 3265557e2e0f4adc8876917c1ab2194b - - 24fb024d43c54052bfeeb1475316e5b6 24fb024d43c54052bfeeb1475316e5b6] 199.204.45.246 "GET /v2.0/ports?network_id=446a3b29-9f9d-42a4-908e-79d6a9540604&device_owner=network%3Adhcp HTTP/1.1" status: 200 len: 210 time: 0.0253716
2026-05-09 17:59:56.534 9 INFO neutron.wsgi [req-dc0acb0c-fc2a-4805-84a5-3843c84b8fc9 req-006651f9-bea6-4255-8aec-5faafe756e73 3d9dea9445d4474c86004f40755ec965 3265557e2e0f4adc8876917c1ab2194b - - 24fb024d43c54052bfeeb1475316e5b6 24fb024d43c54052bfeeb1475316e5b6] 199.204.45.246 "GET /v2.0/networks/446a3b29-9f9d-42a4-908e-79d6a9540604?fields=segments HTTP/1.1" status: 200 len: 212 time: 0.0708187
2026-05-09 17:59:56.577 9 INFO neutron.db.ovn_revision_numbers_db [None req-89a2fdbb-7ed8-4383-84c7-7894235e38a3 403c861a68fa4d29b7a03bd97f863667 11d5b78ddac64b9aac04041d6853d349 - - default default] Successfully bumped revision number for resource 1584c47a-72a9-4950-8eea-20be2b44e7cb (type: ports) to 2
2026-05-09 17:59:56.606 9 INFO neutron.wsgi [req-dc0acb0c-fc2a-4805-84a5-3843c84b8fc9 req-0fe6383d-2407-4e84-99aa-7c15e829c647 3d9dea9445d4474c86004f40755ec965 3265557e2e0f4adc8876917c1ab2194b - - 24fb024d43c54052bfeeb1475316e5b6 24fb024d43c54052bfeeb1475316e5b6] 199.204.45.246 "GET /v2.0/networks/446a3b29-9f9d-42a4-908e-79d6a9540604?fields=provider%3Aphysical_network&fields=provider%3Anetwork_type HTTP/1.1" status: 200 len: 277 time: 0.0660365
2026-05-09 17:59:56.623 9 INFO neutron.db.ovn_revision_numbers_db [None req-89a2fdbb-7ed8-4383-84c7-7894235e38a3 403c861a68fa4d29b7a03bd97f863667 11d5b78ddac64b9aac04041d6853d349 - - default default] Successfully bumped revision number for resource a8c92e94-5384-4bde-91de-dd135eb10d57 (type: subnets) to 0
2026-05-09 17:59:56.642 9 INFO neutron.wsgi [None req-89a2fdbb-7ed8-4383-84c7-7894235e38a3 403c861a68fa4d29b7a03bd97f863667 11d5b78ddac64b9aac04041d6853d349 - - default default] 10.0.0.188 "POST /v2.0/subnets HTTP/1.1" status: 201 len: 868 time: 1.1414814
2026-05-09 17:59:56.688 9 INFO neutron.wsgi [req-25db6044-2dbe-44b7-a8eb-d6d16bc9d639 req-45e1843c-efab-464b-81ac-03abfe33a8a3 3d9dea9445d4474c86004f40755ec965 3265557e2e0f4adc8876917c1ab2194b - - 24fb024d43c54052bfeeb1475316e5b6 24fb024d43c54052bfeeb1475316e5b6] 199.204.45.246 "GET /v2.0/ports?tenant_id=200db972e9cc41b3a15f11d1e23de1b0&device_id=ce8f2516-6259-4bd3-ab42-5d55c94db046 HTTP/1.1" status: 200 len: 1409 time: 0.0427415
2026-05-09 17:59:56.745 9 INFO neutron.wsgi [req-25db6044-2dbe-44b7-a8eb-d6d16bc9d639 req-545742cd-5bf9-43b4-ba73-bdb05cc4f6f8 3d9dea9445d4474c86004f40755ec965 3265557e2e0f4adc8876917c1ab2194b - - 24fb024d43c54052bfeeb1475316e5b6 24fb024d43c54052bfeeb1475316e5b6] 199.204.45.246 "GET /v2.0/networks?id=446a3b29-9f9d-42a4-908e-79d6a9540604 HTTP/1.1" status: 200 len: 981 time: 0.0510962
2026-05-09 17:59:56.799 9 INFO neutron.wsgi [req-25db6044-2dbe-44b7-a8eb-d6d16bc9d639 req-f2e51ecf-f70d-46a0-bc6b-e567b18c6a92 3d9dea9445d4474c86004f40755ec965 3265557e2e0f4adc8876917c1ab2194b - - 24fb024d43c54052bfeeb1475316e5b6 24fb024d43c54052bfeeb1475316e5b6] 199.204.45.246 "GET /v2.0/floatingips?fixed_ip_address=10.100.0.3&port_id=c862012f-f391-42a3-9a31-5791a570f7cf HTTP/1.1" status: 200 len: 1059 time: 0.0445843
2026-05-09 17:59:56.821 10 INFO neutron.wsgi [None req-d435afef-92fa-4a5b-904e-5ee558a5edd9 403c861a68fa4d29b7a03bd97f863667 11d5b78ddac64b9aac04041d6853d349 - - default default] 10.0.0.188 "DELETE /v2.0/routers/f5185ad7-070a-4d77-9a81-a645187d165d HTTP/1.1" status: 204 len: 168 time: 1.0589263
2026-05-09 17:59:56.837 9 INFO neutron.wsgi [req-25db6044-2dbe-44b7-a8eb-d6d16bc9d639 req-e1677569-8556-4379-9e7c-f5097fd465d6 3d9dea9445d4474c86004f40755ec965 3265557e2e0f4adc8876917c1ab2194b - - 24fb024d43c54052bfeeb1475316e5b6 24fb024d43c54052bfeeb1475316e5b6] 199.204.45.246 "GET /v2.0/subnets?id=87102603-b837-4f33-a0a9-25e36c4a2a99 HTTP/1.1" status: 200 len: 876 time: 0.0334873
2026-05-09 17:59:56.862 9 INFO neutron.wsgi [req-25db6044-2dbe-44b7-a8eb-d6d16bc9d639 req-c5e7b4da-04f0-42c4-b886-25ff2457578b 3d9dea9445d4474c86004f40755ec965 3265557e2e0f4adc8876917c1ab2194b - - 24fb024d43c54052bfeeb1475316e5b6 24fb024d43c54052bfeeb1475316e5b6] 199.204.45.246 "GET /v2.0/ports?network_id=446a3b29-9f9d-42a4-908e-79d6a9540604&device_owner=network%3Adhcp HTTP/1.1" status: 200 len: 210 time: 0.0194402
2026-05-09 17:59:56.925 9 INFO neutron.wsgi [req-25db6044-2dbe-44b7-a8eb-d6d16bc9d639 req-6dd6ef5f-bc5f-4bc9-8fb4-c043ac234c54 3d9dea9445d4474c86004f40755ec965 3265557e2e0f4adc8876917c1ab2194b - - 24fb024d43c54052bfeeb1475316e5b6 24fb024d43c54052bfeeb1475316e5b6] 199.204.45.246 "GET /v2.0/networks/446a3b29-9f9d-42a4-908e-79d6a9540604?fields=segments HTTP/1.1" status: 200 len: 212 time: 0.0542188
2026-05-09 17:59:56.991 9 INFO neutron.wsgi [req-25db6044-2dbe-44b7-a8eb-d6d16bc9d639 req-01daecd6-9374-4653-9104-3cbf2db94823 3d9dea9445d4474c86004f40755ec965 3265557e2e0f4adc8876917c1ab2194b - - 24fb024d43c54052bfeeb1475316e5b6 24fb024d43c54052bfeeb1475316e5b6] 199.204.45.246 "GET /v2.0/networks/446a3b29-9f9d-42a4-908e-79d6a9540604?fields=provider%3Aphysical_network&fields=provider%3Anetwork_type HTTP/1.1" status: 200 len: 277 time: 0.0560644
2026-05-09 17:59:57.101 10 INFO neutron.wsgi [None req-9bfb735e-21b9-4108-b48e-73899f509573 403c861a68fa4d29b7a03bd97f863667 11d5b78ddac64b9aac04041d6853d349 - - default default] 10.0.0.188 "DELETE /v2.0/subnets/f43ce492-3bb9-4fce-a21b-eb9876077a3c HTTP/1.1" status: 204 len: 168 time: 0.2750363
2026-05-09 17:59:57.188 10 WARNING neutron.scheduler.dhcp_agent_scheduler [None req-11e3f794-861a-4e73-9722-2f27dcd71d77 403c861a68fa4d29b7a03bd97f863667 11d5b78ddac64b9aac04041d6853d349 - - default default] No more DHCP agents
2026-05-09 17:59:57.192 10 WARNING neutron.api.rpc.agentnotifiers.dhcp_rpc_agent_api [None req-11e3f794-861a-4e73-9722-2f27dcd71d77 403c861a68fa4d29b7a03bd97f863667 11d5b78ddac64b9aac04041d6853d349 - - default default] Unable to schedule network 9325f272-0f0a-469a-8d49-1c9c9f32dd96: no agents available; will retry on subsequent port and subnet creation events.
2026-05-09 17:59:57.408 10 INFO neutron.db.ovn_revision_numbers_db [None req-11e3f794-861a-4e73-9722-2f27dcd71d77 403c861a68fa4d29b7a03bd97f863667 11d5b78ddac64b9aac04041d6853d349 - - default default] Successfully bumped revision number for resource 5920b34d-5e6f-4312-9314-911f1b63b019 (type: ports) to 1
2026-05-09 17:59:57.592 10 INFO neutron.services.segments.plugin [-] Segment fe15877d-8cc3-403b-96d6-f69b2647bb26 resource provider aggregate not found
2026-05-09 17:59:57.611 10 INFO neutron.services.segments.plugin [-] Segment fe15877d-8cc3-403b-96d6-f69b2647bb26 resource provider aggregate not found
2026-05-09 17:59:57.617 9 INFO neutron.wsgi [req-d65a50d3-7db9-456b-bd3c-6e47424df727 req-6397d872-d01f-491d-85e1-159767c767ba 9d44782bb1db4e06847393e49285bab1 200db972e9cc41b3a15f11d1e23de1b0 - - default default] 10.0.0.140 "GET /v2.0/ports?device_id=ce8f2516-6259-4bd3-ab42-5d55c94db046 HTTP/1.1" status: 200 len: 1170 time: 0.0429749
2026-05-09 17:59:57.624 9 INFO neutron.plugins.ml2.drivers.ovn.mech_driver.mech_driver [None req-b53abae5-100b-4e58-a0c5-ba0a5ed47b26 - - - - - -] OVN reports status down for port: c862012f-f391-42a3-9a31-5791a570f7cf
2026-05-09 17:59:57.640 10 INFO neutron.services.segments.plugin [-] Segment fe15877d-8cc3-403b-96d6-f69b2647bb26 resource provider not found; error: Placement Client Error (4xx): {"errors": [{"status": 404, "title": "Not Found", "detail": "The resource could not be found.\n\n No resource provider with uuid fe15877d-8cc3-403b-96d6-f69b2647bb26 found for delete ", "request_id": "req-41d6c73e-c6fa-4bc6-a31b-2e1fd77f23e4"}]}
2026-05-09 17:59:57.644 10 INFO neutron.services.segments.plugin [-] Segment fe15877d-8cc3-403b-96d6-f69b2647bb26 resource provider not found; error: Placement Client Error (4xx): {"errors": [{"status": 404, "title": "Not Found", "detail": "The resource could not be found.\n\n No resource provider with uuid fe15877d-8cc3-403b-96d6-f69b2647bb26 found for delete ", "request_id": "req-72ac8cae-e6eb-4079-8cc9-3d15bd190ef0"}]}
2026-05-09 17:59:57.684 9 INFO neutron.wsgi [req-d65a50d3-7db9-456b-bd3c-6e47424df727 req-cf842bfb-6a85-4017-861f-33a707644184 9d44782bb1db4e06847393e49285bab1 200db972e9cc41b3a15f11d1e23de1b0 - - default default] 10.0.0.140 "GET /v2.0/security-groups?id=934645d5-99d2-441f-9ca2-3866de5ce633&fields=id&fields=name HTTP/1.1" status: 200 len: 313 time: 0.0436506
2026-05-09 17:59:57.693 10 INFO neutron.wsgi [None req-63f57921-7fff-4a94-b4fc-20d4e4e28bc1 403c861a68fa4d29b7a03bd97f863667 11d5b78ddac64b9aac04041d6853d349 - - default default] 10.0.0.188 "DELETE /v2.0/networks/0b5c5aa1-5a9b-4faf-ba0a-ed2258bcd2af HTTP/1.1" status: 204 len: 168 time: 0.5858908
2026-05-09 17:59:57.800 9 INFO neutron.notifiers.nova [-] Nova event matching ['req-7321fd88-3b87-4bc9-a780-3b5740607ab1'] response: {'name': 'network-changed', 'server_uuid': 'ce8f2516-6259-4bd3-ab42-5d55c94db046', 'tag': 'c862012f-f391-42a3-9a31-5791a570f7cf', 'status': 'completed', 'code': 200}
2026-05-09 17:59:57.801 9 INFO neutron.notifiers.nova [-] Nova event matching ['req-7321fd88-3b87-4bc9-a780-3b5740607ab1'] response: {'server_uuid': 'ce8f2516-6259-4bd3-ab42-5d55c94db046', 'name': 'network-vif-unplugged', 'status': 'completed', 'tag': 'c862012f-f391-42a3-9a31-5791a570f7cf', 'code': 200}
2026-05-09 17:59:57.892 9 INFO neutron.wsgi [req-42d8f8d5-67a9-4ff9-9918-3555c725cb56 req-18f85077-f941-4ab3-8b94-7e9a5deab2a8 3d9dea9445d4474c86004f40755ec965 3265557e2e0f4adc8876917c1ab2194b - - 24fb024d43c54052bfeeb1475316e5b6 24fb024d43c54052bfeeb1475316e5b6] 199.204.45.246 "GET /v2.0/ports?tenant_id=200db972e9cc41b3a15f11d1e23de1b0&device_id=ce8f2516-6259-4bd3-ab42-5d55c94db046 HTTP/1.1" status: 200 len: 1407 time: 0.0642121
2026-05-09 17:59:57.923 9 INFO neutron.wsgi [None req-1890bcd4-c8b0-44e6-b294-19831adc5155 403c861a68fa4d29b7a03bd97f863667 11d5b78ddac64b9aac04041d6853d349 - - default default] 10.0.0.188 "GET /v2.0/security-groups?tenant_id=364cc673364e4f59a642775e3e17c4ce&name=default HTTP/1.1" status: 200 len: 2996 time: 0.0675626
2026-05-09 17:59:58.014 9 INFO neutron.wsgi [req-42d8f8d5-67a9-4ff9-9918-3555c725cb56 req-09713484-a938-41b7-95fc-2a5d10074335 3d9dea9445d4474c86004f40755ec965 3265557e2e0f4adc8876917c1ab2194b - - 24fb024d43c54052bfeeb1475316e5b6 24fb024d43c54052bfeeb1475316e5b6] 199.204.45.246 "GET /v2.0/networks?id=446a3b29-9f9d-42a4-908e-79d6a9540604 HTTP/1.1" status: 200 len: 981 time: 0.1017973
2026-05-09 17:59:58.047 10 INFO neutron.wsgi [req-dd4b9a41-9e66-4383-ad02-9080e0ea40b0 req-d1552426-8279-448c-9fa6-0c86229b4b35 9d44782bb1db4e06847393e49285bab1 200db972e9cc41b3a15f11d1e23de1b0 - - default default] 199.204.45.246 "GET /v2.0/ports?device_id=ce8f2516-6259-4bd3-ab42-5d55c94db046 HTTP/1.1" status: 200 len: 1168 time: 0.1365337
2026-05-09 17:59:58.058 9 INFO neutron.db.ovn_revision_numbers_db [None req-b53abae5-100b-4e58-a0c5-ba0a5ed47b26 - - - - - -] Successfully bumped revision number for resource c862012f-f391-42a3-9a31-5791a570f7cf (type: ports) to 7
2026-05-09 17:59:58.083 9 INFO neutron.wsgi [req-42d8f8d5-67a9-4ff9-9918-3555c725cb56 req-5ad56dec-1b8a-4b69-8907-1bb77323b0c9 3d9dea9445d4474c86004f40755ec965 3265557e2e0f4adc8876917c1ab2194b - - 24fb024d43c54052bfeeb1475316e5b6 24fb024d43c54052bfeeb1475316e5b6] 199.204.45.246 "GET /v2.0/floatingips?fixed_ip_address=10.100.0.3&port_id=c862012f-f391-42a3-9a31-5791a570f7cf HTTP/1.1" status: 200 len: 1057 time: 0.0603211
2026-05-09 17:59:58.132 9 INFO neutron.wsgi [req-42d8f8d5-67a9-4ff9-9918-3555c725cb56 req-f2bf4ac9-1783-4d6e-8eca-764ded0f1662 3d9dea9445d4474c86004f40755ec965 3265557e2e0f4adc8876917c1ab2194b - - 24fb024d43c54052bfeeb1475316e5b6 24fb024d43c54052bfeeb1475316e5b6] 199.204.45.246 "GET /v2.0/subnets?id=87102603-b837-4f33-a0a9-25e36c4a2a99 HTTP/1.1" status: 200 len: 876 time: 0.0420728 /var/lib/openstack/lib/python3.10/site-packages/pycadf/identifier.py:71: UserWarning: Invalid uuid: neutron. To ensure interoperability, identifiers should be a valid uuid. warnings.warn(('Invalid uuid: %s. To ensure interoperability, '
2026-05-09 17:59:58.165 9 INFO neutron.wsgi [req-42d8f8d5-67a9-4ff9-9918-3555c725cb56 req-540fd57d-3b1b-426c-9f2d-1a2132d97030 3d9dea9445d4474c86004f40755ec965 3265557e2e0f4adc8876917c1ab2194b - - 24fb024d43c54052bfeeb1475316e5b6 24fb024d43c54052bfeeb1475316e5b6] 199.204.45.246 "GET /v2.0/ports?network_id=446a3b29-9f9d-42a4-908e-79d6a9540604&device_owner=network%3Adhcp HTTP/1.1" status: 200 len: 210 time: 0.0244491
2026-05-09 17:59:58.232 9 INFO neutron.wsgi [req-42d8f8d5-67a9-4ff9-9918-3555c725cb56 req-ed9752b3-e448-4a40-82de-3494d04dcfd5 3d9dea9445d4474c86004f40755ec965 3265557e2e0f4adc8876917c1ab2194b - - 24fb024d43c54052bfeeb1475316e5b6 24fb024d43c54052bfeeb1475316e5b6] 199.204.45.246 "GET /v2.0/networks/446a3b29-9f9d-42a4-908e-79d6a9540604?fields=segments HTTP/1.1" status: 200 len: 212 time: 0.0590503
2026-05-09 17:59:58.267 9 INFO neutron.wsgi [None req-63e7495c-cc3d-4abe-a3be-d4e85b20bfc0 403c861a68fa4d29b7a03bd97f863667 11d5b78ddac64b9aac04041d6853d349 - - default default] 10.0.0.188 "DELETE /v2.0/security-groups/43cc1816-f29c-44cf-bba9-2e947acb18d6 HTTP/1.1" status: 204 len: 168 time: 0.3375244
2026-05-09 17:59:58.312 9 INFO neutron.wsgi [req-42d8f8d5-67a9-4ff9-9918-3555c725cb56 req-99453f7a-2e86-4436-84f9-af8c66b172cb 3d9dea9445d4474c86004f40755ec965 3265557e2e0f4adc8876917c1ab2194b - - 24fb024d43c54052bfeeb1475316e5b6 24fb024d43c54052bfeeb1475316e5b6] 199.204.45.246 "GET /v2.0/networks/446a3b29-9f9d-42a4-908e-79d6a9540604?fields=provider%3Aphysical_network&fields=provider%3Anetwork_type HTTP/1.1" status: 200 len: 277 time: 0.0738041
2026-05-09 17:59:58.399 10 INFO neutron.plugins.ml2.drivers.ovn.mech_driver.mech_driver [None req-11c9bff3-0817-4aeb-b6dd-74b63f19327f - - - - - -] OVN reports status up for port: 5920b34d-5e6f-4312-9314-911f1b63b019
2026-05-09 17:59:58.426 9 INFO neutron.plugins.ml2.drivers.ovn.mech_driver.ovsdb.ovsdb_monitor [None req-b2553e9f-4108-4b4a-9893-51e1525eb412 - - - - - -] Router f3a50e93-c8f8-45f2-a015-09ce8c249b9c is bound to host instance
2026-05-09 17:59:58.429 10 INFO neutron.plugins.ml2.plugin [None req-11c9bff3-0817-4aeb-b6dd-74b63f19327f - - - - - -] Attempt 1 to provision port 5920b34d-5e6f-4312-9314-911f1b63b019
2026-05-09 17:59:58.441 9 INFO neutron.wsgi [-] 10.0.0.111 "GET / HTTP/1.1" status: 200 len: 247 time: 0.0013573
2026-05-09 17:59:58.442 9 INFO neutron.wsgi [-] 10.0.0.111 "GET / HTTP/1.1" status: 200 len: 247 time: 0.0008516
2026-05-09 17:59:58.456 10 INFO neutron.db.ovn_revision_numbers_db [None req-11e3f794-861a-4e73-9722-2f27dcd71d77 403c861a68fa4d29b7a03bd97f863667 11d5b78ddac64b9aac04041d6853d349 - - default default] Successfully bumped revision number for resource 5920b34d-5e6f-4312-9314-911f1b63b019 (type: router_ports) to 1
2026-05-09 17:59:58.484 10 INFO neutron.db.ovn_revision_numbers_db [None req-e5311b1f-d194-44c8-a443-03786883ef34 403c861a68fa4d29b7a03bd97f863667 11d5b78ddac64b9aac04041d6853d349 - - default default] Successfully bumped revision number for resource 8c50a8a5-abaf-479c-a1fa-c13ca7d73ed5 (type: security_groups) to 1
2026-05-09 17:59:58.540 10 INFO neutron.db.ovn_revision_numbers_db [None req-e5311b1f-d194-44c8-a443-03786883ef34 403c861a68fa4d29b7a03bd97f863667 11d5b78ddac64b9aac04041d6853d349 - - default default] Successfully bumped revision number for resource 277c0aef-6d94-45a3-8f61-93c69d2bba96 (type: security_group_rules) to 0
2026-05-09 17:59:58.576 10 INFO neutron.db.ovn_revision_numbers_db [None req-e5311b1f-d194-44c8-a443-03786883ef34 403c861a68fa4d29b7a03bd97f863667 11d5b78ddac64b9aac04041d6853d349 - - default default] Successfully bumped revision number for resource 5e820630-a5ff-4f12-869f-85946487f1fc (type: security_group_rules) to 0
2026-05-09 17:59:58.601 10 INFO neutron.db.ovn_revision_numbers_db [None req-11e3f794-861a-4e73-9722-2f27dcd71d77 403c861a68fa4d29b7a03bd97f863667 11d5b78ddac64b9aac04041d6853d349 - - default default] Successfully bumped revision number for resource f3a50e93-c8f8-45f2-a015-09ce8c249b9c (type: routers) to 2
2026-05-09 17:59:58.612 10 INFO neutron.db.ovn_revision_numbers_db [None req-e5311b1f-d194-44c8-a443-03786883ef34 403c861a68fa4d29b7a03bd97f863667 11d5b78ddac64b9aac04041d6853d349 - - default default] Successfully bumped revision number for resource 68a498ac-ee63-4e98-86bf-5a567c546dde (type: security_group_rules) to 0
2026-05-09 17:59:58.621 10 INFO neutron.wsgi [None req-11e3f794-861a-4e73-9722-2f27dcd71d77 403c861a68fa4d29b7a03bd97f863667 11d5b78ddac64b9aac04041d6853d349 - - default default] 10.0.0.188 "POST /v2.0/routers HTTP/1.1" status: 201 len: 879 time: 1.9701262
2026-05-09 17:59:58.647 10 INFO neutron.db.ovn_revision_numbers_db [None req-e5311b1f-d194-44c8-a443-03786883ef34 403c861a68fa4d29b7a03bd97f863667 11d5b78ddac64b9aac04041d6853d349 - - default default] Successfully bumped revision number for resource 9dddd0a4-5c14-47c2-9c08-ec7917f48674 (type: security_group_rules) to 0
2026-05-09 17:59:58.685 10 INFO neutron.wsgi [None req-e5311b1f-d194-44c8-a443-03786883ef34 403c861a68fa4d29b7a03bd97f863667 11d5b78ddac64b9aac04041d6853d349 - - default default] 10.0.0.188 "GET /v2.0/security-groups?tenant_id=ff57d6abb5cf4a278b0285c8fb19670d&name=default HTTP/1.1" status: 200 len: 2996 time: 0.6928782
2026-05-09 17:59:58.706 10 INFO neutron.db.l3_db [req-dd4b9a41-9e66-4383-ad02-9080e0ea40b0 req-da917595-4c10-478b-934d-3a0d29040481 9d44782bb1db4e06847393e49285bab1 200db972e9cc41b3a15f11d1e23de1b0 - - default default] Floating IP 74e37b71-3796-440a-951f-017ce2367ff1 disassociated. External IP: 10.96.250.201, port: c862012f-f391-42a3-9a31-5791a570f7cf. /var/lib/openstack/lib/python3.10/site-packages/pycadf/identifier.py:71: UserWarning: Invalid uuid: neutron. To ensure interoperability, identifiers should be a valid uuid. warnings.warn(('Invalid uuid: %s. To ensure interoperability, '
2026-05-09 17:59:58.882 10 INFO neutron.wsgi [req-dd4b9a41-9e66-4383-ad02-9080e0ea40b0 req-da917595-4c10-478b-934d-3a0d29040481 9d44782bb1db4e06847393e49285bab1 200db972e9cc41b3a15f11d1e23de1b0 - - default default] 199.204.45.246 "DELETE /v2.0/ports/c862012f-f391-42a3-9a31-5791a570f7cf HTTP/1.1" status: 204 len: 173 time: 0.8287299
2026-05-09 17:59:58.910 9 INFO neutron.wsgi [req-dcd7524f-ba8d-4aef-b9ea-d948889ca721 req-e0389ac6-9548-4871-9b52-6df04d3068aa 9d44782bb1db4e06847393e49285bab1 200db972e9cc41b3a15f11d1e23de1b0 - - default default] 10.0.0.140 "GET /v2.0/ports?device_id=ce8f2516-6259-4bd3-ab42-5d55c94db046 HTTP/1.1" status: 200 len: 1168 time: 0.1561050
2026-05-09 17:59:58.914 10 INFO neutron.notifiers.nova [-] Nova event matching ['req-574e3129-c41e-42bb-81ff-91ad06b92284'] response: {'server_uuid': 'ce8f2516-6259-4bd3-ab42-5d55c94db046', 'name': 'network-vif-deleted', 'tag': 'c862012f-f391-42a3-9a31-5791a570f7cf', 'status': 'completed', 'code': 200}
2026-05-09 17:59:58.938 10 INFO neutron.wsgi [None req-f6fef096-825d-4b8b-a696-3774719e6841 403c861a68fa4d29b7a03bd97f863667 11d5b78ddac64b9aac04041d6853d349 - - default default] 10.0.0.188 "DELETE /v2.0/security-groups/8c50a8a5-abaf-479c-a1fa-c13ca7d73ed5 HTTP/1.1" status: 204 len: 168 time: 0.2471278
2026-05-09 17:59:58.985 9 INFO neutron.wsgi [req-dcd7524f-ba8d-4aef-b9ea-d948889ca721 req-c926c68b-9bc8-4323-bd09-9438a9314ac2 9d44782bb1db4e06847393e49285bab1 200db972e9cc41b3a15f11d1e23de1b0 - - default default] 10.0.0.140 "GET /v2.0/security-groups?id=934645d5-99d2-441f-9ca2-3866de5ce633&fields=id&fields=name HTTP/1.1" status: 200 len: 313 time: 0.0674362
2026-05-09 17:59:59.038 9 INFO neutron.db.ovn_revision_numbers_db [None req-b2553e9f-4108-4b4a-9893-51e1525eb412 - - - - - -] Successfully bumped revision number for resource 5920b34d-5e6f-4312-9314-911f1b63b019 (type: ports) to 1
2026-05-09 17:59:59.172 10 INFO neutron.db.ovn_revision_numbers_db [None req-aa3d2f98-a25c-44e8-9ecc-17c0d0c5d699 403c861a68fa4d29b7a03bd97f863667 11d5b78ddac64b9aac04041d6853d349 - - default default] Successfully bumped revision number for resource a69b46c0-1800-46a1-929d-640a6a195491 (type: security_groups) to 1
2026-05-09 17:59:59.186 10 INFO neutron.db.ovn_revision_numbers_db [None req-aa3d2f98-a25c-44e8-9ecc-17c0d0c5d699 403c861a68fa4d29b7a03bd97f863667 11d5b78ddac64b9aac04041d6853d349 - - default default] Successfully bumped revision number for resource 371a1625-a22a-433f-b03f-debded6aceaa (type: security_group_rules) to 0
2026-05-09 17:59:59.202 10 INFO neutron.db.ovn_revision_numbers_db [None req-aa3d2f98-a25c-44e8-9ecc-17c0d0c5d699 403c861a68fa4d29b7a03bd97f863667 11d5b78ddac64b9aac04041d6853d349 - - default default] Successfully bumped revision number for resource a29924f4-fd59-4aba-b0e7-4d80a1d883cc (type: security_group_rules) to 0
2026-05-09 17:59:59.219 10 INFO neutron.db.ovn_revision_numbers_db [None req-aa3d2f98-a25c-44e8-9ecc-17c0d0c5d699 403c861a68fa4d29b7a03bd97f863667 11d5b78ddac64b9aac04041d6853d349 - - default default] Successfully bumped revision number for resource ab8951c8-9d96-4f29-9aae-3a5f01bae5a0 (type: security_group_rules) to 0
2026-05-09 17:59:59.231 10 INFO neutron.db.ovn_revision_numbers_db [None req-aa3d2f98-a25c-44e8-9ecc-17c0d0c5d699 403c861a68fa4d29b7a03bd97f863667 11d5b78ddac64b9aac04041d6853d349 - - default default] Successfully bumped revision number for resource ea422c66-bfdb-42eb-8ef6-cba12feaf18e (type: security_group_rules) to 0
2026-05-09 17:59:59.256 10 INFO neutron.wsgi [None req-aa3d2f98-a25c-44e8-9ecc-17c0d0c5d699 403c861a68fa4d29b7a03bd97f863667 11d5b78ddac64b9aac04041d6853d349 - - default default] 10.0.0.188 "GET /v2.0/security-groups?tenant_id=ab72ff2a8165483da49eda6a5397d5ee&name=default HTTP/1.1" status: 200 len: 2996 time: 0.2142665
2026-05-09 17:59:59.307 9 WARNING neutron.scheduler.dhcp_agent_scheduler [None req-90636f40-883f-42ca-bf26-b5fd6bf22cd5 403c861a68fa4d29b7a03bd97f863667 11d5b78ddac64b9aac04041d6853d349 - - default default] No more DHCP agents
2026-05-09 17:59:59.311 9 WARNING neutron.api.rpc.agentnotifiers.dhcp_rpc_agent_api [None req-90636f40-883f-42ca-bf26-b5fd6bf22cd5 403c861a68fa4d29b7a03bd97f863667 11d5b78ddac64b9aac04041d6853d349 - - default default] Unable to schedule network e54b6d49-58dd-4a2e-ac2b-b861d0cde66f: no agents available; will retry on subsequent port and subnet creation events.
2026-05-09 17:59:59.319 9 INFO neutron.db.ovn_revision_numbers_db [None req-b2553e9f-4108-4b4a-9893-51e1525eb412 - - - - - -] Successfully bumped revision number for resource 5920b34d-5e6f-4312-9314-911f1b63b019 (type: router_ports) to 3
2026-05-09 17:59:59.456 10 INFO neutron.wsgi [None req-040d6eea-e47f-4dda-80a2-fc00c86bb2d3 403c861a68fa4d29b7a03bd97f863667 11d5b78ddac64b9aac04041d6853d349 - - default default] 10.0.0.188 "DELETE /v2.0/security-groups/a69b46c0-1800-46a1-929d-640a6a195491 HTTP/1.1" status: 204 len: 168 time: 0.1944664
2026-05-09 17:59:59.708 9 INFO neutron.db.ovn_revision_numbers_db [None req-b2553e9f-4108-4b4a-9893-51e1525eb412 - - - - - -] Successfully bumped revision number for resource 5920b34d-5e6f-4312-9314-911f1b63b019 (type: ports) to 2
2026-05-09 17:59:59.710 9 INFO neutron.db.ovn_revision_numbers_db [None req-90636f40-883f-42ca-bf26-b5fd6bf22cd5 403c861a68fa4d29b7a03bd97f863667 11d5b78ddac64b9aac04041d6853d349 - - default default] Successfully bumped revision number for resource 22d0a5b9-3886-490e-b593-927bbf3e8fd4 (type: ports) to 1
2026-05-09 17:59:59.841 9 INFO neutron.notifiers.nova [-] Nova event matching ['req-3f52522e-3cfb-4db6-93a2-1e4a9c6850d3'] response: {'server_uuid': 'ce8f2516-6259-4bd3-ab42-5d55c94db046', 'name': 'network-vif-plugged', 'status': 'completed', 'tag': 'c862012f-f391-42a3-9a31-5791a570f7cf', 'code': 200}
2026-05-09 18:00:00.029 9 INFO neutron.db.ovn_revision_numbers_db [None req-b2553e9f-4108-4b4a-9893-51e1525eb412 - - - - - -] Successfully bumped revision number for resource 5920b34d-5e6f-4312-9314-911f1b63b019 (type: ports) to 4
2026-05-09 18:00:00.322 9 INFO neutron.db.ovn_revision_numbers_db [None req-90636f40-883f-42ca-bf26-b5fd6bf22cd5 403c861a68fa4d29b7a03bd97f863667 11d5b78ddac64b9aac04041d6853d349 - - default default] Successfully bumped revision number for resource 22d0a5b9-3886-490e-b593-927bbf3e8fd4 (type: router_ports) to 1
2026-05-09 18:00:00.358 9 INFO neutron.db.ovn_revision_numbers_db [None req-b2553e9f-4108-4b4a-9893-51e1525eb412 - - - - - -] Successfully bumped revision number for resource 5920b34d-5e6f-4312-9314-911f1b63b019 (type: router_ports) to 4
2026-05-09 18:00:00.378 9 INFO neutron.wsgi [None req-11c77377-ed0a-4246-a9be-64db978b6939 9d44782bb1db4e06847393e49285bab1 200db972e9cc41b3a15f11d1e23de1b0 - - default default] 10.0.0.188 "DELETE /v2.0/security-groups/934645d5-99d2-441f-9ca2-3866de5ce633 HTTP/1.1" status: 204 len: 168 time: 0.2911699
2026-05-09 18:00:00.401 9 INFO neutron.api.v2.resource [None req-0fcf822e-766e-435f-9856-7cd5b2e86042 9d44782bb1db4e06847393e49285bab1 200db972e9cc41b3a15f11d1e23de1b0 - - default default] show failed (client error): The resource could not be found.
2026-05-09 18:00:00.402 9 INFO neutron.wsgi [None req-0fcf822e-766e-435f-9856-7cd5b2e86042 9d44782bb1db4e06847393e49285bab1 200db972e9cc41b3a15f11d1e23de1b0 - - default default] 10.0.0.188 "GET /v2.0/security-groups/934645d5-99d2-441f-9ca2-3866de5ce633 HTTP/1.1" status: 404 len: 347 time: 0.0166793
2026-05-09 18:00:00.465 9 INFO neutron.db.ovn_revision_numbers_db [None req-90636f40-883f-42ca-bf26-b5fd6bf22cd5 403c861a68fa4d29b7a03bd97f863667 11d5b78ddac64b9aac04041d6853d349 - - default default] Successfully bumped revision number for resource 22d0a5b9-3886-490e-b593-927bbf3e8fd4 (type: ports) to 1
2026-05-09 18:00:00.556 9 WARNING neutron.scheduler.dhcp_agent_scheduler [None req-90636f40-883f-42ca-bf26-b5fd6bf22cd5 403c861a68fa4d29b7a03bd97f863667 11d5b78ddac64b9aac04041d6853d349 - - default default] No more DHCP agents
2026-05-09 18:00:00.558 9 WARNING neutron.api.rpc.agentnotifiers.dhcp_rpc_agent_api [None req-90636f40-883f-42ca-bf26-b5fd6bf22cd5 403c861a68fa4d29b7a03bd97f863667 11d5b78ddac64b9aac04041d6853d349 - - default default] Unable to schedule network e54b6d49-58dd-4a2e-ac2b-b861d0cde66f: no agents available; will retry on subsequent port and subnet creation events.
2026-05-09 18:00:00.820 10 INFO neutron.plugins.ml2.drivers.ovn.mech_driver.mech_driver [None req-11c9bff3-0817-4aeb-b6dd-74b63f19327f - - - - - -] OVN reports status up for port: 22d0a5b9-3886-490e-b593-927bbf3e8fd4
2026-05-09 18:00:00.827 10 INFO neutron.plugins.ml2.plugin [None req-11c9bff3-0817-4aeb-b6dd-74b63f19327f - - - - - -] Attempt 1 to provision port 22d0a5b9-3886-490e-b593-927bbf3e8fd4
2026-05-09 18:00:00.848 10 INFO neutron.wsgi [None req-2c0e0f36-4da8-4412-870f-8884988cf30d 9d44782bb1db4e06847393e49285bab1 200db972e9cc41b3a15f11d1e23de1b0 - - default default] 10.0.0.188 "DELETE /v2.0/floatingips/74e37b71-3796-440a-951f-017ce2367ff1 HTTP/1.1" status: 204 len: 168 time: 0.4395247
2026-05-09 18:00:01.168 10 INFO neutron.db.ovn_revision_numbers_db [None req-11c9bff3-0817-4aeb-b6dd-74b63f19327f - - - - - -] Successfully bumped revision number for resource 22d0a5b9-3886-490e-b593-927bbf3e8fd4 (type: ports) to 2
2026-05-09 18:00:01.243 10 INFO neutron.db.ovn_revision_numbers_db [None req-11c9bff3-0817-4aeb-b6dd-74b63f19327f - - - - - -] Successfully bumped revision number for resource 22d0a5b9-3886-490e-b593-927bbf3e8fd4 (type: router_ports) to 2
2026-05-09 18:00:01.357 9 INFO neutron.wsgi [None req-90636f40-883f-42ca-bf26-b5fd6bf22cd5 403c861a68fa4d29b7a03bd97f863667 11d5b78ddac64b9aac04041d6853d349 - - default default] 10.0.0.188 "PUT /v2.0/routers/f3a50e93-c8f8-45f2-a015-09ce8c249b9c/add_router_interface HTTP/1.1" status: 200 len: 503 time: 2.7287953
2026-05-09 18:00:02.521 9 INFO neutron.wsgi [None req-632ea4fa-bff6-4e38-af43-9c6de09709de 403c861a68fa4d29b7a03bd97f863667 11d5b78ddac64b9aac04041d6853d349 - - default default] 10.0.0.188 "PUT /v2.0/routers/181bc69f-be9e-4cba-82f1-5fa445bf78aa/remove_router_interface HTTP/1.1" status: 200 len: 503 time: 1.5757852 /var/lib/openstack/lib/python3.10/site-packages/pycadf/identifier.py:71: UserWarning: Invalid uuid: neutron. To ensure interoperability, identifiers should be a valid uuid. warnings.warn(('Invalid uuid: %s. To ensure interoperability, '
2026-05-09 18:00:02.595 9 INFO neutron.wsgi [req-8c8ec40a-3361-4a97-ac7f-ae4a8cf9452a req-50fea2cb-a08e-4747-9341-bd09142557c8 7ef50f7dc5754aa7921c4757da6fa13d 242a3c6a3ae6438a9776c9c3987c744a - - default default] 10.0.0.140 "GET /v2.0/networks?id=e54b6d49-58dd-4a2e-ac2b-b861d0cde66f HTTP/1.1" status: 200 len: 877 time: 0.0694420
2026-05-09 18:00:02.618 9 INFO neutron.wsgi [req-8c8ec40a-3361-4a97-ac7f-ae4a8cf9452a req-7fbd09e0-6a2e-4478-8f47-12b441163303 7ef50f7dc5754aa7921c4757da6fa13d 242a3c6a3ae6438a9776c9c3987c744a - - default default] 10.0.0.140 "GET /v2.0/quotas/242a3c6a3ae6438a9776c9c3987c744a HTTP/1.1" status: 200 len: 386 time: 0.0132639
2026-05-09 18:00:02.737 9 INFO neutron.wsgi [req-8c8ec40a-3361-4a97-ac7f-ae4a8cf9452a req-5f1ed53c-0fb0-437d-8900-10a8e679afc3 7ef50f7dc5754aa7921c4757da6fa13d 242a3c6a3ae6438a9776c9c3987c744a - - default default] 10.0.0.140 "GET /v2.0/ports?tenant_id=242a3c6a3ae6438a9776c9c3987c744a&fields=id HTTP/1.1" status: 200 len: 302 time: 0.1104419
2026-05-09 18:00:02.807 9 INFO neutron.wsgi [req-8c8ec40a-3361-4a97-ac7f-ae4a8cf9452a req-4b3f85fa-6e5b-4287-8189-6226acbb5e1b 3d9dea9445d4474c86004f40755ec965 3265557e2e0f4adc8876917c1ab2194b - - 24fb024d43c54052bfeeb1475316e5b6 24fb024d43c54052bfeeb1475316e5b6] 10.0.0.140 "GET /v2.0/networks/e54b6d49-58dd-4a2e-ac2b-b861d0cde66f?fields=segments HTTP/1.1" status: 200 len: 212 time: 0.0612266
2026-05-09 18:00:02.889 9 INFO neutron.wsgi [req-8c8ec40a-3361-4a97-ac7f-ae4a8cf9452a req-1ae67117-a624-4501-8653-726714e652fe 3d9dea9445d4474c86004f40755ec965 3265557e2e0f4adc8876917c1ab2194b - - 24fb024d43c54052bfeeb1475316e5b6 24fb024d43c54052bfeeb1475316e5b6] 10.0.0.140 "GET /v2.0/networks/e54b6d49-58dd-4a2e-ac2b-b861d0cde66f?fields=provider%3Aphysical_network&fields=provider%3Anetwork_type HTTP/1.1" status: 200 len: 277 time: 0.0749402
2026-05-09 18:00:03.038 9 INFO neutron.wsgi [req-219c1813-37bf-47af-9810-b2f0bbbe3b01 req-d76378df-8119-42f9-9f2f-d1e011b807cf 7ef50f7dc5754aa7921c4757da6fa13d 242a3c6a3ae6438a9776c9c3987c744a - - default default] 10.0.0.140 "GET /v2.0/ports?device_id=1cd56366-8e42-4a9c-8278-a9b64664fdd7 HTTP/1.1" status: 200 len: 210 time: 0.0355127
2026-05-09 18:00:03.628 10 INFO neutron.wsgi [None req-a400a197-c16f-4b39-be78-ea998268c499 403c861a68fa4d29b7a03bd97f863667 11d5b78ddac64b9aac04041d6853d349 - - default default] 10.0.0.188 "DELETE /v2.0/routers/181bc69f-be9e-4cba-82f1-5fa445bf78aa HTTP/1.1" status: 204 len: 168 time: 1.1004629
2026-05-09 18:00:03.857 10 INFO neutron.wsgi [req-8c8ec40a-3361-4a97-ac7f-ae4a8cf9452a req-b79015b5-f4b5-41f6-9188-fc24dfbb1487 7ef50f7dc5754aa7921c4757da6fa13d 242a3c6a3ae6438a9776c9c3987c744a - - default default] 199.204.45.246 "GET /v2.0/networks?id=e54b6d49-58dd-4a2e-ac2b-b861d0cde66f HTTP/1.1" status: 200 len: 877 time: 0.1208551
2026-05-09 18:00:03.871 10 WARNING neutron_lib.context [req-8c8ec40a-3361-4a97-ac7f-ae4a8cf9452a req-61b230d2-9228-48cc-988b-80003a401c8a 7ef50f7dc5754aa7921c4757da6fa13d 242a3c6a3ae6438a9776c9c3987c744a - - default default] Method 'is_advsvc' is deprecated since 2023.2 release (neutron-lib 3.8.0) and will be removed once support for the old RBAC API policies will be removed from Neutron. Please use method 'is_service_role' instead.
2026-05-09 18:00:03.916 10 INFO neutron.wsgi [None req-e1978c2f-c053-40c8-a049-0b9a0b553168 403c861a68fa4d29b7a03bd97f863667 11d5b78ddac64b9aac04041d6853d349 - - default default] 10.0.0.188 "DELETE /v2.0/subnets/87102603-b837-4f33-a0a9-25e36c4a2a99 HTTP/1.1" status: 204 len: 168 time: 0.2807333
2026-05-09 18:00:04.166 9 INFO neutron.wsgi [req-c8f0302c-1927-44af-b6d3-cc40bb05b0ca req-0582b7d7-a65e-4a00-b034-cef5cbfb7914 7ef50f7dc5754aa7921c4757da6fa13d 242a3c6a3ae6438a9776c9c3987c744a - - default default] 10.0.0.140 "GET /v2.0/ports?device_id=1cd56366-8e42-4a9c-8278-a9b64664fdd7 HTTP/1.1" status: 200 len: 210 time: 0.0566463
2026-05-09 18:00:04.235 10 WARNING neutron.scheduler.dhcp_agent_scheduler [req-8c8ec40a-3361-4a97-ac7f-ae4a8cf9452a req-61b230d2-9228-48cc-988b-80003a401c8a 7ef50f7dc5754aa7921c4757da6fa13d 242a3c6a3ae6438a9776c9c3987c744a - - default default] No more DHCP agents
2026-05-09 18:00:04.237 10 WARNING neutron.api.rpc.agentnotifiers.dhcp_rpc_agent_api [req-8c8ec40a-3361-4a97-ac7f-ae4a8cf9452a req-61b230d2-9228-48cc-988b-80003a401c8a 7ef50f7dc5754aa7921c4757da6fa13d 242a3c6a3ae6438a9776c9c3987c744a - - default default] Unable to schedule network e54b6d49-58dd-4a2e-ac2b-b861d0cde66f: no agents available; will retry on subsequent port and subnet creation events.
2026-05-09 18:00:04.440 10 INFO neutron.db.ovn_revision_numbers_db [req-8c8ec40a-3361-4a97-ac7f-ae4a8cf9452a req-61b230d2-9228-48cc-988b-80003a401c8a 7ef50f7dc5754aa7921c4757da6fa13d 242a3c6a3ae6438a9776c9c3987c744a - - default default] Successfully bumped revision number for resource 7b957042-dda8-48dd-93ca-4170d92bf651 (type: ports) to 1
2026-05-09 18:00:04.456 9 INFO neutron.wsgi [None req-cf2a95a6-20a5-40f0-94db-8f0c0c6e3a87 403c861a68fa4d29b7a03bd97f863667 11d5b78ddac64b9aac04041d6853d349 - - default default] 10.0.0.188 "DELETE /v2.0/networks/446a3b29-9f9d-42a4-908e-79d6a9540604 HTTP/1.1" status: 204 len: 168 time: 0.5327075
2026-05-09 18:00:04.471 10 INFO neutron.wsgi [req-8c8ec40a-3361-4a97-ac7f-ae4a8cf9452a req-61b230d2-9228-48cc-988b-80003a401c8a 7ef50f7dc5754aa7921c4757da6fa13d 242a3c6a3ae6438a9776c9c3987c744a - - default default] 199.204.45.246 "POST /v2.0/ports HTTP/1.1" status: 201 len: 1162 time: 0.6097510 /var/lib/openstack/lib/python3.10/site-packages/pycadf/identifier.py:71: UserWarning: Invalid uuid: neutron. To ensure interoperability, identifiers should be a valid uuid. warnings.warn(('Invalid uuid: %s. To ensure interoperability, '
2026-05-09 18:00:04.649 9 INFO neutron.wsgi [None req-8b1e7af0-9c37-4585-a773-a73072f2c270 403c861a68fa4d29b7a03bd97f863667 11d5b78ddac64b9aac04041d6853d349 - - default default] 10.0.0.188 "GET /v2.0/security-groups?tenant_id=200db972e9cc41b3a15f11d1e23de1b0&name=default HTTP/1.1" status: 200 len: 2992 time: 0.0371897
2026-05-09 18:00:04.910 9 INFO neutron.services.segments.plugin [-] Segment fb6a8e6d-c063-4de1-9113-15d331b34660 resource provider aggregate not found
2026-05-09 18:00:04.930 9 INFO neutron.services.segments.plugin [-] Segment fb6a8e6d-c063-4de1-9113-15d331b34660 resource provider not found; error: Placement Client Error (4xx): {"errors": [{"status": 404, "title": "Not Found", "detail": "The resource could not be found.\n\n No resource provider with uuid fb6a8e6d-c063-4de1-9113-15d331b34660 found for delete ", "request_id": "req-41102d67-370b-4380-ba50-8a090b8d8a27"}]}
2026-05-09 18:00:04.939 9 INFO neutron.wsgi [None req-799fcf49-0379-475e-a3f4-677ed3de1146 403c861a68fa4d29b7a03bd97f863667 11d5b78ddac64b9aac04041d6853d349 - - default default] 10.0.0.188 "DELETE /v2.0/security-groups/93f54d3e-c701-44d6-a11b-01ea6e313a9a HTTP/1.1" status: 204 len: 168 time: 0.2841067
2026-05-09 18:00:05.013 10 INFO neutron.db.ovn_revision_numbers_db [None req-45c256f0-a196-4431-b88f-d0ced8e0fd51 403c861a68fa4d29b7a03bd97f863667 11d5b78ddac64b9aac04041d6853d349 - - default default] Successfully bumped revision number for resource 438ecc6e-7f13-4dcf-b075-307a645d585f (type: security_groups) to 1
2026-05-09 18:00:05.030 10 INFO neutron.db.ovn_revision_numbers_db [None req-45c256f0-a196-4431-b88f-d0ced8e0fd51 403c861a68fa4d29b7a03bd97f863667 11d5b78ddac64b9aac04041d6853d349 - - default default] Successfully bumped revision number for resource 0ceb451c-5f5d-42b9-aa4b-a7d981030775 (type: security_group_rules) to 0
2026-05-09 18:00:05.034 10 INFO neutron.db.ovn_revision_numbers_db [req-8c8ec40a-3361-4a97-ac7f-ae4a8cf9452a req-ed38e298-0c07-4228-b433-44323b11a28e 3d9dea9445d4474c86004f40755ec965 3265557e2e0f4adc8876917c1ab2194b - - 24fb024d43c54052bfeeb1475316e5b6 24fb024d43c54052bfeeb1475316e5b6] Successfully bumped revision number for resource 7b957042-dda8-48dd-93ca-4170d92bf651 (type: ports) to 2
2026-05-09 18:00:05.041 10 INFO neutron.db.ovn_revision_numbers_db [None req-45c256f0-a196-4431-b88f-d0ced8e0fd51 403c861a68fa4d29b7a03bd97f863667 11d5b78ddac64b9aac04041d6853d349 - - default default] Successfully bumped revision number for resource 4ba233d2-0de3-474c-bb71-5ab8e5fa9b3c (type: security_group_rules) to 0
2026-05-09 18:00:05.055 10 INFO neutron.db.ovn_revision_numbers_db [None req-45c256f0-a196-4431-b88f-d0ced8e0fd51 403c861a68fa4d29b7a03bd97f863667 11d5b78ddac64b9aac04041d6853d349 - - default default] Successfully bumped revision number for resource 63106c8c-ef52-47c1-a31a-eeca752ba9a7 (type: security_group_rules) to 0
2026-05-09 18:00:05.069 9 INFO neutron.services.segments.plugin [-] Segment fb6a8e6d-c063-4de1-9113-15d331b34660 resource provider aggregate not found
2026-05-09 18:00:05.072 10 INFO neutron.db.ovn_revision_numbers_db [None req-45c256f0-a196-4431-b88f-d0ced8e0fd51 403c861a68fa4d29b7a03bd97f863667 11d5b78ddac64b9aac04041d6853d349 - - default default] Successfully bumped revision number for resource fb243e6c-23d7-455a-bc2f-382f93069c16 (type: security_group_rules) to 0
2026-05-09 18:00:05.095 9 INFO neutron.services.segments.plugin [-] Segment fb6a8e6d-c063-4de1-9113-15d331b34660 resource provider not found; error: Placement Client Error (4xx): {"errors": [{"status": 404, "title": "Not Found", "detail": "The resource could not be found.\n\n No resource provider with uuid fb6a8e6d-c063-4de1-9113-15d331b34660 found for delete ", "request_id": "req-0d7d165d-6e29-4d44-b22b-c29a7259ee3c"}]}
2026-05-09 18:00:05.105 10 INFO neutron.wsgi [None req-45c256f0-a196-4431-b88f-d0ced8e0fd51 403c861a68fa4d29b7a03bd97f863667 11d5b78ddac64b9aac04041d6853d349 - - default default] 10.0.0.188 "GET /v2.0/security-groups?tenant_id=f17d2258e31041eb9b9360a8bc4b94a9&name=default HTTP/1.1" status: 200 len: 2996 time: 0.3581161 /var/lib/openstack/lib/python3.10/site-packages/pycadf/identifier.py:71: UserWarning: Invalid uuid: neutron. To ensure interoperability, identifiers should be a valid uuid. warnings.warn(('Invalid uuid: %s. To ensure interoperability, '
