2026-05-09 18:02:11.940 9 INFO neutron.api.v2.resource [None req-ec4ff2c6-d794-4f0c-b8a4-ca10913d19b7 fb4446dd83fc48b89710ae2058a5b376 cf3fb814cae24a94a3ee07cbb75e5248 - - default default] show failed (client error): The resource could not be found.
2026-05-09 18:02:11.941 9 INFO neutron.wsgi [None req-ec4ff2c6-d794-4f0c-b8a4-ca10913d19b7 fb4446dd83fc48b89710ae2058a5b376 cf3fb814cae24a94a3ee07cbb75e5248 - - default default] 10.0.0.188 "GET /v2.0/subnets/e964ab74-4f8a-4b83-ac85-3ad1566f4f69/tags/green HTTP/1.1" status: 404 len: 299 time: 0.0376930
2026-05-09 18:02:12.005 9 INFO neutron.wsgi [None req-892fbc92-e2dd-47c3-a97e-145377d127b5 fb4446dd83fc48b89710ae2058a5b376 cf3fb814cae24a94a3ee07cbb75e5248 - - default default] 10.0.0.188 "DELETE /v2.0/subnets/e964ab74-4f8a-4b83-ac85-3ad1566f4f69/tags/red HTTP/1.1" status: 204 len: 168 time: 0.0579879
2026-05-09 18:02:12.060 10 INFO neutron.wsgi [None req-c1eca0ed-2b18-4bbd-b493-0408e77bdb48 fb4446dd83fc48b89710ae2058a5b376 cf3fb814cae24a94a3ee07cbb75e5248 - - default default] 10.0.0.188 "GET /v2.0/subnets/e964ab74-4f8a-4b83-ac85-3ad1566f4f69/tags HTTP/1.1" status: 200 len: 223 time: 0.0506754
2026-05-09 18:02:12.107 10 INFO neutron.api.v2.resource [None req-7149e229-1974-410d-917f-17cebcd469a9 fb4446dd83fc48b89710ae2058a5b376 cf3fb814cae24a94a3ee07cbb75e5248 - - default default] delete failed (client error): The resource could not be found.
2026-05-09 18:02:12.108 9 INFO neutron.db.ovn_revision_numbers_db [None req-02a9e6ca-a88c-4220-be3b-5d732626534f 403c861a68fa4d29b7a03bd97f863667 11d5b78ddac64b9aac04041d6853d349 - - default default] Successfully bumped revision number for resource 087d1950-3735-43ce-b082-06c1f91255a1 (type: security_groups) to 1
2026-05-09 18:02:12.109 10 INFO neutron.wsgi [None req-7149e229-1974-410d-917f-17cebcd469a9 fb4446dd83fc48b89710ae2058a5b376 cf3fb814cae24a94a3ee07cbb75e5248 - - default default] 10.0.0.188 "DELETE /v2.0/subnets/e964ab74-4f8a-4b83-ac85-3ad1566f4f69/tags/green HTTP/1.1" status: 404 len: 299 time: 0.0440147
2026-05-09 18:02:12.122 9 INFO neutron.db.ovn_revision_numbers_db [None req-02a9e6ca-a88c-4220-be3b-5d732626534f 403c861a68fa4d29b7a03bd97f863667 11d5b78ddac64b9aac04041d6853d349 - - default default] Successfully bumped revision number for resource 04094fbd-6237-409a-aacf-3fcd922f12ea (type: security_group_rules) to 0
2026-05-09 18:02:12.135 9 INFO neutron.db.ovn_revision_numbers_db [None req-02a9e6ca-a88c-4220-be3b-5d732626534f 403c861a68fa4d29b7a03bd97f863667 11d5b78ddac64b9aac04041d6853d349 - - default default] Successfully bumped revision number for resource 50bcf6a5-5ec9-41ef-bee0-00b5bfa93d45 (type: security_group_rules) to 0
2026-05-09 18:02:12.151 9 INFO neutron.db.ovn_revision_numbers_db [None req-02a9e6ca-a88c-4220-be3b-5d732626534f 403c861a68fa4d29b7a03bd97f863667 11d5b78ddac64b9aac04041d6853d349 - - default default] Successfully bumped revision number for resource a8aef530-d4c1-4cc4-93f8-ea54244f0e9b (type: security_group_rules) to 0
2026-05-09 18:02:12.165 9 INFO neutron.db.ovn_revision_numbers_db [None req-02a9e6ca-a88c-4220-be3b-5d732626534f 403c861a68fa4d29b7a03bd97f863667 11d5b78ddac64b9aac04041d6853d349 - - default default] Successfully bumped revision number for resource f6bca89f-c849-4001-83f5-12a63cf26435 (type: security_group_rules) to 0
2026-05-09 18:02:12.168 10 INFO neutron.wsgi [None req-506bbba0-4cfe-4f8d-8aec-74ee60bf3ab9 fb4446dd83fc48b89710ae2058a5b376 cf3fb814cae24a94a3ee07cbb75e5248 - - default default] 10.0.0.188 "DELETE /v2.0/subnets/e964ab74-4f8a-4b83-ac85-3ad1566f4f69/tags HTTP/1.1" status: 204 len: 168 time: 0.0534835
2026-05-09 18:02:12.189 9 INFO neutron.wsgi [None req-02a9e6ca-a88c-4220-be3b-5d732626534f 403c861a68fa4d29b7a03bd97f863667 11d5b78ddac64b9aac04041d6853d349 - - default default] 10.0.0.188 "GET /v2.0/security-groups?tenant_id=c8dd2adb8e344fba84a2596a666a862e&name=default HTTP/1.1" status: 200 len: 2996 time: 0.2039695
2026-05-09 18:02:12.209 10 INFO neutron.wsgi [None req-2175c3f8-b4dd-4d16-be28-960be77e3752 fb4446dd83fc48b89710ae2058a5b376 cf3fb814cae24a94a3ee07cbb75e5248 - - default default] 10.0.0.188 "GET /v2.0/subnets/e964ab74-4f8a-4b83-ac85-3ad1566f4f69/tags HTTP/1.1" status: 200 len: 205 time: 0.0368259
2026-05-09 18:02:12.387 9 INFO neutron.wsgi [None req-4bdd94bf-433e-4f40-8dbb-47b0938a9e74 403c861a68fa4d29b7a03bd97f863667 11d5b78ddac64b9aac04041d6853d349 - - default default] 10.0.0.188 "DELETE /v2.0/security-groups/087d1950-3735-43ce-b082-06c1f91255a1 HTTP/1.1" status: 204 len: 168 time: 0.1933365
2026-05-09 18:02:12.436 10 INFO neutron.wsgi [None req-0105b22d-a177-4efd-a054-fa54506b02a8 fb4446dd83fc48b89710ae2058a5b376 cf3fb814cae24a94a3ee07cbb75e5248 - - default default] 10.0.0.188 "DELETE /v2.0/subnets/e964ab74-4f8a-4b83-ac85-3ad1566f4f69 HTTP/1.1" status: 204 len: 168 time: 0.2212398
2026-05-09 18:02:12.866 10 INFO neutron.services.segments.plugin [-] Segment 1b0b69e8-bc5d-48d4-b56d-58d9cc75a66e resource provider aggregate not found
2026-05-09 18:02:12.873 10 INFO neutron.services.segments.plugin [-] Segment 1b0b69e8-bc5d-48d4-b56d-58d9cc75a66e resource provider aggregate not found
2026-05-09 18:02:12.886 10 INFO neutron.services.segments.plugin [-] Segment 1b0b69e8-bc5d-48d4-b56d-58d9cc75a66e resource provider not found; error: Placement Client Error (4xx): {"errors": [{"status": 404, "title": "Not Found", "detail": "The resource could not be found.\n\n No resource provider with uuid 1b0b69e8-bc5d-48d4-b56d-58d9cc75a66e found for delete ", "request_id": "req-c4c07907-41e7-451f-b762-0578db44db13"}]}
2026-05-09 18:02:12.896 10 INFO neutron.services.segments.plugin [-] Segment 1b0b69e8-bc5d-48d4-b56d-58d9cc75a66e resource provider not found; error: Placement Client Error (4xx): {"errors": [{"status": 404, "title": "Not Found", "detail": "The resource could not be found.\n\n No resource provider with uuid 1b0b69e8-bc5d-48d4-b56d-58d9cc75a66e found for delete ", "request_id": "req-f994799d-d508-4acd-8760-fae24c5a3902"}]}
2026-05-09 18:02:12.913 10 INFO neutron.wsgi [None req-ddfc0557-4246-40d3-a9cf-3af2c74c7b3d fb4446dd83fc48b89710ae2058a5b376 cf3fb814cae24a94a3ee07cbb75e5248 - - default default] 10.0.0.188 "DELETE /v2.0/networks/baf45ec3-aabd-42d5-bf79-32d41085f738 HTTP/1.1" status: 204 len: 168 time: 0.4703100
2026-05-09 18:02:13.442 9 INFO neutron.wsgi [-] 10.0.0.111 "GET / HTTP/1.1" status: 200 len: 247 time: 0.0019348
2026-05-09 18:02:13.444 10 INFO neutron.wsgi [-] 10.0.0.111 "GET / HTTP/1.1" status: 200 len: 247 time: 0.0023026
2026-05-09 18:02:13.817 9 INFO neutron.wsgi [None req-53f8ecc5-75dc-4e6a-9aac-0aa2f29008f4 403c861a68fa4d29b7a03bd97f863667 11d5b78ddac64b9aac04041d6853d349 - - default default] 10.0.0.188 "GET /v2.0/security-groups?tenant_id=cf3fb814cae24a94a3ee07cbb75e5248&name=default HTTP/1.1" status: 200 len: 2996 time: 0.2116635
2026-05-09 18:02:14.068 9 INFO neutron.wsgi [None req-6e655311-8f13-44fe-9f45-b8aab54fd160 403c861a68fa4d29b7a03bd97f863667 11d5b78ddac64b9aac04041d6853d349 - - default default] 10.0.0.188 "DELETE /v2.0/security-groups/d0e9c5bb-b44b-45ac-931c-32ea8f5d2b29 HTTP/1.1" status: 204 len: 168 time: 0.2445467
2026-05-09 18:02:14.408 10 INFO neutron.db.ovn_revision_numbers_db [None req-a5f16fc5-aa5b-41a2-bca2-07389cadd09f 403c861a68fa4d29b7a03bd97f863667 11d5b78ddac64b9aac04041d6853d349 - - default default] Successfully bumped revision number for resource 124258b0-0c08-4f49-9c8a-927ba93db042 (type: security_groups) to 1
2026-05-09 18:02:14.427 10 INFO neutron.db.ovn_revision_numbers_db [None req-a5f16fc5-aa5b-41a2-bca2-07389cadd09f 403c861a68fa4d29b7a03bd97f863667 11d5b78ddac64b9aac04041d6853d349 - - default default] Successfully bumped revision number for resource 30d3b1dc-7bd0-41e5-a5c5-8d2de811a232 (type: security_group_rules) to 0
2026-05-09 18:02:14.444 10 INFO neutron.db.ovn_revision_numbers_db [None req-a5f16fc5-aa5b-41a2-bca2-07389cadd09f 403c861a68fa4d29b7a03bd97f863667 11d5b78ddac64b9aac04041d6853d349 - - default default] Successfully bumped revision number for resource af8015f2-71b9-4b6e-8ab1-7e4935677d77 (type: security_group_rules) to 0
2026-05-09 18:02:14.466 10 INFO neutron.db.ovn_revision_numbers_db [None req-a5f16fc5-aa5b-41a2-bca2-07389cadd09f 403c861a68fa4d29b7a03bd97f863667 11d5b78ddac64b9aac04041d6853d349 - - default default] Successfully bumped revision number for resource da01a732-f328-45b4-8fcc-10f4b0b2ef6d (type: security_group_rules) to 0
2026-05-09 18:02:14.477 10 INFO neutron.db.ovn_revision_numbers_db [None req-a5f16fc5-aa5b-41a2-bca2-07389cadd09f 403c861a68fa4d29b7a03bd97f863667 11d5b78ddac64b9aac04041d6853d349 - - default default] Successfully bumped revision number for resource f03782d5-743f-43b2-bb1d-a603d14358ae (type: security_group_rules) to 0
2026-05-09 18:02:14.498 10 INFO neutron.wsgi [None req-a5f16fc5-aa5b-41a2-bca2-07389cadd09f 403c861a68fa4d29b7a03bd97f863667 11d5b78ddac64b9aac04041d6853d349 - - default default] 10.0.0.188 "GET /v2.0/security-groups?tenant_id=48ec2dd03efd4f99877c1770519bf402&name=default HTTP/1.1" status: 200 len: 2996 time: 0.2224598
2026-05-09 18:02:14.639 10 INFO neutron.db.ovn_revision_numbers_db [None req-4141522e-0a66-46b9-b074-65179e02068f 403c861a68fa4d29b7a03bd97f863667 11d5b78ddac64b9aac04041d6853d349 - - default default] Successfully bumped revision number for resource 2031d3c5-8eaa-47a6-a28b-88ad1876c248 (type: security_groups) to 1
2026-05-09 18:02:14.653 10 INFO neutron.db.ovn_revision_numbers_db [None req-4141522e-0a66-46b9-b074-65179e02068f 403c861a68fa4d29b7a03bd97f863667 11d5b78ddac64b9aac04041d6853d349 - - default default] Successfully bumped revision number for resource 1cb89868-4899-4117-935b-1323814387b5 (type: security_group_rules) to 0
2026-05-09 18:02:14.667 10 INFO neutron.db.ovn_revision_numbers_db [None req-4141522e-0a66-46b9-b074-65179e02068f 403c861a68fa4d29b7a03bd97f863667 11d5b78ddac64b9aac04041d6853d349 - - default default] Successfully bumped revision number for resource 4c1a8eca-39ec-4204-80e8-09ac7a0d0b5f (type: security_group_rules) to 0
2026-05-09 18:02:14.681 10 INFO neutron.db.ovn_revision_numbers_db [None req-4141522e-0a66-46b9-b074-65179e02068f 403c861a68fa4d29b7a03bd97f863667 11d5b78ddac64b9aac04041d6853d349 - - default default] Successfully bumped revision number for resource 4fb2a7b3-fdc1-4e0f-b01f-6fd62c4f8d07 (type: security_group_rules) to 0
2026-05-09 18:02:14.696 10 INFO neutron.db.ovn_revision_numbers_db [None req-4141522e-0a66-46b9-b074-65179e02068f 403c861a68fa4d29b7a03bd97f863667 11d5b78ddac64b9aac04041d6853d349 - - default default] Successfully bumped revision number for resource 936c5aaa-b7c1-4cf5-845a-de94120ccf81 (type: security_group_rules) to 0
2026-05-09 18:02:14.721 10 INFO neutron.wsgi [None req-4141522e-0a66-46b9-b074-65179e02068f 403c861a68fa4d29b7a03bd97f863667 11d5b78ddac64b9aac04041d6853d349 - - default default] 10.0.0.188 "GET /v2.0/security-groups?tenant_id=e9f0b214d13f48efac0e299f393a3c0c&name=default HTTP/1.1" status: 200 len: 2996 time: 0.3809345
2026-05-09 18:02:14.724 10 INFO neutron.wsgi [None req-c6cd9453-a2d7-4dea-be2b-d10af39995fa 403c861a68fa4d29b7a03bd97f863667 11d5b78ddac64b9aac04041d6853d349 - - default default] 10.0.0.188 "DELETE /v2.0/security-groups/124258b0-0c08-4f49-9c8a-927ba93db042 HTTP/1.1" status: 204 len: 168 time: 0.2194543
2026-05-09 18:02:14.915 10 INFO neutron.wsgi [None req-3c4db693-16f0-4c00-965c-30afd2f67dec 403c861a68fa4d29b7a03bd97f863667 11d5b78ddac64b9aac04041d6853d349 - - default default] 10.0.0.188 "DELETE /v2.0/security-groups/2031d3c5-8eaa-47a6-a28b-88ad1876c248 HTTP/1.1" status: 204 len: 168 time: 0.1892102
2026-05-09 18:02:15.128 10 INFO neutron.db.ovn_revision_numbers_db [None req-3ec9685d-182c-48ed-bb54-042962c042c0 403c861a68fa4d29b7a03bd97f863667 11d5b78ddac64b9aac04041d6853d349 - - default default] Successfully bumped revision number for resource 99e357c0-909b-44e9-acca-c2e1db377b09 (type: security_groups) to 1
2026-05-09 18:02:15.142 10 INFO neutron.db.ovn_revision_numbers_db [None req-3ec9685d-182c-48ed-bb54-042962c042c0 403c861a68fa4d29b7a03bd97f863667 11d5b78ddac64b9aac04041d6853d349 - - default default] Successfully bumped revision number for resource 2d1e2246-77e0-4ce5-920c-4ef1577c2704 (type: security_group_rules) to 0
2026-05-09 18:02:15.156 10 INFO neutron.db.ovn_revision_numbers_db [None req-3ec9685d-182c-48ed-bb54-042962c042c0 403c861a68fa4d29b7a03bd97f863667 11d5b78ddac64b9aac04041d6853d349 - - default default] Successfully bumped revision number for resource 4eb7552c-6584-44db-add9-58c90d701b29 (type: security_group_rules) to 0
2026-05-09 18:02:15.175 10 INFO neutron.db.ovn_revision_numbers_db [None req-3ec9685d-182c-48ed-bb54-042962c042c0 403c861a68fa4d29b7a03bd97f863667 11d5b78ddac64b9aac04041d6853d349 - - default default] Successfully bumped revision number for resource b6bdc467-393b-4de0-8698-43789c8d3610 (type: security_group_rules) to 0
2026-05-09 18:02:15.189 10 INFO neutron.db.ovn_revision_numbers_db [None req-3ec9685d-182c-48ed-bb54-042962c042c0 403c861a68fa4d29b7a03bd97f863667 11d5b78ddac64b9aac04041d6853d349 - - default default] Successfully bumped revision number for resource e430b955-4262-4b36-aa40-216f9e886dcb (type: security_group_rules) to 0
2026-05-09 18:02:15.212 10 INFO neutron.wsgi [None req-3ec9685d-182c-48ed-bb54-042962c042c0 403c861a68fa4d29b7a03bd97f863667 11d5b78ddac64b9aac04041d6853d349 - - default default] 10.0.0.188 "GET /v2.0/security-groups?tenant_id=a66f7f5fa2474edfa456e2fb65dfa105&name=default HTTP/1.1" status: 200 len: 2996 time: 0.1984258
2026-05-09 18:02:15.429 10 INFO neutron.wsgi [None req-3fa41e41-c92a-440b-bea7-efff46597aa3 403c861a68fa4d29b7a03bd97f863667 11d5b78ddac64b9aac04041d6853d349 - - default default] 10.0.0.188 "DELETE /v2.0/security-groups/99e357c0-909b-44e9-acca-c2e1db377b09 HTTP/1.1" status: 204 len: 168 time: 0.2111492
2026-05-09 18:02:15.640 9 INFO neutron.wsgi [req-fc5b2ea2-0b2c-4c07-87f8-a7279b49462a req-0f890059-bd12-44e0-8027-c38aaa2cccf5 3d9dea9445d4474c86004f40755ec965 3265557e2e0f4adc8876917c1ab2194b - - 24fb024d43c54052bfeeb1475316e5b6 24fb024d43c54052bfeeb1475316e5b6] 10.0.0.182 "GET /v2.0/ports?device_id=4bb40465-c59a-4922-b33e-cb5a890623ac HTTP/1.1" status: 200 len: 1409 time: 0.0471320
2026-05-09 18:02:15.685 9 INFO neutron.wsgi [req-fc5b2ea2-0b2c-4c07-87f8-a7279b49462a req-d28cdc2c-9025-45b4-ab06-35ebdd3e26d8 3d9dea9445d4474c86004f40755ec965 3265557e2e0f4adc8876917c1ab2194b - - 24fb024d43c54052bfeeb1475316e5b6 24fb024d43c54052bfeeb1475316e5b6] 10.0.0.182 "GET /v2.0/security-groups?id=7f4419e5-7c70-4fce-b17b-67458e414863&fields=id&fields=name HTTP/1.1" status: 200 len: 312 time: 0.0396385
2026-05-09 18:02:16.102 10 INFO neutron.wsgi [None req-fe817047-b148-42af-922c-145151cd97b5 70e5b4264e6e457a80c8f03836404f7c 29d519ecf226454aa9f64903f88850dd - - default default] 10.0.0.188 "POST /v2.0/qos/policies HTTP/1.1" status: 201 len: 558 time: 0.1547842
2026-05-09 18:02:16.138 10 INFO neutron.wsgi [None req-235cf3d8-0722-4cdb-bc9f-62de3611b5a0 70e5b4264e6e457a80c8f03836404f7c 29d519ecf226454aa9f64903f88850dd - - default default] 10.0.0.188 "PUT /v2.0/policies/67784c6a-3444-4112-9773-dc2083653fa3/tags HTTP/1.1" status: 200 len: 218 time: 0.0311427
2026-05-09 18:02:16.157 10 INFO neutron.wsgi [None req-d01e8767-a6f4-435a-8f30-568839bdf602 70e5b4264e6e457a80c8f03836404f7c 29d519ecf226454aa9f64903f88850dd - - default default] 10.0.0.188 "GET /v2.0/policies/67784c6a-3444-4112-9773-dc2083653fa3/tags HTTP/1.1" status: 200 len: 218 time: 0.0147586
2026-05-09 18:02:16.188 10 INFO neutron.wsgi [None req-748513f4-1cc2-430a-a6a6-0f9698fcaee0 70e5b4264e6e457a80c8f03836404f7c 29d519ecf226454aa9f64903f88850dd - - default default] 10.0.0.188 "PUT /v2.0/policies/67784c6a-3444-4112-9773-dc2083653fa3/tags/green HTTP/1.1" status: 201 len: 201 time: 0.0279031
2026-05-09 18:02:16.206 10 INFO neutron.wsgi [None req-036700d9-1e55-42a9-82eb-c6edbff537d2 70e5b4264e6e457a80c8f03836404f7c 29d519ecf226454aa9f64903f88850dd - - default default] 10.0.0.188 "GET /v2.0/policies/67784c6a-3444-4112-9773-dc2083653fa3/tags HTTP/1.1" status: 200 len: 227 time: 0.0135157
2026-05-09 18:02:16.225 10 INFO neutron.wsgi [None req-294e71e1-247f-4432-bd24-19e58e50991d 70e5b4264e6e457a80c8f03836404f7c 29d519ecf226454aa9f64903f88850dd - - default default] 10.0.0.188 "PUT /v2.0/policies/67784c6a-3444-4112-9773-dc2083653fa3/tags/red HTTP/1.1" status: 201 len: 201 time: 0.0144763
2026-05-09 18:02:16.242 10 INFO neutron.wsgi [None req-1a4e8fa4-d860-4f5b-afe1-c9342cbd4ba6 70e5b4264e6e457a80c8f03836404f7c 29d519ecf226454aa9f64903f88850dd - - default default] 10.0.0.188 "GET /v2.0/policies/67784c6a-3444-4112-9773-dc2083653fa3/tags HTTP/1.1" status: 200 len: 227 time: 0.0133510
2026-05-09 18:02:16.272 10 INFO neutron.wsgi [None req-6d799d25-d97b-4346-9aed-35318afaf4ae 70e5b4264e6e457a80c8f03836404f7c 29d519ecf226454aa9f64903f88850dd - - default default] 10.0.0.188 "PUT /v2.0/policies/67784c6a-3444-4112-9773-dc2083653fa3/tags/black.or.white HTTP/1.1" status: 201 len: 201 time: 0.0264699
2026-05-09 18:02:16.294 10 INFO neutron.wsgi [None req-8f95e277-2cbb-4f67-a117-995e7ebcf3c5 70e5b4264e6e457a80c8f03836404f7c 29d519ecf226454aa9f64903f88850dd - - default default] 10.0.0.188 "GET /v2.0/policies/67784c6a-3444-4112-9773-dc2083653fa3/tags HTTP/1.1" status: 200 len: 245 time: 0.0176203
2026-05-09 18:02:16.328 10 INFO neutron.wsgi [None req-8dcb7484-5e65-4efd-97e1-e4960968778e 70e5b4264e6e457a80c8f03836404f7c 29d519ecf226454aa9f64903f88850dd - - default default] 10.0.0.188 "PUT /v2.0/policies/67784c6a-3444-4112-9773-dc2083653fa3/tags HTTP/1.1" status: 200 len: 230 time: 0.0301995
2026-05-09 18:02:16.352 10 INFO neutron.wsgi [None req-79964300-c18e-48c2-99e3-ac92edeb69f1 70e5b4264e6e457a80c8f03836404f7c 29d519ecf226454aa9f64903f88850dd - - default default] 10.0.0.188 "GET /v2.0/policies/67784c6a-3444-4112-9773-dc2083653fa3/tags HTTP/1.1" status: 200 len: 230 time: 0.0184999
2026-05-09 18:02:16.376 10 INFO neutron.wsgi [None req-32e4cecf-40fd-4267-b736-7d84cdc886fc 70e5b4264e6e457a80c8f03836404f7c 29d519ecf226454aa9f64903f88850dd - - default default] 10.0.0.188 "GET /v2.0/policies/67784c6a-3444-4112-9773-dc2083653fa3/tags/red HTTP/1.1" status: 204 len: 168 time: 0.0177765
2026-05-09 18:02:16.403 9 INFO neutron.api.v2.resource [None req-e2d9103c-1fc9-4273-9389-a1e2ce878737 70e5b4264e6e457a80c8f03836404f7c 29d519ecf226454aa9f64903f88850dd - - default default] show failed (client error): The resource could not be found.
2026-05-09 18:02:16.404 9 INFO neutron.wsgi [None req-e2d9103c-1fc9-4273-9389-a1e2ce878737 70e5b4264e6e457a80c8f03836404f7c 29d519ecf226454aa9f64903f88850dd - - default default] 10.0.0.188 "GET /v2.0/policies/67784c6a-3444-4112-9773-dc2083653fa3/tags/green HTTP/1.1" status: 404 len: 299 time: 0.0221360
2026-05-09 18:02:16.449 9 INFO neutron.wsgi [None req-3e29b8f5-fc3f-4aad-86a2-08dcbaeb1af7 70e5b4264e6e457a80c8f03836404f7c 29d519ecf226454aa9f64903f88850dd - - default default] 10.0.0.188 "DELETE /v2.0/policies/67784c6a-3444-4112-9773-dc2083653fa3/tags/red HTTP/1.1" status: 204 len: 168 time: 0.0312021
2026-05-09 18:02:16.472 9 INFO neutron.wsgi [None req-ffbac615-625f-4bb0-9b60-52974276dbee 70e5b4264e6e457a80c8f03836404f7c 29d519ecf226454aa9f64903f88850dd - - default default] 10.0.0.188 "GET /v2.0/policies/67784c6a-3444-4112-9773-dc2083653fa3/tags HTTP/1.1" status: 200 len: 223 time: 0.0174820
2026-05-09 18:02:16.497 9 INFO neutron.api.v2.resource [None req-cad87792-c784-4983-9471-9fb4fe69991a 70e5b4264e6e457a80c8f03836404f7c 29d519ecf226454aa9f64903f88850dd - - default default] delete failed (client error): The resource could not be found.
2026-05-09 18:02:16.498 9 INFO neutron.wsgi [None req-cad87792-c784-4983-9471-9fb4fe69991a 70e5b4264e6e457a80c8f03836404f7c 29d519ecf226454aa9f64903f88850dd - - default default] 10.0.0.188 "DELETE /v2.0/policies/67784c6a-3444-4112-9773-dc2083653fa3/tags/green HTTP/1.1" status: 404 len: 299 time: 0.0212657
2026-05-09 18:02:16.535 9 INFO neutron.wsgi [None req-77d5f092-7ebe-4552-954a-3b191aaeb414 70e5b4264e6e457a80c8f03836404f7c 29d519ecf226454aa9f64903f88850dd - - default default] 10.0.0.188 "DELETE /v2.0/policies/67784c6a-3444-4112-9773-dc2083653fa3/tags HTTP/1.1" status: 204 len: 168 time: 0.0293946
2026-05-09 18:02:16.555 9 INFO neutron.wsgi [None req-1cbd7ab9-4bcc-4429-9412-08e8428801c6 70e5b4264e6e457a80c8f03836404f7c 29d519ecf226454aa9f64903f88850dd - - default default] 10.0.0.188 "GET /v2.0/policies/67784c6a-3444-4112-9773-dc2083653fa3/tags HTTP/1.1" status: 200 len: 205 time: 0.0156701
2026-05-09 18:02:16.626 9 INFO neutron.wsgi [None req-ac549b73-fec9-4088-adfd-34b784cca0ac 70e5b4264e6e457a80c8f03836404f7c 29d519ecf226454aa9f64903f88850dd - - default default] 10.0.0.188 "DELETE /v2.0/qos/policies/67784c6a-3444-4112-9773-dc2083653fa3 HTTP/1.1" status: 204 len: 168 time: 0.0653734
2026-05-09 18:02:17.087 10 INFO neutron.wsgi [None req-481b1df3-d2d1-4923-b7d6-bbc70d014186 fd4142ec664f4312b530e2e223fbacd7 ee269bbccc4947ad9593686559ed7d8e - - default default] 10.0.0.188 "GET /v2.0/ports?project_id=7df23abf1ab4499eb275cb330d3aba5e&network_id=750ffe80-e0e6-4d0b-9891-e17f685255f4 HTTP/1.1" status: 200 len: 3510 time: 0.0690241
2026-05-09 18:02:17.396 10 INFO neutron.wsgi [None req-4d06708c-b863-41fd-92d6-bd03fab47497 fd4142ec664f4312b530e2e223fbacd7 ee269bbccc4947ad9593686559ed7d8e - - default default] 10.0.0.188 "GET /v2.0/subnets?network_id=9325f272-0f0a-469a-8d49-1c9c9f32dd96 HTTP/1.1" status: 200 len: 838 time: 0.0560398
2026-05-09 18:02:17.523 9 INFO neutron.db.ovn_revision_numbers_db [None req-72960d1a-266d-41d4-acb7-b4f83d6c069d 403c861a68fa4d29b7a03bd97f863667 11d5b78ddac64b9aac04041d6853d349 - - default default] Successfully bumped revision number for resource 2ee296ca-d31c-4059-baee-aaec2a5a341e (type: security_groups) to 1
2026-05-09 18:02:17.542 9 INFO neutron.db.ovn_revision_numbers_db [None req-72960d1a-266d-41d4-acb7-b4f83d6c069d 403c861a68fa4d29b7a03bd97f863667 11d5b78ddac64b9aac04041d6853d349 - - default default] Successfully bumped revision number for resource 2dbc1f58-0d7b-4642-8689-5c526804a8af (type: security_group_rules) to 0
2026-05-09 18:02:17.573 9 INFO neutron.db.ovn_revision_numbers_db [None req-72960d1a-266d-41d4-acb7-b4f83d6c069d 403c861a68fa4d29b7a03bd97f863667 11d5b78ddac64b9aac04041d6853d349 - - default default] Successfully bumped revision number for resource 310d409e-ca1b-4881-ba47-bed778ce5ef0 (type: security_group_rules) to 0
2026-05-09 18:02:17.603 9 INFO neutron.db.ovn_revision_numbers_db [None req-72960d1a-266d-41d4-acb7-b4f83d6c069d 403c861a68fa4d29b7a03bd97f863667 11d5b78ddac64b9aac04041d6853d349 - - default default] Successfully bumped revision number for resource 418f1f6c-34c7-4424-81cd-35e493b6cfa3 (type: security_group_rules) to 0
2026-05-09 18:02:17.621 9 INFO neutron.db.ovn_revision_numbers_db [None req-72960d1a-266d-41d4-acb7-b4f83d6c069d 403c861a68fa4d29b7a03bd97f863667 11d5b78ddac64b9aac04041d6853d349 - - default default] Successfully bumped revision number for resource 8a1cae7d-d2bf-49ef-a49b-28b5f1dd2842 (type: security_group_rules) to 0
2026-05-09 18:02:17.667 9 INFO neutron.wsgi [None req-72960d1a-266d-41d4-acb7-b4f83d6c069d 403c861a68fa4d29b7a03bd97f863667 11d5b78ddac64b9aac04041d6853d349 - - default default] 10.0.0.188 "GET /v2.0/security-groups?tenant_id=0758d9224e694d818d1ada28cd51258f&name=default HTTP/1.1" status: 200 len: 2996 time: 0.4441900
2026-05-09 18:02:17.710 9 INFO neutron.db.l3_db [None req-3dd57233-aaa8-47c5-8f7a-5babb54b805d e3f827b8f6f84f978c4b9e68357bb50b 7df23abf1ab4499eb275cb330d3aba5e - - default default] Floating IP e15650d1-5ae6-4c20-b28b-3594ff6e0b79 disassociated. External IP: 10.96.250.202, port: 085eee00-0410-48c0-83d8-a83940d6978f.
2026-05-09 18:02:17.780 9 INFO neutron.db.ovn_revision_numbers_db [None req-3dd57233-aaa8-47c5-8f7a-5babb54b805d e3f827b8f6f84f978c4b9e68357bb50b 7df23abf1ab4499eb275cb330d3aba5e - - default default] Successfully bumped revision number for resource e15650d1-5ae6-4c20-b28b-3594ff6e0b79 (type: floatingips) to 2
2026-05-09 18:02:17.858 9 INFO neutron.wsgi [None req-3dd57233-aaa8-47c5-8f7a-5babb54b805d e3f827b8f6f84f978c4b9e68357bb50b 7df23abf1ab4499eb275cb330d3aba5e - - default default] 10.0.0.188 "PUT /v2.0/floatingips/e15650d1-5ae6-4c20-b28b-3594ff6e0b79 HTTP/1.1" status: 200 len: 748 time: 0.3216584
2026-05-09 18:02:17.909 9 INFO neutron.notifiers.nova [-] Nova event matching ['req-2d5ef012-5ad9-477a-9ef8-7f18ec97e913'] response: {'name': 'network-changed', 'server_uuid': '4bb40465-c59a-4922-b33e-cb5a890623ac', 'tag': '085eee00-0410-48c0-83d8-a83940d6978f', 'status': 'completed', 'code': 200}
2026-05-09 18:02:17.913 10 INFO neutron.wsgi [None req-14ab55e0-4abe-49f8-b028-0e5f54646605 e3f827b8f6f84f978c4b9e68357bb50b 7df23abf1ab4499eb275cb330d3aba5e - - default default] 10.0.0.188 "GET /v2.0/floatingips/e15650d1-5ae6-4c20-b28b-3594ff6e0b79 HTTP/1.1" status: 200 len: 746 time: 0.0490148 /var/lib/openstack/lib/python3.10/site-packages/pycadf/identifier.py:71: UserWarning: Invalid uuid: neutron. To ensure interoperability, identifiers should be a valid uuid. warnings.warn(('Invalid uuid: %s. To ensure interoperability, '
2026-05-09 18:02:17.937 10 INFO neutron.wsgi [None req-7e890b82-0d59-444d-b275-1a016de153a6 403c861a68fa4d29b7a03bd97f863667 11d5b78ddac64b9aac04041d6853d349 - - default default] 10.0.0.188 "DELETE /v2.0/security-groups/2ee296ca-d31c-4059-baee-aaec2a5a341e HTTP/1.1" status: 204 len: 168 time: 0.2648511
2026-05-09 18:02:17.974 9 INFO neutron.wsgi [req-ea7b261d-9e3f-45dc-8390-334e07c2fe87 req-1bf88dba-2679-45cf-9040-acb7a28e338e 3d9dea9445d4474c86004f40755ec965 3265557e2e0f4adc8876917c1ab2194b - - 24fb024d43c54052bfeeb1475316e5b6 24fb024d43c54052bfeeb1475316e5b6] 199.204.45.246 "GET /v2.0/ports?tenant_id=7df23abf1ab4499eb275cb330d3aba5e&device_id=4bb40465-c59a-4922-b33e-cb5a890623ac HTTP/1.1" status: 200 len: 1409 time: 0.0427361
2026-05-09 18:02:18.046 9 INFO neutron.wsgi [req-ea7b261d-9e3f-45dc-8390-334e07c2fe87 req-a626efa3-d2bb-401d-a529-bb1c8cb3895e 3d9dea9445d4474c86004f40755ec965 3265557e2e0f4adc8876917c1ab2194b - - 24fb024d43c54052bfeeb1475316e5b6 24fb024d43c54052bfeeb1475316e5b6] 199.204.45.246 "GET /v2.0/networks?id=750ffe80-e0e6-4d0b-9891-e17f685255f4 HTTP/1.1" status: 200 len: 959 time: 0.0657606
2026-05-09 18:02:18.074 9 INFO neutron.wsgi [req-ea7b261d-9e3f-45dc-8390-334e07c2fe87 req-e0465a0c-0fc1-4311-925f-42f88ec53874 3d9dea9445d4474c86004f40755ec965 3265557e2e0f4adc8876917c1ab2194b - - 24fb024d43c54052bfeeb1475316e5b6 24fb024d43c54052bfeeb1475316e5b6] 199.204.45.246 "GET /v2.0/floatingips?fixed_ip_address=10.100.0.8&port_id=085eee00-0410-48c0-83d8-a83940d6978f HTTP/1.1" status: 200 len: 217 time: 0.0230937
2026-05-09 18:02:18.116 9 INFO neutron.wsgi [req-ea7b261d-9e3f-45dc-8390-334e07c2fe87 req-a9341b93-a8c9-4917-b814-8936017ff71e 3d9dea9445d4474c86004f40755ec965 3265557e2e0f4adc8876917c1ab2194b - - 24fb024d43c54052bfeeb1475316e5b6 24fb024d43c54052bfeeb1475316e5b6] 199.204.45.246 "GET /v2.0/subnets?id=ba9720e4-e3ad-47da-b367-b1147b870256 HTTP/1.1" status: 200 len: 852 time: 0.0363722
2026-05-09 18:02:18.141 9 INFO neutron.wsgi [req-ea7b261d-9e3f-45dc-8390-334e07c2fe87 req-b28092ae-278b-45d4-903e-94fa64a95898 3d9dea9445d4474c86004f40755ec965 3265557e2e0f4adc8876917c1ab2194b - - 24fb024d43c54052bfeeb1475316e5b6 24fb024d43c54052bfeeb1475316e5b6] 199.204.45.246 "GET /v2.0/ports?network_id=750ffe80-e0e6-4d0b-9891-e17f685255f4&device_owner=network%3Adhcp HTTP/1.1" status: 200 len: 210 time: 0.0195305
2026-05-09 18:02:18.164 10 INFO neutron.db.ovn_revision_numbers_db [None req-f9d5a22f-3852-4042-a1dc-63ef46209eb5 403c861a68fa4d29b7a03bd97f863667 11d5b78ddac64b9aac04041d6853d349 - - default default] Successfully bumped revision number for resource 0f3c88e0-de6f-402a-b0db-5f3a8973c525 (type: security_groups) to 1
2026-05-09 18:02:18.178 10 INFO neutron.db.ovn_revision_numbers_db [None req-f9d5a22f-3852-4042-a1dc-63ef46209eb5 403c861a68fa4d29b7a03bd97f863667 11d5b78ddac64b9aac04041d6853d349 - - default default] Successfully bumped revision number for resource 5e5e36e4-21d3-4974-a2c7-fe3b89d29881 (type: security_group_rules) to 0
2026-05-09 18:02:18.186 9 WARNING neutron_lib.context [None req-e83cf3d9-b349-4c9f-837a-360d9707978d dca9b48d4c1940dbbb32a40b794a1dab b2b0017fc868405b9a75a05bd3477ff6 - - default default] Method 'is_advsvc' is deprecated since 2023.2 release (neutron-lib 3.8.0) and will be removed once support for the old RBAC API policies will be removed from Neutron. Please use method 'is_service_role' instead.
2026-05-09 18:02:18.191 10 INFO neutron.db.ovn_revision_numbers_db [None req-f9d5a22f-3852-4042-a1dc-63ef46209eb5 403c861a68fa4d29b7a03bd97f863667 11d5b78ddac64b9aac04041d6853d349 - - default default] Successfully bumped revision number for resource 6f908025-702d-4ed7-8815-f2b599abe86f (type: security_group_rules) to 0
2026-05-09 18:02:18.207 10 INFO neutron.db.ovn_revision_numbers_db [None req-f9d5a22f-3852-4042-a1dc-63ef46209eb5 403c861a68fa4d29b7a03bd97f863667 11d5b78ddac64b9aac04041d6853d349 - - default default] Successfully bumped revision number for resource cf28832f-3645-4ba0-9d7e-028f8410ba9f (type: security_group_rules) to 0
2026-05-09 18:02:18.218 9 INFO neutron.wsgi [req-ea7b261d-9e3f-45dc-8390-334e07c2fe87 req-0f33a07f-157a-4a4f-8378-28d8d4490bac 3d9dea9445d4474c86004f40755ec965 3265557e2e0f4adc8876917c1ab2194b - - 24fb024d43c54052bfeeb1475316e5b6 24fb024d43c54052bfeeb1475316e5b6] 199.204.45.246 "GET /v2.0/networks/750ffe80-e0e6-4d0b-9891-e17f685255f4?fields=segments HTTP/1.1" status: 200 len: 212 time: 0.0718467
2026-05-09 18:02:18.226 10 INFO neutron.db.ovn_revision_numbers_db [None req-f9d5a22f-3852-4042-a1dc-63ef46209eb5 403c861a68fa4d29b7a03bd97f863667 11d5b78ddac64b9aac04041d6853d349 - - default default] Successfully bumped revision number for resource efc3c576-85d3-46b5-ab5b-bbe3f345b748 (type: security_group_rules) to 0
2026-05-09 18:02:18.250 10 INFO neutron.wsgi [None req-f9d5a22f-3852-4042-a1dc-63ef46209eb5 403c861a68fa4d29b7a03bd97f863667 11d5b78ddac64b9aac04041d6853d349 - - default default] 10.0.0.188 "GET /v2.0/security-groups?tenant_id=29d519ecf226454aa9f64903f88850dd&name=default HTTP/1.1" status: 200 len: 2996 time: 0.2038827
2026-05-09 18:02:18.294 9 INFO neutron.wsgi [req-ea7b261d-9e3f-45dc-8390-334e07c2fe87 req-d5de0603-c26a-4060-8c45-d91112e55be1 3d9dea9445d4474c86004f40755ec965 3265557e2e0f4adc8876917c1ab2194b - - 24fb024d43c54052bfeeb1475316e5b6 24fb024d43c54052bfeeb1475316e5b6] 199.204.45.246 "GET /v2.0/networks/750ffe80-e0e6-4d0b-9891-e17f685255f4?fields=provider%3Aphysical_network&fields=provider%3Anetwork_type HTTP/1.1" status: 200 len: 277 time: 0.0705240
2026-05-09 18:02:18.354 9 INFO neutron.db.ovn_revision_numbers_db [None req-e83cf3d9-b349-4c9f-837a-360d9707978d dca9b48d4c1940dbbb32a40b794a1dab b2b0017fc868405b9a75a05bd3477ff6 - - default default] Successfully bumped revision number for resource ce9b7c34-dc9c-4f35-88e1-f442232b202b (type: security_groups) to 1
2026-05-09 18:02:18.377 9 INFO neutron.db.ovn_revision_numbers_db [None req-e83cf3d9-b349-4c9f-837a-360d9707978d dca9b48d4c1940dbbb32a40b794a1dab b2b0017fc868405b9a75a05bd3477ff6 - - default default] Successfully bumped revision number for resource 0738fad3-dc83-4bf0-b621-ac0e73e346c2 (type: security_group_rules) to 0
2026-05-09 18:02:18.387 9 INFO neutron.db.ovn_revision_numbers_db [None req-e83cf3d9-b349-4c9f-837a-360d9707978d dca9b48d4c1940dbbb32a40b794a1dab b2b0017fc868405b9a75a05bd3477ff6 - - default default] Successfully bumped revision number for resource 148165fd-6aaa-49da-a55c-7a769bcbcce3 (type: security_group_rules) to 0
2026-05-09 18:02:18.396 9 INFO neutron.db.ovn_revision_numbers_db [None req-e83cf3d9-b349-4c9f-837a-360d9707978d dca9b48d4c1940dbbb32a40b794a1dab b2b0017fc868405b9a75a05bd3477ff6 - - default default] Successfully bumped revision number for resource 94c61ed2-d805-472d-a157-b9bb3653247c (type: security_group_rules) to 0
2026-05-09 18:02:18.406 9 INFO neutron.db.ovn_revision_numbers_db [None req-e83cf3d9-b349-4c9f-837a-360d9707978d dca9b48d4c1940dbbb32a40b794a1dab b2b0017fc868405b9a75a05bd3477ff6 - - default default] Successfully bumped revision number for resource db761739-b337-4761-b9af-488ebf1d0551 (type: security_group_rules) to 0
2026-05-09 18:02:18.439 10 INFO neutron.wsgi [None req-67fa6cbd-067d-4708-9997-2b1b9a315923 403c861a68fa4d29b7a03bd97f863667 11d5b78ddac64b9aac04041d6853d349 - - default default] 10.0.0.188 "DELETE /v2.0/security-groups/0f3c88e0-de6f-402a-b0db-5f3a8973c525 HTTP/1.1" status: 204 len: 168 time: 0.1850970
2026-05-09 18:02:18.448 9 INFO neutron.db.segments_db [None req-e83cf3d9-b349-4c9f-837a-360d9707978d dca9b48d4c1940dbbb32a40b794a1dab b2b0017fc868405b9a75a05bd3477ff6 - - default default] Added segment 05a9936b-a6be-401d-9264-69a3eb5bfdef of type geneve for network a4bf77b7-91ea-4551-8245-9ce6dd786951
2026-05-09 18:02:18.583 9 INFO neutron.db.ovn_revision_numbers_db [None req-e83cf3d9-b349-4c9f-837a-360d9707978d dca9b48d4c1940dbbb32a40b794a1dab b2b0017fc868405b9a75a05bd3477ff6 - - default default] Successfully bumped revision number for resource a4bf77b7-91ea-4551-8245-9ce6dd786951 (type: networks) to 1
2026-05-09 18:02:18.732 9 WARNING neutron.scheduler.dhcp_agent_scheduler [None req-e83cf3d9-b349-4c9f-837a-360d9707978d dca9b48d4c1940dbbb32a40b794a1dab b2b0017fc868405b9a75a05bd3477ff6 - - default default] No more DHCP agents
2026-05-09 18:02:18.734 9 WARNING neutron.api.rpc.agentnotifiers.dhcp_rpc_agent_api [None req-e83cf3d9-b349-4c9f-837a-360d9707978d dca9b48d4c1940dbbb32a40b794a1dab b2b0017fc868405b9a75a05bd3477ff6 - - default default] Unable to schedule network a4bf77b7-91ea-4551-8245-9ce6dd786951: no agents available; will retry on subsequent port and subnet creation events.
2026-05-09 18:02:18.813 9 INFO neutron.db.ovn_revision_numbers_db [None req-e83cf3d9-b349-4c9f-837a-360d9707978d dca9b48d4c1940dbbb32a40b794a1dab b2b0017fc868405b9a75a05bd3477ff6 - - default default] Successfully bumped revision number for resource a818c8b1-eecb-4ae9-ae3c-542dc06b27ab (type: ports) to 1
2026-05-09 18:02:18.835 9 INFO neutron.wsgi [None req-e83cf3d9-b349-4c9f-837a-360d9707978d dca9b48d4c1940dbbb32a40b794a1dab b2b0017fc868405b9a75a05bd3477ff6 - - default default] 10.0.0.188 "POST /v2.0/networks HTTP/1.1" status: 201 len: 831 time: 0.8418522
2026-05-09 18:02:18.880 9 WARNING neutron_lib.context [None req-a2e03683-ab09-496c-96b2-49656a6fa50f dca9b48d4c1940dbbb32a40b794a1dab b2b0017fc868405b9a75a05bd3477ff6 - - default default] Method 'is_advsvc' is deprecated since 2023.2 release (neutron-lib 3.8.0) and will be removed once support for the old RBAC API policies will be removed from Neutron. Please use method 'is_service_role' instead.
2026-05-09 18:02:18.957 9 INFO neutron.db.segments_db [None req-a2e03683-ab09-496c-96b2-49656a6fa50f dca9b48d4c1940dbbb32a40b794a1dab b2b0017fc868405b9a75a05bd3477ff6 - - default default] Added segment 89e21373-9157-4001-a6ce-7db5b974f937 of type geneve for network 3cd347aa-4320-4c54-b51d-5b85fe27fafe
2026-05-09 18:02:18.992 10 WARNING neutron_lib.context [None req-0226b190-98e6-4637-874b-db5096a71a36 e3f827b8f6f84f978c4b9e68357bb50b 7df23abf1ab4499eb275cb330d3aba5e - - default default] Method 'is_advsvc' is deprecated since 2023.2 release (neutron-lib 3.8.0) and will be removed once support for the old RBAC API policies will be removed from Neutron. Please use method 'is_service_role' instead.
2026-05-09 18:02:19.092 9 INFO neutron.db.ovn_revision_numbers_db [None req-a2e03683-ab09-496c-96b2-49656a6fa50f dca9b48d4c1940dbbb32a40b794a1dab b2b0017fc868405b9a75a05bd3477ff6 - - default default] Successfully bumped revision number for resource 3cd347aa-4320-4c54-b51d-5b85fe27fafe (type: networks) to 1
2026-05-09 18:02:19.101 10 INFO neutron.db.ovn_revision_numbers_db [None req-57662b6d-25c2-4508-acda-cae57831f8b4 403c861a68fa4d29b7a03bd97f863667 11d5b78ddac64b9aac04041d6853d349 - - default default] Successfully bumped revision number for resource 89d6f232-c469-4d7a-9a78-e09a10e3369b (type: security_groups) to 1
2026-05-09 18:02:19.130 10 INFO neutron.db.ovn_revision_numbers_db [None req-57662b6d-25c2-4508-acda-cae57831f8b4 403c861a68fa4d29b7a03bd97f863667 11d5b78ddac64b9aac04041d6853d349 - - default default] Successfully bumped revision number for resource 118bbc7e-4c48-4bf2-b385-fb08d2737e1e (type: security_group_rules) to 0
2026-05-09 18:02:19.132 10 INFO neutron.db.ovn_revision_numbers_db [None req-0226b190-98e6-4637-874b-db5096a71a36 e3f827b8f6f84f978c4b9e68357bb50b 7df23abf1ab4499eb275cb330d3aba5e - - default default] Successfully bumped revision number for resource 397e6316-da64-453f-bf21-1fa26e762cfb (type: security_groups) to 1
2026-05-09 18:02:19.146 10 INFO neutron.db.ovn_revision_numbers_db [None req-57662b6d-25c2-4508-acda-cae57831f8b4 403c861a68fa4d29b7a03bd97f863667 11d5b78ddac64b9aac04041d6853d349 - - default default] Successfully bumped revision number for resource 12f96b64-c8df-4ac5-9ef8-c402d376aa91 (type: security_group_rules) to 0
2026-05-09 18:02:19.150 10 INFO neutron.db.ovn_revision_numbers_db [None req-0226b190-98e6-4637-874b-db5096a71a36 e3f827b8f6f84f978c4b9e68357bb50b 7df23abf1ab4499eb275cb330d3aba5e - - default default] Successfully bumped revision number for resource ddc9fba0-055c-40a2-96f4-c7370a4d2d1d (type: security_group_rules) to 0
2026-05-09 18:02:19.163 10 INFO neutron.db.ovn_revision_numbers_db [None req-57662b6d-25c2-4508-acda-cae57831f8b4 403c861a68fa4d29b7a03bd97f863667 11d5b78ddac64b9aac04041d6853d349 - - default default] Successfully bumped revision number for resource 3764f610-3815-4ba5-b1a0-490bc2907d75 (type: security_group_rules) to 0
2026-05-09 18:02:19.178 10 INFO neutron.db.ovn_revision_numbers_db [None req-57662b6d-25c2-4508-acda-cae57831f8b4 403c861a68fa4d29b7a03bd97f863667 11d5b78ddac64b9aac04041d6853d349 - - default default] Successfully bumped revision number for resource 3d5c5fe3-f92e-4717-973b-e3b36cd7b428 (type: security_group_rules) to 0
2026-05-09 18:02:19.187 10 INFO neutron.db.ovn_revision_numbers_db [None req-0226b190-98e6-4637-874b-db5096a71a36 e3f827b8f6f84f978c4b9e68357bb50b 7df23abf1ab4499eb275cb330d3aba5e - - default default] Successfully bumped revision number for resource f60b3ead-759d-4c15-b03a-22d6276ebe14 (type: security_group_rules) to 0
2026-05-09 18:02:19.216 10 INFO neutron.wsgi [None req-57662b6d-25c2-4508-acda-cae57831f8b4 403c861a68fa4d29b7a03bd97f863667 11d5b78ddac64b9aac04041d6853d349 - - default default] 10.0.0.188 "GET /v2.0/security-groups?tenant_id=83865e4812c24c038ae2f0f7eed61e84&name=default HTTP/1.1" status: 200 len: 2996 time: 0.4582756
2026-05-09 18:02:19.220 10 INFO neutron.wsgi [None req-0226b190-98e6-4637-874b-db5096a71a36 e3f827b8f6f84f978c4b9e68357bb50b 7df23abf1ab4499eb275cb330d3aba5e - - default default] 10.0.0.188 "POST /v2.0/security-groups HTTP/1.1" status: 201 len: 1811 time: 0.2330158
2026-05-09 18:02:19.254 9 WARNING neutron_lib.context [None req-a23572bd-2638-4686-9c9c-eedc15aff6d3 e3f827b8f6f84f978c4b9e68357bb50b 7df23abf1ab4499eb275cb330d3aba5e - - default default] Method 'is_advsvc' is deprecated since 2023.2 release (neutron-lib 3.8.0) and will be removed once support for the old RBAC API policies will be removed from Neutron. Please use method 'is_service_role' instead.
2026-05-09 18:02:19.288 9 WARNING neutron.scheduler.dhcp_agent_scheduler [None req-a2e03683-ab09-496c-96b2-49656a6fa50f dca9b48d4c1940dbbb32a40b794a1dab b2b0017fc868405b9a75a05bd3477ff6 - - default default] No more DHCP agents
2026-05-09 18:02:19.292 9 WARNING neutron.api.rpc.agentnotifiers.dhcp_rpc_agent_api [None req-a2e03683-ab09-496c-96b2-49656a6fa50f dca9b48d4c1940dbbb32a40b794a1dab b2b0017fc868405b9a75a05bd3477ff6 - - default default] Unable to schedule network 3cd347aa-4320-4c54-b51d-5b85fe27fafe: no agents available; will retry on subsequent port and subnet creation events.
2026-05-09 18:02:19.396 9 INFO neutron.db.ovn_revision_numbers_db [None req-a2e03683-ab09-496c-96b2-49656a6fa50f dca9b48d4c1940dbbb32a40b794a1dab b2b0017fc868405b9a75a05bd3477ff6 - - default default] Successfully bumped revision number for resource 6fa9b5d0-171d-47fd-bb6e-e48f622b7fe8 (type: ports) to 1
2026-05-09 18:02:19.421 9 INFO neutron.wsgi [None req-a2e03683-ab09-496c-96b2-49656a6fa50f dca9b48d4c1940dbbb32a40b794a1dab b2b0017fc868405b9a75a05bd3477ff6 - - default default] 10.0.0.188 "POST /v2.0/networks HTTP/1.1" status: 201 len: 831 time: 0.5644057
2026-05-09 18:02:19.422 9 INFO neutron.db.ovn_revision_numbers_db [None req-a23572bd-2638-4686-9c9c-eedc15aff6d3 e3f827b8f6f84f978c4b9e68357bb50b 7df23abf1ab4499eb275cb330d3aba5e - - default default] Successfully bumped revision number for resource f059e52c-4ef8-4301-abc6-ee43a52bb2f5 (type: security_group_rules) to 0
2026-05-09 18:02:19.444 9 INFO neutron.wsgi [None req-a23572bd-2638-4686-9c9c-eedc15aff6d3 e3f827b8f6f84f978c4b9e68357bb50b 7df23abf1ab4499eb275cb330d3aba5e - - default default] 10.0.0.188 "POST /v2.0/security-group-rules HTTP/1.1" status: 201 len: 764 time: 0.2164378
2026-05-09 18:02:19.454 9 WARNING neutron_lib.context [None req-c56dc9c8-7c73-4379-b570-c60ee211adca e3f827b8f6f84f978c4b9e68357bb50b 7df23abf1ab4499eb275cb330d3aba5e - - default default] Method 'is_advsvc' is deprecated since 2023.2 release (neutron-lib 3.8.0) and will be removed once support for the old RBAC API policies will be removed from Neutron. Please use method 'is_service_role' instead.
2026-05-09 18:02:19.494 10 INFO neutron.wsgi [None req-cf802e69-45d2-47bd-adfe-32ea6284beb5 dca9b48d4c1940dbbb32a40b794a1dab b2b0017fc868405b9a75a05bd3477ff6 - - default default] 10.0.0.188 "PUT /v2.0/networks/a4bf77b7-91ea-4551-8245-9ce6dd786951/tags HTTP/1.1" status: 200 len: 218 time: 0.0687623
2026-05-09 18:02:19.501 10 INFO neutron.wsgi [None req-7d979d77-4bd5-47e2-896b-2c37274f50eb 403c861a68fa4d29b7a03bd97f863667 11d5b78ddac64b9aac04041d6853d349 - - default default] 10.0.0.188 "DELETE /v2.0/security-groups/89d6f232-c469-4d7a-9a78-e09a10e3369b HTTP/1.1" status: 204 len: 168 time: 0.2782958
2026-05-09 18:02:19.552 10 INFO neutron.wsgi [None req-6f94eed1-191c-45b6-93c2-393acf1f1822 dca9b48d4c1940dbbb32a40b794a1dab b2b0017fc868405b9a75a05bd3477ff6 - - default default] 10.0.0.188 "GET /v2.0/networks/a4bf77b7-91ea-4551-8245-9ce6dd786951/tags HTTP/1.1" status: 200 len: 218 time: 0.0490422
2026-05-09 18:02:19.585 9 INFO neutron.db.ovn_revision_numbers_db [None req-c56dc9c8-7c73-4379-b570-c60ee211adca e3f827b8f6f84f978c4b9e68357bb50b 7df23abf1ab4499eb275cb330d3aba5e - - default default] Successfully bumped revision number for resource e278494b-3f67-4f9a-941a-ceee59accfad (type: security_group_rules) to 0
2026-05-09 18:02:19.615 9 INFO neutron.wsgi [None req-c56dc9c8-7c73-4379-b570-c60ee211adca e3f827b8f6f84f978c4b9e68357bb50b 7df23abf1ab4499eb275cb330d3aba5e - - default default] 10.0.0.188 "POST /v2.0/security-group-rules HTTP/1.1" status: 201 len: 763 time: 0.1654670
2026-05-09 18:02:19.626 9 WARNING neutron_lib.context [None req-887bc57c-afe2-4e0a-88e0-3e945467c71f e3f827b8f6f84f978c4b9e68357bb50b 7df23abf1ab4499eb275cb330d3aba5e - - default default] Method 'is_advsvc' is deprecated since 2023.2 release (neutron-lib 3.8.0) and will be removed once support for the old RBAC API policies will be removed from Neutron. Please use method 'is_service_role' instead.
2026-05-09 18:02:19.744 9 INFO neutron.db.ovn_revision_numbers_db [None req-887bc57c-afe2-4e0a-88e0-3e945467c71f e3f827b8f6f84f978c4b9e68357bb50b 7df23abf1ab4499eb275cb330d3aba5e - - default default] Successfully bumped revision number for resource 95cacc1b-3a26-4c4a-908a-df08b87a8ac4 (type: security_group_rules) to 0
2026-05-09 18:02:19.768 9 INFO neutron.wsgi [None req-887bc57c-afe2-4e0a-88e0-3e945467c71f e3f827b8f6f84f978c4b9e68357bb50b 7df23abf1ab4499eb275cb330d3aba5e - - default default] 10.0.0.188 "POST /v2.0/security-group-rules HTTP/1.1" status: 201 len: 769 time: 0.1462009
2026-05-09 18:02:19.777 9 WARNING neutron_lib.context [None req-693e2544-cbff-49cb-90f7-e524a6186f83 e3f827b8f6f84f978c4b9e68357bb50b 7df23abf1ab4499eb275cb330d3aba5e - - default default] Method 'is_advsvc' is deprecated since 2023.2 release (neutron-lib 3.8.0) and will be removed once support for the old RBAC API policies will be removed from Neutron. Please use method 'is_service_role' instead.
2026-05-09 18:02:19.828 10 INFO neutron.wsgi [None req-7faf0719-785c-47ec-9eb1-e43df2b424b3 dca9b48d4c1940dbbb32a40b794a1dab b2b0017fc868405b9a75a05bd3477ff6 - - default default] 10.0.0.188 "PUT /v2.0/networks/3cd347aa-4320-4c54-b51d-5b85fe27fafe/tags HTTP/1.1" status: 200 len: 210 time: 0.2708185
2026-05-09 18:02:19.873 10 INFO neutron.wsgi [None req-0a542a25-f93d-4c41-a012-83c6a94c51ac dca9b48d4c1940dbbb32a40b794a1dab b2b0017fc868405b9a75a05bd3477ff6 - - default default] 10.0.0.188 "GET /v2.0/networks/3cd347aa-4320-4c54-b51d-5b85fe27fafe/tags HTTP/1.1" status: 200 len: 210 time: 0.0406547
2026-05-09 18:02:19.908 9 INFO neutron.db.ovn_revision_numbers_db [None req-693e2544-cbff-49cb-90f7-e524a6186f83 e3f827b8f6f84f978c4b9e68357bb50b 7df23abf1ab4499eb275cb330d3aba5e - - default default] Successfully bumped revision number for resource 9a2638f1-8596-43bf-a686-ad6f44e36793 (type: security_group_rules) to 0
2026-05-09 18:02:19.933 9 INFO neutron.wsgi [None req-693e2544-cbff-49cb-90f7-e524a6186f83 e3f827b8f6f84f978c4b9e68357bb50b 7df23abf1ab4499eb275cb330d3aba5e - - default default] 10.0.0.188 "POST /v2.0/security-group-rules HTTP/1.1" status: 201 len: 768 time: 0.1602490
2026-05-09 18:02:19.933 10 INFO neutron.wsgi [None req-ba02e1de-0029-40bf-b5e7-daf4acbe23c0 dca9b48d4c1940dbbb32a40b794a1dab b2b0017fc868405b9a75a05bd3477ff6 - - default default] 10.0.0.188 "PUT /v2.0/networks/3cd347aa-4320-4c54-b51d-5b85fe27fafe/tags HTTP/1.1" status: 200 len: 205 time: 0.0540226
2026-05-09 18:02:19.943 9 WARNING neutron_lib.context [None req-dca4e247-467f-4de7-8e27-ac34d4d3b779 e3f827b8f6f84f978c4b9e68357bb50b 7df23abf1ab4499eb275cb330d3aba5e - - default default] Method 'is_advsvc' is deprecated since 2023.2 release (neutron-lib 3.8.0) and will be removed once support for the old RBAC API policies will be removed from Neutron. Please use method 'is_service_role' instead.
2026-05-09 18:02:19.961 9 INFO neutron.db.securitygroups_db [None req-dca4e247-467f-4de7-8e27-ac34d4d3b779 e3f827b8f6f84f978c4b9e68357bb50b 7df23abf1ab4499eb275cb330d3aba5e - - default default] Project 7df23abf1ab4499eb275cb330d3aba5e added a security group rule with legacy IPv6 ICMP protocol name icmp, ipv6-icmp should be used instead. It was automatically converted.
2026-05-09 18:02:19.979 10 INFO neutron.wsgi [None req-518e8792-0fbb-4dbb-8dd2-27dc09aef3d9 dca9b48d4c1940dbbb32a40b794a1dab b2b0017fc868405b9a75a05bd3477ff6 - - default default] 10.0.0.188 "GET /v2.0/networks/3cd347aa-4320-4c54-b51d-5b85fe27fafe/tags HTTP/1.1" status: 200 len: 205 time: 0.0405302
2026-05-09 18:02:20.034 10 INFO neutron.wsgi [None req-26ab9e58-34d5-4f36-b61e-500e2c4bddbb dca9b48d4c1940dbbb32a40b794a1dab b2b0017fc868405b9a75a05bd3477ff6 - - default default] 10.0.0.188 "GET /v2.0/networks/a4bf77b7-91ea-4551-8245-9ce6dd786951/tags HTTP/1.1" status: 200 len: 218 time: 0.0511749
2026-05-09 18:02:20.090 9 INFO neutron.db.ovn_revision_numbers_db [None req-dca4e247-467f-4de7-8e27-ac34d4d3b779 e3f827b8f6f84f978c4b9e68357bb50b 7df23abf1ab4499eb275cb330d3aba5e - - default default] Successfully bumped revision number for resource 4c0f7b89-aff5-4adc-b8f2-7f7ff31a127c (type: security_group_rules) to 0
2026-05-09 18:02:20.120 9 INFO neutron.wsgi [None req-dca4e247-467f-4de7-8e27-ac34d4d3b779 e3f827b8f6f84f978c4b9e68357bb50b 7df23abf1ab4499eb275cb330d3aba5e - - default default] 10.0.0.188 "POST /v2.0/security-group-rules HTTP/1.1" status: 201 len: 774 time: 0.1812203
2026-05-09 18:02:20.132 10 WARNING neutron_lib.context [None req-c4663840-9e16-4589-b2d8-c0c330457b2b e3f827b8f6f84f978c4b9e68357bb50b 7df23abf1ab4499eb275cb330d3aba5e - - default default] Method 'is_advsvc' is deprecated since 2023.2 release (neutron-lib 3.8.0) and will be removed once support for the old RBAC API policies will be removed from Neutron. Please use method 'is_service_role' instead.
2026-05-09 18:02:20.164 10 INFO neutron.db.securitygroups_db [None req-c4663840-9e16-4589-b2d8-c0c330457b2b e3f827b8f6f84f978c4b9e68357bb50b 7df23abf1ab4499eb275cb330d3aba5e - - default default] Project 7df23abf1ab4499eb275cb330d3aba5e added a security group rule with legacy IPv6 ICMP protocol name icmp, ipv6-icmp should be used instead. It was automatically converted.
2026-05-09 18:02:20.267 10 INFO neutron.db.ovn_revision_numbers_db [None req-c4663840-9e16-4589-b2d8-c0c330457b2b e3f827b8f6f84f978c4b9e68357bb50b 7df23abf1ab4499eb275cb330d3aba5e - - default default] Successfully bumped revision number for resource a363894a-1136-442d-b6c9-1acb1edf6286 (type: security_group_rules) to 0
2026-05-09 18:02:20.300 10 INFO neutron.wsgi [None req-c4663840-9e16-4589-b2d8-c0c330457b2b e3f827b8f6f84f978c4b9e68357bb50b 7df23abf1ab4499eb275cb330d3aba5e - - default default] 10.0.0.188 "POST /v2.0/security-group-rules HTTP/1.1" status: 201 len: 773 time: 0.1747675
2026-05-09 18:02:20.411 9 INFO neutron.services.segments.plugin [-] Segment 05a9936b-a6be-401d-9264-69a3eb5bfdef resource provider aggregate not found
2026-05-09 18:02:20.420 9 INFO neutron.services.segments.plugin [-] Segment 05a9936b-a6be-401d-9264-69a3eb5bfdef resource provider aggregate not found
2026-05-09 18:02:20.448 9 INFO neutron.services.segments.plugin [-] Segment 05a9936b-a6be-401d-9264-69a3eb5bfdef resource provider not found; error: Placement Client Error (4xx): {"errors": [{"status": 404, "title": "Not Found", "detail": "The resource could not be found.\n\n No resource provider with uuid 05a9936b-a6be-401d-9264-69a3eb5bfdef found for delete ", "request_id": "req-d59cb1aa-815e-4204-8801-3ba20cc793ed"}]}
