2026-05-09 18:00:05.267 10 INFO neutron.db.ovn_revision_numbers_db [req-8c8ec40a-3361-4a97-ac7f-ae4a8cf9452a req-ed38e298-0c07-4228-b433-44323b11a28e 3d9dea9445d4474c86004f40755ec965 3265557e2e0f4adc8876917c1ab2194b - - 24fb024d43c54052bfeeb1475316e5b6 24fb024d43c54052bfeeb1475316e5b6] Successfully bumped revision number for resource 7b957042-dda8-48dd-93ca-4170d92bf651 (type: ports) to 2
2026-05-09 18:00:05.267 9 INFO neutron.wsgi [req-8e1bfefb-64ee-4531-9f5e-cf057321643d req-da1ca99a-b43c-4e3d-a9b3-e3ebfc45e1b3 7ef50f7dc5754aa7921c4757da6fa13d 242a3c6a3ae6438a9776c9c3987c744a - - default default] 10.0.0.140 "GET /v2.0/ports?device_id=1cd56366-8e42-4a9c-8278-a9b64664fdd7 HTTP/1.1" status: 200 len: 1172 time: 0.0416706
2026-05-09 18:00:05.293 10 INFO neutron.wsgi [req-8c8ec40a-3361-4a97-ac7f-ae4a8cf9452a req-ed38e298-0c07-4228-b433-44323b11a28e 3d9dea9445d4474c86004f40755ec965 3265557e2e0f4adc8876917c1ab2194b - - 24fb024d43c54052bfeeb1475316e5b6 24fb024d43c54052bfeeb1475316e5b6] 199.204.45.246 "PUT /v2.0/ports/7b957042-dda8-48dd-93ca-4170d92bf651 HTTP/1.1" status: 200 len: 1380 time: 0.8153079
2026-05-09 18:00:05.331 9 INFO neutron.wsgi [req-8e1bfefb-64ee-4531-9f5e-cf057321643d req-af4746ad-7b88-463e-8156-1830b352093c 7ef50f7dc5754aa7921c4757da6fa13d 242a3c6a3ae6438a9776c9c3987c744a - - default default] 10.0.0.140 "GET /v2.0/security-groups?id=8b3cf818-e13b-4709-b733-c04c2364d973&fields=id&fields=name HTTP/1.1" status: 200 len: 286 time: 0.0556819
2026-05-09 18:00:05.331 10 INFO neutron.notifiers.nova [-] Nova event matching ['req-406db409-9b21-4f1d-b5ea-0c2a9fba3653'] response: {'name': 'network-changed', 'server_uuid': '1cd56366-8e42-4a9c-8278-a9b64664fdd7', 'tag': '7b957042-dda8-48dd-93ca-4170d92bf651', 'status': 'completed', 'code': 200} /var/lib/openstack/lib/python3.10/site-packages/pycadf/identifier.py:71: UserWarning: Invalid uuid: neutron. To ensure interoperability, identifiers should be a valid uuid. warnings.warn(('Invalid uuid: %s. To ensure interoperability, '
2026-05-09 18:00:05.372 10 INFO neutron.wsgi [req-8c8ec40a-3361-4a97-ac7f-ae4a8cf9452a req-9a95f297-7cf8-43bc-b884-bb126ee78ecf 3d9dea9445d4474c86004f40755ec965 3265557e2e0f4adc8876917c1ab2194b - - 24fb024d43c54052bfeeb1475316e5b6 24fb024d43c54052bfeeb1475316e5b6] 199.204.45.246 "GET /v2.0/ports?tenant_id=242a3c6a3ae6438a9776c9c3987c744a&device_id=1cd56366-8e42-4a9c-8278-a9b64664fdd7 HTTP/1.1" status: 200 len: 1411 time: 0.0369303
2026-05-09 18:00:05.401 10 INFO neutron.wsgi [req-8c8ec40a-3361-4a97-ac7f-ae4a8cf9452a req-b05ba036-6c63-42a8-8dcb-8b5c58880fb5 3d9dea9445d4474c86004f40755ec965 3265557e2e0f4adc8876917c1ab2194b - - 24fb024d43c54052bfeeb1475316e5b6 24fb024d43c54052bfeeb1475316e5b6] 199.204.45.246 "GET /v2.0/floatingips?fixed_ip_address=10.100.0.10&port_id=7b957042-dda8-48dd-93ca-4170d92bf651 HTTP/1.1" status: 200 len: 217 time: 0.0212958
2026-05-09 18:00:05.429 10 INFO neutron.wsgi [None req-7c85272f-9690-4689-9669-65666375f4a0 403c861a68fa4d29b7a03bd97f863667 11d5b78ddac64b9aac04041d6853d349 - - default default] 10.0.0.188 "DELETE /v2.0/security-groups/438ecc6e-7f13-4dcf-b075-307a645d585f HTTP/1.1" status: 204 len: 168 time: 0.3181405
2026-05-09 18:00:05.438 10 INFO neutron.wsgi [req-8c8ec40a-3361-4a97-ac7f-ae4a8cf9452a req-0eb80c45-5517-4859-9697-f82d5392c1bb 3d9dea9445d4474c86004f40755ec965 3265557e2e0f4adc8876917c1ab2194b - - 24fb024d43c54052bfeeb1475316e5b6 24fb024d43c54052bfeeb1475316e5b6] 199.204.45.246 "GET /v2.0/subnets?id=a8c92e94-5384-4bde-91de-dd135eb10d57 HTTP/1.1" status: 200 len: 871 time: 0.0310392
2026-05-09 18:00:05.461 10 INFO neutron.wsgi [req-8c8ec40a-3361-4a97-ac7f-ae4a8cf9452a req-d8537c03-638f-4483-ad40-8486eb9e0b77 3d9dea9445d4474c86004f40755ec965 3265557e2e0f4adc8876917c1ab2194b - - 24fb024d43c54052bfeeb1475316e5b6 24fb024d43c54052bfeeb1475316e5b6] 199.204.45.246 "GET /v2.0/ports?network_id=e54b6d49-58dd-4a2e-ac2b-b861d0cde66f&device_owner=network%3Adhcp HTTP/1.1" status: 200 len: 210 time: 0.0146005
2026-05-09 18:00:05.523 10 INFO neutron.wsgi [req-8c8ec40a-3361-4a97-ac7f-ae4a8cf9452a req-5d91f9fb-a5cf-4210-a390-f7ccd6cc7de6 3d9dea9445d4474c86004f40755ec965 3265557e2e0f4adc8876917c1ab2194b - - 24fb024d43c54052bfeeb1475316e5b6 24fb024d43c54052bfeeb1475316e5b6] 199.204.45.246 "GET /v2.0/networks/e54b6d49-58dd-4a2e-ac2b-b861d0cde66f?fields=segments HTTP/1.1" status: 200 len: 212 time: 0.0546877
2026-05-09 18:00:05.573 10 INFO neutron.wsgi [req-8c8ec40a-3361-4a97-ac7f-ae4a8cf9452a req-750645fc-1fd5-4d2f-b9a2-1ed057ecf48e 3d9dea9445d4474c86004f40755ec965 3265557e2e0f4adc8876917c1ab2194b - - 24fb024d43c54052bfeeb1475316e5b6 24fb024d43c54052bfeeb1475316e5b6] 199.204.45.246 "GET /v2.0/networks/e54b6d49-58dd-4a2e-ac2b-b861d0cde66f?fields=provider%3Aphysical_network&fields=provider%3Anetwork_type HTTP/1.1" status: 200 len: 277 time: 0.0460093
2026-05-09 18:00:05.659 10 INFO neutron.wsgi [req-61ed3047-1b88-4caf-8a64-f62d5a5877eb req-a008ce24-9252-4964-bee2-c81aaa39fcc1 3d9dea9445d4474c86004f40755ec965 3265557e2e0f4adc8876917c1ab2194b - - 24fb024d43c54052bfeeb1475316e5b6 24fb024d43c54052bfeeb1475316e5b6] 199.204.45.246 "GET /v2.0/ports?tenant_id=242a3c6a3ae6438a9776c9c3987c744a&device_id=1cd56366-8e42-4a9c-8278-a9b64664fdd7 HTTP/1.1" status: 200 len: 1411 time: 0.0316701
2026-05-09 18:00:05.726 10 INFO neutron.wsgi [req-61ed3047-1b88-4caf-8a64-f62d5a5877eb req-9ddaedbf-6ede-4f27-b642-2715061cde5d 3d9dea9445d4474c86004f40755ec965 3265557e2e0f4adc8876917c1ab2194b - - 24fb024d43c54052bfeeb1475316e5b6 24fb024d43c54052bfeeb1475316e5b6] 199.204.45.246 "GET /v2.0/networks?id=e54b6d49-58dd-4a2e-ac2b-b861d0cde66f HTTP/1.1" status: 200 len: 976 time: 0.0612988
2026-05-09 18:00:05.770 10 INFO neutron.wsgi [req-61ed3047-1b88-4caf-8a64-f62d5a5877eb req-9f81f8bd-7ac2-4a2e-a158-86ad06d91c72 3d9dea9445d4474c86004f40755ec965 3265557e2e0f4adc8876917c1ab2194b - - 24fb024d43c54052bfeeb1475316e5b6 24fb024d43c54052bfeeb1475316e5b6] 199.204.45.246 "GET /v2.0/floatingips?fixed_ip_address=10.100.0.10&port_id=7b957042-dda8-48dd-93ca-4170d92bf651 HTTP/1.1" status: 200 len: 217 time: 0.0342577
2026-05-09 18:00:05.770 9 INFO neutron.plugins.ml2.drivers.ovn.mech_driver.mech_driver [None req-b53abae5-100b-4e58-a0c5-ba0a5ed47b26 - - - - - -] OVN reports status up for port: 7b957042-dda8-48dd-93ca-4170d92bf651
2026-05-09 18:00:05.783 9 INFO neutron.plugins.ml2.plugin [None req-b53abae5-100b-4e58-a0c5-ba0a5ed47b26 - - - - - -] Attempt 1 to provision port 7b957042-dda8-48dd-93ca-4170d92bf651
2026-05-09 18:00:05.832 9 INFO neutron.db.ovn_revision_numbers_db [None req-1543ce33-f008-4dd5-b542-ef319807573f 403c861a68fa4d29b7a03bd97f863667 11d5b78ddac64b9aac04041d6853d349 - - default default] Successfully bumped revision number for resource 44f5830d-8699-4343-af11-ebe63611cf14 (type: security_groups) to 1
2026-05-09 18:00:05.835 10 INFO neutron.wsgi [req-61ed3047-1b88-4caf-8a64-f62d5a5877eb req-3d866980-51b6-404c-8512-82fe1a105f41 3d9dea9445d4474c86004f40755ec965 3265557e2e0f4adc8876917c1ab2194b - - 24fb024d43c54052bfeeb1475316e5b6 24fb024d43c54052bfeeb1475316e5b6] 199.204.45.246 "GET /v2.0/subnets?id=a8c92e94-5384-4bde-91de-dd135eb10d57 HTTP/1.1" status: 200 len: 871 time: 0.0577762
2026-05-09 18:00:05.869 9 INFO neutron.db.ovn_revision_numbers_db [None req-1543ce33-f008-4dd5-b542-ef319807573f 403c861a68fa4d29b7a03bd97f863667 11d5b78ddac64b9aac04041d6853d349 - - default default] Successfully bumped revision number for resource 2babdfd3-ea4d-4660-afed-3e6dccfca89f (type: security_group_rules) to 0
2026-05-09 18:00:05.886 9 INFO neutron.db.ovn_revision_numbers_db [None req-1543ce33-f008-4dd5-b542-ef319807573f 403c861a68fa4d29b7a03bd97f863667 11d5b78ddac64b9aac04041d6853d349 - - default default] Successfully bumped revision number for resource 67c9e8de-0f5f-42de-a1d9-298046360f89 (type: security_group_rules) to 0
2026-05-09 18:00:05.900 9 INFO neutron.db.ovn_revision_numbers_db [None req-1543ce33-f008-4dd5-b542-ef319807573f 403c861a68fa4d29b7a03bd97f863667 11d5b78ddac64b9aac04041d6853d349 - - default default] Successfully bumped revision number for resource 88558b15-f894-4d85-9257-f7475df36458 (type: security_group_rules) to 0
2026-05-09 18:00:05.904 10 INFO neutron.wsgi [req-61ed3047-1b88-4caf-8a64-f62d5a5877eb req-62a8a8db-284c-415c-bd22-9d59cc6a5397 3d9dea9445d4474c86004f40755ec965 3265557e2e0f4adc8876917c1ab2194b - - 24fb024d43c54052bfeeb1475316e5b6 24fb024d43c54052bfeeb1475316e5b6] 199.204.45.246 "GET /v2.0/ports?network_id=e54b6d49-58dd-4a2e-ac2b-b861d0cde66f&device_owner=network%3Adhcp HTTP/1.1" status: 200 len: 210 time: 0.0627561
2026-05-09 18:00:05.913 10 WARNING neutron.plugins.ml2.drivers.ovn.mech_driver.ovsdb.ovn_client [None req-11c9bff3-0817-4aeb-b6dd-74b63f19327f - - - - - -] No hosting information found for port 22d0a5b9-3886-490e-b593-927bbf3e8fd4: RuntimeError: No hosting information found for port 22d0a5b9-3886-490e-b593-927bbf3e8fd4
2026-05-09 18:00:05.922 9 INFO neutron.db.ovn_revision_numbers_db [None req-1543ce33-f008-4dd5-b542-ef319807573f 403c861a68fa4d29b7a03bd97f863667 11d5b78ddac64b9aac04041d6853d349 - - default default] Successfully bumped revision number for resource 9eb951a1-4fbf-4790-becc-8fc4a8c805e4 (type: security_group_rules) to 0
2026-05-09 18:00:05.957 9 INFO neutron.notifiers.nova [-] Nova event matching ['req-c1b3f8a8-5ae8-4bf4-acea-46c483289f03'] response: {'server_uuid': '1cd56366-8e42-4a9c-8278-a9b64664fdd7', 'name': 'network-vif-plugged', 'status': 'completed', 'tag': '7b957042-dda8-48dd-93ca-4170d92bf651', 'code': 200}
2026-05-09 18:00:05.971 9 INFO neutron.wsgi [None req-1543ce33-f008-4dd5-b542-ef319807573f 403c861a68fa4d29b7a03bd97f863667 11d5b78ddac64b9aac04041d6853d349 - - default default] 10.0.0.188 "GET /v2.0/security-groups?tenant_id=df4f1be20bf446248e4f94e9ae3d94ec&name=default HTTP/1.1" status: 200 len: 2996 time: 0.3001382
2026-05-09 18:00:05.986 10 INFO neutron.wsgi [req-61ed3047-1b88-4caf-8a64-f62d5a5877eb req-3d4d859f-ecb0-477a-a2a0-64f3f94be317 3d9dea9445d4474c86004f40755ec965 3265557e2e0f4adc8876917c1ab2194b - - 24fb024d43c54052bfeeb1475316e5b6 24fb024d43c54052bfeeb1475316e5b6] 199.204.45.246 "GET /v2.0/networks/e54b6d49-58dd-4a2e-ac2b-b861d0cde66f?fields=segments HTTP/1.1" status: 200 len: 212 time: 0.0767453
2026-05-09 18:00:06.040 10 INFO neutron.wsgi [req-61ed3047-1b88-4caf-8a64-f62d5a5877eb req-8bccc72b-16dc-41ce-92db-cddbbf20607b 3d9dea9445d4474c86004f40755ec965 3265557e2e0f4adc8876917c1ab2194b - - 24fb024d43c54052bfeeb1475316e5b6 24fb024d43c54052bfeeb1475316e5b6] 199.204.45.246 "GET /v2.0/networks/e54b6d49-58dd-4a2e-ac2b-b861d0cde66f?fields=provider%3Aphysical_network&fields=provider%3Anetwork_type HTTP/1.1" status: 200 len: 277 time: 0.0493670
2026-05-09 18:00:06.153 9 INFO neutron.db.ovn_revision_numbers_db [None req-b53abae5-100b-4e58-a0c5-ba0a5ed47b26 - - - - - -] Successfully bumped revision number for resource 7b957042-dda8-48dd-93ca-4170d92bf651 (type: ports) to 4
2026-05-09 18:00:06.244 9 INFO neutron.wsgi [None req-8607447c-599c-41ff-bc03-e69522eb5aca 403c861a68fa4d29b7a03bd97f863667 11d5b78ddac64b9aac04041d6853d349 - - default default] 10.0.0.188 "DELETE /v2.0/security-groups/44f5830d-8699-4343-af11-ebe63611cf14 HTTP/1.1" status: 204 len: 168 time: 0.2680976 /var/lib/openstack/lib/python3.10/site-packages/pycadf/identifier.py:71: UserWarning: Invalid uuid: neutron. To ensure interoperability, identifiers should be a valid uuid. warnings.warn(('Invalid uuid: %s. To ensure interoperability, '
2026-05-09 18:00:06.468 9 INFO neutron.wsgi [req-5576657a-5918-44e1-9d9b-0ee1305ee08b req-b3e6a218-7317-4056-b0aa-e60e86f20a76 7ef50f7dc5754aa7921c4757da6fa13d 242a3c6a3ae6438a9776c9c3987c744a - - default default] 10.0.0.140 "GET /v2.0/ports?device_id=1cd56366-8e42-4a9c-8278-a9b64664fdd7 HTTP/1.1" status: 200 len: 1174 time: 0.0486007
2026-05-09 18:00:06.521 9 INFO neutron.wsgi [req-5576657a-5918-44e1-9d9b-0ee1305ee08b req-7cd5554b-9f31-48fc-90e7-32fdd2bb1045 7ef50f7dc5754aa7921c4757da6fa13d 242a3c6a3ae6438a9776c9c3987c744a - - default default] 10.0.0.140 "GET /v2.0/security-groups?id=8b3cf818-e13b-4709-b733-c04c2364d973&fields=id&fields=name HTTP/1.1" status: 200 len: 286 time: 0.0472593
2026-05-09 18:00:07.652 9 INFO neutron.wsgi [req-1a685a65-5a6c-4d86-b175-0bef74bd3874 req-2d1722e0-f8a8-4d1e-a2ee-e0fed57a469b 7ef50f7dc5754aa7921c4757da6fa13d 242a3c6a3ae6438a9776c9c3987c744a - - default default] 10.0.0.140 "GET /v2.0/ports?device_id=1cd56366-8e42-4a9c-8278-a9b64664fdd7 HTTP/1.1" status: 200 len: 1174 time: 0.0601535
2026-05-09 18:00:07.681 9 INFO neutron.db.ovn_revision_numbers_db [None req-0b9436f1-4fa5-45c4-bb1f-6688c49a7742 403c861a68fa4d29b7a03bd97f863667 11d5b78ddac64b9aac04041d6853d349 - - default default] Successfully bumped revision number for resource feac41ca-b615-455b-b8b8-8de2c8c5f8f7 (type: security_groups) to 1
2026-05-09 18:00:07.703 9 INFO neutron.wsgi [req-1a685a65-5a6c-4d86-b175-0bef74bd3874 req-89b0142d-7727-433f-828d-ccb5b158931a 7ef50f7dc5754aa7921c4757da6fa13d 242a3c6a3ae6438a9776c9c3987c744a - - default default] 10.0.0.140 "GET /v2.0/security-groups?id=8b3cf818-e13b-4709-b733-c04c2364d973&fields=id&fields=name HTTP/1.1" status: 200 len: 286 time: 0.0469255
2026-05-09 18:00:07.704 9 INFO neutron.db.ovn_revision_numbers_db [None req-0b9436f1-4fa5-45c4-bb1f-6688c49a7742 403c861a68fa4d29b7a03bd97f863667 11d5b78ddac64b9aac04041d6853d349 - - default default] Successfully bumped revision number for resource 10de26a2-83d8-453c-a438-8035250eb5dc (type: security_group_rules) to 0
2026-05-09 18:00:07.723 10 INFO neutron.db.ovn_revision_numbers_db [None req-96f01334-9dd1-432d-8e8b-e890fcafdb4e 403c861a68fa4d29b7a03bd97f863667 11d5b78ddac64b9aac04041d6853d349 - - default default] Successfully bumped revision number for resource fc9db04d-c666-4816-ab94-6ffcfc1d6e72 (type: security_groups) to 1
2026-05-09 18:00:07.725 9 INFO neutron.db.ovn_revision_numbers_db [None req-0b9436f1-4fa5-45c4-bb1f-6688c49a7742 403c861a68fa4d29b7a03bd97f863667 11d5b78ddac64b9aac04041d6853d349 - - default default] Successfully bumped revision number for resource c3ef59e4-2b0a-4a63-a3b8-55ee759851e0 (type: security_group_rules) to 0
2026-05-09 18:00:07.747 10 INFO neutron.db.ovn_revision_numbers_db [None req-96f01334-9dd1-432d-8e8b-e890fcafdb4e 403c861a68fa4d29b7a03bd97f863667 11d5b78ddac64b9aac04041d6853d349 - - default default] Successfully bumped revision number for resource 264d2c6d-0c83-4458-bf51-eabbda4e6856 (type: security_group_rules) to 0
2026-05-09 18:00:07.752 9 INFO neutron.db.ovn_revision_numbers_db [None req-0b9436f1-4fa5-45c4-bb1f-6688c49a7742 403c861a68fa4d29b7a03bd97f863667 11d5b78ddac64b9aac04041d6853d349 - - default default] Successfully bumped revision number for resource e120d337-e7f1-4d2b-9b71-c5042a0ef056 (type: security_group_rules) to 0
2026-05-09 18:00:07.761 10 INFO neutron.db.ovn_revision_numbers_db [None req-96f01334-9dd1-432d-8e8b-e890fcafdb4e 403c861a68fa4d29b7a03bd97f863667 11d5b78ddac64b9aac04041d6853d349 - - default default] Successfully bumped revision number for resource 64e87636-d779-4654-aad4-e642eafa90d7 (type: security_group_rules) to 0
2026-05-09 18:00:07.774 9 INFO neutron.db.ovn_revision_numbers_db [None req-0b9436f1-4fa5-45c4-bb1f-6688c49a7742 403c861a68fa4d29b7a03bd97f863667 11d5b78ddac64b9aac04041d6853d349 - - default default] Successfully bumped revision number for resource e48adde8-7197-447f-bac8-33da263e21cf (type: security_group_rules) to 0
2026-05-09 18:00:07.777 10 INFO neutron.db.ovn_revision_numbers_db [None req-96f01334-9dd1-432d-8e8b-e890fcafdb4e 403c861a68fa4d29b7a03bd97f863667 11d5b78ddac64b9aac04041d6853d349 - - default default] Successfully bumped revision number for resource 7682e416-8ae7-486e-b105-bb574c5feced (type: security_group_rules) to 0
2026-05-09 18:00:07.792 10 INFO neutron.db.ovn_revision_numbers_db [None req-96f01334-9dd1-432d-8e8b-e890fcafdb4e 403c861a68fa4d29b7a03bd97f863667 11d5b78ddac64b9aac04041d6853d349 - - default default] Successfully bumped revision number for resource e1e95a3f-3c5f-4266-ab7a-89b4c5fd98ef (type: security_group_rules) to 0
2026-05-09 18:00:07.830 10 INFO neutron.wsgi [None req-96f01334-9dd1-432d-8e8b-e890fcafdb4e 403c861a68fa4d29b7a03bd97f863667 11d5b78ddac64b9aac04041d6853d349 - - default default] 10.0.0.188 "GET /v2.0/security-groups?tenant_id=47884dca310449f3a225583afbe72eee&name=default HTTP/1.1" status: 200 len: 2996 time: 0.3303254
2026-05-09 18:00:07.850 9 INFO neutron.db.segments_db [None req-0b9436f1-4fa5-45c4-bb1f-6688c49a7742 403c861a68fa4d29b7a03bd97f863667 11d5b78ddac64b9aac04041d6853d349 - - default default] Added segment 5d1cf201-a35e-4382-9c0a-a306d1d33d54 of type geneve for network 7e666515-b25f-4086-9581-a1bc09390bfe
2026-05-09 18:00:07.997 9 INFO neutron.notifiers.nova [-] Nova event matching ['req-f57d0932-a39e-4f74-9164-a111e18f9941'] response: {'server_uuid': '1cd56366-8e42-4a9c-8278-a9b64664fdd7', 'name': 'network-vif-plugged', 'status': 'completed', 'tag': '7b957042-dda8-48dd-93ca-4170d92bf651', 'code': 200}
2026-05-09 18:00:08.022 9 INFO neutron.db.ovn_revision_numbers_db [None req-0b9436f1-4fa5-45c4-bb1f-6688c49a7742 403c861a68fa4d29b7a03bd97f863667 11d5b78ddac64b9aac04041d6853d349 - - default default] Successfully bumped revision number for resource 7e666515-b25f-4086-9581-a1bc09390bfe (type: networks) to 1
2026-05-09 18:00:08.042 9 INFO neutron.plugins.ml2.drivers.ovn.mech_driver.mech_driver [None req-b53abae5-100b-4e58-a0c5-ba0a5ed47b26 - - - - - -] OVN reports status down for port: 7b957042-dda8-48dd-93ca-4170d92bf651
2026-05-09 18:00:08.194 9 INFO neutron.wsgi [req-5e6b351a-7492-444f-820b-7f7a0c6772f5 req-b12ee25b-c90a-4247-9a95-baa26d55a51f 7ef50f7dc5754aa7921c4757da6fa13d 242a3c6a3ae6438a9776c9c3987c744a - - default default] 10.0.0.140 "GET /v2.0/ports?device_id=1cd56366-8e42-4a9c-8278-a9b64664fdd7 HTTP/1.1" status: 200 len: 1174 time: 0.1865659
2026-05-09 18:00:08.277 9 INFO neutron.wsgi [req-5e6b351a-7492-444f-820b-7f7a0c6772f5 req-791f3786-765e-4262-b929-ace55c658068 7ef50f7dc5754aa7921c4757da6fa13d 242a3c6a3ae6438a9776c9c3987c744a - - default default] 10.0.0.140 "GET /v2.0/security-groups?id=8b3cf818-e13b-4709-b733-c04c2364d973&fields=id&fields=name HTTP/1.1" status: 200 len: 286 time: 0.0689154
2026-05-09 18:00:08.283 9 INFO neutron.wsgi [None req-aef03cf6-fac8-4df0-8b2e-b3aa27d16033 403c861a68fa4d29b7a03bd97f863667 11d5b78ddac64b9aac04041d6853d349 - - default default] 10.0.0.188 "DELETE /v2.0/security-groups/fc9db04d-c666-4816-ab94-6ffcfc1d6e72 HTTP/1.1" status: 204 len: 168 time: 0.4490302
2026-05-09 18:00:08.328 9 WARNING neutron.scheduler.dhcp_agent_scheduler [None req-0b9436f1-4fa5-45c4-bb1f-6688c49a7742 403c861a68fa4d29b7a03bd97f863667 11d5b78ddac64b9aac04041d6853d349 - - default default] No more DHCP agents
2026-05-09 18:00:08.333 9 WARNING neutron.api.rpc.agentnotifiers.dhcp_rpc_agent_api [None req-0b9436f1-4fa5-45c4-bb1f-6688c49a7742 403c861a68fa4d29b7a03bd97f863667 11d5b78ddac64b9aac04041d6853d349 - - default default] Unable to schedule network 7e666515-b25f-4086-9581-a1bc09390bfe: no agents available; will retry on subsequent port and subnet creation events.
2026-05-09 18:00:08.425 9 INFO neutron.db.ovn_revision_numbers_db [None req-0b9436f1-4fa5-45c4-bb1f-6688c49a7742 403c861a68fa4d29b7a03bd97f863667 11d5b78ddac64b9aac04041d6853d349 - - default default] Successfully bumped revision number for resource 58e41d2b-47af-4f18-9dec-ca1bd91d20af (type: ports) to 1
2026-05-09 18:00:08.449 10 INFO neutron.wsgi [req-19e575b0-fdae-4f3c-b5a1-735eda514086 req-04f77e65-8aac-47df-b87e-103ba28a2e3a 7ef50f7dc5754aa7921c4757da6fa13d 242a3c6a3ae6438a9776c9c3987c744a - - default default] 199.204.45.246 "GET /v2.0/ports?device_id=1cd56366-8e42-4a9c-8278-a9b64664fdd7 HTTP/1.1" status: 200 len: 1172 time: 0.1040392
2026-05-09 18:00:08.458 9 INFO neutron.wsgi [None req-0b9436f1-4fa5-45c4-bb1f-6688c49a7742 403c861a68fa4d29b7a03bd97f863667 11d5b78ddac64b9aac04041d6853d349 - - default default] 10.0.0.188 "POST /v2.0/networks HTTP/1.1" status: 201 len: 945 time: 1.1284995
2026-05-09 18:00:08.542 9 INFO neutron.db.ovn_revision_numbers_db [None req-b53abae5-100b-4e58-a0c5-ba0a5ed47b26 - - - - - -] Successfully bumped revision number for resource 7b957042-dda8-48dd-93ca-4170d92bf651 (type: ports) to 5
2026-05-09 18:00:08.645 9 WARNING neutron.scheduler.dhcp_agent_scheduler [None req-19b362ea-4dc5-40a6-9dad-58f242a689f7 403c861a68fa4d29b7a03bd97f863667 11d5b78ddac64b9aac04041d6853d349 - - default default] No more DHCP agents
2026-05-09 18:00:08.648 9 WARNING neutron.api.rpc.agentnotifiers.dhcp_rpc_agent_api [None req-19b362ea-4dc5-40a6-9dad-58f242a689f7 403c861a68fa4d29b7a03bd97f863667 11d5b78ddac64b9aac04041d6853d349 - - default default] Unable to schedule network 7e666515-b25f-4086-9581-a1bc09390bfe: no agents available; will retry on subsequent port and subnet creation events.
2026-05-09 18:00:08.650 10 INFO neutron.db.ovn_revision_numbers_db [None req-9e345a55-3dca-49f0-be23-d1c03b2cd2fd 403c861a68fa4d29b7a03bd97f863667 11d5b78ddac64b9aac04041d6853d349 - - default default] Successfully bumped revision number for resource 4d9e87bf-3760-4105-a66d-e4c090cabbb4 (type: security_groups) to 1
2026-05-09 18:00:08.677 10 INFO neutron.db.ovn_revision_numbers_db [None req-9e345a55-3dca-49f0-be23-d1c03b2cd2fd 403c861a68fa4d29b7a03bd97f863667 11d5b78ddac64b9aac04041d6853d349 - - default default] Successfully bumped revision number for resource 3ddaef0b-391d-4bec-b10b-609d6ce1d8e8 (type: security_group_rules) to 0
2026-05-09 18:00:08.694 10 INFO neutron.db.ovn_revision_numbers_db [None req-9e345a55-3dca-49f0-be23-d1c03b2cd2fd 403c861a68fa4d29b7a03bd97f863667 11d5b78ddac64b9aac04041d6853d349 - - default default] Successfully bumped revision number for resource 450814fe-dca7-4e95-a71d-41c5d146169f (type: security_group_rules) to 0
2026-05-09 18:00:08.712 10 INFO neutron.db.ovn_revision_numbers_db [None req-9e345a55-3dca-49f0-be23-d1c03b2cd2fd 403c861a68fa4d29b7a03bd97f863667 11d5b78ddac64b9aac04041d6853d349 - - default default] Successfully bumped revision number for resource 697d01e9-ea6b-4dc1-8c55-8c064c50087d (type: security_group_rules) to 0
2026-05-09 18:00:08.727 10 INFO neutron.db.ovn_revision_numbers_db [None req-9e345a55-3dca-49f0-be23-d1c03b2cd2fd 403c861a68fa4d29b7a03bd97f863667 11d5b78ddac64b9aac04041d6853d349 - - default default] Successfully bumped revision number for resource a64e0137-2824-4aa8-9015-8db0ffd34d02 (type: security_group_rules) to 0
2026-05-09 18:00:08.758 10 INFO neutron.wsgi [None req-9e345a55-3dca-49f0-be23-d1c03b2cd2fd 403c861a68fa4d29b7a03bd97f863667 11d5b78ddac64b9aac04041d6853d349 - - default default] 10.0.0.188 "GET /v2.0/security-groups?tenant_id=71ab2603926d476a986eb24e10cd6914&name=default HTTP/1.1" status: 200 len: 2996 time: 0.2966316 /var/lib/openstack/lib/python3.10/site-packages/pycadf/identifier.py:71: UserWarning: Invalid uuid: neutron. To ensure interoperability, identifiers should be a valid uuid. warnings.warn(('Invalid uuid: %s. To ensure interoperability, '
2026-05-09 18:00:08.775 10 INFO neutron.wsgi [req-19e575b0-fdae-4f3c-b5a1-735eda514086 req-333707d6-12fd-4f51-884a-9242a0720312 7ef50f7dc5754aa7921c4757da6fa13d 242a3c6a3ae6438a9776c9c3987c744a - - default default] 199.204.45.246 "DELETE /v2.0/ports/7b957042-dda8-48dd-93ca-4170d92bf651 HTTP/1.1" status: 204 len: 173 time: 0.3215206
2026-05-09 18:00:08.807 10 INFO neutron.notifiers.nova [-] Nova event matching ['req-34b1a7d8-3e60-420a-97e7-90463f7c0d5f'] response: {'server_uuid': '1cd56366-8e42-4a9c-8278-a9b64664fdd7', 'name': 'network-vif-deleted', 'tag': '7b957042-dda8-48dd-93ca-4170d92bf651', 'status': 'completed', 'code': 200}
2026-05-09 18:00:09.079 9 INFO neutron.wsgi [None req-0f20b67c-7849-4e22-bbb6-41b5e99d01a4 403c861a68fa4d29b7a03bd97f863667 11d5b78ddac64b9aac04041d6853d349 - - default default] 10.0.0.188 "DELETE /v2.0/security-groups/4d9e87bf-3760-4105-a66d-e4c090cabbb4 HTTP/1.1" status: 204 len: 168 time: 0.3165796
2026-05-09 18:00:09.231 9 INFO neutron.db.ovn_revision_numbers_db [None req-19b362ea-4dc5-40a6-9dad-58f242a689f7 403c861a68fa4d29b7a03bd97f863667 11d5b78ddac64b9aac04041d6853d349 - - default default] Successfully bumped revision number for resource 58e41d2b-47af-4f18-9dec-ca1bd91d20af (type: ports) to 2
2026-05-09 18:00:09.260 9 INFO neutron.db.ovn_revision_numbers_db [None req-19b362ea-4dc5-40a6-9dad-58f242a689f7 403c861a68fa4d29b7a03bd97f863667 11d5b78ddac64b9aac04041d6853d349 - - default default] Successfully bumped revision number for resource 52cbd40e-e6f4-49ef-be20-af345c09e818 (type: subnets) to 0
2026-05-09 18:00:09.280 9 INFO neutron.wsgi [None req-19b362ea-4dc5-40a6-9dad-58f242a689f7 403c861a68fa4d29b7a03bd97f863667 11d5b78ddac64b9aac04041d6853d349 - - default default] 10.0.0.188 "POST /v2.0/subnets HTTP/1.1" status: 201 len: 865 time: 0.8057911
2026-05-09 18:00:09.932 9 WARNING neutron.scheduler.dhcp_agent_scheduler [None req-677ae2ea-1cf4-4395-ba23-f6c8e282be64 403c861a68fa4d29b7a03bd97f863667 11d5b78ddac64b9aac04041d6853d349 - - default default] No more DHCP agents
2026-05-09 18:00:09.934 9 WARNING neutron.api.rpc.agentnotifiers.dhcp_rpc_agent_api [None req-677ae2ea-1cf4-4395-ba23-f6c8e282be64 403c861a68fa4d29b7a03bd97f863667 11d5b78ddac64b9aac04041d6853d349 - - default default] Unable to schedule network 9325f272-0f0a-469a-8d49-1c9c9f32dd96: no agents available; will retry on subsequent port and subnet creation events.
2026-05-09 18:00:10.039 9 INFO neutron.notifiers.nova [-] Nova event matching ['req-e5bf38c0-4a16-47c5-b89d-dabe60ae9ead'] response: {'server_uuid': '1cd56366-8e42-4a9c-8278-a9b64664fdd7', 'name': 'network-vif-unplugged', 'status': 'completed', 'tag': '7b957042-dda8-48dd-93ca-4170d92bf651', 'code': 200}
2026-05-09 18:00:10.039 9 INFO neutron.notifiers.nova [-] Nova event matching ['req-e5bf38c0-4a16-47c5-b89d-dabe60ae9ead'] response: {'server_uuid': '1cd56366-8e42-4a9c-8278-a9b64664fdd7', 'name': 'network-vif-plugged', 'status': 'completed', 'tag': '7b957042-dda8-48dd-93ca-4170d92bf651', 'code': 200}
2026-05-09 18:00:10.136 9 INFO neutron.db.ovn_revision_numbers_db [None req-677ae2ea-1cf4-4395-ba23-f6c8e282be64 403c861a68fa4d29b7a03bd97f863667 11d5b78ddac64b9aac04041d6853d349 - - default default] Successfully bumped revision number for resource 1b9e1548-1dbd-4968-b3ed-c759fc7834d0 (type: ports) to 1
2026-05-09 18:00:10.485 10 INFO neutron.wsgi [None req-e28b84da-ca81-410f-8acd-cb36127bf138 403c861a68fa4d29b7a03bd97f863667 11d5b78ddac64b9aac04041d6853d349 - - default default] 10.0.0.188 "PUT /v2.0/routers/f3a50e93-c8f8-45f2-a015-09ce8c249b9c/remove_router_interface HTTP/1.1" status: 200 len: 503 time: 1.1268046 /var/lib/openstack/lib/python3.10/site-packages/pycadf/identifier.py:71: UserWarning: Invalid uuid: neutron. To ensure interoperability, identifiers should be a valid uuid. warnings.warn(('Invalid uuid: %s. To ensure interoperability, '
2026-05-09 18:00:10.835 9 INFO neutron.db.ovn_revision_numbers_db [None req-677ae2ea-1cf4-4395-ba23-f6c8e282be64 403c861a68fa4d29b7a03bd97f863667 11d5b78ddac64b9aac04041d6853d349 - - default default] Successfully bumped revision number for resource 1b9e1548-1dbd-4968-b3ed-c759fc7834d0 (type: router_ports) to 1
2026-05-09 18:00:10.851 9 INFO neutron.db.ovn_revision_numbers_db [None req-815014ee-a089-4774-9259-8c541212bac6 403c861a68fa4d29b7a03bd97f863667 11d5b78ddac64b9aac04041d6853d349 - - default default] Successfully bumped revision number for resource 1467ee49-5216-4815-a649-8276ff458359 (type: security_groups) to 1
2026-05-09 18:00:10.882 9 INFO neutron.db.ovn_revision_numbers_db [None req-815014ee-a089-4774-9259-8c541212bac6 403c861a68fa4d29b7a03bd97f863667 11d5b78ddac64b9aac04041d6853d349 - - default default] Successfully bumped revision number for resource 7730fe53-299f-4a87-a9aa-9428110bb455 (type: security_group_rules) to 0
2026-05-09 18:00:10.901 9 INFO neutron.db.ovn_revision_numbers_db [None req-815014ee-a089-4774-9259-8c541212bac6 403c861a68fa4d29b7a03bd97f863667 11d5b78ddac64b9aac04041d6853d349 - - default default] Successfully bumped revision number for resource acec02f2-20c1-498c-bac6-fd1713c5215a (type: security_group_rules) to 0
2026-05-09 18:00:10.914 9 INFO neutron.db.ovn_revision_numbers_db [None req-677ae2ea-1cf4-4395-ba23-f6c8e282be64 403c861a68fa4d29b7a03bd97f863667 11d5b78ddac64b9aac04041d6853d349 - - default default] Successfully bumped revision number for resource 81549de6-c716-47f0-b28d-6148a2f0aa10 (type: routers) to 2
2026-05-09 18:00:10.919 9 INFO neutron.db.ovn_revision_numbers_db [None req-815014ee-a089-4774-9259-8c541212bac6 403c861a68fa4d29b7a03bd97f863667 11d5b78ddac64b9aac04041d6853d349 - - default default] Successfully bumped revision number for resource b40881ec-fb47-428f-9d46-bcc8fe035c76 (type: security_group_rules) to 0
2026-05-09 18:00:10.941 9 INFO neutron.wsgi [None req-677ae2ea-1cf4-4395-ba23-f6c8e282be64 403c861a68fa4d29b7a03bd97f863667 11d5b78ddac64b9aac04041d6853d349 - - default default] 10.0.0.188 "POST /v2.0/routers HTTP/1.1" status: 201 len: 876 time: 1.6561854
2026-05-09 18:00:10.944 9 INFO neutron.db.ovn_revision_numbers_db [None req-815014ee-a089-4774-9259-8c541212bac6 403c861a68fa4d29b7a03bd97f863667 11d5b78ddac64b9aac04041d6853d349 - - default default] Successfully bumped revision number for resource f898503f-adcf-4523-b3c8-e5d9ab366b1b (type: security_group_rules) to 0
2026-05-09 18:00:10.984 9 INFO neutron.wsgi [None req-815014ee-a089-4774-9259-8c541212bac6 403c861a68fa4d29b7a03bd97f863667 11d5b78ddac64b9aac04041d6853d349 - - default default] 10.0.0.188 "GET /v2.0/security-groups?tenant_id=751f69fb6d664f108b9a1b81a36dd421&name=default HTTP/1.1" status: 200 len: 2996 time: 0.4590769
2026-05-09 18:00:11.006 10 INFO neutron.plugins.ml2.drivers.ovn.mech_driver.ovsdb.ovsdb_monitor [None req-2c99a562-eeeb-4a40-9649-4d520dd7b8bc - - - - - -] Router 81549de6-c716-47f0-b28d-6148a2f0aa10 is bound to host instance
2026-05-09 18:00:11.011 10 INFO neutron.plugins.ml2.drivers.ovn.mech_driver.mech_driver [None req-11c9bff3-0817-4aeb-b6dd-74b63f19327f - - - - - -] OVN reports status up for port: 1b9e1548-1dbd-4968-b3ed-c759fc7834d0
2026-05-09 18:00:11.066 10 INFO neutron.plugins.ml2.plugin [None req-11c9bff3-0817-4aeb-b6dd-74b63f19327f - - - - - -] Attempt 1 to provision port 1b9e1548-1dbd-4968-b3ed-c759fc7834d0
2026-05-09 18:00:11.406 9 WARNING neutron.scheduler.dhcp_agent_scheduler [None req-243e9bfb-a62b-44e7-ae71-bd1982eb363c 403c861a68fa4d29b7a03bd97f863667 11d5b78ddac64b9aac04041d6853d349 - - default default] No more DHCP agents
2026-05-09 18:00:11.408 9 WARNING neutron.api.rpc.agentnotifiers.dhcp_rpc_agent_api [None req-243e9bfb-a62b-44e7-ae71-bd1982eb363c 403c861a68fa4d29b7a03bd97f863667 11d5b78ddac64b9aac04041d6853d349 - - default default] Unable to schedule network 7e666515-b25f-4086-9581-a1bc09390bfe: no agents available; will retry on subsequent port and subnet creation events.
2026-05-09 18:00:11.506 10 INFO neutron.wsgi [None req-b9197469-97a8-4b2f-aaca-41a7a0880e07 403c861a68fa4d29b7a03bd97f863667 11d5b78ddac64b9aac04041d6853d349 - - default default] 10.0.0.188 "DELETE /v2.0/security-groups/1467ee49-5216-4815-a649-8276ff458359 HTTP/1.1" status: 204 len: 168 time: 0.5097728
2026-05-09 18:00:11.578 9 INFO neutron.db.ovn_revision_numbers_db [None req-243e9bfb-a62b-44e7-ae71-bd1982eb363c 403c861a68fa4d29b7a03bd97f863667 11d5b78ddac64b9aac04041d6853d349 - - default default] Successfully bumped revision number for resource c2318a2c-bf3c-490d-bdf1-90592ac18354 (type: ports) to 1
2026-05-09 18:00:11.779 9 INFO neutron.db.ovn_revision_numbers_db [None req-ebd8cfd5-ed38-43c8-80e9-fad9fe794e6d 403c861a68fa4d29b7a03bd97f863667 11d5b78ddac64b9aac04041d6853d349 - - default default] Successfully bumped revision number for resource 73abc3dd-8616-48bf-8dd7-07c7f8a4f682 (type: security_groups) to 1
2026-05-09 18:00:11.797 9 INFO neutron.db.ovn_revision_numbers_db [None req-ebd8cfd5-ed38-43c8-80e9-fad9fe794e6d 403c861a68fa4d29b7a03bd97f863667 11d5b78ddac64b9aac04041d6853d349 - - default default] Successfully bumped revision number for resource 0b7b9394-cbb7-434d-a7bd-df6f7afd76a5 (type: security_group_rules) to 0
2026-05-09 18:00:11.825 9 INFO neutron.db.ovn_revision_numbers_db [None req-ebd8cfd5-ed38-43c8-80e9-fad9fe794e6d 403c861a68fa4d29b7a03bd97f863667 11d5b78ddac64b9aac04041d6853d349 - - default default] Successfully bumped revision number for resource 1746ebf1-17f8-4c97-a787-95b7bfb1993b (type: security_group_rules) to 0
2026-05-09 18:00:11.863 9 INFO neutron.db.ovn_revision_numbers_db [None req-ebd8cfd5-ed38-43c8-80e9-fad9fe794e6d 403c861a68fa4d29b7a03bd97f863667 11d5b78ddac64b9aac04041d6853d349 - - default default] Successfully bumped revision number for resource 26253b96-51c1-4072-9d0e-0c003a3086a2 (type: security_group_rules) to 0
2026-05-09 18:00:11.886 9 INFO neutron.db.ovn_revision_numbers_db [None req-ebd8cfd5-ed38-43c8-80e9-fad9fe794e6d 403c861a68fa4d29b7a03bd97f863667 11d5b78ddac64b9aac04041d6853d349 - - default default] Successfully bumped revision number for resource af9ed90f-466c-44b7-971f-0c278ae84f7c (type: security_group_rules) to 0
2026-05-09 18:00:11.898 10 INFO neutron.db.ovn_revision_numbers_db [None req-2c99a562-eeeb-4a40-9649-4d520dd7b8bc - - - - - -] Successfully bumped revision number for resource 1b9e1548-1dbd-4968-b3ed-c759fc7834d0 (type: ports) to 1
2026-05-09 18:00:11.922 10 INFO neutron.wsgi [None req-fffe0a12-efb2-487c-b6ce-fbe06f06d1c2 403c861a68fa4d29b7a03bd97f863667 11d5b78ddac64b9aac04041d6853d349 - - default default] 10.0.0.188 "DELETE /v2.0/routers/f3a50e93-c8f8-45f2-a015-09ce8c249b9c HTTP/1.1" status: 204 len: 168 time: 1.4320858
2026-05-09 18:00:11.928 9 INFO neutron.wsgi [None req-ebd8cfd5-ed38-43c8-80e9-fad9fe794e6d 403c861a68fa4d29b7a03bd97f863667 11d5b78ddac64b9aac04041d6853d349 - - default default] 10.0.0.188 "GET /v2.0/security-groups?tenant_id=4bdfaa3214344638a4a07ea03abc1670&name=default HTTP/1.1" status: 200 len: 2996 time: 0.3093853
2026-05-09 18:00:12.091 9 INFO neutron.db.ovn_revision_numbers_db [None req-243e9bfb-a62b-44e7-ae71-bd1982eb363c 403c861a68fa4d29b7a03bd97f863667 11d5b78ddac64b9aac04041d6853d349 - - default default] Successfully bumped revision number for resource c2318a2c-bf3c-490d-bdf1-90592ac18354 (type: router_ports) to 1
2026-05-09 18:00:12.216 10 INFO neutron.wsgi [None req-232132d3-1ae9-48ad-97e4-ffa3079c6660 403c861a68fa4d29b7a03bd97f863667 11d5b78ddac64b9aac04041d6853d349 - - default default] 10.0.0.188 "DELETE /v2.0/subnets/a8c92e94-5384-4bde-91de-dd135eb10d57 HTTP/1.1" status: 204 len: 168 time: 0.2859352
2026-05-09 18:00:12.226 9 INFO neutron.wsgi [None req-680594c6-610f-4bb5-a1b9-fa313c1a3e94 403c861a68fa4d29b7a03bd97f863667 11d5b78ddac64b9aac04041d6853d349 - - default default] 10.0.0.188 "DELETE /v2.0/security-groups/73abc3dd-8616-48bf-8dd7-07c7f8a4f682 HTTP/1.1" status: 204 len: 168 time: 0.2921886
2026-05-09 18:00:12.249 9 INFO neutron.db.ovn_revision_numbers_db [None req-243e9bfb-a62b-44e7-ae71-bd1982eb363c 403c861a68fa4d29b7a03bd97f863667 11d5b78ddac64b9aac04041d6853d349 - - default default] Successfully bumped revision number for resource c2318a2c-bf3c-490d-bdf1-90592ac18354 (type: ports) to 1
2026-05-09 18:00:12.270 10 INFO neutron.db.ovn_revision_numbers_db [None req-2c99a562-eeeb-4a40-9649-4d520dd7b8bc - - - - - -] Successfully bumped revision number for resource 1b9e1548-1dbd-4968-b3ed-c759fc7834d0 (type: router_ports) to 3
2026-05-09 18:00:12.320 9 WARNING neutron.scheduler.dhcp_agent_scheduler [None req-243e9bfb-a62b-44e7-ae71-bd1982eb363c 403c861a68fa4d29b7a03bd97f863667 11d5b78ddac64b9aac04041d6853d349 - - default default] No more DHCP agents
2026-05-09 18:00:12.322 9 WARNING neutron.api.rpc.agentnotifiers.dhcp_rpc_agent_api [None req-243e9bfb-a62b-44e7-ae71-bd1982eb363c 403c861a68fa4d29b7a03bd97f863667 11d5b78ddac64b9aac04041d6853d349 - - default default] Unable to schedule network 7e666515-b25f-4086-9581-a1bc09390bfe: no agents available; will retry on subsequent port and subnet creation events.
2026-05-09 18:00:12.643 10 INFO neutron.db.ovn_revision_numbers_db [None req-2c99a562-eeeb-4a40-9649-4d520dd7b8bc - - - - - -] Successfully bumped revision number for resource 1b9e1548-1dbd-4968-b3ed-c759fc7834d0 (type: ports) to 2
2026-05-09 18:00:12.764 9 INFO neutron.db.ovn_revision_numbers_db [None req-243e9bfb-a62b-44e7-ae71-bd1982eb363c 403c861a68fa4d29b7a03bd97f863667 11d5b78ddac64b9aac04041d6853d349 - - default default] Successfully bumped revision number for resource c2318a2c-bf3c-490d-bdf1-90592ac18354 (type: router_ports) to 1
2026-05-09 18:00:12.767 9 INFO neutron.wsgi [None req-243e9bfb-a62b-44e7-ae71-bd1982eb363c 403c861a68fa4d29b7a03bd97f863667 11d5b78ddac64b9aac04041d6853d349 - - default default] 10.0.0.188 "PUT /v2.0/routers/81549de6-c716-47f0-b28d-6148a2f0aa10/add_router_interface HTTP/1.1" status: 200 len: 503 time: 1.7999313
2026-05-09 18:00:12.803 10 INFO neutron.services.segments.plugin [-] Segment 3ccc264d-6b4e-483b-8d27-e3916fc80963 resource provider aggregate not found
2026-05-09 18:00:12.809 10 INFO neutron.services.segments.plugin [-] Segment 3ccc264d-6b4e-483b-8d27-e3916fc80963 resource provider aggregate not found
2026-05-09 18:00:12.828 10 INFO neutron.services.segments.plugin [-] Segment 3ccc264d-6b4e-483b-8d27-e3916fc80963 resource provider not found; error: Placement Client Error (4xx): {"errors": [{"status": 404, "title": "Not Found", "detail": "The resource could not be found.\n\n No resource provider with uuid 3ccc264d-6b4e-483b-8d27-e3916fc80963 found for delete ", "request_id": "req-c5053fbc-ab62-4e22-a625-54d474fc0d17"}]}
2026-05-09 18:00:12.830 10 INFO neutron.services.segments.plugin [-] Segment 3ccc264d-6b4e-483b-8d27-e3916fc80963 resource provider not found; error: Placement Client Error (4xx): {"errors": [{"status": 404, "title": "Not Found", "detail": "The resource could not be found.\n\n No resource provider with uuid 3ccc264d-6b4e-483b-8d27-e3916fc80963 found for delete ", "request_id": "req-65af5fbc-b520-427d-af91-22d4a807fe3a"}]}
2026-05-09 18:00:12.854 10 INFO neutron.wsgi [None req-023ac219-db13-41d0-91d6-4a3d788581f6 403c861a68fa4d29b7a03bd97f863667 11d5b78ddac64b9aac04041d6853d349 - - default default] 10.0.0.188 "DELETE /v2.0/networks/e54b6d49-58dd-4a2e-ac2b-b861d0cde66f HTTP/1.1" status: 204 len: 168 time: 0.6326911
2026-05-09 18:00:12.986 10 INFO neutron.db.ovn_revision_numbers_db [None req-2c99a562-eeeb-4a40-9649-4d520dd7b8bc - - - - - -] Successfully bumped revision number for resource 1b9e1548-1dbd-4968-b3ed-c759fc7834d0 (type: ports) to 4
2026-05-09 18:00:13.005 10 INFO neutron.wsgi [None req-528bb048-bc4d-4679-b047-9b972404ba1f 403c861a68fa4d29b7a03bd97f863667 11d5b78ddac64b9aac04041d6853d349 - - default default] 10.0.0.188 "GET /v2.0/security-groups?tenant_id=242a3c6a3ae6438a9776c9c3987c744a&name=default HTTP/1.1" status: 200 len: 2996 time: 0.0329475
2026-05-09 18:00:13.236 10 INFO neutron.db.ovn_revision_numbers_db [None req-2c99a562-eeeb-4a40-9649-4d520dd7b8bc - - - - - -] Successfully bumped revision number for resource 1b9e1548-1dbd-4968-b3ed-c759fc7834d0 (type: router_ports) to 4
2026-05-09 18:00:13.241 9 INFO neutron.wsgi [None req-8bf16102-7d61-4458-a9d4-8b6b2e32f094 403c861a68fa4d29b7a03bd97f863667 11d5b78ddac64b9aac04041d6853d349 - - default default] 10.0.0.188 "DELETE /v2.0/security-groups/8b3cf818-e13b-4709-b733-c04c2364d973 HTTP/1.1" status: 204 len: 168 time: 0.2220042
2026-05-09 18:00:13.443 9 INFO neutron.wsgi [-] 10.0.0.111 "GET / HTTP/1.1" status: 200 len: 247 time: 0.0027149
2026-05-09 18:00:13.444 10 INFO neutron.wsgi [-] 10.0.0.111 "GET / HTTP/1.1" status: 200 len: 247 time: 0.0031817
2026-05-09 18:00:13.498 10 WARNING neutron_lib.context [None req-7cab7075-969d-462f-b3be-ea82cdb1e466 12deff196a3246ccb5174ebb4526f0ac b860c51573424e49b7eddda54c3625db - - default default] Method 'is_advsvc' is deprecated since 2023.2 release (neutron-lib 3.8.0) and will be removed once support for the old RBAC API policies will be removed from Neutron. Please use method 'is_service_role' instead.
2026-05-09 18:00:13.598 10 INFO neutron.db.ovn_revision_numbers_db [None req-7cab7075-969d-462f-b3be-ea82cdb1e466 12deff196a3246ccb5174ebb4526f0ac b860c51573424e49b7eddda54c3625db - - default default] Successfully bumped revision number for resource 3f278606-5290-49c8-9403-cd62f44d7be6 (type: security_groups) to 1
2026-05-09 18:00:13.615 10 INFO neutron.db.ovn_revision_numbers_db [None req-7cab7075-969d-462f-b3be-ea82cdb1e466 12deff196a3246ccb5174ebb4526f0ac b860c51573424e49b7eddda54c3625db - - default default] Successfully bumped revision number for resource 4803c24c-ec1b-4f3b-8f1d-c0957b55db25 (type: security_group_rules) to 0
2026-05-09 18:00:13.652 10 INFO neutron.db.ovn_revision_numbers_db [None req-7cab7075-969d-462f-b3be-ea82cdb1e466 12deff196a3246ccb5174ebb4526f0ac b860c51573424e49b7eddda54c3625db - - default default] Successfully bumped revision number for resource 87171882-bbe5-4359-a3c0-207bb763c6dd (type: security_group_rules) to 0
2026-05-09 18:00:13.690 10 INFO neutron.wsgi [None req-7cab7075-969d-462f-b3be-ea82cdb1e466 12deff196a3246ccb5174ebb4526f0ac b860c51573424e49b7eddda54c3625db - - default default] 10.0.0.188 "POST /v2.0/security-groups HTTP/1.1" status: 201 len: 1795 time: 0.1986253
2026-05-09 18:00:13.699 10 WARNING neutron_lib.context [None req-03ac7a9e-98b1-4b9d-a2c3-fa8e916cad39 12deff196a3246ccb5174ebb4526f0ac b860c51573424e49b7eddda54c3625db - - default default] Method 'is_advsvc' is deprecated since 2023.2 release (neutron-lib 3.8.0) and will be removed once support for the old RBAC API policies will be removed from Neutron. Please use method 'is_service_role' instead.
2026-05-09 18:00:13.824 10 INFO neutron.db.ovn_revision_numbers_db [None req-03ac7a9e-98b1-4b9d-a2c3-fa8e916cad39 12deff196a3246ccb5174ebb4526f0ac b860c51573424e49b7eddda54c3625db - - default default] Successfully bumped revision number for resource 8ef13462-5bb0-4f73-8b3d-177635ed3bb5 (type: security_group_rules) to 0
2026-05-09 18:00:13.853 10 INFO neutron.wsgi [None req-03ac7a9e-98b1-4b9d-a2c3-fa8e916cad39 12deff196a3246ccb5174ebb4526f0ac b860c51573424e49b7eddda54c3625db - - default default] 10.0.0.188 "POST /v2.0/security-group-rules HTTP/1.1" status: 201 len: 764 time: 0.1582968
2026-05-09 18:00:13.864 9 WARNING neutron_lib.context [None req-45e42468-e1a9-44f9-a439-d8548ce69651 12deff196a3246ccb5174ebb4526f0ac b860c51573424e49b7eddda54c3625db - - default default] Method 'is_advsvc' is deprecated since 2023.2 release (neutron-lib 3.8.0) and will be removed once support for the old RBAC API policies will be removed from Neutron. Please use method 'is_service_role' instead.
2026-05-09 18:00:13.897 10 INFO neutron.plugins.ml2.drivers.ovn.mech_driver.mech_driver [None req-11c9bff3-0817-4aeb-b6dd-74b63f19327f - - - - - -] OVN reports status up for port: c2318a2c-bf3c-490d-bdf1-90592ac18354
2026-05-09 18:00:13.905 10 INFO neutron.plugins.ml2.plugin [None req-11c9bff3-0817-4aeb-b6dd-74b63f19327f - - - - - -] Attempt 1 to provision port c2318a2c-bf3c-490d-bdf1-90592ac18354
2026-05-09 18:00:13.997 9 INFO neutron.db.ovn_revision_numbers_db [None req-4b87f183-2d4c-4c10-88ef-f8053f89e681 403c861a68fa4d29b7a03bd97f863667 11d5b78ddac64b9aac04041d6853d349 - - default default] Successfully bumped revision number for resource db7041ea-1141-45d2-89d8-e17f367b04fa (type: security_groups) to 1
2026-05-09 18:00:14.022 9 INFO neutron.db.ovn_revision_numbers_db [None req-4b87f183-2d4c-4c10-88ef-f8053f89e681 403c861a68fa4d29b7a03bd97f863667 11d5b78ddac64b9aac04041d6853d349 - - default default] Successfully bumped revision number for resource 56f50626-fa6c-4048-a34f-37d62aff1029 (type: security_group_rules) to 0
2026-05-09 18:00:14.034 9 INFO neutron.db.ovn_revision_numbers_db [None req-45e42468-e1a9-44f9-a439-d8548ce69651 12deff196a3246ccb5174ebb4526f0ac b860c51573424e49b7eddda54c3625db - - default default] Successfully bumped revision number for resource bce90d04-29ba-4d72-b2a9-25a364b261f8 (type: security_group_rules) to 0
2026-05-09 18:00:14.043 9 INFO neutron.db.ovn_revision_numbers_db [None req-4b87f183-2d4c-4c10-88ef-f8053f89e681 403c861a68fa4d29b7a03bd97f863667 11d5b78ddac64b9aac04041d6853d349 - - default default] Successfully bumped revision number for resource a5917c64-caa5-4539-9c52-d20f9a16f885 (type: security_group_rules) to 0
2026-05-09 18:00:14.069 9 INFO neutron.db.ovn_revision_numbers_db [None req-4b87f183-2d4c-4c10-88ef-f8053f89e681 403c861a68fa4d29b7a03bd97f863667 11d5b78ddac64b9aac04041d6853d349 - - default default] Successfully bumped revision number for resource b03efbe9-9f48-4339-81e7-ff23da5f5fcd (type: security_group_rules) to 0
2026-05-09 18:00:14.074 9 INFO neutron.wsgi [None req-45e42468-e1a9-44f9-a439-d8548ce69651 12deff196a3246ccb5174ebb4526f0ac b860c51573424e49b7eddda54c3625db - - default default] 10.0.0.188 "POST /v2.0/security-group-rules HTTP/1.1" status: 201 len: 769 time: 0.2148445
2026-05-09 18:00:14.089 10 WARNING neutron_lib.context [None req-d6d43c5d-9be6-4fa2-90c3-08a6ccbd6500 12deff196a3246ccb5174ebb4526f0ac b860c51573424e49b7eddda54c3625db - - default default] Method 'is_advsvc' is deprecated since 2023.2 release (neutron-lib 3.8.0) and will be removed once support for the old RBAC API policies will be removed from Neutron. Please use method 'is_service_role' instead.
2026-05-09 18:00:14.097 9 INFO neutron.db.ovn_revision_numbers_db [None req-4b87f183-2d4c-4c10-88ef-f8053f89e681 403c861a68fa4d29b7a03bd97f863667 11d5b78ddac64b9aac04041d6853d349 - - default default] Successfully bumped revision number for resource e01b55ee-4cd6-4b3f-8f14-94bece6696d3 (type: security_group_rules) to 0
2026-05-09 18:00:14.132 9 INFO neutron.wsgi [None req-4b87f183-2d4c-4c10-88ef-f8053f89e681 403c861a68fa4d29b7a03bd97f863667 11d5b78ddac64b9aac04041d6853d349 - - default default] 10.0.0.188 "GET /v2.0/security-groups?tenant_id=e0a61dd21d324724869b9f1c22e5da6a&name=default HTTP/1.1" status: 200 len: 2996 time: 0.3906536
2026-05-09 18:00:14.308 10 INFO neutron.db.ovn_revision_numbers_db [None req-11c9bff3-0817-4aeb-b6dd-74b63f19327f - - - - - -] Successfully bumped revision number for resource c2318a2c-bf3c-490d-bdf1-90592ac18354 (type: ports) to 2
2026-05-09 18:00:14.345 9 INFO neutron.wsgi [None req-be7566e9-400f-4618-818a-e6e84d500a2b 403c861a68fa4d29b7a03bd97f863667 11d5b78ddac64b9aac04041d6853d349 - - default default] 10.0.0.188 "DELETE /v2.0/security-groups/db7041ea-1141-45d2-89d8-e17f367b04fa HTTP/1.1" status: 204 len: 168 time: 0.2092888
2026-05-09 18:00:14.415 10 WARNING neutron.scheduler.dhcp_agent_scheduler [None req-d6d43c5d-9be6-4fa2-90c3-08a6ccbd6500 12deff196a3246ccb5174ebb4526f0ac b860c51573424e49b7eddda54c3625db - - default default] No more DHCP agents
2026-05-09 18:00:14.417 10 INFO neutron.db.ovn_revision_numbers_db [None req-11c9bff3-0817-4aeb-b6dd-74b63f19327f - - - - - -] Successfully bumped revision number for resource c2318a2c-bf3c-490d-bdf1-90592ac18354 (type: router_ports) to 2
2026-05-09 18:00:14.418 10 WARNING neutron.api.rpc.agentnotifiers.dhcp_rpc_agent_api [None req-d6d43c5d-9be6-4fa2-90c3-08a6ccbd6500 12deff196a3246ccb5174ebb4526f0ac b860c51573424e49b7eddda54c3625db - - default default] Unable to schedule network 9325f272-0f0a-469a-8d49-1c9c9f32dd96: no agents available; will retry on subsequent port and subnet creation events.
2026-05-09 18:00:14.645 9 INFO neutron.db.ovn_revision_numbers_db [None req-63d424d3-a298-428c-9431-6db034ee7d8f 403c861a68fa4d29b7a03bd97f863667 11d5b78ddac64b9aac04041d6853d349 - - default default] Successfully bumped revision number for resource 5f0e11a0-251c-45d1-b951-72cd80585f9c (type: security_groups) to 1
2026-05-09 18:00:14.669 9 INFO neutron.db.ovn_revision_numbers_db [None req-63d424d3-a298-428c-9431-6db034ee7d8f 403c861a68fa4d29b7a03bd97f863667 11d5b78ddac64b9aac04041d6853d349 - - default default] Successfully bumped revision number for resource 9ec6ee74-407c-45ef-bcea-a1195fd5e753 (type: security_group_rules) to 0
2026-05-09 18:00:14.688 9 INFO neutron.db.ovn_revision_numbers_db [None req-63d424d3-a298-428c-9431-6db034ee7d8f 403c861a68fa4d29b7a03bd97f863667 11d5b78ddac64b9aac04041d6853d349 - - default default] Successfully bumped revision number for resource aa286685-c398-4cd3-8718-4ee91bea962b (type: security_group_rules) to 0
2026-05-09 18:00:14.713 9 INFO neutron.db.ovn_revision_numbers_db [None req-63d424d3-a298-428c-9431-6db034ee7d8f 403c861a68fa4d29b7a03bd97f863667 11d5b78ddac64b9aac04041d6853d349 - - default default] Successfully bumped revision number for resource c25e9378-a5ed-409a-a89f-d9602ac74bb5 (type: security_group_rules) to 0
2026-05-09 18:00:14.740 9 INFO neutron.db.ovn_revision_numbers_db [None req-63d424d3-a298-428c-9431-6db034ee7d8f 403c861a68fa4d29b7a03bd97f863667 11d5b78ddac64b9aac04041d6853d349 - - default default] Successfully bumped revision number for resource cb47b83d-5827-4c56-9da4-a928325c8342 (type: security_group_rules) to 0
2026-05-09 18:00:14.759 9 INFO neutron.wsgi [None req-63d424d3-a298-428c-9431-6db034ee7d8f 403c861a68fa4d29b7a03bd97f863667 11d5b78ddac64b9aac04041d6853d349 - - default default] 10.0.0.188 "GET /v2.0/security-groups?tenant_id=fdd1bb94ad3f4db993691fddec7dc377&name=default HTTP/1.1" status: 200 len: 2996 time: 0.2661717
2026-05-09 18:00:14.789 10 INFO neutron.db.ovn_revision_numbers_db [None req-d6d43c5d-9be6-4fa2-90c3-08a6ccbd6500 12deff196a3246ccb5174ebb4526f0ac b860c51573424e49b7eddda54c3625db - - default default] Successfully bumped revision number for resource 95bccc0d-6d68-47d3-92ab-93a1b534318c (type: floatingips) to 0
2026-05-09 18:00:14.803 10 INFO neutron.wsgi [None req-d6d43c5d-9be6-4fa2-90c3-08a6ccbd6500 12deff196a3246ccb5174ebb4526f0ac b860c51573424e49b7eddda54c3625db - - default default] 10.0.0.188 "POST /v2.0/floatingips HTTP/1.1" status: 201 len: 751 time: 0.7215388
