2026-05-09 18:00:34.108 9 WARNING neutron.api.rpc.agentnotifiers.dhcp_rpc_agent_api [None req-7247d535-da0e-4b7a-8354-165ffa3eadea bf9a06a59ca7409da2b2aff67c4765fa 6c650d090d944819aab3e3f8e569ea57 - - default default] Unable to schedule network a9756a3e-f310-4e70-bb30-7dd4d019eccd: no agents available; will retry on subsequent port and subnet creation events.
2026-05-09 18:00:34.121 9 INFO neutron.wsgi [None req-90608a0c-f054-4d09-8d24-37f1c12c0a4a 58f3682b2e6542b19e9125d522bb7558 42cefb490daf4136a59deecc14e841b7 - - default default] 10.0.0.188 "DELETE /v2.0/security-group-rules/07a016a0-cf13-4d17-b42d-c70f4efb977a HTTP/1.1" status: 204 len: 168 time: 0.1374753
2026-05-09 18:00:34.191 9 INFO neutron.db.ovn_revision_numbers_db [None req-7247d535-da0e-4b7a-8354-165ffa3eadea bf9a06a59ca7409da2b2aff67c4765fa 6c650d090d944819aab3e3f8e569ea57 - - default default] Successfully bumped revision number for resource d5221352-c530-4056-80bc-3acfaad463c5 (type: ports) to 1
2026-05-09 18:00:34.194 10 INFO neutron.wsgi [None req-941741e6-4a5b-496f-8511-3949f17d7b46 58f3682b2e6542b19e9125d522bb7558 42cefb490daf4136a59deecc14e841b7 - - default default] 10.0.0.188 "GET /v2.0/security-group-rules HTTP/1.1" status: 200 len: 3567 time: 0.0671711
2026-05-09 18:00:34.209 10 WARNING neutron_lib.context [None req-4de8ad47-09f5-472e-b1da-a3d25956bbe0 58f3682b2e6542b19e9125d522bb7558 42cefb490daf4136a59deecc14e841b7 - - default default] Method 'is_advsvc' is deprecated since 2023.2 release (neutron-lib 3.8.0) and will be removed once support for the old RBAC API policies will be removed from Neutron. Please use method 'is_service_role' instead.
2026-05-09 18:00:34.216 9 WARNING neutron.scheduler.dhcp_agent_scheduler [None req-7247d535-da0e-4b7a-8354-165ffa3eadea bf9a06a59ca7409da2b2aff67c4765fa 6c650d090d944819aab3e3f8e569ea57 - - default default] No more DHCP agents
2026-05-09 18:00:34.218 9 WARNING neutron.api.rpc.agentnotifiers.dhcp_rpc_agent_api [None req-7247d535-da0e-4b7a-8354-165ffa3eadea bf9a06a59ca7409da2b2aff67c4765fa 6c650d090d944819aab3e3f8e569ea57 - - default default] Unable to schedule network b4730dfb-bced-4488-b15a-1aa9c0b9f621: no agents available; will retry on subsequent port and subnet creation events.
2026-05-09 18:00:34.227 10 INFO neutron.db.securitygroups_db [None req-4de8ad47-09f5-472e-b1da-a3d25956bbe0 58f3682b2e6542b19e9125d522bb7558 42cefb490daf4136a59deecc14e841b7 - - default default] Project 42cefb490daf4136a59deecc14e841b7 added a security group rule with legacy IPv6 ICMP protocol name icmp, ipv6-icmp should be used instead. It was automatically converted.
2026-05-09 18:00:34.297 9 INFO neutron.db.ovn_revision_numbers_db [None req-7247d535-da0e-4b7a-8354-165ffa3eadea bf9a06a59ca7409da2b2aff67c4765fa 6c650d090d944819aab3e3f8e569ea57 - - default default] Successfully bumped revision number for resource 8cce5eef-f127-4baf-ab21-6b88d2c5ddc8 (type: ports) to 1
2026-05-09 18:00:34.320 9 INFO neutron.wsgi [None req-7247d535-da0e-4b7a-8354-165ffa3eadea bf9a06a59ca7409da2b2aff67c4765fa 6c650d090d944819aab3e3f8e569ea57 - - default default] 10.0.0.188 "POST /v2.0/ports HTTP/1.1" status: 201 len: 1705 time: 0.7360458 /var/lib/openstack/lib/python3.10/site-packages/pycadf/identifier.py:71: UserWarning: Invalid uuid: neutron. To ensure interoperability, identifiers should be a valid uuid. warnings.warn(('Invalid uuid: %s. To ensure interoperability, '
2026-05-09 18:00:34.392 10 INFO neutron.db.ovn_revision_numbers_db [None req-4de8ad47-09f5-472e-b1da-a3d25956bbe0 58f3682b2e6542b19e9125d522bb7558 42cefb490daf4136a59deecc14e841b7 - - default default] Successfully bumped revision number for resource ff18187d-fd2f-43db-983c-c1b1672e2bd9 (type: security_group_rules) to 0
2026-05-09 18:00:34.426 10 INFO neutron.wsgi [None req-4de8ad47-09f5-472e-b1da-a3d25956bbe0 58f3682b2e6542b19e9125d522bb7558 42cefb490daf4136a59deecc14e841b7 - - default default] 10.0.0.188 "POST /v2.0/security-group-rules HTTP/1.1" status: 201 len: 774 time: 0.2269609
2026-05-09 18:00:34.434 9 INFO neutron.wsgi [None req-d6439d26-0ec2-4993-945f-7a5997d7a900 bf9a06a59ca7409da2b2aff67c4765fa 6c650d090d944819aab3e3f8e569ea57 - - default default] 10.0.0.188 "GET /v2.0/ports HTTP/1.1" status: 200 len: 3212 time: 0.1103599
2026-05-09 18:00:34.449 10 INFO neutron.wsgi [None req-e3ef6099-b308-4e9e-9e1c-7799bd47f2d6 58f3682b2e6542b19e9125d522bb7558 42cefb490daf4136a59deecc14e841b7 - - default default] 10.0.0.188 "GET /v2.0/security-group-rules/ff18187d-fd2f-43db-983c-c1b1672e2bd9 HTTP/1.1" status: 200 len: 769 time: 0.0160158
2026-05-09 18:00:34.499 10 INFO neutron.wsgi [None req-0b158f21-1c56-4701-9f66-e6a33fb3422a 58f3682b2e6542b19e9125d522bb7558 42cefb490daf4136a59deecc14e841b7 - - default default] 10.0.0.188 "GET /v2.0/security-group-rules HTTP/1.1" status: 200 len: 4119 time: 0.0455072
2026-05-09 18:00:34.530 10 WARNING neutron.scheduler.dhcp_agent_scheduler [None req-9bc130de-e66f-47bb-a3a1-e6c01542e827 78703d9e69bb425fa453a4c5008682ca 28f253f63e524572bcb8201c8e9f77a8 - - default default] No more DHCP agents
2026-05-09 18:00:34.534 10 WARNING neutron.api.rpc.agentnotifiers.dhcp_rpc_agent_api [None req-9bc130de-e66f-47bb-a3a1-e6c01542e827 78703d9e69bb425fa453a4c5008682ca 28f253f63e524572bcb8201c8e9f77a8 - - default default] Unable to schedule network b020b9f2-4788-4ada-ac09-7f1d0c2797b9: no agents available; will retry on subsequent port and subnet creation events.
2026-05-09 18:00:34.640 10 INFO neutron.wsgi [None req-b4e8456d-f763-4f01-9dc3-a11a8b133be2 58f3682b2e6542b19e9125d522bb7558 42cefb490daf4136a59deecc14e841b7 - - default default] 10.0.0.188 "DELETE /v2.0/security-group-rules/ff18187d-fd2f-43db-983c-c1b1672e2bd9 HTTP/1.1" status: 204 len: 168 time: 0.1361921
2026-05-09 18:00:34.643 10 INFO neutron.db.ovn_revision_numbers_db [None req-9bc130de-e66f-47bb-a3a1-e6c01542e827 78703d9e69bb425fa453a4c5008682ca 28f253f63e524572bcb8201c8e9f77a8 - - default default] Successfully bumped revision number for resource aaa63725-61f5-4306-8267-0ff7c1700aea (type: ports) to 1
2026-05-09 18:00:34.658 9 INFO neutron.wsgi [None req-f6b27c9a-2eb9-4320-a917-b51a83244931 bf9a06a59ca7409da2b2aff67c4765fa 6c650d090d944819aab3e3f8e569ea57 - - default default] 10.0.0.188 "DELETE /v2.0/ports/d5221352-c530-4056-80bc-3acfaad463c5 HTTP/1.1" status: 204 len: 168 time: 0.2196128
2026-05-09 18:00:34.700 9 INFO neutron.wsgi [None req-f19fa809-5fa4-4cbc-b7bf-1e93d752b24e 58f3682b2e6542b19e9125d522bb7558 42cefb490daf4136a59deecc14e841b7 - - default default] 10.0.0.188 "GET /v2.0/security-group-rules HTTP/1.1" status: 200 len: 3567 time: 0.0546827
2026-05-09 18:00:34.849 9 INFO neutron.wsgi [None req-97b8bebc-4f3d-4c0e-8037-3717524a2c51 58f3682b2e6542b19e9125d522bb7558 42cefb490daf4136a59deecc14e841b7 - - default default] 10.0.0.188 "DELETE /v2.0/security-groups/98f939e5-c0a5-465a-bfde-db24c5841f78 HTTP/1.1" status: 204 len: 168 time: 0.1443121
2026-05-09 18:00:34.904 9 INFO neutron.wsgi [None req-9c3c0f00-1e60-4ced-b92b-4270e6460e6a bf9a06a59ca7409da2b2aff67c4765fa 6c650d090d944819aab3e3f8e569ea57 - - default default] 10.0.0.188 "DELETE /v2.0/ports/8cce5eef-f127-4baf-ab21-6b88d2c5ddc8 HTTP/1.1" status: 204 len: 168 time: 0.2417395
2026-05-09 18:00:34.908 9 INFO neutron.plugins.ml2.drivers.ovn.mech_driver.mech_driver [None req-b53abae5-100b-4e58-a0c5-ba0a5ed47b26 - - - - - -] OVN reports status up for port: aaa63725-61f5-4306-8267-0ff7c1700aea
2026-05-09 18:00:34.916 9 INFO neutron.plugins.ml2.plugin [None req-b53abae5-100b-4e58-a0c5-ba0a5ed47b26 - - - - - -] Attempt 1 to provision port aaa63725-61f5-4306-8267-0ff7c1700aea
2026-05-09 18:00:34.922 10 INFO neutron.wsgi [None req-a4775217-ab2e-4190-b666-379aa4183be6 58f3682b2e6542b19e9125d522bb7558 42cefb490daf4136a59deecc14e841b7 - - default default] 10.0.0.188 "GET /v2.0/security-groups HTTP/1.1" status: 200 len: 2996 time: 0.0682497
2026-05-09 18:00:34.945 10 INFO neutron.db.ovn_revision_numbers_db [None req-9bc130de-e66f-47bb-a3a1-e6c01542e827 78703d9e69bb425fa453a4c5008682ca 28f253f63e524572bcb8201c8e9f77a8 - - default default] Successfully bumped revision number for resource aaa63725-61f5-4306-8267-0ff7c1700aea (type: router_ports) to 1
2026-05-09 18:00:34.965 9 INFO neutron.wsgi [None req-0bb868f5-7208-4b20-97d5-1d3868b2a55b 58f3682b2e6542b19e9125d522bb7558 42cefb490daf4136a59deecc14e841b7 - - default default] 10.0.0.188 "GET /v2.0/security-groups HTTP/1.1" status: 200 len: 2996 time: 0.0372345
2026-05-09 18:00:35.033 10 INFO neutron.wsgi [None req-6fc4e681-6350-452c-828d-6d09e746ece1 bf9a06a59ca7409da2b2aff67c4765fa 6c650d090d944819aab3e3f8e569ea57 - - default default] 10.0.0.188 "GET /v2.0/ports HTTP/1.1" status: 200 len: 1718 time: 0.1242528
2026-05-09 18:00:35.049 9 WARNING neutron_lib.context [None req-1b9babeb-cb14-4b8a-b45a-666c986e2667 bf9a06a59ca7409da2b2aff67c4765fa 6c650d090d944819aab3e3f8e569ea57 - - default default] Method 'is_advsvc' is deprecated since 2023.2 release (neutron-lib 3.8.0) and will be removed once support for the old RBAC API policies will be removed from Neutron. Please use method 'is_service_role' instead.
2026-05-09 18:00:35.063 10 INFO neutron.db.ovn_revision_numbers_db [None req-9bc130de-e66f-47bb-a3a1-e6c01542e827 78703d9e69bb425fa453a4c5008682ca 28f253f63e524572bcb8201c8e9f77a8 - - default default] Successfully bumped revision number for resource aaa63725-61f5-4306-8267-0ff7c1700aea (type: ports) to 1
2026-05-09 18:00:35.112 10 WARNING neutron.scheduler.dhcp_agent_scheduler [None req-9bc130de-e66f-47bb-a3a1-e6c01542e827 78703d9e69bb425fa453a4c5008682ca 28f253f63e524572bcb8201c8e9f77a8 - - default default] No more DHCP agents
2026-05-09 18:00:35.113 10 WARNING neutron.api.rpc.agentnotifiers.dhcp_rpc_agent_api [None req-9bc130de-e66f-47bb-a3a1-e6c01542e827 78703d9e69bb425fa453a4c5008682ca 28f253f63e524572bcb8201c8e9f77a8 - - default default] Unable to schedule network b020b9f2-4788-4ada-ac09-7f1d0c2797b9: no agents available; will retry on subsequent port and subnet creation events.
2026-05-09 18:00:35.128 9 INFO neutron.db.segments_db [None req-1b9babeb-cb14-4b8a-b45a-666c986e2667 bf9a06a59ca7409da2b2aff67c4765fa 6c650d090d944819aab3e3f8e569ea57 - - default default] Added segment 51d8abac-f398-4e75-89a4-b0b3cc35c92f of type geneve for network c2064c6a-2a7f-49c9-b0d4-f93569662fa7
2026-05-09 18:00:35.202 9 INFO neutron.db.ovn_revision_numbers_db [None req-b53abae5-100b-4e58-a0c5-ba0a5ed47b26 - - - - - -] Successfully bumped revision number for resource aaa63725-61f5-4306-8267-0ff7c1700aea (type: ports) to 2
2026-05-09 18:00:35.284 10 INFO neutron.db.ovn_revision_numbers_db [None req-9bc130de-e66f-47bb-a3a1-e6c01542e827 78703d9e69bb425fa453a4c5008682ca 28f253f63e524572bcb8201c8e9f77a8 - - default default] Successfully bumped revision number for resource aaa63725-61f5-4306-8267-0ff7c1700aea (type: router_ports) to 2
2026-05-09 18:00:35.289 10 INFO neutron.wsgi [None req-9bc130de-e66f-47bb-a3a1-e6c01542e827 78703d9e69bb425fa453a4c5008682ca 28f253f63e524572bcb8201c8e9f77a8 - - default default] 10.0.0.188 "PUT /v2.0/routers/22c2431a-f967-4de8-974d-1813edbec353/add_router_interface HTTP/1.1" status: 200 len: 503 time: 1.1812265
2026-05-09 18:00:35.304 9 INFO neutron.db.ovn_revision_numbers_db [None req-1b9babeb-cb14-4b8a-b45a-666c986e2667 bf9a06a59ca7409da2b2aff67c4765fa 6c650d090d944819aab3e3f8e569ea57 - - default default] Successfully bumped revision number for resource c2064c6a-2a7f-49c9-b0d4-f93569662fa7 (type: networks) to 1
2026-05-09 18:00:35.393 9 INFO neutron.wsgi [None req-0b7e2a90-d8b4-4954-940a-feca4af6d613 78703d9e69bb425fa453a4c5008682ca 28f253f63e524572bcb8201c8e9f77a8 - - default default] 10.0.0.188 "GET /v2.0/ports/aaa63725-61f5-4306-8267-0ff7c1700aea HTTP/1.1" status: 200 len: 1141 time: 0.0986438
2026-05-09 18:00:35.651 10 INFO neutron.wsgi [None req-6792a3a0-517a-4969-9c86-5d4a913e3380 403c861a68fa4d29b7a03bd97f863667 11d5b78ddac64b9aac04041d6853d349 - - default default] 10.0.0.188 "GET /v2.0/security-groups?tenant_id=42cefb490daf4136a59deecc14e841b7&name=default HTTP/1.1" status: 200 len: 2996 time: 0.1432354
2026-05-09 18:00:35.720 9 WARNING neutron.scheduler.dhcp_agent_scheduler [None req-1b9babeb-cb14-4b8a-b45a-666c986e2667 bf9a06a59ca7409da2b2aff67c4765fa 6c650d090d944819aab3e3f8e569ea57 - - default default] No more DHCP agents
2026-05-09 18:00:35.725 9 WARNING neutron.api.rpc.agentnotifiers.dhcp_rpc_agent_api [None req-1b9babeb-cb14-4b8a-b45a-666c986e2667 bf9a06a59ca7409da2b2aff67c4765fa 6c650d090d944819aab3e3f8e569ea57 - - default default] Unable to schedule network c2064c6a-2a7f-49c9-b0d4-f93569662fa7: no agents available; will retry on subsequent port and subnet creation events.
2026-05-09 18:00:35.832 9 INFO neutron.db.ovn_revision_numbers_db [None req-1b9babeb-cb14-4b8a-b45a-666c986e2667 bf9a06a59ca7409da2b2aff67c4765fa 6c650d090d944819aab3e3f8e569ea57 - - default default] Successfully bumped revision number for resource 5057925d-5af4-4789-8d55-8cbfbaf7fa97 (type: ports) to 1
2026-05-09 18:00:35.847 10 INFO neutron.wsgi [None req-b60db1fd-3930-49da-9c58-5cb5d37eda0c 403c861a68fa4d29b7a03bd97f863667 11d5b78ddac64b9aac04041d6853d349 - - default default] 10.0.0.188 "DELETE /v2.0/security-groups/2838b833-da00-4d86-963f-c07c8ed8dd20 HTTP/1.1" status: 204 len: 168 time: 0.1914198
2026-05-09 18:00:35.872 9 INFO neutron.wsgi [None req-1b9babeb-cb14-4b8a-b45a-666c986e2667 bf9a06a59ca7409da2b2aff67c4765fa 6c650d090d944819aab3e3f8e569ea57 - - default default] 10.0.0.188 "POST /v2.0/networks HTTP/1.1" status: 201 len: 852 time: 0.8295393
2026-05-09 18:00:35.885 10 WARNING neutron_lib.context [None req-76a5438d-75e9-4745-a627-2dcc3ade2281 bf9a06a59ca7409da2b2aff67c4765fa 6c650d090d944819aab3e3f8e569ea57 - - default default] Method 'is_advsvc' is deprecated since 2023.2 release (neutron-lib 3.8.0) and will be removed once support for the old RBAC API policies will be removed from Neutron. Please use method 'is_service_role' instead.
2026-05-09 18:00:35.956 10 INFO neutron.db.segments_db [None req-76a5438d-75e9-4745-a627-2dcc3ade2281 bf9a06a59ca7409da2b2aff67c4765fa 6c650d090d944819aab3e3f8e569ea57 - - default default] Added segment 44c901aa-7f23-4e6c-bfc4-425412d10e23 of type geneve for network 4128f2df-15fb-4bc7-9008-38af31b23ac1
2026-05-09 18:00:36.066 9 WARNING neutron.scheduler.dhcp_agent_scheduler [None req-02b3ba42-f5dc-483b-8965-e66dfeaab5a1 78703d9e69bb425fa453a4c5008682ca 28f253f63e524572bcb8201c8e9f77a8 - - default default] No more DHCP agents
2026-05-09 18:00:36.069 9 WARNING neutron.api.rpc.agentnotifiers.dhcp_rpc_agent_api [None req-02b3ba42-f5dc-483b-8965-e66dfeaab5a1 78703d9e69bb425fa453a4c5008682ca 28f253f63e524572bcb8201c8e9f77a8 - - default default] Unable to schedule network 76bca21e-c240-4e64-9282-c2fca9ecc566: no agents available; will retry on subsequent port and subnet creation events.
2026-05-09 18:00:36.176 9 INFO neutron.db.ovn_revision_numbers_db [None req-02b3ba42-f5dc-483b-8965-e66dfeaab5a1 78703d9e69bb425fa453a4c5008682ca 28f253f63e524572bcb8201c8e9f77a8 - - default default] Successfully bumped revision number for resource fcd16257-d61d-4323-b0f5-d9db7ee47cdc (type: ports) to 1
2026-05-09 18:00:36.293 10 INFO neutron.db.ovn_revision_numbers_db [None req-76a5438d-75e9-4745-a627-2dcc3ade2281 bf9a06a59ca7409da2b2aff67c4765fa 6c650d090d944819aab3e3f8e569ea57 - - default default] Successfully bumped revision number for resource 4128f2df-15fb-4bc7-9008-38af31b23ac1 (type: networks) to 1
2026-05-09 18:00:36.485 10 WARNING neutron.scheduler.dhcp_agent_scheduler [None req-76a5438d-75e9-4745-a627-2dcc3ade2281 bf9a06a59ca7409da2b2aff67c4765fa 6c650d090d944819aab3e3f8e569ea57 - - default default] No more DHCP agents
2026-05-09 18:00:36.487 10 WARNING neutron.api.rpc.agentnotifiers.dhcp_rpc_agent_api [None req-76a5438d-75e9-4745-a627-2dcc3ade2281 bf9a06a59ca7409da2b2aff67c4765fa 6c650d090d944819aab3e3f8e569ea57 - - default default] Unable to schedule network 4128f2df-15fb-4bc7-9008-38af31b23ac1: no agents available; will retry on subsequent port and subnet creation events.
2026-05-09 18:00:36.569 10 INFO neutron.db.ovn_revision_numbers_db [None req-76a5438d-75e9-4745-a627-2dcc3ade2281 bf9a06a59ca7409da2b2aff67c4765fa 6c650d090d944819aab3e3f8e569ea57 - - default default] Successfully bumped revision number for resource a7508f52-2ade-433a-9c5b-31394b302baa (type: ports) to 1
2026-05-09 18:00:36.591 10 INFO neutron.wsgi [None req-76a5438d-75e9-4745-a627-2dcc3ade2281 bf9a06a59ca7409da2b2aff67c4765fa 6c650d090d944819aab3e3f8e569ea57 - - default default] 10.0.0.188 "POST /v2.0/networks HTTP/1.1" status: 201 len: 853 time: 0.7138965
2026-05-09 18:00:36.605 9 INFO neutron.db.ovn_revision_numbers_db [None req-02b3ba42-f5dc-483b-8965-e66dfeaab5a1 78703d9e69bb425fa453a4c5008682ca 28f253f63e524572bcb8201c8e9f77a8 - - default default] Successfully bumped revision number for resource fcd16257-d61d-4323-b0f5-d9db7ee47cdc (type: router_ports) to 1
2026-05-09 18:00:36.702 9 INFO neutron.db.ovn_revision_numbers_db [None req-02b3ba42-f5dc-483b-8965-e66dfeaab5a1 78703d9e69bb425fa453a4c5008682ca 28f253f63e524572bcb8201c8e9f77a8 - - default default] Successfully bumped revision number for resource fcd16257-d61d-4323-b0f5-d9db7ee47cdc (type: ports) to 1
2026-05-09 18:00:36.757 9 WARNING neutron.scheduler.dhcp_agent_scheduler [None req-02b3ba42-f5dc-483b-8965-e66dfeaab5a1 78703d9e69bb425fa453a4c5008682ca 28f253f63e524572bcb8201c8e9f77a8 - - default default] No more DHCP agents
2026-05-09 18:00:36.759 9 WARNING neutron.api.rpc.agentnotifiers.dhcp_rpc_agent_api [None req-02b3ba42-f5dc-483b-8965-e66dfeaab5a1 78703d9e69bb425fa453a4c5008682ca 28f253f63e524572bcb8201c8e9f77a8 - - default default] Unable to schedule network 76bca21e-c240-4e64-9282-c2fca9ecc566: no agents available; will retry on subsequent port and subnet creation events.
2026-05-09 18:00:36.888 9 INFO neutron.db.ovn_revision_numbers_db [None req-02b3ba42-f5dc-483b-8965-e66dfeaab5a1 78703d9e69bb425fa453a4c5008682ca 28f253f63e524572bcb8201c8e9f77a8 - - default default] Successfully bumped revision number for resource fcd16257-d61d-4323-b0f5-d9db7ee47cdc (type: router_ports) to 1
2026-05-09 18:00:36.890 9 INFO neutron.wsgi [None req-02b3ba42-f5dc-483b-8965-e66dfeaab5a1 78703d9e69bb425fa453a4c5008682ca 28f253f63e524572bcb8201c8e9f77a8 - - default default] 10.0.0.188 "PUT /v2.0/routers/22c2431a-f967-4de8-974d-1813edbec353/add_router_interface HTTP/1.1" status: 200 len: 503 time: 1.4929161
2026-05-09 18:00:36.985 9 INFO neutron.wsgi [None req-f1e7f1de-f3cc-4f20-98fb-165f1b7180e7 78703d9e69bb425fa453a4c5008682ca 28f253f63e524572bcb8201c8e9f77a8 - - default default] 10.0.0.188 "GET /v2.0/ports/fcd16257-d61d-4323-b0f5-d9db7ee47cdc HTTP/1.1" status: 200 len: 1147 time: 0.0905097
2026-05-09 18:00:37.036 9 INFO neutron.wsgi [None req-5a2f9128-6ce5-4a99-a332-4ddb064760e6 78703d9e69bb425fa453a4c5008682ca 28f253f63e524572bcb8201c8e9f77a8 - - default default] 10.0.0.188 "GET /v2.0/ports/fcd16257-d61d-4323-b0f5-d9db7ee47cdc HTTP/1.1" status: 200 len: 1147 time: 0.0448046
2026-05-09 18:00:37.044 9 WARNING neutron_lib.context [None req-370de42b-2421-4325-a8ae-5aa54d8e4641 bf9a06a59ca7409da2b2aff67c4765fa 6c650d090d944819aab3e3f8e569ea57 - - default default] Method 'is_advsvc' is deprecated since 2023.2 release (neutron-lib 3.8.0) and will be removed once support for the old RBAC API policies will be removed from Neutron. Please use method 'is_service_role' instead.
2026-05-09 18:00:37.081 9 INFO neutron.wsgi [req-358a3244-e126-4c5c-8a0c-45a6a4dc52de req-a3b938c9-c298-468b-88d5-e10f9e1753ea 12deff196a3246ccb5174ebb4526f0ac b860c51573424e49b7eddda54c3625db - - default default] 10.0.0.140 "GET /v2.0/ports?device_id=254982bd-320d-4516-9ee6-d682f480b442 HTTP/1.1" status: 200 len: 1174 time: 0.1236691
2026-05-09 18:00:37.096 9 WARNING neutron_lib.context [None req-370de42b-2421-4325-a8ae-5aa54d8e4641 bf9a06a59ca7409da2b2aff67c4765fa 6c650d090d944819aab3e3f8e569ea57 - - default default] Method 'is_advsvc' is deprecated since 2023.2 release (neutron-lib 3.8.0) and will be removed once support for the old RBAC API policies will be removed from Neutron. Please use method 'is_service_role' instead.
2026-05-09 18:00:37.150 9 INFO neutron.wsgi [req-358a3244-e126-4c5c-8a0c-45a6a4dc52de req-2bc0ef4b-a890-46fe-916f-9eca039e9a11 12deff196a3246ccb5174ebb4526f0ac b860c51573424e49b7eddda54c3625db - - default default] 10.0.0.140 "GET /v2.0/security-groups?id=3f278606-5290-49c8-9403-cd62f44d7be6&fields=id&fields=name HTTP/1.1" status: 200 len: 313 time: 0.0613883
2026-05-09 18:00:37.265 9 INFO neutron.wsgi [req-64d9541f-6d4c-414e-a394-3fea7d420887 req-942a8208-b550-48bb-992f-69698758375f 12deff196a3246ccb5174ebb4526f0ac b860c51573424e49b7eddda54c3625db - - default default] 10.0.0.140 "GET /v2.0/ports?device_id=254982bd-320d-4516-9ee6-d682f480b442 HTTP/1.1" status: 200 len: 1174 time: 0.0456345
2026-05-09 18:00:37.321 9 INFO neutron.wsgi [req-64d9541f-6d4c-414e-a394-3fea7d420887 req-b01eb37d-5cb0-4115-aafd-839acb96cb98 12deff196a3246ccb5174ebb4526f0ac b860c51573424e49b7eddda54c3625db - - default default] 10.0.0.140 "GET /v2.0/security-groups?id=3f278606-5290-49c8-9403-cd62f44d7be6&fields=id&fields=name HTTP/1.1" status: 200 len: 313 time: 0.0410869
2026-05-09 18:00:37.522 9 WARNING neutron.scheduler.dhcp_agent_scheduler [None req-370de42b-2421-4325-a8ae-5aa54d8e4641 bf9a06a59ca7409da2b2aff67c4765fa 6c650d090d944819aab3e3f8e569ea57 - - default default] No more DHCP agents
2026-05-09 18:00:37.524 9 WARNING neutron.api.rpc.agentnotifiers.dhcp_rpc_agent_api [None req-370de42b-2421-4325-a8ae-5aa54d8e4641 bf9a06a59ca7409da2b2aff67c4765fa 6c650d090d944819aab3e3f8e569ea57 - - default default] Unable to schedule network c2064c6a-2a7f-49c9-b0d4-f93569662fa7: no agents available; will retry on subsequent port and subnet creation events.
2026-05-09 18:00:37.552 9 INFO neutron.db.ovn_revision_numbers_db [None req-370de42b-2421-4325-a8ae-5aa54d8e4641 bf9a06a59ca7409da2b2aff67c4765fa 6c650d090d944819aab3e3f8e569ea57 - - default default] Successfully bumped revision number for resource 9059b259-2714-4b4f-9736-31ecfeda5dc0 (type: subnets) to 0
2026-05-09 18:00:37.573 9 WARNING neutron.scheduler.dhcp_agent_scheduler [None req-370de42b-2421-4325-a8ae-5aa54d8e4641 bf9a06a59ca7409da2b2aff67c4765fa 6c650d090d944819aab3e3f8e569ea57 - - default default] No more DHCP agents
2026-05-09 18:00:37.576 9 WARNING neutron.api.rpc.agentnotifiers.dhcp_rpc_agent_api [None req-370de42b-2421-4325-a8ae-5aa54d8e4641 bf9a06a59ca7409da2b2aff67c4765fa 6c650d090d944819aab3e3f8e569ea57 - - default default] Unable to schedule network 4128f2df-15fb-4bc7-9008-38af31b23ac1: no agents available; will retry on subsequent port and subnet creation events.
2026-05-09 18:00:37.601 9 INFO neutron.db.ovn_revision_numbers_db [None req-370de42b-2421-4325-a8ae-5aa54d8e4641 bf9a06a59ca7409da2b2aff67c4765fa 6c650d090d944819aab3e3f8e569ea57 - - default default] Successfully bumped revision number for resource 97c342cc-a8af-4831-8182-c55a5ebf4864 (type: subnets) to 0
2026-05-09 18:00:37.629 9 INFO neutron.wsgi [None req-370de42b-2421-4325-a8ae-5aa54d8e4641 bf9a06a59ca7409da2b2aff67c4765fa 6c650d090d944819aab3e3f8e569ea57 - - default default] 10.0.0.188 "POST /v2.0/subnets HTTP/1.1" status: 201 len: 1475 time: 0.5891094
2026-05-09 18:00:37.642 9 INFO neutron.wsgi [req-37dc77ac-1028-4e05-a064-0d75a28040e6 req-6674f129-64ba-478e-a533-a852fca77371 12deff196a3246ccb5174ebb4526f0ac b860c51573424e49b7eddda54c3625db - - default default] 10.0.0.140 "GET /v2.0/ports?device_id=254982bd-320d-4516-9ee6-d682f480b442 HTTP/1.1" status: 200 len: 1174 time: 0.0356879
2026-05-09 18:00:37.676 9 INFO neutron.wsgi [req-37dc77ac-1028-4e05-a064-0d75a28040e6 req-3b4dd459-2244-4ac3-9f83-6e9d468bc80b 12deff196a3246ccb5174ebb4526f0ac b860c51573424e49b7eddda54c3625db - - default default] 10.0.0.140 "GET /v2.0/security-groups?id=3f278606-5290-49c8-9403-cd62f44d7be6&fields=id&fields=name HTTP/1.1" status: 200 len: 313 time: 0.0264974
2026-05-09 18:00:37.708 10 INFO neutron.wsgi [None req-d4fdf2de-9d22-485e-9c26-7a065762beb4 bf9a06a59ca7409da2b2aff67c4765fa 6c650d090d944819aab3e3f8e569ea57 - - default default] 10.0.0.188 "GET /v2.0/subnets HTTP/1.1" status: 200 len: 2083 time: 0.0742719
2026-05-09 18:00:37.716 10 INFO neutron.wsgi [req-3b62cc1a-aa97-4f6d-82a2-5aecfe8d1748 req-3a7dfa79-d7be-458b-8f24-8fab552826ea 3d9dea9445d4474c86004f40755ec965 3265557e2e0f4adc8876917c1ab2194b - - 24fb024d43c54052bfeeb1475316e5b6 24fb024d43c54052bfeeb1475316e5b6] 199.204.45.246 "GET /v2.0/ports?tenant_id=b860c51573424e49b7eddda54c3625db&device_id=254982bd-320d-4516-9ee6-d682f480b442 HTTP/1.1" status: 200 len: 1413 time: 0.0560102
2026-05-09 18:00:37.810 10 INFO neutron.wsgi [req-3b62cc1a-aa97-4f6d-82a2-5aecfe8d1748 req-7926518e-4622-4384-ba62-98b4d00b9ae2 3d9dea9445d4474c86004f40755ec965 3265557e2e0f4adc8876917c1ab2194b - - 24fb024d43c54052bfeeb1475316e5b6 24fb024d43c54052bfeeb1475316e5b6] 199.204.45.246 "GET /v2.0/networks?id=7e666515-b25f-4086-9581-a1bc09390bfe HTTP/1.1" status: 200 len: 973 time: 0.0819860
2026-05-09 18:00:37.866 10 INFO neutron.wsgi [req-3b62cc1a-aa97-4f6d-82a2-5aecfe8d1748 req-414462b1-8db1-4e97-a4e8-6b83223ecbdf 3d9dea9445d4474c86004f40755ec965 3265557e2e0f4adc8876917c1ab2194b - - 24fb024d43c54052bfeeb1475316e5b6 24fb024d43c54052bfeeb1475316e5b6] 199.204.45.246 "GET /v2.0/floatingips?fixed_ip_address=10.100.0.14&port_id=331fbda7-4a30-4163-a618-2e6eb01aee89 HTTP/1.1" status: 200 len: 1060 time: 0.0479798
2026-05-09 18:00:37.917 10 INFO neutron.wsgi [req-3b62cc1a-aa97-4f6d-82a2-5aecfe8d1748 req-6c0f649f-ca62-4cf9-936c-c257c8c0090c 3d9dea9445d4474c86004f40755ec965 3265557e2e0f4adc8876917c1ab2194b - - 24fb024d43c54052bfeeb1475316e5b6 24fb024d43c54052bfeeb1475316e5b6] 199.204.45.246 "GET /v2.0/subnets?id=52cbd40e-e6f4-49ef-be20-af345c09e818 HTTP/1.1" status: 200 len: 868 time: 0.0429196
2026-05-09 18:00:37.944 10 INFO neutron.wsgi [req-3b62cc1a-aa97-4f6d-82a2-5aecfe8d1748 req-0d5b23a0-03db-463a-a496-e110703f7b0f 3d9dea9445d4474c86004f40755ec965 3265557e2e0f4adc8876917c1ab2194b - - 24fb024d43c54052bfeeb1475316e5b6 24fb024d43c54052bfeeb1475316e5b6] 199.204.45.246 "GET /v2.0/ports?network_id=7e666515-b25f-4086-9581-a1bc09390bfe&device_owner=network%3Adhcp HTTP/1.1" status: 200 len: 210 time: 0.0209615
2026-05-09 18:00:37.971 10 INFO neutron.wsgi [None req-b0775a78-b827-4b83-8f56-6684b649c473 bf9a06a59ca7409da2b2aff67c4765fa 6c650d090d944819aab3e3f8e569ea57 - - default default] 10.0.0.188 "DELETE /v2.0/subnets/9059b259-2714-4b4f-9736-31ecfeda5dc0 HTTP/1.1" status: 204 len: 168 time: 0.2495856
2026-05-09 18:00:38.019 10 INFO neutron.wsgi [req-3b62cc1a-aa97-4f6d-82a2-5aecfe8d1748 req-b73dfcef-3ed2-4b4c-b62b-1cd6206f3d6c 3d9dea9445d4474c86004f40755ec965 3265557e2e0f4adc8876917c1ab2194b - - 24fb024d43c54052bfeeb1475316e5b6 24fb024d43c54052bfeeb1475316e5b6] 199.204.45.246 "GET /v2.0/networks/7e666515-b25f-4086-9581-a1bc09390bfe?fields=segments HTTP/1.1" status: 200 len: 212 time: 0.0664687
2026-05-09 18:00:38.091 10 INFO neutron.wsgi [None req-af581e8d-d1f7-4f73-8fdd-033d1731d1b5 78703d9e69bb425fa453a4c5008682ca 28f253f63e524572bcb8201c8e9f77a8 - - default default] 10.0.0.188 "GET /v2.0/ports/fcd16257-d61d-4323-b0f5-d9db7ee47cdc HTTP/1.1" status: 200 len: 1147 time: 0.0467839
2026-05-09 18:00:38.108 10 INFO neutron.wsgi [req-3b62cc1a-aa97-4f6d-82a2-5aecfe8d1748 req-168d1823-51c6-448c-96d1-6d2b56212914 3d9dea9445d4474c86004f40755ec965 3265557e2e0f4adc8876917c1ab2194b - - 24fb024d43c54052bfeeb1475316e5b6 24fb024d43c54052bfeeb1475316e5b6] 199.204.45.246 "GET /v2.0/networks/7e666515-b25f-4086-9581-a1bc09390bfe?fields=provider%3Aphysical_network&fields=provider%3Anetwork_type HTTP/1.1" status: 200 len: 277 time: 0.0810695
2026-05-09 18:00:38.172 9 INFO neutron.wsgi [None req-32cd12ed-36c7-4370-bbee-c2fdac150088 bf9a06a59ca7409da2b2aff67c4765fa 6c650d090d944819aab3e3f8e569ea57 - - default default] 10.0.0.188 "DELETE /v2.0/subnets/97c342cc-a8af-4831-8182-c55a5ebf4864 HTTP/1.1" status: 204 len: 168 time: 0.1944561
2026-05-09 18:00:38.207 9 INFO neutron.wsgi [None req-dd01d5d3-1307-41b4-be51-729a3572cd6e bf9a06a59ca7409da2b2aff67c4765fa 6c650d090d944819aab3e3f8e569ea57 - - default default] 10.0.0.188 "GET /v2.0/subnets HTTP/1.1" status: 200 len: 820 time: 0.0311110
2026-05-09 18:00:38.335 10 INFO neutron.plugins.ml2.drivers.ovn.mech_driver.mech_driver [None req-11c9bff3-0817-4aeb-b6dd-74b63f19327f - - - - - -] OVN reports status down for port: 331fbda7-4a30-4163-a618-2e6eb01aee89
2026-05-09 18:00:38.502 10 INFO neutron.notifiers.nova [-] Nova event matching ['req-96fc84c8-a1d2-4c6a-b9e1-e0d535db1ca1'] response: {'server_uuid': '254982bd-320d-4516-9ee6-d682f480b442', 'name': 'network-vif-unplugged', 'status': 'completed', 'tag': '331fbda7-4a30-4163-a618-2e6eb01aee89', 'code': 200}
2026-05-09 18:00:38.676 10 INFO neutron.db.ovn_revision_numbers_db [None req-11c9bff3-0817-4aeb-b6dd-74b63f19327f - - - - - -] Successfully bumped revision number for resource 331fbda7-4a30-4163-a618-2e6eb01aee89 (type: ports) to 5
2026-05-09 18:00:38.765 9 INFO neutron.services.segments.plugin [-] Segment 44c901aa-7f23-4e6c-bfc4-425412d10e23 resource provider aggregate not found
2026-05-09 18:00:38.769 9 INFO neutron.services.segments.plugin [-] Segment 44c901aa-7f23-4e6c-bfc4-425412d10e23 resource provider aggregate not found
2026-05-09 18:00:38.794 9 INFO neutron.services.segments.plugin [-] Segment 44c901aa-7f23-4e6c-bfc4-425412d10e23 resource provider not found; error: Placement Client Error (4xx): {"errors": [{"status": 404, "title": "Not Found", "detail": "The resource could not be found.\n\n No resource provider with uuid 44c901aa-7f23-4e6c-bfc4-425412d10e23 found for delete ", "request_id": "req-bdd3580d-7a61-4595-ade6-bca77031d579"}]}
2026-05-09 18:00:38.795 9 INFO neutron.services.segments.plugin [-] Segment 44c901aa-7f23-4e6c-bfc4-425412d10e23 resource provider not found; error: Placement Client Error (4xx): {"errors": [{"status": 404, "title": "Not Found", "detail": "The resource could not be found.\n\n No resource provider with uuid 44c901aa-7f23-4e6c-bfc4-425412d10e23 found for delete ", "request_id": "req-2947bde2-134d-4557-83a0-43987240f301"}]}
2026-05-09 18:00:38.806 9 INFO neutron.wsgi [req-91361c07-40ce-4065-85d6-9e5564276355 req-d54783d9-7fa8-423b-a8b4-274e6322638f 12deff196a3246ccb5174ebb4526f0ac b860c51573424e49b7eddda54c3625db - - default default] 10.0.0.140 "GET /v2.0/ports?device_id=254982bd-320d-4516-9ee6-d682f480b442 HTTP/1.1" status: 200 len: 1172 time: 0.0527353
2026-05-09 18:00:38.830 9 INFO neutron.wsgi [None req-9629d3be-bb32-47e5-903c-b23cc6ee0979 bf9a06a59ca7409da2b2aff67c4765fa 6c650d090d944819aab3e3f8e569ea57 - - default default] 10.0.0.188 "DELETE /v2.0/networks/4128f2df-15fb-4bc7-9008-38af31b23ac1 HTTP/1.1" status: 204 len: 168 time: 0.6154783 /var/lib/openstack/lib/python3.10/site-packages/pycadf/identifier.py:71: UserWarning: Invalid uuid: neutron. To ensure interoperability, identifiers should be a valid uuid. warnings.warn(('Invalid uuid: %s. To ensure interoperability, '
2026-05-09 18:00:38.853 9 INFO neutron.wsgi [req-91361c07-40ce-4065-85d6-9e5564276355 req-a2a9b5d0-de2b-4e42-be3e-ceac834d3d4e 12deff196a3246ccb5174ebb4526f0ac b860c51573424e49b7eddda54c3625db - - default default] 10.0.0.140 "GET /v2.0/security-groups?id=3f278606-5290-49c8-9403-cd62f44d7be6&fields=id&fields=name HTTP/1.1" status: 200 len: 313 time: 0.0383501
2026-05-09 18:00:38.914 10 INFO neutron.plugins.ml2.drivers.ovn.mech_driver.mech_driver [None req-11c9bff3-0817-4aeb-b6dd-74b63f19327f - - - - - -] OVN reports status up for port: 331fbda7-4a30-4163-a618-2e6eb01aee89
2026-05-09 18:00:38.926 10 INFO neutron.plugins.ml2.plugin [None req-11c9bff3-0817-4aeb-b6dd-74b63f19327f - - - - - -] Attempt 1 to provision port 331fbda7-4a30-4163-a618-2e6eb01aee89
2026-05-09 18:00:39.143 9 INFO neutron.wsgi [None req-d96fb133-1e8d-4210-a7e9-b8e3be9dfeb1 78703d9e69bb425fa453a4c5008682ca 28f253f63e524572bcb8201c8e9f77a8 - - default default] 10.0.0.188 "GET /v2.0/ports/fcd16257-d61d-4323-b0f5-d9db7ee47cdc HTTP/1.1" status: 200 len: 1147 time: 0.0408053
2026-05-09 18:00:39.276 10 INFO neutron.services.segments.plugin [-] Segment 51d8abac-f398-4e75-89a4-b0b3cc35c92f resource provider aggregate not found
2026-05-09 18:00:39.280 10 INFO neutron.services.segments.plugin [-] Segment 51d8abac-f398-4e75-89a4-b0b3cc35c92f resource provider aggregate not found
2026-05-09 18:00:39.305 10 INFO neutron.services.segments.plugin [-] Segment 51d8abac-f398-4e75-89a4-b0b3cc35c92f resource provider not found; error: Placement Client Error (4xx): {"errors": [{"status": 404, "title": "Not Found", "detail": "The resource could not be found.\n\n No resource provider with uuid 51d8abac-f398-4e75-89a4-b0b3cc35c92f found for delete ", "request_id": "req-a42c9914-e27b-4e34-b626-11dfbfbc6f16"}]}
2026-05-09 18:00:39.309 10 INFO neutron.services.segments.plugin [-] Segment 51d8abac-f398-4e75-89a4-b0b3cc35c92f resource provider not found; error: Placement Client Error (4xx): {"errors": [{"status": 404, "title": "Not Found", "detail": "The resource could not be found.\n\n No resource provider with uuid 51d8abac-f398-4e75-89a4-b0b3cc35c92f found for delete ", "request_id": "req-69022639-00db-4228-9886-f1a3e7d0f1fd"}]}
2026-05-09 18:00:39.312 10 INFO neutron.db.ovn_revision_numbers_db [None req-11c9bff3-0817-4aeb-b6dd-74b63f19327f - - - - - -] Successfully bumped revision number for resource 331fbda7-4a30-4163-a618-2e6eb01aee89 (type: ports) to 6
2026-05-09 18:00:39.348 10 INFO neutron.wsgi [None req-b5ca5321-9b5c-494d-8ab7-b3ee32b3c6f9 bf9a06a59ca7409da2b2aff67c4765fa 6c650d090d944819aab3e3f8e569ea57 - - default default] 10.0.0.188 "DELETE /v2.0/networks/c2064c6a-2a7f-49c9-b0d4-f93569662fa7 HTTP/1.1" status: 204 len: 168 time: 0.5121665 /var/lib/openstack/lib/python3.10/site-packages/pycadf/identifier.py:71: UserWarning: Invalid uuid: neutron. To ensure interoperability, identifiers should be a valid uuid. warnings.warn(('Invalid uuid: %s. To ensure interoperability, '
2026-05-09 18:00:39.598 10 INFO neutron.db.ovn_revision_numbers_db [None req-d8f07508-5856-4b81-a257-e2d473b9514f 403c861a68fa4d29b7a03bd97f863667 11d5b78ddac64b9aac04041d6853d349 - - default default] Successfully bumped revision number for resource 6782cc46-2eb4-4b16-b873-1d473ba76da5 (type: security_groups) to 1
2026-05-09 18:00:39.621 10 INFO neutron.db.ovn_revision_numbers_db [None req-d8f07508-5856-4b81-a257-e2d473b9514f 403c861a68fa4d29b7a03bd97f863667 11d5b78ddac64b9aac04041d6853d349 - - default default] Successfully bumped revision number for resource 15d9b2d1-0cb3-4615-9520-06b2cd0368c2 (type: security_group_rules) to 0
2026-05-09 18:00:39.640 10 INFO neutron.db.ovn_revision_numbers_db [None req-d8f07508-5856-4b81-a257-e2d473b9514f 403c861a68fa4d29b7a03bd97f863667 11d5b78ddac64b9aac04041d6853d349 - - default default] Successfully bumped revision number for resource bdab9061-5259-4018-9748-192ec164b603 (type: security_group_rules) to 0
2026-05-09 18:00:39.655 10 INFO neutron.db.ovn_revision_numbers_db [None req-d8f07508-5856-4b81-a257-e2d473b9514f 403c861a68fa4d29b7a03bd97f863667 11d5b78ddac64b9aac04041d6853d349 - - default default] Successfully bumped revision number for resource d48edf53-077c-47bb-97e2-1324f44549fe (type: security_group_rules) to 0
2026-05-09 18:00:39.670 10 INFO neutron.db.ovn_revision_numbers_db [None req-d8f07508-5856-4b81-a257-e2d473b9514f 403c861a68fa4d29b7a03bd97f863667 11d5b78ddac64b9aac04041d6853d349 - - default default] Successfully bumped revision number for resource dca9efc9-79f8-4cc9-8d40-310dec8e0c9c (type: security_group_rules) to 0
2026-05-09 18:00:39.694 10 INFO neutron.wsgi [None req-d8f07508-5856-4b81-a257-e2d473b9514f 403c861a68fa4d29b7a03bd97f863667 11d5b78ddac64b9aac04041d6853d349 - - default default] 10.0.0.188 "GET /v2.0/security-groups?tenant_id=6fd012b6d83e4f559eecc0da568fd3c1&name=default HTTP/1.1" status: 200 len: 2996 time: 0.3713040
2026-05-09 18:00:39.732 9 INFO neutron.wsgi [None req-fa3f6f4d-fdb0-43e9-9351-9ec366984a3a bf9a06a59ca7409da2b2aff67c4765fa 6c650d090d944819aab3e3f8e569ea57 - - default default] 10.0.0.188 "DELETE /v2.0/networks/b4730dfb-bced-4488-b15a-1aa9c0b9f621 HTTP/1.1" status: 204 len: 168 time: 0.3786900
2026-05-09 18:00:39.951 9 INFO neutron.wsgi [req-48dcac46-1795-4f90-b6fd-f709240ecd1e req-f83c1e72-5bcb-4a5a-9c3e-b6da752aaf26 12deff196a3246ccb5174ebb4526f0ac b860c51573424e49b7eddda54c3625db - - default default] 10.0.0.140 "GET /v2.0/ports?device_id=254982bd-320d-4516-9ee6-d682f480b442 HTTP/1.1" status: 200 len: 1174 time: 0.0373914
2026-05-09 18:00:39.985 10 INFO neutron.wsgi [None req-7868c506-4b77-4f3a-b082-dccda5afa734 403c861a68fa4d29b7a03bd97f863667 11d5b78ddac64b9aac04041d6853d349 - - default default] 10.0.0.188 "DELETE /v2.0/security-groups/6782cc46-2eb4-4b16-b873-1d473ba76da5 HTTP/1.1" status: 204 len: 168 time: 0.2853870
2026-05-09 18:00:40.003 9 INFO neutron.wsgi [req-48dcac46-1795-4f90-b6fd-f709240ecd1e req-6ef34525-80a0-453a-ac68-a997b38dedc1 12deff196a3246ccb5174ebb4526f0ac b860c51573424e49b7eddda54c3625db - - default default] 10.0.0.140 "GET /v2.0/security-groups?id=3f278606-5290-49c8-9403-cd62f44d7be6&fields=id&fields=name HTTP/1.1" status: 200 len: 313 time: 0.0441208
2026-05-09 18:00:40.143 10 INFO neutron.wsgi [None req-e9e8342e-070e-426b-b770-3bd412de4c40 bf9a06a59ca7409da2b2aff67c4765fa 6c650d090d944819aab3e3f8e569ea57 - - default default] 10.0.0.188 "DELETE /v2.0/networks/a9756a3e-f310-4e70-bb30-7dd4d019eccd HTTP/1.1" status: 204 len: 168 time: 0.4055696
2026-05-09 18:00:40.195 9 INFO neutron.wsgi [None req-9b6e5112-6eee-4015-96b2-67c5cd2ea3ad 78703d9e69bb425fa453a4c5008682ca 28f253f63e524572bcb8201c8e9f77a8 - - default default] 10.0.0.188 "GET /v2.0/ports/fcd16257-d61d-4323-b0f5-d9db7ee47cdc HTTP/1.1" status: 200 len: 1147 time: 0.0462992
2026-05-09 18:00:40.564 9 WARNING neutron.plugins.ml2.drivers.ovn.mech_driver.ovsdb.ovn_client [None req-b53abae5-100b-4e58-a0c5-ba0a5ed47b26 - - - - - -] No hosting information found for port aaa63725-61f5-4306-8267-0ff7c1700aea: RuntimeError: No hosting information found for port aaa63725-61f5-4306-8267-0ff7c1700aea
2026-05-09 18:00:40.565 9 INFO neutron.plugins.ml2.drivers.ovn.mech_driver.mech_driver [None req-b53abae5-100b-4e58-a0c5-ba0a5ed47b26 - - - - - -] OVN reports status up for port: fcd16257-d61d-4323-b0f5-d9db7ee47cdc
2026-05-09 18:00:40.566 10 INFO neutron.notifiers.nova [-] Nova event matching ['req-b97e507b-e94d-4066-81f0-d4ceb4f8c626'] response: {'server_uuid': '254982bd-320d-4516-9ee6-d682f480b442', 'name': 'network-vif-plugged', 'status': 'completed', 'tag': '331fbda7-4a30-4163-a618-2e6eb01aee89', 'code': 200}
2026-05-09 18:00:40.567 10 INFO neutron.notifiers.nova [-] Nova event matching ['req-b97e507b-e94d-4066-81f0-d4ceb4f8c626'] response: {'server_uuid': '254982bd-320d-4516-9ee6-d682f480b442', 'name': 'network-vif-plugged', 'status': 'completed', 'tag': '331fbda7-4a30-4163-a618-2e6eb01aee89', 'code': 200}
2026-05-09 18:00:40.567 10 INFO neutron.notifiers.nova [-] Nova event matching ['req-b97e507b-e94d-4066-81f0-d4ceb4f8c626'] response: {'server_uuid': '254982bd-320d-4516-9ee6-d682f480b442', 'name': 'network-vif-plugged', 'status': 'completed', 'tag': '331fbda7-4a30-4163-a618-2e6eb01aee89', 'code': 200}
2026-05-09 18:00:40.573 9 INFO neutron.plugins.ml2.plugin [None req-b53abae5-100b-4e58-a0c5-ba0a5ed47b26 - - - - - -] Attempt 1 to provision port fcd16257-d61d-4323-b0f5-d9db7ee47cdc
2026-05-09 18:00:40.813 9 INFO neutron.services.segments.plugin [-] Segment 0523c144-044d-49f5-bd56-84eeb85faa55 resource provider aggregate not found
2026-05-09 18:00:40.821 9 INFO neutron.services.segments.plugin [-] Segment 0523c144-044d-49f5-bd56-84eeb85faa55 resource provider aggregate not found
2026-05-09 18:00:40.827 9 INFO neutron.services.segments.plugin [-] Segment 0523c144-044d-49f5-bd56-84eeb85faa55 resource provider not found; error: Placement Client Error (4xx): {"errors": [{"status": 404, "title": "Not Found", "detail": "The resource could not be found.\n\n No resource provider with uuid 0523c144-044d-49f5-bd56-84eeb85faa55 found for delete ", "request_id": "req-38501eff-1cff-4073-8e0b-811b61a09866"}]}
2026-05-09 18:00:40.831 9 INFO neutron.wsgi [None req-cc297de5-0588-40bb-99f6-b0b222e1bdd3 403c861a68fa4d29b7a03bd97f863667 11d5b78ddac64b9aac04041d6853d349 - - default default] 10.0.0.188 "GET /v2.0/security-groups?tenant_id=6c650d090d944819aab3e3f8e569ea57&name=default HTTP/1.1" status: 200 len: 2996 time: 0.1759155
2026-05-09 18:00:40.835 9 INFO neutron.services.segments.plugin [-] Segment 0523c144-044d-49f5-bd56-84eeb85faa55 resource provider not found; error: Placement Client Error (4xx): {"errors": [{"status": 404, "title": "Not Found", "detail": "The resource could not be found.\n\n No resource provider with uuid 0523c144-044d-49f5-bd56-84eeb85faa55 found for delete ", "request_id": "req-34f05cca-6b51-447a-8420-4baf79dac063"}]}
2026-05-09 18:00:40.877 9 INFO neutron.db.ovn_revision_numbers_db [None req-b53abae5-100b-4e58-a0c5-ba0a5ed47b26 - - - - - -] Successfully bumped revision number for resource fcd16257-d61d-4323-b0f5-d9db7ee47cdc (type: ports) to 2
2026-05-09 18:00:40.957 9 INFO neutron.db.ovn_revision_numbers_db [None req-b53abae5-100b-4e58-a0c5-ba0a5ed47b26 - - - - - -] Successfully bumped revision number for resource fcd16257-d61d-4323-b0f5-d9db7ee47cdc (type: router_ports) to 2
2026-05-09 18:00:41.103 9 INFO neutron.wsgi [None req-61afd197-afb9-4c04-b8b1-d42a1cdd567c 403c861a68fa4d29b7a03bd97f863667 11d5b78ddac64b9aac04041d6853d349 - - default default] 10.0.0.188 "DELETE /v2.0/security-groups/d5b60185-dbc0-49b0-90a4-0d87ba4d511f HTTP/1.1" status: 204 len: 168 time: 0.2687540
2026-05-09 18:00:41.110 9 INFO neutron.wsgi [req-02c9ae8f-048c-4f36-bef6-8bb33718dcfd req-30c9b75e-2ba9-4f41-b6fe-1d750e1376ac 12deff196a3246ccb5174ebb4526f0ac b860c51573424e49b7eddda54c3625db - - default default] 10.0.0.140 "GET /v2.0/ports?device_id=254982bd-320d-4516-9ee6-d682f480b442 HTTP/1.1" status: 200 len: 1174 time: 0.0425675
2026-05-09 18:00:41.152 9 INFO neutron.wsgi [req-02c9ae8f-048c-4f36-bef6-8bb33718dcfd req-2480b297-aeac-4df7-80df-2c9f2c8878fc 12deff196a3246ccb5174ebb4526f0ac b860c51573424e49b7eddda54c3625db - - default default] 10.0.0.140 "GET /v2.0/security-groups?id=3f278606-5290-49c8-9403-cd62f44d7be6&fields=id&fields=name HTTP/1.1" status: 200 len: 313 time: 0.0349565
2026-05-09 18:00:41.288 10 INFO neutron.wsgi [None req-7c20b1c7-6770-4a38-b0b2-2de9d0c81435 78703d9e69bb425fa453a4c5008682ca 28f253f63e524572bcb8201c8e9f77a8 - - default default] 10.0.0.188 "GET /v2.0/ports/fcd16257-d61d-4323-b0f5-d9db7ee47cdc HTTP/1.1" status: 200 len: 1149 time: 0.0879300
2026-05-09 18:00:41.348 10 INFO neutron.services.segments.plugin [-] Segment a287d393-5e4d-498a-83f6-3b7e7c99b95b resource provider aggregate not found
2026-05-09 18:00:41.354 10 INFO neutron.services.segments.plugin [-] Segment a287d393-5e4d-498a-83f6-3b7e7c99b95b resource provider aggregate not found
2026-05-09 18:00:41.370 10 INFO neutron.services.segments.plugin [-] Segment a287d393-5e4d-498a-83f6-3b7e7c99b95b resource provider not found; error: Placement Client Error (4xx): {"errors": [{"status": 404, "title": "Not Found", "detail": "The resource could not be found.\n\n No resource provider with uuid a287d393-5e4d-498a-83f6-3b7e7c99b95b found for delete ", "request_id": "req-6f98927e-e4a4-432a-aeec-e6048c8b4bcb"}]}
2026-05-09 18:00:41.373 10 INFO neutron.services.segments.plugin [-] Segment a287d393-5e4d-498a-83f6-3b7e7c99b95b resource provider not found; error: Placement Client Error (4xx): {"errors": [{"status": 404, "title": "Not Found", "detail": "The resource could not be found.\n\n No resource provider with uuid a287d393-5e4d-498a-83f6-3b7e7c99b95b found for delete ", "request_id": "req-63e1d48c-9f3f-4b92-be19-8d3ef64bce42"}]}
2026-05-09 18:00:41.993 10 INFO neutron.wsgi [None req-d105aeb5-b8bb-4cdd-ad9b-5c4f61b02d51 78703d9e69bb425fa453a4c5008682ca 28f253f63e524572bcb8201c8e9f77a8 - - default default] 10.0.0.188 "PUT /v2.0/routers/22c2431a-f967-4de8-974d-1813edbec353/remove_router_interface HTTP/1.1" status: 200 len: 503 time: 0.7004595 /var/lib/openstack/lib/python3.10/site-packages/pycadf/identifier.py:71: UserWarning: Invalid uuid: neutron. To ensure interoperability, identifiers should be a valid uuid. warnings.warn(('Invalid uuid: %s. To ensure interoperability, '
2026-05-09 18:00:42.090 10 INFO neutron.wsgi [None req-e5bcf921-31f4-42de-a5d2-131f0729daff 78703d9e69bb425fa453a4c5008682ca 28f253f63e524572bcb8201c8e9f77a8 - - default default] 10.0.0.188 "GET /v2.0/ports/aaa63725-61f5-4306-8267-0ff7c1700aea HTTP/1.1" status: 200 len: 1141 time: 0.0933418
2026-05-09 18:00:42.120 10 INFO neutron.db.ovn_revision_numbers_db [None req-4f490a6c-637a-4344-8799-731dcca31258 403c861a68fa4d29b7a03bd97f863667 11d5b78ddac64b9aac04041d6853d349 - - default default] Successfully bumped revision number for resource bac8532e-060a-41bd-bdda-09021688ca9f (type: security_groups) to 1
2026-05-09 18:00:42.143 10 INFO neutron.db.ovn_revision_numbers_db [None req-4f490a6c-637a-4344-8799-731dcca31258 403c861a68fa4d29b7a03bd97f863667 11d5b78ddac64b9aac04041d6853d349 - - default default] Successfully bumped revision number for resource 9c967dc2-daa7-468b-9a28-44231afe4e02 (type: security_group_rules) to 0
2026-05-09 18:00:42.168 10 INFO neutron.db.ovn_revision_numbers_db [None req-4f490a6c-637a-4344-8799-731dcca31258 403c861a68fa4d29b7a03bd97f863667 11d5b78ddac64b9aac04041d6853d349 - - default default] Successfully bumped revision number for resource afc07f3d-3dc4-4db4-89f7-79267e9b6b34 (type: security_group_rules) to 0
2026-05-09 18:00:42.194 10 INFO neutron.db.ovn_revision_numbers_db [None req-4f490a6c-637a-4344-8799-731dcca31258 403c861a68fa4d29b7a03bd97f863667 11d5b78ddac64b9aac04041d6853d349 - - default default] Successfully bumped revision number for resource b627caa1-0871-4ef8-b63a-5df7e09abbfb (type: security_group_rules) to 0
2026-05-09 18:00:42.208 10 INFO neutron.db.ovn_revision_numbers_db [None req-4f490a6c-637a-4344-8799-731dcca31258 403c861a68fa4d29b7a03bd97f863667 11d5b78ddac64b9aac04041d6853d349 - - default default] Successfully bumped revision number for resource b7c28655-7704-4eab-ac39-2248fbccb9c9 (type: security_group_rules) to 0
2026-05-09 18:00:42.256 10 INFO neutron.db.segments_db [None req-4f490a6c-637a-4344-8799-731dcca31258 403c861a68fa4d29b7a03bd97f863667 11d5b78ddac64b9aac04041d6853d349 - - default default] Added segment e4b1a615-46d7-4d99-9f1b-eb686b062d43 of type geneve for network a3b836c5-525d-4414-9c98-a8ce53c32f5d
2026-05-09 18:00:42.387 10 INFO neutron.db.ovn_revision_numbers_db [None req-4f490a6c-637a-4344-8799-731dcca31258 403c861a68fa4d29b7a03bd97f863667 11d5b78ddac64b9aac04041d6853d349 - - default default] Successfully bumped revision number for resource a3b836c5-525d-4414-9c98-a8ce53c32f5d (type: networks) to 1
2026-05-09 18:00:42.581 10 WARNING neutron.scheduler.dhcp_agent_scheduler [None req-4f490a6c-637a-4344-8799-731dcca31258 403c861a68fa4d29b7a03bd97f863667 11d5b78ddac64b9aac04041d6853d349 - - default default] No more DHCP agents
2026-05-09 18:00:42.584 10 WARNING neutron.api.rpc.agentnotifiers.dhcp_rpc_agent_api [None req-4f490a6c-637a-4344-8799-731dcca31258 403c861a68fa4d29b7a03bd97f863667 11d5b78ddac64b9aac04041d6853d349 - - default default] Unable to schedule network a3b836c5-525d-4414-9c98-a8ce53c32f5d: no agents available; will retry on subsequent port and subnet creation events.
2026-05-09 18:00:42.675 10 INFO neutron.db.ovn_revision_numbers_db [None req-4f490a6c-637a-4344-8799-731dcca31258 403c861a68fa4d29b7a03bd97f863667 11d5b78ddac64b9aac04041d6853d349 - - default default] Successfully bumped revision number for resource 776a149f-fce0-4992-9b82-fdf012c558e9 (type: ports) to 1
2026-05-09 18:00:42.694 10 INFO neutron.wsgi [None req-4f490a6c-637a-4344-8799-731dcca31258 403c861a68fa4d29b7a03bd97f863667 11d5b78ddac64b9aac04041d6853d349 - - default default] 10.0.0.188 "POST /v2.0/networks HTTP/1.1" status: 201 len: 943 time: 0.9179244
2026-05-09 18:00:42.842 10 WARNING neutron.scheduler.dhcp_agent_scheduler [None req-00e0bc30-f3bd-47eb-9624-abf3d00008f5 403c861a68fa4d29b7a03bd97f863667 11d5b78ddac64b9aac04041d6853d349 - - default default] No more DHCP agents
2026-05-09 18:00:42.844 10 WARNING neutron.api.rpc.agentnotifiers.dhcp_rpc_agent_api [None req-00e0bc30-f3bd-47eb-9624-abf3d00008f5 403c861a68fa4d29b7a03bd97f863667 11d5b78ddac64b9aac04041d6853d349 - - default default] Unable to schedule network a3b836c5-525d-4414-9c98-a8ce53c32f5d: no agents available; will retry on subsequent port and subnet creation events.
2026-05-09 18:00:42.846 9 INFO neutron.wsgi [None req-a742b40c-a9d7-4e43-95ac-31b774a9f1e8 78703d9e69bb425fa453a4c5008682ca 28f253f63e524572bcb8201c8e9f77a8 - - default default] 10.0.0.188 "PUT /v2.0/routers/22c2431a-f967-4de8-974d-1813edbec353/remove_router_interface HTTP/1.1" status: 200 len: 503 time: 0.7438021 /var/lib/openstack/lib/python3.10/site-packages/pycadf/identifier.py:71: UserWarning: Invalid uuid: neutron. To ensure interoperability, identifiers should be a valid uuid. warnings.warn(('Invalid uuid: %s. To ensure interoperability, '
2026-05-09 18:00:42.883 9 INFO neutron.wsgi [None req-a3a6d44f-9847-49d7-b095-b0e14ad1b964 78703d9e69bb425fa453a4c5008682ca 28f253f63e524572bcb8201c8e9f77a8 - - default default] 10.0.0.188 "GET /v2.0/ports?device_id=22c2431a-f967-4de8-974d-1813edbec353 HTTP/1.1" status: 200 len: 205 time: 0.0316210
2026-05-09 18:00:42.986 10 WARNING neutron_lib.context [None req-18fe820c-d1dc-4d59-86bc-749f5e33c383 db270135d6284061bf0d6804371bafa6 dd436ccc199b4c30bc2d7d2198bc56f4 - - default default] Method 'is_advsvc' is deprecated since 2023.2 release (neutron-lib 3.8.0) and will be removed once support for the old RBAC API policies will be removed from Neutron. Please use method 'is_service_role' instead.
