2026-05-09 18:02:57.578 10 WARNING neutron.scheduler.dhcp_agent_scheduler [None req-a26408d4-e1fb-41b7-9acd-aabedd554fd1 1e435b807726423f9c433a2589af483c e318374487414b1c93f83ac33db31afe - - default default] No more DHCP agents
2026-05-09 18:02:57.580 10 WARNING neutron.api.rpc.agentnotifiers.dhcp_rpc_agent_api [None req-a26408d4-e1fb-41b7-9acd-aabedd554fd1 1e435b807726423f9c433a2589af483c e318374487414b1c93f83ac33db31afe - - default default] Unable to schedule network 3c960190-f964-4f5f-b69f-fc2c76827ae2: no agents available; will retry on subsequent port and subnet creation events.
2026-05-09 18:02:57.656 10 INFO neutron.db.ovn_revision_numbers_db [None req-a26408d4-e1fb-41b7-9acd-aabedd554fd1 1e435b807726423f9c433a2589af483c e318374487414b1c93f83ac33db31afe - - default default] Successfully bumped revision number for resource d997d39b-f8c8-4525-b631-be8945e1b975 (type: ports) to 1
2026-05-09 18:02:57.676 10 INFO neutron.wsgi [None req-a26408d4-e1fb-41b7-9acd-aabedd554fd1 1e435b807726423f9c433a2589af483c e318374487414b1c93f83ac33db31afe - - default default] 10.0.0.188 "POST /v2.0/networks HTTP/1.1" status: 201 len: 830 time: 0.5017247
2026-05-09 18:02:57.686 10 WARNING neutron_lib.context [None req-7749d822-7579-4039-a89b-53fb9c68bc36 1e435b807726423f9c433a2589af483c e318374487414b1c93f83ac33db31afe - - default default] Method 'is_advsvc' is deprecated since 2023.2 release (neutron-lib 3.8.0) and will be removed once support for the old RBAC API policies will be removed from Neutron. Please use method 'is_service_role' instead.
2026-05-09 18:02:57.907 10 WARNING neutron.scheduler.dhcp_agent_scheduler [None req-7749d822-7579-4039-a89b-53fb9c68bc36 1e435b807726423f9c433a2589af483c e318374487414b1c93f83ac33db31afe - - default default] No more DHCP agents
2026-05-09 18:02:57.908 10 WARNING neutron.api.rpc.agentnotifiers.dhcp_rpc_agent_api [None req-7749d822-7579-4039-a89b-53fb9c68bc36 1e435b807726423f9c433a2589af483c e318374487414b1c93f83ac33db31afe - - default default] Unable to schedule network 3c960190-f964-4f5f-b69f-fc2c76827ae2: no agents available; will retry on subsequent port and subnet creation events.
2026-05-09 18:02:58.006 10 INFO neutron.db.ovn_revision_numbers_db [None req-7749d822-7579-4039-a89b-53fb9c68bc36 1e435b807726423f9c433a2589af483c e318374487414b1c93f83ac33db31afe - - default default] Successfully bumped revision number for resource 3e70e183-a550-4513-a3f3-3d7828d38ecf (type: ports) to 1
2026-05-09 18:02:58.032 10 INFO neutron.wsgi [None req-7749d822-7579-4039-a89b-53fb9c68bc36 1e435b807726423f9c433a2589af483c e318374487414b1c93f83ac33db31afe - - default default] 10.0.0.188 "POST /v2.0/ports HTTP/1.1" status: 201 len: 942 time: 0.3501177 /var/lib/openstack/lib/python3.10/site-packages/pycadf/identifier.py:71: UserWarning: Invalid uuid: neutron. To ensure interoperability, identifiers should be a valid uuid. warnings.warn(('Invalid uuid: %s. To ensure interoperability, '
2026-05-09 18:02:58.041 10 WARNING neutron_lib.context [None req-6a1fa03c-2675-482c-826c-a46ebf059bdb 1e435b807726423f9c433a2589af483c e318374487414b1c93f83ac33db31afe - - default default] Method 'is_advsvc' is deprecated since 2023.2 release (neutron-lib 3.8.0) and will be removed once support for the old RBAC API policies will be removed from Neutron. Please use method 'is_service_role' instead.
2026-05-09 18:02:58.119 10 INFO neutron.db.segments_db [None req-6a1fa03c-2675-482c-826c-a46ebf059bdb 1e435b807726423f9c433a2589af483c e318374487414b1c93f83ac33db31afe - - default default] Added segment 402fd8c9-400f-4313-b700-988ae73be852 of type geneve for network ddfdfd36-1c3e-4e65-9b6e-a321f7270403
2026-05-09 18:02:58.267 10 INFO neutron.db.ovn_revision_numbers_db [None req-6a1fa03c-2675-482c-826c-a46ebf059bdb 1e435b807726423f9c433a2589af483c e318374487414b1c93f83ac33db31afe - - default default] Successfully bumped revision number for resource ddfdfd36-1c3e-4e65-9b6e-a321f7270403 (type: networks) to 1
2026-05-09 18:02:58.443 9 INFO neutron.wsgi [-] 10.0.0.111 "GET / HTTP/1.1" status: 200 len: 247 time: 0.0024843
2026-05-09 18:02:58.445 10 WARNING neutron.scheduler.dhcp_agent_scheduler [None req-6a1fa03c-2675-482c-826c-a46ebf059bdb 1e435b807726423f9c433a2589af483c e318374487414b1c93f83ac33db31afe - - default default] No more DHCP agents
2026-05-09 18:02:58.446 9 INFO neutron.wsgi [-] 10.0.0.111 "GET / HTTP/1.1" status: 200 len: 247 time: 0.0018747
2026-05-09 18:02:58.447 10 WARNING neutron.api.rpc.agentnotifiers.dhcp_rpc_agent_api [None req-6a1fa03c-2675-482c-826c-a46ebf059bdb 1e435b807726423f9c433a2589af483c e318374487414b1c93f83ac33db31afe - - default default] Unable to schedule network ddfdfd36-1c3e-4e65-9b6e-a321f7270403: no agents available; will retry on subsequent port and subnet creation events.
2026-05-09 18:02:58.531 10 INFO neutron.db.ovn_revision_numbers_db [None req-6a1fa03c-2675-482c-826c-a46ebf059bdb 1e435b807726423f9c433a2589af483c e318374487414b1c93f83ac33db31afe - - default default] Successfully bumped revision number for resource 936b990c-3d81-4cf9-8d3f-8e06d439d181 (type: ports) to 1
2026-05-09 18:02:58.557 10 INFO neutron.wsgi [None req-6a1fa03c-2675-482c-826c-a46ebf059bdb 1e435b807726423f9c433a2589af483c e318374487414b1c93f83ac33db31afe - - default default] 10.0.0.188 "POST /v2.0/networks HTTP/1.1" status: 201 len: 831 time: 0.5204356
2026-05-09 18:02:58.571 9 WARNING neutron_lib.context [None req-513f23c5-dbe3-44ab-b061-f52011aa4965 1e435b807726423f9c433a2589af483c e318374487414b1c93f83ac33db31afe - - default default] Method 'is_advsvc' is deprecated since 2023.2 release (neutron-lib 3.8.0) and will be removed once support for the old RBAC API policies will be removed from Neutron. Please use method 'is_service_role' instead.
2026-05-09 18:02:58.789 9 WARNING neutron.scheduler.dhcp_agent_scheduler [None req-513f23c5-dbe3-44ab-b061-f52011aa4965 1e435b807726423f9c433a2589af483c e318374487414b1c93f83ac33db31afe - - default default] No more DHCP agents
2026-05-09 18:02:58.790 9 WARNING neutron.api.rpc.agentnotifiers.dhcp_rpc_agent_api [None req-513f23c5-dbe3-44ab-b061-f52011aa4965 1e435b807726423f9c433a2589af483c e318374487414b1c93f83ac33db31afe - - default default] Unable to schedule network ddfdfd36-1c3e-4e65-9b6e-a321f7270403: no agents available; will retry on subsequent port and subnet creation events.
2026-05-09 18:02:58.866 9 INFO neutron.db.ovn_revision_numbers_db [None req-513f23c5-dbe3-44ab-b061-f52011aa4965 1e435b807726423f9c433a2589af483c e318374487414b1c93f83ac33db31afe - - default default] Successfully bumped revision number for resource 0e17e988-9f49-4f92-b018-ea0ff3234733 (type: ports) to 1
2026-05-09 18:02:58.886 9 INFO neutron.wsgi [None req-513f23c5-dbe3-44ab-b061-f52011aa4965 1e435b807726423f9c433a2589af483c e318374487414b1c93f83ac33db31afe - - default default] 10.0.0.188 "POST /v2.0/ports HTTP/1.1" status: 201 len: 942 time: 0.3220522 /var/lib/openstack/lib/python3.10/site-packages/pycadf/identifier.py:71: UserWarning: Invalid uuid: neutron. To ensure interoperability, identifiers should be a valid uuid. warnings.warn(('Invalid uuid: %s. To ensure interoperability, '
2026-05-09 18:02:58.897 9 WARNING neutron_lib.context [None req-9a393c46-3062-41f9-88c1-2a615e09e764 1e435b807726423f9c433a2589af483c e318374487414b1c93f83ac33db31afe - - default default] Method 'is_advsvc' is deprecated since 2023.2 release (neutron-lib 3.8.0) and will be removed once support for the old RBAC API policies will be removed from Neutron. Please use method 'is_service_role' instead.
2026-05-09 18:02:58.980 9 INFO neutron.db.segments_db [None req-9a393c46-3062-41f9-88c1-2a615e09e764 1e435b807726423f9c433a2589af483c e318374487414b1c93f83ac33db31afe - - default default] Added segment 9bca41ed-8930-40a2-a1a5-ab846f07e7a5 of type geneve for network c45549c9-9b2b-49ec-9d49-d9f3b2a2f275
2026-05-09 18:02:59.134 9 INFO neutron.db.ovn_revision_numbers_db [None req-9a393c46-3062-41f9-88c1-2a615e09e764 1e435b807726423f9c433a2589af483c e318374487414b1c93f83ac33db31afe - - default default] Successfully bumped revision number for resource c45549c9-9b2b-49ec-9d49-d9f3b2a2f275 (type: networks) to 1
2026-05-09 18:02:59.312 9 WARNING neutron.scheduler.dhcp_agent_scheduler [None req-9a393c46-3062-41f9-88c1-2a615e09e764 1e435b807726423f9c433a2589af483c e318374487414b1c93f83ac33db31afe - - default default] No more DHCP agents
2026-05-09 18:02:59.316 9 WARNING neutron.api.rpc.agentnotifiers.dhcp_rpc_agent_api [None req-9a393c46-3062-41f9-88c1-2a615e09e764 1e435b807726423f9c433a2589af483c e318374487414b1c93f83ac33db31afe - - default default] Unable to schedule network c45549c9-9b2b-49ec-9d49-d9f3b2a2f275: no agents available; will retry on subsequent port and subnet creation events.
2026-05-09 18:02:59.412 9 INFO neutron.db.ovn_revision_numbers_db [None req-9a393c46-3062-41f9-88c1-2a615e09e764 1e435b807726423f9c433a2589af483c e318374487414b1c93f83ac33db31afe - - default default] Successfully bumped revision number for resource 2d1d0e95-532e-4a9d-958f-77ecbf1f6418 (type: ports) to 1
2026-05-09 18:02:59.441 9 INFO neutron.wsgi [None req-9a393c46-3062-41f9-88c1-2a615e09e764 1e435b807726423f9c433a2589af483c e318374487414b1c93f83ac33db31afe - - default default] 10.0.0.188 "POST /v2.0/networks HTTP/1.1" status: 201 len: 831 time: 0.5485640
2026-05-09 18:02:59.455 10 WARNING neutron_lib.context [None req-92bb3af2-b546-4b45-99de-e99e4fca5aa7 1e435b807726423f9c433a2589af483c e318374487414b1c93f83ac33db31afe - - default default] Method 'is_advsvc' is deprecated since 2023.2 release (neutron-lib 3.8.0) and will be removed once support for the old RBAC API policies will be removed from Neutron. Please use method 'is_service_role' instead.
2026-05-09 18:02:59.692 10 WARNING neutron.scheduler.dhcp_agent_scheduler [None req-92bb3af2-b546-4b45-99de-e99e4fca5aa7 1e435b807726423f9c433a2589af483c e318374487414b1c93f83ac33db31afe - - default default] No more DHCP agents
2026-05-09 18:02:59.694 10 WARNING neutron.api.rpc.agentnotifiers.dhcp_rpc_agent_api [None req-92bb3af2-b546-4b45-99de-e99e4fca5aa7 1e435b807726423f9c433a2589af483c e318374487414b1c93f83ac33db31afe - - default default] Unable to schedule network c45549c9-9b2b-49ec-9d49-d9f3b2a2f275: no agents available; will retry on subsequent port and subnet creation events.
2026-05-09 18:02:59.774 10 INFO neutron.db.ovn_revision_numbers_db [None req-92bb3af2-b546-4b45-99de-e99e4fca5aa7 1e435b807726423f9c433a2589af483c e318374487414b1c93f83ac33db31afe - - default default] Successfully bumped revision number for resource 390df481-3ff5-4e2e-8277-e9907e768c9d (type: ports) to 1
2026-05-09 18:02:59.794 10 INFO neutron.wsgi [None req-92bb3af2-b546-4b45-99de-e99e4fca5aa7 1e435b807726423f9c433a2589af483c e318374487414b1c93f83ac33db31afe - - default default] 10.0.0.188 "POST /v2.0/ports HTTP/1.1" status: 201 len: 942 time: 0.3462424 /var/lib/openstack/lib/python3.10/site-packages/pycadf/identifier.py:71: UserWarning: Invalid uuid: neutron. To ensure interoperability, identifiers should be a valid uuid. warnings.warn(('Invalid uuid: %s. To ensure interoperability, '
2026-05-09 18:02:59.838 10 INFO neutron.wsgi [None req-dadeb584-bbf1-4b50-958c-cea6a1919547 1e435b807726423f9c433a2589af483c e318374487414b1c93f83ac33db31afe - - default default] 10.0.0.188 "PUT /v2.0/ports/d65ba0b3-3049-4a76-b416-40edb29fe46b/tags HTTP/1.1" status: 200 len: 210 time: 0.0378797
2026-05-09 18:02:59.893 9 INFO neutron.wsgi [None req-9f40ba63-bdab-4d31-8cb3-ed19a259ba57 1e435b807726423f9c433a2589af483c e318374487414b1c93f83ac33db31afe - - default default] 10.0.0.188 "PUT /v2.0/ports/f9a6efa0-c969-47a1-889f-6fd208d4e558/tags HTTP/1.1" status: 200 len: 218 time: 0.0465372
2026-05-09 18:02:59.944 9 INFO neutron.wsgi [None req-1ca3f3c3-6dbe-4919-8dbd-c775f4b9c664 1e435b807726423f9c433a2589af483c e318374487414b1c93f83ac33db31afe - - default default] 10.0.0.188 "PUT /v2.0/ports/3e70e183-a550-4513-a3f3-3d7828d38ecf/tags HTTP/1.1" status: 200 len: 227 time: 0.0466425
2026-05-09 18:02:59.994 9 INFO neutron.wsgi [None req-63c86473-5095-4cc9-b3a3-991dd10e4dd5 1e435b807726423f9c433a2589af483c e318374487414b1c93f83ac33db31afe - - default default] 10.0.0.188 "PUT /v2.0/ports/0e17e988-9f49-4f92-b018-ea0ff3234733/tags HTTP/1.1" status: 200 len: 212 time: 0.0446646
2026-05-09 18:03:00.178 9 INFO neutron.wsgi [None req-d5817979-77fd-4933-a5ef-541f28953cf1 1e435b807726423f9c433a2589af483c e318374487414b1c93f83ac33db31afe - - default default] 10.0.0.188 "GET /v2.0/ports?tags=red HTTP/1.1" status: 200 len: 2448 time: 0.1776903
2026-05-09 18:03:00.243 9 INFO neutron.wsgi [None req-434da490-ecd3-488f-8e8d-3efec058f541 1e435b807726423f9c433a2589af483c e318374487414b1c93f83ac33db31afe - - default default] 10.0.0.188 "GET /v2.0/ports?tags=red%2Cblue HTTP/1.1" status: 200 len: 1708 time: 0.0593452
2026-05-09 18:03:00.316 9 INFO neutron.wsgi [None req-33b1c770-5890-4588-bcce-099a54dabac8 1e435b807726423f9c433a2589af483c e318374487414b1c93f83ac33db31afe - - default default] 10.0.0.188 "GET /v2.0/ports?tags-any=blue HTTP/1.1" status: 200 len: 1708 time: 0.0666411
2026-05-09 18:03:00.369 9 INFO neutron.wsgi [None req-549704e5-c187-4e29-b5e0-696b8cdf1403 1e435b807726423f9c433a2589af483c e318374487414b1c93f83ac33db31afe - - default default] 10.0.0.188 "GET /v2.0/ports?tags-any=red%2Cblue HTTP/1.1" status: 200 len: 2448 time: 0.0473666
2026-05-09 18:03:00.521 9 INFO neutron.wsgi [None req-b310b980-8be0-4551-8399-8204bd3957ae 1e435b807726423f9c433a2589af483c e318374487414b1c93f83ac33db31afe - - default default] 10.0.0.188 "GET /v2.0/ports?not-tags=red HTTP/1.1" status: 200 len: 5463 time: 0.1474440
2026-05-09 18:03:00.593 9 INFO neutron.wsgi [None req-c026d675-dc40-412a-8b4c-ac78090ae04e 1e435b807726423f9c433a2589af483c e318374487414b1c93f83ac33db31afe - - default default] 10.0.0.188 "GET /v2.0/ports?not-tags=red%2Cblue HTTP/1.1" status: 200 len: 6203 time: 0.0663733
2026-05-09 18:03:00.679 9 INFO neutron.wsgi [None req-c18d7bab-400c-4293-9bcc-a50d52c3603b 1e435b807726423f9c433a2589af483c e318374487414b1c93f83ac33db31afe - - default default] 10.0.0.188 "GET /v2.0/ports?not-tags-any=blue HTTP/1.1" status: 200 len: 6203 time: 0.0788460
2026-05-09 18:03:00.737 9 INFO neutron.wsgi [None req-db79bf8c-b3cb-4b04-b80b-b2038f477451 1e435b807726423f9c433a2589af483c e318374487414b1c93f83ac33db31afe - - default default] 10.0.0.188 "GET /v2.0/ports?not-tags-any=red%2Cblue HTTP/1.1" status: 200 len: 5463 time: 0.0529737
2026-05-09 18:03:00.992 9 INFO neutron.wsgi [None req-a4da43de-43cf-40b9-8787-ca0d9d531403 1e435b807726423f9c433a2589af483c e318374487414b1c93f83ac33db31afe - - default default] 10.0.0.188 "DELETE /v2.0/ports/d65ba0b3-3049-4a76-b416-40edb29fe46b HTTP/1.1" status: 204 len: 168 time: 0.2495418
2026-05-09 18:03:01.228 9 INFO neutron.wsgi [None req-25870831-ced2-4c35-9a10-077ada707b7f 1e435b807726423f9c433a2589af483c e318374487414b1c93f83ac33db31afe - - default default] 10.0.0.188 "DELETE /v2.0/ports/f9a6efa0-c969-47a1-889f-6fd208d4e558 HTTP/1.1" status: 204 len: 168 time: 0.2303696
2026-05-09 18:03:01.469 9 INFO neutron.wsgi [None req-0654e8b7-d1a7-4cd1-9cb3-13cb331fb430 1e435b807726423f9c433a2589af483c e318374487414b1c93f83ac33db31afe - - default default] 10.0.0.188 "DELETE /v2.0/ports/3e70e183-a550-4513-a3f3-3d7828d38ecf HTTP/1.1" status: 204 len: 168 time: 0.2352133
2026-05-09 18:03:01.953 9 INFO neutron.wsgi [None req-195fbf56-090f-4274-9137-26b236710d9f 1e435b807726423f9c433a2589af483c e318374487414b1c93f83ac33db31afe - - default default] 10.0.0.188 "DELETE /v2.0/ports/0e17e988-9f49-4f92-b018-ea0ff3234733 HTTP/1.1" status: 204 len: 168 time: 0.4784436
2026-05-09 18:03:02.245 9 INFO neutron.wsgi [None req-5f28e52c-8d0f-443b-9d93-ca6a336204db 1e435b807726423f9c433a2589af483c e318374487414b1c93f83ac33db31afe - - default default] 10.0.0.188 "DELETE /v2.0/ports/390df481-3ff5-4e2e-8277-e9907e768c9d HTTP/1.1" status: 204 len: 168 time: 0.2865674
2026-05-09 18:03:02.592 9 INFO neutron.services.segments.plugin [-] Segment 8be1e0dd-6162-4dce-b773-9a7ed71f0ddf resource provider aggregate not found
2026-05-09 18:03:02.596 9 INFO neutron.services.segments.plugin [-] Segment 8be1e0dd-6162-4dce-b773-9a7ed71f0ddf resource provider aggregate not found
2026-05-09 18:03:02.611 9 INFO neutron.services.segments.plugin [-] Segment 8be1e0dd-6162-4dce-b773-9a7ed71f0ddf resource provider not found; error: Placement Client Error (4xx): {"errors": [{"status": 404, "title": "Not Found", "detail": "The resource could not be found.\n\n No resource provider with uuid 8be1e0dd-6162-4dce-b773-9a7ed71f0ddf found for delete ", "request_id": "req-de1d6c44-40c2-43f7-a2a0-679e97c435f5"}]}
2026-05-09 18:03:02.621 9 INFO neutron.services.segments.plugin [-] Segment 8be1e0dd-6162-4dce-b773-9a7ed71f0ddf resource provider not found; error: Placement Client Error (4xx): {"errors": [{"status": 404, "title": "Not Found", "detail": "The resource could not be found.\n\n No resource provider with uuid 8be1e0dd-6162-4dce-b773-9a7ed71f0ddf found for delete ", "request_id": "req-f7db1f53-eb11-4d05-9523-06e7c2a39e53"}]}
2026-05-09 18:03:02.647 9 INFO neutron.wsgi [None req-69f1b2e0-69bd-4f53-885a-00b9a581cf4c 1e435b807726423f9c433a2589af483c e318374487414b1c93f83ac33db31afe - - default default] 10.0.0.188 "DELETE /v2.0/networks/86989702-0281-4d10-913f-4646719b49a0 HTTP/1.1" status: 204 len: 168 time: 0.3966138
2026-05-09 18:03:03.002 9 INFO neutron.wsgi [None req-d82c50a7-753f-412c-976f-126bd269a29c 1e435b807726423f9c433a2589af483c e318374487414b1c93f83ac33db31afe - - default default] 10.0.0.188 "DELETE /v2.0/networks/f8a79c13-8285-4943-beac-e06d7dbd6397 HTTP/1.1" status: 204 len: 168 time: 0.3426802
2026-05-09 18:03:03.387 10 INFO neutron.services.segments.plugin [-] Segment e6a51697-3da3-478b-b9a7-a12f2a663d1d resource provider aggregate not found
2026-05-09 18:03:03.392 10 INFO neutron.services.segments.plugin [-] Segment e6a51697-3da3-478b-b9a7-a12f2a663d1d resource provider aggregate not found
2026-05-09 18:03:03.400 10 INFO neutron.services.segments.plugin [-] Segment e6a51697-3da3-478b-b9a7-a12f2a663d1d resource provider not found; error: Placement Client Error (4xx): {"errors": [{"status": 404, "title": "Not Found", "detail": "The resource could not be found.\n\n No resource provider with uuid e6a51697-3da3-478b-b9a7-a12f2a663d1d found for delete ", "request_id": "req-6d6b8d9e-596f-43dc-84a3-c00b049a7799"}]}
2026-05-09 18:03:03.405 10 INFO neutron.services.segments.plugin [-] Segment e6a51697-3da3-478b-b9a7-a12f2a663d1d resource provider not found; error: Placement Client Error (4xx): {"errors": [{"status": 404, "title": "Not Found", "detail": "The resource could not be found.\n\n No resource provider with uuid e6a51697-3da3-478b-b9a7-a12f2a663d1d found for delete ", "request_id": "req-16c205ce-4301-4e55-a2e6-4227ce72b024"}]}
2026-05-09 18:03:03.433 10 INFO neutron.wsgi [None req-f8e869a9-dc20-4898-82fa-848aa48cb063 1e435b807726423f9c433a2589af483c e318374487414b1c93f83ac33db31afe - - default default] 10.0.0.188 "DELETE /v2.0/networks/3c960190-f964-4f5f-b69f-fc2c76827ae2 HTTP/1.1" status: 204 len: 168 time: 0.4243038
2026-05-09 18:03:03.829 10 INFO neutron.wsgi [None req-a4c45293-7891-4630-b3c1-f4fbf642663e 1e435b807726423f9c433a2589af483c e318374487414b1c93f83ac33db31afe - - default default] 10.0.0.188 "DELETE /v2.0/networks/ddfdfd36-1c3e-4e65-9b6e-a321f7270403 HTTP/1.1" status: 204 len: 168 time: 0.3872762
2026-05-09 18:03:04.203 9 INFO neutron.wsgi [None req-17577478-0670-4129-8647-12508339d034 1e435b807726423f9c433a2589af483c e318374487414b1c93f83ac33db31afe - - default default] 10.0.0.188 "DELETE /v2.0/networks/c45549c9-9b2b-49ec-9d49-d9f3b2a2f275 HTTP/1.1" status: 204 len: 168 time: 0.3688743
2026-05-09 18:03:04.630 9 INFO neutron.services.segments.plugin [-] Segment 73f15c5d-d0a3-4e0f-a195-71c579f119a7 resource provider aggregate not found
2026-05-09 18:03:04.638 9 INFO neutron.services.segments.plugin [-] Segment 73f15c5d-d0a3-4e0f-a195-71c579f119a7 resource provider aggregate not found
2026-05-09 18:03:04.646 9 INFO neutron.services.segments.plugin [-] Segment 73f15c5d-d0a3-4e0f-a195-71c579f119a7 resource provider not found; error: Placement Client Error (4xx): {"errors": [{"status": 404, "title": "Not Found", "detail": "The resource could not be found.\n\n No resource provider with uuid 73f15c5d-d0a3-4e0f-a195-71c579f119a7 found for delete ", "request_id": "req-cb8887cf-fa60-4a4a-952d-e495a20851c6"}]}
2026-05-09 18:03:04.652 9 INFO neutron.services.segments.plugin [-] Segment 73f15c5d-d0a3-4e0f-a195-71c579f119a7 resource provider not found; error: Placement Client Error (4xx): {"errors": [{"status": 404, "title": "Not Found", "detail": "The resource could not be found.\n\n No resource provider with uuid 73f15c5d-d0a3-4e0f-a195-71c579f119a7 found for delete ", "request_id": "req-4da819c6-2f7a-4eab-b3c3-275ee407e255"}]}
2026-05-09 18:03:04.666 9 INFO neutron.services.segments.plugin [-] Segment 9bca41ed-8930-40a2-a1a5-ab846f07e7a5 resource provider aggregate not found
2026-05-09 18:03:04.673 9 INFO neutron.services.segments.plugin [-] Segment 9bca41ed-8930-40a2-a1a5-ab846f07e7a5 resource provider aggregate not found
2026-05-09 18:03:04.686 9 INFO neutron.services.segments.plugin [-] Segment 9bca41ed-8930-40a2-a1a5-ab846f07e7a5 resource provider not found; error: Placement Client Error (4xx): {"errors": [{"status": 404, "title": "Not Found", "detail": "The resource could not be found.\n\n No resource provider with uuid 9bca41ed-8930-40a2-a1a5-ab846f07e7a5 found for delete ", "request_id": "req-db3708ff-4f7c-4b55-a83a-a2ff66a9cffb"}]}
2026-05-09 18:03:04.689 9 INFO neutron.services.segments.plugin [-] Segment 9bca41ed-8930-40a2-a1a5-ab846f07e7a5 resource provider not found; error: Placement Client Error (4xx): {"errors": [{"status": 404, "title": "Not Found", "detail": "The resource could not be found.\n\n No resource provider with uuid 9bca41ed-8930-40a2-a1a5-ab846f07e7a5 found for delete ", "request_id": "req-9bda0e30-f23b-417c-a0f2-bba55a3a573d"}]}
2026-05-09 18:03:05.268 9 INFO neutron.db.ovn_revision_numbers_db [None req-89a1ad10-9f6f-4931-9b3b-1f21f125f6ab 403c861a68fa4d29b7a03bd97f863667 11d5b78ddac64b9aac04041d6853d349 - - default default] Successfully bumped revision number for resource 95eb2301-4ab6-442c-91e1-9971a3e0bba6 (type: security_groups) to 1
2026-05-09 18:03:05.283 9 INFO neutron.db.ovn_revision_numbers_db [None req-89a1ad10-9f6f-4931-9b3b-1f21f125f6ab 403c861a68fa4d29b7a03bd97f863667 11d5b78ddac64b9aac04041d6853d349 - - default default] Successfully bumped revision number for resource 0b2a12da-c702-4c30-bb98-484a88c7b997 (type: security_group_rules) to 0
2026-05-09 18:03:05.296 9 INFO neutron.db.ovn_revision_numbers_db [None req-89a1ad10-9f6f-4931-9b3b-1f21f125f6ab 403c861a68fa4d29b7a03bd97f863667 11d5b78ddac64b9aac04041d6853d349 - - default default] Successfully bumped revision number for resource 0e1d9ef5-4b1b-4bd6-8193-0175d8a69b8a (type: security_group_rules) to 0
2026-05-09 18:03:05.314 9 INFO neutron.db.ovn_revision_numbers_db [None req-89a1ad10-9f6f-4931-9b3b-1f21f125f6ab 403c861a68fa4d29b7a03bd97f863667 11d5b78ddac64b9aac04041d6853d349 - - default default] Successfully bumped revision number for resource 81a307ea-a0ee-4b45-a1aa-eebd17fbba1f (type: security_group_rules) to 0
2026-05-09 18:03:05.329 9 INFO neutron.db.ovn_revision_numbers_db [None req-89a1ad10-9f6f-4931-9b3b-1f21f125f6ab 403c861a68fa4d29b7a03bd97f863667 11d5b78ddac64b9aac04041d6853d349 - - default default] Successfully bumped revision number for resource dc5ca356-e6a7-48a1-9f59-a91df362e7d2 (type: security_group_rules) to 0
2026-05-09 18:03:05.354 9 INFO neutron.wsgi [None req-89a1ad10-9f6f-4931-9b3b-1f21f125f6ab 403c861a68fa4d29b7a03bd97f863667 11d5b78ddac64b9aac04041d6853d349 - - default default] 10.0.0.188 "GET /v2.0/security-groups?tenant_id=98680223fd90442797a9f7e8b4619e07&name=default HTTP/1.1" status: 200 len: 3000 time: 0.3610752
2026-05-09 18:03:05.421 10 INFO neutron.services.segments.plugin [-] Segment 402fd8c9-400f-4313-b700-988ae73be852 resource provider aggregate not found
2026-05-09 18:03:05.428 10 INFO neutron.services.segments.plugin [-] Segment 402fd8c9-400f-4313-b700-988ae73be852 resource provider aggregate not found
2026-05-09 18:03:05.436 10 INFO neutron.services.segments.plugin [-] Segment 402fd8c9-400f-4313-b700-988ae73be852 resource provider not found; error: Placement Client Error (4xx): {"errors": [{"status": 404, "title": "Not Found", "detail": "The resource could not be found.\n\n No resource provider with uuid 402fd8c9-400f-4313-b700-988ae73be852 found for delete ", "request_id": "req-133183a9-b984-4572-93ce-fcf71f14edf8"}]}
2026-05-09 18:03:05.441 10 INFO neutron.services.segments.plugin [-] Segment 402fd8c9-400f-4313-b700-988ae73be852 resource provider not found; error: Placement Client Error (4xx): {"errors": [{"status": 404, "title": "Not Found", "detail": "The resource could not be found.\n\n No resource provider with uuid 402fd8c9-400f-4313-b700-988ae73be852 found for delete ", "request_id": "req-506b3cb8-3554-4d1c-aef8-edd6493cec1e"}]}
2026-05-09 18:03:05.556 9 INFO neutron.wsgi [None req-c49db393-cabb-4e0d-83e5-6f82f932b16f 403c861a68fa4d29b7a03bd97f863667 11d5b78ddac64b9aac04041d6853d349 - - default default] 10.0.0.188 "DELETE /v2.0/security-groups/95eb2301-4ab6-442c-91e1-9971a3e0bba6 HTTP/1.1" status: 204 len: 168 time: 0.1960435
2026-05-09 18:03:05.768 9 INFO neutron.db.ovn_revision_numbers_db [None req-74017f74-924b-4bcb-a2ed-e9253ef38ea6 403c861a68fa4d29b7a03bd97f863667 11d5b78ddac64b9aac04041d6853d349 - - default default] Successfully bumped revision number for resource 555266b3-87a4-4fbf-a8e3-a8b89c930b10 (type: security_groups) to 1
2026-05-09 18:03:05.782 9 INFO neutron.db.ovn_revision_numbers_db [None req-74017f74-924b-4bcb-a2ed-e9253ef38ea6 403c861a68fa4d29b7a03bd97f863667 11d5b78ddac64b9aac04041d6853d349 - - default default] Successfully bumped revision number for resource 34f2c3ae-ee92-4f8b-a6dd-9990662f9cb7 (type: security_group_rules) to 0
2026-05-09 18:03:05.797 9 INFO neutron.db.ovn_revision_numbers_db [None req-74017f74-924b-4bcb-a2ed-e9253ef38ea6 403c861a68fa4d29b7a03bd97f863667 11d5b78ddac64b9aac04041d6853d349 - - default default] Successfully bumped revision number for resource 580d7694-302a-449b-8382-959e3e65b3db (type: security_group_rules) to 0
2026-05-09 18:03:05.809 9 INFO neutron.db.ovn_revision_numbers_db [None req-74017f74-924b-4bcb-a2ed-e9253ef38ea6 403c861a68fa4d29b7a03bd97f863667 11d5b78ddac64b9aac04041d6853d349 - - default default] Successfully bumped revision number for resource 5c131ca3-cd18-49f2-865d-8572f58976dd (type: security_group_rules) to 0
2026-05-09 18:03:05.822 9 INFO neutron.db.ovn_revision_numbers_db [None req-74017f74-924b-4bcb-a2ed-e9253ef38ea6 403c861a68fa4d29b7a03bd97f863667 11d5b78ddac64b9aac04041d6853d349 - - default default] Successfully bumped revision number for resource e9eab73e-e1c1-4b2d-ac45-fd718dd6f5a0 (type: security_group_rules) to 0
2026-05-09 18:03:05.843 9 INFO neutron.wsgi [None req-74017f74-924b-4bcb-a2ed-e9253ef38ea6 403c861a68fa4d29b7a03bd97f863667 11d5b78ddac64b9aac04041d6853d349 - - default default] 10.0.0.188 "GET /v2.0/security-groups?tenant_id=3cc60097736c4f8bb0b876cd44fb9e29&name=default HTTP/1.1" status: 200 len: 3000 time: 0.1869102
2026-05-09 18:03:06.031 9 INFO neutron.wsgi [None req-4beb23c6-0410-4dde-ab08-c9ce931dec16 403c861a68fa4d29b7a03bd97f863667 11d5b78ddac64b9aac04041d6853d349 - - default default] 10.0.0.188 "DELETE /v2.0/security-groups/555266b3-87a4-4fbf-a8e3-a8b89c930b10 HTTP/1.1" status: 204 len: 168 time: 0.1822920
2026-05-09 18:03:06.236 9 INFO neutron.wsgi [None req-ead8cfef-cdf4-4a0f-b840-aa80823009f8 403c861a68fa4d29b7a03bd97f863667 11d5b78ddac64b9aac04041d6853d349 - - default default] 10.0.0.188 "GET /v2.0/security-groups?tenant_id=e318374487414b1c93f83ac33db31afe&name=default HTTP/1.1" status: 200 len: 2996 time: 0.0355225
2026-05-09 18:03:06.408 9 INFO neutron.wsgi [None req-57dfdedc-3ef6-4ec2-9d42-326e9b79007a 403c861a68fa4d29b7a03bd97f863667 11d5b78ddac64b9aac04041d6853d349 - - default default] 10.0.0.188 "DELETE /v2.0/security-groups/b743289b-37fe-4ded-b143-edee9b382953 HTTP/1.1" status: 204 len: 168 time: 0.1669223
2026-05-09 18:03:08.347 9 INFO neutron.wsgi [req-9bc25a19-0283-4975-ba19-24aad6559fe3 req-c18b9cb4-088b-4e4c-8c5b-59aa0701799f b3e98b5f237a43c2b4ea4927b93d3f40 56e2b8b1c6a34e4587e21f96deb64ab7 - - default default] 10.0.0.140 "GET /v2.0/ports?device_id=03c16838-b675-47df-b5cf-cc3d3901f2fb HTTP/1.1" status: 200 len: 1214 time: 0.0915091
2026-05-09 18:03:08.398 9 INFO neutron.wsgi [req-9bc25a19-0283-4975-ba19-24aad6559fe3 req-9f84fb75-b69c-4d77-b399-f3724cbe3d5c b3e98b5f237a43c2b4ea4927b93d3f40 56e2b8b1c6a34e4587e21f96deb64ab7 - - default default] 10.0.0.140 "GET /v2.0/security-groups?id=3c5f0378-0a6a-44a3-908e-1e18d2c76fc7&id=a8d1af9b-52f9-4a8e-b767-1f11315d9fb0&fields=id&fields=name HTTP/1.1" status: 200 len: 405 time: 0.0428789
2026-05-09 18:03:08.666 9 INFO neutron.wsgi [None req-6996bcc4-3593-4afc-bb26-8f018b33bb75 ebca49bf1f194bb598db41d603439611 544afbd2829c4736ab44269f8f3e0c59 - - default default] 10.0.0.188 "GET /v2.0/ports?device_id=03c16838-b675-47df-b5cf-cc3d3901f2fb HTTP/1.1" status: 200 len: 1447 time: 0.2418175
2026-05-09 18:03:08.749 10 INFO neutron.wsgi [None req-aa7431c4-9017-4097-9552-8d7d9fc09f0e b3e98b5f237a43c2b4ea4927b93d3f40 56e2b8b1c6a34e4587e21f96deb64ab7 - - default default] 10.0.0.188 "GET /v2.0/floatingips?floating_network_id=9325f272-0f0a-469a-8d49-1c9c9f32dd96&port_id=a5231f2f-9fbd-4d40-a44f-6a72600d5e5d HTTP/1.1" status: 200 len: 1055 time: 0.0764682
2026-05-09 18:03:08.983 10 INFO neutron.wsgi [req-caadf8f2-df80-449d-bc1a-af2cf481073c req-0c54f4f3-d540-4764-aec2-67e1f78a83d0 3d9dea9445d4474c86004f40755ec965 3265557e2e0f4adc8876917c1ab2194b - - 24fb024d43c54052bfeeb1475316e5b6 24fb024d43c54052bfeeb1475316e5b6] 10.0.0.182 "GET /v2.0/ports?device_id=03c16838-b675-47df-b5cf-cc3d3901f2fb HTTP/1.1" status: 200 len: 1452 time: 0.0409007
2026-05-09 18:03:09.029 10 INFO neutron.wsgi [req-caadf8f2-df80-449d-bc1a-af2cf481073c req-d65c2aa3-b843-4358-b1ee-9ae232ec5ad0 3d9dea9445d4474c86004f40755ec965 3265557e2e0f4adc8876917c1ab2194b - - 24fb024d43c54052bfeeb1475316e5b6 24fb024d43c54052bfeeb1475316e5b6] 10.0.0.182 "GET /v2.0/security-groups?id=3c5f0378-0a6a-44a3-908e-1e18d2c76fc7&id=a8d1af9b-52f9-4a8e-b767-1f11315d9fb0&fields=id&fields=name HTTP/1.1" status: 200 len: 405 time: 0.0383165
2026-05-09 18:03:10.523 10 WARNING neutron_lib.context [None req-e16182ca-ed08-4a1f-be36-e184e0d0a7d1 fad346cfc52741e084e7e29c5a93ba7e 62690031eff145759e1a148cda7ca0e3 - - default default] Method 'is_advsvc' is deprecated since 2023.2 release (neutron-lib 3.8.0) and will be removed once support for the old RBAC API policies will be removed from Neutron. Please use method 'is_service_role' instead.
2026-05-09 18:03:10.664 10 INFO neutron.db.ovn_revision_numbers_db [None req-e16182ca-ed08-4a1f-be36-e184e0d0a7d1 fad346cfc52741e084e7e29c5a93ba7e 62690031eff145759e1a148cda7ca0e3 - - default default] Successfully bumped revision number for resource c2805015-ce63-495d-a1b1-9461627e6214 (type: security_groups) to 1
2026-05-09 18:03:10.676 10 INFO neutron.db.ovn_revision_numbers_db [None req-e16182ca-ed08-4a1f-be36-e184e0d0a7d1 fad346cfc52741e084e7e29c5a93ba7e 62690031eff145759e1a148cda7ca0e3 - - default default] Successfully bumped revision number for resource 49a082b6-e909-4779-91b0-0ab56afc6ed8 (type: security_group_rules) to 0
2026-05-09 18:03:10.688 10 INFO neutron.db.ovn_revision_numbers_db [None req-e16182ca-ed08-4a1f-be36-e184e0d0a7d1 fad346cfc52741e084e7e29c5a93ba7e 62690031eff145759e1a148cda7ca0e3 - - default default] Successfully bumped revision number for resource 6d328f49-517a-44a5-ae00-fe0ca9106598 (type: security_group_rules) to 0
2026-05-09 18:03:10.701 10 INFO neutron.db.ovn_revision_numbers_db [None req-e16182ca-ed08-4a1f-be36-e184e0d0a7d1 fad346cfc52741e084e7e29c5a93ba7e 62690031eff145759e1a148cda7ca0e3 - - default default] Successfully bumped revision number for resource 7aa09d36-ccd6-4c76-a84a-24029e7f9ce4 (type: security_group_rules) to 0
2026-05-09 18:03:10.713 10 INFO neutron.db.ovn_revision_numbers_db [None req-e16182ca-ed08-4a1f-be36-e184e0d0a7d1 fad346cfc52741e084e7e29c5a93ba7e 62690031eff145759e1a148cda7ca0e3 - - default default] Successfully bumped revision number for resource dee0d3a3-b535-4f76-adfd-3d816261befb (type: security_group_rules) to 0
2026-05-09 18:03:10.764 10 INFO neutron.db.segments_db [None req-e16182ca-ed08-4a1f-be36-e184e0d0a7d1 fad346cfc52741e084e7e29c5a93ba7e 62690031eff145759e1a148cda7ca0e3 - - default default] Added segment 1a9e0dfa-5fc3-4740-8f53-d5c882f6c4d9 of type geneve for network c6a77cdb-dfa8-4f25-a215-59fefadd2b9f
2026-05-09 18:03:10.896 10 INFO neutron.db.ovn_revision_numbers_db [None req-e16182ca-ed08-4a1f-be36-e184e0d0a7d1 fad346cfc52741e084e7e29c5a93ba7e 62690031eff145759e1a148cda7ca0e3 - - default default] Successfully bumped revision number for resource c6a77cdb-dfa8-4f25-a215-59fefadd2b9f (type: networks) to 1
2026-05-09 18:03:11.004 9 INFO neutron.wsgi [req-64071f64-1d3d-4691-a1ed-f36446d6acf6 req-574196fa-f4ac-4460-84f1-f6abee859b96 b3e98b5f237a43c2b4ea4927b93d3f40 56e2b8b1c6a34e4587e21f96deb64ab7 - - default default] 10.0.0.140 "GET /v2.0/ports?device_id=03c16838-b675-47df-b5cf-cc3d3901f2fb HTTP/1.1" status: 200 len: 1214 time: 0.0558593
2026-05-09 18:03:11.018 10 INFO neutron.plugins.ml2.drivers.ovn.mech_driver.mech_driver [None req-11c9bff3-0817-4aeb-b6dd-74b63f19327f - - - - - -] OVN reports status down for port: a5231f2f-9fbd-4d40-a44f-6a72600d5e5d
2026-05-09 18:03:11.068 9 INFO neutron.wsgi [req-64071f64-1d3d-4691-a1ed-f36446d6acf6 req-28efb28a-4962-4778-8947-ddd0e640fcd9 b3e98b5f237a43c2b4ea4927b93d3f40 56e2b8b1c6a34e4587e21f96deb64ab7 - - default default] 10.0.0.140 "GET /v2.0/security-groups?id=3c5f0378-0a6a-44a3-908e-1e18d2c76fc7&id=a8d1af9b-52f9-4a8e-b767-1f11315d9fb0&fields=id&fields=name HTTP/1.1" status: 200 len: 405 time: 0.0561001
2026-05-09 18:03:11.111 10 WARNING neutron.scheduler.dhcp_agent_scheduler [None req-e16182ca-ed08-4a1f-be36-e184e0d0a7d1 fad346cfc52741e084e7e29c5a93ba7e 62690031eff145759e1a148cda7ca0e3 - - default default] No more DHCP agents
2026-05-09 18:03:11.122 10 WARNING neutron.api.rpc.agentnotifiers.dhcp_rpc_agent_api [None req-e16182ca-ed08-4a1f-be36-e184e0d0a7d1 fad346cfc52741e084e7e29c5a93ba7e 62690031eff145759e1a148cda7ca0e3 - - default default] Unable to schedule network c6a77cdb-dfa8-4f25-a215-59fefadd2b9f: no agents available; will retry on subsequent port and subnet creation events.
2026-05-09 18:03:11.225 10 INFO neutron.notifiers.nova [-] Nova event matching ['req-fcc82159-4096-402e-a8e8-9ca0e9ca43b5'] response: {'server_uuid': '03c16838-b675-47df-b5cf-cc3d3901f2fb', 'name': 'network-vif-unplugged', 'status': 'completed', 'tag': 'a5231f2f-9fbd-4d40-a44f-6a72600d5e5d', 'code': 200}
2026-05-09 18:03:11.255 10 INFO neutron.db.ovn_revision_numbers_db [None req-e16182ca-ed08-4a1f-be36-e184e0d0a7d1 fad346cfc52741e084e7e29c5a93ba7e 62690031eff145759e1a148cda7ca0e3 - - default default] Successfully bumped revision number for resource 9c565740-33a3-4ca2-be6b-754ad5fd32a1 (type: ports) to 1
2026-05-09 18:03:11.290 10 INFO neutron.wsgi [None req-e16182ca-ed08-4a1f-be36-e184e0d0a7d1 fad346cfc52741e084e7e29c5a93ba7e 62690031eff145759e1a148cda7ca0e3 - - default default] 10.0.0.188 "POST /v2.0/networks HTTP/1.1" status: 201 len: 831 time: 0.9275818
2026-05-09 18:03:11.309 10 WARNING neutron_lib.context [None req-bc51618c-5ca6-426a-9daa-8aed86815cc0 fad346cfc52741e084e7e29c5a93ba7e 62690031eff145759e1a148cda7ca0e3 - - default default] Method 'is_advsvc' is deprecated since 2023.2 release (neutron-lib 3.8.0) and will be removed once support for the old RBAC API policies will be removed from Neutron. Please use method 'is_service_role' instead.
2026-05-09 18:03:11.332 9 INFO neutron.wsgi [req-e4931450-52c8-45d4-8b4f-6404c59e9512 req-b978e6ad-88e1-4199-8fcd-25e93b35bfa4 b3e98b5f237a43c2b4ea4927b93d3f40 56e2b8b1c6a34e4587e21f96deb64ab7 - - default default] 199.204.45.246 "GET /v2.0/ports?device_id=03c16838-b675-47df-b5cf-cc3d3901f2fb HTTP/1.1" status: 200 len: 1212 time: 0.0400760
2026-05-09 18:03:11.429 10 INFO neutron.db.ovn_revision_numbers_db [None req-11c9bff3-0817-4aeb-b6dd-74b63f19327f - - - - - -] Successfully bumped revision number for resource a5231f2f-9fbd-4d40-a44f-6a72600d5e5d (type: ports) to 5
2026-05-09 18:03:11.554 10 WARNING neutron.scheduler.dhcp_agent_scheduler [None req-bc51618c-5ca6-426a-9daa-8aed86815cc0 fad346cfc52741e084e7e29c5a93ba7e 62690031eff145759e1a148cda7ca0e3 - - default default] No more DHCP agents
2026-05-09 18:03:11.556 10 WARNING neutron.api.rpc.agentnotifiers.dhcp_rpc_agent_api [None req-bc51618c-5ca6-426a-9daa-8aed86815cc0 fad346cfc52741e084e7e29c5a93ba7e 62690031eff145759e1a148cda7ca0e3 - - default default] Unable to schedule network c6a77cdb-dfa8-4f25-a215-59fefadd2b9f: no agents available; will retry on subsequent port and subnet creation events.
2026-05-09 18:03:11.605 9 INFO neutron.db.l3_db [req-e4931450-52c8-45d4-8b4f-6404c59e9512 req-638429b7-105d-43c9-8308-387071143a0d b3e98b5f237a43c2b4ea4927b93d3f40 56e2b8b1c6a34e4587e21f96deb64ab7 - - default default] Floating IP 36ea26db-1348-40ec-b2e1-652d0dbc8a1f disassociated. External IP: 10.96.250.206, port: a5231f2f-9fbd-4d40-a44f-6a72600d5e5d.
2026-05-09 18:03:11.816 9 INFO neutron.wsgi [req-e4931450-52c8-45d4-8b4f-6404c59e9512 req-638429b7-105d-43c9-8308-387071143a0d b3e98b5f237a43c2b4ea4927b93d3f40 56e2b8b1c6a34e4587e21f96deb64ab7 - - default default] 199.204.45.246 "DELETE /v2.0/ports/a5231f2f-9fbd-4d40-a44f-6a72600d5e5d HTTP/1.1" status: 204 len: 173 time: 0.4788368
2026-05-09 18:03:11.854 9 INFO neutron.notifiers.nova [-] Nova event matching ['req-245a7c7f-345e-4c4a-ad41-98d467afc562'] response: {'server_uuid': '03c16838-b675-47df-b5cf-cc3d3901f2fb', 'name': 'network-vif-deleted', 'tag': 'a5231f2f-9fbd-4d40-a44f-6a72600d5e5d', 'status': 'completed', 'code': 200} /var/lib/openstack/lib/python3.10/site-packages/pycadf/identifier.py:71: UserWarning: Invalid uuid: neutron. To ensure interoperability, identifiers should be a valid uuid. warnings.warn(('Invalid uuid: %s. To ensure interoperability, '
2026-05-09 18:03:12.322 10 INFO neutron.db.ovn_revision_numbers_db [None req-bc51618c-5ca6-426a-9daa-8aed86815cc0 fad346cfc52741e084e7e29c5a93ba7e 62690031eff145759e1a148cda7ca0e3 - - default default] Successfully bumped revision number for resource 9c565740-33a3-4ca2-be6b-754ad5fd32a1 (type: ports) to 2
2026-05-09 18:03:12.340 9 INFO neutron.wsgi [None req-05cd6da5-2c63-4dc0-a27d-ece099917d54 b3e98b5f237a43c2b4ea4927b93d3f40 56e2b8b1c6a34e4587e21f96deb64ab7 - - default default] 10.0.0.188 "DELETE /v2.0/security-groups/a8d1af9b-52f9-4a8e-b767-1f11315d9fb0 HTTP/1.1" status: 204 len: 168 time: 0.1188905
2026-05-09 18:03:12.354 10 INFO neutron.db.ovn_revision_numbers_db [None req-bc51618c-5ca6-426a-9daa-8aed86815cc0 fad346cfc52741e084e7e29c5a93ba7e 62690031eff145759e1a148cda7ca0e3 - - default default] Successfully bumped revision number for resource e6fcf44e-01db-4170-8046-e6f18edcd435 (type: subnets) to 0
2026-05-09 18:03:12.357 9 INFO neutron.api.v2.resource [None req-21d6b354-8713-412b-b5ed-93d6465ff72a b3e98b5f237a43c2b4ea4927b93d3f40 56e2b8b1c6a34e4587e21f96deb64ab7 - - default default] show failed (client error): The resource could not be found.
2026-05-09 18:03:12.358 9 INFO neutron.wsgi [None req-21d6b354-8713-412b-b5ed-93d6465ff72a b3e98b5f237a43c2b4ea4927b93d3f40 56e2b8b1c6a34e4587e21f96deb64ab7 - - default default] 10.0.0.188 "GET /v2.0/security-groups/a8d1af9b-52f9-4a8e-b767-1f11315d9fb0 HTTP/1.1" status: 404 len: 347 time: 0.0119541
2026-05-09 18:03:12.369 10 INFO neutron.wsgi [None req-bc51618c-5ca6-426a-9daa-8aed86815cc0 fad346cfc52741e084e7e29c5a93ba7e 62690031eff145759e1a148cda7ca0e3 - - default default] 10.0.0.188 "POST /v2.0/subnets HTTP/1.1" status: 201 len: 801 time: 1.0709879 /var/lib/openstack/lib/python3.10/site-packages/pycadf/identifier.py:71: UserWarning: Invalid uuid: neutron. To ensure interoperability, identifiers should be a valid uuid. warnings.warn(('Invalid uuid: %s. To ensure interoperability, '
2026-05-09 18:03:12.376 10 WARNING neutron_lib.context [None req-76fd5fe5-20b9-4617-8e1e-c38bd3398e22 fad346cfc52741e084e7e29c5a93ba7e 62690031eff145759e1a148cda7ca0e3 - - default default] Method 'is_advsvc' is deprecated since 2023.2 release (neutron-lib 3.8.0) and will be removed once support for the old RBAC API policies will be removed from Neutron. Please use method 'is_service_role' instead.
2026-05-09 18:03:12.452 10 INFO neutron.db.segments_db [None req-76fd5fe5-20b9-4617-8e1e-c38bd3398e22 fad346cfc52741e084e7e29c5a93ba7e 62690031eff145759e1a148cda7ca0e3 - - default default] Added segment 4aec2bea-8d1c-49a2-bc8f-16d8a46f62a5 of type geneve for network cf716bc9-fe4e-447f-97fd-473c0817e1d9
2026-05-09 18:03:12.607 10 INFO neutron.db.ovn_revision_numbers_db [None req-76fd5fe5-20b9-4617-8e1e-c38bd3398e22 fad346cfc52741e084e7e29c5a93ba7e 62690031eff145759e1a148cda7ca0e3 - - default default] Successfully bumped revision number for resource cf716bc9-fe4e-447f-97fd-473c0817e1d9 (type: networks) to 1
2026-05-09 18:03:12.711 9 INFO neutron.wsgi [None req-b0f4d835-42e1-4145-a007-f952c84a27ad b3e98b5f237a43c2b4ea4927b93d3f40 56e2b8b1c6a34e4587e21f96deb64ab7 - - default default] 10.0.0.188 "DELETE /v2.0/floatingips/36ea26db-1348-40ec-b2e1-652d0dbc8a1f HTTP/1.1" status: 204 len: 168 time: 0.3474708
2026-05-09 18:03:12.782 10 WARNING neutron.scheduler.dhcp_agent_scheduler [None req-76fd5fe5-20b9-4617-8e1e-c38bd3398e22 fad346cfc52741e084e7e29c5a93ba7e 62690031eff145759e1a148cda7ca0e3 - - default default] No more DHCP agents
2026-05-09 18:03:12.784 10 WARNING neutron.api.rpc.agentnotifiers.dhcp_rpc_agent_api [None req-76fd5fe5-20b9-4617-8e1e-c38bd3398e22 fad346cfc52741e084e7e29c5a93ba7e 62690031eff145759e1a148cda7ca0e3 - - default default] Unable to schedule network cf716bc9-fe4e-447f-97fd-473c0817e1d9: no agents available; will retry on subsequent port and subnet creation events.
2026-05-09 18:03:12.855 9 INFO neutron.wsgi [None req-546daede-db68-4488-88a8-170d6b8c447a b3e98b5f237a43c2b4ea4927b93d3f40 56e2b8b1c6a34e4587e21f96deb64ab7 - - default default] 10.0.0.188 "DELETE /v2.0/security-groups/3c5f0378-0a6a-44a3-908e-1e18d2c76fc7 HTTP/1.1" status: 204 len: 168 time: 0.1388443
2026-05-09 18:03:12.869 10 INFO neutron.db.ovn_revision_numbers_db [None req-76fd5fe5-20b9-4617-8e1e-c38bd3398e22 fad346cfc52741e084e7e29c5a93ba7e 62690031eff145759e1a148cda7ca0e3 - - default default] Successfully bumped revision number for resource d35f070f-6bc8-420d-919d-ffe3790347b4 (type: ports) to 1
2026-05-09 18:03:12.889 10 INFO neutron.wsgi [None req-76fd5fe5-20b9-4617-8e1e-c38bd3398e22 fad346cfc52741e084e7e29c5a93ba7e 62690031eff145759e1a148cda7ca0e3 - - default default] 10.0.0.188 "POST /v2.0/networks HTTP/1.1" status: 201 len: 830 time: 0.5164793
2026-05-09 18:03:12.901 10 WARNING neutron_lib.context [None req-d1b8cd9f-a8f8-4b0d-af99-06f52fb4b278 fad346cfc52741e084e7e29c5a93ba7e 62690031eff145759e1a148cda7ca0e3 - - default default] Method 'is_advsvc' is deprecated since 2023.2 release (neutron-lib 3.8.0) and will be removed once support for the old RBAC API policies will be removed from Neutron. Please use method 'is_service_role' instead.
2026-05-09 18:03:13.127 10 WARNING neutron.scheduler.dhcp_agent_scheduler [None req-d1b8cd9f-a8f8-4b0d-af99-06f52fb4b278 fad346cfc52741e084e7e29c5a93ba7e 62690031eff145759e1a148cda7ca0e3 - - default default] No more DHCP agents
2026-05-09 18:03:13.130 10 WARNING neutron.api.rpc.agentnotifiers.dhcp_rpc_agent_api [None req-d1b8cd9f-a8f8-4b0d-af99-06f52fb4b278 fad346cfc52741e084e7e29c5a93ba7e 62690031eff145759e1a148cda7ca0e3 - - default default] Unable to schedule network cf716bc9-fe4e-447f-97fd-473c0817e1d9: no agents available; will retry on subsequent port and subnet creation events.
2026-05-09 18:03:13.263 10 INFO neutron.notifiers.nova [-] Nova event matching ['req-7e7f733f-35cf-496c-87e9-e86478cd4ea2'] response: {'server_uuid': '03c16838-b675-47df-b5cf-cc3d3901f2fb', 'name': 'network-vif-plugged', 'status': 'completed', 'tag': 'a5231f2f-9fbd-4d40-a44f-6a72600d5e5d', 'code': 200}
2026-05-09 18:03:13.444 10 INFO neutron.wsgi [-] 10.0.0.111 "GET / HTTP/1.1" status: 200 len: 247 time: 0.0029855
2026-05-09 18:03:13.445 10 INFO neutron.wsgi [-] 10.0.0.111 "GET / HTTP/1.1" status: 200 len: 247 time: 0.0008705
2026-05-09 18:03:13.626 10 INFO neutron.db.ovn_revision_numbers_db [None req-d1b8cd9f-a8f8-4b0d-af99-06f52fb4b278 fad346cfc52741e084e7e29c5a93ba7e 62690031eff145759e1a148cda7ca0e3 - - default default] Successfully bumped revision number for resource d35f070f-6bc8-420d-919d-ffe3790347b4 (type: ports) to 2
2026-05-09 18:03:13.664 10 INFO neutron.db.ovn_revision_numbers_db [None req-d1b8cd9f-a8f8-4b0d-af99-06f52fb4b278 fad346cfc52741e084e7e29c5a93ba7e 62690031eff145759e1a148cda7ca0e3 - - default default] Successfully bumped revision number for resource 3fbd1987-b9d7-4b49-9779-2954bdaf9fab (type: subnets) to 0
2026-05-09 18:03:13.679 10 INFO neutron.wsgi [None req-d1b8cd9f-a8f8-4b0d-af99-06f52fb4b278 fad346cfc52741e084e7e29c5a93ba7e 62690031eff145759e1a148cda7ca0e3 - - default default] 10.0.0.188 "POST /v2.0/subnets HTTP/1.1" status: 201 len: 804 time: 0.7854116
2026-05-09 18:03:13.688 10 WARNING neutron_lib.context [None req-185f61ea-a6a8-4af3-a702-227da1a660e8 fad346cfc52741e084e7e29c5a93ba7e 62690031eff145759e1a148cda7ca0e3 - - default default] Method 'is_advsvc' is deprecated since 2023.2 release (neutron-lib 3.8.0) and will be removed once support for the old RBAC API policies will be removed from Neutron. Please use method 'is_service_role' instead.
2026-05-09 18:03:13.761 10 INFO neutron.db.segments_db [None req-185f61ea-a6a8-4af3-a702-227da1a660e8 fad346cfc52741e084e7e29c5a93ba7e 62690031eff145759e1a148cda7ca0e3 - - default default] Added segment 12827312-ea00-4db0-8b7f-18ac856c698d of type geneve for network 69fc3348-edc5-4fec-b209-6ba0389464ef
2026-05-09 18:03:13.912 10 INFO neutron.db.ovn_revision_numbers_db [None req-185f61ea-a6a8-4af3-a702-227da1a660e8 fad346cfc52741e084e7e29c5a93ba7e 62690031eff145759e1a148cda7ca0e3 - - default default] Successfully bumped revision number for resource 69fc3348-edc5-4fec-b209-6ba0389464ef (type: networks) to 1
2026-05-09 18:03:13.968 9 INFO neutron.wsgi [None req-29c3e3fd-680f-404d-9830-e4436e169e59 403c861a68fa4d29b7a03bd97f863667 11d5b78ddac64b9aac04041d6853d349 - - default default] 10.0.0.188 "PUT /v2.0/routers/f5255714-874c-453a-8804-54703b4bed90/remove_router_interface HTTP/1.1" status: 200 len: 503 time: 1.0830603 /var/lib/openstack/lib/python3.10/site-packages/pycadf/identifier.py:71: UserWarning: Invalid uuid: neutron. To ensure interoperability, identifiers should be a valid uuid. warnings.warn(('Invalid uuid: %s. To ensure interoperability, '
2026-05-09 18:03:14.099 10 WARNING neutron.scheduler.dhcp_agent_scheduler [None req-185f61ea-a6a8-4af3-a702-227da1a660e8 fad346cfc52741e084e7e29c5a93ba7e 62690031eff145759e1a148cda7ca0e3 - - default default] No more DHCP agents
2026-05-09 18:03:14.102 10 WARNING neutron.api.rpc.agentnotifiers.dhcp_rpc_agent_api [None req-185f61ea-a6a8-4af3-a702-227da1a660e8 fad346cfc52741e084e7e29c5a93ba7e 62690031eff145759e1a148cda7ca0e3 - - default default] Unable to schedule network 69fc3348-edc5-4fec-b209-6ba0389464ef: no agents available; will retry on subsequent port and subnet creation events.
2026-05-09 18:03:14.187 10 INFO neutron.db.ovn_revision_numbers_db [None req-185f61ea-a6a8-4af3-a702-227da1a660e8 fad346cfc52741e084e7e29c5a93ba7e 62690031eff145759e1a148cda7ca0e3 - - default default] Successfully bumped revision number for resource 74a176ca-0782-4bd2-98c8-81b4d3530759 (type: ports) to 1
2026-05-09 18:03:14.207 10 INFO neutron.wsgi [None req-185f61ea-a6a8-4af3-a702-227da1a660e8 fad346cfc52741e084e7e29c5a93ba7e 62690031eff145759e1a148cda7ca0e3 - - default default] 10.0.0.188 "POST /v2.0/networks HTTP/1.1" status: 201 len: 830 time: 0.5228324
2026-05-09 18:03:14.217 10 WARNING neutron_lib.context [None req-46e90b01-db8f-44fe-953f-103e50aae4b1 fad346cfc52741e084e7e29c5a93ba7e 62690031eff145759e1a148cda7ca0e3 - - default default] Method 'is_advsvc' is deprecated since 2023.2 release (neutron-lib 3.8.0) and will be removed once support for the old RBAC API policies will be removed from Neutron. Please use method 'is_service_role' instead.
2026-05-09 18:03:14.435 10 WARNING neutron.scheduler.dhcp_agent_scheduler [None req-46e90b01-db8f-44fe-953f-103e50aae4b1 fad346cfc52741e084e7e29c5a93ba7e 62690031eff145759e1a148cda7ca0e3 - - default default] No more DHCP agents
2026-05-09 18:03:14.437 10 WARNING neutron.api.rpc.agentnotifiers.dhcp_rpc_agent_api [None req-46e90b01-db8f-44fe-953f-103e50aae4b1 fad346cfc52741e084e7e29c5a93ba7e 62690031eff145759e1a148cda7ca0e3 - - default default] Unable to schedule network 69fc3348-edc5-4fec-b209-6ba0389464ef: no agents available; will retry on subsequent port and subnet creation events.
2026-05-09 18:03:14.920 10 INFO neutron.db.ovn_revision_numbers_db [None req-46e90b01-db8f-44fe-953f-103e50aae4b1 fad346cfc52741e084e7e29c5a93ba7e 62690031eff145759e1a148cda7ca0e3 - - default default] Successfully bumped revision number for resource 74a176ca-0782-4bd2-98c8-81b4d3530759 (type: ports) to 2
2026-05-09 18:03:14.959 10 INFO neutron.db.ovn_revision_numbers_db [None req-46e90b01-db8f-44fe-953f-103e50aae4b1 fad346cfc52741e084e7e29c5a93ba7e 62690031eff145759e1a148cda7ca0e3 - - default default] Successfully bumped revision number for resource 99bb5b34-0a83-4120-8bdd-995774a9b8e4 (type: subnets) to 0
2026-05-09 18:03:14.977 10 INFO neutron.wsgi [None req-46e90b01-db8f-44fe-953f-103e50aae4b1 fad346cfc52741e084e7e29c5a93ba7e 62690031eff145759e1a148cda7ca0e3 - - default default] 10.0.0.188 "POST /v2.0/subnets HTTP/1.1" status: 201 len: 804 time: 0.7645407
