2026-05-09 18:05:46.538 9 INFO neutron.wsgi [req-26453690-f01a-43ab-a4cb-86600204f427 req-0ea342c6-3713-4ecc-b52a-3b6d8093ee34 3d9dea9445d4474c86004f40755ec965 3265557e2e0f4adc8876917c1ab2194b - - 24fb024d43c54052bfeeb1475316e5b6 24fb024d43c54052bfeeb1475316e5b6] 199.204.45.246 "GET /v2.0/networks?id=879c1de3-46ab-4a58-8ede-0bb5df2ef190 HTTP/1.1" status: 200 len: 1003 time: 0.0993555
2026-05-09 18:05:46.606 9 INFO neutron.wsgi [req-26453690-f01a-43ab-a4cb-86600204f427 req-ff3755a7-ea8f-4092-a39f-2f48a256b093 3d9dea9445d4474c86004f40755ec965 3265557e2e0f4adc8876917c1ab2194b - - 24fb024d43c54052bfeeb1475316e5b6 24fb024d43c54052bfeeb1475316e5b6] 199.204.45.246 "GET /v2.0/floatingips?fixed_ip_address=10.2.1.250&port_id=fc9b6839-9a08-4ec4-81eb-e0422450aac8 HTTP/1.1" status: 200 len: 217 time: 0.0576665
2026-05-09 18:05:46.616 9 INFO neutron.wsgi [req-59688f46-01ad-4abc-8fa8-fde67ccb7624 req-15a70989-4ce3-4e15-9375-c3e368509f83 403c861a68fa4d29b7a03bd97f863667 11d5b78ddac64b9aac04041d6853d349 - - default default] 10.0.0.140 "GET /v2.0/ports/fc9b6839-9a08-4ec4-81eb-e0422450aac8 HTTP/1.1" status: 200 len: 1633 time: 0.0695343
2026-05-09 18:05:46.647 9 INFO neutron.wsgi [req-26453690-f01a-43ab-a4cb-86600204f427 req-3fb9350b-0e45-4ecd-889f-3d5cb9a882d1 3d9dea9445d4474c86004f40755ec965 3265557e2e0f4adc8876917c1ab2194b - - 24fb024d43c54052bfeeb1475316e5b6 24fb024d43c54052bfeeb1475316e5b6] 199.204.45.246 "GET /v2.0/floatingips?fixed_ip_address=fd7b%3Af9f7%3Afff%3A4eca%3A%3A31d&port_id=fc9b6839-9a08-4ec4-81eb-e0422450aac8 HTTP/1.1" status: 200 len: 217 time: 0.0289960
2026-05-09 18:05:46.661 10 INFO neutron.wsgi [None req-8fad4182-8320-4a05-b1d9-af46c0151475 403c861a68fa4d29b7a03bd97f863667 11d5b78ddac64b9aac04041d6853d349 - - default default] 199.204.45.246 "GET /v2.0/ports/fc9b6839-9a08-4ec4-81eb-e0422450aac8 HTTP/1.1" status: 200 len: 1635 time: 0.0356441
2026-05-09 18:05:46.699 10 INFO neutron.wsgi [None req-157af819-2601-4865-a1a4-4854c57f7ac3 403c861a68fa4d29b7a03bd97f863667 11d5b78ddac64b9aac04041d6853d349 - - default default] 199.204.45.246 "GET /v2.0/ports/fc9b6839-9a08-4ec4-81eb-e0422450aac8 HTTP/1.1" status: 200 len: 1635 time: 0.0295579
2026-05-09 18:05:46.703 9 INFO neutron.wsgi [req-26453690-f01a-43ab-a4cb-86600204f427 req-ff4024a5-ae9e-469d-9563-dc9bd183af18 3d9dea9445d4474c86004f40755ec965 3265557e2e0f4adc8876917c1ab2194b - - 24fb024d43c54052bfeeb1475316e5b6 24fb024d43c54052bfeeb1475316e5b6] 199.204.45.246 "GET /v2.0/subnets?id=809c4b3a-b775-4095-ac27-a3451f33c5ca&id=fccb21c4-65ff-41a4-b63d-9e56251211eb HTTP/1.1" status: 200 len: 1563 time: 0.0416515
2026-05-09 18:05:46.743 9 INFO neutron.wsgi [req-26453690-f01a-43ab-a4cb-86600204f427 req-24b2eba2-819a-48af-aa0c-cbd04eb64d8d 3d9dea9445d4474c86004f40755ec965 3265557e2e0f4adc8876917c1ab2194b - - 24fb024d43c54052bfeeb1475316e5b6 24fb024d43c54052bfeeb1475316e5b6] 199.204.45.246 "GET /v2.0/ports?network_id=879c1de3-46ab-4a58-8ede-0bb5df2ef190&device_owner=network%3Adhcp HTTP/1.1" status: 200 len: 210 time: 0.0328391
2026-05-09 18:05:46.776 9 INFO neutron.wsgi [req-26453690-f01a-43ab-a4cb-86600204f427 req-7fa3089f-ef01-48a9-ad03-0b420476c016 3d9dea9445d4474c86004f40755ec965 3265557e2e0f4adc8876917c1ab2194b - - 24fb024d43c54052bfeeb1475316e5b6 24fb024d43c54052bfeeb1475316e5b6] 199.204.45.246 "GET /v2.0/ports?network_id=879c1de3-46ab-4a58-8ede-0bb5df2ef190&device_owner=network%3Adhcp HTTP/1.1" status: 200 len: 210 time: 0.0266852
2026-05-09 18:05:46.868 9 INFO neutron.wsgi [req-26453690-f01a-43ab-a4cb-86600204f427 req-7f4ec1f1-fbbe-4e4f-bba1-0a6472f1b196 3d9dea9445d4474c86004f40755ec965 3265557e2e0f4adc8876917c1ab2194b - - 24fb024d43c54052bfeeb1475316e5b6 24fb024d43c54052bfeeb1475316e5b6] 199.204.45.246 "GET /v2.0/networks/879c1de3-46ab-4a58-8ede-0bb5df2ef190?fields=segments HTTP/1.1" status: 200 len: 212 time: 0.0857339
2026-05-09 18:05:46.925 9 INFO neutron.db.ovn_revision_numbers_db [None req-b53abae5-100b-4e58-a0c5-ba0a5ed47b26 - - - - - -] Successfully bumped revision number for resource fc9b6839-9a08-4ec4-81eb-e0422450aac8 (type: ports) to 4
2026-05-09 18:05:46.944 9 INFO neutron.wsgi [req-26453690-f01a-43ab-a4cb-86600204f427 req-1f0b04d9-4ab2-466b-bb39-5142085672e3 3d9dea9445d4474c86004f40755ec965 3265557e2e0f4adc8876917c1ab2194b - - 24fb024d43c54052bfeeb1475316e5b6 24fb024d43c54052bfeeb1475316e5b6] 199.204.45.246 "GET /v2.0/networks/879c1de3-46ab-4a58-8ede-0bb5df2ef190?fields=provider%3Aphysical_network&fields=provider%3Anetwork_type HTTP/1.1" status: 200 len: 277 time: 0.0690255
2026-05-09 18:05:47.132 10 INFO neutron.db.ovn_revision_numbers_db [None req-9e55cc1a-211f-4213-a158-aa0a8d20bdb9 403c861a68fa4d29b7a03bd97f863667 11d5b78ddac64b9aac04041d6853d349 - - default default] Successfully bumped revision number for resource fc9b6839-9a08-4ec4-81eb-e0422450aac8 (type: ports) to 5
2026-05-09 18:05:47.145 10 INFO neutron.wsgi [None req-9e55cc1a-211f-4213-a158-aa0a8d20bdb9 403c861a68fa4d29b7a03bd97f863667 11d5b78ddac64b9aac04041d6853d349 - - default default] 199.204.45.246 "PUT /v2.0/ports/fc9b6839-9a08-4ec4-81eb-e0422450aac8 HTTP/1.1" status: 200 len: 1378 time: 0.4389174 /var/lib/openstack/lib/python3.10/site-packages/pycadf/identifier.py:71: UserWarning: Invalid uuid: neutron. To ensure interoperability, identifiers should be a valid uuid. warnings.warn(('Invalid uuid: %s. To ensure interoperability, '
2026-05-09 18:05:47.189 10 INFO neutron.notifiers.nova [-] Nova event matching ['req-16602c67-e56c-4192-a36a-5ca5617d367e'] response: {'name': 'network-changed', 'server_uuid': 'e8cc7fd8-8995-4e55-85a7-92594bb66aaa', 'tag': 'fc9b6839-9a08-4ec4-81eb-e0422450aac8', 'status': 'completed', 'code': 200}
2026-05-09 18:05:47.215 10 INFO neutron.wsgi [None req-767f24b6-ab00-4be9-b33f-68b398150ad6 403c861a68fa4d29b7a03bd97f863667 11d5b78ddac64b9aac04041d6853d349 - - default default] 199.204.45.246 "GET /v2.0/networks/879c1de3-46ab-4a58-8ede-0bb5df2ef190 HTTP/1.1" status: 200 len: 1000 time: 0.0604999
2026-05-09 18:05:47.269 10 INFO neutron.wsgi [None req-35031c36-b579-4759-9606-141593c5b37a 403c861a68fa4d29b7a03bd97f863667 11d5b78ddac64b9aac04041d6853d349 - - default default] 199.204.45.246 "GET /v2.0/subnets/fccb21c4-65ff-41a4-b63d-9e56251211eb HTTP/1.1" status: 200 len: 849 time: 0.0451910
2026-05-09 18:05:47.297 9 INFO neutron.wsgi [req-668f0d75-3edd-43a7-850e-30c02bcc29dc req-3053d633-d78f-461b-8ae4-f81ceea9bce9 3d9dea9445d4474c86004f40755ec965 3265557e2e0f4adc8876917c1ab2194b - - 24fb024d43c54052bfeeb1475316e5b6 24fb024d43c54052bfeeb1475316e5b6] 199.204.45.246 "GET /v2.0/ports?tenant_id=11d5b78ddac64b9aac04041d6853d349&device_id=e8cc7fd8-8995-4e55-85a7-92594bb66aaa HTTP/1.1" status: 200 len: 3926 time: 0.0592551 /var/lib/openstack/lib/python3.10/site-packages/pycadf/identifier.py:71: UserWarning: Invalid uuid: neutron. To ensure interoperability, identifiers should be a valid uuid. warnings.warn(('Invalid uuid: %s. To ensure interoperability, '
2026-05-09 18:05:47.367 9 INFO neutron.wsgi [req-668f0d75-3edd-43a7-850e-30c02bcc29dc req-89dfb016-f3b1-49c9-8e5a-3b9b6c0aec74 3d9dea9445d4474c86004f40755ec965 3265557e2e0f4adc8876917c1ab2194b - - 24fb024d43c54052bfeeb1475316e5b6 24fb024d43c54052bfeeb1475316e5b6] 199.204.45.246 "GET /v2.0/networks?id=879c1de3-46ab-4a58-8ede-0bb5df2ef190 HTTP/1.1" status: 200 len: 1003 time: 0.0599282
2026-05-09 18:05:47.403 9 INFO neutron.wsgi [req-668f0d75-3edd-43a7-850e-30c02bcc29dc req-139261e7-65bd-4b9a-b56b-e701455738e5 3d9dea9445d4474c86004f40755ec965 3265557e2e0f4adc8876917c1ab2194b - - 24fb024d43c54052bfeeb1475316e5b6 24fb024d43c54052bfeeb1475316e5b6] 199.204.45.246 "GET /v2.0/floatingips?fixed_ip_address=10.2.1.250&port_id=fc9b6839-9a08-4ec4-81eb-e0422450aac8 HTTP/1.1" status: 200 len: 217 time: 0.0280681
2026-05-09 18:05:47.409 10 INFO neutron.wsgi [None req-46c158d9-ed62-45bd-8465-234f11ca63d5 403c861a68fa4d29b7a03bd97f863667 11d5b78ddac64b9aac04041d6853d349 - - default default] 199.204.45.246 "GET /v2.0/extensions/security-group HTTP/1.1" status: 200 len: 369 time: 0.0116746
2026-05-09 18:05:47.418 10 INFO neutron.wsgi [None req-479dc16a-7ad3-4ca0-b1a6-441e8342ba79 403c861a68fa4d29b7a03bd97f863667 11d5b78ddac64b9aac04041d6853d349 - - default default] 199.204.45.246 "GET /v2.0/extensions/dns-integration HTTP/1.1" status: 200 len: 371 time: 0.0039892
2026-05-09 18:05:47.425 10 INFO neutron.wsgi [None req-e1e5238f-7028-4646-88c7-48cc9351e305 403c861a68fa4d29b7a03bd97f863667 11d5b78ddac64b9aac04041d6853d349 - - default default] 199.204.45.246 "GET /v2.0/extensions/qos HTTP/1.1" status: 200 len: 365 time: 0.0040536
2026-05-09 18:05:47.434 10 INFO neutron.wsgi [None req-7bb612ec-7fad-479c-91fc-380a2505b563 403c861a68fa4d29b7a03bd97f863667 11d5b78ddac64b9aac04041d6853d349 - - default default] 199.204.45.246 "GET /v2.0/extensions/allowed-address-pairs HTTP/1.1" status: 200 len: 383 time: 0.0044386
2026-05-09 18:05:47.439 9 INFO neutron.wsgi [req-668f0d75-3edd-43a7-850e-30c02bcc29dc req-2a33b471-497f-4b0c-a102-837ccc020954 3d9dea9445d4474c86004f40755ec965 3265557e2e0f4adc8876917c1ab2194b - - 24fb024d43c54052bfeeb1475316e5b6 24fb024d43c54052bfeeb1475316e5b6] 199.204.45.246 "GET /v2.0/subnets?id=fccb21c4-65ff-41a4-b63d-9e56251211eb HTTP/1.1" status: 200 len: 852 time: 0.0279636
2026-05-09 18:05:47.468 10 INFO neutron.wsgi [None req-486ef761-ae95-440d-ad6a-2d714005339a 403c861a68fa4d29b7a03bd97f863667 11d5b78ddac64b9aac04041d6853d349 - - default default] 199.204.45.246 "GET /v2.0/subnets/553663cd-b6ce-4738-8069-dc0938d36276 HTTP/1.1" status: 200 len: 850 time: 0.0296535
2026-05-09 18:05:47.471 9 INFO neutron.wsgi [req-668f0d75-3edd-43a7-850e-30c02bcc29dc req-15401959-c90a-49b3-b038-721bc74088b3 3d9dea9445d4474c86004f40755ec965 3265557e2e0f4adc8876917c1ab2194b - - 24fb024d43c54052bfeeb1475316e5b6 24fb024d43c54052bfeeb1475316e5b6] 199.204.45.246 "GET /v2.0/ports?network_id=879c1de3-46ab-4a58-8ede-0bb5df2ef190&device_owner=network%3Adhcp HTTP/1.1" status: 200 len: 210 time: 0.0260465
2026-05-09 18:05:47.486 9 INFO neutron.notifiers.nova [-] Nova event matching ['req-8ad42694-f5b8-47e9-ab77-01b28cf9d6f0'] response: {'server_uuid': 'e8cc7fd8-8995-4e55-85a7-92594bb66aaa', 'name': 'network-vif-plugged', 'status': 'completed', 'tag': 'fc9b6839-9a08-4ec4-81eb-e0422450aac8', 'code': 200}
2026-05-09 18:05:47.486 9 INFO neutron.notifiers.nova [-] Nova event matching ['req-8ad42694-f5b8-47e9-ab77-01b28cf9d6f0'] response: {'server_uuid': 'e8cc7fd8-8995-4e55-85a7-92594bb66aaa', 'name': 'network-vif-plugged', 'status': 'completed', 'tag': 'fc9b6839-9a08-4ec4-81eb-e0422450aac8', 'code': 200}
2026-05-09 18:05:47.505 10 INFO neutron.wsgi [None req-05d3ed01-2991-4e4b-b1ea-863a335f9faf 403c861a68fa4d29b7a03bd97f863667 11d5b78ddac64b9aac04041d6853d349 - - default default] 199.204.45.246 "GET /v2.0/ports/294d2ae0-197e-44a5-91da-feefd82daa84 HTTP/1.1" status: 200 len: 1340 time: 0.0296316
2026-05-09 18:05:47.526 9 INFO neutron.wsgi [req-668f0d75-3edd-43a7-850e-30c02bcc29dc req-69492b82-67e2-489d-88c3-d7097af0a039 3d9dea9445d4474c86004f40755ec965 3265557e2e0f4adc8876917c1ab2194b - - 24fb024d43c54052bfeeb1475316e5b6 24fb024d43c54052bfeeb1475316e5b6] 199.204.45.246 "GET /v2.0/networks/879c1de3-46ab-4a58-8ede-0bb5df2ef190?fields=segments HTTP/1.1" status: 200 len: 212 time: 0.0482614
2026-05-09 18:05:47.546 10 INFO neutron.wsgi [None req-e5a208e1-006a-4f3e-9432-54cfe28a5751 403c861a68fa4d29b7a03bd97f863667 11d5b78ddac64b9aac04041d6853d349 - - default default] 199.204.45.246 "GET /v2.0/ports/76d85609-ab2a-4e15-ac3e-f88c8bc3371d HTTP/1.1" status: 200 len: 1519 time: 0.0322673
2026-05-09 18:05:47.595 10 INFO neutron.wsgi [None req-235a5c7f-7968-4f0a-a883-5639b51d6ddd 403c861a68fa4d29b7a03bd97f863667 11d5b78ddac64b9aac04041d6853d349 - - default default] 199.204.45.246 "GET /v2.0/subnets/553663cd-b6ce-4738-8069-dc0938d36276 HTTP/1.1" status: 200 len: 850 time: 0.0399632
2026-05-09 18:05:47.603 9 INFO neutron.wsgi [req-668f0d75-3edd-43a7-850e-30c02bcc29dc req-3f2829b8-634a-4b08-a38d-9e061a794cc7 3d9dea9445d4474c86004f40755ec965 3265557e2e0f4adc8876917c1ab2194b - - 24fb024d43c54052bfeeb1475316e5b6 24fb024d43c54052bfeeb1475316e5b6] 199.204.45.246 "GET /v2.0/networks/879c1de3-46ab-4a58-8ede-0bb5df2ef190?fields=provider%3Aphysical_network&fields=provider%3Anetwork_type HTTP/1.1" status: 200 len: 277 time: 0.0702057
2026-05-09 18:05:47.677 10 INFO neutron.wsgi [None req-541cbb05-791f-49f6-98d2-9a4c6509667e 403c861a68fa4d29b7a03bd97f863667 11d5b78ddac64b9aac04041d6853d349 - - default default] 199.204.45.246 "GET /v2.0/networks/a210bb63-7755-4e80-9b2b-005e91d6f612 HTTP/1.1" status: 200 len: 1002 time: 0.0731251
2026-05-09 18:05:47.717 10 INFO neutron.wsgi [None req-0c8fdfe5-2459-4551-a982-c4920e7ba32f 403c861a68fa4d29b7a03bd97f863667 11d5b78ddac64b9aac04041d6853d349 - - default default] 199.204.45.246 "GET /v2.0/ports/294d2ae0-197e-44a5-91da-feefd82daa84 HTTP/1.1" status: 200 len: 1340 time: 0.0330765
2026-05-09 18:05:47.764 10 INFO neutron.wsgi [None req-a0446142-c9b3-465f-a090-8dbe1b59490f 403c861a68fa4d29b7a03bd97f863667 11d5b78ddac64b9aac04041d6853d349 - - default default] 199.204.45.246 "GET /v2.0/subnets/553663cd-b6ce-4738-8069-dc0938d36276 HTTP/1.1" status: 200 len: 850 time: 0.0403814
2026-05-09 18:05:52.776 9 INFO neutron.wsgi [None req-f40d31f6-b914-4b9d-ae58-38e6a4ef47dd 403c861a68fa4d29b7a03bd97f863667 11d5b78ddac64b9aac04041d6853d349 - - default default] 10.0.0.205 "GET /v2.0/extensions/security-group HTTP/1.1" status: 200 len: 369 time: 0.0089810
2026-05-09 18:05:52.790 9 INFO neutron.wsgi [None req-a9b2f541-7522-4ae8-8670-737553499834 403c861a68fa4d29b7a03bd97f863667 11d5b78ddac64b9aac04041d6853d349 - - default default] 10.0.0.205 "GET /v2.0/extensions/dns-integration HTTP/1.1" status: 200 len: 371 time: 0.0046680
2026-05-09 18:05:52.799 9 INFO neutron.wsgi [None req-ab8ce54e-2322-4d4d-9412-3868321f7fcc 403c861a68fa4d29b7a03bd97f863667 11d5b78ddac64b9aac04041d6853d349 - - default default] 10.0.0.205 "GET /v2.0/extensions/qos HTTP/1.1" status: 200 len: 365 time: 0.0053937
2026-05-09 18:05:52.810 9 INFO neutron.wsgi [None req-45f40947-4909-48bb-a367-2fb1258172cc 403c861a68fa4d29b7a03bd97f863667 11d5b78ddac64b9aac04041d6853d349 - - default default] 10.0.0.205 "GET /v2.0/extensions/allowed-address-pairs HTTP/1.1" status: 200 len: 383 time: 0.0048339
2026-05-09 18:05:53.168 9 INFO neutron.wsgi [-] 10.0.0.205 "GET / HTTP/1.1" status: 200 len: 284 time: 0.0043399
2026-05-09 18:05:53.222 9 INFO neutron.wsgi [None req-ad2646aa-3494-400b-ba1d-12343a1ccc5f 773d190d4c134965ae45f90b2f87da69 dd47d363159f4020aa76f7724c35c27f - - default default] 10.0.0.205 "GET /v2.0/subnets/985a2651-cf56-48e4-863e-18bda0dc6c82 HTTP/1.1" status: 200 len: 830 time: 0.0391040
2026-05-09 18:05:53.928 10 INFO neutron.wsgi [None req-8902cc91-8dc7-4cf7-a56c-1302525836e9 403c861a68fa4d29b7a03bd97f863667 11d5b78ddac64b9aac04041d6853d349 - - default default] 199.204.45.246 "GET /v2.0/extensions/security-group HTTP/1.1" status: 200 len: 369 time: 0.0090413
2026-05-09 18:05:53.937 10 INFO neutron.wsgi [None req-3cf9d618-7146-4bef-8e5b-f845e3f7c746 403c861a68fa4d29b7a03bd97f863667 11d5b78ddac64b9aac04041d6853d349 - - default default] 199.204.45.246 "GET /v2.0/extensions/dns-integration HTTP/1.1" status: 200 len: 371 time: 0.0049720
2026-05-09 18:05:53.945 10 INFO neutron.wsgi [None req-872f05c9-87f4-4d20-b293-e9ccbed03595 403c861a68fa4d29b7a03bd97f863667 11d5b78ddac64b9aac04041d6853d349 - - default default] 199.204.45.246 "GET /v2.0/extensions/qos HTTP/1.1" status: 200 len: 365 time: 0.0042732
2026-05-09 18:05:53.960 10 INFO neutron.wsgi [None req-fa4f2249-c26d-4bed-8a97-fd1735376e05 403c861a68fa4d29b7a03bd97f863667 11d5b78ddac64b9aac04041d6853d349 - - default default] 199.204.45.246 "GET /v2.0/extensions/allowed-address-pairs HTTP/1.1" status: 200 len: 383 time: 0.0068305
2026-05-09 18:05:54.006 10 INFO neutron.wsgi [None req-ec09b3d2-0347-4414-a526-a1e498c6500a 403c861a68fa4d29b7a03bd97f863667 11d5b78ddac64b9aac04041d6853d349 - - default default] 199.204.45.246 "GET /v2.0/subnets/fccb21c4-65ff-41a4-b63d-9e56251211eb HTTP/1.1" status: 200 len: 849 time: 0.0388494
2026-05-09 18:05:54.051 10 INFO neutron.wsgi [None req-b3c42dd9-252d-4c8e-9c6f-50f7a41b94d7 403c861a68fa4d29b7a03bd97f863667 11d5b78ddac64b9aac04041d6853d349 - - default default] 199.204.45.246 "GET /v2.0/subnets/985a2651-cf56-48e4-863e-18bda0dc6c82 HTTP/1.1" status: 200 len: 848 time: 0.0362983
2026-05-09 18:05:54.106 10 INFO neutron.wsgi [None req-e70da8ce-3a1c-42b0-b4a4-795ac62ee570 403c861a68fa4d29b7a03bd97f863667 11d5b78ddac64b9aac04041d6853d349 - - default default] 199.204.45.246 "GET /v2.0/ports?device_id=e8cc7fd8-8995-4e55-85a7-92594bb66aaa HTTP/1.1" status: 200 len: 3926 time: 0.0482185
2026-05-09 18:05:54.265 10 INFO neutron.wsgi [None req-39961a94-b04e-4e17-a5c0-c4ac3c0f02bd 403c861a68fa4d29b7a03bd97f863667 11d5b78ddac64b9aac04041d6853d349 - - default default] 199.204.45.246 "GET /v2.0/extensions/security-group HTTP/1.1" status: 200 len: 369 time: 0.0082262
2026-05-09 18:05:54.279 10 INFO neutron.wsgi [None req-66e9cbdc-dafa-4ff4-8252-4ddcc74b70db 403c861a68fa4d29b7a03bd97f863667 11d5b78ddac64b9aac04041d6853d349 - - default default] 199.204.45.246 "GET /v2.0/extensions/dns-integration HTTP/1.1" status: 200 len: 371 time: 0.0061338
2026-05-09 18:05:54.289 10 INFO neutron.wsgi [None req-ba807f50-684c-4608-af64-27f23f5eb74a 403c861a68fa4d29b7a03bd97f863667 11d5b78ddac64b9aac04041d6853d349 - - default default] 199.204.45.246 "GET /v2.0/extensions/qos HTTP/1.1" status: 200 len: 365 time: 0.0039694
2026-05-09 18:05:54.297 10 INFO neutron.wsgi [None req-5857c79c-e9d9-4cdf-b02f-63813c836a4c 403c861a68fa4d29b7a03bd97f863667 11d5b78ddac64b9aac04041d6853d349 - - default default] 199.204.45.246 "GET /v2.0/extensions/allowed-address-pairs HTTP/1.1" status: 200 len: 383 time: 0.0039532
2026-05-09 18:05:54.492 9 INFO neutron.wsgi [req-f5f6b62c-2495-4278-a912-832d3fad4ddb req-5f98c5f8-dd15-4643-b197-7833ae16a45b 3d9dea9445d4474c86004f40755ec965 3265557e2e0f4adc8876917c1ab2194b - - 24fb024d43c54052bfeeb1475316e5b6 24fb024d43c54052bfeeb1475316e5b6] 199.204.45.246 "GET /v2.0/networks/1a800b27-aa5f-4ad0-9fe5-f4385ecd6778?fields=segments HTTP/1.1" status: 200 len: 212 time: 0.0786848
2026-05-09 18:05:54.565 9 INFO neutron.wsgi [req-f5f6b62c-2495-4278-a912-832d3fad4ddb req-09071706-8ed2-4e9d-8ff2-fceb2d17d7b3 3d9dea9445d4474c86004f40755ec965 3265557e2e0f4adc8876917c1ab2194b - - 24fb024d43c54052bfeeb1475316e5b6 24fb024d43c54052bfeeb1475316e5b6] 199.204.45.246 "GET /v2.0/networks/1a800b27-aa5f-4ad0-9fe5-f4385ecd6778?fields=provider%3Aphysical_network&fields=provider%3Anetwork_type HTTP/1.1" status: 200 len: 277 time: 0.0683966
2026-05-09 18:05:54.657 9 INFO neutron.wsgi [req-f5f6b62c-2495-4278-a912-832d3fad4ddb req-d10f7048-e916-4a4a-8181-edf30db70414 403c861a68fa4d29b7a03bd97f863667 11d5b78ddac64b9aac04041d6853d349 - - default default] 199.204.45.246 "GET /v2.0/networks?id=1a800b27-aa5f-4ad0-9fe5-f4385ecd6778 HTTP/1.1" status: 200 len: 1001 time: 0.0771997
2026-05-09 18:05:54.713 10 INFO neutron.wsgi [req-88c46ef8-d362-476f-ae0f-b700bde46ef5 req-3d29274f-9ff1-4b89-965b-8d2d9b41fef2 3d9dea9445d4474c86004f40755ec965 3265557e2e0f4adc8876917c1ab2194b - - 24fb024d43c54052bfeeb1475316e5b6 24fb024d43c54052bfeeb1475316e5b6] 199.204.45.246 "GET /v2.0/ports?device_id=899eae81-a6b4-4d72-8cea-4907e43d1a77&fields=binding%3Ahost_id&fields=binding%3Avif_type HTTP/1.1" status: 200 len: 265 time: 0.0408335
2026-05-09 18:05:54.806 10 INFO neutron.wsgi [req-88c46ef8-d362-476f-ae0f-b700bde46ef5 req-69731360-f655-474a-91d3-1137cc2a639a 3d9dea9445d4474c86004f40755ec965 3265557e2e0f4adc8876917c1ab2194b - - 24fb024d43c54052bfeeb1475316e5b6 24fb024d43c54052bfeeb1475316e5b6] 199.204.45.246 "GET /v2.0/ports?tenant_id=dd47d363159f4020aa76f7724c35c27f&device_id=899eae81-a6b4-4d72-8cea-4907e43d1a77 HTTP/1.1" status: 200 len: 1642 time: 0.0657144
2026-05-09 18:05:54.890 10 INFO neutron.wsgi [req-88c46ef8-d362-476f-ae0f-b700bde46ef5 req-dd20977c-040a-457e-8acb-38359b8b8c3b 3d9dea9445d4474c86004f40755ec965 3265557e2e0f4adc8876917c1ab2194b - - 24fb024d43c54052bfeeb1475316e5b6 24fb024d43c54052bfeeb1475316e5b6] 199.204.45.246 "GET /v2.0/networks?id=1a800b27-aa5f-4ad0-9fe5-f4385ecd6778 HTTP/1.1" status: 200 len: 1001 time: 0.0609410
2026-05-09 18:05:54.953 9 WARNING neutron.scheduler.dhcp_agent_scheduler [req-f5f6b62c-2495-4278-a912-832d3fad4ddb req-a91c6ebf-8173-4199-8b45-a88f980af742 403c861a68fa4d29b7a03bd97f863667 11d5b78ddac64b9aac04041d6853d349 - - default default] No more DHCP agents
2026-05-09 18:05:54.954 9 WARNING neutron.api.rpc.agentnotifiers.dhcp_rpc_agent_api [req-f5f6b62c-2495-4278-a912-832d3fad4ddb req-a91c6ebf-8173-4199-8b45-a88f980af742 403c861a68fa4d29b7a03bd97f863667 11d5b78ddac64b9aac04041d6853d349 - - default default] Unable to schedule network 1a800b27-aa5f-4ad0-9fe5-f4385ecd6778: no agents available; will retry on subsequent port and subnet creation events.
2026-05-09 18:05:54.967 10 INFO neutron.wsgi [req-88c46ef8-d362-476f-ae0f-b700bde46ef5 req-5d0d72b2-1112-47fc-a6c5-8ee061d1cf8a 3d9dea9445d4474c86004f40755ec965 3265557e2e0f4adc8876917c1ab2194b - - 24fb024d43c54052bfeeb1475316e5b6 24fb024d43c54052bfeeb1475316e5b6] 199.204.45.246 "GET /v2.0/floatingips?fixed_ip_address=10.2.2.239&port_id=f35f2956-593e-40a4-aaa8-0498637a8a92 HTTP/1.1" status: 200 len: 1059 time: 0.0672224
2026-05-09 18:05:54.997 10 INFO neutron.wsgi [req-88c46ef8-d362-476f-ae0f-b700bde46ef5 req-bcedb7d9-3e7b-4af5-a8dc-af4899a3ad0b 3d9dea9445d4474c86004f40755ec965 3265557e2e0f4adc8876917c1ab2194b - - 24fb024d43c54052bfeeb1475316e5b6 24fb024d43c54052bfeeb1475316e5b6] 199.204.45.246 "GET /v2.0/floatingips?fixed_ip_address=fd77%3A1457%3A4cf0%3A26a8%3A%3A135&port_id=f35f2956-593e-40a4-aaa8-0498637a8a92 HTTP/1.1" status: 200 len: 217 time: 0.0225618
2026-05-09 18:05:55.044 10 INFO neutron.wsgi [req-88c46ef8-d362-476f-ae0f-b700bde46ef5 req-ccc0296f-2be9-458f-91e6-023a2cc6929c 3d9dea9445d4474c86004f40755ec965 3265557e2e0f4adc8876917c1ab2194b - - 24fb024d43c54052bfeeb1475316e5b6 24fb024d43c54052bfeeb1475316e5b6] 199.204.45.246 "GET /v2.0/subnets?id=e71c1c03-0e86-4ba1-8e8b-807a1a717ae3&id=985a2651-cf56-48e4-863e-18bda0dc6c82 HTTP/1.1" status: 200 len: 1564 time: 0.0404763
2026-05-09 18:05:55.088 10 INFO neutron.wsgi [req-88c46ef8-d362-476f-ae0f-b700bde46ef5 req-45c5b100-cbf2-4489-8d6a-28fda9c99f41 3d9dea9445d4474c86004f40755ec965 3265557e2e0f4adc8876917c1ab2194b - - 24fb024d43c54052bfeeb1475316e5b6 24fb024d43c54052bfeeb1475316e5b6] 199.204.45.246 "GET /v2.0/ports?network_id=1a800b27-aa5f-4ad0-9fe5-f4385ecd6778&device_owner=network%3Adhcp HTTP/1.1" status: 200 len: 210 time: 0.0361907
2026-05-09 18:05:55.100 9 INFO neutron.db.ovn_revision_numbers_db [req-f5f6b62c-2495-4278-a912-832d3fad4ddb req-a91c6ebf-8173-4199-8b45-a88f980af742 403c861a68fa4d29b7a03bd97f863667 11d5b78ddac64b9aac04041d6853d349 - - default default] Successfully bumped revision number for resource 735d59a3-c500-405b-bd3f-cb3729225984 (type: ports) to 1
2026-05-09 18:05:55.110 10 INFO neutron.wsgi [req-88c46ef8-d362-476f-ae0f-b700bde46ef5 req-76b506b2-af99-4c00-9ac3-32ae5d457a07 3d9dea9445d4474c86004f40755ec965 3265557e2e0f4adc8876917c1ab2194b - - 24fb024d43c54052bfeeb1475316e5b6 24fb024d43c54052bfeeb1475316e5b6] 199.204.45.246 "GET /v2.0/ports?network_id=1a800b27-aa5f-4ad0-9fe5-f4385ecd6778&device_owner=network%3Adhcp HTTP/1.1" status: 200 len: 210 time: 0.0169609
2026-05-09 18:05:55.125 9 INFO neutron.wsgi [req-f5f6b62c-2495-4278-a912-832d3fad4ddb req-a91c6ebf-8173-4199-8b45-a88f980af742 403c861a68fa4d29b7a03bd97f863667 11d5b78ddac64b9aac04041d6853d349 - - default default] 199.204.45.246 "POST /v2.0/ports HTTP/1.1" status: 201 len: 1508 time: 0.4646790 /var/lib/openstack/lib/python3.10/site-packages/pycadf/identifier.py:71: UserWarning: Invalid uuid: neutron. To ensure interoperability, identifiers should be a valid uuid. warnings.warn(('Invalid uuid: %s. To ensure interoperability, '
2026-05-09 18:05:55.405 10 INFO neutron.wsgi [req-88c46ef8-d362-476f-ae0f-b700bde46ef5 req-e5864eab-b2de-465e-ba24-17e91957798a 3d9dea9445d4474c86004f40755ec965 3265557e2e0f4adc8876917c1ab2194b - - 24fb024d43c54052bfeeb1475316e5b6 24fb024d43c54052bfeeb1475316e5b6] 199.204.45.246 "GET /v2.0/networks/1a800b27-aa5f-4ad0-9fe5-f4385ecd6778?fields=segments HTTP/1.1" status: 200 len: 212 time: 0.2868714
2026-05-09 18:05:55.473 10 INFO neutron.wsgi [req-88c46ef8-d362-476f-ae0f-b700bde46ef5 req-2543a42e-93d5-44f6-bf99-06c8abb709ca 3d9dea9445d4474c86004f40755ec965 3265557e2e0f4adc8876917c1ab2194b - - 24fb024d43c54052bfeeb1475316e5b6 24fb024d43c54052bfeeb1475316e5b6] 199.204.45.246 "GET /v2.0/networks/1a800b27-aa5f-4ad0-9fe5-f4385ecd6778?fields=provider%3Aphysical_network&fields=provider%3Anetwork_type HTTP/1.1" status: 200 len: 277 time: 0.0590565
2026-05-09 18:05:55.561 9 INFO neutron.db.ovn_revision_numbers_db [req-f5f6b62c-2495-4278-a912-832d3fad4ddb req-431b7c42-1eeb-42b3-9c6c-573682a00a61 3d9dea9445d4474c86004f40755ec965 3265557e2e0f4adc8876917c1ab2194b - - 24fb024d43c54052bfeeb1475316e5b6 24fb024d43c54052bfeeb1475316e5b6] Successfully bumped revision number for resource 735d59a3-c500-405b-bd3f-cb3729225984 (type: ports) to 2
2026-05-09 18:05:55.768 9 INFO neutron.db.ovn_revision_numbers_db [req-f5f6b62c-2495-4278-a912-832d3fad4ddb req-431b7c42-1eeb-42b3-9c6c-573682a00a61 3d9dea9445d4474c86004f40755ec965 3265557e2e0f4adc8876917c1ab2194b - - 24fb024d43c54052bfeeb1475316e5b6 24fb024d43c54052bfeeb1475316e5b6] Successfully bumped revision number for resource 735d59a3-c500-405b-bd3f-cb3729225984 (type: ports) to 2
2026-05-09 18:05:55.785 9 INFO neutron.wsgi [req-f5f6b62c-2495-4278-a912-832d3fad4ddb req-431b7c42-1eeb-42b3-9c6c-573682a00a61 3d9dea9445d4474c86004f40755ec965 3265557e2e0f4adc8876917c1ab2194b - - 24fb024d43c54052bfeeb1475316e5b6 24fb024d43c54052bfeeb1475316e5b6] 199.204.45.246 "PUT /v2.0/ports/735d59a3-c500-405b-bd3f-cb3729225984 HTTP/1.1" status: 200 len: 1605 time: 0.6566689
2026-05-09 18:05:55.830 9 INFO neutron.notifiers.nova [-] Nova event matching ['req-84b3f22f-9c4e-4c56-bbb1-ca42a3cbd28c'] response: {'name': 'network-changed', 'server_uuid': 'e8cc7fd8-8995-4e55-85a7-92594bb66aaa', 'tag': '735d59a3-c500-405b-bd3f-cb3729225984', 'status': 'completed', 'code': 200} /var/lib/openstack/lib/python3.10/site-packages/pycadf/identifier.py:71: UserWarning: Invalid uuid: neutron. To ensure interoperability, identifiers should be a valid uuid. warnings.warn(('Invalid uuid: %s. To ensure interoperability, '
2026-05-09 18:05:55.909 9 INFO neutron.wsgi [req-5e303082-e04f-465a-a7d5-f353c415ac10 req-968c7e0b-d84c-496c-861f-1b3f6407f806 3d9dea9445d4474c86004f40755ec965 3265557e2e0f4adc8876917c1ab2194b - - 24fb024d43c54052bfeeb1475316e5b6 24fb024d43c54052bfeeb1475316e5b6] 199.204.45.246 "GET /v2.0/ports?tenant_id=11d5b78ddac64b9aac04041d6853d349&device_id=e8cc7fd8-8995-4e55-85a7-92594bb66aaa HTTP/1.1" status: 200 len: 5351 time: 0.0494649
2026-05-09 18:05:55.984 9 INFO neutron.wsgi [req-5e303082-e04f-465a-a7d5-f353c415ac10 req-7a2a3ce2-e16e-428c-9b41-8165701efa95 3d9dea9445d4474c86004f40755ec965 3265557e2e0f4adc8876917c1ab2194b - - 24fb024d43c54052bfeeb1475316e5b6 24fb024d43c54052bfeeb1475316e5b6] 199.204.45.246 "GET /v2.0/networks?id=1a800b27-aa5f-4ad0-9fe5-f4385ecd6778 HTTP/1.1" status: 200 len: 1001 time: 0.0654020
2026-05-09 18:05:56.014 9 INFO neutron.wsgi [req-5e303082-e04f-465a-a7d5-f353c415ac10 req-b3588311-ffee-4f69-963d-0e4208c1ffed 3d9dea9445d4474c86004f40755ec965 3265557e2e0f4adc8876917c1ab2194b - - 24fb024d43c54052bfeeb1475316e5b6 24fb024d43c54052bfeeb1475316e5b6] 199.204.45.246 "GET /v2.0/floatingips?fixed_ip_address=10.2.2.100&port_id=735d59a3-c500-405b-bd3f-cb3729225984 HTTP/1.1" status: 200 len: 217 time: 0.0226407
2026-05-09 18:05:56.041 9 INFO neutron.wsgi [req-5e303082-e04f-465a-a7d5-f353c415ac10 req-8393271e-58e2-4fff-826a-e305b6069d41 3d9dea9445d4474c86004f40755ec965 3265557e2e0f4adc8876917c1ab2194b - - 24fb024d43c54052bfeeb1475316e5b6 24fb024d43c54052bfeeb1475316e5b6] 199.204.45.246 "GET /v2.0/floatingips?fixed_ip_address=fd77%3A1457%3A4cf0%3A26a8%3A%3Aea&port_id=735d59a3-c500-405b-bd3f-cb3729225984 HTTP/1.1" status: 200 len: 217 time: 0.0206585
2026-05-09 18:05:56.089 9 INFO neutron.wsgi [req-5e303082-e04f-465a-a7d5-f353c415ac10 req-c87ba926-e58a-4663-bfdc-9e037abd8872 3d9dea9445d4474c86004f40755ec965 3265557e2e0f4adc8876917c1ab2194b - - 24fb024d43c54052bfeeb1475316e5b6 24fb024d43c54052bfeeb1475316e5b6] 199.204.45.246 "GET /v2.0/subnets?id=e71c1c03-0e86-4ba1-8e8b-807a1a717ae3&id=985a2651-cf56-48e4-863e-18bda0dc6c82 HTTP/1.1" status: 200 len: 1564 time: 0.0434043
2026-05-09 18:05:56.118 9 INFO neutron.wsgi [req-5e303082-e04f-465a-a7d5-f353c415ac10 req-56005961-5276-4b40-859f-0f578c6ee0d6 3d9dea9445d4474c86004f40755ec965 3265557e2e0f4adc8876917c1ab2194b - - 24fb024d43c54052bfeeb1475316e5b6 24fb024d43c54052bfeeb1475316e5b6] 199.204.45.246 "GET /v2.0/ports?network_id=1a800b27-aa5f-4ad0-9fe5-f4385ecd6778&device_owner=network%3Adhcp HTTP/1.1" status: 200 len: 210 time: 0.0225153
2026-05-09 18:05:56.144 9 INFO neutron.wsgi [req-5e303082-e04f-465a-a7d5-f353c415ac10 req-4c6f24ec-8e50-477b-ae39-05670fe02f9a 3d9dea9445d4474c86004f40755ec965 3265557e2e0f4adc8876917c1ab2194b - - 24fb024d43c54052bfeeb1475316e5b6 24fb024d43c54052bfeeb1475316e5b6] 199.204.45.246 "GET /v2.0/ports?network_id=1a800b27-aa5f-4ad0-9fe5-f4385ecd6778&device_owner=network%3Adhcp HTTP/1.1" status: 200 len: 210 time: 0.0197225
2026-05-09 18:05:56.217 9 INFO neutron.wsgi [req-5e303082-e04f-465a-a7d5-f353c415ac10 req-4f8a5cb8-c032-4ed2-8cf2-66f55fdcaa57 3d9dea9445d4474c86004f40755ec965 3265557e2e0f4adc8876917c1ab2194b - - 24fb024d43c54052bfeeb1475316e5b6 24fb024d43c54052bfeeb1475316e5b6] 199.204.45.246 "GET /v2.0/networks/1a800b27-aa5f-4ad0-9fe5-f4385ecd6778?fields=segments HTTP/1.1" status: 200 len: 212 time: 0.0656977
2026-05-09 18:05:56.295 9 INFO neutron.wsgi [req-5e303082-e04f-465a-a7d5-f353c415ac10 req-66795215-c7a5-4330-8659-4ae2770a70c7 3d9dea9445d4474c86004f40755ec965 3265557e2e0f4adc8876917c1ab2194b - - 24fb024d43c54052bfeeb1475316e5b6 24fb024d43c54052bfeeb1475316e5b6] 199.204.45.246 "GET /v2.0/networks/1a800b27-aa5f-4ad0-9fe5-f4385ecd6778?fields=provider%3Aphysical_network&fields=provider%3Anetwork_type HTTP/1.1" status: 200 len: 277 time: 0.0718558
2026-05-09 18:05:56.397 9 INFO neutron.wsgi [req-f5f6b62c-2495-4278-a912-832d3fad4ddb req-285b644d-77a4-4846-acbd-e8eedb7dfbad 3d9dea9445d4474c86004f40755ec965 3265557e2e0f4adc8876917c1ab2194b - - 24fb024d43c54052bfeeb1475316e5b6 24fb024d43c54052bfeeb1475316e5b6] 199.204.45.246 "GET /v2.0/ports?tenant_id=11d5b78ddac64b9aac04041d6853d349&device_id=e8cc7fd8-8995-4e55-85a7-92594bb66aaa HTTP/1.1" status: 200 len: 5351 time: 0.0522680
2026-05-09 18:05:56.438 9 INFO neutron.wsgi [req-f5f6b62c-2495-4278-a912-832d3fad4ddb req-ea62d764-449d-4a63-b616-783c857d059f 3d9dea9445d4474c86004f40755ec965 3265557e2e0f4adc8876917c1ab2194b - - 24fb024d43c54052bfeeb1475316e5b6 24fb024d43c54052bfeeb1475316e5b6] 199.204.45.246 "GET /v2.0/floatingips?fixed_ip_address=172.24.1.217&port_id=0dcd19c1-d6dd-4c18-b7d7-8ab9e10ca28d HTTP/1.1" status: 200 len: 217 time: 0.0319331
2026-05-09 18:05:56.476 9 INFO neutron.wsgi [req-f5f6b62c-2495-4278-a912-832d3fad4ddb req-2511106e-20c5-4655-a3c2-1c96d2326d5a 3d9dea9445d4474c86004f40755ec965 3265557e2e0f4adc8876917c1ab2194b - - 24fb024d43c54052bfeeb1475316e5b6 24fb024d43c54052bfeeb1475316e5b6] 199.204.45.246 "GET /v2.0/subnets?id=2f6bf521-1400-43be-8830-578773473819 HTTP/1.1" status: 200 len: 829 time: 0.0307181
2026-05-09 18:05:56.503 9 INFO neutron.wsgi [req-f5f6b62c-2495-4278-a912-832d3fad4ddb req-1faa06c1-27b0-469c-a2c8-c05ec3b095fb 3d9dea9445d4474c86004f40755ec965 3265557e2e0f4adc8876917c1ab2194b - - 24fb024d43c54052bfeeb1475316e5b6 24fb024d43c54052bfeeb1475316e5b6] 199.204.45.246 "GET /v2.0/ports?network_id=e1068264-4a89-4334-94ca-4a05d0c65097&device_owner=network%3Adhcp HTTP/1.1" status: 200 len: 210 time: 0.0202000
2026-05-09 18:05:56.566 9 INFO neutron.wsgi [req-f5f6b62c-2495-4278-a912-832d3fad4ddb req-bbb4e259-18b3-4b52-9c0f-db3ec851a24c 3d9dea9445d4474c86004f40755ec965 3265557e2e0f4adc8876917c1ab2194b - - 24fb024d43c54052bfeeb1475316e5b6 24fb024d43c54052bfeeb1475316e5b6] 199.204.45.246 "GET /v2.0/networks/e1068264-4a89-4334-94ca-4a05d0c65097?fields=segments HTTP/1.1" status: 200 len: 212 time: 0.0559974
2026-05-09 18:05:56.635 9 INFO neutron.wsgi [req-f5f6b62c-2495-4278-a912-832d3fad4ddb req-0cf67483-5e6f-4a2f-9ecd-d47c5450edf4 3d9dea9445d4474c86004f40755ec965 3265557e2e0f4adc8876917c1ab2194b - - 24fb024d43c54052bfeeb1475316e5b6 24fb024d43c54052bfeeb1475316e5b6] 199.204.45.246 "GET /v2.0/networks/e1068264-4a89-4334-94ca-4a05d0c65097?fields=provider%3Aphysical_network&fields=provider%3Anetwork_type HTTP/1.1" status: 200 len: 277 time: 0.0632036
2026-05-09 18:05:56.661 9 INFO neutron.wsgi [req-f5f6b62c-2495-4278-a912-832d3fad4ddb req-bf4e1c9b-af9f-44a7-b3b7-067891327396 3d9dea9445d4474c86004f40755ec965 3265557e2e0f4adc8876917c1ab2194b - - 24fb024d43c54052bfeeb1475316e5b6 24fb024d43c54052bfeeb1475316e5b6] 199.204.45.246 "GET /v2.0/floatingips?fixed_ip_address=10.1.1.218&port_id=76d85609-ab2a-4e15-ac3e-f88c8bc3371d HTTP/1.1" status: 200 len: 217 time: 0.0201945
2026-05-09 18:05:56.696 9 INFO neutron.wsgi [req-f5f6b62c-2495-4278-a912-832d3fad4ddb req-603d788e-e5f3-4e8f-ad63-8d7a71efee43 3d9dea9445d4474c86004f40755ec965 3265557e2e0f4adc8876917c1ab2194b - - 24fb024d43c54052bfeeb1475316e5b6 24fb024d43c54052bfeeb1475316e5b6] 199.204.45.246 "GET /v2.0/subnets?id=553663cd-b6ce-4738-8069-dc0938d36276 HTTP/1.1" status: 200 len: 853 time: 0.0309157
2026-05-09 18:05:56.723 9 INFO neutron.wsgi [req-f5f6b62c-2495-4278-a912-832d3fad4ddb req-e9de9ba4-77b9-4b09-80ff-5200467a08fc 3d9dea9445d4474c86004f40755ec965 3265557e2e0f4adc8876917c1ab2194b - - 24fb024d43c54052bfeeb1475316e5b6 24fb024d43c54052bfeeb1475316e5b6] 199.204.45.246 "GET /v2.0/ports?network_id=a210bb63-7755-4e80-9b2b-005e91d6f612&device_owner=network%3Adhcp HTTP/1.1" status: 200 len: 210 time: 0.0229392
2026-05-09 18:05:56.804 9 INFO neutron.wsgi [req-f5f6b62c-2495-4278-a912-832d3fad4ddb req-e6c524f4-fd93-4c01-b100-866bb44dd554 3d9dea9445d4474c86004f40755ec965 3265557e2e0f4adc8876917c1ab2194b - - 24fb024d43c54052bfeeb1475316e5b6 24fb024d43c54052bfeeb1475316e5b6] 199.204.45.246 "GET /v2.0/networks/a210bb63-7755-4e80-9b2b-005e91d6f612?fields=segments HTTP/1.1" status: 200 len: 212 time: 0.0748010
2026-05-09 18:05:56.866 9 INFO neutron.wsgi [req-f5f6b62c-2495-4278-a912-832d3fad4ddb req-026e34b0-07ce-4351-b8fc-06da043422e8 3d9dea9445d4474c86004f40755ec965 3265557e2e0f4adc8876917c1ab2194b - - 24fb024d43c54052bfeeb1475316e5b6 24fb024d43c54052bfeeb1475316e5b6] 199.204.45.246 "GET /v2.0/networks/a210bb63-7755-4e80-9b2b-005e91d6f612?fields=provider%3Aphysical_network&fields=provider%3Anetwork_type HTTP/1.1" status: 200 len: 277 time: 0.0559866
2026-05-09 18:05:56.902 9 INFO neutron.wsgi [req-f5f6b62c-2495-4278-a912-832d3fad4ddb req-db46be28-1dec-46f5-a7f9-c4961000435c 3d9dea9445d4474c86004f40755ec965 3265557e2e0f4adc8876917c1ab2194b - - 24fb024d43c54052bfeeb1475316e5b6 24fb024d43c54052bfeeb1475316e5b6] 199.204.45.246 "GET /v2.0/floatingips?fixed_ip_address=10.2.1.250&port_id=fc9b6839-9a08-4ec4-81eb-e0422450aac8 HTTP/1.1" status: 200 len: 217 time: 0.0305634
2026-05-09 18:05:56.946 9 INFO neutron.wsgi [req-f5f6b62c-2495-4278-a912-832d3fad4ddb req-3e9d6cc1-98bf-4fa3-a704-1886d85ccf25 3d9dea9445d4474c86004f40755ec965 3265557e2e0f4adc8876917c1ab2194b - - 24fb024d43c54052bfeeb1475316e5b6 24fb024d43c54052bfeeb1475316e5b6] 199.204.45.246 "GET /v2.0/subnets?id=fccb21c4-65ff-41a4-b63d-9e56251211eb HTTP/1.1" status: 200 len: 852 time: 0.0387774
2026-05-09 18:05:56.971 9 INFO neutron.wsgi [req-f5f6b62c-2495-4278-a912-832d3fad4ddb req-22a7433f-499f-4bda-931c-35d2fb06a3fa 3d9dea9445d4474c86004f40755ec965 3265557e2e0f4adc8876917c1ab2194b - - 24fb024d43c54052bfeeb1475316e5b6 24fb024d43c54052bfeeb1475316e5b6] 199.204.45.246 "GET /v2.0/ports?network_id=879c1de3-46ab-4a58-8ede-0bb5df2ef190&device_owner=network%3Adhcp HTTP/1.1" status: 200 len: 210 time: 0.0199194
2026-05-09 18:05:57.034 9 INFO neutron.wsgi [req-f5f6b62c-2495-4278-a912-832d3fad4ddb req-ef3fb4ba-0880-417f-a124-4f71c459cc89 3d9dea9445d4474c86004f40755ec965 3265557e2e0f4adc8876917c1ab2194b - - 24fb024d43c54052bfeeb1475316e5b6 24fb024d43c54052bfeeb1475316e5b6] 199.204.45.246 "GET /v2.0/networks/879c1de3-46ab-4a58-8ede-0bb5df2ef190?fields=segments HTTP/1.1" status: 200 len: 212 time: 0.0561392
2026-05-09 18:05:57.115 9 INFO neutron.wsgi [req-f5f6b62c-2495-4278-a912-832d3fad4ddb req-a913ca5f-2478-4aa0-a95f-b414db07d786 3d9dea9445d4474c86004f40755ec965 3265557e2e0f4adc8876917c1ab2194b - - 24fb024d43c54052bfeeb1475316e5b6 24fb024d43c54052bfeeb1475316e5b6] 199.204.45.246 "GET /v2.0/networks/879c1de3-46ab-4a58-8ede-0bb5df2ef190?fields=provider%3Aphysical_network&fields=provider%3Anetwork_type HTTP/1.1" status: 200 len: 277 time: 0.0626671
2026-05-09 18:05:57.149 9 INFO neutron.wsgi [req-f5f6b62c-2495-4278-a912-832d3fad4ddb req-726d6c30-5672-4ad4-8656-d2129e9a0032 3d9dea9445d4474c86004f40755ec965 3265557e2e0f4adc8876917c1ab2194b - - 24fb024d43c54052bfeeb1475316e5b6 24fb024d43c54052bfeeb1475316e5b6] 199.204.45.246 "GET /v2.0/floatingips?fixed_ip_address=10.2.2.100&port_id=735d59a3-c500-405b-bd3f-cb3729225984 HTTP/1.1" status: 200 len: 217 time: 0.0286620
2026-05-09 18:05:57.185 9 INFO neutron.wsgi [req-f5f6b62c-2495-4278-a912-832d3fad4ddb req-d92cd7e9-f685-4cdd-b4ca-cf5130ca8876 3d9dea9445d4474c86004f40755ec965 3265557e2e0f4adc8876917c1ab2194b - - 24fb024d43c54052bfeeb1475316e5b6 24fb024d43c54052bfeeb1475316e5b6] 199.204.45.246 "GET /v2.0/floatingips?fixed_ip_address=fd77%3A1457%3A4cf0%3A26a8%3A%3Aea&port_id=735d59a3-c500-405b-bd3f-cb3729225984 HTTP/1.1" status: 200 len: 217 time: 0.0247717
2026-05-09 18:05:57.225 9 INFO neutron.wsgi [req-f5f6b62c-2495-4278-a912-832d3fad4ddb req-e276fafd-28dc-46a9-823d-72da47b15121 3d9dea9445d4474c86004f40755ec965 3265557e2e0f4adc8876917c1ab2194b - - 24fb024d43c54052bfeeb1475316e5b6 24fb024d43c54052bfeeb1475316e5b6] 199.204.45.246 "GET /v2.0/subnets?id=e71c1c03-0e86-4ba1-8e8b-807a1a717ae3&id=985a2651-cf56-48e4-863e-18bda0dc6c82 HTTP/1.1" status: 200 len: 1564 time: 0.0349267
2026-05-09 18:05:57.255 9 INFO neutron.wsgi [req-f5f6b62c-2495-4278-a912-832d3fad4ddb req-397e164d-9c07-4306-9f15-b2626d3717c3 3d9dea9445d4474c86004f40755ec965 3265557e2e0f4adc8876917c1ab2194b - - 24fb024d43c54052bfeeb1475316e5b6 24fb024d43c54052bfeeb1475316e5b6] 199.204.45.246 "GET /v2.0/ports?network_id=1a800b27-aa5f-4ad0-9fe5-f4385ecd6778&device_owner=network%3Adhcp HTTP/1.1" status: 200 len: 210 time: 0.0214765
2026-05-09 18:05:57.291 9 INFO neutron.wsgi [req-f5f6b62c-2495-4278-a912-832d3fad4ddb req-3afdc446-ba96-45c6-b9f3-902aaeb491e1 3d9dea9445d4474c86004f40755ec965 3265557e2e0f4adc8876917c1ab2194b - - 24fb024d43c54052bfeeb1475316e5b6 24fb024d43c54052bfeeb1475316e5b6] 199.204.45.246 "GET /v2.0/ports?network_id=1a800b27-aa5f-4ad0-9fe5-f4385ecd6778&device_owner=network%3Adhcp HTTP/1.1" status: 200 len: 210 time: 0.0250440
2026-05-09 18:05:57.361 9 INFO neutron.wsgi [req-f5f6b62c-2495-4278-a912-832d3fad4ddb req-8d4e1aea-8e57-4883-958b-ec633c05bd94 3d9dea9445d4474c86004f40755ec965 3265557e2e0f4adc8876917c1ab2194b - - 24fb024d43c54052bfeeb1475316e5b6 24fb024d43c54052bfeeb1475316e5b6] 199.204.45.246 "GET /v2.0/networks/1a800b27-aa5f-4ad0-9fe5-f4385ecd6778?fields=segments HTTP/1.1" status: 200 len: 212 time: 0.0627511
2026-05-09 18:05:57.429 9 INFO neutron.wsgi [req-f5f6b62c-2495-4278-a912-832d3fad4ddb req-a8ea306b-a8e0-42b2-9240-8b3cbd9751c3 3d9dea9445d4474c86004f40755ec965 3265557e2e0f4adc8876917c1ab2194b - - 24fb024d43c54052bfeeb1475316e5b6 24fb024d43c54052bfeeb1475316e5b6] 199.204.45.246 "GET /v2.0/networks/1a800b27-aa5f-4ad0-9fe5-f4385ecd6778?fields=provider%3Aphysical_network&fields=provider%3Anetwork_type HTTP/1.1" status: 200 len: 277 time: 0.0589471
2026-05-09 18:05:57.534 10 INFO neutron.plugins.ml2.drivers.ovn.mech_driver.mech_driver [None req-11c9bff3-0817-4aeb-b6dd-74b63f19327f - - - - - -] OVN reports status up for port: 735d59a3-c500-405b-bd3f-cb3729225984
2026-05-09 18:05:57.553 10 INFO neutron.plugins.ml2.plugin [None req-11c9bff3-0817-4aeb-b6dd-74b63f19327f - - - - - -] Attempt 1 to provision port 735d59a3-c500-405b-bd3f-cb3729225984
2026-05-09 18:05:57.689 10 INFO neutron.notifiers.nova [-] Nova event matching ['req-ec8d2183-a45f-4234-9791-bb050592348a'] response: {'server_uuid': 'e8cc7fd8-8995-4e55-85a7-92594bb66aaa', 'name': 'network-vif-plugged', 'status': 'completed', 'tag': '735d59a3-c500-405b-bd3f-cb3729225984', 'code': 200}
2026-05-09 18:05:57.762 9 INFO neutron.wsgi [req-f5f6b62c-2495-4278-a912-832d3fad4ddb req-b849decb-fe44-404f-aba3-3800bdc03866 403c861a68fa4d29b7a03bd97f863667 11d5b78ddac64b9aac04041d6853d349 - - default default] 10.0.0.140 "GET /v2.0/ports/735d59a3-c500-405b-bd3f-cb3729225984 HTTP/1.1" status: 200 len: 1635 time: 0.0408893
2026-05-09 18:05:57.817 10 INFO neutron.wsgi [None req-8f52ad81-e1d0-4325-851b-545f09a6b2af 403c861a68fa4d29b7a03bd97f863667 11d5b78ddac64b9aac04041d6853d349 - - default default] 199.204.45.246 "GET /v2.0/ports/735d59a3-c500-405b-bd3f-cb3729225984 HTTP/1.1" status: 200 len: 1635 time: 0.0365388
2026-05-09 18:05:57.879 10 INFO neutron.wsgi [None req-e255eb0e-8293-44b6-be6f-d645554cc042 403c861a68fa4d29b7a03bd97f863667 11d5b78ddac64b9aac04041d6853d349 - - default default] 199.204.45.246 "GET /v2.0/ports/735d59a3-c500-405b-bd3f-cb3729225984 HTTP/1.1" status: 200 len: 1635 time: 0.0555480
2026-05-09 18:05:57.906 10 INFO neutron.db.ovn_revision_numbers_db [None req-11c9bff3-0817-4aeb-b6dd-74b63f19327f - - - - - -] Successfully bumped revision number for resource 735d59a3-c500-405b-bd3f-cb3729225984 (type: ports) to 4
2026-05-09 18:05:58.331 10 INFO neutron.db.ovn_revision_numbers_db [None req-c4d363c6-e39e-4cc7-8cee-eb5cdca8329d 403c861a68fa4d29b7a03bd97f863667 11d5b78ddac64b9aac04041d6853d349 - - default default] Successfully bumped revision number for resource 735d59a3-c500-405b-bd3f-cb3729225984 (type: ports) to 5
2026-05-09 18:05:58.345 10 INFO neutron.wsgi [None req-c4d363c6-e39e-4cc7-8cee-eb5cdca8329d 403c861a68fa4d29b7a03bd97f863667 11d5b78ddac64b9aac04041d6853d349 - - default default] 199.204.45.246 "PUT /v2.0/ports/735d59a3-c500-405b-bd3f-cb3729225984 HTTP/1.1" status: 200 len: 1378 time: 0.4578192 /var/lib/openstack/lib/python3.10/site-packages/pycadf/identifier.py:71: UserWarning: Invalid uuid: neutron. To ensure interoperability, identifiers should be a valid uuid. warnings.warn(('Invalid uuid: %s. To ensure interoperability, '
2026-05-09 18:05:58.415 10 INFO neutron.wsgi [None req-c6a9c551-cd66-40b1-9dac-03286985f2c2 403c861a68fa4d29b7a03bd97f863667 11d5b78ddac64b9aac04041d6853d349 - - default default] 199.204.45.246 "GET /v2.0/networks/1a800b27-aa5f-4ad0-9fe5-f4385ecd6778 HTTP/1.1" status: 200 len: 998 time: 0.0620058
2026-05-09 18:05:58.442 10 INFO neutron.wsgi [-] 10.0.0.111 "GET / HTTP/1.1" status: 200 len: 247 time: 0.0017216
2026-05-09 18:05:58.444 9 INFO neutron.wsgi [-] 10.0.0.111 "GET / HTTP/1.1" status: 200 len: 247 time: 0.0027719
2026-05-09 18:05:58.458 10 INFO neutron.wsgi [None req-a8e5f028-ec90-4614-b1b7-5601c7e880f3 403c861a68fa4d29b7a03bd97f863667 11d5b78ddac64b9aac04041d6853d349 - - default default] 199.204.45.246 "GET /v2.0/subnets/985a2651-cf56-48e4-863e-18bda0dc6c82 HTTP/1.1" status: 200 len: 848 time: 0.0359597
2026-05-09 18:05:58.567 10 INFO neutron.wsgi [None req-6d2323de-2d25-43c0-a641-93c92dd5c9cb 403c861a68fa4d29b7a03bd97f863667 11d5b78ddac64b9aac04041d6853d349 - - default default] 199.204.45.246 "GET /v2.0/extensions/security-group HTTP/1.1" status: 200 len: 369 time: 0.0097723
2026-05-09 18:05:58.576 10 INFO neutron.wsgi [None req-0a33325d-1441-4d5f-837c-838423c8e760 403c861a68fa4d29b7a03bd97f863667 11d5b78ddac64b9aac04041d6853d349 - - default default] 199.204.45.246 "GET /v2.0/extensions/dns-integration HTTP/1.1" status: 200 len: 371 time: 0.0037739
2026-05-09 18:05:58.589 10 INFO neutron.wsgi [None req-3ba2073a-7bb4-477a-b60a-1a86d17e7f8d 403c861a68fa4d29b7a03bd97f863667 11d5b78ddac64b9aac04041d6853d349 - - default default] 199.204.45.246 "GET /v2.0/extensions/qos HTTP/1.1" status: 200 len: 365 time: 0.0083525
2026-05-09 18:05:58.595 10 INFO neutron.wsgi [None req-dede95ac-e0de-45f8-bca9-143dca0d55d7 403c861a68fa4d29b7a03bd97f863667 11d5b78ddac64b9aac04041d6853d349 - - default default] 199.204.45.246 "GET /v2.0/extensions/allowed-address-pairs HTTP/1.1" status: 200 len: 383 time: 0.0029271
2026-05-09 18:05:58.643 10 INFO neutron.wsgi [None req-de4264e3-d428-480f-81a3-5b0b8a0b0025 403c861a68fa4d29b7a03bd97f863667 11d5b78ddac64b9aac04041d6853d349 - - default default] 199.204.45.246 "GET /v2.0/subnets/553663cd-b6ce-4738-8069-dc0938d36276 HTTP/1.1" status: 200 len: 850 time: 0.0427408
2026-05-09 18:05:58.687 10 INFO neutron.wsgi [None req-c243343e-6563-4ffa-9c98-363672e3fa0b 403c861a68fa4d29b7a03bd97f863667 11d5b78ddac64b9aac04041d6853d349 - - default default] 199.204.45.246 "GET /v2.0/ports/294d2ae0-197e-44a5-91da-feefd82daa84 HTTP/1.1" status: 200 len: 1340 time: 0.0355299
2026-05-09 18:05:58.732 10 INFO neutron.wsgi [None req-30123851-7b0b-4a7c-b61c-68606e862948 403c861a68fa4d29b7a03bd97f863667 11d5b78ddac64b9aac04041d6853d349 - - default default] 199.204.45.246 "GET /v2.0/ports/76d85609-ab2a-4e15-ac3e-f88c8bc3371d HTTP/1.1" status: 200 len: 1519 time: 0.0366461
2026-05-09 18:05:58.779 10 INFO neutron.wsgi [None req-daa2a392-4244-4c5c-ac22-bd45f1d94b8b 403c861a68fa4d29b7a03bd97f863667 11d5b78ddac64b9aac04041d6853d349 - - default default] 199.204.45.246 "GET /v2.0/subnets/553663cd-b6ce-4738-8069-dc0938d36276 HTTP/1.1" status: 200 len: 850 time: 0.0385926
2026-05-09 18:05:58.850 10 INFO neutron.wsgi [None req-9d8cd602-a523-4a0b-99c0-93f869db467f 403c861a68fa4d29b7a03bd97f863667 11d5b78ddac64b9aac04041d6853d349 - - default default] 199.204.45.246 "GET /v2.0/networks/a210bb63-7755-4e80-9b2b-005e91d6f612 HTTP/1.1" status: 200 len: 1002 time: 0.0641103
2026-05-09 18:05:58.915 10 INFO neutron.wsgi [None req-f0caa55f-72ed-4acd-a847-168e1435531d 403c861a68fa4d29b7a03bd97f863667 11d5b78ddac64b9aac04041d6853d349 - - default default] 199.204.45.246 "GET /v2.0/ports/294d2ae0-197e-44a5-91da-feefd82daa84 HTTP/1.1" status: 200 len: 1340 time: 0.0559633
2026-05-09 18:05:58.965 10 INFO neutron.wsgi [None req-01236ee4-cd28-470d-a54a-501a7a08316d 403c861a68fa4d29b7a03bd97f863667 11d5b78ddac64b9aac04041d6853d349 - - default default] 199.204.45.246 "GET /v2.0/subnets/553663cd-b6ce-4738-8069-dc0938d36276 HTTP/1.1" status: 200 len: 850 time: 0.0409219
2026-05-09 18:05:59.731 10 INFO neutron.notifiers.nova [-] Nova event matching ['req-1381d8a4-024f-4de1-854b-5605c3928a2e'] response: {'server_uuid': 'e8cc7fd8-8995-4e55-85a7-92594bb66aaa', 'name': 'network-vif-plugged', 'status': 'completed', 'tag': '735d59a3-c500-405b-bd3f-cb3729225984', 'code': 200}
2026-05-09 18:05:59.731 10 INFO neutron.notifiers.nova [-] Nova event matching ['req-1381d8a4-024f-4de1-854b-5605c3928a2e'] response: {'name': 'network-changed', 'server_uuid': 'e8cc7fd8-8995-4e55-85a7-92594bb66aaa', 'tag': '735d59a3-c500-405b-bd3f-cb3729225984', 'status': 'completed', 'code': 200}
2026-05-09 18:05:59.809 9 INFO neutron.wsgi [req-22a17992-0814-4740-9ecd-0654a0de6835 req-d597195a-fced-4633-a9de-d83edc304d75 3d9dea9445d4474c86004f40755ec965 3265557e2e0f4adc8876917c1ab2194b - - 24fb024d43c54052bfeeb1475316e5b6 24fb024d43c54052bfeeb1475316e5b6] 199.204.45.246 "GET /v2.0/ports?tenant_id=11d5b78ddac64b9aac04041d6853d349&device_id=e8cc7fd8-8995-4e55-85a7-92594bb66aaa HTTP/1.1" status: 200 len: 5124 time: 0.0566087
2026-05-09 18:05:59.882 9 INFO neutron.wsgi [req-22a17992-0814-4740-9ecd-0654a0de6835 req-a1d13c19-2773-42d3-adc1-8f966e176bee 3d9dea9445d4474c86004f40755ec965 3265557e2e0f4adc8876917c1ab2194b - - 24fb024d43c54052bfeeb1475316e5b6 24fb024d43c54052bfeeb1475316e5b6] 199.204.45.246 "GET /v2.0/networks?id=1a800b27-aa5f-4ad0-9fe5-f4385ecd6778 HTTP/1.1" status: 200 len: 1001 time: 0.0649621
2026-05-09 18:05:59.917 9 INFO neutron.wsgi [req-22a17992-0814-4740-9ecd-0654a0de6835 req-f61c174f-b6cc-46a8-a56f-7495f6d97ef7 3d9dea9445d4474c86004f40755ec965 3265557e2e0f4adc8876917c1ab2194b - - 24fb024d43c54052bfeeb1475316e5b6 24fb024d43c54052bfeeb1475316e5b6] 199.204.45.246 "GET /v2.0/floatingips?fixed_ip_address=10.2.2.100&port_id=735d59a3-c500-405b-bd3f-cb3729225984 HTTP/1.1" status: 200 len: 217 time: 0.0246661
2026-05-09 18:05:59.963 9 INFO neutron.wsgi [req-22a17992-0814-4740-9ecd-0654a0de6835 req-c46366f9-f421-4c19-8a3c-5d76553d4dcf 3d9dea9445d4474c86004f40755ec965 3265557e2e0f4adc8876917c1ab2194b - - 24fb024d43c54052bfeeb1475316e5b6 24fb024d43c54052bfeeb1475316e5b6] 199.204.45.246 "GET /v2.0/subnets?id=985a2651-cf56-48e4-863e-18bda0dc6c82 HTTP/1.1" status: 200 len: 851 time: 0.0378258
2026-05-09 18:05:59.996 9 INFO neutron.wsgi [req-22a17992-0814-4740-9ecd-0654a0de6835 req-ef272ce6-4d38-4dc0-9d63-d949fd967e5a 3d9dea9445d4474c86004f40755ec965 3265557e2e0f4adc8876917c1ab2194b - - 24fb024d43c54052bfeeb1475316e5b6 24fb024d43c54052bfeeb1475316e5b6] 199.204.45.246 "GET /v2.0/ports?network_id=1a800b27-aa5f-4ad0-9fe5-f4385ecd6778&device_owner=network%3Adhcp HTTP/1.1" status: 200 len: 210 time: 0.0243602
2026-05-09 18:06:00.071 9 INFO neutron.wsgi [req-22a17992-0814-4740-9ecd-0654a0de6835 req-a4444bef-25df-4665-afd7-8984cf47708b 3d9dea9445d4474c86004f40755ec965 3265557e2e0f4adc8876917c1ab2194b - - 24fb024d43c54052bfeeb1475316e5b6 24fb024d43c54052bfeeb1475316e5b6] 199.204.45.246 "GET /v2.0/networks/1a800b27-aa5f-4ad0-9fe5-f4385ecd6778?fields=segments HTTP/1.1" status: 200 len: 212 time: 0.0653453
