2026-08-24 21:52:50.160 8 WARNING neutron.api.rpc.agentnotifiers.dhcp_rpc_agent_api [req-1e6ce12f-3e33-4894-8188-f6acab8457dc req-776183a1-0150-445a-a955-0421b675027b e321762ee62e4c318b4203e4fe84e6f6 04e001d879ca4ef19501a3dd47f28c22 - - default default] Unable to schedule network a88a7622-9e99-4c72-b5cb-e13bc370ecb7: no agents available; will retry on subsequent port and subnet creation events.
2026-08-24 21:52:50.260 8 INFO neutron.plugins.ml2.drivers.ovn.mech_driver.mech_driver [None req-d9d24d21-5c51-4b7e-944d-76ace8599553 - - - - - -] OVN reports status down for port: 265dda5f-f0c4-4145-8d2c-d7539fcab5a7
2026-08-24 21:52:50.319 8 INFO neutron.db.ovn_revision_numbers_db [req-1e6ce12f-3e33-4894-8188-f6acab8457dc req-776183a1-0150-445a-a955-0421b675027b e321762ee62e4c318b4203e4fe84e6f6 04e001d879ca4ef19501a3dd47f28c22 - - default default] Successfully bumped revision number for resource 265dda5f-f0c4-4145-8d2c-d7539fcab5a7 (type: ports) to 1 [pid: 8|app: 0|req: 798/1557] 199.19.213.11 () {38 vars in 954 bytes} [Mon Aug 24 21:52:49 2026] POST /v2.0/ports => generated 1179 bytes in 570 msecs (HTTP/1.1 201) 4 headers in 163 bytes (1 switches on core 0) /var/lib/openstack/lib/python3.12/site-packages/pycadf/identifier.py:70: UserWarning: Invalid uuid: neutron. To ensure interoperability, identifiers should be a valid uuid. warnings.warn(('Invalid uuid: %s. To ensure interoperability, '
2026-08-24 21:52:50.498 8 INFO neutron_taas.services.taas.taas_plugin [None req-62aea11a-f0c9-4ca2-813c-6177ab11f1f5 66b5c85081074b708aef91fcbaacc247 eabaf4b3f91a434b8f3cf9793fb243a4 - - default default] TaaS: Handle Delete Port: dbe5d9d2-661a-442b-9507-87227ed91073
2026-08-24 21:52:50.500 8 INFO neutron_taas.services.taas.tap_mirror_plugin [None req-62aea11a-f0c9-4ca2-813c-6177ab11f1f5 66b5c85081074b708aef91fcbaacc247 eabaf4b3f91a434b8f3cf9793fb243a4 - - default default] Tap Mirror: Handle Delete Port: dbe5d9d2-661a-442b-9507-87227ed91073
2026-08-24 21:52:50.664 8 INFO neutron.services.segments.plugin [-] Segment bd920293-061b-492b-ae94-5250b5001099 resource provider aggregate not found
2026-08-24 21:52:50.670 8 INFO neutron.services.segments.plugin [-] Segment bd920293-061b-492b-ae94-5250b5001099 resource provider aggregate not found
2026-08-24 21:52:50.685 8 INFO neutron.services.segments.plugin [-] Client error retrieving segment bd920293-061b-492b-ae94-5250b5001099 resource provider; error: Placement Client Error (4xx): {"errors": [{"status": 404, "title": "Not Found", "detail": "The resource could not be found.\n\n No resource provider with uuid bd920293-061b-492b-ae94-5250b5001099 found for delete ", "request_id": "req-c88b2f58-d394-4b95-ba50-c54697b055ab"}]}
2026-08-24 21:52:50.687 8 INFO neutron.services.segments.plugin [-] Client error retrieving segment bd920293-061b-492b-ae94-5250b5001099 resource provider; error: Placement Client Error (4xx): {"errors": [{"status": 404, "title": "Not Found", "detail": "The resource could not be found.\n\n No resource provider with uuid bd920293-061b-492b-ae94-5250b5001099 found for delete ", "request_id": "req-4f31dc64-e0ff-4511-bf82-6798af85f163"}]} [pid: 8|app: 0|req: 799/1558] 10.0.0.78 () {32 vars in 725 bytes} [Mon Aug 24 21:52:50 2026] DELETE /v2.0/networks/4681891c-9d7f-4675-8367-357edaa9c078 => generated 0 bytes in 310 msecs (HTTP/1.1 204) 3 headers in 131 bytes (1 switches on core 0) [pid: 8|app: 0|req: 800/1559] 10.0.0.78 () {32 vars in 723 bytes} [Mon Aug 24 21:52:50 2026] DELETE /v2.0/routers/04dbefed-e46b-4706-8e16-ead6804584e6 => generated 0 bytes in 197 msecs (HTTP/1.1 204) 2 headers in 112 bytes (1 switches on core 0) [pid: 7|app: 0|req: 760/1560] 10.0.0.78 () {32 vars in 723 bytes} [Mon Aug 24 21:52:49 2026] DELETE /v2.0/routers/44c601a7-1c83-470b-9d2c-ffb5cfd0bbaa => generated 0 bytes in 1366 msecs (HTTP/1.1 204) 2 headers in 112 bytes (1 switches on core 0)
2026-08-24 21:52:51.317 8 INFO neutron.db.ovn_revision_numbers_db [req-1e6ce12f-3e33-4894-8188-f6acab8457dc req-099bb496-587e-4590-a0d4-f6da0b7de693 e127271aa1ff4f32a9e005fae2df9bc2 0c97895a4b694df68690cdeb51dbc917 - - cab01ea73e4d495991e6e34aef23fc5b cab01ea73e4d495991e6e34aef23fc5b] Successfully bumped revision number for resource 265dda5f-f0c4-4145-8d2c-d7539fcab5a7 (type: ports) to 2
2026-08-24 21:52:51.346 7 INFO neutron_taas.services.taas.taas_plugin [None req-dca7c90b-b282-49af-aef1-dd99103afc8d 66b5c85081074b708aef91fcbaacc247 eabaf4b3f91a434b8f3cf9793fb243a4 - - default default] TaaS: Handle Delete Port: 4b4ba67e-c367-4bb9-92d3-e2a7fc89d51d
2026-08-24 21:52:51.348 7 INFO neutron_taas.services.taas.tap_mirror_plugin [None req-dca7c90b-b282-49af-aef1-dd99103afc8d 66b5c85081074b708aef91fcbaacc247 eabaf4b3f91a434b8f3cf9793fb243a4 - - default default] Tap Mirror: Handle Delete Port: 4b4ba67e-c367-4bb9-92d3-e2a7fc89d51d
2026-08-24 21:52:51.586 8 INFO neutron.db.ovn_revision_numbers_db [req-1e6ce12f-3e33-4894-8188-f6acab8457dc req-099bb496-587e-4590-a0d4-f6da0b7de693 e127271aa1ff4f32a9e005fae2df9bc2 0c97895a4b694df68690cdeb51dbc917 - - cab01ea73e4d495991e6e34aef23fc5b cab01ea73e4d495991e6e34aef23fc5b] Successfully bumped revision number for resource 265dda5f-f0c4-4145-8d2c-d7539fcab5a7 (type: ports) to 4 [pid: 8|app: 0|req: 801/1561] 199.19.213.11 () {38 vars in 1027 bytes} [Mon Aug 24 21:52:50 2026] PUT /v2.0/ports/265dda5f-f0c4-4145-8d2c-d7539fcab5a7 => generated 1429 bytes in 701 msecs (HTTP/1.1 200) 4 headers in 158 bytes (1 switches on core 0) /var/lib/openstack/lib/python3.12/site-packages/pycadf/identifier.py:70: UserWarning: Invalid uuid: neutron. To ensure interoperability, identifiers should be a valid uuid. warnings.warn(('Invalid uuid: %s. To ensure interoperability, '
2026-08-24 21:52:51.643 8 INFO neutron.notifiers.nova [-] Nova event matching ['req-071fbf6b-c28c-4c91-8bef-459bc4c80b96'] response: {'name': 'network-changed', 'server_uuid': '45f7b596-f9fe-4137-9753-62f6956bf6d8', 'tag': '265dda5f-f0c4-4145-8d2c-d7539fcab5a7', 'status': 'completed', 'code': 200} [pid: 8|app: 0|req: 802/1562] 10.0.0.78 () {32 vars in 723 bytes} [Mon Aug 24 21:52:51 2026] DELETE /v2.0/subnets/e5ac65ec-d02c-4c36-a360-4012644e260b => generated 0 bytes in 131 msecs (HTTP/1.1 204) 3 headers in 131 bytes (1 switches on core 0) [pid: 8|app: 0|req: 803/1563] 10.0.0.78 () {32 vars in 723 bytes} [Mon Aug 24 21:52:51 2026] DELETE /v2.0/subnets/508217f2-ef03-4c51-b271-7688dbbd9ac8 => generated 0 bytes in 142 msecs (HTTP/1.1 204) 3 headers in 131 bytes (1 switches on core 0)
2026-08-24 21:52:51.985 8 INFO neutron_taas.services.taas.taas_plugin [None req-f6b15334-8678-43a2-924f-742772f6e730 704e71d261604c8891830a05e81f0cff 6b7f2b1ef02446569516726254c65f83 - - default default] TaaS: Handle Delete Port: 19cef549-8bac-441c-8f64-dbd087c4337f
2026-08-24 21:52:51.989 8 INFO neutron_taas.services.taas.tap_mirror_plugin [None req-f6b15334-8678-43a2-924f-742772f6e730 704e71d261604c8891830a05e81f0cff 6b7f2b1ef02446569516726254c65f83 - - default default] Tap Mirror: Handle Delete Port: 19cef549-8bac-441c-8f64-dbd087c4337f [pid: 7|app: 0|req: 761/1564] 10.0.0.78 () {34 vars in 788 bytes} [Mon Aug 24 21:52:51 2026] PUT /v2.0/routers/61cd051a-da2c-426a-95eb-502eaa560f2b/remove_router_interface => generated 309 bytes in 946 msecs (HTTP/1.1 200) 4 headers in 157 bytes (1 switches on core 0) /var/lib/openstack/lib/python3.12/site-packages/pycadf/identifier.py:70: UserWarning: Invalid uuid: neutron. To ensure interoperability, identifiers should be a valid uuid. warnings.warn(('Invalid uuid: %s. To ensure interoperability, '
2026-08-24 21:52:52.143 7 INFO neutron_taas.services.taas.taas_plugin [None req-d4d52a23-d34c-46bf-be31-0d4f73c337aa 66b5c85081074b708aef91fcbaacc247 eabaf4b3f91a434b8f3cf9793fb243a4 - - default default] TaaS: Handle Delete Port: 5616bb1e-e92e-4945-8a70-e82d7c00012c
2026-08-24 21:52:52.147 7 INFO neutron_taas.services.taas.tap_mirror_plugin [None req-d4d52a23-d34c-46bf-be31-0d4f73c337aa 66b5c85081074b708aef91fcbaacc247 eabaf4b3f91a434b8f3cf9793fb243a4 - - default default] Tap Mirror: Handle Delete Port: 5616bb1e-e92e-4945-8a70-e82d7c00012c [pid: 8|app: 0|req: 804/1565] 10.0.0.78 () {32 vars in 725 bytes} [Mon Aug 24 21:52:51 2026] DELETE /v2.0/networks/45d5518e-2d6a-4b48-8bac-c49b583dcc63 => generated 0 bytes in 315 msecs (HTTP/1.1 204) 3 headers in 131 bytes (1 switches on core 0)
2026-08-24 21:52:52.335 7 INFO neutron.services.segments.plugin [-] Segment b00c4ba0-f5f2-4728-8d87-1c08bb9a2670 resource provider aggregate not found
2026-08-24 21:52:52.341 7 INFO neutron.services.segments.plugin [-] Segment b00c4ba0-f5f2-4728-8d87-1c08bb9a2670 resource provider aggregate not found
2026-08-24 21:52:52.360 7 INFO neutron.services.segments.plugin [-] Client error retrieving segment b00c4ba0-f5f2-4728-8d87-1c08bb9a2670 resource provider; error: Placement Client Error (4xx): {"errors": [{"status": 404, "title": "Not Found", "detail": "The resource could not be found.\n\n No resource provider with uuid b00c4ba0-f5f2-4728-8d87-1c08bb9a2670 found for delete ", "request_id": "req-eff14b70-bd24-411b-b9c8-eaed1b88a097"}]}
2026-08-24 21:52:52.366 7 INFO neutron.services.segments.plugin [-] Client error retrieving segment b00c4ba0-f5f2-4728-8d87-1c08bb9a2670 resource provider; error: Placement Client Error (4xx): {"errors": [{"status": 404, "title": "Not Found", "detail": "The resource could not be found.\n\n No resource provider with uuid b00c4ba0-f5f2-4728-8d87-1c08bb9a2670 found for delete ", "request_id": "req-6f417e26-0bd8-4dd2-a55d-cd7ac10983a5"}]} [pid: 7|app: 0|req: 762/1566] 10.0.0.78 () {32 vars in 725 bytes} [Mon Aug 24 21:52:51 2026] DELETE /v2.0/networks/44c09b5f-d3bd-4f4d-bac3-07fb444ea045 => generated 0 bytes in 379 msecs (HTTP/1.1 204) 3 headers in 131 bytes (1 switches on core 0) [pid: 7|app: 0|req: 763/1567] 199.19.213.11 () {34 vars in 1079 bytes} [Mon Aug 24 21:52:52 2026] GET /v2.0/ports?tenant_id=04e001d879ca4ef19501a3dd47f28c22&device_id=45f7b596-f9fe-4137-9753-62f6956bf6d8 => generated 1432 bytes in 35 msecs (HTTP/1.1 200) 4 headers in 158 bytes (1 switches on core 0)
2026-08-24 21:52:52.565 8 INFO neutron_taas.services.taas.taas_plugin [None req-405aa467-0261-4684-955d-8ae28748e600 66b5c85081074b708aef91fcbaacc247 eabaf4b3f91a434b8f3cf9793fb243a4 - - default default] TaaS: Handle Delete Port: b2ae0e1d-618b-4d36-a0f1-c6b96743f2cf
2026-08-24 21:52:52.569 8 INFO neutron_taas.services.taas.tap_mirror_plugin [None req-405aa467-0261-4684-955d-8ae28748e600 66b5c85081074b708aef91fcbaacc247 eabaf4b3f91a434b8f3cf9793fb243a4 - - default default] Tap Mirror: Handle Delete Port: b2ae0e1d-618b-4d36-a0f1-c6b96743f2cf
2026-08-24 21:52:52.705 8 INFO neutron.services.segments.plugin [-] Segment 424ef69b-28bb-4f2a-a89d-359c983f6bbf resource provider aggregate not found
2026-08-24 21:52:52.708 8 INFO neutron.services.segments.plugin [-] Segment 424ef69b-28bb-4f2a-a89d-359c983f6bbf resource provider aggregate not found
2026-08-24 21:52:52.724 8 INFO neutron.services.segments.plugin [-] Client error retrieving segment 424ef69b-28bb-4f2a-a89d-359c983f6bbf resource provider; error: Placement Client Error (4xx): {"errors": [{"status": 404, "title": "Not Found", "detail": "The resource could not be found.\n\n No resource provider with uuid 424ef69b-28bb-4f2a-a89d-359c983f6bbf found for delete ", "request_id": "req-fa9f1d5b-bc52-4784-9b72-780c2bd79551"}]}
2026-08-24 21:52:52.725 8 INFO neutron.services.segments.plugin [-] Client error retrieving segment 424ef69b-28bb-4f2a-a89d-359c983f6bbf resource provider; error: Placement Client Error (4xx): {"errors": [{"status": 404, "title": "Not Found", "detail": "The resource could not be found.\n\n No resource provider with uuid 424ef69b-28bb-4f2a-a89d-359c983f6bbf found for delete ", "request_id": "req-6ddc2e3c-19a9-49b7-99db-23b89211f98a"}]}
2026-08-24 21:52:52.858 7 WARNING neutron.scheduler.dhcp_agent_scheduler [None req-b711d368-f573-4df8-afb6-e9062ebc7855 704e71d261604c8891830a05e81f0cff 6b7f2b1ef02446569516726254c65f83 - - default default] No more DHCP agents
2026-08-24 21:52:52.859 7 WARNING neutron.api.rpc.agentnotifiers.dhcp_rpc_agent_api [None req-b711d368-f573-4df8-afb6-e9062ebc7855 704e71d261604c8891830a05e81f0cff 6b7f2b1ef02446569516726254c65f83 - - default default] Unable to schedule network 55dd8628-77af-4072-8e78-e6d34586eb5c: no agents available; will retry on subsequent port and subnet creation events.
2026-08-24 21:52:52.975 7 INFO neutron.plugins.ml2.drivers.ovn.mech_driver.mech_driver [None req-723b01c1-3c4c-4fda-bff8-b9bcb9b4d4f2 - - - - - -] OVN reports status down for port: c3585981-961d-4ca3-ae9b-abcb8446185c
2026-08-24 21:52:53.025 7 INFO neutron.db.ovn_revision_numbers_db [None req-b711d368-f573-4df8-afb6-e9062ebc7855 704e71d261604c8891830a05e81f0cff 6b7f2b1ef02446569516726254c65f83 - - default default] Successfully bumped revision number for resource c3585981-961d-4ca3-ae9b-abcb8446185c (type: ports) to 1
2026-08-24 21:52:53.664 7 INFO neutron.plugins.ml2.drivers.ovn.mech_driver.ovsdb.commands [None req-a8bca32a-0444-4933-a145-0b3bfa277eb0 - - - - - -] Schedule LRP lrp-c3585981-961d-4ca3-ae9b-abcb8446185c on gateway ddbecb86-066b-428b-8143-8c05fcb3535f with priority 1
2026-08-24 21:52:53.700 7 INFO neutron.plugins.ml2.drivers.ovn.mech_driver.mech_driver [None req-723b01c1-3c4c-4fda-bff8-b9bcb9b4d4f2 - - - - - -] OVN reports status up for port: c3585981-961d-4ca3-ae9b-abcb8446185c
2026-08-24 21:52:53.724 7 INFO neutron.plugins.ml2.plugin [None req-723b01c1-3c4c-4fda-bff8-b9bcb9b4d4f2 - - - - - -] Attempt 1 to provision port c3585981-961d-4ca3-ae9b-abcb8446185c
2026-08-24 21:52:53.747 7 INFO neutron.db.ovn_revision_numbers_db [None req-b711d368-f573-4df8-afb6-e9062ebc7855 704e71d261604c8891830a05e81f0cff 6b7f2b1ef02446569516726254c65f83 - - default default] Successfully bumped revision number for resource c3585981-961d-4ca3-ae9b-abcb8446185c (type: router_ports) to 1
2026-08-24 21:52:53.867 7 INFO neutron.db.ovn_revision_numbers_db [None req-b711d368-f573-4df8-afb6-e9062ebc7855 704e71d261604c8891830a05e81f0cff 6b7f2b1ef02446569516726254c65f83 - - default default] Successfully bumped revision number for resource c555a21c-8d7a-4cda-9ff4-c212897fb52b (type: routers) to 2 [pid: 7|app: 0|req: 764/1568] 10.0.0.78 () {34 vars in 668 bytes} [Mon Aug 24 21:52:52 2026] POST /v2.0/routers => generated 947 bytes in 1473 msecs (HTTP/1.1 201) 4 headers in 162 bytes (1 switches on core 0) [pid: 7|app: 0|req: 765/1569] 199.19.213.11 () {34 vars in 1017 bytes} [Mon Aug 24 21:52:53 2026] GET /v2.0/networks?tenant_id=04e001d879ca4ef19501a3dd47f28c22&shared=False => generated 2383 bytes in 52 msecs (HTTP/1.1 200) 4 headers in 158 bytes (1 switches on core 0) [pid: 7|app: 0|req: 766/1570] 10.0.0.78 () {32 vars in 773 bytes} [Mon Aug 24 21:52:53 2026] GET /v2.0/security-groups?tenant_id=929e80fba3a247368362538ddac3af73&name=default => generated 2925 bytes in 35 msecs (HTTP/1.1 200) 4 headers in 158 bytes (1 switches on core 0) [pid: 8|app: 0|req: 805/1571] 10.0.0.78 () {32 vars in 723 bytes} [Mon Aug 24 21:52:52 2026] DELETE /v2.0/routers/61cd051a-da2c-426a-95eb-502eaa560f2b => generated 0 bytes in 1812 msecs (HTTP/1.1 204) 2 headers in 112 bytes (1 switches on core 0) [pid: 8|app: 0|req: 806/1572] 199.19.213.11 () {34 vars in 929 bytes} [Mon Aug 24 21:52:54 2026] GET /v2.0/networks?shared=True => generated 753 bytes in 51 msecs (HTTP/1.1 200) 4 headers in 157 bytes (1 switches on core 0) [pid: 7|app: 0|req: 767/1573] 10.0.0.78 () {32 vars in 720 bytes} [Mon Aug 24 21:52:53 2026] GET /v2.0/routers/c555a21c-8d7a-4cda-9ff4-c212897fb52b => generated 953 bytes in 101 msecs (HTTP/1.1 200) 4 headers in 157 bytes (1 switches on core 0) [pid: 7|app: 0|req: 768/1574] 10.0.0.78 () {32 vars in 723 bytes} [Mon Aug 24 21:52:54 2026] DELETE /v2.0/subnets/fe1674ad-f6d9-4df7-a4f7-8991b2fb65d0 => generated 0 bytes in 164 msecs (HTTP/1.1 204) 3 headers in 131 bytes (1 switches on core 0) [pid: 8|app: 0|req: 807/1575] 10.0.0.78 () {32 vars in 739 bytes} [Mon Aug 24 21:52:54 2026] DELETE /v2.0/security-groups/77e7a531-df5d-4bf7-9a0c-32a9b281daa9 => generated 0 bytes in 221 msecs (HTTP/1.1 204) 2 headers in 112 bytes (1 switches on core 0) [pid: 7|app: 0|req: 769/1576] 10.0.0.78 () {32 vars in 646 bytes} [Mon Aug 24 21:52:54 2026] GET /v2.0/routers => generated 956 bytes in 102 msecs (HTTP/1.1 200) 4 headers in 157 bytes (1 switches on core 0)
2026-08-24 21:52:54.393 8 INFO neutron_taas.services.taas.taas_plugin [None req-31118d32-73bc-42f6-b854-ce261289d004 66b5c85081074b708aef91fcbaacc247 eabaf4b3f91a434b8f3cf9793fb243a4 - - default default] TaaS: Handle Delete Port: 2629417c-ff3d-4266-a98b-782be9d7dfa4
2026-08-24 21:52:54.396 8 INFO neutron_taas.services.taas.tap_mirror_plugin [None req-31118d32-73bc-42f6-b854-ce261289d004 66b5c85081074b708aef91fcbaacc247 eabaf4b3f91a434b8f3cf9793fb243a4 - - default default] Tap Mirror: Handle Delete Port: 2629417c-ff3d-4266-a98b-782be9d7dfa4 [pid: 8|app: 0|req: 808/1577] 10.0.0.78 () {32 vars in 725 bytes} [Mon Aug 24 21:52:54 2026] DELETE /v2.0/networks/96e5f3f5-c198-45aa-8032-faafe3a5d535 => generated 0 bytes in 294 msecs (HTTP/1.1 204) 3 headers in 131 bytes (1 switches on core 0)
2026-08-24 21:52:54.742 8 INFO neutron.services.segments.plugin [-] Segment 6ddcd26c-51f1-4bfc-aac6-b7a57c5735f3 resource provider aggregate not found
2026-08-24 21:52:54.752 8 INFO neutron.services.segments.plugin [-] Segment 6ddcd26c-51f1-4bfc-aac6-b7a57c5735f3 resource provider aggregate not found
2026-08-24 21:52:54.763 8 INFO neutron.services.segments.plugin [-] Client error retrieving segment 6ddcd26c-51f1-4bfc-aac6-b7a57c5735f3 resource provider; error: Placement Client Error (4xx): {"errors": [{"status": 404, "title": "Not Found", "detail": "The resource could not be found.\n\n No resource provider with uuid 6ddcd26c-51f1-4bfc-aac6-b7a57c5735f3 found for delete ", "request_id": "req-5287e4ae-0c73-4544-a34b-61128277ec94"}]}
2026-08-24 21:52:54.775 8 INFO neutron.services.segments.plugin [-] Client error retrieving segment 6ddcd26c-51f1-4bfc-aac6-b7a57c5735f3 resource provider; error: Placement Client Error (4xx): {"errors": [{"status": 404, "title": "Not Found", "detail": "The resource could not be found.\n\n No resource provider with uuid 6ddcd26c-51f1-4bfc-aac6-b7a57c5735f3 found for delete ", "request_id": "req-21e739e5-2df7-4c09-8eaf-bcf22ffc9f77"}]}
2026-08-24 21:52:54.787 7 INFO neutron.db.ovn_revision_numbers_db [None req-ef31af2c-8d2f-4606-85b4-88f89dddf6d0 704e71d261604c8891830a05e81f0cff 6b7f2b1ef02446569516726254c65f83 - - default default] Successfully bumped revision number for resource c555a21c-8d7a-4cda-9ff4-c212897fb52b (type: routers) to 3 [pid: 7|app: 0|req: 770/1578] 10.0.0.78 () {34 vars in 740 bytes} [Mon Aug 24 21:52:54 2026] PUT /v2.0/routers/c555a21c-8d7a-4cda-9ff4-c212897fb52b => generated 960 bytes in 451 msecs (HTTP/1.1 200) 4 headers in 157 bytes (1 switches on core 0) [pid: 8|app: 0|req: 809/1579] 10.0.0.59 () {34 vars in 989 bytes} [Mon Aug 24 21:52:54 2026] GET /v2.0/ports?device_id=45f7b596-f9fe-4137-9753-62f6956bf6d8 => generated 1194 bytes in 55 msecs (HTTP/1.1 200) 4 headers in 158 bytes (1 switches on core 0) [pid: 8|app: 0|req: 810/1580] 10.0.0.59 () {34 vars in 1039 bytes} [Mon Aug 24 21:52:54 2026] GET /v2.0/security-groups?id=49a421cc-68b5-442c-92ba-e192dcafa3ec&fields=id&fields=name => generated 111 bytes in 30 msecs (HTTP/1.1 200) 4 headers in 157 bytes (1 switches on core 0) [pid: 7|app: 0|req: 771/1581] 10.0.0.78 () {32 vars in 720 bytes} [Mon Aug 24 21:52:54 2026] GET /v2.0/routers/c555a21c-8d7a-4cda-9ff4-c212897fb52b => generated 960 bytes in 59 msecs (HTTP/1.1 200) 4 headers in 157 bytes (1 switches on core 0) [pid: 8|app: 0|req: 811/1582] 10.0.0.78 () {32 vars in 735 bytes} [Mon Aug 24 21:52:54 2026] GET /v2.0/ports?device_id=c555a21c-8d7a-4cda-9ff4-c212897fb52b => generated 12 bytes in 22 msecs (HTTP/1.1 200) 4 headers in 156 bytes (1 switches on core 0) [pid: 8|app: 0|req: 812/1583] 10.0.0.78 () {32 vars in 773 bytes} [Mon Aug 24 21:52:54 2026] GET /v2.0/security-groups?tenant_id=75e7be56f3084a66a4d82317e8ef6620&name=default => generated 2925 bytes in 27 msecs (HTTP/1.1 200) 4 headers in 158 bytes (1 switches on core 0) [pid: 8|app: 0|req: 813/1584] 10.0.0.78 () {32 vars in 739 bytes} [Mon Aug 24 21:52:54 2026] DELETE /v2.0/security-groups/0e3404ea-d38f-4b2e-8734-cec511066613 => generated 0 bytes in 238 msecs (HTTP/1.1 204) 2 headers in 112 bytes (1 switches on core 0) [pid: 8|app: 0|req: 814/1585] 199.19.213.11 () {34 vars in 1079 bytes} [Mon Aug 24 21:52:55 2026] GET /v2.0/ports?tenant_id=04e001d879ca4ef19501a3dd47f28c22&device_id=45f7b596-f9fe-4137-9753-62f6956bf6d8 => generated 1432 bytes in 35 msecs (HTTP/1.1 200) 4 headers in 158 bytes (1 switches on core 0) [pid: 8|app: 0|req: 817/1588] 199.19.213.11 () {34 vars in 1055 bytes} [Mon Aug 24 21:52:55 2026] GET /v2.0/floatingips?fixed_ip_address=10.2.1.36&port_id=265dda5f-f0c4-4145-8d2c-d7539fcab5a7 => generated 19 bytes in 17 msecs (HTTP/1.1 200) 4 headers in 156 bytes (1 switches on core 0) [pid: 8|app: 0|req: 818/1589] 199.19.213.11 () {34 vars in 1103 bytes} [Mon Aug 24 21:52:55 2026] GET /v2.0/floatingips?fixed_ip_address=fd7b%3Af9f7%3Afff%3A4eca%3A%3A2aa&port_id=265dda5f-f0c4-4145-8d2c-d7539fcab5a7 => generated 19 bytes in 17 msecs (HTTP/1.1 200) 4 headers in 156 bytes (1 switches on core 0)
2026-08-24 21:52:55.262 7 INFO neutron_taas.services.taas.taas_plugin [None req-6bcc7445-203c-4662-b133-09a3d26aa9f5 704e71d261604c8891830a05e81f0cff 6b7f2b1ef02446569516726254c65f83 - - default default] TaaS: Handle Delete Port: c3585981-961d-4ca3-ae9b-abcb8446185c
2026-08-24 21:52:55.266 7 INFO neutron_taas.services.taas.tap_mirror_plugin [None req-6bcc7445-203c-4662-b133-09a3d26aa9f5 704e71d261604c8891830a05e81f0cff 6b7f2b1ef02446569516726254c65f83 - - default default] Tap Mirror: Handle Delete Port: c3585981-961d-4ca3-ae9b-abcb8446185c [pid: 8|app: 0|req: 819/1590] 199.19.213.11 () {34 vars in 1063 bytes} [Mon Aug 24 21:52:55 2026] GET /v2.0/subnets?id=6a745f21-7fc9-4b97-b0ca-a340f7e2d852&id=e3d9857c-52b6-40ed-a9eb-56223045de3d => generated 1410 bytes in 26 msecs (HTTP/1.1 200) 4 headers in 158 bytes (1 switches on core 0) [pid: 8|app: 0|req: 820/1591] 199.19.213.11 () {34 vars in 1051 bytes} [Mon Aug 24 21:52:55 2026] GET /v2.0/ports?network_id=a88a7622-9e99-4c72-b5cb-e13bc370ecb7&device_owner=network%3Adhcp => generated 12 bytes in 18 msecs (HTTP/1.1 200) 4 headers in 156 bytes (1 switches on core 0) [pid: 8|app: 0|req: 821/1592] 10.0.0.78 () {32 vars in 773 bytes} [Mon Aug 24 21:52:55 2026] GET /v2.0/security-groups?tenant_id=59f0453a13fd46a9b88a4d35e54679db&name=default => generated 2925 bytes in 24 msecs (HTTP/1.1 200) 4 headers in 158 bytes (1 switches on core 0) [pid: 8|app: 0|req: 822/1593] 199.19.213.11 () {34 vars in 1051 bytes} [Mon Aug 24 21:52:55 2026] GET /v2.0/ports?network_id=a88a7622-9e99-4c72-b5cb-e13bc370ecb7&device_owner=network%3Adhcp => generated 12 bytes in 15 msecs (HTTP/1.1 200) 4 headers in 156 bytes (1 switches on core 0) [pid: 8|app: 0|req: 823/1594] 10.0.0.78 () {32 vars in 739 bytes} [Mon Aug 24 21:52:55 2026] DELETE /v2.0/security-groups/b1da0111-fce7-43c2-9f51-5639fa9d433b => generated 0 bytes in 213 msecs (HTTP/1.1 204) 2 headers in 112 bytes (1 switches on core 0) [pid: 8|app: 0|req: 824/1595] 199.19.213.11 () {34 vars in 1011 bytes} [Mon Aug 24 21:52:55 2026] GET /v2.0/networks/a88a7622-9e99-4c72-b5cb-e13bc370ecb7?fields=segments => generated 14 bytes in 36 msecs (HTTP/1.1 200) 4 headers in 156 bytes (1 switches on core 0) [pid: 8|app: 0|req: 825/1596] 199.19.213.11 () {34 vars in 1111 bytes} [Mon Aug 24 21:52:55 2026] GET /v2.0/networks/a88a7622-9e99-4c72-b5cb-e13bc370ecb7?fields=provider%3Aphysical_network&fields=provider%3Anetwork_type => generated 79 bytes in 38 msecs (HTTP/1.1 200) 4 headers in 156 bytes (1 switches on core 0) [pid: 7|app: 0|req: 772/1597] 10.0.0.78 () {32 vars in 723 bytes} [Mon Aug 24 21:52:54 2026] DELETE /v2.0/routers/c555a21c-8d7a-4cda-9ff4-c212897fb52b => generated 0 bytes in 1313 msecs (HTTP/1.1 204) 2 headers in 112 bytes (1 switches on core 0) [pid: 7|app: 0|req: 773/1598] 10.0.0.78 () {32 vars in 735 bytes} [Mon Aug 24 21:52:56 2026] GET /v2.0/ports?device_id=c555a21c-8d7a-4cda-9ff4-c212897fb52b => generated 12 bytes in 19 msecs (HTTP/1.1 200) 4 headers in 156 bytes (1 switches on core 0)
2026-08-24 21:52:56.267 7 INFO neutron.api.v2.resource [None req-cf605fda-125b-43b6-b400-9916d90c04a0 704e71d261604c8891830a05e81f0cff 6b7f2b1ef02446569516726254c65f83 - - default default] delete failed (client error): The resource could not be found. [pid: 7|app: 0|req: 774/1599] 10.0.0.78 () {32 vars in 723 bytes} [Mon Aug 24 21:52:56 2026] DELETE /v2.0/routers/c555a21c-8d7a-4cda-9ff4-c212897fb52b => generated 135 bytes in 32 msecs (HTTP/1.1 404) 4 headers in 164 bytes (1 switches on core 0) [pid: 7|app: 0|req: 775/1600] 10.0.0.78 () {32 vars in 735 bytes} [Mon Aug 24 21:52:56 2026] GET /v2.0/ports?device_id=04dbefed-e46b-4706-8e16-ead6804584e6 => generated 12 bytes in 18 msecs (HTTP/1.1 200) 4 headers in 156 bytes (1 switches on core 0)
2026-08-24 21:52:56.291 8 INFO neutron.db.ovn_revision_numbers_db [None req-63bb7053-4c14-4016-b65d-5e19289f8c04 66b5c85081074b708aef91fcbaacc247 eabaf4b3f91a434b8f3cf9793fb243a4 - - default default] Successfully bumped revision number for resource 502427ea-aa4c-480b-b3ea-2e12d4d5488e (type: security_groups) to 1
2026-08-24 21:52:56.305 8 INFO neutron.db.ovn_revision_numbers_db [None req-63bb7053-4c14-4016-b65d-5e19289f8c04 66b5c85081074b708aef91fcbaacc247 eabaf4b3f91a434b8f3cf9793fb243a4 - - default default] Successfully bumped revision number for resource 693ab083-d898-4d8c-87d0-f000b84e21a5 (type: security_group_rules) to 0
2026-08-24 21:52:56.312 7 INFO neutron.api.v2.resource [None req-b9f1f2b8-91d9-4251-bf3e-951f6d98bc9d 704e71d261604c8891830a05e81f0cff 6b7f2b1ef02446569516726254c65f83 - - default default] delete failed (client error): The resource could not be found. [pid: 7|app: 0|req: 776/1601] 10.0.0.78 () {32 vars in 723 bytes} [Mon Aug 24 21:52:56 2026] DELETE /v2.0/routers/04dbefed-e46b-4706-8e16-ead6804584e6 => generated 135 bytes in 19 msecs (HTTP/1.1 404) 4 headers in 164 bytes (1 switches on core 0)
2026-08-24 21:52:56.318 8 INFO neutron.db.ovn_revision_numbers_db [None req-63bb7053-4c14-4016-b65d-5e19289f8c04 66b5c85081074b708aef91fcbaacc247 eabaf4b3f91a434b8f3cf9793fb243a4 - - default default] Successfully bumped revision number for resource aca619da-bd88-414b-a396-5ea970370e47 (type: security_group_rules) to 0
2026-08-24 21:52:56.332 8 INFO neutron.db.ovn_revision_numbers_db [None req-63bb7053-4c14-4016-b65d-5e19289f8c04 66b5c85081074b708aef91fcbaacc247 eabaf4b3f91a434b8f3cf9793fb243a4 - - default default] Successfully bumped revision number for resource bc66246b-c28b-4b4a-b359-5652849058bb (type: security_group_rules) to 0
2026-08-24 21:52:56.333 7 INFO neutron.pecan_wsgi.hooks.translation [None req-26ac4aeb-2be5-4756-8cba-bd8b90111d61 704e71d261604c8891830a05e81f0cff 6b7f2b1ef02446569516726254c65f83 - - default default] DELETE failed (client error): The resource could not be found. [pid: 7|app: 0|req: 777/1602] 10.0.0.78 () {32 vars in 723 bytes} [Mon Aug 24 21:52:56 2026] DELETE /v2.0/subnets/e5ac65ec-d02c-4c36-a360-4012644e260b => generated 136 bytes in 17 msecs (HTTP/1.1 404) 4 headers in 164 bytes (1 switches on core 0)
2026-08-24 21:52:56.347 8 INFO neutron.db.ovn_revision_numbers_db [None req-63bb7053-4c14-4016-b65d-5e19289f8c04 66b5c85081074b708aef91fcbaacc247 eabaf4b3f91a434b8f3cf9793fb243a4 - - default default] Successfully bumped revision number for resource e5274fd9-7ba0-41e1-b3ea-4fc2ee7095da (type: security_group_rules) to 0 [pid: 7|app: 0|req: 778/1603] 10.0.0.78 () {32 vars in 735 bytes} [Mon Aug 24 21:52:56 2026] GET /v2.0/ports?device_id=02b173b4-7984-4b37-ac50-d10e0735bd40 => generated 12 bytes in 15 msecs (HTTP/1.1 200) 4 headers in 156 bytes (1 switches on core 0)
2026-08-24 21:52:56.377 7 INFO neutron.api.v2.resource [None req-040a16ee-47db-4e36-86a9-c5226ba69104 704e71d261604c8891830a05e81f0cff 6b7f2b1ef02446569516726254c65f83 - - default default] delete failed (client error): The resource could not be found. [pid: 7|app: 0|req: 779/1604] 10.0.0.78 () {32 vars in 723 bytes} [Mon Aug 24 21:52:56 2026] DELETE /v2.0/routers/02b173b4-7984-4b37-ac50-d10e0735bd40 => generated 135 bytes in 18 msecs (HTTP/1.1 404) 4 headers in 164 bytes (1 switches on core 0)
2026-08-24 21:52:56.398 7 INFO neutron.pecan_wsgi.hooks.translation [None req-5be98147-8033-4e07-8e6d-8e549eea7940 704e71d261604c8891830a05e81f0cff 6b7f2b1ef02446569516726254c65f83 - - default default] DELETE failed (client error): The resource could not be found. [pid: 7|app: 0|req: 780/1605] 10.0.0.78 () {32 vars in 723 bytes} [Mon Aug 24 21:52:56 2026] DELETE /v2.0/subnets/2b58a21c-8479-489a-b566-8f0d0ddf2047 => generated 136 bytes in 18 msecs (HTTP/1.1 404) 4 headers in 164 bytes (1 switches on core 0) [pid: 7|app: 0|req: 781/1606] 10.0.0.78 () {32 vars in 735 bytes} [Mon Aug 24 21:52:56 2026] GET /v2.0/ports?device_id=99bd968c-da63-4f00-9d0a-ab3fbf4f17c4 => generated 12 bytes in 19 msecs (HTTP/1.1 200) 4 headers in 156 bytes (1 switches on core 0)
2026-08-24 21:52:56.441 8 INFO neutron.db.segments_db [None req-63bb7053-4c14-4016-b65d-5e19289f8c04 66b5c85081074b708aef91fcbaacc247 eabaf4b3f91a434b8f3cf9793fb243a4 - - default default] Added segment bdfb96e1-a2de-4d00-bba8-e76c7f368d8c of type geneve for network a42daf43-c7d2-42ce-ac1e-f3ccdaa99918
2026-08-24 21:52:56.447 7 INFO neutron.api.v2.resource [None req-189efd86-c54b-4059-8cd8-6f36dd0ffc29 704e71d261604c8891830a05e81f0cff 6b7f2b1ef02446569516726254c65f83 - - default default] delete failed (client error): The resource could not be found. [pid: 7|app: 0|req: 782/1607] 10.0.0.78 () {32 vars in 723 bytes} [Mon Aug 24 21:52:56 2026] DELETE /v2.0/routers/99bd968c-da63-4f00-9d0a-ab3fbf4f17c4 => generated 135 bytes in 19 msecs (HTTP/1.1 404) 4 headers in 164 bytes (1 switches on core 0)
2026-08-24 21:52:56.470 7 INFO neutron.pecan_wsgi.hooks.translation [None req-6f3ed549-44e7-4312-b716-9ee134c66e93 704e71d261604c8891830a05e81f0cff 6b7f2b1ef02446569516726254c65f83 - - default default] DELETE failed (client error): The resource could not be found. [pid: 7|app: 0|req: 783/1608] 10.0.0.78 () {32 vars in 723 bytes} [Mon Aug 24 21:52:56 2026] DELETE /v2.0/subnets/29a02123-8366-4878-b783-2a31bb8eac27 => generated 136 bytes in 18 msecs (HTTP/1.1 404) 4 headers in 164 bytes (1 switches on core 0)
2026-08-24 21:52:56.488 7 INFO neutron.pecan_wsgi.hooks.translation [None req-bb1eb710-593e-4dc3-9133-f17e19dec3aa 704e71d261604c8891830a05e81f0cff 6b7f2b1ef02446569516726254c65f83 - - default default] DELETE failed (client error): The resource could not be found. [pid: 7|app: 0|req: 784/1609] 10.0.0.78 () {32 vars in 723 bytes} [Mon Aug 24 21:52:56 2026] DELETE /v2.0/subnets/a6b4d968-c563-4f9a-8528-19f88587ce05 => generated 136 bytes in 13 msecs (HTTP/1.1 404) 4 headers in 164 bytes (1 switches on core 0)
2026-08-24 21:52:56.563 8 INFO neutron.db.ovn_revision_numbers_db [None req-63bb7053-4c14-4016-b65d-5e19289f8c04 66b5c85081074b708aef91fcbaacc247 eabaf4b3f91a434b8f3cf9793fb243a4 - - default default] Successfully bumped revision number for resource a42daf43-c7d2-42ce-ac1e-f3ccdaa99918 (type: networks) to 1
2026-08-24 21:52:56.757 8 WARNING neutron.scheduler.dhcp_agent_scheduler [None req-63bb7053-4c14-4016-b65d-5e19289f8c04 66b5c85081074b708aef91fcbaacc247 eabaf4b3f91a434b8f3cf9793fb243a4 - - default default] No more DHCP agents
2026-08-24 21:52:56.759 8 WARNING neutron.api.rpc.agentnotifiers.dhcp_rpc_agent_api [None req-63bb7053-4c14-4016-b65d-5e19289f8c04 66b5c85081074b708aef91fcbaacc247 eabaf4b3f91a434b8f3cf9793fb243a4 - - default default] Unable to schedule network a42daf43-c7d2-42ce-ac1e-f3ccdaa99918: no agents available; will retry on subsequent port and subnet creation events.
2026-08-24 21:52:56.809 8 INFO neutron.plugins.ml2.drivers.ovn.mech_driver.mech_driver [None req-d9d24d21-5c51-4b7e-944d-76ace8599553 - - - - - -] OVN reports status down for port: ac113320-eefa-4acd-b936-5f674ac3d2e9
2026-08-24 21:52:56.863 8 INFO neutron.db.ovn_revision_numbers_db [None req-63bb7053-4c14-4016-b65d-5e19289f8c04 66b5c85081074b708aef91fcbaacc247 eabaf4b3f91a434b8f3cf9793fb243a4 - - default default] Successfully bumped revision number for resource ac113320-eefa-4acd-b936-5f674ac3d2e9 (type: ports) to 1 [pid: 8|app: 0|req: 826/1610] 10.0.0.78 () {34 vars in 670 bytes} [Mon Aug 24 21:52:55 2026] POST /v2.0/networks => generated 748 bytes in 897 msecs (HTTP/1.1 201) 4 headers in 162 bytes (1 switches on core 0)
2026-08-24 21:52:57.039 8 WARNING neutron.scheduler.dhcp_agent_scheduler [None req-d338b829-29c9-4782-afc3-cfe92de78ebf 66b5c85081074b708aef91fcbaacc247 eabaf4b3f91a434b8f3cf9793fb243a4 - - default default] No more DHCP agents
2026-08-24 21:52:57.041 8 WARNING neutron.api.rpc.agentnotifiers.dhcp_rpc_agent_api [None req-d338b829-29c9-4782-afc3-cfe92de78ebf 66b5c85081074b708aef91fcbaacc247 eabaf4b3f91a434b8f3cf9793fb243a4 - - default default] Unable to schedule network a42daf43-c7d2-42ce-ac1e-f3ccdaa99918: no agents available; will retry on subsequent port and subnet creation events. [pid: 7|app: 0|req: 785/1611] 10.0.0.78 () {32 vars in 773 bytes} [Mon Aug 24 21:52:56 2026] GET /v2.0/security-groups?tenant_id=6b7f2b1ef02446569516726254c65f83&name=default => generated 2925 bytes in 249 msecs (HTTP/1.1 200) 4 headers in 158 bytes (1 switches on core 0) [pid: 7|app: 0|req: 786/1612] 10.0.0.78 () {32 vars in 739 bytes} [Mon Aug 24 21:52:57 2026] DELETE /v2.0/security-groups/8782d0d0-ffb6-4569-8cee-2b7e45003f36 => generated 0 bytes in 215 msecs (HTTP/1.1 204) 2 headers in 112 bytes (1 switches on core 0)
2026-08-24 21:52:57.520 8 INFO neutron.db.ovn_revision_numbers_db [None req-9276226c-0318-4246-bbdb-6d1388f73a2c - - - - - -] Successfully bumped revision number for resource ac113320-eefa-4acd-b936-5f674ac3d2e9 (type: ports) to 2
2026-08-24 21:52:57.567 8 INFO neutron.db.ovn_revision_numbers_db [None req-9276226c-0318-4246-bbdb-6d1388f73a2c - - - - - -] Successfully bumped revision number for resource 8c843cfd-327e-4229-965a-7ffea0af260f (type: subnets) to 0 [pid: 8|app: 0|req: 827/1613] 10.0.0.78 () {34 vars in 668 bytes} [Mon Aug 24 21:52:56 2026] POST /v2.0/subnets => generated 692 bytes in 687 msecs (HTTP/1.1 201) 4 headers in 162 bytes (1 switches on core 0)
2026-08-24 21:52:58.103 7 WARNING neutron.scheduler.dhcp_agent_scheduler [None req-ebd8dd2e-bbfc-4bbe-8273-ca4fee667997 66b5c85081074b708aef91fcbaacc247 eabaf4b3f91a434b8f3cf9793fb243a4 - - default default] No more DHCP agents
2026-08-24 21:52:58.105 7 WARNING neutron.api.rpc.agentnotifiers.dhcp_rpc_agent_api [None req-ebd8dd2e-bbfc-4bbe-8273-ca4fee667997 66b5c85081074b708aef91fcbaacc247 eabaf4b3f91a434b8f3cf9793fb243a4 - - default default] Unable to schedule network 55dd8628-77af-4072-8e78-e6d34586eb5c: no agents available; will retry on subsequent port and subnet creation events.
2026-08-24 21:52:58.218 8 INFO neutron.plugins.ml2.drivers.ovn.mech_driver.mech_driver [None req-d9d24d21-5c51-4b7e-944d-76ace8599553 - - - - - -] OVN reports status down for port: 9d96e5d7-5642-4fbf-a325-670a496668db
2026-08-24 21:52:58.251 7 INFO neutron.db.ovn_revision_numbers_db [None req-ebd8dd2e-bbfc-4bbe-8273-ca4fee667997 66b5c85081074b708aef91fcbaacc247 eabaf4b3f91a434b8f3cf9793fb243a4 - - default default] Successfully bumped revision number for resource 9d96e5d7-5642-4fbf-a325-670a496668db (type: ports) to 1
2026-08-24 21:52:58.320 8 INFO neutron.plugins.ml2.drivers.ovn.mech_driver.mech_driver [None req-d9d24d21-5c51-4b7e-944d-76ace8599553 - - - - - -] OVN reports status up for port: 265dda5f-f0c4-4145-8d2c-d7539fcab5a7
2026-08-24 21:52:58.341 8 INFO neutron.plugins.ml2.plugin [None req-d9d24d21-5c51-4b7e-944d-76ace8599553 - - - - - -] Attempt 1 to provision port 265dda5f-f0c4-4145-8d2c-d7539fcab5a7
2026-08-24 21:52:58.475 8 INFO neutron.notifiers.nova [-] Nova event matching ['req-33a1ff9b-6c23-40d3-ae06-948baae4a99d'] response: {'server_uuid': '45f7b596-f9fe-4137-9753-62f6956bf6d8', 'name': 'network-vif-plugged', 'status': 'completed', 'tag': '265dda5f-f0c4-4145-8d2c-d7539fcab5a7', 'code': 200}
2026-08-24 21:52:58.634 8 INFO neutron.db.ovn_revision_numbers_db [None req-d9d24d21-5c51-4b7e-944d-76ace8599553 - - - - - -] Successfully bumped revision number for resource 265dda5f-f0c4-4145-8d2c-d7539fcab5a7 (type: ports) to 5
2026-08-24 21:52:58.963 7 INFO neutron.plugins.ml2.drivers.ovn.mech_driver.ovsdb.commands [None req-a8bca32a-0444-4933-a145-0b3bfa277eb0 - - - - - -] Schedule LRP lrp-9d96e5d7-5642-4fbf-a325-670a496668db on gateway ddbecb86-066b-428b-8143-8c05fcb3535f with priority 1
2026-08-24 21:52:59.028 7 INFO neutron.plugins.ml2.drivers.ovn.mech_driver.ovsdb.ovsdb_monitor [None req-db073572-e946-448c-b7b5-8fabe3a80b94 - - - - - -] Router 33bf83e1-64eb-4ffd-ac0a-9b2f108fb9ec is bound to host instance
2026-08-24 21:52:59.040 8 INFO neutron.plugins.ml2.drivers.ovn.mech_driver.mech_driver [None req-2426ce30-160d-4390-9e7f-a5ce4d0c6d8a - - - - - -] OVN reports status up for port: 9d96e5d7-5642-4fbf-a325-670a496668db
2026-08-24 21:52:59.063 7 INFO neutron.db.ovn_revision_numbers_db [None req-ebd8dd2e-bbfc-4bbe-8273-ca4fee667997 66b5c85081074b708aef91fcbaacc247 eabaf4b3f91a434b8f3cf9793fb243a4 - - default default] Successfully bumped revision number for resource 9d96e5d7-5642-4fbf-a325-670a496668db (type: router_ports) to 1
2026-08-24 21:52:59.070 8 INFO neutron.plugins.ml2.plugin [None req-2426ce30-160d-4390-9e7f-a5ce4d0c6d8a - - - - - -] Attempt 1 to provision port 9d96e5d7-5642-4fbf-a325-670a496668db
2026-08-24 21:52:59.209 7 INFO neutron.db.ovn_revision_numbers_db [None req-ebd8dd2e-bbfc-4bbe-8273-ca4fee667997 66b5c85081074b708aef91fcbaacc247 eabaf4b3f91a434b8f3cf9793fb243a4 - - default default] Successfully bumped revision number for resource 33bf83e1-64eb-4ffd-ac0a-9b2f108fb9ec (type: routers) to 2 [pid: 7|app: 0|req: 787/1614] 10.0.0.78 () {34 vars in 668 bytes} [Mon Aug 24 21:52:57 2026] POST /v2.0/routers => generated 970 bytes in 1655 msecs (HTTP/1.1 201) 4 headers in 162 bytes (1 switches on core 0) /var/lib/openstack/lib/python3.12/site-packages/pycadf/identifier.py:70: UserWarning: Invalid uuid: neutron. To ensure interoperability, identifiers should be a valid uuid. warnings.warn(('Invalid uuid: %s. To ensure interoperability, '
2026-08-24 21:52:59.333 7 WARNING neutron.plugins.ml2.drivers.ovn.mech_driver.ovsdb.ovn_client [None req-723b01c1-3c4c-4fda-bff8-b9bcb9b4d4f2 - - - - - -] No port found with ID c3585981-961d-4ca3-ae9b-abcb8446185c: RuntimeError: No port found with ID c3585981-961d-4ca3-ae9b-abcb8446185c
2026-08-24 21:52:59.723 8 WARNING neutron.scheduler.dhcp_agent_scheduler [None req-2ae5d1b2-efd1-4ce8-8700-233834809473 66b5c85081074b708aef91fcbaacc247 eabaf4b3f91a434b8f3cf9793fb243a4 - - default default] No more DHCP agents
2026-08-24 21:52:59.726 8 WARNING neutron.api.rpc.agentnotifiers.dhcp_rpc_agent_api [None req-2ae5d1b2-efd1-4ce8-8700-233834809473 66b5c85081074b708aef91fcbaacc247 eabaf4b3f91a434b8f3cf9793fb243a4 - - default default] Unable to schedule network a42daf43-c7d2-42ce-ac1e-f3ccdaa99918: no agents available; will retry on subsequent port and subnet creation events.
2026-08-24 21:52:59.932 8 INFO neutron.db.ovn_revision_numbers_db [None req-2ae5d1b2-efd1-4ce8-8700-233834809473 66b5c85081074b708aef91fcbaacc247 eabaf4b3f91a434b8f3cf9793fb243a4 - - default default] Successfully bumped revision number for resource 4bb4f2f8-d0f5-4d11-bcc1-47dcfecd1323 (type: ports) to 1 [pid: 7|app: 0|req: 788/1615] 10.0.0.59 () {34 vars in 989 bytes} [Mon Aug 24 21:52:59 2026] GET /v2.0/ports?device_id=45f7b596-f9fe-4137-9753-62f6956bf6d8 => generated 1196 bytes in 178 msecs (HTTP/1.1 200) 4 headers in 158 bytes (1 switches on core 0)
2026-08-24 21:53:00.142 7 INFO neutron.db.ovn_revision_numbers_db [None req-4b040a0b-f91f-40fd-9c4f-5d928b212d79 - - - - - -] Successfully bumped revision number for resource 9d96e5d7-5642-4fbf-a325-670a496668db (type: ports) to 4
2026-08-24 21:53:00.518 8 INFO neutron.notifiers.nova [-] Nova event matching ['req-f4ebfde1-5bba-44f7-9046-0f2b9ca960df'] response: {'server_uuid': '45f7b596-f9fe-4137-9753-62f6956bf6d8', 'name': 'network-vif-plugged', 'status': 'completed', 'tag': '265dda5f-f0c4-4145-8d2c-d7539fcab5a7', 'code': 200}
2026-08-24 21:53:00.564 7 INFO neutron.db.ovn_revision_numbers_db [None req-84b064fd-687a-4152-bbdc-72e9bf4d1334 c3635e8f584d4f14ac581d4c1e032e67 1ddb3315fd4f4bd6bdaa237f35619da2 - - default default] Successfully bumped revision number for resource af607a07-1617-48ef-9417-d99038225a85 (type: security_groups) to 1
2026-08-24 21:53:00.590 7 INFO neutron.db.ovn_revision_numbers_db [None req-84b064fd-687a-4152-bbdc-72e9bf4d1334 c3635e8f584d4f14ac581d4c1e032e67 1ddb3315fd4f4bd6bdaa237f35619da2 - - default default] Successfully bumped revision number for resource 4cb5d840-bcaa-4fea-8c1e-922b874e7cd3 (type: security_group_rules) to 0
2026-08-24 21:53:00.628 7 INFO neutron.db.ovn_revision_numbers_db [None req-84b064fd-687a-4152-bbdc-72e9bf4d1334 c3635e8f584d4f14ac581d4c1e032e67 1ddb3315fd4f4bd6bdaa237f35619da2 - - default default] Successfully bumped revision number for resource 56b38fe5-33b5-4c8d-9642-29eca5eed5fd (type: security_group_rules) to 0
2026-08-24 21:53:00.654 7 INFO neutron.db.ovn_revision_numbers_db [None req-84b064fd-687a-4152-bbdc-72e9bf4d1334 c3635e8f584d4f14ac581d4c1e032e67 1ddb3315fd4f4bd6bdaa237f35619da2 - - default default] Successfully bumped revision number for resource 61a71b08-0db1-418e-9c04-e1a5908cbffc (type: security_group_rules) to 0
2026-08-24 21:53:00.683 7 INFO neutron.db.ovn_revision_numbers_db [None req-84b064fd-687a-4152-bbdc-72e9bf4d1334 c3635e8f584d4f14ac581d4c1e032e67 1ddb3315fd4f4bd6bdaa237f35619da2 - - default default] Successfully bumped revision number for resource ad96b65f-3132-42fe-8713-03e0be5c8549 (type: security_group_rules) to 0
2026-08-24 21:53:00.697 8 WARNING neutron.scheduler.dhcp_agent_scheduler [None req-2ae5d1b2-efd1-4ce8-8700-233834809473 66b5c85081074b708aef91fcbaacc247 eabaf4b3f91a434b8f3cf9793fb243a4 - - default default] No more DHCP agents
2026-08-24 21:53:00.699 8 WARNING neutron.api.rpc.agentnotifiers.dhcp_rpc_agent_api [None req-2ae5d1b2-efd1-4ce8-8700-233834809473 66b5c85081074b708aef91fcbaacc247 eabaf4b3f91a434b8f3cf9793fb243a4 - - default default] Unable to schedule network a42daf43-c7d2-42ce-ac1e-f3ccdaa99918: no agents available; will retry on subsequent port and subnet creation events.
2026-08-24 21:53:00.760 7 INFO neutron.db.ovn_revision_numbers_db [None req-4b040a0b-f91f-40fd-9c4f-5d928b212d79 - - - - - -] Successfully bumped revision number for resource 9d96e5d7-5642-4fbf-a325-670a496668db (type: ports) to 5
2026-08-24 21:53:00.804 7 INFO neutron.db.segments_db [None req-84b064fd-687a-4152-bbdc-72e9bf4d1334 c3635e8f584d4f14ac581d4c1e032e67 1ddb3315fd4f4bd6bdaa237f35619da2 - - default default] Added segment ba180208-3344-4110-81aa-e78706ada755 of type geneve for network 7c6b3e51-4b25-491a-90ca-298d2e919ad3
2026-08-24 21:53:00.957 7 INFO neutron.db.ovn_revision_numbers_db [None req-84b064fd-687a-4152-bbdc-72e9bf4d1334 c3635e8f584d4f14ac581d4c1e032e67 1ddb3315fd4f4bd6bdaa237f35619da2 - - default default] Successfully bumped revision number for resource 7c6b3e51-4b25-491a-90ca-298d2e919ad3 (type: networks) to 1
2026-08-24 21:53:01.148 7 WARNING neutron.scheduler.dhcp_agent_scheduler [None req-84b064fd-687a-4152-bbdc-72e9bf4d1334 c3635e8f584d4f14ac581d4c1e032e67 1ddb3315fd4f4bd6bdaa237f35619da2 - - default default] No more DHCP agents
2026-08-24 21:53:01.149 7 WARNING neutron.api.rpc.agentnotifiers.dhcp_rpc_agent_api [None req-84b064fd-687a-4152-bbdc-72e9bf4d1334 c3635e8f584d4f14ac581d4c1e032e67 1ddb3315fd4f4bd6bdaa237f35619da2 - - default default] Unable to schedule network 7c6b3e51-4b25-491a-90ca-298d2e919ad3: no agents available; will retry on subsequent port and subnet creation events.
2026-08-24 21:53:01.261 7 INFO neutron.plugins.ml2.drivers.ovn.mech_driver.mech_driver [None req-723b01c1-3c4c-4fda-bff8-b9bcb9b4d4f2 - - - - - -] OVN reports status down for port: ea9fc2fd-ec2a-4e75-9b4c-411f4da4a7f3
2026-08-24 21:53:01.318 8 INFO neutron.db.ovn_revision_numbers_db [None req-2ae5d1b2-efd1-4ce8-8700-233834809473 66b5c85081074b708aef91fcbaacc247 eabaf4b3f91a434b8f3cf9793fb243a4 - - default default] Successfully bumped revision number for resource 4bb4f2f8-d0f5-4d11-bcc1-47dcfecd1323 (type: router_ports) to 1 [pid: 8|app: 0|req: 828/1616] 10.0.0.78 () {34 vars in 782 bytes} [Mon Aug 24 21:52:59 2026] PUT /v2.0/routers/33bf83e1-64eb-4ffd-ac0a-9b2f108fb9ec/add_router_interface => generated 309 bytes in 2076 msecs (HTTP/1.1 200) 4 headers in 157 bytes (1 switches on core 0)
2026-08-24 21:53:01.339 7 INFO neutron.db.ovn_revision_numbers_db [None req-84b064fd-687a-4152-bbdc-72e9bf4d1334 c3635e8f584d4f14ac581d4c1e032e67 1ddb3315fd4f4bd6bdaa237f35619da2 - - default default] Successfully bumped revision number for resource ea9fc2fd-ec2a-4e75-9b4c-411f4da4a7f3 (type: ports) to 1 [pid: 8|app: 0|req: 829/1617] 10.0.0.59 () {34 vars in 1039 bytes} [Mon Aug 24 21:53:01 2026] GET /v2.0/security-groups?id=49a421cc-68b5-442c-92ba-e192dcafa3ec&fields=id&fields=name => generated 111 bytes in 27 msecs (HTTP/1.1 200) 4 headers in 157 bytes (1 switches on core 0) [pid: 7|app: 0|req: 789/1618] 10.0.0.78 () {34 vars in 669 bytes} [Mon Aug 24 21:53:00 2026] POST /v2.0/networks => generated 631 bytes in 1306 msecs (HTTP/1.1 201) 4 headers in 162 bytes (1 switches on core 0)
2026-08-24 21:53:01.496 7 INFO neutron.db.segments_db [None req-fb882c9e-3b7e-4c21-a74e-c27bcc148305 c3635e8f584d4f14ac581d4c1e032e67 1ddb3315fd4f4bd6bdaa237f35619da2 - - default default] Added segment 3dd37d73-dba2-49ea-90e2-815d9f986be6 of type geneve for network 2bbb8043-93f9-4bc6-a9f2-e558e4c2b41b
2026-08-24 21:53:01.613 7 INFO neutron.db.ovn_revision_numbers_db [None req-fb882c9e-3b7e-4c21-a74e-c27bcc148305 c3635e8f584d4f14ac581d4c1e032e67 1ddb3315fd4f4bd6bdaa237f35619da2 - - default default] Successfully bumped revision number for resource 2bbb8043-93f9-4bc6-a9f2-e558e4c2b41b (type: networks) to 1
2026-08-24 21:53:01.655 8 INFO neutron.plugins.ml2.drivers.ovn.mech_driver.mech_driver [None req-2426ce30-160d-4390-9e7f-a5ce4d0c6d8a - - - - - -] OVN reports status down for port: 4bb4f2f8-d0f5-4d11-bcc1-47dcfecd1323
2026-08-24 21:53:01.681 8 INFO neutron.db.ovn_revision_numbers_db [None req-def3037c-9e42-4171-898e-0f36ff5e3992 66b5c85081074b708aef91fcbaacc247 eabaf4b3f91a434b8f3cf9793fb243a4 - - default default] Successfully bumped revision number for resource 0e6c9301-23e4-4a8e-8a41-c6e5c86431d2 (type: security_groups) to 1
2026-08-24 21:53:01.719 8 INFO neutron.db.ovn_revision_numbers_db [None req-def3037c-9e42-4171-898e-0f36ff5e3992 66b5c85081074b708aef91fcbaacc247 eabaf4b3f91a434b8f3cf9793fb243a4 - - default default] Successfully bumped revision number for resource 0ef29663-48ba-4fe7-b90e-251d86ae75d8 (type: security_group_rules) to 0
2026-08-24 21:53:01.735 8 INFO neutron.db.ovn_revision_numbers_db [None req-def3037c-9e42-4171-898e-0f36ff5e3992 66b5c85081074b708aef91fcbaacc247 eabaf4b3f91a434b8f3cf9793fb243a4 - - default default] Successfully bumped revision number for resource 7b669756-f7f3-4d84-b7eb-f2e76dd0a8f7 (type: security_group_rules) to 0
2026-08-24 21:53:01.755 8 INFO neutron.db.ovn_revision_numbers_db [None req-def3037c-9e42-4171-898e-0f36ff5e3992 66b5c85081074b708aef91fcbaacc247 eabaf4b3f91a434b8f3cf9793fb243a4 - - default default] Successfully bumped revision number for resource b0655d2b-5224-4dcf-b809-3a952da9232c (type: security_group_rules) to 0
2026-08-24 21:53:01.775 8 INFO neutron.db.ovn_revision_numbers_db [None req-def3037c-9e42-4171-898e-0f36ff5e3992 66b5c85081074b708aef91fcbaacc247 eabaf4b3f91a434b8f3cf9793fb243a4 - - default default] Successfully bumped revision number for resource ea8cf6d8-73e7-4c7a-8940-f27140f543e3 (type: security_group_rules) to 0
2026-08-24 21:53:01.777 8 INFO neutron.plugins.ml2.drivers.ovn.mech_driver.mech_driver [None req-2426ce30-160d-4390-9e7f-a5ce4d0c6d8a - - - - - -] OVN reports status up for port: 4bb4f2f8-d0f5-4d11-bcc1-47dcfecd1323
2026-08-24 21:53:01.803 8 INFO neutron.plugins.ml2.plugin [None req-2426ce30-160d-4390-9e7f-a5ce4d0c6d8a - - - - - -] Attempt 1 to provision port 4bb4f2f8-d0f5-4d11-bcc1-47dcfecd1323
2026-08-24 21:53:01.814 7 WARNING neutron.scheduler.dhcp_agent_scheduler [None req-fb882c9e-3b7e-4c21-a74e-c27bcc148305 c3635e8f584d4f14ac581d4c1e032e67 1ddb3315fd4f4bd6bdaa237f35619da2 - - default default] No more DHCP agents
2026-08-24 21:53:01.816 7 WARNING neutron.api.rpc.agentnotifiers.dhcp_rpc_agent_api [None req-fb882c9e-3b7e-4c21-a74e-c27bcc148305 c3635e8f584d4f14ac581d4c1e032e67 1ddb3315fd4f4bd6bdaa237f35619da2 - - default default] Unable to schedule network 2bbb8043-93f9-4bc6-a9f2-e558e4c2b41b: no agents available; will retry on subsequent port and subnet creation events. [pid: 8|app: 0|req: 830/1619] 10.0.0.78 () {32 vars in 773 bytes} [Mon Aug 24 21:53:01 2026] GET /v2.0/security-groups?tenant_id=ff1f52c3c0ec4ae7b75ca31203d0e63a&name=default => generated 2925 bytes in 489 msecs (HTTP/1.1 200) 4 headers in 158 bytes (1 switches on core 0)
2026-08-24 21:53:01.911 7 INFO neutron.db.ovn_revision_numbers_db [None req-fb882c9e-3b7e-4c21-a74e-c27bcc148305 c3635e8f584d4f14ac581d4c1e032e67 1ddb3315fd4f4bd6bdaa237f35619da2 - - default default] Successfully bumped revision number for resource 74720d66-9bc4-4db1-b3f4-24654a06bb35 (type: ports) to 1 [pid: 7|app: 0|req: 790/1620] 10.0.0.78 () {34 vars in 669 bytes} [Mon Aug 24 21:53:01 2026] POST /v2.0/networks => generated 632 bytes in 543 msecs (HTTP/1.1 201) 4 headers in 162 bytes (1 switches on core 0)
