2026-08-24 21:52:02.078 8 INFO neutron.db.ovn_revision_numbers_db [None req-7a7163d3-84f5-488c-a3b6-0fa252a6e568 66b5c85081074b708aef91fcbaacc247 eabaf4b3f91a434b8f3cf9793fb243a4 - - default default] Successfully bumped revision number for resource c7c26084-403e-45f1-bb58-9caf574b45a6 (type: security_group_rules) to 0 [pid: 8|app: 0|req: 631/1291] 10.0.0.78 () {32 vars in 773 bytes} [Mon Aug 24 21:52:01 2026] GET /v2.0/security-groups?tenant_id=b023a20d5c2d4a0089747ddce20c92a1&name=default => generated 2925 bytes in 435 msecs (HTTP/1.1 200) 4 headers in 158 bytes (1 switches on core 0)
2026-08-24 21:52:02.253 8 INFO neutron.db.ovn_revision_numbers_db [None req-d3d5346b-a21c-458a-8861-b4600d4989d4 - - - - - -] Successfully bumped revision number for resource 327f1803-c1da-496f-b6ce-5ff4f2bc4cb8 (type: ports) to 2
2026-08-24 21:52:02.408 8 INFO neutron.db.ovn_revision_numbers_db [None req-02d9f638-e267-427e-bd7f-d8557e38e54b - - - - - -] Successfully bumped revision number for resource 327f1803-c1da-496f-b6ce-5ff4f2bc4cb8 (type: router_ports) to 2 [pid: 7|app: 0|req: 661/1292] 10.0.0.78 () {32 vars in 739 bytes} [Mon Aug 24 21:52:02 2026] DELETE /v2.0/security-groups/868f7ca8-7c85-4908-b7fc-774b897d512d => generated 0 bytes in 265 msecs (HTTP/1.1 204) 2 headers in 112 bytes (1 switches on core 0)
2026-08-24 21:52:02.797 8 INFO neutron.db.ovn_revision_numbers_db [None req-ced74cb5-21c1-4fd0-8951-5e2390f91789 66b5c85081074b708aef91fcbaacc247 eabaf4b3f91a434b8f3cf9793fb243a4 - - default default] Successfully bumped revision number for resource b1da0111-fce7-43c2-9f51-5639fa9d433b (type: security_groups) to 1
2026-08-24 21:52:02.808 8 INFO neutron.db.ovn_revision_numbers_db [None req-ced74cb5-21c1-4fd0-8951-5e2390f91789 66b5c85081074b708aef91fcbaacc247 eabaf4b3f91a434b8f3cf9793fb243a4 - - default default] Successfully bumped revision number for resource 5a0b9792-2f31-43f7-be4b-da051ac33a43 (type: security_group_rules) to 0
2026-08-24 21:52:02.821 8 INFO neutron.db.ovn_revision_numbers_db [None req-ced74cb5-21c1-4fd0-8951-5e2390f91789 66b5c85081074b708aef91fcbaacc247 eabaf4b3f91a434b8f3cf9793fb243a4 - - default default] Successfully bumped revision number for resource b26638a2-372e-4853-b824-550dc5b61b36 (type: security_group_rules) to 0
2026-08-24 21:52:02.831 8 INFO neutron.db.ovn_revision_numbers_db [None req-ced74cb5-21c1-4fd0-8951-5e2390f91789 66b5c85081074b708aef91fcbaacc247 eabaf4b3f91a434b8f3cf9793fb243a4 - - default default] Successfully bumped revision number for resource e24ef775-7d3b-4e3e-aef1-e82d86795760 (type: security_group_rules) to 0
2026-08-24 21:52:02.846 8 INFO neutron.db.ovn_revision_numbers_db [None req-ced74cb5-21c1-4fd0-8951-5e2390f91789 66b5c85081074b708aef91fcbaacc247 eabaf4b3f91a434b8f3cf9793fb243a4 - - default default] Successfully bumped revision number for resource ff7cce61-461f-45b6-a0b6-2d408181d2eb (type: security_group_rules) to 0
2026-08-24 21:52:02.920 8 INFO neutron.db.segments_db [None req-ced74cb5-21c1-4fd0-8951-5e2390f91789 66b5c85081074b708aef91fcbaacc247 eabaf4b3f91a434b8f3cf9793fb243a4 - - default default] Added segment 6ddcd26c-51f1-4bfc-aac6-b7a57c5735f3 of type geneve for network 96e5f3f5-c198-45aa-8032-faafe3a5d535
2026-08-24 21:52:03.038 8 INFO neutron.db.ovn_revision_numbers_db [None req-ced74cb5-21c1-4fd0-8951-5e2390f91789 66b5c85081074b708aef91fcbaacc247 eabaf4b3f91a434b8f3cf9793fb243a4 - - default default] Successfully bumped revision number for resource 96e5f3f5-c198-45aa-8032-faafe3a5d535 (type: networks) to 1
2026-08-24 21:52:03.185 8 WARNING neutron.scheduler.dhcp_agent_scheduler [None req-ced74cb5-21c1-4fd0-8951-5e2390f91789 66b5c85081074b708aef91fcbaacc247 eabaf4b3f91a434b8f3cf9793fb243a4 - - default default] No more DHCP agents
2026-08-24 21:52:03.187 8 WARNING neutron.api.rpc.agentnotifiers.dhcp_rpc_agent_api [None req-ced74cb5-21c1-4fd0-8951-5e2390f91789 66b5c85081074b708aef91fcbaacc247 eabaf4b3f91a434b8f3cf9793fb243a4 - - default default] Unable to schedule network 96e5f3f5-c198-45aa-8032-faafe3a5d535: no agents available; will retry on subsequent port and subnet creation events.
2026-08-24 21:52:03.240 7 INFO neutron.plugins.ml2.drivers.ovn.mech_driver.mech_driver [None req-5b29131e-aeb4-49df-9904-713464327740 - - - - - -] OVN reports status down for port: 2629417c-ff3d-4266-a98b-782be9d7dfa4
2026-08-24 21:52:03.250 8 INFO neutron.db.ovn_revision_numbers_db [None req-ced74cb5-21c1-4fd0-8951-5e2390f91789 66b5c85081074b708aef91fcbaacc247 eabaf4b3f91a434b8f3cf9793fb243a4 - - default default] Successfully bumped revision number for resource 2629417c-ff3d-4266-a98b-782be9d7dfa4 (type: ports) to 1 [pid: 8|app: 0|req: 632/1293] 10.0.0.78 () {34 vars in 670 bytes} [Mon Aug 24 21:52:02 2026] POST /v2.0/networks => generated 744 bytes in 618 msecs (HTTP/1.1 201) 4 headers in 162 bytes (1 switches on core 0)
2026-08-24 21:52:03.435 7 WARNING neutron.scheduler.dhcp_agent_scheduler [None req-e7734381-b3e5-4d90-b129-bb3267708945 66b5c85081074b708aef91fcbaacc247 eabaf4b3f91a434b8f3cf9793fb243a4 - - default default] No more DHCP agents
2026-08-24 21:52:03.436 7 WARNING neutron.api.rpc.agentnotifiers.dhcp_rpc_agent_api [None req-e7734381-b3e5-4d90-b129-bb3267708945 66b5c85081074b708aef91fcbaacc247 eabaf4b3f91a434b8f3cf9793fb243a4 - - default default] Unable to schedule network 96e5f3f5-c198-45aa-8032-faafe3a5d535: no agents available; will retry on subsequent port and subnet creation events.
2026-08-24 21:52:03.905 7 INFO neutron.db.ovn_revision_numbers_db [None req-53b3e44b-8445-48ee-862e-94119cdddf07 - - - - - -] Successfully bumped revision number for resource 2629417c-ff3d-4266-a98b-782be9d7dfa4 (type: ports) to 2
2026-08-24 21:52:03.937 7 INFO neutron.db.ovn_revision_numbers_db [None req-53b3e44b-8445-48ee-862e-94119cdddf07 - - - - - -] Successfully bumped revision number for resource fe1674ad-f6d9-4df7-a4f7-8991b2fb65d0 (type: subnets) to 0 [pid: 7|app: 0|req: 662/1294] 10.0.0.78 () {34 vars in 668 bytes} [Mon Aug 24 21:52:03 2026] POST /v2.0/subnets => generated 688 bytes in 678 msecs (HTTP/1.1 201) 4 headers in 162 bytes (1 switches on core 0)
2026-08-24 21:52:04.398 8 WARNING neutron.scheduler.dhcp_agent_scheduler [None req-28a9cb8c-d890-4f1f-8385-6f5efddb84a1 66b5c85081074b708aef91fcbaacc247 eabaf4b3f91a434b8f3cf9793fb243a4 - - default default] No more DHCP agents
2026-08-24 21:52:04.399 8 WARNING neutron.api.rpc.agentnotifiers.dhcp_rpc_agent_api [None req-28a9cb8c-d890-4f1f-8385-6f5efddb84a1 66b5c85081074b708aef91fcbaacc247 eabaf4b3f91a434b8f3cf9793fb243a4 - - default default] Unable to schedule network 55dd8628-77af-4072-8e78-e6d34586eb5c: no agents available; will retry on subsequent port and subnet creation events.
2026-08-24 21:52:04.508 8 INFO neutron.plugins.ml2.drivers.ovn.mech_driver.mech_driver [None req-02d9f638-e267-427e-bd7f-d8557e38e54b - - - - - -] OVN reports status down for port: b2ae0e1d-618b-4d36-a0f1-c6b96743f2cf
2026-08-24 21:52:04.561 8 INFO neutron.db.ovn_revision_numbers_db [None req-28a9cb8c-d890-4f1f-8385-6f5efddb84a1 66b5c85081074b708aef91fcbaacc247 eabaf4b3f91a434b8f3cf9793fb243a4 - - default default] Successfully bumped revision number for resource b2ae0e1d-618b-4d36-a0f1-c6b96743f2cf (type: ports) to 1
2026-08-24 21:52:05.198 8 INFO neutron.plugins.ml2.drivers.ovn.mech_driver.ovsdb.commands [None req-615ac129-a85c-4f99-9752-9087f0e2a436 - - - - - -] Schedule LRP lrp-b2ae0e1d-618b-4d36-a0f1-c6b96743f2cf on gateway ddbecb86-066b-428b-8143-8c05fcb3535f with priority 1
2026-08-24 21:52:05.233 8 INFO neutron.plugins.ml2.drivers.ovn.mech_driver.ovsdb.ovsdb_monitor [None req-56f398dc-20f8-4b30-a804-af0c82c96fe9 - - - - - -] Router 61cd051a-da2c-426a-95eb-502eaa560f2b is bound to host instance
2026-08-24 21:52:05.262 8 INFO neutron.plugins.ml2.drivers.ovn.mech_driver.mech_driver [None req-02d9f638-e267-427e-bd7f-d8557e38e54b - - - - - -] OVN reports status up for port: b2ae0e1d-618b-4d36-a0f1-c6b96743f2cf
2026-08-24 21:52:05.305 8 INFO neutron.plugins.ml2.plugin [None req-02d9f638-e267-427e-bd7f-d8557e38e54b - - - - - -] Attempt 1 to provision port b2ae0e1d-618b-4d36-a0f1-c6b96743f2cf
2026-08-24 21:52:05.378 8 INFO neutron.db.ovn_revision_numbers_db [None req-28a9cb8c-d890-4f1f-8385-6f5efddb84a1 66b5c85081074b708aef91fcbaacc247 eabaf4b3f91a434b8f3cf9793fb243a4 - - default default] Successfully bumped revision number for resource b2ae0e1d-618b-4d36-a0f1-c6b96743f2cf (type: router_ports) to 1
2026-08-24 21:52:05.593 8 INFO neutron.db.ovn_revision_numbers_db [None req-28a9cb8c-d890-4f1f-8385-6f5efddb84a1 66b5c85081074b708aef91fcbaacc247 eabaf4b3f91a434b8f3cf9793fb243a4 - - default default] Successfully bumped revision number for resource 61cd051a-da2c-426a-95eb-502eaa560f2b (type: routers) to 2 [pid: 8|app: 0|req: 633/1295] 10.0.0.78 () {34 vars in 668 bytes} [Mon Aug 24 21:52:03 2026] POST /v2.0/routers => generated 966 bytes in 1665 msecs (HTTP/1.1 201) 4 headers in 162 bytes (1 switches on core 0)
2026-08-24 21:52:06.071 7 WARNING neutron.scheduler.dhcp_agent_scheduler [None req-546c8347-20ca-4d6d-bb57-fc857d801f4f 66b5c85081074b708aef91fcbaacc247 eabaf4b3f91a434b8f3cf9793fb243a4 - - default default] No more DHCP agents
2026-08-24 21:52:06.072 7 WARNING neutron.api.rpc.agentnotifiers.dhcp_rpc_agent_api [None req-546c8347-20ca-4d6d-bb57-fc857d801f4f 66b5c85081074b708aef91fcbaacc247 eabaf4b3f91a434b8f3cf9793fb243a4 - - default default] Unable to schedule network 96e5f3f5-c198-45aa-8032-faafe3a5d535: no agents available; will retry on subsequent port and subnet creation events.
2026-08-24 21:52:06.213 7 INFO neutron.db.ovn_revision_numbers_db [None req-546c8347-20ca-4d6d-bb57-fc857d801f4f 66b5c85081074b708aef91fcbaacc247 eabaf4b3f91a434b8f3cf9793fb243a4 - - default default] Successfully bumped revision number for resource 4b4ba67e-c367-4bb9-92d3-e2a7fc89d51d (type: ports) to 1
2026-08-24 21:52:06.351 8 INFO neutron.db.ovn_revision_numbers_db [None req-a323e3a9-b58b-4372-8154-36d583782f17 - - - - - -] Successfully bumped revision number for resource b2ae0e1d-618b-4d36-a0f1-c6b96743f2cf (type: ports) to 4
2026-08-24 21:52:06.425 8 INFO neutron.db.ovn_revision_numbers_db [None req-dff5605a-61cb-4fe4-b506-a6641e9f706e 66b5c85081074b708aef91fcbaacc247 eabaf4b3f91a434b8f3cf9793fb243a4 - - default default] Successfully bumped revision number for resource 068fb409-39f0-441c-b03e-10f30bfd555d (type: security_groups) to 1
2026-08-24 21:52:06.446 8 INFO neutron.db.ovn_revision_numbers_db [None req-dff5605a-61cb-4fe4-b506-a6641e9f706e 66b5c85081074b708aef91fcbaacc247 eabaf4b3f91a434b8f3cf9793fb243a4 - - default default] Successfully bumped revision number for resource 01e8ccc2-de54-463a-9197-c0e866e39b21 (type: security_group_rules) to 0
2026-08-24 21:52:06.463 8 INFO neutron.db.ovn_revision_numbers_db [None req-dff5605a-61cb-4fe4-b506-a6641e9f706e 66b5c85081074b708aef91fcbaacc247 eabaf4b3f91a434b8f3cf9793fb243a4 - - default default] Successfully bumped revision number for resource 19c74d8e-d8e8-4308-8a96-f6885986353d (type: security_group_rules) to 0
2026-08-24 21:52:06.490 8 INFO neutron.db.ovn_revision_numbers_db [None req-dff5605a-61cb-4fe4-b506-a6641e9f706e 66b5c85081074b708aef91fcbaacc247 eabaf4b3f91a434b8f3cf9793fb243a4 - - default default] Successfully bumped revision number for resource 2b5d3ef6-2544-4091-86c2-779170379273 (type: security_group_rules) to 0
2026-08-24 21:52:06.516 8 INFO neutron.db.ovn_revision_numbers_db [None req-dff5605a-61cb-4fe4-b506-a6641e9f706e 66b5c85081074b708aef91fcbaacc247 eabaf4b3f91a434b8f3cf9793fb243a4 - - default default] Successfully bumped revision number for resource d3fdd225-b178-47f6-a4f7-1b343a032e8b (type: security_group_rules) to 0 [pid: 8|app: 0|req: 634/1296] 10.0.0.78 () {32 vars in 773 bytes} [Mon Aug 24 21:52:06 2026] GET /v2.0/security-groups?tenant_id=5723e06c72934f1d8f37a3e72fcc058e&name=default => generated 2925 bytes in 548 msecs (HTTP/1.1 200) 4 headers in 158 bytes (1 switches on core 0)
2026-08-24 21:52:06.895 7 WARNING neutron.scheduler.dhcp_agent_scheduler [None req-546c8347-20ca-4d6d-bb57-fc857d801f4f 66b5c85081074b708aef91fcbaacc247 eabaf4b3f91a434b8f3cf9793fb243a4 - - default default] No more DHCP agents
2026-08-24 21:52:06.898 7 WARNING neutron.api.rpc.agentnotifiers.dhcp_rpc_agent_api [None req-546c8347-20ca-4d6d-bb57-fc857d801f4f 66b5c85081074b708aef91fcbaacc247 eabaf4b3f91a434b8f3cf9793fb243a4 - - default default] Unable to schedule network 96e5f3f5-c198-45aa-8032-faafe3a5d535: no agents available; will retry on subsequent port and subnet creation events.
2026-08-24 21:52:06.956 8 INFO neutron.db.ovn_revision_numbers_db [None req-a323e3a9-b58b-4372-8154-36d583782f17 - - - - - -] Successfully bumped revision number for resource b2ae0e1d-618b-4d36-a0f1-c6b96743f2cf (type: ports) to 5 [pid: 8|app: 0|req: 635/1297] 10.0.0.78 () {32 vars in 739 bytes} [Mon Aug 24 21:52:06 2026] DELETE /v2.0/security-groups/068fb409-39f0-441c-b03e-10f30bfd555d => generated 0 bytes in 405 msecs (HTTP/1.1 204) 2 headers in 112 bytes (1 switches on core 0)
2026-08-24 21:52:07.323 8 INFO neutron.db.ovn_revision_numbers_db [None req-15a9e518-a63f-4bba-8049-6d446d1ce298 66b5c85081074b708aef91fcbaacc247 eabaf4b3f91a434b8f3cf9793fb243a4 - - default default] Successfully bumped revision number for resource 87ec4158-0a60-4c45-8ecd-8408ffa815f5 (type: security_groups) to 1
2026-08-24 21:52:07.335 8 INFO neutron.db.ovn_revision_numbers_db [None req-15a9e518-a63f-4bba-8049-6d446d1ce298 66b5c85081074b708aef91fcbaacc247 eabaf4b3f91a434b8f3cf9793fb243a4 - - default default] Successfully bumped revision number for resource 69453ad3-38a9-440f-b1bc-1e79681cd3a5 (type: security_group_rules) to 0
2026-08-24 21:52:07.349 8 INFO neutron.db.ovn_revision_numbers_db [None req-15a9e518-a63f-4bba-8049-6d446d1ce298 66b5c85081074b708aef91fcbaacc247 eabaf4b3f91a434b8f3cf9793fb243a4 - - default default] Successfully bumped revision number for resource 79d18ed0-c3ec-4d36-b7a5-bcfa4ef59088 (type: security_group_rules) to 0
2026-08-24 21:52:07.370 8 INFO neutron.db.ovn_revision_numbers_db [None req-15a9e518-a63f-4bba-8049-6d446d1ce298 66b5c85081074b708aef91fcbaacc247 eabaf4b3f91a434b8f3cf9793fb243a4 - - default default] Successfully bumped revision number for resource b845c22e-8e3e-4165-b571-55ead82b686f (type: security_group_rules) to 0
2026-08-24 21:52:07.385 8 INFO neutron.db.ovn_revision_numbers_db [None req-15a9e518-a63f-4bba-8049-6d446d1ce298 66b5c85081074b708aef91fcbaacc247 eabaf4b3f91a434b8f3cf9793fb243a4 - - default default] Successfully bumped revision number for resource e83877a9-c336-48ff-b992-5b07b00d8db8 (type: security_group_rules) to 0
2026-08-24 21:52:07.407 7 INFO neutron.db.ovn_revision_numbers_db [None req-546c8347-20ca-4d6d-bb57-fc857d801f4f 66b5c85081074b708aef91fcbaacc247 eabaf4b3f91a434b8f3cf9793fb243a4 - - default default] Successfully bumped revision number for resource 4b4ba67e-c367-4bb9-92d3-e2a7fc89d51d (type: router_ports) to 1 [pid: 7|app: 0|req: 663/1298] 10.0.0.78 () {34 vars in 782 bytes} [Mon Aug 24 21:52:05 2026] PUT /v2.0/routers/61cd051a-da2c-426a-95eb-502eaa560f2b/add_router_interface => generated 309 bytes in 1784 msecs (HTTP/1.1 200) 4 headers in 157 bytes (1 switches on core 0) [pid: 8|app: 0|req: 636/1299] 10.0.0.78 () {32 vars in 773 bytes} [Mon Aug 24 21:52:07 2026] GET /v2.0/security-groups?tenant_id=a9a197286c9a425eb19274ffcc97a9ee&name=default => generated 2925 bytes in 241 msecs (HTTP/1.1 200) 4 headers in 158 bytes (1 switches on core 0) [pid: 7|app: 0|req: 664/1300] 10.0.0.78 () {32 vars in 739 bytes} [Mon Aug 24 21:52:07 2026] DELETE /v2.0/security-groups/87ec4158-0a60-4c45-8ecd-8408ffa815f5 => generated 0 bytes in 243 msecs (HTTP/1.1 204) 2 headers in 112 bytes (1 switches on core 0)
2026-08-24 21:52:08.145 8 INFO neutron.db.ovn_revision_numbers_db [None req-1752d902-5a00-4caf-99a1-a591ca8f9a0e ab96c59434d74202bff857ea5ee0f2e0 75e7be56f3084a66a4d82317e8ef6620 - - default default] Successfully bumped revision number for resource f7aff5f2-849a-4aab-9516-7afd3a2eb8ff (type: security_groups) to 1
2026-08-24 21:52:08.157 8 INFO neutron.db.ovn_revision_numbers_db [None req-1752d902-5a00-4caf-99a1-a591ca8f9a0e ab96c59434d74202bff857ea5ee0f2e0 75e7be56f3084a66a4d82317e8ef6620 - - default default] Successfully bumped revision number for resource 2ae48e86-44a7-47f2-9f21-ec78e7c89938 (type: security_group_rules) to 0
2026-08-24 21:52:08.169 8 INFO neutron.db.ovn_revision_numbers_db [None req-1752d902-5a00-4caf-99a1-a591ca8f9a0e ab96c59434d74202bff857ea5ee0f2e0 75e7be56f3084a66a4d82317e8ef6620 - - default default] Successfully bumped revision number for resource a2ad2f3d-9b2a-46ed-aa58-2772e7d0e380 (type: security_group_rules) to 0 [pid: 8|app: 0|req: 637/1301] 10.0.0.78 () {34 vars in 684 bytes} [Mon Aug 24 21:52:08 2026] POST /v2.0/security-groups => generated 1673 bytes in 189 msecs (HTTP/1.1 201) 4 headers in 163 bytes (1 switches on core 0)
2026-08-24 21:52:08.340 7 INFO neutron.db.ovn_revision_numbers_db [None req-b0292832-ae97-4cb5-95c3-31e7d7ecf97a ab96c59434d74202bff857ea5ee0f2e0 75e7be56f3084a66a4d82317e8ef6620 - - default default] Successfully bumped revision number for resource 630c5a9c-f2e1-4715-8f36-4273e5a21b62 (type: security_group_rules) to 0 [pid: 7|app: 0|req: 665/1302] 10.0.0.78 () {34 vars in 694 bytes} [Mon Aug 24 21:52:08 2026] POST /v2.0/security-group-rules => generated 597 bytes in 155 msecs (HTTP/1.1 201) 4 headers in 162 bytes (1 switches on core 0)
2026-08-24 21:52:08.545 8 INFO neutron.plugins.ml2.drivers.ovn.mech_driver.mech_driver [None req-02d9f638-e267-427e-bd7f-d8557e38e54b - - - - - -] OVN reports status down for port: 4b4ba67e-c367-4bb9-92d3-e2a7fc89d51d
2026-08-24 21:52:08.547 8 INFO neutron.db.ovn_revision_numbers_db [None req-6fdde3bf-9283-4253-90ae-30e2eba6d5c9 ab96c59434d74202bff857ea5ee0f2e0 75e7be56f3084a66a4d82317e8ef6620 - - default default] Successfully bumped revision number for resource 2b105262-43df-4657-a925-399178660b9c (type: security_group_rules) to 0 [pid: 8|app: 0|req: 638/1303] 10.0.0.78 () {34 vars in 694 bytes} [Mon Aug 24 21:52:08 2026] POST /v2.0/security-group-rules => generated 596 bytes in 230 msecs (HTTP/1.1 201) 4 headers in 162 bytes (1 switches on core 0)
2026-08-24 21:52:08.640 8 INFO neutron.plugins.ml2.drivers.ovn.mech_driver.mech_driver [None req-02d9f638-e267-427e-bd7f-d8557e38e54b - - - - - -] OVN reports status up for port: 4b4ba67e-c367-4bb9-92d3-e2a7fc89d51d
2026-08-24 21:52:08.651 8 INFO neutron.plugins.ml2.plugin [None req-02d9f638-e267-427e-bd7f-d8557e38e54b - - - - - -] Attempt 1 to provision port 4b4ba67e-c367-4bb9-92d3-e2a7fc89d51d
2026-08-24 21:52:08.745 7 INFO neutron.db.ovn_revision_numbers_db [None req-780ebb25-1c89-4133-9657-7f47f73e98e2 ab96c59434d74202bff857ea5ee0f2e0 75e7be56f3084a66a4d82317e8ef6620 - - default default] Successfully bumped revision number for resource e400250f-beb1-4817-8acf-817f072ed046 (type: security_group_rules) to 0 [pid: 7|app: 0|req: 666/1304] 10.0.0.78 () {34 vars in 694 bytes} [Mon Aug 24 21:52:08 2026] POST /v2.0/security-group-rules => generated 602 bytes in 169 msecs (HTTP/1.1 201) 4 headers in 162 bytes (1 switches on core 0)
2026-08-24 21:52:08.895 7 INFO neutron.db.ovn_revision_numbers_db [None req-5b2370de-1fd8-43c1-b571-68b503ace742 ab96c59434d74202bff857ea5ee0f2e0 75e7be56f3084a66a4d82317e8ef6620 - - default default] Successfully bumped revision number for resource c9a54310-7a30-4a32-bd32-7c8009886935 (type: security_group_rules) to 0 [pid: 7|app: 0|req: 667/1305] 10.0.0.78 () {34 vars in 694 bytes} [Mon Aug 24 21:52:08 2026] POST /v2.0/security-group-rules => generated 601 bytes in 140 msecs (HTTP/1.1 201) 4 headers in 162 bytes (1 switches on core 0)
2026-08-24 21:52:08.960 7 INFO neutron.db.securitygroups_db [None req-1991cee8-bf1f-4741-9d6b-679ddd56d96d ab96c59434d74202bff857ea5ee0f2e0 75e7be56f3084a66a4d82317e8ef6620 - - default default] Project 75e7be56f3084a66a4d82317e8ef6620 added a security group rule with legacy IPv6 ICMP protocol name icmp, ipv6-icmp should be used instead. It was automatically converted.
2026-08-24 21:52:09.015 8 INFO neutron.db.ovn_revision_numbers_db [None req-ded0f897-a5ba-4b09-83c0-b1c0293d436b 66b5c85081074b708aef91fcbaacc247 eabaf4b3f91a434b8f3cf9793fb243a4 - - default default] Successfully bumped revision number for resource 09a3de53-5d86-4b10-bcf0-bf4a16adf453 (type: security_groups) to 1
2026-08-24 21:52:09.045 8 INFO neutron.db.ovn_revision_numbers_db [None req-ded0f897-a5ba-4b09-83c0-b1c0293d436b 66b5c85081074b708aef91fcbaacc247 eabaf4b3f91a434b8f3cf9793fb243a4 - - default default] Successfully bumped revision number for resource 00093c75-8101-41cc-a3fe-485297dffbc7 (type: security_group_rules) to 0
2026-08-24 21:52:09.073 8 INFO neutron.db.ovn_revision_numbers_db [None req-ded0f897-a5ba-4b09-83c0-b1c0293d436b 66b5c85081074b708aef91fcbaacc247 eabaf4b3f91a434b8f3cf9793fb243a4 - - default default] Successfully bumped revision number for resource 032d890d-54ac-4e81-a359-fdcf34d753d3 (type: security_group_rules) to 0
2026-08-24 21:52:09.076 7 INFO neutron.db.ovn_revision_numbers_db [None req-1991cee8-bf1f-4741-9d6b-679ddd56d96d ab96c59434d74202bff857ea5ee0f2e0 75e7be56f3084a66a4d82317e8ef6620 - - default default] Successfully bumped revision number for resource b98b7817-4ef8-4d87-aca0-7cb70e9c043e (type: security_group_rules) to 0
2026-08-24 21:52:09.095 8 INFO neutron.db.ovn_revision_numbers_db [None req-ded0f897-a5ba-4b09-83c0-b1c0293d436b 66b5c85081074b708aef91fcbaacc247 eabaf4b3f91a434b8f3cf9793fb243a4 - - default default] Successfully bumped revision number for resource a4eac4dd-530b-4079-8323-4392371b3f18 (type: security_group_rules) to 0 [pid: 7|app: 0|req: 668/1306] 10.0.0.78 () {34 vars in 694 bytes} [Mon Aug 24 21:52:08 2026] POST /v2.0/security-group-rules => generated 607 bytes in 189 msecs (HTTP/1.1 201) 4 headers in 162 bytes (1 switches on core 0)
2026-08-24 21:52:09.121 8 INFO neutron.db.ovn_revision_numbers_db [None req-ded0f897-a5ba-4b09-83c0-b1c0293d436b 66b5c85081074b708aef91fcbaacc247 eabaf4b3f91a434b8f3cf9793fb243a4 - - default default] Successfully bumped revision number for resource db27127e-1d23-43dd-8b85-e5c77c51c290 (type: security_group_rules) to 0
2026-08-24 21:52:09.160 7 INFO neutron.db.securitygroups_db [None req-7ce74df8-b13c-40f5-ae9a-700eef893f20 ab96c59434d74202bff857ea5ee0f2e0 75e7be56f3084a66a4d82317e8ef6620 - - default default] Project 75e7be56f3084a66a4d82317e8ef6620 added a security group rule with legacy IPv6 ICMP protocol name icmp, ipv6-icmp should be used instead. It was automatically converted. [pid: 8|app: 0|req: 639/1307] 10.0.0.78 () {32 vars in 773 bytes} [Mon Aug 24 21:52:08 2026] GET /v2.0/security-groups?tenant_id=213c6c641d4d4ac7a46004fd5c01ace1&name=default => generated 2925 bytes in 507 msecs (HTTP/1.1 200) 4 headers in 158 bytes (1 switches on core 0)
2026-08-24 21:52:09.246 8 INFO neutron.db.ovn_revision_numbers_db [None req-02d9f638-e267-427e-bd7f-d8557e38e54b - - - - - -] Successfully bumped revision number for resource 4b4ba67e-c367-4bb9-92d3-e2a7fc89d51d (type: ports) to 2
2026-08-24 21:52:09.277 7 INFO neutron.db.ovn_revision_numbers_db [None req-7ce74df8-b13c-40f5-ae9a-700eef893f20 ab96c59434d74202bff857ea5ee0f2e0 75e7be56f3084a66a4d82317e8ef6620 - - default default] Successfully bumped revision number for resource bb09d333-2e7e-4cdf-a881-6bdabef6a9dd (type: security_group_rules) to 0 [pid: 7|app: 0|req: 669/1308] 10.0.0.78 () {34 vars in 694 bytes} [Mon Aug 24 21:52:09 2026] POST /v2.0/security-group-rules => generated 606 bytes in 186 msecs (HTTP/1.1 201) 4 headers in 162 bytes (1 switches on core 0)
2026-08-24 21:52:09.491 8 INFO neutron.db.ovn_revision_numbers_db [None req-03caf952-ba46-42ec-bfcc-ef7b28067afa - - - - - -] Successfully bumped revision number for resource 4b4ba67e-c367-4bb9-92d3-e2a7fc89d51d (type: router_ports) to 2 [pid: 8|app: 0|req: 640/1309] 10.0.0.78 () {32 vars in 739 bytes} [Mon Aug 24 21:52:09 2026] DELETE /v2.0/security-groups/09a3de53-5d86-4b10-bcf0-bf4a16adf453 => generated 0 bytes in 367 msecs (HTTP/1.1 204) 2 headers in 112 bytes (1 switches on core 0)
2026-08-24 21:52:09.856 7 INFO neutron.db.ovn_revision_numbers_db [None req-09412454-92b7-4faa-9667-4c328c309092 ab96c59434d74202bff857ea5ee0f2e0 75e7be56f3084a66a4d82317e8ef6620 - - default default] Successfully bumped revision number for resource e59a4996-db57-494d-9d5c-2413f113453b (type: security_groups) to 1
2026-08-24 21:52:09.858 8 INFO neutron.db.ovn_revision_numbers_db [None req-cad001d4-73a0-490c-8d8d-219915945662 66b5c85081074b708aef91fcbaacc247 eabaf4b3f91a434b8f3cf9793fb243a4 - - default default] Successfully bumped revision number for resource bc422c64-10d6-4abe-9dbe-fd72de3d1ba8 (type: security_groups) to 1
2026-08-24 21:52:09.867 7 INFO neutron.db.ovn_revision_numbers_db [None req-09412454-92b7-4faa-9667-4c328c309092 ab96c59434d74202bff857ea5ee0f2e0 75e7be56f3084a66a4d82317e8ef6620 - - default default] Successfully bumped revision number for resource 3a1e7145-a8c9-439c-853e-3ba81eb8b980 (type: security_group_rules) to 0
2026-08-24 21:52:09.872 8 INFO neutron.db.ovn_revision_numbers_db [None req-cad001d4-73a0-490c-8d8d-219915945662 66b5c85081074b708aef91fcbaacc247 eabaf4b3f91a434b8f3cf9793fb243a4 - - default default] Successfully bumped revision number for resource 03140490-257b-45b2-b926-f8ae259f1d53 (type: security_group_rules) to 0
2026-08-24 21:52:09.878 7 INFO neutron.db.ovn_revision_numbers_db [None req-09412454-92b7-4faa-9667-4c328c309092 ab96c59434d74202bff857ea5ee0f2e0 75e7be56f3084a66a4d82317e8ef6620 - - default default] Successfully bumped revision number for resource f026f498-8def-4bfa-805e-ac47cbc1fc0b (type: security_group_rules) to 0
2026-08-24 21:52:09.883 8 INFO neutron.db.ovn_revision_numbers_db [None req-cad001d4-73a0-490c-8d8d-219915945662 66b5c85081074b708aef91fcbaacc247 eabaf4b3f91a434b8f3cf9793fb243a4 - - default default] Successfully bumped revision number for resource 1b5680ae-a1f3-4dd2-af60-78149fdc101f (type: security_group_rules) to 0
2026-08-24 21:52:09.893 8 INFO neutron.db.ovn_revision_numbers_db [None req-cad001d4-73a0-490c-8d8d-219915945662 66b5c85081074b708aef91fcbaacc247 eabaf4b3f91a434b8f3cf9793fb243a4 - - default default] Successfully bumped revision number for resource 7d2d89f8-75a1-42af-a98b-6907e80f0dd6 (type: security_group_rules) to 0
2026-08-24 21:52:09.902 8 INFO neutron.db.ovn_revision_numbers_db [None req-cad001d4-73a0-490c-8d8d-219915945662 66b5c85081074b708aef91fcbaacc247 eabaf4b3f91a434b8f3cf9793fb243a4 - - default default] Successfully bumped revision number for resource d970daad-79a8-4ae8-ba1e-4d707fa102e9 (type: security_group_rules) to 0 [pid: 7|app: 0|req: 670/1310] 10.0.0.78 () {34 vars in 684 bytes} [Mon Aug 24 21:52:09 2026] POST /v2.0/security-groups => generated 1659 bytes in 213 msecs (HTTP/1.1 201) 4 headers in 163 bytes (1 switches on core 0) [pid: 8|app: 0|req: 641/1311] 10.0.0.78 () {32 vars in 773 bytes} [Mon Aug 24 21:52:09 2026] GET /v2.0/security-groups?tenant_id=6f7475b37d9540e3b07263602112d288&name=default => generated 2925 bytes in 229 msecs (HTTP/1.1 200) 4 headers in 158 bytes (1 switches on core 0)
2026-08-24 21:52:10.037 7 INFO neutron.db.ovn_revision_numbers_db [None req-09e53b3d-6b2a-4e84-8a64-7acd7dd4d0a9 ab96c59434d74202bff857ea5ee0f2e0 75e7be56f3084a66a4d82317e8ef6620 - - default default] Successfully bumped revision number for resource 94dcef1f-963f-4562-be23-7c10eb09c72f (type: security_group_rules) to 0 [pid: 7|app: 0|req: 671/1312] 10.0.0.78 () {34 vars in 694 bytes} [Mon Aug 24 21:52:09 2026] POST /v2.0/security-group-rules => generated 597 bytes in 170 msecs (HTTP/1.1 201) 4 headers in 162 bytes (1 switches on core 0) [pid: 8|app: 0|req: 642/1313] 10.0.0.78 () {32 vars in 739 bytes} [Mon Aug 24 21:52:09 2026] DELETE /v2.0/security-groups/bc422c64-10d6-4abe-9dbe-fd72de3d1ba8 => generated 0 bytes in 236 msecs (HTTP/1.1 204) 2 headers in 112 bytes (1 switches on core 0) [pid: 7|app: 0|req: 672/1314] 10.0.0.2 () {34 vars in 988 bytes} [Mon Aug 24 21:52:10 2026] GET /v2.0/ports?device_id=80a9b450-1c38-4793-9382-2ab9e98d8205 => generated 1209 bytes in 204 msecs (HTTP/1.1 200) 4 headers in 158 bytes (1 switches on core 0) [pid: 7|app: 0|req: 675/1317] 10.0.0.2 () {34 vars in 1038 bytes} [Mon Aug 24 21:52:10 2026] GET /v2.0/security-groups?id=d3a5cd81-82a8-4b0a-8044-65089af273ff&fields=id&fields=name => generated 114 bytes in 50 msecs (HTTP/1.1 200) 4 headers in 157 bytes (1 switches on core 0)
2026-08-24 21:52:10.352 8 INFO neutron.db.ovn_revision_numbers_db [None req-2805fd1b-4d11-48d3-8e0a-8c4e845ed0e9 ab96c59434d74202bff857ea5ee0f2e0 75e7be56f3084a66a4d82317e8ef6620 - - default default] Successfully bumped revision number for resource 405f7175-dec9-4ed4-a938-08af5ec7537a (type: security_group_rules) to 0 [pid: 8|app: 0|req: 643/1318] 10.0.0.78 () {34 vars in 694 bytes} [Mon Aug 24 21:52:10 2026] POST /v2.0/security-group-rules => generated 602 bytes in 199 msecs (HTTP/1.1 201) 4 headers in 162 bytes (1 switches on core 0)
2026-08-24 21:52:10.646 7 WARNING neutron.scheduler.dhcp_agent_scheduler [None req-8e5501b8-0b1b-4657-b11b-a2c777399580 ab96c59434d74202bff857ea5ee0f2e0 75e7be56f3084a66a4d82317e8ef6620 - - default default] No more DHCP agents
2026-08-24 21:52:10.647 7 WARNING neutron.api.rpc.agentnotifiers.dhcp_rpc_agent_api [None req-8e5501b8-0b1b-4657-b11b-a2c777399580 ab96c59434d74202bff857ea5ee0f2e0 75e7be56f3084a66a4d82317e8ef6620 - - default default] Unable to schedule network 55dd8628-77af-4072-8e78-e6d34586eb5c: no agents available; will retry on subsequent port and subnet creation events. [pid: 7|app: 0|req: 676/1319] 10.0.0.78 () {34 vars in 675 bytes} [Mon Aug 24 21:52:10 2026] POST /v2.0/floatingips => generated 552 bytes in 564 msecs (HTTP/1.1 201) 4 headers in 162 bytes (1 switches on core 0) [pid: 8|app: 0|req: 644/1320] 10.0.0.59 () {34 vars in 1097 bytes} [Mon Aug 24 21:52:11 2026] GET /v2.0/security-groups?name=tempest-securitygroup--774706801&fields=id&tenant_id=75e7be56f3084a66a4d82317e8ef6620 => generated 69 bytes in 37 msecs (HTTP/1.1 200) 4 headers in 156 bytes (1 switches on core 0) [pid: 7|app: 0|req: 677/1321] 10.0.0.59 () {34 vars in 1097 bytes} [Mon Aug 24 21:52:11 2026] GET /v2.0/security-groups?name=tempest-secgroup-smoke-867574701&fields=id&tenant_id=75e7be56f3084a66a4d82317e8ef6620 => generated 69 bytes in 29 msecs (HTTP/1.1 200) 4 headers in 156 bytes (1 switches on core 0) [pid: 8|app: 0|req: 645/1322] 10.0.0.59 () {34 vars in 981 bytes} [Mon Aug 24 21:52:11 2026] GET /v2.0/networks?id=4681891c-9d7f-4675-8367-357edaa9c078 => generated 673 bytes in 59 msecs (HTTP/1.1 200) 4 headers in 157 bytes (1 switches on core 0) [pid: 7|app: 0|req: 678/1323] 10.0.0.59 () {34 vars in 964 bytes} [Mon Aug 24 21:52:11 2026] GET /v2.0/quotas/75e7be56f3084a66a4d82317e8ef6620 => generated 292 bytes in 14 msecs (HTTP/1.1 200) 4 headers in 157 bytes (1 switches on core 0) [pid: 8|app: 0|req: 646/1324] 10.0.0.59 () {34 vars in 1001 bytes} [Mon Aug 24 21:52:11 2026] GET /v2.0/ports?tenant_id=75e7be56f3084a66a4d82317e8ef6620&fields=id => generated 103 bytes in 68 msecs (HTTP/1.1 200) 4 headers in 157 bytes (1 switches on core 0) [pid: 7|app: 0|req: 679/1325] 10.0.0.59 () {34 vars in 1007 bytes} [Mon Aug 24 21:52:11 2026] GET /v2.0/networks/4681891c-9d7f-4675-8367-357edaa9c078?fields=segments => generated 14 bytes in 56 msecs (HTTP/1.1 200) 4 headers in 156 bytes (1 switches on core 0) [pid: 8|app: 0|req: 647/1326] 10.0.0.59 () {34 vars in 1107 bytes} [Mon Aug 24 21:52:11 2026] GET /v2.0/networks/4681891c-9d7f-4675-8367-357edaa9c078?fields=provider%3Aphysical_network&fields=provider%3Anetwork_type => generated 79 bytes in 43 msecs (HTTP/1.1 200) 4 headers in 156 bytes (1 switches on core 0) [pid: 8|app: 0|req: 648/1327] 10.0.0.59 () {34 vars in 989 bytes} [Mon Aug 24 21:52:11 2026] GET /v2.0/ports?device_id=ee1fe03f-6441-4528-9b3c-b3c2234ee0a5 => generated 12 bytes in 21 msecs (HTTP/1.1 200) 4 headers in 156 bytes (1 switches on core 0)
2026-08-24 21:52:11.844 7 INFO neutron.db.ovn_revision_numbers_db [None req-650d7d1d-0290-4a69-8e57-4059bfa8542b 66b5c85081074b708aef91fcbaacc247 eabaf4b3f91a434b8f3cf9793fb243a4 - - default default] Successfully bumped revision number for resource be064be7-8800-48d3-ad14-e9c6d8023a81 (type: security_groups) to 1
2026-08-24 21:52:11.855 7 INFO neutron.db.ovn_revision_numbers_db [None req-650d7d1d-0290-4a69-8e57-4059bfa8542b 66b5c85081074b708aef91fcbaacc247 eabaf4b3f91a434b8f3cf9793fb243a4 - - default default] Successfully bumped revision number for resource 000ea862-192c-48cf-87c3-e243bcff68e4 (type: security_group_rules) to 0
2026-08-24 21:52:11.866 7 INFO neutron.db.ovn_revision_numbers_db [None req-650d7d1d-0290-4a69-8e57-4059bfa8542b 66b5c85081074b708aef91fcbaacc247 eabaf4b3f91a434b8f3cf9793fb243a4 - - default default] Successfully bumped revision number for resource 496e446e-76df-41ae-842b-223e24608c59 (type: security_group_rules) to 0
2026-08-24 21:52:11.880 7 INFO neutron.db.ovn_revision_numbers_db [None req-650d7d1d-0290-4a69-8e57-4059bfa8542b 66b5c85081074b708aef91fcbaacc247 eabaf4b3f91a434b8f3cf9793fb243a4 - - default default] Successfully bumped revision number for resource 61ec42a8-7397-491d-9d57-73bdef6d1c24 (type: security_group_rules) to 0
2026-08-24 21:52:11.891 7 INFO neutron.db.ovn_revision_numbers_db [None req-650d7d1d-0290-4a69-8e57-4059bfa8542b 66b5c85081074b708aef91fcbaacc247 eabaf4b3f91a434b8f3cf9793fb243a4 - - default default] Successfully bumped revision number for resource b5d99444-4f73-45e5-9320-fabcf3032442 (type: security_group_rules) to 0 [pid: 7|app: 0|req: 680/1328] 10.0.0.78 () {32 vars in 773 bytes} [Mon Aug 24 21:52:11 2026] GET /v2.0/security-groups?tenant_id=a5064d58ceb5481e8c8f060c8b5478d7&name=default => generated 2925 bytes in 491 msecs (HTTP/1.1 200) 4 headers in 158 bytes (1 switches on core 0) [pid: 8|app: 0|req: 649/1329] 10.0.0.78 () {32 vars in 739 bytes} [Mon Aug 24 21:52:11 2026] DELETE /v2.0/security-groups/be064be7-8800-48d3-ad14-e9c6d8023a81 => generated 0 bytes in 226 msecs (HTTP/1.1 204) 2 headers in 112 bytes (1 switches on core 0)
2026-08-24 21:52:12.261 7 INFO neutron.db.ovn_revision_numbers_db [None req-ce7693a1-2461-4d28-90be-c1f6f1df70f4 3c508011dd264d6ba5cd19e08f42a34c ce929ca53bc447ff96a4be03a9790b5a - - default default] Successfully bumped revision number for resource 6a0cf53f-44f2-4371-a4a9-5ac07fe5b9d2 (type: security_groups) to 1
2026-08-24 21:52:12.272 7 INFO neutron.db.ovn_revision_numbers_db [None req-ce7693a1-2461-4d28-90be-c1f6f1df70f4 3c508011dd264d6ba5cd19e08f42a34c ce929ca53bc447ff96a4be03a9790b5a - - default default] Successfully bumped revision number for resource 3f628ba3-b95c-4c6f-92f2-1b3ea57f213a (type: security_group_rules) to 0
2026-08-24 21:52:12.285 7 INFO neutron.db.ovn_revision_numbers_db [None req-ce7693a1-2461-4d28-90be-c1f6f1df70f4 3c508011dd264d6ba5cd19e08f42a34c ce929ca53bc447ff96a4be03a9790b5a - - default default] Successfully bumped revision number for resource 45d5ee81-2441-425f-9c2d-41b08524c7f6 (type: security_group_rules) to 0
2026-08-24 21:52:12.297 7 INFO neutron.db.ovn_revision_numbers_db [None req-ce7693a1-2461-4d28-90be-c1f6f1df70f4 3c508011dd264d6ba5cd19e08f42a34c ce929ca53bc447ff96a4be03a9790b5a - - default default] Successfully bumped revision number for resource 6cab8123-6992-47ff-9797-33e125dfda7f (type: security_group_rules) to 0
2026-08-24 21:52:12.310 7 INFO neutron.db.ovn_revision_numbers_db [None req-ce7693a1-2461-4d28-90be-c1f6f1df70f4 3c508011dd264d6ba5cd19e08f42a34c ce929ca53bc447ff96a4be03a9790b5a - - default default] Successfully bumped revision number for resource 78e53d87-11da-4885-ab75-364d20f7f4fd (type: security_group_rules) to 0
2026-08-24 21:52:12.399 7 INFO neutron.db.segments_db [None req-ce7693a1-2461-4d28-90be-c1f6f1df70f4 3c508011dd264d6ba5cd19e08f42a34c ce929ca53bc447ff96a4be03a9790b5a - - default default] Added segment b3b3b0f5-a102-46fd-8615-cdda81867361 of type geneve for network 57d531dd-5079-48b2-a658-a0be613c6c5b
2026-08-24 21:52:12.493 7 INFO neutron.db.segments_db [None req-ce7693a1-2461-4d28-90be-c1f6f1df70f4 3c508011dd264d6ba5cd19e08f42a34c ce929ca53bc447ff96a4be03a9790b5a - - default default] Added segment 7ca689a9-c9a2-4ae8-96c0-76cb125a7f2b of type geneve for network 6333ad39-e64f-428a-8201-7e452138f601
2026-08-24 21:52:12.605 7 INFO neutron.db.ovn_revision_numbers_db [None req-ce7693a1-2461-4d28-90be-c1f6f1df70f4 3c508011dd264d6ba5cd19e08f42a34c ce929ca53bc447ff96a4be03a9790b5a - - default default] Successfully bumped revision number for resource 57d531dd-5079-48b2-a658-a0be613c6c5b (type: networks) to 1 [pid: 8|app: 0|req: 650/1330] 10.0.0.59 () {34 vars in 989 bytes} [Mon Aug 24 21:52:12 2026] GET /v2.0/ports?device_id=ee1fe03f-6441-4528-9b3c-b3c2234ee0a5 => generated 12 bytes in 20 msecs (HTTP/1.1 200) 4 headers in 156 bytes (1 switches on core 0)
2026-08-24 21:52:12.764 7 WARNING neutron.scheduler.dhcp_agent_scheduler [None req-ce7693a1-2461-4d28-90be-c1f6f1df70f4 3c508011dd264d6ba5cd19e08f42a34c ce929ca53bc447ff96a4be03a9790b5a - - default default] No more DHCP agents
2026-08-24 21:52:12.766 7 WARNING neutron.api.rpc.agentnotifiers.dhcp_rpc_agent_api [None req-ce7693a1-2461-4d28-90be-c1f6f1df70f4 3c508011dd264d6ba5cd19e08f42a34c ce929ca53bc447ff96a4be03a9790b5a - - default default] Unable to schedule network 57d531dd-5079-48b2-a658-a0be613c6c5b: no agents available; will retry on subsequent port and subnet creation events.
2026-08-24 21:52:12.824 8 INFO neutron.plugins.ml2.drivers.ovn.mech_driver.mech_driver [None req-03caf952-ba46-42ec-bfcc-ef7b28067afa - - - - - -] OVN reports status down for port: da56fb0a-4f04-4e00-a93d-a0ecdaa816fd
2026-08-24 21:52:12.855 7 INFO neutron.db.ovn_revision_numbers_db [None req-ce7693a1-2461-4d28-90be-c1f6f1df70f4 3c508011dd264d6ba5cd19e08f42a34c ce929ca53bc447ff96a4be03a9790b5a - - default default] Successfully bumped revision number for resource da56fb0a-4f04-4e00-a93d-a0ecdaa816fd (type: ports) to 1
2026-08-24 21:52:12.932 7 INFO neutron.db.ovn_revision_numbers_db [None req-ce7693a1-2461-4d28-90be-c1f6f1df70f4 3c508011dd264d6ba5cd19e08f42a34c ce929ca53bc447ff96a4be03a9790b5a - - default default] Successfully bumped revision number for resource 6333ad39-e64f-428a-8201-7e452138f601 (type: networks) to 1
2026-08-24 21:52:13.115 7 WARNING neutron.scheduler.dhcp_agent_scheduler [None req-ce7693a1-2461-4d28-90be-c1f6f1df70f4 3c508011dd264d6ba5cd19e08f42a34c ce929ca53bc447ff96a4be03a9790b5a - - default default] No more DHCP agents
2026-08-24 21:52:13.117 7 WARNING neutron.api.rpc.agentnotifiers.dhcp_rpc_agent_api [None req-ce7693a1-2461-4d28-90be-c1f6f1df70f4 3c508011dd264d6ba5cd19e08f42a34c ce929ca53bc447ff96a4be03a9790b5a - - default default] Unable to schedule network 6333ad39-e64f-428a-8201-7e452138f601: no agents available; will retry on subsequent port and subnet creation events.
2026-08-24 21:52:13.166 8 INFO neutron.plugins.ml2.drivers.ovn.mech_driver.mech_driver [None req-03caf952-ba46-42ec-bfcc-ef7b28067afa - - - - - -] OVN reports status down for port: 0cce1cbf-5957-4814-80f5-795d07eaf394
2026-08-24 21:52:13.191 7 INFO neutron.db.ovn_revision_numbers_db [None req-ce7693a1-2461-4d28-90be-c1f6f1df70f4 3c508011dd264d6ba5cd19e08f42a34c ce929ca53bc447ff96a4be03a9790b5a - - default default] Successfully bumped revision number for resource 0cce1cbf-5957-4814-80f5-795d07eaf394 (type: ports) to 1 [pid: 7|app: 0|req: 681/1331] 10.0.0.78 () {34 vars in 669 bytes} [Mon Aug 24 21:52:11 2026] POST /v2.0/networks => generated 1244 bytes in 1252 msecs (HTTP/1.1 201) 4 headers in 163 bytes (1 switches on core 0) [pid: 8|app: 0|req: 651/1332] 10.0.0.78 () {32 vars in 648 bytes} [Mon Aug 24 21:52:13 2026] GET /v2.0/networks => generated 1855 bytes in 97 msecs (HTTP/1.1 200) 4 headers in 158 bytes (1 switches on core 0)
2026-08-24 21:52:13.438 7 INFO neutron_taas.services.taas.taas_plugin [None req-8cf3f87f-7083-45c3-9fc6-664838448fe2 3c508011dd264d6ba5cd19e08f42a34c ce929ca53bc447ff96a4be03a9790b5a - - default default] TaaS: Handle Delete Port: da56fb0a-4f04-4e00-a93d-a0ecdaa816fd
2026-08-24 21:52:13.442 7 INFO neutron_taas.services.taas.tap_mirror_plugin [None req-8cf3f87f-7083-45c3-9fc6-664838448fe2 3c508011dd264d6ba5cd19e08f42a34c ce929ca53bc447ff96a4be03a9790b5a - - default default] Tap Mirror: Handle Delete Port: da56fb0a-4f04-4e00-a93d-a0ecdaa816fd
2026-08-24 21:52:13.613 7 INFO neutron.services.segments.plugin [-] Segment b3b3b0f5-a102-46fd-8615-cdda81867361 resource provider aggregate not found
2026-08-24 21:52:13.621 7 INFO neutron.services.segments.plugin [-] Segment b3b3b0f5-a102-46fd-8615-cdda81867361 resource provider aggregate not found
2026-08-24 21:52:13.636 7 INFO neutron.services.segments.plugin [-] Client error retrieving segment b3b3b0f5-a102-46fd-8615-cdda81867361 resource provider; error: Placement Client Error (4xx): {"errors": [{"status": 404, "title": "Not Found", "detail": "The resource could not be found.\n\n No resource provider with uuid b3b3b0f5-a102-46fd-8615-cdda81867361 found for delete ", "request_id": "req-2df61604-b3dd-4f6d-ad42-ef2daf33fb7c"}]}
2026-08-24 21:52:13.643 7 INFO neutron.services.segments.plugin [-] Client error retrieving segment b3b3b0f5-a102-46fd-8615-cdda81867361 resource provider; error: Placement Client Error (4xx): {"errors": [{"status": 404, "title": "Not Found", "detail": "The resource could not be found.\n\n No resource provider with uuid b3b3b0f5-a102-46fd-8615-cdda81867361 found for delete ", "request_id": "req-8d05efb2-48a2-4782-a717-de97139f48c4"}]} [pid: 8|app: 0|req: 652/1333] 10.0.0.59 () {34 vars in 989 bytes} [Mon Aug 24 21:52:13 2026] GET /v2.0/ports?device_id=80a9b450-1c38-4793-9382-2ab9e98d8205 => generated 971 bytes in 84 msecs (HTTP/1.1 200) 4 headers in 157 bytes (1 switches on core 0) [pid: 7|app: 0|req: 682/1334] 10.0.0.78 () {32 vars in 725 bytes} [Mon Aug 24 21:52:13 2026] DELETE /v2.0/networks/57d531dd-5079-48b2-a658-a0be613c6c5b => generated 0 bytes in 353 msecs (HTTP/1.1 204) 3 headers in 131 bytes (1 switches on core 0) [pid: 8|app: 0|req: 653/1335] 10.0.0.59 () {34 vars in 1039 bytes} [Mon Aug 24 21:52:13 2026] GET /v2.0/security-groups?id=d3a5cd81-82a8-4b0a-8044-65089af273ff&fields=id&fields=name => generated 114 bytes in 29 msecs (HTTP/1.1 200) 4 headers in 157 bytes (1 switches on core 0) [pid: 8|app: 0|req: 654/1336] 10.0.0.59 () {34 vars in 989 bytes} [Mon Aug 24 21:52:13 2026] GET /v2.0/ports?device_id=80a9b450-1c38-4793-9382-2ab9e98d8205 => generated 971 bytes in 48 msecs (HTTP/1.1 200) 4 headers in 157 bytes (1 switches on core 0)
2026-08-24 21:52:13.823 7 INFO neutron_taas.services.taas.taas_plugin [None req-47820203-5d30-481c-b923-b5ceb58d8284 3c508011dd264d6ba5cd19e08f42a34c ce929ca53bc447ff96a4be03a9790b5a - - default default] TaaS: Handle Delete Port: 0cce1cbf-5957-4814-80f5-795d07eaf394
2026-08-24 21:52:13.827 7 INFO neutron_taas.services.taas.tap_mirror_plugin [None req-47820203-5d30-481c-b923-b5ceb58d8284 3c508011dd264d6ba5cd19e08f42a34c ce929ca53bc447ff96a4be03a9790b5a - - default default] Tap Mirror: Handle Delete Port: 0cce1cbf-5957-4814-80f5-795d07eaf394 [pid: 8|app: 0|req: 655/1337] 10.0.0.59 () {34 vars in 989 bytes} [Mon Aug 24 21:52:13 2026] GET /v2.0/ports?device_id=ee1fe03f-6441-4528-9b3c-b3c2234ee0a5 => generated 12 bytes in 21 msecs (HTTP/1.1 200) 4 headers in 156 bytes (1 switches on core 0) [pid: 8|app: 0|req: 656/1338] 10.0.0.59 () {34 vars in 1039 bytes} [Mon Aug 24 21:52:13 2026] GET /v2.0/security-groups?id=d3a5cd81-82a8-4b0a-8044-65089af273ff&fields=id&fields=name => generated 114 bytes in 30 msecs (HTTP/1.1 200) 4 headers in 157 bytes (1 switches on core 0) [pid: 7|app: 0|req: 683/1339] 10.0.0.78 () {32 vars in 725 bytes} [Mon Aug 24 21:52:13 2026] DELETE /v2.0/networks/6333ad39-e64f-428a-8201-7e452138f601 => generated 0 bytes in 375 msecs (HTTP/1.1 204) 3 headers in 131 bytes (1 switches on core 0) [pid: 8|app: 0|req: 657/1340] 10.0.0.78 () {32 vars in 648 bytes} [Mon Aug 24 21:52:14 2026] GET /v2.0/networks => generated 651 bytes in 58 msecs (HTTP/1.1 200) 4 headers in 157 bytes (1 switches on core 0)
2026-08-24 21:52:14.208 7 INFO neutron.db.segments_db [None req-ccfc75b5-14cd-4dc0-8a50-7a8f0e947b45 3c508011dd264d6ba5cd19e08f42a34c ce929ca53bc447ff96a4be03a9790b5a - - default default] Added segment 430297c0-e63e-48cf-8645-87148e07c42e of type geneve for network 743f1687-a076-4cf4-99d5-c1fe7325ce31 [pid: 8|app: 0|req: 658/1341] 10.0.0.59 () {34 vars in 989 bytes} [Mon Aug 24 21:52:14 2026] GET /v2.0/ports?device_id=80a9b450-1c38-4793-9382-2ab9e98d8205 => generated 971 bytes in 40 msecs (HTTP/1.1 200) 4 headers in 157 bytes (1 switches on core 0) [pid: 8|app: 0|req: 659/1342] 10.0.0.59 () {34 vars in 1039 bytes} [Mon Aug 24 21:52:14 2026] GET /v2.0/security-groups?id=d3a5cd81-82a8-4b0a-8044-65089af273ff&fields=id&fields=name => generated 114 bytes in 36 msecs (HTTP/1.1 200) 4 headers in 157 bytes (1 switches on core 0)
2026-08-24 21:52:14.325 7 INFO neutron.db.ovn_revision_numbers_db [None req-ccfc75b5-14cd-4dc0-8a50-7a8f0e947b45 3c508011dd264d6ba5cd19e08f42a34c ce929ca53bc447ff96a4be03a9790b5a - - default default] Successfully bumped revision number for resource 743f1687-a076-4cf4-99d5-c1fe7325ce31 (type: networks) to 1
2026-08-24 21:52:14.482 7 WARNING neutron.scheduler.dhcp_agent_scheduler [None req-ccfc75b5-14cd-4dc0-8a50-7a8f0e947b45 3c508011dd264d6ba5cd19e08f42a34c ce929ca53bc447ff96a4be03a9790b5a - - default default] No more DHCP agents
2026-08-24 21:52:14.484 7 WARNING neutron.api.rpc.agentnotifiers.dhcp_rpc_agent_api [None req-ccfc75b5-14cd-4dc0-8a50-7a8f0e947b45 3c508011dd264d6ba5cd19e08f42a34c ce929ca53bc447ff96a4be03a9790b5a - - default default] Unable to schedule network 743f1687-a076-4cf4-99d5-c1fe7325ce31: no agents available; will retry on subsequent port and subnet creation events.
2026-08-24 21:52:14.539 8 INFO neutron.plugins.ml2.drivers.ovn.mech_driver.mech_driver [None req-03caf952-ba46-42ec-bfcc-ef7b28067afa - - - - - -] OVN reports status down for port: 31a5148b-5ada-4187-8203-a4e90ee71ffc
2026-08-24 21:52:14.568 7 INFO neutron.db.ovn_revision_numbers_db [None req-ccfc75b5-14cd-4dc0-8a50-7a8f0e947b45 3c508011dd264d6ba5cd19e08f42a34c ce929ca53bc447ff96a4be03a9790b5a - - default default] Successfully bumped revision number for resource 31a5148b-5ada-4187-8203-a4e90ee71ffc (type: ports) to 1 [pid: 7|app: 0|req: 684/1343] 10.0.0.78 () {34 vars in 669 bytes} [Mon Aug 24 21:52:14 2026] POST /v2.0/networks => generated 650 bytes in 468 msecs (HTTP/1.1 201) 4 headers in 162 bytes (1 switches on core 0)
2026-08-24 21:52:14.699 8 INFO neutron.db.segments_db [None req-62770a73-15cc-4bd4-8b89-b3fe382a5749 3c508011dd264d6ba5cd19e08f42a34c ce929ca53bc447ff96a4be03a9790b5a - - default default] Added segment f2b05844-142a-4540-a2a6-477ba63967f6 of type geneve for network 735e0374-f82d-4d35-8c70-7afde50d8610
2026-08-24 21:52:14.811 8 INFO neutron.db.ovn_revision_numbers_db [None req-62770a73-15cc-4bd4-8b89-b3fe382a5749 3c508011dd264d6ba5cd19e08f42a34c ce929ca53bc447ff96a4be03a9790b5a - - default default] Successfully bumped revision number for resource 735e0374-f82d-4d35-8c70-7afde50d8610 (type: networks) to 1 [pid: 7|app: 0|req: 685/1344] 10.0.0.59 () {34 vars in 989 bytes} [Mon Aug 24 21:52:14 2026] GET /v2.0/ports?device_id=ee1fe03f-6441-4528-9b3c-b3c2234ee0a5 => generated 12 bytes in 18 msecs (HTTP/1.1 200) 4 headers in 156 bytes (1 switches on core 0)
2026-08-24 21:52:15.004 8 WARNING neutron.scheduler.dhcp_agent_scheduler [None req-62770a73-15cc-4bd4-8b89-b3fe382a5749 3c508011dd264d6ba5cd19e08f42a34c ce929ca53bc447ff96a4be03a9790b5a - - default default] No more DHCP agents
2026-08-24 21:52:15.005 8 WARNING neutron.api.rpc.agentnotifiers.dhcp_rpc_agent_api [None req-62770a73-15cc-4bd4-8b89-b3fe382a5749 3c508011dd264d6ba5cd19e08f42a34c ce929ca53bc447ff96a4be03a9790b5a - - default default] Unable to schedule network 735e0374-f82d-4d35-8c70-7afde50d8610: no agents available; will retry on subsequent port and subnet creation events.
2026-08-24 21:52:15.072 7 INFO neutron.plugins.ml2.drivers.ovn.mech_driver.mech_driver [None req-5b29131e-aeb4-49df-9904-713464327740 - - - - - -] OVN reports status down for port: d25c8615-59bc-41ed-9462-f359f397c961
2026-08-24 21:52:15.103 8 INFO neutron.db.ovn_revision_numbers_db [None req-62770a73-15cc-4bd4-8b89-b3fe382a5749 3c508011dd264d6ba5cd19e08f42a34c ce929ca53bc447ff96a4be03a9790b5a - - default default] Successfully bumped revision number for resource d25c8615-59bc-41ed-9462-f359f397c961 (type: ports) to 1 [pid: 8|app: 0|req: 660/1345] 10.0.0.78 () {34 vars in 669 bytes} [Mon Aug 24 21:52:14 2026] POST /v2.0/networks => generated 649 bytes in 543 msecs (HTTP/1.1 201) 4 headers in 162 bytes (1 switches on core 0) [pid: 8|app: 0|req: 661/1346] 10.0.0.59 () {34 vars in 989 bytes} [Mon Aug 24 21:52:15 2026] GET /v2.0/ports?device_id=80a9b450-1c38-4793-9382-2ab9e98d8205 => generated 971 bytes in 41 msecs (HTTP/1.1 200) 4 headers in 157 bytes (1 switches on core 0) [pid: 8|app: 0|req: 662/1347] 10.0.0.59 () {34 vars in 1039 bytes} [Mon Aug 24 21:52:15 2026] GET /v2.0/security-groups?id=d3a5cd81-82a8-4b0a-8044-65089af273ff&fields=id&fields=name => generated 114 bytes in 31 msecs (HTTP/1.1 200) 4 headers in 157 bytes (1 switches on core 0)
2026-08-24 21:52:15.535 7 WARNING neutron.scheduler.dhcp_agent_scheduler [None req-eaa64daa-7688-4270-8791-32681ef8b7a6 3c508011dd264d6ba5cd19e08f42a34c ce929ca53bc447ff96a4be03a9790b5a - - default default] No more DHCP agents
2026-08-24 21:52:15.536 7 WARNING neutron.api.rpc.agentnotifiers.dhcp_rpc_agent_api [None req-eaa64daa-7688-4270-8791-32681ef8b7a6 3c508011dd264d6ba5cd19e08f42a34c ce929ca53bc447ff96a4be03a9790b5a - - default default] Unable to schedule network 743f1687-a076-4cf4-99d5-c1fe7325ce31: no agents available; will retry on subsequent port and subnet creation events.
