2026-08-24 21:51:41.462 8 INFO neutron.notifiers.nova [-] Nova event matching ['req-9c08399c-69d8-4b34-979a-4d6f187d979c'] response: {'server_uuid': '28c0b026-b1f5-4c42-8ca4-b468ca304435', 'name': 'network-vif-unplugged', 'status': 'completed', 'tag': '4b765448-1c36-43be-851d-ff1e198ba446', 'code': 200}
2026-08-24 21:51:41.517 8 WARNING neutron.scheduler.dhcp_agent_scheduler [None req-c94bf3bf-b212-4ca0-a126-a50b031d0b2e 66b5c85081074b708aef91fcbaacc247 eabaf4b3f91a434b8f3cf9793fb243a4 - - default default] No more DHCP agents
2026-08-24 21:51:41.525 8 WARNING neutron.api.rpc.agentnotifiers.dhcp_rpc_agent_api [None req-c94bf3bf-b212-4ca0-a126-a50b031d0b2e 66b5c85081074b708aef91fcbaacc247 eabaf4b3f91a434b8f3cf9793fb243a4 - - default default] Unable to schedule network 44c09b5f-d3bd-4f4d-bac3-07fb444ea045: no agents available; will retry on subsequent port and subnet creation events.
2026-08-24 21:51:41.733 7 INFO neutron.db.ovn_revision_numbers_db [None req-0ab54d59-97fb-475f-a40e-f270adf2614e - - - - - -] Successfully bumped revision number for resource 18eb4f93-f1f7-49c2-b8ce-b799541e4d14 (type: ports) to 5
2026-08-24 21:51:41.818 7 INFO neutron.db.ovn_revision_numbers_db [None req-7aeca6f1-c7e9-4ddd-82d1-935e3494a061 66b5c85081074b708aef91fcbaacc247 eabaf4b3f91a434b8f3cf9793fb243a4 - - default default] Successfully bumped revision number for resource 629d7ab8-a85a-4163-b2b3-fd7e5e0a7f47 (type: security_groups) to 1
2026-08-24 21:51:41.851 7 INFO neutron.db.ovn_revision_numbers_db [None req-7aeca6f1-c7e9-4ddd-82d1-935e3494a061 66b5c85081074b708aef91fcbaacc247 eabaf4b3f91a434b8f3cf9793fb243a4 - - default default] Successfully bumped revision number for resource 1a325324-87cd-4d03-8f5b-ffb30533d01e (type: security_group_rules) to 0
2026-08-24 21:51:41.871 7 INFO neutron.db.ovn_revision_numbers_db [None req-7aeca6f1-c7e9-4ddd-82d1-935e3494a061 66b5c85081074b708aef91fcbaacc247 eabaf4b3f91a434b8f3cf9793fb243a4 - - default default] Successfully bumped revision number for resource 937a1dfb-bac6-44d0-a232-00ecf6db3e36 (type: security_group_rules) to 0
2026-08-24 21:51:41.889 7 INFO neutron.db.ovn_revision_numbers_db [None req-7aeca6f1-c7e9-4ddd-82d1-935e3494a061 66b5c85081074b708aef91fcbaacc247 eabaf4b3f91a434b8f3cf9793fb243a4 - - default default] Successfully bumped revision number for resource 964ad109-a5a7-4230-a826-186bb82a9aa1 (type: security_group_rules) to 0
2026-08-24 21:51:41.902 7 INFO neutron.db.ovn_revision_numbers_db [None req-7aeca6f1-c7e9-4ddd-82d1-935e3494a061 66b5c85081074b708aef91fcbaacc247 eabaf4b3f91a434b8f3cf9793fb243a4 - - default default] Successfully bumped revision number for resource a903af1b-a20a-4a7d-a4c3-ed67e1bb3ed8 (type: security_group_rules) to 0 [pid: 7|app: 0|req: 604/1149] 10.0.0.78 () {32 vars in 773 bytes} [Mon Aug 24 21:51:41 2026] GET /v2.0/security-groups?tenant_id=a99e0df37a00418db7b890e1dba180b7&name=default => generated 2925 bytes in 586 msecs (HTTP/1.1 200) 4 headers in 158 bytes (1 switches on core 0)
2026-08-24 21:51:42.083 7 INFO neutron.db.ovn_revision_numbers_db [None req-d5818d0a-71ce-4331-be76-e873f8ca8dae 66b5c85081074b708aef91fcbaacc247 eabaf4b3f91a434b8f3cf9793fb243a4 - - default default] Successfully bumped revision number for resource 9aab98c0-48ea-4589-a7b7-bd79e4578bb2 (type: security_groups) to 1
2026-08-24 21:51:42.095 7 INFO neutron.db.ovn_revision_numbers_db [None req-d5818d0a-71ce-4331-be76-e873f8ca8dae 66b5c85081074b708aef91fcbaacc247 eabaf4b3f91a434b8f3cf9793fb243a4 - - default default] Successfully bumped revision number for resource 175d698a-5b56-4007-8140-570482acfba6 (type: security_group_rules) to 0
2026-08-24 21:51:42.105 7 INFO neutron.db.ovn_revision_numbers_db [None req-d5818d0a-71ce-4331-be76-e873f8ca8dae 66b5c85081074b708aef91fcbaacc247 eabaf4b3f91a434b8f3cf9793fb243a4 - - default default] Successfully bumped revision number for resource 5744ef5c-b8b0-44ba-8314-c8dce183c00f (type: security_group_rules) to 0
2026-08-24 21:51:42.114 7 INFO neutron.db.ovn_revision_numbers_db [None req-d5818d0a-71ce-4331-be76-e873f8ca8dae 66b5c85081074b708aef91fcbaacc247 eabaf4b3f91a434b8f3cf9793fb243a4 - - default default] Successfully bumped revision number for resource 74fef16a-59d0-4499-8a0e-7e4cc0c52106 (type: security_group_rules) to 0
2026-08-24 21:51:42.129 7 INFO neutron.db.ovn_revision_numbers_db [None req-d5818d0a-71ce-4331-be76-e873f8ca8dae 66b5c85081074b708aef91fcbaacc247 eabaf4b3f91a434b8f3cf9793fb243a4 - - default default] Successfully bumped revision number for resource 9672b130-e8b5-4497-b6d9-9783e9df745c (type: security_group_rules) to 0 [pid: 7|app: 0|req: 605/1150] 10.0.0.78 () {32 vars in 773 bytes} [Mon Aug 24 21:51:41 2026] GET /v2.0/security-groups?tenant_id=d46b4e27fca04725a9840df667b25a29&name=default => generated 2925 bytes in 226 msecs (HTTP/1.1 200) 4 headers in 158 bytes (1 switches on core 0) [pid: 7|app: 0|req: 606/1151] 10.0.0.59 () {34 vars in 989 bytes} [Mon Aug 24 21:51:42 2026] GET /v2.0/ports?device_id=28c0b026-b1f5-4c42-8ca4-b468ca304435 => generated 12 bytes in 25 msecs (HTTP/1.1 200) 4 headers in 156 bytes (1 switches on core 0) [pid: 7|app: 0|req: 607/1152] 10.0.0.78 () {32 vars in 739 bytes} [Mon Aug 24 21:51:42 2026] DELETE /v2.0/security-groups/629d7ab8-a85a-4163-b2b3-fd7e5e0a7f47 => generated 0 bytes in 248 msecs (HTTP/1.1 204) 2 headers in 112 bytes (1 switches on core 0) /var/lib/openstack/lib/python3.12/site-packages/pycadf/identifier.py:70: UserWarning: Invalid uuid: neutron. To ensure interoperability, identifiers should be a valid uuid. warnings.warn(('Invalid uuid: %s. To ensure interoperability, '
2026-08-24 21:51:42.492 8 INFO neutron.db.ovn_revision_numbers_db [None req-849c194c-eece-41e0-8f52-cba80fae24dc - - - - - -] Successfully bumped revision number for resource 5a163f30-9707-4f84-a1f9-01f9bcc96a51 (type: ports) to 2 [pid: 7|app: 0|req: 608/1153] 10.0.0.78 () {32 vars in 739 bytes} [Mon Aug 24 21:51:42 2026] DELETE /v2.0/security-groups/9aab98c0-48ea-4589-a7b7-bd79e4578bb2 => generated 0 bytes in 239 msecs (HTTP/1.1 204) 2 headers in 112 bytes (1 switches on core 0)
2026-08-24 21:51:42.816 8 INFO neutron.db.ovn_revision_numbers_db [None req-c94bf3bf-b212-4ca0-a126-a50b031d0b2e 66b5c85081074b708aef91fcbaacc247 eabaf4b3f91a434b8f3cf9793fb243a4 - - default default] Successfully bumped revision number for resource 5a163f30-9707-4f84-a1f9-01f9bcc96a51 (type: router_ports) to 1 [pid: 8|app: 0|req: 546/1154] 10.0.0.78 () {34 vars in 782 bytes} [Mon Aug 24 21:51:40 2026] PUT /v2.0/routers/44c601a7-1c83-470b-9d2c-ffb5cfd0bbaa/add_router_interface => generated 309 bytes in 2694 msecs (HTTP/1.1 200) 4 headers in 157 bytes (1 switches on core 0)
2026-08-24 21:51:42.863 8 INFO neutron.db.ovn_revision_numbers_db [None req-bcd7e513-f8d8-4e89-91b8-75a99a6f8e32 - - - - - -] Successfully bumped revision number for resource 5a163f30-9707-4f84-a1f9-01f9bcc96a51 (type: router_ports) to 2 [pid: 7|app: 0|req: 609/1155] 10.0.0.59 () {34 vars in 989 bytes} [Mon Aug 24 21:51:43 2026] GET /v2.0/ports?device_id=28c0b026-b1f5-4c42-8ca4-b468ca304435 => generated 12 bytes in 22 msecs (HTTP/1.1 200) 4 headers in 156 bytes (1 switches on core 0)
2026-08-24 21:51:43.592 8 INFO neutron.db.ovn_revision_numbers_db [None req-ff70ba65-037e-4728-9dfe-6e01733170f6 17d006d916a2415c972117f8747436b0 929e80fba3a247368362538ddac3af73 - - default default] Successfully bumped revision number for resource d3a5cd81-82a8-4b0a-8044-65089af273ff (type: security_groups) to 1
2026-08-24 21:51:43.603 8 INFO neutron.db.ovn_revision_numbers_db [None req-ff70ba65-037e-4728-9dfe-6e01733170f6 17d006d916a2415c972117f8747436b0 929e80fba3a247368362538ddac3af73 - - default default] Successfully bumped revision number for resource b6da483e-61d0-4918-96ad-98dc1f3e8449 (type: security_group_rules) to 0
2026-08-24 21:51:43.615 8 INFO neutron.db.ovn_revision_numbers_db [None req-ff70ba65-037e-4728-9dfe-6e01733170f6 17d006d916a2415c972117f8747436b0 929e80fba3a247368362538ddac3af73 - - default default] Successfully bumped revision number for resource fbbaf4e0-74bb-439e-8023-72ff2fdea93b (type: security_group_rules) to 0 [pid: 8|app: 0|req: 547/1156] 10.0.0.78 () {34 vars in 684 bytes} [Mon Aug 24 21:51:43 2026] POST /v2.0/security-groups => generated 1660 bytes in 204 msecs (HTTP/1.1 201) 4 headers in 163 bytes (1 switches on core 0)
2026-08-24 21:51:43.810 7 INFO neutron.db.ovn_revision_numbers_db [None req-a0fa02e3-3cb4-4970-ab04-30b5f27e624a 17d006d916a2415c972117f8747436b0 929e80fba3a247368362538ddac3af73 - - default default] Successfully bumped revision number for resource 8f1f1aad-1d07-453e-8938-6da32ef53858 (type: security_group_rules) to 0 [pid: 7|app: 0|req: 610/1157] 10.0.0.78 () {34 vars in 694 bytes} [Mon Aug 24 21:51:43 2026] POST /v2.0/security-group-rules => generated 597 bytes in 176 msecs (HTTP/1.1 201) 4 headers in 162 bytes (1 switches on core 0)
2026-08-24 21:51:43.995 8 INFO neutron.db.ovn_revision_numbers_db [None req-ba7bdb3e-e7a5-42ff-b45a-24d07e7a3cc0 17d006d916a2415c972117f8747436b0 929e80fba3a247368362538ddac3af73 - - default default] Successfully bumped revision number for resource 25c2d98a-5f86-4800-ad4a-04c055bd394e (type: security_group_rules) to 0 [pid: 8|app: 0|req: 548/1158] 10.0.0.78 () {34 vars in 694 bytes} [Mon Aug 24 21:51:43 2026] POST /v2.0/security-group-rules => generated 602 bytes in 181 msecs (HTTP/1.1 201) 4 headers in 162 bytes (1 switches on core 0)
2026-08-24 21:51:44.275 7 WARNING neutron.scheduler.dhcp_agent_scheduler [None req-30a1141a-d071-46c9-af79-41281ec340d9 17d006d916a2415c972117f8747436b0 929e80fba3a247368362538ddac3af73 - - default default] No more DHCP agents
2026-08-24 21:51:44.276 7 WARNING neutron.api.rpc.agentnotifiers.dhcp_rpc_agent_api [None req-30a1141a-d071-46c9-af79-41281ec340d9 17d006d916a2415c972117f8747436b0 929e80fba3a247368362538ddac3af73 - - default default] Unable to schedule network 55dd8628-77af-4072-8e78-e6d34586eb5c: no agents available; will retry on subsequent port and subnet creation events.
2026-08-24 21:51:44.442 8 INFO neutron.db.ovn_revision_numbers_db [None req-f1e7cb3a-cada-4d93-9cdb-ce2b74823b88 58592f8a289f41d6ab9f72bd855af3ae aada8847fed9443db20e23fb2435ada1 - - default default] Successfully bumped revision number for resource 1a02e774-ce2f-40e7-9e6c-2f46f4c5514a (type: security_groups) to 1
2026-08-24 21:51:44.455 8 INFO neutron.db.ovn_revision_numbers_db [None req-f1e7cb3a-cada-4d93-9cdb-ce2b74823b88 58592f8a289f41d6ab9f72bd855af3ae aada8847fed9443db20e23fb2435ada1 - - default default] Successfully bumped revision number for resource 0692ba2c-0328-4863-b1a5-e8c543576e71 (type: security_group_rules) to 0
2026-08-24 21:51:44.469 8 INFO neutron.db.ovn_revision_numbers_db [None req-f1e7cb3a-cada-4d93-9cdb-ce2b74823b88 58592f8a289f41d6ab9f72bd855af3ae aada8847fed9443db20e23fb2435ada1 - - default default] Successfully bumped revision number for resource 3d4939f9-d418-4e7b-82a1-782a4c54e097 (type: security_group_rules) to 0
2026-08-24 21:51:44.481 8 INFO neutron.db.ovn_revision_numbers_db [None req-f1e7cb3a-cada-4d93-9cdb-ce2b74823b88 58592f8a289f41d6ab9f72bd855af3ae aada8847fed9443db20e23fb2435ada1 - - default default] Successfully bumped revision number for resource 46733e5d-65aa-494f-9d8d-8fda0a7987d2 (type: security_group_rules) to 0
2026-08-24 21:51:44.494 8 INFO neutron.db.ovn_revision_numbers_db [None req-f1e7cb3a-cada-4d93-9cdb-ce2b74823b88 58592f8a289f41d6ab9f72bd855af3ae aada8847fed9443db20e23fb2435ada1 - - default default] Successfully bumped revision number for resource a9aa51f1-848d-4381-8e66-e80249a422bd (type: security_group_rules) to 0 [pid: 7|app: 0|req: 611/1159] 10.0.0.78 () {34 vars in 675 bytes} [Mon Aug 24 21:51:44 2026] POST /v2.0/floatingips => generated 552 bytes in 524 msecs (HTTP/1.1 201) 4 headers in 162 bytes (1 switches on core 0)
2026-08-24 21:51:44.574 8 INFO neutron.db.segments_db [None req-f1e7cb3a-cada-4d93-9cdb-ce2b74823b88 58592f8a289f41d6ab9f72bd855af3ae aada8847fed9443db20e23fb2435ada1 - - default default] Added segment ca27d13d-4616-4956-933e-b526a4f22656 of type geneve for network 3ed3da61-292a-40cd-a5c9-f30ffbd04a28 [pid: 7|app: 0|req: 612/1160] 10.0.0.59 () {34 vars in 989 bytes} [Mon Aug 24 21:51:44 2026] GET /v2.0/ports?device_id=28c0b026-b1f5-4c42-8ca4-b468ca304435 => generated 12 bytes in 16 msecs (HTTP/1.1 200) 4 headers in 156 bytes (1 switches on core 0)
2026-08-24 21:51:44.677 8 INFO neutron.db.ovn_revision_numbers_db [None req-f1e7cb3a-cada-4d93-9cdb-ce2b74823b88 58592f8a289f41d6ab9f72bd855af3ae aada8847fed9443db20e23fb2435ada1 - - default default] Successfully bumped revision number for resource 3ed3da61-292a-40cd-a5c9-f30ffbd04a28 (type: networks) to 1
2026-08-24 21:51:44.847 8 WARNING neutron.scheduler.dhcp_agent_scheduler [None req-f1e7cb3a-cada-4d93-9cdb-ce2b74823b88 58592f8a289f41d6ab9f72bd855af3ae aada8847fed9443db20e23fb2435ada1 - - default default] No more DHCP agents
2026-08-24 21:51:44.849 8 WARNING neutron.api.rpc.agentnotifiers.dhcp_rpc_agent_api [None req-f1e7cb3a-cada-4d93-9cdb-ce2b74823b88 58592f8a289f41d6ab9f72bd855af3ae aada8847fed9443db20e23fb2435ada1 - - default default] Unable to schedule network 3ed3da61-292a-40cd-a5c9-f30ffbd04a28: no agents available; will retry on subsequent port and subnet creation events.
2026-08-24 21:51:44.904 7 INFO neutron.plugins.ml2.drivers.ovn.mech_driver.mech_driver [None req-5b29131e-aeb4-49df-9904-713464327740 - - - - - -] OVN reports status down for port: 46bf6ca3-4925-474e-82b5-b5f4f722c777
2026-08-24 21:51:44.930 8 INFO neutron.db.ovn_revision_numbers_db [None req-f1e7cb3a-cada-4d93-9cdb-ce2b74823b88 58592f8a289f41d6ab9f72bd855af3ae aada8847fed9443db20e23fb2435ada1 - - default default] Successfully bumped revision number for resource 46bf6ca3-4925-474e-82b5-b5f4f722c777 (type: ports) to 1 [pid: 8|app: 0|req: 549/1161] 10.0.0.78 () {34 vars in 669 bytes} [Mon Aug 24 21:51:44 2026] POST /v2.0/networks => generated 643 bytes in 797 msecs (HTTP/1.1 201) 4 headers in 162 bytes (1 switches on core 0) [pid: 8|app: 0|req: 550/1162] 10.0.0.59 () {34 vars in 1099 bytes} [Mon Aug 24 21:51:44 2026] GET /v2.0/security-groups?name=tempest-securitygroup--1448196575&fields=id&tenant_id=929e80fba3a247368362538ddac3af73 => generated 69 bytes in 45 msecs (HTTP/1.1 200) 4 headers in 156 bytes (1 switches on core 0) [pid: 8|app: 0|req: 551/1163] 10.0.0.59 () {34 vars in 981 bytes} [Mon Aug 24 21:51:45 2026] GET /v2.0/networks?id=44c09b5f-d3bd-4f4d-bac3-07fb444ea045 => generated 675 bytes in 65 msecs (HTTP/1.1 200) 4 headers in 157 bytes (1 switches on core 0) [pid: 8|app: 0|req: 552/1164] 10.0.0.59 () {34 vars in 964 bytes} [Mon Aug 24 21:51:45 2026] GET /v2.0/quotas/929e80fba3a247368362538ddac3af73 => generated 292 bytes in 17 msecs (HTTP/1.1 200) 4 headers in 157 bytes (1 switches on core 0) [pid: 8|app: 0|req: 553/1165] 10.0.0.59 () {34 vars in 1001 bytes} [Mon Aug 24 21:51:45 2026] GET /v2.0/ports?tenant_id=929e80fba3a247368362538ddac3af73&fields=id => generated 103 bytes in 63 msecs (HTTP/1.1 200) 4 headers in 157 bytes (1 switches on core 0)
2026-08-24 21:51:45.196 7 WARNING neutron.scheduler.dhcp_agent_scheduler [None req-f13921d0-1319-4a9b-9cc1-7b69ee829dca 58592f8a289f41d6ab9f72bd855af3ae aada8847fed9443db20e23fb2435ada1 - - default default] No more DHCP agents
2026-08-24 21:51:45.198 7 WARNING neutron.api.rpc.agentnotifiers.dhcp_rpc_agent_api [None req-f13921d0-1319-4a9b-9cc1-7b69ee829dca 58592f8a289f41d6ab9f72bd855af3ae aada8847fed9443db20e23fb2435ada1 - - default default] Unable to schedule network 3ed3da61-292a-40cd-a5c9-f30ffbd04a28: no agents available; will retry on subsequent port and subnet creation events.
2026-08-24 21:51:45.255 7 INFO neutron.plugins.ml2.drivers.ovn.mech_driver.mech_driver [None req-5b29131e-aeb4-49df-9904-713464327740 - - - - - -] OVN reports status down for port: 3030b71f-2d8f-45e3-addf-d648734b1365 [pid: 8|app: 0|req: 554/1166] 10.0.0.59 () {34 vars in 1007 bytes} [Mon Aug 24 21:51:45 2026] GET /v2.0/networks/44c09b5f-d3bd-4f4d-bac3-07fb444ea045?fields=segments => generated 14 bytes in 60 msecs (HTTP/1.1 200) 4 headers in 156 bytes (1 switches on core 0)
2026-08-24 21:51:45.314 7 INFO neutron.db.ovn_revision_numbers_db [None req-f13921d0-1319-4a9b-9cc1-7b69ee829dca 58592f8a289f41d6ab9f72bd855af3ae aada8847fed9443db20e23fb2435ada1 - - default default] Successfully bumped revision number for resource 3030b71f-2d8f-45e3-addf-d648734b1365 (type: ports) to 1 [pid: 8|app: 0|req: 555/1167] 10.0.0.59 () {34 vars in 1107 bytes} [Mon Aug 24 21:51:45 2026] GET /v2.0/networks/44c09b5f-d3bd-4f4d-bac3-07fb444ea045?fields=provider%3Aphysical_network&fields=provider%3Anetwork_type => generated 79 bytes in 45 msecs (HTTP/1.1 200) 4 headers in 156 bytes (1 switches on core 0) [pid: 7|app: 0|req: 613/1168] 10.0.0.78 () {34 vars in 664 bytes} [Mon Aug 24 21:51:44 2026] POST /v2.0/ports => generated 774 bytes in 423 msecs (HTTP/1.1 201) 4 headers in 162 bytes (1 switches on core 0) /var/lib/openstack/lib/python3.12/site-packages/pycadf/identifier.py:70: UserWarning: Invalid uuid: neutron. To ensure interoperability, identifiers should be a valid uuid. warnings.warn(('Invalid uuid: %s. To ensure interoperability, ' [pid: 7|app: 0|req: 614/1169] 10.0.0.59 () {34 vars in 989 bytes} [Mon Aug 24 21:51:45 2026] GET /v2.0/ports?device_id=80a9b450-1c38-4793-9382-2ab9e98d8205 => generated 12 bytes in 21 msecs (HTTP/1.1 200) 4 headers in 156 bytes (1 switches on core 0)
2026-08-24 21:51:45.462 8 INFO neutron.db.segments_db [None req-d604783f-59cb-4938-b440-63d4d317ca47 58592f8a289f41d6ab9f72bd855af3ae aada8847fed9443db20e23fb2435ada1 - - default default] Added segment afc1578e-ddf2-442a-b60f-82f7ab48304f of type geneve for network 02fbb8e3-92da-44f4-acac-9a981e86113b
2026-08-24 21:51:45.553 8 INFO neutron.db.ovn_revision_numbers_db [None req-d604783f-59cb-4938-b440-63d4d317ca47 58592f8a289f41d6ab9f72bd855af3ae aada8847fed9443db20e23fb2435ada1 - - default default] Successfully bumped revision number for resource 02fbb8e3-92da-44f4-acac-9a981e86113b (type: networks) to 1
2026-08-24 21:51:45.720 8 WARNING neutron.scheduler.dhcp_agent_scheduler [None req-d604783f-59cb-4938-b440-63d4d317ca47 58592f8a289f41d6ab9f72bd855af3ae aada8847fed9443db20e23fb2435ada1 - - default default] No more DHCP agents
2026-08-24 21:51:45.721 8 WARNING neutron.api.rpc.agentnotifiers.dhcp_rpc_agent_api [None req-d604783f-59cb-4938-b440-63d4d317ca47 58592f8a289f41d6ab9f72bd855af3ae aada8847fed9443db20e23fb2435ada1 - - default default] Unable to schedule network 02fbb8e3-92da-44f4-acac-9a981e86113b: no agents available; will retry on subsequent port and subnet creation events.
2026-08-24 21:51:45.776 8 INFO neutron.plugins.ml2.drivers.ovn.mech_driver.mech_driver [None req-bcd7e513-f8d8-4e89-91b8-75a99a6f8e32 - - - - - -] OVN reports status down for port: 2bfd8b41-ae84-4c1e-92bc-58f684903e5a [pid: 7|app: 0|req: 615/1170] 10.0.0.78 () {32 vars in 739 bytes} [Mon Aug 24 21:51:45 2026] DELETE /v2.0/security-groups/9ae097a0-4b00-4536-bc36-26745771afe2 => generated 0 bytes in 152 msecs (HTTP/1.1 204) 2 headers in 112 bytes (1 switches on core 0)
2026-08-24 21:51:45.813 7 INFO neutron.api.v2.resource [None req-c1c9caf7-0dd5-43a7-aeeb-e3f02cd5d65a c1cca66571ba4370a7bd0321d809d8f2 c76a3cb561ab4e3ab83b42df2ffc9707 - - default default] show failed (client error): The resource could not be found. [pid: 7|app: 0|req: 616/1171] 10.0.0.78 () {32 vars in 736 bytes} [Mon Aug 24 21:51:45 2026] GET /v2.0/security-groups/9ae097a0-4b00-4536-bc36-26745771afe2 => generated 146 bytes in 10 msecs (HTTP/1.1 404) 4 headers in 164 bytes (1 switches on core 0)
2026-08-24 21:51:45.830 8 INFO neutron.db.ovn_revision_numbers_db [None req-d604783f-59cb-4938-b440-63d4d317ca47 58592f8a289f41d6ab9f72bd855af3ae aada8847fed9443db20e23fb2435ada1 - - default default] Successfully bumped revision number for resource 2bfd8b41-ae84-4c1e-92bc-58f684903e5a (type: ports) to 1 [pid: 8|app: 0|req: 556/1172] 10.0.0.78 () {34 vars in 669 bytes} [Mon Aug 24 21:51:45 2026] POST /v2.0/networks => generated 631 bytes in 475 msecs (HTTP/1.1 201) 4 headers in 162 bytes (1 switches on core 0)
2026-08-24 21:51:45.922 7 INFO neutron_taas.services.taas.taas_plugin [None req-83ec89c7-7cfc-44e1-8d69-f8c32c26e481 c1cca66571ba4370a7bd0321d809d8f2 c76a3cb561ab4e3ab83b42df2ffc9707 - - default default] TaaS: Handle Delete Port: 7b356d2e-d949-409a-86e3-e2cf5bd03b6f
2026-08-24 21:51:45.925 7 INFO neutron_taas.services.taas.tap_mirror_plugin [None req-83ec89c7-7cfc-44e1-8d69-f8c32c26e481 c1cca66571ba4370a7bd0321d809d8f2 c76a3cb561ab4e3ab83b42df2ffc9707 - - default default] Tap Mirror: Handle Delete Port: 7b356d2e-d949-409a-86e3-e2cf5bd03b6f [pid: 7|app: 0|req: 617/1173] 10.0.0.78 () {32 vars in 731 bytes} [Mon Aug 24 21:51:45 2026] DELETE /v2.0/floatingips/c0fc7856-90ee-4bc2-b70d-e45488d957c9 => generated 0 bytes in 273 msecs (HTTP/1.1 204) 2 headers in 112 bytes (1 switches on core 0)
2026-08-24 21:51:46.097 8 WARNING neutron.scheduler.dhcp_agent_scheduler [None req-850d2cce-796c-47b2-a8a1-17300eeaabc9 58592f8a289f41d6ab9f72bd855af3ae aada8847fed9443db20e23fb2435ada1 - - default default] No more DHCP agents
2026-08-24 21:51:46.098 8 WARNING neutron.api.rpc.agentnotifiers.dhcp_rpc_agent_api [None req-850d2cce-796c-47b2-a8a1-17300eeaabc9 58592f8a289f41d6ab9f72bd855af3ae aada8847fed9443db20e23fb2435ada1 - - default default] Unable to schedule network 02fbb8e3-92da-44f4-acac-9a981e86113b: no agents available; will retry on subsequent port and subnet creation events.
2026-08-24 21:51:46.366 7 INFO neutron_taas.services.taas.taas_plugin [None req-5302c426-e052-48aa-93fb-b5aa62830baa 66b5c85081074b708aef91fcbaacc247 eabaf4b3f91a434b8f3cf9793fb243a4 - - default default] TaaS: Handle Delete Port: 9d7fa825-e2d8-4e66-bdff-165b0e63d47b
2026-08-24 21:51:46.369 7 INFO neutron_taas.services.taas.tap_mirror_plugin [None req-5302c426-e052-48aa-93fb-b5aa62830baa 66b5c85081074b708aef91fcbaacc247 eabaf4b3f91a434b8f3cf9793fb243a4 - - default default] Tap Mirror: Handle Delete Port: 9d7fa825-e2d8-4e66-bdff-165b0e63d47b
2026-08-24 21:51:46.530 8 INFO neutron.db.ovn_revision_numbers_db [None req-51199f3d-50b8-4e83-99df-613c1fb5f2f1 - - - - - -] Successfully bumped revision number for resource 2bfd8b41-ae84-4c1e-92bc-58f684903e5a (type: ports) to 2
2026-08-24 21:51:46.574 8 INFO neutron.db.ovn_revision_numbers_db [None req-51199f3d-50b8-4e83-99df-613c1fb5f2f1 - - - - - -] Successfully bumped revision number for resource 495d25f1-f2b4-4971-a2cb-128452773044 (type: subnets) to 0 [pid: 8|app: 0|req: 557/1174] 10.0.0.78 () {34 vars in 668 bytes} [Mon Aug 24 21:51:45 2026] POST /v2.0/subnets => generated 626 bytes in 727 msecs (HTTP/1.1 201) 4 headers in 162 bytes (1 switches on core 0) [pid: 8|app: 0|req: 558/1175] 10.0.0.59 () {34 vars in 989 bytes} [Mon Aug 24 21:51:46 2026] GET /v2.0/ports?device_id=80a9b450-1c38-4793-9382-2ab9e98d8205 => generated 12 bytes in 21 msecs (HTTP/1.1 200) 4 headers in 156 bytes (1 switches on core 0)
2026-08-24 21:51:46.892 8 WARNING neutron.scheduler.dhcp_agent_scheduler [None req-7d3af0fc-a99e-4fdc-9f3b-91da806bd07c 58592f8a289f41d6ab9f72bd855af3ae aada8847fed9443db20e23fb2435ada1 - - default default] No more DHCP agents
2026-08-24 21:51:46.893 8 WARNING neutron.api.rpc.agentnotifiers.dhcp_rpc_agent_api [None req-7d3af0fc-a99e-4fdc-9f3b-91da806bd07c 58592f8a289f41d6ab9f72bd855af3ae aada8847fed9443db20e23fb2435ada1 - - default default] Unable to schedule network 02fbb8e3-92da-44f4-acac-9a981e86113b: no agents available; will retry on subsequent port and subnet creation events. [pid: 7|app: 0|req: 618/1176] 10.0.0.78 () {34 vars in 788 bytes} [Mon Aug 24 21:51:46 2026] PUT /v2.0/routers/0155907a-c15f-47e1-942d-1b307f82cb59/remove_router_interface => generated 309 bytes in 834 msecs (HTTP/1.1 200) 4 headers in 157 bytes (1 switches on core 0) /var/lib/openstack/lib/python3.12/site-packages/pycadf/identifier.py:70: UserWarning: Invalid uuid: neutron. To ensure interoperability, identifiers should be a valid uuid. warnings.warn(('Invalid uuid: %s. To ensure interoperability, '
2026-08-24 21:51:47.026 8 INFO neutron.plugins.ml2.drivers.ovn.mech_driver.mech_driver [None req-bcd7e513-f8d8-4e89-91b8-75a99a6f8e32 - - - - - -] OVN reports status down for port: e4fd7a7d-3489-4699-b80d-10f37e7da84a
2026-08-24 21:51:47.089 8 INFO neutron.db.ovn_revision_numbers_db [None req-7d3af0fc-a99e-4fdc-9f3b-91da806bd07c 58592f8a289f41d6ab9f72bd855af3ae aada8847fed9443db20e23fb2435ada1 - - default default] Successfully bumped revision number for resource e4fd7a7d-3489-4699-b80d-10f37e7da84a (type: ports) to 1 [pid: 8|app: 0|req: 559/1177] 10.0.0.78 () {34 vars in 664 bytes} [Mon Aug 24 21:51:46 2026] POST /v2.0/ports => generated 950 bytes in 531 msecs (HTTP/1.1 201) 4 headers in 162 bytes (1 switches on core 0) /var/lib/openstack/lib/python3.12/site-packages/pycadf/identifier.py:70: UserWarning: Invalid uuid: neutron. To ensure interoperability, identifiers should be a valid uuid. warnings.warn(('Invalid uuid: %s. To ensure interoperability, '
2026-08-24 21:51:47.283 8 INFO neutron_taas.services.taas.taas_plugin [None req-ee46e1e1-434b-4029-9396-4efbeebad41b 58592f8a289f41d6ab9f72bd855af3ae aada8847fed9443db20e23fb2435ada1 - - default default] TaaS: Handle Delete Port: e4fd7a7d-3489-4699-b80d-10f37e7da84a
2026-08-24 21:51:47.287 8 INFO neutron_taas.services.taas.tap_mirror_plugin [None req-ee46e1e1-434b-4029-9396-4efbeebad41b 58592f8a289f41d6ab9f72bd855af3ae aada8847fed9443db20e23fb2435ada1 - - default default] Tap Mirror: Handle Delete Port: e4fd7a7d-3489-4699-b80d-10f37e7da84a
2026-08-24 21:51:47.346 7 INFO neutron_taas.services.taas.taas_plugin [None req-4451b337-ea6d-4f23-a5f7-8c3c4e7be958 66b5c85081074b708aef91fcbaacc247 eabaf4b3f91a434b8f3cf9793fb243a4 - - default default] TaaS: Handle Delete Port: bb3b780a-cd3f-4fde-8676-8d1b4c978869
2026-08-24 21:51:47.349 7 INFO neutron_taas.services.taas.tap_mirror_plugin [None req-4451b337-ea6d-4f23-a5f7-8c3c4e7be958 66b5c85081074b708aef91fcbaacc247 eabaf4b3f91a434b8f3cf9793fb243a4 - - default default] Tap Mirror: Handle Delete Port: bb3b780a-cd3f-4fde-8676-8d1b4c978869 [pid: 8|app: 0|req: 560/1178] 10.0.0.78 () {32 vars in 719 bytes} [Mon Aug 24 21:51:47 2026] DELETE /v2.0/ports/e4fd7a7d-3489-4699-b80d-10f37e7da84a => generated 0 bytes in 309 msecs (HTTP/1.1 204) 3 headers in 131 bytes (1 switches on core 0)
2026-08-24 21:51:47.485 8 INFO neutron.pecan_wsgi.hooks.translation [None req-ab4ba1b6-b165-4f77-98c8-88715434186e 58592f8a289f41d6ab9f72bd855af3ae aada8847fed9443db20e23fb2435ada1 - - default default] DELETE failed (client error): The resource could not be found. [pid: 8|app: 0|req: 561/1179] 10.0.0.78 () {32 vars in 719 bytes} [Mon Aug 24 21:51:47 2026] DELETE /v2.0/ports/e4fd7a7d-3489-4699-b80d-10f37e7da84a => generated 132 bytes in 21 msecs (HTTP/1.1 404) 4 headers in 164 bytes (1 switches on core 0)
2026-08-24 21:51:47.508 8 INFO neutron.pecan_wsgi.hooks.translation [None req-6697fee1-fe71-4317-b779-50c0c561264a 58592f8a289f41d6ab9f72bd855af3ae aada8847fed9443db20e23fb2435ada1 - - default default] GET failed (client error): The resource could not be found. [pid: 8|app: 0|req: 562/1180] 10.0.0.78 () {32 vars in 716 bytes} [Mon Aug 24 21:51:47 2026] GET /v2.0/ports/e4fd7a7d-3489-4699-b80d-10f37e7da84a => generated 132 bytes in 18 msecs (HTTP/1.1 404) 4 headers in 164 bytes (1 switches on core 0) [pid: 8|app: 0|req: 563/1181] 10.0.0.78 () {32 vars in 723 bytes} [Mon Aug 24 21:51:47 2026] DELETE /v2.0/subnets/495d25f1-f2b4-4971-a2cb-128452773044 => generated 0 bytes in 161 msecs (HTTP/1.1 204) 3 headers in 131 bytes (1 switches on core 0) [pid: 8|app: 0|req: 564/1182] 10.0.0.59 () {34 vars in 989 bytes} [Mon Aug 24 21:51:47 2026] GET /v2.0/ports?device_id=80a9b450-1c38-4793-9382-2ab9e98d8205 => generated 12 bytes in 15 msecs (HTTP/1.1 200) 4 headers in 156 bytes (1 switches on core 0)
2026-08-24 21:51:47.800 8 INFO neutron_taas.services.taas.taas_plugin [None req-011003b4-cbe7-4643-bab6-5aa08bbfb677 58592f8a289f41d6ab9f72bd855af3ae aada8847fed9443db20e23fb2435ada1 - - default default] TaaS: Handle Delete Port: 2bfd8b41-ae84-4c1e-92bc-58f684903e5a
2026-08-24 21:51:47.803 8 INFO neutron_taas.services.taas.tap_mirror_plugin [None req-011003b4-cbe7-4643-bab6-5aa08bbfb677 58592f8a289f41d6ab9f72bd855af3ae aada8847fed9443db20e23fb2435ada1 - - default default] Tap Mirror: Handle Delete Port: 2bfd8b41-ae84-4c1e-92bc-58f684903e5a
2026-08-24 21:51:48.002 8 INFO neutron.services.segments.plugin [-] Segment afc1578e-ddf2-442a-b60f-82f7ab48304f resource provider aggregate not found
2026-08-24 21:51:48.005 8 INFO neutron.services.segments.plugin [-] Segment afc1578e-ddf2-442a-b60f-82f7ab48304f resource provider aggregate not found
2026-08-24 21:51:48.022 8 INFO neutron.services.segments.plugin [-] Client error retrieving segment afc1578e-ddf2-442a-b60f-82f7ab48304f resource provider; error: Placement Client Error (4xx): {"errors": [{"status": 404, "title": "Not Found", "detail": "The resource could not be found.\n\n No resource provider with uuid afc1578e-ddf2-442a-b60f-82f7ab48304f found for delete ", "request_id": "req-f0e6a6e5-3dc7-4bff-876f-7ab64f028769"}]}
2026-08-24 21:51:48.037 8 INFO neutron.services.segments.plugin [-] Client error retrieving segment afc1578e-ddf2-442a-b60f-82f7ab48304f resource provider; error: Placement Client Error (4xx): {"errors": [{"status": 404, "title": "Not Found", "detail": "The resource could not be found.\n\n No resource provider with uuid afc1578e-ddf2-442a-b60f-82f7ab48304f found for delete ", "request_id": "req-49a012e2-2a9b-49f3-b73c-61b07b33bd26"}]} [pid: 8|app: 0|req: 565/1183] 10.0.0.78 () {32 vars in 725 bytes} [Mon Aug 24 21:51:47 2026] DELETE /v2.0/networks/02fbb8e3-92da-44f4-acac-9a981e86113b => generated 0 bytes in 373 msecs (HTTP/1.1 204) 3 headers in 131 bytes (1 switches on core 0)
2026-08-24 21:51:48.172 8 INFO neutron.db.segments_db [None req-9f916e48-e90c-4cd6-a19d-a92cbb568ca0 58592f8a289f41d6ab9f72bd855af3ae aada8847fed9443db20e23fb2435ada1 - - default default] Added segment b2d98c2a-0f72-4388-bede-88f2a2ef12b8 of type geneve for network aa9f4caa-dab0-496c-9bd1-1662ef37fadd
2026-08-24 21:51:48.313 8 INFO neutron.db.ovn_revision_numbers_db [None req-9f916e48-e90c-4cd6-a19d-a92cbb568ca0 58592f8a289f41d6ab9f72bd855af3ae aada8847fed9443db20e23fb2435ada1 - - default default] Successfully bumped revision number for resource aa9f4caa-dab0-496c-9bd1-1662ef37fadd (type: networks) to 1 [pid: 7|app: 0|req: 619/1184] 10.0.0.78 () {32 vars in 723 bytes} [Mon Aug 24 21:51:46 2026] DELETE /v2.0/routers/0155907a-c15f-47e1-942d-1b307f82cb59 => generated 0 bytes in 1442 msecs (HTTP/1.1 204) 2 headers in 112 bytes (1 switches on core 0)
2026-08-24 21:51:48.493 8 WARNING neutron.scheduler.dhcp_agent_scheduler [None req-9f916e48-e90c-4cd6-a19d-a92cbb568ca0 58592f8a289f41d6ab9f72bd855af3ae aada8847fed9443db20e23fb2435ada1 - - default default] No more DHCP agents
2026-08-24 21:51:48.495 8 WARNING neutron.api.rpc.agentnotifiers.dhcp_rpc_agent_api [None req-9f916e48-e90c-4cd6-a19d-a92cbb568ca0 58592f8a289f41d6ab9f72bd855af3ae aada8847fed9443db20e23fb2435ada1 - - default default] Unable to schedule network aa9f4caa-dab0-496c-9bd1-1662ef37fadd: no agents available; will retry on subsequent port and subnet creation events.
2026-08-24 21:51:48.548 8 INFO neutron.plugins.ml2.drivers.ovn.mech_driver.mech_driver [None req-bcd7e513-f8d8-4e89-91b8-75a99a6f8e32 - - - - - -] OVN reports status down for port: 2535aea8-cae3-42cd-b01f-a4b16acabdb0 [pid: 7|app: 0|req: 620/1185] 10.0.0.78 () {32 vars in 723 bytes} [Mon Aug 24 21:51:48 2026] DELETE /v2.0/subnets/9a3aa7c2-af08-405e-b41f-09166f8708ab => generated 0 bytes in 179 msecs (HTTP/1.1 204) 3 headers in 131 bytes (1 switches on core 0)
2026-08-24 21:51:48.612 8 INFO neutron.db.ovn_revision_numbers_db [None req-9f916e48-e90c-4cd6-a19d-a92cbb568ca0 58592f8a289f41d6ab9f72bd855af3ae aada8847fed9443db20e23fb2435ada1 - - default default] Successfully bumped revision number for resource 2535aea8-cae3-42cd-b01f-a4b16acabdb0 (type: ports) to 1 [pid: 8|app: 0|req: 566/1186] 10.0.0.78 () {34 vars in 669 bytes} [Mon Aug 24 21:51:48 2026] POST /v2.0/networks => generated 631 bytes in 571 msecs (HTTP/1.1 201) 4 headers in 162 bytes (1 switches on core 0)
2026-08-24 21:51:48.678 7 INFO neutron_taas.services.taas.taas_plugin [None req-e029a52e-f8aa-48c1-9f9d-d2d15d98e7c2 66b5c85081074b708aef91fcbaacc247 eabaf4b3f91a434b8f3cf9793fb243a4 - - default default] TaaS: Handle Delete Port: b14d60d9-b93a-43ac-b66f-94ef4edd5c5c
2026-08-24 21:51:48.681 7 INFO neutron_taas.services.taas.tap_mirror_plugin [None req-e029a52e-f8aa-48c1-9f9d-d2d15d98e7c2 66b5c85081074b708aef91fcbaacc247 eabaf4b3f91a434b8f3cf9793fb243a4 - - default default] Tap Mirror: Handle Delete Port: b14d60d9-b93a-43ac-b66f-94ef4edd5c5c
2026-08-24 21:51:48.846 8 WARNING neutron.scheduler.dhcp_agent_scheduler [None req-bf1eb71c-b423-4852-badd-bee3c674261d 58592f8a289f41d6ab9f72bd855af3ae aada8847fed9443db20e23fb2435ada1 - - default default] No more DHCP agents
2026-08-24 21:51:48.849 8 WARNING neutron.api.rpc.agentnotifiers.dhcp_rpc_agent_api [None req-bf1eb71c-b423-4852-badd-bee3c674261d 58592f8a289f41d6ab9f72bd855af3ae aada8847fed9443db20e23fb2435ada1 - - default default] Unable to schedule network aa9f4caa-dab0-496c-9bd1-1662ef37fadd: no agents available; will retry on subsequent port and subnet creation events.
2026-08-24 21:51:48.882 7 INFO neutron.services.segments.plugin [-] Segment b1ba5f62-59c0-4ec8-9cf2-4eb046fbfd42 resource provider aggregate not found
2026-08-24 21:51:48.885 7 INFO neutron.services.segments.plugin [-] Segment b1ba5f62-59c0-4ec8-9cf2-4eb046fbfd42 resource provider aggregate not found
2026-08-24 21:51:48.903 7 INFO neutron.services.segments.plugin [-] Client error retrieving segment b1ba5f62-59c0-4ec8-9cf2-4eb046fbfd42 resource provider; error: Placement Client Error (4xx): {"errors": [{"status": 404, "title": "Not Found", "detail": "The resource could not be found.\n\n No resource provider with uuid b1ba5f62-59c0-4ec8-9cf2-4eb046fbfd42 found for delete ", "request_id": "req-90ade5da-4f4d-4f77-a3bb-3d8d065c5f96"}]}
2026-08-24 21:51:48.905 7 INFO neutron.services.segments.plugin [-] Client error retrieving segment b1ba5f62-59c0-4ec8-9cf2-4eb046fbfd42 resource provider; error: Placement Client Error (4xx): {"errors": [{"status": 404, "title": "Not Found", "detail": "The resource could not be found.\n\n No resource provider with uuid b1ba5f62-59c0-4ec8-9cf2-4eb046fbfd42 found for delete ", "request_id": "req-7d001d5b-aa19-4156-961c-8ae5223f0e51"}]} [pid: 7|app: 0|req: 621/1187] 10.0.0.78 () {32 vars in 725 bytes} [Mon Aug 24 21:51:48 2026] DELETE /v2.0/networks/f8925e42-bae9-41c9-b784-4ce0b22ed05a => generated 0 bytes in 373 msecs (HTTP/1.1 204) 3 headers in 131 bytes (1 switches on core 0) [pid: 7|app: 0|req: 622/1188] 10.0.0.59 () {34 vars in 989 bytes} [Mon Aug 24 21:51:48 2026] GET /v2.0/ports?device_id=80a9b450-1c38-4793-9382-2ab9e98d8205 => generated 12 bytes in 19 msecs (HTTP/1.1 200) 4 headers in 156 bytes (1 switches on core 0) [pid: 7|app: 0|req: 623/1189] 10.0.0.78 () {32 vars in 773 bytes} [Mon Aug 24 21:51:49 2026] GET /v2.0/security-groups?tenant_id=c76a3cb561ab4e3ab83b42df2ffc9707&name=default => generated 2925 bytes in 35 msecs (HTTP/1.1 200) 4 headers in 158 bytes (1 switches on core 0) [pid: 7|app: 0|req: 624/1190] 10.0.0.78 () {32 vars in 739 bytes} [Mon Aug 24 21:51:49 2026] DELETE /v2.0/security-groups/31e643cb-b1d1-49fc-b3d3-6ba915003fc6 => generated 0 bytes in 217 msecs (HTTP/1.1 204) 2 headers in 112 bytes (1 switches on core 0)
2026-08-24 21:51:49.380 8 INFO neutron.db.ovn_revision_numbers_db [None req-424bb514-456a-4270-bafc-f9bd57856eb1 - - - - - -] Successfully bumped revision number for resource 2535aea8-cae3-42cd-b01f-a4b16acabdb0 (type: ports) to 2
2026-08-24 21:51:49.414 8 INFO neutron.db.ovn_revision_numbers_db [None req-424bb514-456a-4270-bafc-f9bd57856eb1 - - - - - -] Successfully bumped revision number for resource d6f41489-ea44-43fe-8a00-38e84788d0f2 (type: subnets) to 0 [pid: 8|app: 0|req: 567/1191] 10.0.0.78 () {34 vars in 668 bytes} [Mon Aug 24 21:51:48 2026] POST /v2.0/subnets => generated 626 bytes in 781 msecs (HTTP/1.1 201) 4 headers in 162 bytes (1 switches on core 0)
2026-08-24 21:51:49.649 7 WARNING neutron.scheduler.dhcp_agent_scheduler [None req-49f9ac2a-ce33-4d91-afa5-02ef3d1178bb 58592f8a289f41d6ab9f72bd855af3ae aada8847fed9443db20e23fb2435ada1 - - default default] No more DHCP agents
2026-08-24 21:51:49.650 7 WARNING neutron.api.rpc.agentnotifiers.dhcp_rpc_agent_api [None req-49f9ac2a-ce33-4d91-afa5-02ef3d1178bb 58592f8a289f41d6ab9f72bd855af3ae aada8847fed9443db20e23fb2435ada1 - - default default] Unable to schedule network aa9f4caa-dab0-496c-9bd1-1662ef37fadd: no agents available; will retry on subsequent port and subnet creation events. [pid: 8|app: 0|req: 568/1192] 199.19.213.11 () {34 vars in 985 bytes} [Mon Aug 24 21:51:49 2026] GET /v2.0/networks?id=44c09b5f-d3bd-4f4d-bac3-07fb444ea045 => generated 675 bytes in 52 msecs (HTTP/1.1 200) 4 headers in 157 bytes (1 switches on core 0)
2026-08-24 21:51:49.759 7 INFO neutron.plugins.ml2.drivers.ovn.mech_driver.mech_driver [None req-5b29131e-aeb4-49df-9904-713464327740 - - - - - -] OVN reports status down for port: 99257608-6bf2-4ad3-817f-53093f9ddb6f [pid: 8|app: 0|req: 569/1193] 199.19.213.11 () {34 vars in 1049 bytes} [Mon Aug 24 21:51:49 2026] GET /v2.0/security-groups?fields=id&fields=name&tenant_id=929e80fba3a247368362538ddac3af73 => generated 181 bytes in 45 msecs (HTTP/1.1 200) 4 headers in 157 bytes (1 switches on core 0)
2026-08-24 21:51:49.830 7 INFO neutron.db.ovn_revision_numbers_db [None req-49f9ac2a-ce33-4d91-afa5-02ef3d1178bb 58592f8a289f41d6ab9f72bd855af3ae aada8847fed9443db20e23fb2435ada1 - - default default] Successfully bumped revision number for resource 99257608-6bf2-4ad3-817f-53093f9ddb6f (type: ports) to 1 [pid: 7|app: 0|req: 625/1194] 10.0.0.78 () {34 vars in 664 bytes} [Mon Aug 24 21:51:49 2026] POST /v2.0/ports => generated 915 bytes in 500 msecs (HTTP/1.1 201) 4 headers in 162 bytes (1 switches on core 0)
2026-08-24 21:51:50.158 8 WARNING neutron.scheduler.dhcp_agent_scheduler [req-a26597b5-619f-4bcb-abca-ef2ae4f1b777 req-15f22b46-ddb6-4e95-8c68-c06a6e8e538a 17d006d916a2415c972117f8747436b0 929e80fba3a247368362538ddac3af73 - - default default] No more DHCP agents
2026-08-24 21:51:50.160 8 WARNING neutron.api.rpc.agentnotifiers.dhcp_rpc_agent_api [req-a26597b5-619f-4bcb-abca-ef2ae4f1b777 req-15f22b46-ddb6-4e95-8c68-c06a6e8e538a 17d006d916a2415c972117f8747436b0 929e80fba3a247368362538ddac3af73 - - default default] Unable to schedule network 44c09b5f-d3bd-4f4d-bac3-07fb444ea045: no agents available; will retry on subsequent port and subnet creation events.
2026-08-24 21:51:50.293 8 INFO neutron.plugins.ml2.drivers.ovn.mech_driver.mech_driver [None req-bcd7e513-f8d8-4e89-91b8-75a99a6f8e32 - - - - - -] OVN reports status down for port: 7e860c58-c4c5-424c-94c6-dda398025af3
2026-08-24 21:51:50.360 8 INFO neutron.db.ovn_revision_numbers_db [req-a26597b5-619f-4bcb-abca-ef2ae4f1b777 req-15f22b46-ddb6-4e95-8c68-c06a6e8e538a 17d006d916a2415c972117f8747436b0 929e80fba3a247368362538ddac3af73 - - default default] Successfully bumped revision number for resource 7e860c58-c4c5-424c-94c6-dda398025af3 (type: ports) to 1 [pid: 8|app: 0|req: 570/1195] 199.19.213.11 () {38 vars in 954 bytes} [Mon Aug 24 21:51:49 2026] POST /v2.0/ports => generated 954 bytes in 699 msecs (HTTP/1.1 201) 4 headers in 162 bytes (1 switches on core 0) /var/lib/openstack/lib/python3.12/site-packages/pycadf/identifier.py:70: UserWarning: Invalid uuid: neutron. To ensure interoperability, identifiers should be a valid uuid. warnings.warn(('Invalid uuid: %s. To ensure interoperability, ' [pid: 8|app: 0|req: 571/1196] 10.0.0.59 () {34 vars in 989 bytes} [Mon Aug 24 21:51:50 2026] GET /v2.0/ports?device_id=80a9b450-1c38-4793-9382-2ab9e98d8205 => generated 957 bytes in 35 msecs (HTTP/1.1 200) 4 headers in 157 bytes (1 switches on core 0)
2026-08-24 21:51:50.573 7 INFO neutron_taas.services.taas.taas_plugin [None req-081eee17-44ed-492c-889f-3b49db82d895 58592f8a289f41d6ab9f72bd855af3ae aada8847fed9443db20e23fb2435ada1 - - default default] TaaS: Handle Delete Port: 99257608-6bf2-4ad3-817f-53093f9ddb6f
2026-08-24 21:51:50.576 7 INFO neutron_taas.services.taas.tap_mirror_plugin [None req-081eee17-44ed-492c-889f-3b49db82d895 58592f8a289f41d6ab9f72bd855af3ae aada8847fed9443db20e23fb2435ada1 - - default default] Tap Mirror: Handle Delete Port: 99257608-6bf2-4ad3-817f-53093f9ddb6f [pid: 7|app: 0|req: 626/1197] 10.0.0.78 () {32 vars in 719 bytes} [Mon Aug 24 21:51:49 2026] DELETE /v2.0/ports/99257608-6bf2-4ad3-817f-53093f9ddb6f => generated 0 bytes in 807 msecs (HTTP/1.1 204) 3 headers in 131 bytes (1 switches on core 0) [pid: 7|app: 0|req: 627/1198] 10.0.0.59 () {34 vars in 1039 bytes} [Mon Aug 24 21:51:50 2026] GET /v2.0/security-groups?id=d3a5cd81-82a8-4b0a-8044-65089af273ff&fields=id&fields=name => generated 114 bytes in 33 msecs (HTTP/1.1 200) 4 headers in 157 bytes (1 switches on core 0)
2026-08-24 21:51:50.799 7 INFO neutron.pecan_wsgi.hooks.translation [None req-21b59e03-2c1f-4fd1-821c-56fca980f710 58592f8a289f41d6ab9f72bd855af3ae aada8847fed9443db20e23fb2435ada1 - - default default] GET failed (client error): The resource could not be found. [pid: 7|app: 0|req: 628/1199] 10.0.0.78 () {32 vars in 716 bytes} [Mon Aug 24 21:51:50 2026] GET /v2.0/ports/99257608-6bf2-4ad3-817f-53093f9ddb6f => generated 132 bytes in 17 msecs (HTTP/1.1 404) 4 headers in 164 bytes (1 switches on core 0)
2026-08-24 21:51:50.859 8 INFO neutron.db.ovn_revision_numbers_db [req-a26597b5-619f-4bcb-abca-ef2ae4f1b777 req-ec0d4b87-bfe5-4052-b4e1-9734094288a2 e127271aa1ff4f32a9e005fae2df9bc2 0c97895a4b694df68690cdeb51dbc917 - - cab01ea73e4d495991e6e34aef23fc5b cab01ea73e4d495991e6e34aef23fc5b] Successfully bumped revision number for resource 7e860c58-c4c5-424c-94c6-dda398025af3 (type: ports) to 2 [pid: 7|app: 0|req: 629/1200] 10.0.0.78 () {32 vars in 723 bytes} [Mon Aug 24 21:51:50 2026] DELETE /v2.0/subnets/d6f41489-ea44-43fe-8a00-38e84788d0f2 => generated 0 bytes in 152 msecs (HTTP/1.1 204) 3 headers in 131 bytes (1 switches on core 0)
2026-08-24 21:51:51.121 8 INFO neutron.db.ovn_revision_numbers_db [req-a26597b5-619f-4bcb-abca-ef2ae4f1b777 req-ec0d4b87-bfe5-4052-b4e1-9734094288a2 e127271aa1ff4f32a9e005fae2df9bc2 0c97895a4b694df68690cdeb51dbc917 - - cab01ea73e4d495991e6e34aef23fc5b cab01ea73e4d495991e6e34aef23fc5b] Successfully bumped revision number for resource 7e860c58-c4c5-424c-94c6-dda398025af3 (type: ports) to 4
2026-08-24 21:51:51.131 7 INFO neutron_taas.services.taas.taas_plugin [None req-03bef0fd-3483-4636-a0be-3ab5cd88419d 58592f8a289f41d6ab9f72bd855af3ae aada8847fed9443db20e23fb2435ada1 - - default default] TaaS: Handle Delete Port: 2535aea8-cae3-42cd-b01f-a4b16acabdb0
2026-08-24 21:51:51.133 7 INFO neutron_taas.services.taas.tap_mirror_plugin [None req-03bef0fd-3483-4636-a0be-3ab5cd88419d 58592f8a289f41d6ab9f72bd855af3ae aada8847fed9443db20e23fb2435ada1 - - default default] Tap Mirror: Handle Delete Port: 2535aea8-cae3-42cd-b01f-a4b16acabdb0 [pid: 8|app: 0|req: 572/1201] 199.19.213.11 () {38 vars in 1027 bytes} [Mon Aug 24 21:51:50 2026] PUT /v2.0/ports/7e860c58-c4c5-424c-94c6-dda398025af3 => generated 1204 bytes in 640 msecs (HTTP/1.1 200) 4 headers in 158 bytes (1 switches on core 0)
2026-08-24 21:51:51.171 8 INFO neutron.notifiers.nova [-] Nova event matching ['req-ffdf3d6b-b44d-4517-94a2-86a8fa82031f'] response: {'name': 'network-changed', 'server_uuid': '80a9b450-1c38-4793-9382-2ab9e98d8205', 'tag': '7e860c58-c4c5-424c-94c6-dda398025af3', 'status': 'completed', 'code': 200}
2026-08-24 21:51:51.310 7 INFO neutron.services.segments.plugin [-] Segment b2d98c2a-0f72-4388-bede-88f2a2ef12b8 resource provider aggregate not found
2026-08-24 21:51:51.316 7 INFO neutron.services.segments.plugin [-] Segment b2d98c2a-0f72-4388-bede-88f2a2ef12b8 resource provider aggregate not found
2026-08-24 21:51:51.332 7 INFO neutron.services.segments.plugin [-] Client error retrieving segment b2d98c2a-0f72-4388-bede-88f2a2ef12b8 resource provider; error: Placement Client Error (4xx): {"errors": [{"status": 404, "title": "Not Found", "detail": "The resource could not be found.\n\n No resource provider with uuid b2d98c2a-0f72-4388-bede-88f2a2ef12b8 found for delete ", "request_id": "req-e06ce3a0-ca4c-435e-8fff-b06131a148a8"}]}
2026-08-24 21:51:51.332 7 INFO neutron.services.segments.plugin [-] Client error retrieving segment b2d98c2a-0f72-4388-bede-88f2a2ef12b8 resource provider; error: Placement Client Error (4xx): {"errors": [{"status": 404, "title": "Not Found", "detail": "The resource could not be found.\n\n No resource provider with uuid b2d98c2a-0f72-4388-bede-88f2a2ef12b8 found for delete ", "request_id": "req-5a214d43-c880-410c-bbee-455ca94bec1f"}]} [pid: 7|app: 0|req: 630/1202] 10.0.0.78 () {32 vars in 725 bytes} [Mon Aug 24 21:51:50 2026] DELETE /v2.0/networks/aa9f4caa-dab0-496c-9bd1-1662ef37fadd => generated 0 bytes in 404 msecs (HTTP/1.1 204) 3 headers in 131 bytes (1 switches on core 0) /var/lib/openstack/lib/python3.12/site-packages/pycadf/identifier.py:70: UserWarning: Invalid uuid: neutron. To ensure interoperability, identifiers should be a valid uuid. warnings.warn(('Invalid uuid: %s. To ensure interoperability, '
2026-08-24 21:51:51.666 8 WARNING neutron.scheduler.dhcp_agent_scheduler [None req-14d52861-3c1e-45cc-8d04-77385c94d072 58592f8a289f41d6ab9f72bd855af3ae aada8847fed9443db20e23fb2435ada1 - - default default] No more DHCP agents
2026-08-24 21:51:51.669 8 WARNING neutron.api.rpc.agentnotifiers.dhcp_rpc_agent_api [None req-14d52861-3c1e-45cc-8d04-77385c94d072 58592f8a289f41d6ab9f72bd855af3ae aada8847fed9443db20e23fb2435ada1 - - default default] Unable to schedule network 3ed3da61-292a-40cd-a5c9-f30ffbd04a28: no agents available; will retry on subsequent port and subnet creation events.
2026-08-24 21:51:51.749 8 INFO neutron.plugins.ml2.drivers.ovn.mech_driver.mech_driver [None req-bcd7e513-f8d8-4e89-91b8-75a99a6f8e32 - - - - - -] OVN reports status down for port: a2bef103-ecd6-4cad-b6d1-383187054fe7 [pid: 7|app: 0|req: 631/1203] 199.19.213.11 () {34 vars in 1079 bytes} [Mon Aug 24 21:51:51 2026] GET /v2.0/ports?tenant_id=929e80fba3a247368362538ddac3af73&device_id=80a9b450-1c38-4793-9382-2ab9e98d8205 => generated 1207 bytes in 77 msecs (HTTP/1.1 200) 4 headers in 158 bytes (1 switches on core 0)
2026-08-24 21:51:51.820 8 INFO neutron.db.ovn_revision_numbers_db [None req-14d52861-3c1e-45cc-8d04-77385c94d072 58592f8a289f41d6ab9f72bd855af3ae aada8847fed9443db20e23fb2435ada1 - - default default] Successfully bumped revision number for resource a2bef103-ecd6-4cad-b6d1-383187054fe7 (type: ports) to 1 [pid: 7|app: 0|req: 632/1204] 199.19.213.11 () {34 vars in 1017 bytes} [Mon Aug 24 21:51:51 2026] GET /v2.0/networks?tenant_id=929e80fba3a247368362538ddac3af73&shared=False => generated 774 bytes in 50 msecs (HTTP/1.1 200) 4 headers in 157 bytes (1 switches on core 0) [pid: 7|app: 0|req: 633/1205] 199.19.213.11 () {34 vars in 929 bytes} [Mon Aug 24 21:51:51 2026] GET /v2.0/networks?shared=True => generated 753 bytes in 37 msecs (HTTP/1.1 200) 4 headers in 157 bytes (1 switches on core 0) [pid: 8|app: 0|req: 573/1206] 10.0.0.78 () {34 vars in 664 bytes} [Mon Aug 24 21:51:51 2026] POST /v2.0/ports => generated 775 bytes in 528 msecs (HTTP/1.1 201) 4 headers in 162 bytes (1 switches on core 0) /var/lib/openstack/lib/python3.12/site-packages/pycadf/identifier.py:70: UserWarning: Invalid uuid: neutron. To ensure interoperability, identifiers should be a valid uuid. warnings.warn(('Invalid uuid: %s. To ensure interoperability, ' [pid: 7|app: 0|req: 634/1207] 10.0.0.59 () {34 vars in 989 bytes} [Mon Aug 24 21:51:51 2026] GET /v2.0/ports?device_id=80a9b450-1c38-4793-9382-2ab9e98d8205 => generated 969 bytes in 68 msecs (HTTP/1.1 200) 4 headers in 157 bytes (1 switches on core 0) [pid: 7|app: 0|req: 635/1208] 10.0.0.59 () {34 vars in 1039 bytes} [Mon Aug 24 21:51:51 2026] GET /v2.0/security-groups?id=d3a5cd81-82a8-4b0a-8044-65089af273ff&fields=id&fields=name => generated 114 bytes in 41 msecs (HTTP/1.1 200) 4 headers in 157 bytes (1 switches on core 0)
2026-08-24 21:51:52.151 8 INFO neutron.plugins.ml2.drivers.ovn.mech_driver.mech_driver [None req-bcd7e513-f8d8-4e89-91b8-75a99a6f8e32 - - - - - -] OVN reports status down for port: a2bef103-ecd6-4cad-b6d1-383187054fe7
2026-08-24 21:51:52.201 8 INFO neutron.db.ovn_revision_numbers_db [None req-62250cc1-d3e7-48cc-a952-1da3a7e2dccf 58592f8a289f41d6ab9f72bd855af3ae aada8847fed9443db20e23fb2435ada1 - - default default] Successfully bumped revision number for resource a2bef103-ecd6-4cad-b6d1-383187054fe7 (type: ports) to 2 [pid: 8|app: 0|req: 574/1209] 10.0.0.78 () {34 vars in 736 bytes} [Mon Aug 24 21:51:51 2026] PUT /v2.0/ports/a2bef103-ecd6-4cad-b6d1-383187054fe7 => generated 752 bytes in 325 msecs (HTTP/1.1 200) 4 headers in 157 bytes (1 switches on core 0)
2026-08-24 21:51:52.369 7 INFO neutron_taas.services.taas.taas_plugin [None req-2f90a848-85c0-4503-ac1a-905f27b698b5 58592f8a289f41d6ab9f72bd855af3ae aada8847fed9443db20e23fb2435ada1 - - default default] TaaS: Handle Delete Port: a2bef103-ecd6-4cad-b6d1-383187054fe7
