2026-08-24 21:51:07.964 7 INFO neutron.db.segments_db [None req-610e8a6b-e67d-449d-8a17-ab42a22f3afa 2986f5111e314d199f0b8b5b4b423075 9243a23deca44f31b454460d2cc52b5e - - default default] Added segment bb6392f0-af01-405e-b86a-bf775b4f3eaf of type geneve for network afef6e1f-271c-408f-bef5-6c43f4c33a58 [pid: 8|app: 0|req: 443/899] 10.0.0.59 () {34 vars in 1039 bytes} [Mon Aug 24 21:51:07 2026] GET /v2.0/security-groups?id=ba8ea996-6081-49e0-aeeb-99b252f1ef91&fields=id&fields=name => generated 113 bytes in 41 msecs (HTTP/1.1 200) 4 headers in 157 bytes (1 switches on core 0)
2026-08-24 21:51:08.017 8 INFO neutron.db.ovn_revision_numbers_db [None req-4425284f-af14-4015-bb11-9a2e5f1af0a8 - - - - - -] Successfully bumped revision number for resource 57c6e7db-f118-48b0-a6a2-159a785293af (type: ports) to 6
2026-08-24 21:51:08.093 8 INFO neutron.plugins.ml2.drivers.ovn.mech_driver.mech_driver [None req-2bd6e0a9-8fd1-4d2d-8b6d-784242b146bd - - - - - -] OVN reports status down for port: 486d07e1-4c61-4a4a-8dc1-9236278a738a
2026-08-24 21:51:08.144 7 INFO neutron.db.ovn_revision_numbers_db [None req-610e8a6b-e67d-449d-8a17-ab42a22f3afa 2986f5111e314d199f0b8b5b4b423075 9243a23deca44f31b454460d2cc52b5e - - default default] Successfully bumped revision number for resource afef6e1f-271c-408f-bef5-6c43f4c33a58 (type: networks) to 1
2026-08-24 21:51:08.364 8 INFO neutron.notifiers.nova [-] Nova event matching ['req-cb136306-befb-442c-afc7-3946fa17e1b0'] response: {'server_uuid': 'ceebf18c-0309-482b-b9dd-a30cdc1e521e', 'name': 'network-vif-unplugged', 'status': 'completed', 'tag': '57c6e7db-f118-48b0-a6a2-159a785293af', 'code': 200}
2026-08-24 21:51:08.364 8 INFO neutron.notifiers.nova [-] Nova event matching ['req-cb136306-befb-442c-afc7-3946fa17e1b0'] response: {'server_uuid': 'ceebf18c-0309-482b-b9dd-a30cdc1e521e', 'name': 'network-vif-unplugged', 'status': 'completed', 'tag': '57c6e7db-f118-48b0-a6a2-159a785293af', 'code': 200}
2026-08-24 21:51:08.368 7 WARNING neutron.scheduler.dhcp_agent_scheduler [None req-610e8a6b-e67d-449d-8a17-ab42a22f3afa 2986f5111e314d199f0b8b5b4b423075 9243a23deca44f31b454460d2cc52b5e - - default default] No more DHCP agents
2026-08-24 21:51:08.370 7 WARNING neutron.api.rpc.agentnotifiers.dhcp_rpc_agent_api [None req-610e8a6b-e67d-449d-8a17-ab42a22f3afa 2986f5111e314d199f0b8b5b4b423075 9243a23deca44f31b454460d2cc52b5e - - default default] Unable to schedule network afef6e1f-271c-408f-bef5-6c43f4c33a58: no agents available; will retry on subsequent port and subnet creation events.
2026-08-24 21:51:08.417 7 INFO neutron.plugins.ml2.drivers.ovn.mech_driver.mech_driver [None req-c278e9ac-872c-4923-8a1b-7485aa2b0b8a - - - - - -] OVN reports status down for port: 9618bda7-48ae-48cc-a5d1-3e6b9bc9b936
2026-08-24 21:51:08.475 7 INFO neutron.db.ovn_revision_numbers_db [None req-610e8a6b-e67d-449d-8a17-ab42a22f3afa 2986f5111e314d199f0b8b5b4b423075 9243a23deca44f31b454460d2cc52b5e - - default default] Successfully bumped revision number for resource 9618bda7-48ae-48cc-a5d1-3e6b9bc9b936 (type: ports) to 1 /var/lib/openstack/lib/python3.12/site-packages/pycadf/identifier.py:70: UserWarning: Invalid uuid: neutron. To ensure interoperability, identifiers should be a valid uuid. warnings.warn(('Invalid uuid: %s. To ensure interoperability, ' [pid: 7|app: 0|req: 457/900] 10.0.0.78 () {34 vars in 669 bytes} [Mon Aug 24 21:51:07 2026] POST /v2.0/networks => generated 636 bytes in 650 msecs (HTTP/1.1 201) 4 headers in 162 bytes (1 switches on core 0) [pid: 8|app: 0|req: 444/901] 10.0.0.78 () {32 vars in 739 bytes} [Mon Aug 24 21:51:08 2026] DELETE /v2.0/security-groups/f17430c0-5c08-4503-871c-24436515eac1 => generated 0 bytes in 152 msecs (HTTP/1.1 204) 2 headers in 112 bytes (1 switches on core 0)
2026-08-24 21:51:08.651 8 INFO neutron.api.v2.resource [None req-4cd90a7e-654a-43eb-a264-2a7b9aacf610 36a8f9ca43b44335a3f31e1af7a68116 41f349f423304adcb7b00d4d1254c004 - - default default] show failed (client error): The resource could not be found. [pid: 8|app: 0|req: 445/902] 10.0.0.78 () {32 vars in 736 bytes} [Mon Aug 24 21:51:08 2026] GET /v2.0/security-groups/f17430c0-5c08-4503-871c-24436515eac1 => generated 146 bytes in 11 msecs (HTTP/1.1 404) 4 headers in 164 bytes (1 switches on core 0)
2026-08-24 21:51:08.756 7 WARNING neutron.scheduler.dhcp_agent_scheduler [None req-529afec5-2719-4dc1-a341-fc43e00ef886 2986f5111e314d199f0b8b5b4b423075 9243a23deca44f31b454460d2cc52b5e - - default default] No more DHCP agents
2026-08-24 21:51:08.758 7 WARNING neutron.api.rpc.agentnotifiers.dhcp_rpc_agent_api [None req-529afec5-2719-4dc1-a341-fc43e00ef886 2986f5111e314d199f0b8b5b4b423075 9243a23deca44f31b454460d2cc52b5e - - default default] Unable to schedule network afef6e1f-271c-408f-bef5-6c43f4c33a58: no agents available; will retry on subsequent port and subnet creation events.
2026-08-24 21:51:08.787 7 INFO neutron.db.ovn_revision_numbers_db [None req-529afec5-2719-4dc1-a341-fc43e00ef886 2986f5111e314d199f0b8b5b4b423075 9243a23deca44f31b454460d2cc52b5e - - default default] Successfully bumped revision number for resource 9e8a6f8a-3737-459b-b4cb-9a78c9f85a7a (type: subnets) to 0 [pid: 7|app: 0|req: 458/903] 10.0.0.78 () {34 vars in 668 bytes} [Mon Aug 24 21:51:08 2026] POST /v2.0/subnets => generated 646 bytes in 276 msecs (HTTP/1.1 201) 4 headers in 162 bytes (1 switches on core 0)
2026-08-24 21:51:08.816 8 INFO neutron_taas.services.taas.taas_plugin [None req-970a7854-9b60-4f87-894f-ddce4784a50c 36a8f9ca43b44335a3f31e1af7a68116 41f349f423304adcb7b00d4d1254c004 - - default default] TaaS: Handle Delete Port: 933b3429-8a7d-4cf7-b567-b00aba2e67a4
2026-08-24 21:51:08.819 8 INFO neutron_taas.services.taas.tap_mirror_plugin [None req-970a7854-9b60-4f87-894f-ddce4784a50c 36a8f9ca43b44335a3f31e1af7a68116 41f349f423304adcb7b00d4d1254c004 - - default default] Tap Mirror: Handle Delete Port: 933b3429-8a7d-4cf7-b567-b00aba2e67a4 [pid: 8|app: 0|req: 446/904] 10.0.0.78 () {32 vars in 731 bytes} [Mon Aug 24 21:51:08 2026] DELETE /v2.0/floatingips/71026c87-7284-41ef-afa8-c2880796b34f => generated 0 bytes in 331 msecs (HTTP/1.1 204) 2 headers in 112 bytes (1 switches on core 0) [pid: 8|app: 0|req: 447/905] 199.19.213.11 () {34 vars in 993 bytes} [Mon Aug 24 21:51:08 2026] GET /v2.0/ports?device_id=ceebf18c-0309-482b-b9dd-a30cdc1e521e => generated 973 bytes in 63 msecs (HTTP/1.1 200) 4 headers in 157 bytes (1 switches on core 0)
2026-08-24 21:51:09.143 7 WARNING neutron.scheduler.dhcp_agent_scheduler [None req-d2df4de6-4f2f-4bb7-a536-52f54a900bfe 2986f5111e314d199f0b8b5b4b423075 9243a23deca44f31b454460d2cc52b5e - - default default] No more DHCP agents
2026-08-24 21:51:09.145 7 WARNING neutron.api.rpc.agentnotifiers.dhcp_rpc_agent_api [None req-d2df4de6-4f2f-4bb7-a536-52f54a900bfe 2986f5111e314d199f0b8b5b4b423075 9243a23deca44f31b454460d2cc52b5e - - default default] Unable to schedule network afef6e1f-271c-408f-bef5-6c43f4c33a58: no agents available; will retry on subsequent port and subnet creation events. [pid: 8|app: 0|req: 448/906] 10.0.0.2 () {34 vars in 988 bytes} [Mon Aug 24 21:51:09 2026] GET /v2.0/ports?device_id=23b977be-a2c1-40ad-ab01-0f1ed84f0c33 => generated 1213 bytes in 117 msecs (HTTP/1.1 200) 4 headers in 158 bytes (1 switches on core 0)
2026-08-24 21:51:09.232 7 INFO neutron.plugins.ml2.drivers.ovn.mech_driver.mech_driver [None req-c278e9ac-872c-4923-8a1b-7485aa2b0b8a - - - - - -] OVN reports status down for port: 8272c9bc-f026-48a7-905c-471d0075c2c3
2026-08-24 21:51:09.290 7 INFO neutron.db.ovn_revision_numbers_db [None req-d2df4de6-4f2f-4bb7-a536-52f54a900bfe 2986f5111e314d199f0b8b5b4b423075 9243a23deca44f31b454460d2cc52b5e - - default default] Successfully bumped revision number for resource 8272c9bc-f026-48a7-905c-471d0075c2c3 (type: ports) to 1 [pid: 7|app: 0|req: 459/907] 10.0.0.78 () {34 vars in 664 bytes} [Mon Aug 24 21:51:08 2026] POST /v2.0/ports => generated 962 bytes in 526 msecs (HTTP/1.1 201) 4 headers in 162 bytes (1 switches on core 0) /var/lib/openstack/lib/python3.12/site-packages/pycadf/identifier.py:70: UserWarning: Invalid uuid: neutron. To ensure interoperability, identifiers should be a valid uuid. warnings.warn(('Invalid uuid: %s. To ensure interoperability, ' [pid: 7|app: 0|req: 460/908] 10.0.0.59 () {34 vars in 989 bytes} [Mon Aug 24 21:51:09 2026] GET /v2.0/ports?device_id=ceebf18c-0309-482b-b9dd-a30cdc1e521e => generated 973 bytes in 42 msecs (HTTP/1.1 200) 4 headers in 157 bytes (1 switches on core 0)
2026-08-24 21:51:09.518 7 INFO neutron_taas.services.taas.taas_plugin [req-ed01c68e-f331-44c1-963d-79a877cf83f9 req-a00fa8b9-3341-4a8e-920d-f71653b998ca 12a08a8c22c0493d8188e62b2e77963f f62500aa81f84a5db08e86fb19d65eb4 - - default default] TaaS: Handle Delete Port: 57c6e7db-f118-48b0-a6a2-159a785293af
2026-08-24 21:51:09.522 7 INFO neutron_taas.services.taas.tap_mirror_plugin [req-ed01c68e-f331-44c1-963d-79a877cf83f9 req-a00fa8b9-3341-4a8e-920d-f71653b998ca 12a08a8c22c0493d8188e62b2e77963f f62500aa81f84a5db08e86fb19d65eb4 - - default default] Tap Mirror: Handle Delete Port: 57c6e7db-f118-48b0-a6a2-159a785293af
2026-08-24 21:51:09.716 7 INFO neutron.db.l3_db [req-ed01c68e-f331-44c1-963d-79a877cf83f9 req-a00fa8b9-3341-4a8e-920d-f71653b998ca 12a08a8c22c0493d8188e62b2e77963f f62500aa81f84a5db08e86fb19d65eb4 - - default default] Floating IP 622602e9-5a67-4172-9657-97d37907fcca disassociated. External IP: 10.96.250.207, port: 57c6e7db-f118-48b0-a6a2-159a785293af. [pid: 7|app: 0|req: 461/909] 199.19.213.11 () {36 vars in 996 bytes} [Mon Aug 24 21:51:09 2026] DELETE /v2.0/ports/57c6e7db-f118-48b0-a6a2-159a785293af => generated 0 bytes in 466 msecs (HTTP/1.1 204) 3 headers in 131 bytes (1 switches on core 0)
2026-08-24 21:51:09.860 8 INFO neutron_taas.services.taas.taas_plugin [None req-33b26d36-6cd6-4ff5-9603-6c354d1498f4 66b5c85081074b708aef91fcbaacc247 eabaf4b3f91a434b8f3cf9793fb243a4 - - default default] TaaS: Handle Delete Port: f79fc738-cc1a-4aba-8622-f7dab7531428 /var/lib/openstack/lib/python3.12/site-packages/pycadf/identifier.py:70: UserWarning: Invalid uuid: neutron. To ensure interoperability, identifiers should be a valid uuid. warnings.warn(('Invalid uuid: %s. To ensure interoperability, '
2026-08-24 21:51:09.863 8 INFO neutron_taas.services.taas.tap_mirror_plugin [None req-33b26d36-6cd6-4ff5-9603-6c354d1498f4 66b5c85081074b708aef91fcbaacc247 eabaf4b3f91a434b8f3cf9793fb243a4 - - default default] Tap Mirror: Handle Delete Port: f79fc738-cc1a-4aba-8622-f7dab7531428 [pid: 7|app: 0|req: 462/910] 10.0.0.2 () {34 vars in 1038 bytes} [Mon Aug 24 21:51:09 2026] GET /v2.0/security-groups?id=28fba2e4-7e08-46fd-9662-65a628043204&fields=id&fields=name => generated 114 bytes in 41 msecs (HTTP/1.1 200) 4 headers in 157 bytes (1 switches on core 0)
2026-08-24 21:51:09.892 7 INFO neutron.notifiers.nova [-] Nova event matching ['req-bcde833a-377b-4773-baab-65eb314c11aa'] response: {'server_uuid': 'ceebf18c-0309-482b-b9dd-a30cdc1e521e', 'name': 'network-vif-deleted', 'tag': '57c6e7db-f118-48b0-a6a2-159a785293af', 'status': 'completed', 'code': 200}
2026-08-24 21:51:10.058 7 INFO neutron_taas.services.taas.taas_plugin [None req-50bb33b7-2790-401b-af54-5284fe1ac509 2986f5111e314d199f0b8b5b4b423075 9243a23deca44f31b454460d2cc52b5e - - default default] TaaS: Handle Delete Port: 8272c9bc-f026-48a7-905c-471d0075c2c3
2026-08-24 21:51:10.061 7 INFO neutron_taas.services.taas.tap_mirror_plugin [None req-50bb33b7-2790-401b-af54-5284fe1ac509 2986f5111e314d199f0b8b5b4b423075 9243a23deca44f31b454460d2cc52b5e - - default default] Tap Mirror: Handle Delete Port: 8272c9bc-f026-48a7-905c-471d0075c2c3 [pid: 7|app: 0|req: 463/911] 10.0.0.78 () {32 vars in 719 bytes} [Mon Aug 24 21:51:09 2026] DELETE /v2.0/ports/8272c9bc-f026-48a7-905c-471d0075c2c3 => generated 0 bytes in 316 msecs (HTTP/1.1 204) 3 headers in 131 bytes (1 switches on core 0) [pid: 7|app: 0|req: 464/912] 10.0.0.59 () {34 vars in 1039 bytes} [Mon Aug 24 21:51:10 2026] GET /v2.0/security-groups?id=ba8ea996-6081-49e0-aeeb-99b252f1ef91&fields=id&fields=name => generated 113 bytes in 27 msecs (HTTP/1.1 200) 4 headers in 157 bytes (1 switches on core 0)
2026-08-24 21:51:10.251 7 INFO neutron.pecan_wsgi.hooks.translation [None req-aa9759dc-624f-4efd-98bd-4d63c666ca99 2986f5111e314d199f0b8b5b4b423075 9243a23deca44f31b454460d2cc52b5e - - default default] DELETE failed (client error): The resource could not be found. [pid: 7|app: 0|req: 467/915] 10.0.0.78 () {32 vars in 719 bytes} [Mon Aug 24 21:51:10 2026] DELETE /v2.0/ports/8272c9bc-f026-48a7-905c-471d0075c2c3 => generated 132 bytes in 15 msecs (HTTP/1.1 404) 4 headers in 164 bytes (1 switches on core 0)
2026-08-24 21:51:10.273 7 INFO neutron.pecan_wsgi.hooks.translation [None req-720eee1a-f200-4246-a6b2-9cc8f1d82ad4 2986f5111e314d199f0b8b5b4b423075 9243a23deca44f31b454460d2cc52b5e - - default default] GET failed (client error): The resource could not be found. [pid: 7|app: 0|req: 468/916] 10.0.0.78 () {32 vars in 716 bytes} [Mon Aug 24 21:51:10 2026] GET /v2.0/ports/8272c9bc-f026-48a7-905c-471d0075c2c3 => generated 132 bytes in 15 msecs (HTTP/1.1 404) 4 headers in 164 bytes (1 switches on core 0) [pid: 7|app: 0|req: 469/917] 10.0.0.78 () {32 vars in 723 bytes} [Mon Aug 24 21:51:10 2026] DELETE /v2.0/subnets/9e8a6f8a-3737-459b-b4cb-9a78c9f85a7a => generated 0 bytes in 100 msecs (HTTP/1.1 204) 3 headers in 131 bytes (1 switches on core 0) [pid: 8|app: 0|req: 449/918] 10.0.0.78 () {34 vars in 788 bytes} [Mon Aug 24 21:51:09 2026] PUT /v2.0/routers/bd47e7f0-c721-47fa-b081-9fcc3ed37beb/remove_router_interface => generated 309 bytes in 1317 msecs (HTTP/1.1 200) 4 headers in 157 bytes (1 switches on core 0) /var/lib/openstack/lib/python3.12/site-packages/pycadf/identifier.py:70: UserWarning: Invalid uuid: neutron. To ensure interoperability, identifiers should be a valid uuid. warnings.warn(('Invalid uuid: %s. To ensure interoperability, '
2026-08-24 21:51:10.505 7 INFO neutron_taas.services.taas.taas_plugin [None req-7a00b503-9aa2-4334-8af6-d45e009a4a52 2986f5111e314d199f0b8b5b4b423075 9243a23deca44f31b454460d2cc52b5e - - default default] TaaS: Handle Delete Port: 9618bda7-48ae-48cc-a5d1-3e6b9bc9b936
2026-08-24 21:51:10.507 7 INFO neutron_taas.services.taas.tap_mirror_plugin [None req-7a00b503-9aa2-4334-8af6-d45e009a4a52 2986f5111e314d199f0b8b5b4b423075 9243a23deca44f31b454460d2cc52b5e - - default default] Tap Mirror: Handle Delete Port: 9618bda7-48ae-48cc-a5d1-3e6b9bc9b936 [pid: 7|app: 0|req: 470/919] 10.0.0.78 () {32 vars in 725 bytes} [Mon Aug 24 21:51:10 2026] DELETE /v2.0/networks/afef6e1f-271c-408f-bef5-6c43f4c33a58 => generated 0 bytes in 411 msecs (HTTP/1.1 204) 3 headers in 131 bytes (1 switches on core 0)
2026-08-24 21:51:10.885 8 INFO neutron_taas.services.taas.taas_plugin [None req-fa73c28f-db7d-4018-831d-b4869d3b9823 66b5c85081074b708aef91fcbaacc247 eabaf4b3f91a434b8f3cf9793fb243a4 - - default default] TaaS: Handle Delete Port: a0ac1c2f-092d-46da-9060-c665ee980366
2026-08-24 21:51:10.889 7 INFO neutron.db.segments_db [None req-fec717ab-e75a-48ff-9889-eea746b8fe66 2986f5111e314d199f0b8b5b4b423075 9243a23deca44f31b454460d2cc52b5e - - default default] Added segment 54c993c4-b39d-4531-b71e-0f0ff285f1f8 of type geneve for network a2ac43b4-0781-4073-a679-ed9bb2939b53
2026-08-24 21:51:10.890 8 INFO neutron_taas.services.taas.tap_mirror_plugin [None req-fa73c28f-db7d-4018-831d-b4869d3b9823 66b5c85081074b708aef91fcbaacc247 eabaf4b3f91a434b8f3cf9793fb243a4 - - default default] Tap Mirror: Handle Delete Port: a0ac1c2f-092d-46da-9060-c665ee980366
2026-08-24 21:51:11.013 7 INFO neutron.db.ovn_revision_numbers_db [None req-fec717ab-e75a-48ff-9889-eea746b8fe66 2986f5111e314d199f0b8b5b4b423075 9243a23deca44f31b454460d2cc52b5e - - default default] Successfully bumped revision number for resource a2ac43b4-0781-4073-a679-ed9bb2939b53 (type: networks) to 1
2026-08-24 21:51:11.187 7 INFO neutron.services.segments.plugin [-] Segment bb6392f0-af01-405e-b86a-bf775b4f3eaf resource provider aggregate not found
2026-08-24 21:51:11.204 7 INFO neutron.services.segments.plugin [-] Segment bb6392f0-af01-405e-b86a-bf775b4f3eaf resource provider aggregate not found
2026-08-24 21:51:11.214 7 INFO neutron.services.segments.plugin [-] Client error retrieving segment bb6392f0-af01-405e-b86a-bf775b4f3eaf resource provider; error: Placement Client Error (4xx): {"errors": [{"status": 404, "title": "Not Found", "detail": "The resource could not be found.\n\n No resource provider with uuid bb6392f0-af01-405e-b86a-bf775b4f3eaf found for delete ", "request_id": "req-52b6da33-e0cb-45c2-bd92-add6ed42221c"}]}
2026-08-24 21:51:11.226 7 INFO neutron.services.segments.plugin [-] Client error retrieving segment bb6392f0-af01-405e-b86a-bf775b4f3eaf resource provider; error: Placement Client Error (4xx): {"errors": [{"status": 404, "title": "Not Found", "detail": "The resource could not be found.\n\n No resource provider with uuid bb6392f0-af01-405e-b86a-bf775b4f3eaf found for delete ", "request_id": "req-aee15797-0d2b-4f79-b462-f52f34bcb1e3"}]}
2026-08-24 21:51:11.234 7 WARNING neutron.scheduler.dhcp_agent_scheduler [None req-fec717ab-e75a-48ff-9889-eea746b8fe66 2986f5111e314d199f0b8b5b4b423075 9243a23deca44f31b454460d2cc52b5e - - default default] No more DHCP agents
2026-08-24 21:51:11.236 7 WARNING neutron.api.rpc.agentnotifiers.dhcp_rpc_agent_api [None req-fec717ab-e75a-48ff-9889-eea746b8fe66 2986f5111e314d199f0b8b5b4b423075 9243a23deca44f31b454460d2cc52b5e - - default default] Unable to schedule network a2ac43b4-0781-4073-a679-ed9bb2939b53: no agents available; will retry on subsequent port and subnet creation events.
2026-08-24 21:51:11.289 8 INFO neutron.plugins.ml2.drivers.ovn.mech_driver.mech_driver [None req-2bd6e0a9-8fd1-4d2d-8b6d-784242b146bd - - - - - -] OVN reports status down for port: d594a93e-618d-4358-88f9-d4a501e67133
2026-08-24 21:51:11.311 7 INFO neutron.db.ovn_revision_numbers_db [None req-fec717ab-e75a-48ff-9889-eea746b8fe66 2986f5111e314d199f0b8b5b4b423075 9243a23deca44f31b454460d2cc52b5e - - default default] Successfully bumped revision number for resource d594a93e-618d-4358-88f9-d4a501e67133 (type: ports) to 1 [pid: 7|app: 0|req: 471/920] 10.0.0.78 () {34 vars in 669 bytes} [Mon Aug 24 21:51:10 2026] POST /v2.0/networks => generated 636 bytes in 533 msecs (HTTP/1.1 201) 4 headers in 162 bytes (1 switches on core 0) [pid: 7|app: 0|req: 472/921] 10.0.0.59 () {34 vars in 989 bytes} [Mon Aug 24 21:51:11 2026] GET /v2.0/ports?device_id=ceebf18c-0309-482b-b9dd-a30cdc1e521e => generated 12 bytes in 15 msecs (HTTP/1.1 200) 4 headers in 156 bytes (1 switches on core 0)
2026-08-24 21:51:11.534 7 WARNING neutron.scheduler.dhcp_agent_scheduler [None req-32eb5f92-fb6c-43ef-8e1d-f07075d6f98b 2986f5111e314d199f0b8b5b4b423075 9243a23deca44f31b454460d2cc52b5e - - default default] No more DHCP agents
2026-08-24 21:51:11.536 7 WARNING neutron.api.rpc.agentnotifiers.dhcp_rpc_agent_api [None req-32eb5f92-fb6c-43ef-8e1d-f07075d6f98b 2986f5111e314d199f0b8b5b4b423075 9243a23deca44f31b454460d2cc52b5e - - default default] Unable to schedule network a2ac43b4-0781-4073-a679-ed9bb2939b53: no agents available; will retry on subsequent port and subnet creation events.
2026-08-24 21:51:11.563 7 INFO neutron.db.ovn_revision_numbers_db [None req-32eb5f92-fb6c-43ef-8e1d-f07075d6f98b 2986f5111e314d199f0b8b5b4b423075 9243a23deca44f31b454460d2cc52b5e - - default default] Successfully bumped revision number for resource 33cd86a1-e893-41a2-a36b-63ee8f45e6b1 (type: subnets) to 0 [pid: 7|app: 0|req: 473/922] 10.0.0.78 () {34 vars in 668 bytes} [Mon Aug 24 21:51:11 2026] POST /v2.0/subnets => generated 646 bytes in 230 msecs (HTTP/1.1 201) 4 headers in 162 bytes (1 switches on core 0)
2026-08-24 21:51:11.825 7 WARNING neutron.scheduler.dhcp_agent_scheduler [None req-3d435038-a56d-4201-aebb-1371e75403f8 2986f5111e314d199f0b8b5b4b423075 9243a23deca44f31b454460d2cc52b5e - - default default] No more DHCP agents
2026-08-24 21:51:11.826 7 WARNING neutron.api.rpc.agentnotifiers.dhcp_rpc_agent_api [None req-3d435038-a56d-4201-aebb-1371e75403f8 2986f5111e314d199f0b8b5b4b423075 9243a23deca44f31b454460d2cc52b5e - - default default] Unable to schedule network a2ac43b4-0781-4073-a679-ed9bb2939b53: no agents available; will retry on subsequent port and subnet creation events. [pid: 8|app: 0|req: 450/923] 10.0.0.78 () {32 vars in 723 bytes} [Mon Aug 24 21:51:10 2026] DELETE /v2.0/routers/bd47e7f0-c721-47fa-b081-9fcc3ed37beb => generated 0 bytes in 1387 msecs (HTTP/1.1 204) 2 headers in 112 bytes (1 switches on core 0)
2026-08-24 21:51:11.947 8 INFO neutron.plugins.ml2.drivers.ovn.mech_driver.mech_driver [None req-2bd6e0a9-8fd1-4d2d-8b6d-784242b146bd - - - - - -] OVN reports status down for port: 2b89b76d-bb99-469c-8703-7e0c02899525
2026-08-24 21:51:11.961 7 INFO neutron.db.ovn_revision_numbers_db [None req-3d435038-a56d-4201-aebb-1371e75403f8 2986f5111e314d199f0b8b5b4b423075 9243a23deca44f31b454460d2cc52b5e - - default default] Successfully bumped revision number for resource 2b89b76d-bb99-469c-8703-7e0c02899525 (type: ports) to 1 [pid: 7|app: 0|req: 474/924] 10.0.0.78 () {34 vars in 664 bytes} [Mon Aug 24 21:51:11 2026] POST /v2.0/ports => generated 924 bytes in 400 msecs (HTTP/1.1 201) 4 headers in 162 bytes (1 switches on core 0)
2026-08-24 21:51:12.110 7 INFO neutron_taas.services.taas.taas_plugin [None req-ea2dbc5d-5400-41c1-b859-a835a899c76e 2986f5111e314d199f0b8b5b4b423075 9243a23deca44f31b454460d2cc52b5e - - default default] TaaS: Handle Delete Port: 2b89b76d-bb99-469c-8703-7e0c02899525
2026-08-24 21:51:12.114 7 INFO neutron_taas.services.taas.tap_mirror_plugin [None req-ea2dbc5d-5400-41c1-b859-a835a899c76e 2986f5111e314d199f0b8b5b4b423075 9243a23deca44f31b454460d2cc52b5e - - default default] Tap Mirror: Handle Delete Port: 2b89b76d-bb99-469c-8703-7e0c02899525 [pid: 8|app: 0|req: 451/925] 10.0.0.78 () {32 vars in 723 bytes} [Mon Aug 24 21:51:11 2026] DELETE /v2.0/subnets/2fe7dc1b-e92d-42a5-bbf6-61532a7bcceb => generated 0 bytes in 279 msecs (HTTP/1.1 204) 3 headers in 131 bytes (1 switches on core 0) [pid: 7|app: 0|req: 475/926] 10.0.0.78 () {32 vars in 719 bytes} [Mon Aug 24 21:51:11 2026] DELETE /v2.0/ports/2b89b76d-bb99-469c-8703-7e0c02899525 => generated 0 bytes in 257 msecs (HTTP/1.1 204) 3 headers in 131 bytes (1 switches on core 0)
2026-08-24 21:51:12.272 7 INFO neutron.pecan_wsgi.hooks.translation [None req-1b5996e7-d92a-4771-af8d-7dba5809389b 2986f5111e314d199f0b8b5b4b423075 9243a23deca44f31b454460d2cc52b5e - - default default] GET failed (client error): The resource could not be found. [pid: 7|app: 0|req: 476/927] 10.0.0.78 () {32 vars in 716 bytes} [Mon Aug 24 21:51:12 2026] GET /v2.0/ports/2b89b76d-bb99-469c-8703-7e0c02899525 => generated 132 bytes in 18 msecs (HTTP/1.1 404) 4 headers in 164 bytes (1 switches on core 0)
2026-08-24 21:51:12.298 8 INFO neutron_taas.services.taas.taas_plugin [None req-1f46ffd0-e664-4a68-b1fd-8f77dfb44877 66b5c85081074b708aef91fcbaacc247 eabaf4b3f91a434b8f3cf9793fb243a4 - - default default] TaaS: Handle Delete Port: 8fc2538a-9a43-4ede-bf13-869d4fa851f7
2026-08-24 21:51:12.300 8 INFO neutron_taas.services.taas.tap_mirror_plugin [None req-1f46ffd0-e664-4a68-b1fd-8f77dfb44877 66b5c85081074b708aef91fcbaacc247 eabaf4b3f91a434b8f3cf9793fb243a4 - - default default] Tap Mirror: Handle Delete Port: 8fc2538a-9a43-4ede-bf13-869d4fa851f7 [pid: 7|app: 0|req: 477/928] 10.0.0.78 () {32 vars in 723 bytes} [Mon Aug 24 21:51:12 2026] DELETE /v2.0/subnets/33cd86a1-e893-41a2-a36b-63ee8f45e6b1 => generated 0 bytes in 128 msecs (HTTP/1.1 204) 3 headers in 131 bytes (1 switches on core 0)
2026-08-24 21:51:12.479 8 INFO neutron.services.segments.plugin [-] Segment cd723baa-0cd5-43ca-847a-609bf09ef416 resource provider aggregate not found
2026-08-24 21:51:12.491 8 INFO neutron.services.segments.plugin [-] Segment cd723baa-0cd5-43ca-847a-609bf09ef416 resource provider aggregate not found
2026-08-24 21:51:12.503 8 INFO neutron.services.segments.plugin [-] Client error retrieving segment cd723baa-0cd5-43ca-847a-609bf09ef416 resource provider; error: Placement Client Error (4xx): {"errors": [{"status": 404, "title": "Not Found", "detail": "The resource could not be found.\n\n No resource provider with uuid cd723baa-0cd5-43ca-847a-609bf09ef416 found for delete ", "request_id": "req-21c195d1-c635-4d80-b30f-1dd472223d04"}]}
2026-08-24 21:51:12.511 8 INFO neutron.services.segments.plugin [-] Client error retrieving segment cd723baa-0cd5-43ca-847a-609bf09ef416 resource provider; error: Placement Client Error (4xx): {"errors": [{"status": 404, "title": "Not Found", "detail": "The resource could not be found.\n\n No resource provider with uuid cd723baa-0cd5-43ca-847a-609bf09ef416 found for delete ", "request_id": "req-0439cf86-a6b4-4b73-93a3-1f6cf6ad2698"}]} [pid: 8|app: 0|req: 452/929] 10.0.0.78 () {32 vars in 725 bytes} [Mon Aug 24 21:51:12 2026] DELETE /v2.0/networks/ee91d28a-c1cb-436e-b06a-4584b0d68d16 => generated 0 bytes in 355 msecs (HTTP/1.1 204) 3 headers in 131 bytes (1 switches on core 0)
2026-08-24 21:51:12.530 7 INFO neutron_taas.services.taas.taas_plugin [None req-5b5230bb-844e-45dd-9b57-48bc34ba413d 2986f5111e314d199f0b8b5b4b423075 9243a23deca44f31b454460d2cc52b5e - - default default] TaaS: Handle Delete Port: d594a93e-618d-4358-88f9-d4a501e67133
2026-08-24 21:51:12.532 7 INFO neutron_taas.services.taas.tap_mirror_plugin [None req-5b5230bb-844e-45dd-9b57-48bc34ba413d 2986f5111e314d199f0b8b5b4b423075 9243a23deca44f31b454460d2cc52b5e - - default default] Tap Mirror: Handle Delete Port: d594a93e-618d-4358-88f9-d4a501e67133 [pid: 8|app: 0|req: 453/930] 10.0.0.59 () {34 vars in 989 bytes} [Mon Aug 24 21:51:12 2026] GET /v2.0/ports?device_id=ceebf18c-0309-482b-b9dd-a30cdc1e521e => generated 12 bytes in 21 msecs (HTTP/1.1 200) 4 headers in 156 bytes (1 switches on core 0) [pid: 8|app: 0|req: 454/931] 10.0.0.78 () {32 vars in 773 bytes} [Mon Aug 24 21:51:12 2026] GET /v2.0/security-groups?tenant_id=41f349f423304adcb7b00d4d1254c004&name=default => generated 2921 bytes in 30 msecs (HTTP/1.1 200) 4 headers in 158 bytes (1 switches on core 0) [pid: 7|app: 0|req: 478/932] 10.0.0.78 () {32 vars in 725 bytes} [Mon Aug 24 21:51:12 2026] DELETE /v2.0/networks/a2ac43b4-0781-4073-a679-ed9bb2939b53 => generated 0 bytes in 321 msecs (HTTP/1.1 204) 3 headers in 131 bytes (1 switches on core 0) [pid: 8|app: 0|req: 455/933] 10.0.0.78 () {32 vars in 739 bytes} [Mon Aug 24 21:51:12 2026] DELETE /v2.0/security-groups/9564cec3-79a6-4aab-8c55-4941edacd091 => generated 0 bytes in 239 msecs (HTTP/1.1 204) 2 headers in 112 bytes (1 switches on core 0)
2026-08-24 21:51:12.981 7 WARNING neutron.scheduler.dhcp_agent_scheduler [None req-5fe7d17c-61af-418d-be99-c205bd8af116 2986f5111e314d199f0b8b5b4b423075 9243a23deca44f31b454460d2cc52b5e - - default default] No more DHCP agents
2026-08-24 21:51:12.983 7 WARNING neutron.api.rpc.agentnotifiers.dhcp_rpc_agent_api [None req-5fe7d17c-61af-418d-be99-c205bd8af116 2986f5111e314d199f0b8b5b4b423075 9243a23deca44f31b454460d2cc52b5e - - default default] Unable to schedule network 54f26d2b-9f3f-4de8-b13a-19520ab3cce8: no agents available; will retry on subsequent port and subnet creation events.
2026-08-24 21:51:13.055 8 INFO neutron.plugins.ml2.drivers.ovn.mech_driver.mech_driver [None req-2bd6e0a9-8fd1-4d2d-8b6d-784242b146bd - - - - - -] OVN reports status down for port: b8642015-29bc-4e9b-a5c0-be1c349eb2d3
2026-08-24 21:51:13.087 7 INFO neutron.db.ovn_revision_numbers_db [None req-5fe7d17c-61af-418d-be99-c205bd8af116 2986f5111e314d199f0b8b5b4b423075 9243a23deca44f31b454460d2cc52b5e - - default default] Successfully bumped revision number for resource b8642015-29bc-4e9b-a5c0-be1c349eb2d3 (type: ports) to 1 [pid: 7|app: 0|req: 479/934] 10.0.0.78 () {34 vars in 664 bytes} [Mon Aug 24 21:51:12 2026] POST /v2.0/ports => generated 779 bytes in 421 msecs (HTTP/1.1 201) 4 headers in 162 bytes (1 switches on core 0)
2026-08-24 21:51:13.234 7 INFO neutron.services.segments.plugin [-] Segment 54c993c4-b39d-4531-b71e-0f0ff285f1f8 resource provider aggregate not found
2026-08-24 21:51:13.246 7 INFO neutron.services.segments.plugin [-] Segment 54c993c4-b39d-4531-b71e-0f0ff285f1f8 resource provider aggregate not found
2026-08-24 21:51:13.250 7 INFO neutron.services.segments.plugin [-] Client error retrieving segment 54c993c4-b39d-4531-b71e-0f0ff285f1f8 resource provider; error: Placement Client Error (4xx): {"errors": [{"status": 404, "title": "Not Found", "detail": "The resource could not be found.\n\n No resource provider with uuid 54c993c4-b39d-4531-b71e-0f0ff285f1f8 found for delete ", "request_id": "req-7bce2ba9-999a-45e4-8eee-0cc622d0b1d2"}]}
2026-08-24 21:51:13.257 7 INFO neutron.services.segments.plugin [-] Client error retrieving segment 54c993c4-b39d-4531-b71e-0f0ff285f1f8 resource provider; error: Placement Client Error (4xx): {"errors": [{"status": 404, "title": "Not Found", "detail": "The resource could not be found.\n\n No resource provider with uuid 54c993c4-b39d-4531-b71e-0f0ff285f1f8 found for delete ", "request_id": "req-f11e57ca-c1c0-46b3-adc1-07b7bdcd026b"}]}
2026-08-24 21:51:13.405 8 INFO neutron.plugins.ml2.drivers.ovn.mech_driver.mech_driver [None req-2bd6e0a9-8fd1-4d2d-8b6d-784242b146bd - - - - - -] OVN reports status down for port: b8642015-29bc-4e9b-a5c0-be1c349eb2d3
2026-08-24 21:51:13.463 8 INFO neutron.db.ovn_revision_numbers_db [None req-985e93ef-2d61-4e9b-b1ab-34a6d5c5d2af 2986f5111e314d199f0b8b5b4b423075 9243a23deca44f31b454460d2cc52b5e - - default default] Successfully bumped revision number for resource b8642015-29bc-4e9b-a5c0-be1c349eb2d3 (type: ports) to 2 [pid: 8|app: 0|req: 456/935] 10.0.0.78 () {34 vars in 736 bytes} [Mon Aug 24 21:51:13 2026] PUT /v2.0/ports/b8642015-29bc-4e9b-a5c0-be1c349eb2d3 => generated 752 bytes in 374 msecs (HTTP/1.1 200) 4 headers in 157 bytes (1 switches on core 0) /var/lib/openstack/lib/python3.12/site-packages/pycadf/identifier.py:70: UserWarning: Invalid uuid: neutron. To ensure interoperability, identifiers should be a valid uuid. warnings.warn(('Invalid uuid: %s. To ensure interoperability, ' /var/lib/openstack/lib/python3.12/site-packages/pycadf/identifier.py:70: UserWarning: Invalid uuid: neutron. To ensure interoperability, identifiers should be a valid uuid. warnings.warn(('Invalid uuid: %s. To ensure interoperability, '
2026-08-24 21:51:13.653 7 INFO neutron_taas.services.taas.taas_plugin [None req-366ac528-5407-4368-8ce7-7cdabcd1480b 2986f5111e314d199f0b8b5b4b423075 9243a23deca44f31b454460d2cc52b5e - - default default] TaaS: Handle Delete Port: b8642015-29bc-4e9b-a5c0-be1c349eb2d3
2026-08-24 21:51:13.656 7 INFO neutron_taas.services.taas.tap_mirror_plugin [None req-366ac528-5407-4368-8ce7-7cdabcd1480b 2986f5111e314d199f0b8b5b4b423075 9243a23deca44f31b454460d2cc52b5e - - default default] Tap Mirror: Handle Delete Port: b8642015-29bc-4e9b-a5c0-be1c349eb2d3 [pid: 7|app: 0|req: 480/936] 10.0.0.78 () {32 vars in 719 bytes} [Mon Aug 24 21:51:13 2026] DELETE /v2.0/ports/b8642015-29bc-4e9b-a5c0-be1c349eb2d3 => generated 0 bytes in 234 msecs (HTTP/1.1 204) 3 headers in 131 bytes (1 switches on core 0) [pid: 8|app: 0|req: 457/937] 10.0.0.78 () {32 vars in 739 bytes} [Mon Aug 24 21:51:13 2026] DELETE /v2.0/security-groups/ba8ea996-6081-49e0-aeeb-99b252f1ef91 => generated 0 bytes in 168 msecs (HTTP/1.1 204) 2 headers in 112 bytes (1 switches on core 0)
2026-08-24 21:51:13.826 8 INFO neutron.api.v2.resource [None req-bba592e2-1ed7-4989-b8c0-299cdd175ca8 12a08a8c22c0493d8188e62b2e77963f f62500aa81f84a5db08e86fb19d65eb4 - - default default] show failed (client error): The resource could not be found. [pid: 8|app: 0|req: 458/938] 10.0.0.78 () {32 vars in 736 bytes} [Mon Aug 24 21:51:13 2026] GET /v2.0/security-groups/ba8ea996-6081-49e0-aeeb-99b252f1ef91 => generated 146 bytes in 13 msecs (HTTP/1.1 404) 4 headers in 164 bytes (1 switches on core 0) [pid: 7|app: 0|req: 481/939] 10.0.0.78 () {32 vars in 642 bytes} [Mon Aug 24 21:51:13 2026] GET /v2.0/ports => generated 1537 bytes in 59 msecs (HTTP/1.1 200) 4 headers in 158 bytes (1 switches on core 0)
2026-08-24 21:51:13.858 7 INFO neutron.pecan_wsgi.hooks.translation [None req-cac273d8-0de7-4cc4-9cb0-48816cd0eedc 2986f5111e314d199f0b8b5b4b423075 9243a23deca44f31b454460d2cc52b5e - - default default] GET failed (client error): The resource could not be found. [pid: 7|app: 0|req: 482/940] 10.0.0.78 () {32 vars in 716 bytes} [Mon Aug 24 21:51:13 2026] GET /v2.0/ports/b8642015-29bc-4e9b-a5c0-be1c349eb2d3 => generated 132 bytes in 14 msecs (HTTP/1.1 404) 4 headers in 164 bytes (1 switches on core 0) [pid: 7|app: 0|req: 483/941] 10.0.0.78 () {32 vars in 642 bytes} [Mon Aug 24 21:51:13 2026] GET /v2.0/ports => generated 1537 bytes in 39 msecs (HTTP/1.1 200) 4 headers in 158 bytes (1 switches on core 0) [pid: 7|app: 0|req: 484/942] 10.0.0.78 () {32 vars in 716 bytes} [Mon Aug 24 21:51:13 2026] GET /v2.0/ports/486d07e1-4c61-4a4a-8dc1-9236278a738a => generated 778 bytes in 33 msecs (HTTP/1.1 200) 4 headers in 157 bytes (1 switches on core 0)
2026-08-24 21:51:13.958 8 INFO neutron_taas.services.taas.taas_plugin [None req-bdd61361-0c34-4e87-98b9-0ca2823ab9d8 12a08a8c22c0493d8188e62b2e77963f f62500aa81f84a5db08e86fb19d65eb4 - - default default] TaaS: Handle Delete Port: f67e9ecb-2996-4e30-935e-11bebf28b477
2026-08-24 21:51:13.961 8 INFO neutron_taas.services.taas.tap_mirror_plugin [None req-bdd61361-0c34-4e87-98b9-0ca2823ab9d8 12a08a8c22c0493d8188e62b2e77963f f62500aa81f84a5db08e86fb19d65eb4 - - default default] Tap Mirror: Handle Delete Port: f67e9ecb-2996-4e30-935e-11bebf28b477
2026-08-24 21:51:13.963 7 INFO neutron.pecan_wsgi.hooks.translation [None req-65477eb3-87a9-486e-8b9c-3c4ff6d04e9d 2986f5111e314d199f0b8b5b4b423075 9243a23deca44f31b454460d2cc52b5e - - default default] DELETE failed (client error): The resource could not be found. [pid: 7|app: 0|req: 485/943] 10.0.0.78 () {32 vars in 719 bytes} [Mon Aug 24 21:51:13 2026] DELETE /v2.0/ports/2b89b76d-bb99-469c-8703-7e0c02899525 => generated 132 bytes in 15 msecs (HTTP/1.1 404) 4 headers in 164 bytes (1 switches on core 0)
2026-08-24 21:51:13.991 7 INFO neutron.pecan_wsgi.hooks.translation [None req-4cddc5e5-c885-4808-8b8f-c5a4154c2362 2986f5111e314d199f0b8b5b4b423075 9243a23deca44f31b454460d2cc52b5e - - default default] DELETE failed (client error): The resource could not be found. [pid: 7|app: 0|req: 486/944] 10.0.0.78 () {32 vars in 723 bytes} [Mon Aug 24 21:51:13 2026] DELETE /v2.0/subnets/33cd86a1-e893-41a2-a36b-63ee8f45e6b1 => generated 136 bytes in 22 msecs (HTTP/1.1 404) 4 headers in 164 bytes (1 switches on core 0)
2026-08-24 21:51:14.015 7 INFO neutron.pecan_wsgi.hooks.translation [None req-2248b17b-deb2-4d60-8483-7b23aedd086d 2986f5111e314d199f0b8b5b4b423075 9243a23deca44f31b454460d2cc52b5e - - default default] DELETE failed (client error): The resource could not be found. [pid: 7|app: 0|req: 487/945] 10.0.0.78 () {32 vars in 723 bytes} [Mon Aug 24 21:51:14 2026] DELETE /v2.0/subnets/9e8a6f8a-3737-459b-b4cb-9a78c9f85a7a => generated 136 bytes in 18 msecs (HTTP/1.1 404) 4 headers in 164 bytes (1 switches on core 0) [pid: 8|app: 0|req: 459/946] 10.0.0.78 () {32 vars in 731 bytes} [Mon Aug 24 21:51:13 2026] DELETE /v2.0/floatingips/622602e9-5a67-4172-9657-97d37907fcca => generated 0 bytes in 294 msecs (HTTP/1.1 204) 2 headers in 112 bytes (1 switches on core 0)
2026-08-24 21:51:14.145 7 INFO neutron_taas.services.taas.taas_plugin [None req-16d1a5a2-2127-4849-aee8-edd372d4bad6 2986f5111e314d199f0b8b5b4b423075 9243a23deca44f31b454460d2cc52b5e - - default default] TaaS: Handle Delete Port: 486d07e1-4c61-4a4a-8dc1-9236278a738a
2026-08-24 21:51:14.148 7 INFO neutron_taas.services.taas.tap_mirror_plugin [None req-16d1a5a2-2127-4849-aee8-edd372d4bad6 2986f5111e314d199f0b8b5b4b423075 9243a23deca44f31b454460d2cc52b5e - - default default] Tap Mirror: Handle Delete Port: 486d07e1-4c61-4a4a-8dc1-9236278a738a [pid: 7|app: 0|req: 488/947] 10.0.0.78 () {32 vars in 719 bytes} [Mon Aug 24 21:51:14 2026] DELETE /v2.0/ports/486d07e1-4c61-4a4a-8dc1-9236278a738a => generated 0 bytes in 240 msecs (HTTP/1.1 204) 3 headers in 131 bytes (1 switches on core 0)
2026-08-24 21:51:14.377 7 INFO neutron_taas.services.taas.taas_plugin [None req-5f60d4ab-a849-4d8d-81eb-1a7979a58011 2986f5111e314d199f0b8b5b4b423075 9243a23deca44f31b454460d2cc52b5e - - default default] TaaS: Handle Delete Port: b7deed21-bc08-4ab5-af95-a3817f4a4bd5
2026-08-24 21:51:14.380 7 INFO neutron_taas.services.taas.tap_mirror_plugin [None req-5f60d4ab-a849-4d8d-81eb-1a7979a58011 2986f5111e314d199f0b8b5b4b423075 9243a23deca44f31b454460d2cc52b5e - - default default] Tap Mirror: Handle Delete Port: b7deed21-bc08-4ab5-af95-a3817f4a4bd5
2026-08-24 21:51:14.414 8 INFO neutron_taas.services.taas.taas_plugin [None req-c06ecce3-3069-42e5-8a51-138e2e456bbf 66b5c85081074b708aef91fcbaacc247 eabaf4b3f91a434b8f3cf9793fb243a4 - - default default] TaaS: Handle Delete Port: 387c3843-77a4-4856-8ded-21cb3eceb8dc
2026-08-24 21:51:14.417 8 INFO neutron_taas.services.taas.tap_mirror_plugin [None req-c06ecce3-3069-42e5-8a51-138e2e456bbf 66b5c85081074b708aef91fcbaacc247 eabaf4b3f91a434b8f3cf9793fb243a4 - - default default] Tap Mirror: Handle Delete Port: 387c3843-77a4-4856-8ded-21cb3eceb8dc [pid: 7|app: 0|req: 489/948] 10.0.0.78 () {32 vars in 725 bytes} [Mon Aug 24 21:51:14 2026] DELETE /v2.0/networks/54f26d2b-9f3f-4de8-b13a-19520ab3cce8 => generated 0 bytes in 324 msecs (HTTP/1.1 204) 3 headers in 131 bytes (1 switches on core 0)
2026-08-24 21:51:15.026 7 INFO neutron.db.ovn_revision_numbers_db [None req-dfc45f98-70de-4c6a-84c6-60302dd5693f 66b5c85081074b708aef91fcbaacc247 eabaf4b3f91a434b8f3cf9793fb243a4 - - default default] Successfully bumped revision number for resource 31e643cb-b1d1-49fc-b3d3-6ba915003fc6 (type: security_groups) to 1
2026-08-24 21:51:15.044 7 INFO neutron.db.ovn_revision_numbers_db [None req-dfc45f98-70de-4c6a-84c6-60302dd5693f 66b5c85081074b708aef91fcbaacc247 eabaf4b3f91a434b8f3cf9793fb243a4 - - default default] Successfully bumped revision number for resource 1d92443a-9c4d-4ad3-b511-9d81834aba66 (type: security_group_rules) to 0 [pid: 8|app: 0|req: 460/949] 10.0.0.78 () {34 vars in 788 bytes} [Mon Aug 24 21:51:14 2026] PUT /v2.0/routers/5f132ab5-65d5-4d2c-80c8-805c7e5a289a/remove_router_interface => generated 309 bytes in 928 msecs (HTTP/1.1 200) 4 headers in 157 bytes (1 switches on core 0) /var/lib/openstack/lib/python3.12/site-packages/pycadf/identifier.py:70: UserWarning: Invalid uuid: neutron. To ensure interoperability, identifiers should be a valid uuid. warnings.warn(('Invalid uuid: %s. To ensure interoperability, '
2026-08-24 21:51:15.073 7 INFO neutron.db.ovn_revision_numbers_db [None req-dfc45f98-70de-4c6a-84c6-60302dd5693f 66b5c85081074b708aef91fcbaacc247 eabaf4b3f91a434b8f3cf9793fb243a4 - - default default] Successfully bumped revision number for resource 88abd17c-a29a-4bad-81d2-e36544da6af1 (type: security_group_rules) to 0
2026-08-24 21:51:15.089 7 INFO neutron.db.ovn_revision_numbers_db [None req-dfc45f98-70de-4c6a-84c6-60302dd5693f 66b5c85081074b708aef91fcbaacc247 eabaf4b3f91a434b8f3cf9793fb243a4 - - default default] Successfully bumped revision number for resource 96b0ad6b-ea90-4a7d-b49b-40eee78f6011 (type: security_group_rules) to 0
2026-08-24 21:51:15.106 7 INFO neutron.db.ovn_revision_numbers_db [None req-dfc45f98-70de-4c6a-84c6-60302dd5693f 66b5c85081074b708aef91fcbaacc247 eabaf4b3f91a434b8f3cf9793fb243a4 - - default default] Successfully bumped revision number for resource e53090d0-565a-4f10-9ffe-88eeda9483ad (type: security_group_rules) to 0 [pid: 8|app: 0|req: 461/950] 10.0.0.59 () {34 vars in 989 bytes} [Mon Aug 24 21:51:15 2026] GET /v2.0/ports?device_id=23b977be-a2c1-40ad-ab01-0f1ed84f0c33 => generated 975 bytes in 91 msecs (HTTP/1.1 200) 4 headers in 157 bytes (1 switches on core 0)
2026-08-24 21:51:15.182 7 INFO neutron.db.segments_db [None req-dfc45f98-70de-4c6a-84c6-60302dd5693f 66b5c85081074b708aef91fcbaacc247 eabaf4b3f91a434b8f3cf9793fb243a4 - - default default] Added segment b1ba5f62-59c0-4ec8-9cf2-4eb046fbfd42 of type geneve for network f8925e42-bae9-41c9-b784-4ce0b22ed05a
2026-08-24 21:51:15.274 7 INFO neutron.services.segments.plugin [-] Segment a8024ee9-cde1-42d1-a9a2-80dac5be184a resource provider aggregate not found
2026-08-24 21:51:15.279 7 INFO neutron.services.segments.plugin [-] Segment a8024ee9-cde1-42d1-a9a2-80dac5be184a resource provider aggregate not found
2026-08-24 21:51:15.302 7 INFO neutron.services.segments.plugin [-] Client error retrieving segment a8024ee9-cde1-42d1-a9a2-80dac5be184a resource provider; error: Placement Client Error (4xx): {"errors": [{"status": 404, "title": "Not Found", "detail": "The resource could not be found.\n\n No resource provider with uuid a8024ee9-cde1-42d1-a9a2-80dac5be184a found for delete ", "request_id": "req-c3947a8e-35cc-4e95-9586-b82ab73f37fb"}]}
2026-08-24 21:51:15.309 7 INFO neutron.services.segments.plugin [-] Client error retrieving segment a8024ee9-cde1-42d1-a9a2-80dac5be184a resource provider; error: Placement Client Error (4xx): {"errors": [{"status": 404, "title": "Not Found", "detail": "The resource could not be found.\n\n No resource provider with uuid a8024ee9-cde1-42d1-a9a2-80dac5be184a found for delete ", "request_id": "req-44668cba-f960-4ee0-8ed3-98e1705a39ec"}]}
2026-08-24 21:51:15.324 7 INFO neutron.db.ovn_revision_numbers_db [None req-dfc45f98-70de-4c6a-84c6-60302dd5693f 66b5c85081074b708aef91fcbaacc247 eabaf4b3f91a434b8f3cf9793fb243a4 - - default default] Successfully bumped revision number for resource f8925e42-bae9-41c9-b784-4ce0b22ed05a (type: networks) to 1
2026-08-24 21:51:15.495 7 WARNING neutron.scheduler.dhcp_agent_scheduler [None req-dfc45f98-70de-4c6a-84c6-60302dd5693f 66b5c85081074b708aef91fcbaacc247 eabaf4b3f91a434b8f3cf9793fb243a4 - - default default] No more DHCP agents
2026-08-24 21:51:15.496 7 WARNING neutron.api.rpc.agentnotifiers.dhcp_rpc_agent_api [None req-dfc45f98-70de-4c6a-84c6-60302dd5693f 66b5c85081074b708aef91fcbaacc247 eabaf4b3f91a434b8f3cf9793fb243a4 - - default default] Unable to schedule network f8925e42-bae9-41c9-b784-4ce0b22ed05a: no agents available; will retry on subsequent port and subnet creation events.
2026-08-24 21:51:15.533 8 INFO neutron_taas.services.taas.taas_plugin [None req-1bb1eb24-4f74-4856-8d05-b0225e981285 66b5c85081074b708aef91fcbaacc247 eabaf4b3f91a434b8f3cf9793fb243a4 - - default default] TaaS: Handle Delete Port: 26faeb3b-aec7-42bf-aec7-73e8a09c9fe7
2026-08-24 21:51:15.542 8 INFO neutron_taas.services.taas.tap_mirror_plugin [None req-1bb1eb24-4f74-4856-8d05-b0225e981285 66b5c85081074b708aef91fcbaacc247 eabaf4b3f91a434b8f3cf9793fb243a4 - - default default] Tap Mirror: Handle Delete Port: 26faeb3b-aec7-42bf-aec7-73e8a09c9fe7
2026-08-24 21:51:15.550 7 INFO neutron.plugins.ml2.drivers.ovn.mech_driver.mech_driver [None req-c278e9ac-872c-4923-8a1b-7485aa2b0b8a - - - - - -] OVN reports status down for port: b14d60d9-b93a-43ac-b66f-94ef4edd5c5c
2026-08-24 21:51:15.610 7 INFO neutron.db.ovn_revision_numbers_db [None req-dfc45f98-70de-4c6a-84c6-60302dd5693f 66b5c85081074b708aef91fcbaacc247 eabaf4b3f91a434b8f3cf9793fb243a4 - - default default] Successfully bumped revision number for resource b14d60d9-b93a-43ac-b66f-94ef4edd5c5c (type: ports) to 1 [pid: 7|app: 0|req: 490/951] 10.0.0.78 () {34 vars in 670 bytes} [Mon Aug 24 21:51:14 2026] POST /v2.0/networks => generated 746 bytes in 1016 msecs (HTTP/1.1 201) 4 headers in 162 bytes (1 switches on core 0) [pid: 7|app: 0|req: 491/952] 10.0.0.78 () {32 vars in 773 bytes} [Mon Aug 24 21:51:15 2026] GET /v2.0/security-groups?tenant_id=9243a23deca44f31b454460d2cc52b5e&name=default => generated 2925 bytes in 176 msecs (HTTP/1.1 200) 4 headers in 158 bytes (1 switches on core 0) [pid: 7|app: 0|req: 492/953] 10.0.0.59 () {34 vars in 970 bytes} [Mon Aug 24 21:51:15 2026] GET /v2.0/ports/ac95bccf-8168-40d6-9988-c1afffa8be46 => generated 972 bytes in 64 msecs (HTTP/1.1 200) 4 headers in 157 bytes (1 switches on core 0)
2026-08-24 21:51:16.060 7 WARNING neutron.scheduler.dhcp_agent_scheduler [None req-dd8838e9-fc43-4af0-b15b-ae4ca42664ef 66b5c85081074b708aef91fcbaacc247 eabaf4b3f91a434b8f3cf9793fb243a4 - - default default] No more DHCP agents
2026-08-24 21:51:16.061 7 WARNING neutron.api.rpc.agentnotifiers.dhcp_rpc_agent_api [None req-dd8838e9-fc43-4af0-b15b-ae4ca42664ef 66b5c85081074b708aef91fcbaacc247 eabaf4b3f91a434b8f3cf9793fb243a4 - - default default] Unable to schedule network f8925e42-bae9-41c9-b784-4ce0b22ed05a: no agents available; will retry on subsequent port and subnet creation events.
2026-08-24 21:51:16.526 7 INFO neutron.db.ovn_revision_numbers_db [None req-de9b4c35-e3ba-4301-92f5-b2770f8e3411 - - - - - -] Successfully bumped revision number for resource b14d60d9-b93a-43ac-b66f-94ef4edd5c5c (type: ports) to 2
2026-08-24 21:51:16.560 7 INFO neutron.db.ovn_revision_numbers_db [None req-de9b4c35-e3ba-4301-92f5-b2770f8e3411 - - - - - -] Successfully bumped revision number for resource 9a3aa7c2-af08-405e-b41f-09166f8708ab (type: subnets) to 0 [pid: 8|app: 0|req: 462/954] 10.0.0.78 () {32 vars in 723 bytes} [Mon Aug 24 21:51:15 2026] DELETE /v2.0/routers/5f132ab5-65d5-4d2c-80c8-805c7e5a289a => generated 0 bytes in 1411 msecs (HTTP/1.1 204) 2 headers in 112 bytes (1 switches on core 0) [pid: 7|app: 0|req: 493/955] 10.0.0.78 () {34 vars in 668 bytes} [Mon Aug 24 21:51:15 2026] POST /v2.0/subnets => generated 690 bytes in 675 msecs (HTTP/1.1 201) 4 headers in 162 bytes (1 switches on core 0) [pid: 7|app: 0|req: 494/956] 199.19.213.11 () {34 vars in 999 bytes} [Mon Aug 24 21:51:16 2026] GET /v2.0/subnets?network_id=4a07fb19-47dd-4d13-b023-1988125c79d3 => generated 682 bytes in 34 msecs (HTTP/1.1 200) 4 headers in 157 bytes (1 switches on core 0) [pid: 7|app: 0|req: 495/957] 10.0.0.78 () {32 vars in 723 bytes} [Mon Aug 24 21:51:16 2026] DELETE /v2.0/subnets/fb074a16-c587-425c-b0ec-cb727b68b5db => generated 0 bytes in 132 msecs (HTTP/1.1 204) 3 headers in 131 bytes (1 switches on core 0) [pid: 8|app: 0|req: 463/958] 10.0.0.78 () {32 vars in 739 bytes} [Mon Aug 24 21:51:16 2026] DELETE /v2.0/security-groups/fa4e7d0e-3a8c-4429-9594-5706883222c2 => generated 0 bytes in 249 msecs (HTTP/1.1 204) 2 headers in 112 bytes (1 switches on core 0) [pid: 8|app: 0|req: 464/959] 199.19.213.11 () {34 vars in 1145 bytes} [Mon Aug 24 21:51:16 2026] GET /v2.0/ports?device_id=23b977be-a2c1-40ad-ab01-0f1ed84f0c33&device_owner=compute%3Anova&network_id=4a07fb19-47dd-4d13-b023-1988125c79d3 => generated 975 bytes in 55 msecs (HTTP/1.1 200) 4 headers in 157 bytes (1 switches on core 0)
2026-08-24 21:51:16.997 8 INFO neutron_taas.services.taas.taas_plugin [None req-a9b468a0-afb5-48c5-866d-56d1739190a5 66b5c85081074b708aef91fcbaacc247 eabaf4b3f91a434b8f3cf9793fb243a4 - - default default] TaaS: Handle Delete Port: 46e30201-fd62-4dba-aa06-574bdd1bbf4d
2026-08-24 21:51:17.000 8 INFO neutron_taas.services.taas.tap_mirror_plugin [None req-a9b468a0-afb5-48c5-866d-56d1739190a5 66b5c85081074b708aef91fcbaacc247 eabaf4b3f91a434b8f3cf9793fb243a4 - - default default] Tap Mirror: Handle Delete Port: 46e30201-fd62-4dba-aa06-574bdd1bbf4d
2026-08-24 21:51:17.183 7 WARNING neutron.scheduler.dhcp_agent_scheduler [None req-4e7ac22e-bfa7-4b8e-aba7-32327af9f0de 66b5c85081074b708aef91fcbaacc247 eabaf4b3f91a434b8f3cf9793fb243a4 - - default default] No more DHCP agents
2026-08-24 21:51:17.185 7 WARNING neutron.api.rpc.agentnotifiers.dhcp_rpc_agent_api [None req-4e7ac22e-bfa7-4b8e-aba7-32327af9f0de 66b5c85081074b708aef91fcbaacc247 eabaf4b3f91a434b8f3cf9793fb243a4 - - default default] Unable to schedule network 55dd8628-77af-4072-8e78-e6d34586eb5c: no agents available; will retry on subsequent port and subnet creation events.
2026-08-24 21:51:17.221 8 INFO neutron.services.segments.plugin [-] Segment 219e8217-0d48-412f-98a4-b7ada8578c29 resource provider aggregate not found
2026-08-24 21:51:17.223 8 INFO neutron.services.segments.plugin [-] Segment 219e8217-0d48-412f-98a4-b7ada8578c29 resource provider aggregate not found
2026-08-24 21:51:17.257 8 INFO neutron.services.segments.plugin [-] Client error retrieving segment 219e8217-0d48-412f-98a4-b7ada8578c29 resource provider; error: Placement Client Error (4xx): {"errors": [{"status": 404, "title": "Not Found", "detail": "The resource could not be found.\n\n No resource provider with uuid 219e8217-0d48-412f-98a4-b7ada8578c29 found for delete ", "request_id": "req-a245c2ed-242a-47e7-bbc9-39418e6d59c7"}]}
2026-08-24 21:51:17.260 8 INFO neutron.services.segments.plugin [-] Client error retrieving segment 219e8217-0d48-412f-98a4-b7ada8578c29 resource provider; error: Placement Client Error (4xx): {"errors": [{"status": 404, "title": "Not Found", "detail": "The resource could not be found.\n\n No resource provider with uuid 219e8217-0d48-412f-98a4-b7ada8578c29 found for delete ", "request_id": "req-d38cfc8c-b891-4aed-bc75-f04afc80b6aa"}]} [pid: 8|app: 0|req: 465/960] 10.0.0.78 () {32 vars in 725 bytes} [Mon Aug 24 21:51:16 2026] DELETE /v2.0/networks/8e4a4e55-d925-4b53-8ae1-8f0c9f82cd4d => generated 0 bytes in 430 msecs (HTTP/1.1 204) 3 headers in 131 bytes (1 switches on core 0)
2026-08-24 21:51:17.322 7 INFO neutron.plugins.ml2.drivers.ovn.mech_driver.mech_driver [None req-c278e9ac-872c-4923-8a1b-7485aa2b0b8a - - - - - -] OVN reports status down for port: bb3b780a-cd3f-4fde-8676-8d1b4c978869
2026-08-24 21:51:17.417 7 INFO neutron.db.ovn_revision_numbers_db [None req-4e7ac22e-bfa7-4b8e-aba7-32327af9f0de 66b5c85081074b708aef91fcbaacc247 eabaf4b3f91a434b8f3cf9793fb243a4 - - default default] Successfully bumped revision number for resource bb3b780a-cd3f-4fde-8676-8d1b4c978869 (type: ports) to 1
