Feb 17 02:23:25.920138 np0000155891 devstack@neutron-api.service[103556]: DEBUG neutron_lib.callbacks.manager [None req-955ff43a-01a6-48ab-883e-7d455dcb0fc3 None None] Subscribe: > security_group_rule precommit_create 55550000, False {{(pid=103556) subscribe /opt/stack/data/venv/lib/python3.12/site-packages/neutron_lib/callbacks/manager.py:52}}
Feb 17 02:23:25.920211 np0000155891 devstack@neutron-api.service[103554]: INFO neutron.api.extensions [None req-30026291-c66f-4e82-86d6-7b96062a65fa None None] Loaded extension: extraroute
Feb 17 02:23:25.920240 np0000155891 devstack@neutron-api.service[103556]: DEBUG neutron_lib.callbacks.manager [None req-955ff43a-01a6-48ab-883e-7d455dcb0fc3 None None] Subscribe: > security_group_rule after_create 55550000, False {{(pid=103556) subscribe /opt/stack/data/venv/lib/python3.12/site-packages/neutron_lib/callbacks/manager.py:52}}
Feb 17 02:23:25.920296 np0000155891 devstack@neutron-api.service[103554]: DEBUG neutron.api.extensions [None req-30026291-c66f-4e82-86d6-7b96062a65fa None None] Loading extension file: extraroute_atomic.py {{(pid=103554) _load_all_extensions_from_path /opt/stack/neutron/neutron/api/extensions.py:449}}
Feb 17 02:23:25.920346 np0000155891 devstack@neutron-api.service[103556]: DEBUG neutron_lib.callbacks.manager [None req-955ff43a-01a6-48ab-883e-7d455dcb0fc3 None None] Subscribe: > security_group_rule before_delete 55550000, False {{(pid=103556) subscribe /opt/stack/data/venv/lib/python3.12/site-packages/neutron_lib/callbacks/manager.py:52}}
Feb 17 02:23:25.920470 np0000155891 devstack@neutron-api.service[103556]: DEBUG neutron_lib.callbacks.manager [None req-955ff43a-01a6-48ab-883e-7d455dcb0fc3 None None] Subscribe: > address_group after_create 55550000, False {{(pid=103556) subscribe /opt/stack/data/venv/lib/python3.12/site-packages/neutron_lib/callbacks/manager.py:52}}
Feb 17 02:23:25.920546 np0000155891 devstack@neutron-api.service[103554]: DEBUG neutron.api.extensions [None req-30026291-c66f-4e82-86d6-7b96062a65fa None None] Ext name="Atomically add/remove extra routes" alias="extraroute-atomic" description="Edit extra routes of a router on server side by atomically adding/removing extra routes" updated="2019-07-10T00:00:00+00:00" {{(pid=103554) _check_extension /opt/stack/neutron/neutron/api/extensions.py:415}}
Feb 17 02:23:25.920579 np0000155891 devstack@neutron-api.service[103556]: DEBUG neutron_lib.callbacks.manager [None req-955ff43a-01a6-48ab-883e-7d455dcb0fc3 None None] Subscribe: > address_group after_update 55550000, False {{(pid=103556) subscribe /opt/stack/data/venv/lib/python3.12/site-packages/neutron_lib/callbacks/manager.py:52}}
Feb 17 02:23:25.920665 np0000155891 devstack@neutron-api.service[103556]: DEBUG neutron_lib.callbacks.manager [None req-955ff43a-01a6-48ab-883e-7d455dcb0fc3 None None] Subscribe: > address_group after_delete 55550000, False {{(pid=103556) subscribe /opt/stack/data/venv/lib/python3.12/site-packages/neutron_lib/callbacks/manager.py:52}}
Feb 17 02:23:25.920719 np0000155891 devstack@neutron-api.service[103554]: INFO neutron.api.extensions [None req-30026291-c66f-4e82-86d6-7b96062a65fa None None] Loaded extension: extraroute-atomic
Feb 17 02:23:25.921004 np0000155891 devstack@neutron-api.service[103554]: DEBUG neutron.api.extensions [None req-30026291-c66f-4e82-86d6-7b96062a65fa None None] Loading extension file: filter_validation.py {{(pid=103554) _load_all_extensions_from_path /opt/stack/neutron/neutron/api/extensions.py:449}}
Feb 17 02:23:25.921138 np0000155891 devstack@neutron-api.service[103556]: DEBUG neutron_lib.callbacks.manager [None req-955ff43a-01a6-48ab-883e-7d455dcb0fc3 None None] Subscribe: > qos_plugin after_init 55550000, False {{(pid=103556) subscribe /opt/stack/data/venv/lib/python3.12/site-packages/neutron_lib/callbacks/manager.py:52}}
Feb 17 02:23:25.921138 np0000155891 devstack@neutron-api.service[103556]: DEBUG neutron_lib.callbacks.manager [None req-955ff43a-01a6-48ab-883e-7d455dcb0fc3 None None] Subscribe: > trunk_plugin after_init 55550000, False {{(pid=103556) subscribe /opt/stack/data/venv/lib/python3.12/site-packages/neutron_lib/callbacks/manager.py:52}}
Feb 17 02:23:25.921196 np0000155891 devstack@neutron-api.service[103554]: DEBUG neutron.api.extensions [None req-30026291-c66f-4e82-86d6-7b96062a65fa None None] Ext name="Filter parameters validation" alias="filter-validation" description="Provides validation on filter parameters." updated="2018-07-04T10:00:00-00:00" {{(pid=103554) _check_extension /opt/stack/neutron/neutron/api/extensions.py:415}}
Feb 17 02:23:25.921254 np0000155891 devstack@neutron-api.service[103554]: INFO neutron.api.extensions [None req-30026291-c66f-4e82-86d6-7b96062a65fa None None] Loaded extension: filter-validation
Feb 17 02:23:25.921282 np0000155891 devstack@neutron-api.service[103556]: DEBUG neutron_lib.callbacks.manager [None req-955ff43a-01a6-48ab-883e-7d455dcb0fc3 None None] Subscribe: > logging-plugin after_init 55550000, False {{(pid=103556) subscribe /opt/stack/data/venv/lib/python3.12/site-packages/neutron_lib/callbacks/manager.py:52}}
Feb 17 02:23:25.921325 np0000155891 devstack@neutron-api.service[103554]: DEBUG neutron.api.extensions [None req-30026291-c66f-4e82-86d6-7b96062a65fa None None] Loading extension file: fip_pf_description.py {{(pid=103554) _load_all_extensions_from_path /opt/stack/neutron/neutron/api/extensions.py:449}}
Feb 17 02:23:25.921554 np0000155891 devstack@neutron-api.service[103554]: DEBUG neutron.api.extensions [None req-30026291-c66f-4e82-86d6-7b96062a65fa None None] Ext name="Floating IP Port Forwarding new attribute description" alias="floating-ip-port-forwarding-description" description="Add a description field to Port Forwarding rules" updated="2019-11-01T10:00:00-00:00" {{(pid=103554) _check_extension /opt/stack/neutron/neutron/api/extensions.py:415}}
Feb 17 02:23:25.921698 np0000155891 devstack@neutron-api.service[103556]: INFO neutron.services.logapi.drivers.ovn.driver [None req-955ff43a-01a6-48ab-883e-7d455dcb0fc3 None None] OVN logging driver registered
Feb 17 02:23:25.921729 np0000155891 devstack@neutron-api.service[103554]: INFO neutron.api.extensions [None req-30026291-c66f-4e82-86d6-7b96062a65fa None None] Extension floating-ip-port-forwarding-description not supported by any of loaded plugins
Feb 17 02:23:25.921809 np0000155891 devstack@neutron-api.service[103554]: DEBUG neutron.api.extensions [None req-30026291-c66f-4e82-86d6-7b96062a65fa None None] Loading extension file: fip_pf_detail.py {{(pid=103554) _load_all_extensions_from_path /opt/stack/neutron/neutron/api/extensions.py:449}}
Feb 17 02:23:25.922030 np0000155891 devstack@neutron-api.service[103554]: DEBUG neutron.api.extensions [None req-30026291-c66f-4e82-86d6-7b96062a65fa None None] Ext name="Floating IP port forwarding detail" alias="floating-ip-port-forwarding-detail" description="Allow list floating ip return more port forwarding data, include'id' and 'internal_port_id'" updated="2022-05-06T10:00:00-00:00" {{(pid=103554) _check_extension /opt/stack/neutron/neutron/api/extensions.py:415}}
Feb 17 02:23:25.922254 np0000155891 devstack@neutron-api.service[103554]: INFO neutron.api.extensions [None req-30026291-c66f-4e82-86d6-7b96062a65fa None None] Loaded extension: floating-ip-port-forwarding-detail
Feb 17 02:23:25.922308 np0000155891 devstack@neutron-api.service[103554]: DEBUG neutron.api.extensions [None req-30026291-c66f-4e82-86d6-7b96062a65fa None None] Loading extension file: fip_pf_port_range.py {{(pid=103554) _load_all_extensions_from_path /opt/stack/neutron/neutron/api/extensions.py:449}}
Feb 17 02:23:25.922541 np0000155891 devstack@neutron-api.service[103554]: DEBUG neutron.api.extensions [None req-30026291-c66f-4e82-86d6-7b96062a65fa None None] Ext name="Floating IP Port Forwarding support port ranges" alias="floating-ip-port-forwarding-port-ranges" description="Add support to port ranges" updated="2020-07-01T10:00:00-00:00" {{(pid=103554) _check_extension /opt/stack/neutron/neutron/api/extensions.py:415}}
Feb 17 02:23:25.922754 np0000155891 devstack@neutron-api.service[103554]: INFO neutron.api.extensions [None req-30026291-c66f-4e82-86d6-7b96062a65fa None None] Extension floating-ip-port-forwarding-port-ranges not supported by any of loaded plugins
Feb 17 02:23:25.922842 np0000155891 devstack@neutron-api.service[103554]: DEBUG neutron.api.extensions [None req-30026291-c66f-4e82-86d6-7b96062a65fa None None] Loading extension file: fip_port_details.py {{(pid=103554) _load_all_extensions_from_path /opt/stack/neutron/neutron/api/extensions.py:449}}
Feb 17 02:23:25.923244 np0000155891 devstack@neutron-api.service[103556]: DEBUG neutron.plugins.ml2.plugin [None req-955ff43a-01a6-48ab-883e-7d455dcb0fc3 None None] neutron.plugins.ml2.plugin.Ml2Plugin method _start_rpc_notifiers called with arguments () {} {{(pid=103556) wrapper /opt/stack/data/venv/lib/python3.12/site-packages/oslo_log/helpers.py:77}}
Feb 17 02:23:25.923280 np0000155891 devstack@neutron-api.service[103554]: DEBUG neutron.api.extensions [None req-30026291-c66f-4e82-86d6-7b96062a65fa None None] Ext name="Floating IP Port Details Extension" alias="fip-port-details" description="Add port_details attribute to Floating IP resource" updated="2018-04-09T10:00:00-00:00" {{(pid=103554) _check_extension /opt/stack/neutron/neutron/api/extensions.py:415}}
Feb 17 02:23:25.923406 np0000155891 devstack@neutron-api.service[103554]: INFO neutron.api.extensions [None req-30026291-c66f-4e82-86d6-7b96062a65fa None None] Loaded extension: fip-port-details
Feb 17 02:23:25.923461 np0000155891 devstack@neutron-api.service[103556]: DEBUG neutron_lib.callbacks.manager [None req-955ff43a-01a6-48ab-883e-7d455dcb0fc3 None None] Subscribe: > port after_create 55550000, False {{(pid=103556) subscribe /opt/stack/data/venv/lib/python3.12/site-packages/neutron_lib/callbacks/manager.py:52}}
Feb 17 02:23:25.923490 np0000155891 devstack@neutron-api.service[103554]: DEBUG neutron.api.extensions [None req-30026291-c66f-4e82-86d6-7b96062a65fa None None] Loading extension file: flavors.py {{(pid=103554) _load_all_extensions_from_path /opt/stack/neutron/neutron/api/extensions.py:449}}
Feb 17 02:23:25.923576 np0000155891 devstack@neutron-api.service[103556]: DEBUG neutron_lib.callbacks.manager [None req-955ff43a-01a6-48ab-883e-7d455dcb0fc3 None None] Subscribe: > port after_update 55550000, False {{(pid=103556) subscribe /opt/stack/data/venv/lib/python3.12/site-packages/neutron_lib/callbacks/manager.py:52}}
Feb 17 02:23:25.923681 np0000155891 devstack@neutron-api.service[103556]: DEBUG neutron_lib.callbacks.manager [None req-955ff43a-01a6-48ab-883e-7d455dcb0fc3 None None] Subscribe: > port after_delete 55550000, False {{(pid=103556) subscribe /opt/stack/data/venv/lib/python3.12/site-packages/neutron_lib/callbacks/manager.py:52}}
Feb 17 02:23:25.923751 np0000155891 devstack@neutron-api.service[103554]: DEBUG neutron.api.extensions [None req-30026291-c66f-4e82-86d6-7b96062a65fa None None] Ext name="Neutron Service Flavors" alias="flavors" description="Flavor specification for Neutron advanced services." updated="2015-09-17T10:00:00-00:00" {{(pid=103554) _check_extension /opt/stack/neutron/neutron/api/extensions.py:415}}
Feb 17 02:23:25.923794 np0000155891 devstack@neutron-api.service[103556]: DEBUG neutron_lib.callbacks.manager [None req-955ff43a-01a6-48ab-883e-7d455dcb0fc3 None None] Subscribe: > subnet after_create 55550000, False {{(pid=103556) subscribe /opt/stack/data/venv/lib/python3.12/site-packages/neutron_lib/callbacks/manager.py:52}}
Feb 17 02:23:25.923887 np0000155891 devstack@neutron-api.service[103556]: DEBUG neutron_lib.callbacks.manager [None req-955ff43a-01a6-48ab-883e-7d455dcb0fc3 None None] Subscribe: > subnet after_update 55550000, False {{(pid=103556) subscribe /opt/stack/data/venv/lib/python3.12/site-packages/neutron_lib/callbacks/manager.py:52}}
Feb 17 02:23:25.923917 np0000155891 devstack@neutron-api.service[103554]: INFO neutron.api.extensions [None req-30026291-c66f-4e82-86d6-7b96062a65fa None None] Loaded extension: flavors
Feb 17 02:23:25.924000 np0000155891 devstack@neutron-api.service[103556]: DEBUG neutron_lib.callbacks.manager [None req-955ff43a-01a6-48ab-883e-7d455dcb0fc3 None None] Subscribe: > subnet after_delete 55550000, False {{(pid=103556) subscribe /opt/stack/data/venv/lib/python3.12/site-packages/neutron_lib/callbacks/manager.py:52}}
Feb 17 02:23:25.924032 np0000155891 devstack@neutron-api.service[103554]: DEBUG neutron.api.extensions [None req-30026291-c66f-4e82-86d6-7b96062a65fa None None] Loading extension file: floating_ip_port_forwarding.py {{(pid=103554) _load_all_extensions_from_path /opt/stack/neutron/neutron/api/extensions.py:449}}
Feb 17 02:23:25.924143 np0000155891 devstack@neutron-api.service[103556]: DEBUG neutron_lib.callbacks.manager [None req-955ff43a-01a6-48ab-883e-7d455dcb0fc3 None None] Subscribe: > network after_create 55550000, False {{(pid=103556) subscribe /opt/stack/data/venv/lib/python3.12/site-packages/neutron_lib/callbacks/manager.py:52}}
Feb 17 02:23:25.924194 np0000155891 devstack@neutron-api.service[103556]: DEBUG neutron_lib.callbacks.manager [None req-955ff43a-01a6-48ab-883e-7d455dcb0fc3 None None] Subscribe: > network after_update 55550000, False {{(pid=103556) subscribe /opt/stack/data/venv/lib/python3.12/site-packages/neutron_lib/callbacks/manager.py:52}}
Feb 17 02:23:25.924301 np0000155891 devstack@neutron-api.service[103556]: DEBUG neutron_lib.callbacks.manager [None req-955ff43a-01a6-48ab-883e-7d455dcb0fc3 None None] Subscribe: > network after_delete 55550000, False {{(pid=103556) subscribe /opt/stack/data/venv/lib/python3.12/site-packages/neutron_lib/callbacks/manager.py:52}}
Feb 17 02:23:25.924359 np0000155891 devstack@neutron-api.service[103554]: DEBUG neutron.api.extensions [None req-30026291-c66f-4e82-86d6-7b96062a65fa None None] Ext name="Floating IP Port Forwarding" alias="floating-ip-port-forwarding" description="Allow port forwarding from floating IP port to an internal port" updated="2018-01-19T10:00:00-00:00" {{(pid=103554) _check_extension /opt/stack/neutron/neutron/api/extensions.py:415}}
Feb 17 02:23:25.924396 np0000155891 devstack@neutron-api.service[103556]: DEBUG neutron_lib.callbacks.manager [None req-955ff43a-01a6-48ab-883e-7d455dcb0fc3 None None] Subscribe: > security_group after_create 55550000, False {{(pid=103556) subscribe /opt/stack/data/venv/lib/python3.12/site-packages/neutron_lib/callbacks/manager.py:52}}
Feb 17 02:23:25.924486 np0000155891 devstack@neutron-api.service[103556]: DEBUG neutron_lib.callbacks.manager [None req-955ff43a-01a6-48ab-883e-7d455dcb0fc3 None None] Subscribe: > security_group after_update 55550000, False {{(pid=103556) subscribe /opt/stack/data/venv/lib/python3.12/site-packages/neutron_lib/callbacks/manager.py:52}}
Feb 17 02:23:25.924524 np0000155891 devstack@neutron-api.service[103554]: INFO neutron.api.extensions [None req-30026291-c66f-4e82-86d6-7b96062a65fa None None] Extension floating-ip-port-forwarding not supported by any of loaded plugins
Feb 17 02:23:25.924586 np0000155891 devstack@neutron-api.service[103556]: DEBUG neutron_lib.callbacks.manager [None req-955ff43a-01a6-48ab-883e-7d455dcb0fc3 None None] Subscribe: > security_group after_delete 55550000, False {{(pid=103556) subscribe /opt/stack/data/venv/lib/python3.12/site-packages/neutron_lib/callbacks/manager.py:52}}
Feb 17 02:23:25.924644 np0000155891 devstack@neutron-api.service[103554]: DEBUG neutron.api.extensions [None req-30026291-c66f-4e82-86d6-7b96062a65fa None None] Loading extension file: floatingip_pools.py {{(pid=103554) _load_all_extensions_from_path /opt/stack/neutron/neutron/api/extensions.py:449}}
Feb 17 02:23:25.924697 np0000155891 devstack@neutron-api.service[103556]: DEBUG neutron_lib.callbacks.manager [None req-955ff43a-01a6-48ab-883e-7d455dcb0fc3 None None] Subscribe: > security_group_rule after_create 55550000, False {{(pid=103556) subscribe /opt/stack/data/venv/lib/python3.12/site-packages/neutron_lib/callbacks/manager.py:52}}
Feb 17 02:23:25.924816 np0000155891 devstack@neutron-api.service[103556]: DEBUG neutron_lib.callbacks.manager [None req-955ff43a-01a6-48ab-883e-7d455dcb0fc3 None None] Subscribe: > security_group_rule after_update 55550000, False {{(pid=103556) subscribe /opt/stack/data/venv/lib/python3.12/site-packages/neutron_lib/callbacks/manager.py:52}}
Feb 17 02:23:25.924887 np0000155891 devstack@neutron-api.service[103554]: DEBUG neutron.api.extensions [None req-30026291-c66f-4e82-86d6-7b96062a65fa None None] Ext name="Floating IP Pools Extension" alias="floatingip-pools" description="Provides a floating IP pools API." updated="2018-03-21T10:00:00-00:00" {{(pid=103554) _check_extension /opt/stack/neutron/neutron/api/extensions.py:415}}
Feb 17 02:23:25.924926 np0000155891 devstack@neutron-api.service[103556]: DEBUG neutron_lib.callbacks.manager [None req-955ff43a-01a6-48ab-883e-7d455dcb0fc3 None None] Subscribe: > security_group_rule after_delete 55550000, False {{(pid=103556) subscribe /opt/stack/data/venv/lib/python3.12/site-packages/neutron_lib/callbacks/manager.py:52}}
Feb 17 02:23:25.925018 np0000155891 devstack@neutron-api.service[103556]: DEBUG neutron_lib.callbacks.manager [None req-955ff43a-01a6-48ab-883e-7d455dcb0fc3 None None] Subscribe: > address_group after_create 55550000, False {{(pid=103556) subscribe /opt/stack/data/venv/lib/python3.12/site-packages/neutron_lib/callbacks/manager.py:52}}
Feb 17 02:23:25.925055 np0000155891 devstack@neutron-api.service[103554]: INFO neutron.api.extensions [None req-30026291-c66f-4e82-86d6-7b96062a65fa None None] Loaded extension: floatingip-pools
Feb 17 02:23:25.925181 np0000155891 devstack@neutron-api.service[103556]: DEBUG neutron_lib.callbacks.manager [None req-955ff43a-01a6-48ab-883e-7d455dcb0fc3 None None] Subscribe: > address_group after_update 55550000, False {{(pid=103556) subscribe /opt/stack/data/venv/lib/python3.12/site-packages/neutron_lib/callbacks/manager.py:52}}
Feb 17 02:23:25.925208 np0000155891 devstack@neutron-api.service[103554]: DEBUG neutron.api.extensions [None req-30026291-c66f-4e82-86d6-7b96062a65fa None None] Loading extension file: ip_allocation.py {{(pid=103554) _load_all_extensions_from_path /opt/stack/neutron/neutron/api/extensions.py:449}}
Feb 17 02:23:25.925232 np0000155891 devstack@neutron-api.service[103556]: DEBUG neutron_lib.callbacks.manager [None req-955ff43a-01a6-48ab-883e-7d455dcb0fc3 None None] Subscribe: > address_group after_delete 55550000, False {{(pid=103556) subscribe /opt/stack/data/venv/lib/python3.12/site-packages/neutron_lib/callbacks/manager.py:52}}
Feb 17 02:23:25.925287 np0000155891 devstack@neutron-api.service[103557]: DEBUG neutron_lib.callbacks.manager [None req-a1a04d76-2cfe-4367-b462-e49c4637f6d8 None None] Subscribe: > router before_delete 55550000, False {{(pid=103557) subscribe /opt/stack/data/venv/lib/python3.12/site-packages/neutron_lib/callbacks/manager.py:52}}
Feb 17 02:23:25.925336 np0000155891 devstack@neutron-api.service[103556]: DEBUG neutron.plugins.ml2.ovo_rpc [None req-955ff43a-01a6-48ab-883e-7d455dcb0fc3 None None] ML2 OVO RPC backend initialized. {{(pid=103556) __init__ /opt/stack/neutron/neutron/plugins/ml2/ovo_rpc.py:117}}
Feb 17 02:23:25.925397 np0000155891 devstack@neutron-api.service[103554]: DEBUG neutron.api.extensions [None req-30026291-c66f-4e82-86d6-7b96062a65fa None None] Ext name="IP Allocation" alias="ip_allocation" description="IP allocation extension." updated="2016-06-10T23:00:00-00:00" {{(pid=103554) _check_extension /opt/stack/neutron/neutron/api/extensions.py:415}}
Feb 17 02:23:25.925454 np0000155891 devstack@neutron-api.service[103557]: DEBUG neutron_lib.callbacks.manager [None req-a1a04d76-2cfe-4367-b462-e49c4637f6d8 None None] Subscribe: port after_update 55550000, False {{(pid=103557) subscribe /opt/stack/data/venv/lib/python3.12/site-packages/neutron_lib/callbacks/manager.py:52}}
Feb 17 02:23:25.925543 np0000155891 devstack@neutron-api.service[103557]: DEBUG neutron_lib.callbacks.manager [None req-a1a04d76-2cfe-4367-b462-e49c4637f6d8 None None] Subscribe: port after_delete 55550000, False {{(pid=103557) subscribe /opt/stack/data/venv/lib/python3.12/site-packages/neutron_lib/callbacks/manager.py:52}}
Feb 17 02:23:25.925572 np0000155891 devstack@neutron-api.service[103554]: INFO neutron.api.extensions [None req-30026291-c66f-4e82-86d6-7b96062a65fa None None] Extension ip_allocation not supported by any of loaded plugins
Feb 17 02:23:25.925645 np0000155891 devstack@neutron-api.service[103557]: DEBUG neutron_lib.callbacks.manager [None req-a1a04d76-2cfe-4367-b462-e49c4637f6d8 None None] Subscribe: subnet after_update 55550000, False {{(pid=103557) subscribe /opt/stack/data/venv/lib/python3.12/site-packages/neutron_lib/callbacks/manager.py:52}}
Feb 17 02:23:25.925705 np0000155891 devstack@neutron-api.service[103554]: DEBUG neutron.api.extensions [None req-30026291-c66f-4e82-86d6-7b96062a65fa None None] Loading extension file: ip_substring_port_filtering.py {{(pid=103554) _load_all_extensions_from_path /opt/stack/neutron/neutron/api/extensions.py:449}}
Feb 17 02:23:25.925787 np0000155891 devstack@neutron-api.service[103557]: DEBUG neutron_lib.callbacks.manager [None req-a1a04d76-2cfe-4367-b462-e49c4637f6d8 None None] Subscribe: subnetpool_address_scope after_update 55550000, False {{(pid=103557) subscribe /opt/stack/data/venv/lib/python3.12/site-packages/neutron_lib/callbacks/manager.py:52}}
Feb 17 02:23:25.925849 np0000155891 devstack@neutron-api.service[103557]: DEBUG neutron_lib.callbacks.manager [None req-a1a04d76-2cfe-4367-b462-e49c4637f6d8 None None] Subscribe: port before_update 55550000, False {{(pid=103557) subscribe /opt/stack/data/venv/lib/python3.12/site-packages/neutron_lib/callbacks/manager.py:52}}
Feb 17 02:23:25.925874 np0000155891 devstack@neutron-api.service[103554]: DEBUG neutron.api.extensions [None req-30026291-c66f-4e82-86d6-7b96062a65fa None None] Ext name="IP address substring filtering" alias="ip-substring-filtering" description="Provides IP address substring filtering when listing ports" updated="2017-11-28T09:00:00-00:00" {{(pid=103554) _check_extension /opt/stack/neutron/neutron/api/extensions.py:415}}
Feb 17 02:23:25.925955 np0000155891 devstack@neutron-api.service[103557]: DEBUG neutron_lib.callbacks.manager [None req-a1a04d76-2cfe-4367-b462-e49c4637f6d8 None None] Subscribe: port after_update 55550000, False {{(pid=103557) subscribe /opt/stack/data/venv/lib/python3.12/site-packages/neutron_lib/callbacks/manager.py:52}}
Feb 17 02:23:25.926040 np0000155891 devstack@neutron-api.service[103554]: INFO neutron.api.extensions [None req-30026291-c66f-4e82-86d6-7b96062a65fa None None] Extension ip-substring-filtering not supported by any of loaded plugins
Feb 17 02:23:25.926070 np0000155891 devstack@neutron-api.service[103557]: DEBUG neutron_lib.callbacks.manager [None req-a1a04d76-2cfe-4367-b462-e49c4637f6d8 None None] Subscribe: > port precommit_delete 55550000, False {{(pid=103557) subscribe /opt/stack/data/venv/lib/python3.12/site-packages/neutron_lib/callbacks/manager.py:52}}
Feb 17 02:23:25.926184 np0000155891 devstack@neutron-api.service[103556]: INFO neutron.quota [None req-955ff43a-01a6-48ab-883e-7d455dcb0fc3 None None] Loaded quota_driver: .
Feb 17 02:23:25.926213 np0000155891 devstack@neutron-api.service[103554]: DEBUG neutron.api.extensions [None req-30026291-c66f-4e82-86d6-7b96062a65fa None None] Loading extension file: l2_adjacency.py {{(pid=103554) _load_all_extensions_from_path /opt/stack/neutron/neutron/api/extensions.py:449}}
Feb 17 02:23:25.926238 np0000155891 devstack@neutron-api.service[103557]: DEBUG neutron_lib.callbacks.manager [None req-a1a04d76-2cfe-4367-b462-e49c4637f6d8 None None] Subscribe: port before_update 55550000, False {{(pid=103557) subscribe /opt/stack/data/venv/lib/python3.12/site-packages/neutron_lib/callbacks/manager.py:52}}
Feb 17 02:23:25.926314 np0000155891 devstack@neutron-api.service[103556]: INFO neutron.plugins.ml2.plugin [None req-955ff43a-01a6-48ab-883e-7d455dcb0fc3 None None] Modular L2 Plugin initialization complete
Feb 17 02:23:25.926378 np0000155891 devstack@neutron-api.service[103557]: DEBUG neutron_lib.callbacks.manager [None req-a1a04d76-2cfe-4367-b462-e49c4637f6d8 None None] Subscribe: port before_delete 55550000, False {{(pid=103557) subscribe /opt/stack/data/venv/lib/python3.12/site-packages/neutron_lib/callbacks/manager.py:52}}
Feb 17 02:23:25.926454 np0000155891 devstack@neutron-api.service[103556]: DEBUG neutron.manager [None req-955ff43a-01a6-48ab-883e-7d455dcb0fc3 None None] Loading services supported by the core plugin {{(pid=103556) _load_services_from_core_plugin /opt/stack/neutron/neutron/manager.py:169}}
Feb 17 02:23:25.926550 np0000155891 devstack@neutron-api.service[103557]: DEBUG neutron_lib.callbacks.manager [None req-a1a04d76-2cfe-4367-b462-e49c4637f6d8 None None] Subscribe: > router precommit_create 55550000, False {{(pid=103557) subscribe /opt/stack/data/venv/lib/python3.12/site-packages/neutron_lib/callbacks/manager.py:52}}
Feb 17 02:23:25.926651 np0000155891 devstack@neutron-api.service[103554]: DEBUG neutron.api.extensions [None req-30026291-c66f-4e82-86d6-7b96062a65fa None None] Ext name="L2 Adjacency" alias="l2_adjacency" description="Display L2 Adjacency for Neutron Networks." updated="2016-04-12T16:00:00-00:00" {{(pid=103554) _check_extension /opt/stack/neutron/neutron/api/extensions.py:415}}
Feb 17 02:23:25.926811 np0000155891 devstack@neutron-api.service[103556]: INFO neutron.plugins.ml2.managers [None req-955ff43a-01a6-48ab-883e-7d455dcb0fc3 None None] Got port-security extension from driver 'port_security'
Feb 17 02:23:25.926927 np0000155891 devstack@neutron-api.service[103557]: DEBUG neutron_lib.callbacks.manager [None req-a1a04d76-2cfe-4367-b462-e49c4637f6d8 None None] Subscribe: > router precommit_create 55550000, False {{(pid=103557) subscribe /opt/stack/data/venv/lib/python3.12/site-packages/neutron_lib/callbacks/manager.py:52}}
Feb 17 02:23:25.927055 np0000155891 devstack@neutron-api.service[103554]: INFO neutron.api.extensions [None req-30026291-c66f-4e82-86d6-7b96062a65fa None None] Extension l2_adjacency not supported by any of loaded plugins
Feb 17 02:23:25.927085 np0000155891 devstack@neutron-api.service[103557]: DEBUG neutron_lib.callbacks.manager [None req-a1a04d76-2cfe-4367-b462-e49c4637f6d8 None None] Subscribe: > router precommit_update 55550000, False {{(pid=103557) subscribe /opt/stack/data/venv/lib/python3.12/site-packages/neutron_lib/callbacks/manager.py:52}}
Feb 17 02:23:25.927135 np0000155891 devstack@neutron-api.service[103554]: DEBUG neutron.api.extensions [None req-30026291-c66f-4e82-86d6-7b96062a65fa None None] Loading extension file: l3.py {{(pid=103554) _load_all_extensions_from_path /opt/stack/neutron/neutron/api/extensions.py:449}}
Feb 17 02:23:25.927164 np0000155891 devstack@neutron-api.service[103557]: DEBUG neutron_lib.callbacks.manager [None req-a1a04d76-2cfe-4367-b462-e49c4637f6d8 None None] Subscribe: subnet after_update 55550000, False {{(pid=103557) subscribe /opt/stack/data/venv/lib/python3.12/site-packages/neutron_lib/callbacks/manager.py:52}}
Feb 17 02:23:25.927221 np0000155891 devstack@neutron-api.service[103556]: DEBUG neutron.manager [None req-955ff43a-01a6-48ab-883e-7d455dcb0fc3 None None] Loading service plugins: ['ovn-router', 'auto_allocate', 'tag', 'timestamp', 'network_ip_availability', 'flavors', 'revisions'] {{(pid=103556) _load_service_plugins /opt/stack/neutron/neutron/manager.py:194}}
Feb 17 02:23:25.927221 np0000155891 devstack@neutron-api.service[103556]: INFO neutron.manager [None req-955ff43a-01a6-48ab-883e-7d455dcb0fc3 None None] Loading Plugin: ovn-router
Feb 17 02:23:25.927295 np0000155891 devstack@neutron-api.service[103554]: DEBUG neutron.api.extensions [None req-30026291-c66f-4e82-86d6-7b96062a65fa None None] Ext name="Neutron L3 Router" alias="router" description="Router abstraction for basic L3 forwarding between L2 Neutron networks and access to external networks via a NAT gateway." updated="2012-07-20T10:00:00-00:00" {{(pid=103554) _check_extension /opt/stack/neutron/neutron/api/extensions.py:415}}
Feb 17 02:23:25.927295 np0000155891 devstack@neutron-api.service[103554]: INFO neutron.api.extensions [None req-30026291-c66f-4e82-86d6-7b96062a65fa None None] Loaded extension: router
Feb 17 02:23:25.927412 np0000155891 devstack@neutron-api.service[103554]: DEBUG neutron.api.extensions [None req-30026291-c66f-4e82-86d6-7b96062a65fa None None] Loading extension file: l3_conntrack_helper.py {{(pid=103554) _load_all_extensions_from_path /opt/stack/neutron/neutron/api/extensions.py:449}}
Feb 17 02:23:25.927441 np0000155891 devstack@neutron-api.service[103557]: DEBUG neutron.quota.resource_registry [None req-a1a04d76-2cfe-4367-b462-e49c4637f6d8 None None] Tracking information for resource: router configured {{(pid=103557) set_tracked_resource /opt/stack/neutron/neutron/quota/resource_registry.py:203}}
Feb 17 02:23:25.927514 np0000155891 devstack@neutron-api.service[103557]: DEBUG neutron.quota.resource_registry [None req-a1a04d76-2cfe-4367-b462-e49c4637f6d8 None None] Tracking information for resource: floatingip configured {{(pid=103557) set_tracked_resource /opt/stack/neutron/neutron/quota/resource_registry.py:203}}
Feb 17 02:23:25.927603 np0000155891 devstack@neutron-api.service[103557]: INFO neutron.services.ovn_l3.plugin [None req-a1a04d76-2cfe-4367-b462-e49c4637f6d8 None None] Starting OVNL3RouterPlugin
Feb 17 02:23:25.927816 np0000155891 devstack@neutron-api.service[103557]: DEBUG neutron_lib.callbacks.manager [None req-a1a04d76-2cfe-4367-b462-e49c4637f6d8 None None] Subscribe: > port_forwarding_plugin after_init 55550000, False {{(pid=103557) subscribe /opt/stack/data/venv/lib/python3.12/site-packages/neutron_lib/callbacks/manager.py:52}}
Feb 17 02:23:25.928001 np0000155891 devstack@neutron-api.service[103554]: DEBUG neutron.api.extensions [None req-30026291-c66f-4e82-86d6-7b96062a65fa None None] Ext name="L3 Conntrack helper" alias="l3-conntrack-helper" description="Allow adding CT target rules for conntrack helper" updated="2019-04-04T10:00:00-00:00" {{(pid=103554) _check_extension /opt/stack/neutron/neutron/api/extensions.py:415}}
Feb 17 02:23:25.928071 np0000155891 devstack@neutron-api.service[103557]: DEBUG neutron_lib.callbacks.manager [None req-a1a04d76-2cfe-4367-b462-e49c4637f6d8 None None] Subscribe: > router before_create 55550100, False {{(pid=103557) subscribe /opt/stack/data/venv/lib/python3.12/site-packages/neutron_lib/callbacks/manager.py:52}}
Feb 17 02:23:25.928214 np0000155891 devstack@neutron-api.service[103554]: INFO neutron.api.extensions [None req-30026291-c66f-4e82-86d6-7b96062a65fa None None] Extension l3-conntrack-helper not supported by any of loaded plugins
Feb 17 02:23:25.928251 np0000155891 devstack@neutron-api.service[103557]: DEBUG neutron_lib.callbacks.manager [None req-a1a04d76-2cfe-4367-b462-e49c4637f6d8 None None] Subscribe: > router precommit_delete 55550100, False {{(pid=103557) subscribe /opt/stack/data/venv/lib/python3.12/site-packages/neutron_lib/callbacks/manager.py:52}}
Feb 17 02:23:25.928281 np0000155891 devstack@neutron-api.service[103554]: DEBUG neutron.api.extensions [None req-30026291-c66f-4e82-86d6-7b96062a65fa None None] Loading extension file: l3_enable_default_route_bfd.py {{(pid=103554) _load_all_extensions_from_path /opt/stack/neutron/neutron/api/extensions.py:449}}
Feb 17 02:23:25.928353 np0000155891 devstack@neutron-api.service[103557]: DEBUG neutron_lib.callbacks.manager [None req-a1a04d76-2cfe-4367-b462-e49c4637f6d8 None None] Subscribe: > router precommit_create 55550100, False {{(pid=103557) subscribe /opt/stack/data/venv/lib/python3.12/site-packages/neutron_lib/callbacks/manager.py:52}}
Feb 17 02:23:25.928490 np0000155891 devstack@neutron-api.service[103557]: DEBUG neutron_lib.callbacks.manager [None req-a1a04d76-2cfe-4367-b462-e49c4637f6d8 None None] Subscribe: > router precommit_update 55550100, False {{(pid=103557) subscribe /opt/stack/data/venv/lib/python3.12/site-packages/neutron_lib/callbacks/manager.py:52}}
Feb 17 02:23:25.928550 np0000155891 devstack@neutron-api.service[103554]: DEBUG neutron.api.extensions [None req-30026291-c66f-4e82-86d6-7b96062a65fa None None] Ext name="Enable Default Route BFD" alias="enable-default-route-bfd" description="Enables configurable BFD behavior for default routes" updated="2023-02-27T00:00:00-00:00" {{(pid=103554) _check_extension /opt/stack/neutron/neutron/api/extensions.py:415}}
Feb 17 02:23:25.928680 np0000155891 devstack@neutron-api.service[103554]: INFO neutron.api.extensions [None req-30026291-c66f-4e82-86d6-7b96062a65fa None None] Loaded extension: enable-default-route-bfd
Feb 17 02:23:25.928818 np0000155891 devstack@neutron-api.service[103554]: DEBUG neutron.api.extensions [None req-30026291-c66f-4e82-86d6-7b96062a65fa None None] Loading extension file: l3_enable_default_route_ecmp.py {{(pid=103554) _load_all_extensions_from_path /opt/stack/neutron/neutron/api/extensions.py:449}}
Feb 17 02:23:25.929033 np0000155891 devstack@neutron-api.service[103554]: DEBUG neutron.api.extensions [None req-30026291-c66f-4e82-86d6-7b96062a65fa None None] Ext name="Enable Default Route ECMP" alias="enable-default-route-ecmp" description="Enables configurable ECMP behavior for default routes" updated="2023-02-27T00:00:00-00:00" {{(pid=103554) _check_extension /opt/stack/neutron/neutron/api/extensions.py:415}}
Feb 17 02:23:25.929226 np0000155891 devstack@neutron-api.service[103554]: INFO neutron.api.extensions [None req-30026291-c66f-4e82-86d6-7b96062a65fa None None] Loaded extension: enable-default-route-ecmp
Feb 17 02:23:25.929306 np0000155891 devstack@neutron-api.service[103554]: DEBUG neutron.api.extensions [None req-30026291-c66f-4e82-86d6-7b96062a65fa None None] Loading extension file: l3_ext_gw_mode.py {{(pid=103554) _load_all_extensions_from_path /opt/stack/neutron/neutron/api/extensions.py:449}}
Feb 17 02:23:25.929536 np0000155891 devstack@neutron-api.service[103554]: DEBUG neutron.api.extensions [None req-30026291-c66f-4e82-86d6-7b96062a65fa None None] Ext name="Neutron L3 Configurable external gateway mode" alias="ext-gw-mode" description="Extension of the router abstraction for specifying whether SNAT should occur on the external gateway" updated="2013-03-28T10:00:00-00:00" {{(pid=103554) _check_extension /opt/stack/neutron/neutron/api/extensions.py:415}}
Feb 17 02:23:25.929709 np0000155891 devstack@neutron-api.service[103554]: INFO neutron.api.extensions [None req-30026291-c66f-4e82-86d6-7b96062a65fa None None] Loaded extension: ext-gw-mode
Feb 17 02:23:25.929825 np0000155891 devstack@neutron-api.service[103554]: DEBUG neutron.api.extensions [None req-30026291-c66f-4e82-86d6-7b96062a65fa None None] Loading extension file: l3_ext_ha_mode.py {{(pid=103554) _load_all_extensions_from_path /opt/stack/neutron/neutron/api/extensions.py:449}}
Feb 17 02:23:25.930016 np0000155891 devstack@neutron-api.service[103554]: DEBUG neutron.api.extensions [None req-30026291-c66f-4e82-86d6-7b96062a65fa None None] Ext name="HA Router extension" alias="l3-ha" description="Adds HA capability to routers." updated="2014-04-26T00:00:00-00:00" {{(pid=103554) _check_extension /opt/stack/neutron/neutron/api/extensions.py:415}}
Feb 17 02:23:25.930220 np0000155891 devstack@neutron-api.service[103554]: INFO neutron.api.extensions [None req-30026291-c66f-4e82-86d6-7b96062a65fa None None] Loaded extension: l3-ha
Feb 17 02:23:25.930298 np0000155891 devstack@neutron-api.service[103554]: DEBUG neutron.api.extensions [None req-30026291-c66f-4e82-86d6-7b96062a65fa None None] Loading extension file: l3_ext_ndp_proxy.py {{(pid=103554) _load_all_extensions_from_path /opt/stack/neutron/neutron/api/extensions.py:449}}
Feb 17 02:23:25.930534 np0000155891 devstack@neutron-api.service[103554]: DEBUG neutron.api.extensions [None req-30026291-c66f-4e82-86d6-7b96062a65fa None None] Ext name="Router support to enable NDP proxy" alias="l3-ext-ndp-proxy" description="Router extension to enable ndp proxy" updated="2020-08-25T00:00:00-00:00" {{(pid=103554) _check_extension /opt/stack/neutron/neutron/api/extensions.py:415}}
Feb 17 02:23:25.930695 np0000155891 devstack@neutron-api.service[103554]: INFO neutron.api.extensions [None req-30026291-c66f-4e82-86d6-7b96062a65fa None None] Extension l3-ext-ndp-proxy not supported by any of loaded plugins
Feb 17 02:23:25.930833 np0000155891 devstack@neutron-api.service[103554]: DEBUG neutron.api.extensions [None req-30026291-c66f-4e82-86d6-7b96062a65fa None None] Loading extension file: l3_extra_gws.py {{(pid=103554) _load_all_extensions_from_path /opt/stack/neutron/neutron/api/extensions.py:449}}
Feb 17 02:23:25.931049 np0000155891 devstack@neutron-api.service[103554]: DEBUG neutron.api.extensions [None req-30026291-c66f-4e82-86d6-7b96062a65fa None None] Ext name="Neutron L3 External Gateway Multihoming" alias="external-gateway-multihoming" description="Allow multiple external gateway ports per router" updated="2023-01-18T00:00:00-00:00" {{(pid=103554) _check_extension /opt/stack/neutron/neutron/api/extensions.py:415}}
Feb 17 02:23:25.931233 np0000155891 devstack@neutron-api.service[103554]: INFO neutron.api.extensions [None req-30026291-c66f-4e82-86d6-7b96062a65fa None None] Loaded extension: external-gateway-multihoming
Feb 17 02:23:25.931329 np0000155891 devstack@neutron-api.service[103554]: DEBUG neutron.api.extensions [None req-30026291-c66f-4e82-86d6-7b96062a65fa None None] Loading extension file: l3_flavors.py {{(pid=103554) _load_all_extensions_from_path /opt/stack/neutron/neutron/api/extensions.py:449}}
Feb 17 02:23:25.931558 np0000155891 devstack@neutron-api.service[103554]: DEBUG neutron.api.extensions [None req-30026291-c66f-4e82-86d6-7b96062a65fa None None] Ext name="Router Flavor Extension" alias="l3-flavors" description="Flavor support for routers." updated="2016-05-17T00:00:00-00:00" {{(pid=103554) _check_extension /opt/stack/neutron/neutron/api/extensions.py:415}}
Feb 17 02:23:25.931739 np0000155891 devstack@neutron-api.service[103554]: INFO neutron.api.extensions [None req-30026291-c66f-4e82-86d6-7b96062a65fa None None] Loaded extension: l3-flavors
Feb 17 02:23:25.931825 np0000155891 devstack@neutron-api.service[103554]: DEBUG neutron.api.extensions [None req-30026291-c66f-4e82-86d6-7b96062a65fa None None] Loading extension file: l3_ndp_proxy.py {{(pid=103554) _load_all_extensions_from_path /opt/stack/neutron/neutron/api/extensions.py:449}}
Feb 17 02:23:25.931852 np0000155891 devstack@neutron-api.service[103557]: DEBUG neutron.services.provider_configuration [None req-a1a04d76-2cfe-4367-b462-e49c4637f6d8 None None] Service providers = [] {{(pid=103557) parse_service_provider_opt /opt/stack/neutron/neutron/services/provider_configuration.py:171}}
Feb 17 02:23:25.931910 np0000155891 devstack@neutron-api.service[103557]: DEBUG neutron.db.servicetype_db [None req-a1a04d76-2cfe-4367-b462-e49c4637f6d8 None None] Adding provider configuration for service L3_ROUTER_NAT {{(pid=103557) add_provider_configuration /opt/stack/neutron/neutron/db/servicetype_db.py:42}}
Feb 17 02:23:25.932090 np0000155891 devstack@neutron-api.service[103554]: DEBUG neutron.api.extensions [None req-30026291-c66f-4e82-86d6-7b96062a65fa None None] Ext name="name" alias="l3-ndp-proxy" description="description" updated="2021-06-29T10:00:00-00:00" {{(pid=103554) _check_extension /opt/stack/neutron/neutron/api/extensions.py:415}}
Feb 17 02:23:25.932279 np0000155891 devstack@neutron-api.service[103554]: INFO neutron.api.extensions [None req-30026291-c66f-4e82-86d6-7b96062a65fa None None] Extension l3-ndp-proxy not supported by any of loaded plugins
Feb 17 02:23:25.932389 np0000155891 devstack@neutron-api.service[103554]: DEBUG neutron.api.extensions [None req-30026291-c66f-4e82-86d6-7b96062a65fa None None] Loading extension file: l3_port_ip_change_not_allowed.py {{(pid=103554) _load_all_extensions_from_path /opt/stack/neutron/neutron/api/extensions.py:449}}
Feb 17 02:23:25.932419 np0000155891 devstack@neutron-api.service[103555]: DEBUG ovsdbapp.backend.ovs_idl [None req-41ecfc5a-4f4d-4abf-8f51-613785ea8be1 None None] Created lookup_table index Chassis.name {{(pid=103555) autocreate_indices /opt/stack/data/venv/lib/python3.12/site-packages/ovsdbapp/backend/ovs_idl/__init__.py:87}}
Feb 17 02:23:25.932536 np0000155891 devstack@neutron-api.service[103555]: DEBUG ovsdbapp.backend.ovs_idl [None req-41ecfc5a-4f4d-4abf-8f51-613785ea8be1 None None] Created lookup_table index Port_Binding.logical_port {{(pid=103555) autocreate_indices /opt/stack/data/venv/lib/python3.12/site-packages/ovsdbapp/backend/ovs_idl/__init__.py:87}}
Feb 17 02:23:25.932617 np0000155891 devstack@neutron-api.service[103554]: DEBUG neutron.api.extensions [None req-30026291-c66f-4e82-86d6-7b96062a65fa None None] Ext name="Prevent L3 router ports IP address change extension" alias="l3-port-ip-change-not-allowed" description="Prevent change of IP address for some L3 router ports" updated="2018-10-09T10:00:00-00:00" {{(pid=103554) _check_extension /opt/stack/neutron/neutron/api/extensions.py:415}}
Feb 17 02:23:25.932648 np0000155891 devstack@neutron-api.service[103555]: DEBUG ovsdbapp.backend.ovs_idl [None req-41ecfc5a-4f4d-4abf-8f51-613785ea8be1 None None] Created schema index Chassis_Private.name {{(pid=103555) autocreate_indices /opt/stack/data/venv/lib/python3.12/site-packages/ovsdbapp/backend/ovs_idl/__init__.py:106}}
Feb 17 02:23:25.932708 np0000155891 devstack@neutron-api.service[103555]: DEBUG ovsdbapp.backend.ovs_idl [None req-41ecfc5a-4f4d-4abf-8f51-613785ea8be1 None None] Created schema index Datapath_Binding.tunnel_key {{(pid=103555) autocreate_indices /opt/stack/data/venv/lib/python3.12/site-packages/ovsdbapp/backend/ovs_idl/__init__.py:106}}
Feb 17 02:23:25.932808 np0000155891 devstack@neutron-api.service[103554]: INFO neutron.api.extensions [None req-30026291-c66f-4e82-86d6-7b96062a65fa None None] Extension l3-port-ip-change-not-allowed not supported by any of loaded plugins
Feb 17 02:23:25.932899 np0000155891 devstack@neutron-api.service[103554]: DEBUG neutron.api.extensions [None req-30026291-c66f-4e82-86d6-7b96062a65fa None None] Loading extension file: l3agentscheduler.py {{(pid=103554) _load_all_extensions_from_path /opt/stack/neutron/neutron/api/extensions.py:449}}
Feb 17 02:23:25.933288 np0000155891 devstack@neutron-api.service[103557]: DEBUG neutron_lib.callbacks.manager [None req-a1a04d76-2cfe-4367-b462-e49c4637f6d8 None None] Subscribe: > router precommit_create 55549900, False {{(pid=103557) subscribe /opt/stack/data/venv/lib/python3.12/site-packages/neutron_lib/callbacks/manager.py:52}}
Feb 17 02:23:25.933383 np0000155891 devstack@neutron-api.service[103557]: DEBUG neutron_lib.callbacks.manager [None req-a1a04d76-2cfe-4367-b462-e49c4637f6d8 None None] Subscribe: > router_interface after_create 55550000, False {{(pid=103557) subscribe /opt/stack/data/venv/lib/python3.12/site-packages/neutron_lib/callbacks/manager.py:52}}
Feb 17 02:23:25.933419 np0000155891 devstack@neutron-api.service[103554]: DEBUG neutron.api.extensions [None req-30026291-c66f-4e82-86d6-7b96062a65fa None None] Ext name="L3 Agent Scheduler" alias="l3_agent_scheduler" description="Schedule routers among l3 agents" updated="2013-02-07T10:00:00-00:00" {{(pid=103554) _check_extension /opt/stack/neutron/neutron/api/extensions.py:415}}
Feb 17 02:23:25.933504 np0000155891 devstack@neutron-api.service[103557]: DEBUG neutron_lib.callbacks.manager [None req-a1a04d76-2cfe-4367-b462-e49c4637f6d8 None None] Subscribe: > floatingip after_create 55550000, False {{(pid=103557) subscribe /opt/stack/data/venv/lib/python3.12/site-packages/neutron_lib/callbacks/manager.py:52}}
Feb 17 02:23:25.933586 np0000155891 devstack@neutron-api.service[103554]: INFO neutron.api.extensions [None req-30026291-c66f-4e82-86d6-7b96062a65fa None None] Extension l3_agent_scheduler not supported by any of loaded plugins
Feb 17 02:23:25.933614 np0000155891 devstack@neutron-api.service[103557]: DEBUG neutron_lib.callbacks.manager [None req-a1a04d76-2cfe-4367-b462-e49c4637f6d8 None None] Subscribe: > floatingip precommit_create 55550000, False {{(pid=103557) subscribe /opt/stack/data/venv/lib/python3.12/site-packages/neutron_lib/callbacks/manager.py:52}}
Feb 17 02:23:25.933701 np0000155891 devstack@neutron-api.service[103554]: DEBUG neutron.api.extensions [None req-30026291-c66f-4e82-86d6-7b96062a65fa None None] Loading extension file: local_ip.py {{(pid=103554) _load_all_extensions_from_path /opt/stack/neutron/neutron/api/extensions.py:449}}
Feb 17 02:23:25.933730 np0000155891 devstack@neutron-api.service[103557]: DEBUG neutron_lib.callbacks.manager [None req-a1a04d76-2cfe-4367-b462-e49c4637f6d8 None None] Subscribe: > floatingip precommit_update 55550000, False {{(pid=103557) subscribe /opt/stack/data/venv/lib/python3.12/site-packages/neutron_lib/callbacks/manager.py:52}}
Feb 17 02:23:25.933791 np0000155891 devstack@neutron-api.service[103557]: DEBUG neutron_lib.callbacks.manager [None req-a1a04d76-2cfe-4367-b462-e49c4637f6d8 None None] Subscribe: > floatingip after_delete 55550000, False {{(pid=103557) subscribe /opt/stack/data/venv/lib/python3.12/site-packages/neutron_lib/callbacks/manager.py:52}}
Feb 17 02:23:25.933893 np0000155891 devstack@neutron-api.service[103557]: DEBUG neutron_lib.callbacks.manager [None req-a1a04d76-2cfe-4367-b462-e49c4637f6d8 None None] Subscribe: > floatingip after_status_update 55550000, False {{(pid=103557) subscribe /opt/stack/data/venv/lib/python3.12/site-packages/neutron_lib/callbacks/manager.py:52}}
Feb 17 02:23:25.933988 np0000155891 devstack@neutron-api.service[103554]: DEBUG neutron.api.extensions [None req-30026291-c66f-4e82-86d6-7b96062a65fa None None] Ext name="Local IP" alias="local_ip" description="Support Node Local Virtual IP" updated="2021-07-26T10:00:00-00:00" {{(pid=103554) _check_extension /opt/stack/neutron/neutron/api/extensions.py:415}}
Feb 17 02:23:25.934019 np0000155891 devstack@neutron-api.service[103557]: DEBUG neutron_lib.callbacks.manager [None req-a1a04d76-2cfe-4367-b462-e49c4637f6d8 None None] Subscribe: > floatingip after_update 55550000, False {{(pid=103557) subscribe /opt/stack/data/venv/lib/python3.12/site-packages/neutron_lib/callbacks/manager.py:52}}
Feb 17 02:23:25.934091 np0000155891 devstack@neutron-api.service[103557]: DEBUG neutron_lib.callbacks.manager [None req-a1a04d76-2cfe-4367-b462-e49c4637f6d8 None None] Subscribe: > port_forwarding after_create 55550000, False {{(pid=103557) subscribe /opt/stack/data/venv/lib/python3.12/site-packages/neutron_lib/callbacks/manager.py:52}}
Feb 17 02:23:25.934168 np0000155891 devstack@neutron-api.service[103554]: INFO neutron.api.extensions [None req-30026291-c66f-4e82-86d6-7b96062a65fa None None] Extension local_ip not supported by any of loaded plugins
Feb 17 02:23:25.934202 np0000155891 devstack@neutron-api.service[103557]: DEBUG neutron_lib.callbacks.manager [None req-a1a04d76-2cfe-4367-b462-e49c4637f6d8 None None] Subscribe: > router_interface after_delete 55550000, False {{(pid=103557) subscribe /opt/stack/data/venv/lib/python3.12/site-packages/neutron_lib/callbacks/manager.py:52}}
Feb 17 02:23:25.934255 np0000155891 devstack@neutron-api.service[103554]: DEBUG neutron.api.extensions [None req-30026291-c66f-4e82-86d6-7b96062a65fa None None] Loading extension file: logging.py {{(pid=103554) _load_all_extensions_from_path /opt/stack/neutron/neutron/api/extensions.py:449}}
Feb 17 02:23:25.934327 np0000155891 devstack@neutron-api.service[103557]: DEBUG neutron_lib.callbacks.manager [None req-a1a04d76-2cfe-4367-b462-e49c4637f6d8 None None] Subscribe: > router after_create 55550000, False {{(pid=103557) subscribe /opt/stack/data/venv/lib/python3.12/site-packages/neutron_lib/callbacks/manager.py:52}}
Feb 17 02:23:25.934447 np0000155891 devstack@neutron-api.service[103557]: DEBUG neutron_lib.callbacks.manager [None req-a1a04d76-2cfe-4367-b462-e49c4637f6d8 None None] Subscribe: > router precommit_create 55550000, False {{(pid=103557) subscribe /opt/stack/data/venv/lib/python3.12/site-packages/neutron_lib/callbacks/manager.py:52}}
Feb 17 02:23:25.934533 np0000155891 devstack@neutron-api.service[103557]: DEBUG neutron_lib.callbacks.manager [None req-a1a04d76-2cfe-4367-b462-e49c4637f6d8 None None] Subscribe: > router after_delete 55550000, False {{(pid=103557) subscribe /opt/stack/data/venv/lib/python3.12/site-packages/neutron_lib/callbacks/manager.py:52}}
Feb 17 02:23:25.934559 np0000155891 devstack@neutron-api.service[103554]: DEBUG neutron.api.extensions [None req-30026291-c66f-4e82-86d6-7b96062a65fa None None] Ext name="Logging API Extension" alias="logging" description="Provides a logging API for resources such as security group and firewall." updated="2017-01-01T10:00:00-00:00" {{(pid=103554) _check_extension /opt/stack/neutron/neutron/api/extensions.py:415}}
Feb 17 02:23:25.934589 np0000155891 devstack@neutron-api.service[103557]: DEBUG neutron_lib.callbacks.manager [None req-a1a04d76-2cfe-4367-b462-e49c4637f6d8 None None] Subscribe: > router after_update 55550000, False {{(pid=103557) subscribe /opt/stack/data/venv/lib/python3.12/site-packages/neutron_lib/callbacks/manager.py:52}}
Feb 17 02:23:25.934695 np0000155891 devstack@neutron-api.service[103555]: INFO ovsdbapp.backend.ovs_idl.vlog [None req-41ecfc5a-4f4d-4abf-8f51-613785ea8be1 None None] ssl:199.204.45.99:6642: connecting...
Feb 17 02:23:25.934818 np0000155891 devstack@neutron-api.service[103557]: DEBUG neutron.services.service_base [None req-a1a04d76-2cfe-4367-b462-e49c4637f6d8 None None] Loaded 'neutron.services.ovn_l3.service_providers.ovn.OvnDriver' provider for service L3_ROUTER_NAT {{(pid=103557) load_drivers /opt/stack/neutron/neutron/services/service_base.py:49}}
