May 21 16:22:43.278158 np0000175956 devstack@neutron-api.service[102994]: DEBUG neutron.plugins.ml2.drivers.ovn.mech_driver.ovsdb.ovsdb_monitor [None req-2df199f6-bc8c-490e-95f8-7fa35861094f None None] Hash Ring: Node d0c5df176bbc5d668e11d057c07dc841 (host: np0000175956) handling event "create" for row ef15081f-53a7-4e57-8a1d-bebff0eae4f6 (table: Port_Group) {{(pid=102994) notify /opt/stack/neutron/neutron/plugins/ml2/drivers/ovn/mech_driver/ovsdb/ovsdb_monitor.py:986}}
May 21 16:22:43.278985 np0000175956 devstack@neutron-api.service[102994]: INFO neutron.plugins.ml2.drivers.ovn.mech_driver.ovsdb.impl_idl_ovn [None req-2df199f6-bc8c-490e-95f8-7fa35861094f None None] Getting OvsdbSbOvnIdl for WorkerService with retry
May 21 16:22:43.280018 np0000175956 devstack@neutron-api.service[102995]: DEBUG neutron.common.ovn.hash_ring_manager [None req-6a8d7dd1-f7a6-41fe-af10-b7ae06e44e0d None None] Hash Ring loaded. 4 active nodes. 0 offline nodes {{(pid=102995) _load_hash_ring /opt/stack/neutron/neutron/common/ovn/hash_ring_manager.py:102}}
May 21 16:22:43.281924 np0000175956 devstack@neutron-api.service[102995]: DEBUG neutron.plugins.ml2.drivers.ovn.mech_driver.ovsdb.ovsdb_monitor [None req-6a8d7dd1-f7a6-41fe-af10-b7ae06e44e0d None None] ChassisOVNAgentWriteEvent : Matched Chassis_Private, create, None None {{(pid=102995) matches /opt/stack/neutron/neutron/plugins/ml2/drivers/ovn/mech_driver/ovsdb/ovsdb_monitor.py:64}}
May 21 16:22:43.281924 np0000175956 devstack@neutron-api.service[102995]: DEBUG neutron.plugins.ml2.drivers.ovn.mech_driver.ovsdb.ovsdb_monitor [None req-6a8d7dd1-f7a6-41fe-af10-b7ae06e44e0d None None] ChassisAgentWriteEvent : Matched Chassis_Private, create, None None {{(pid=102995) matches /opt/stack/neutron/neutron/plugins/ml2/drivers/ovn/mech_driver/ovsdb/ovsdb_monitor.py:64}}
May 21 16:22:43.281924 np0000175956 devstack@neutron-api.service[102995]: DEBUG neutron.plugins.ml2.drivers.ovn.mech_driver.ovsdb.ovsdb_monitor [None req-6a8d7dd1-f7a6-41fe-af10-b7ae06e44e0d None None] Hash Ring: Node 0a00528cdb105e7fbdecc58c08cf1bb4 (host: np0000175956) handling event "create" for row 90a399dd-92c1-4d08-a37e-539efd213bf0 (table: Chassis_Private) {{(pid=102995) notify /opt/stack/neutron/neutron/plugins/ml2/drivers/ovn/mech_driver/ovsdb/ovsdb_monitor.py:986}}
May 21 16:22:43.283280 np0000175956 devstack@neutron-api.service[102995]: INFO neutron.plugins.ml2.drivers.ovn.mech_driver.mech_driver [None req-6a8d7dd1-f7a6-41fe-af10-b7ae06e44e0d None None] WorkerService process has finished the post initialization
May 21 16:22:43.284820 np0000175956 devstack@neutron-api.service[102995]: WSGI app 0 (mountpoint='') ready in 7 seconds on interpreter 0x793ad2ea3668 pid: 102995 (default app)
May 21 16:22:43.355922 np0000175956 devstack@neutron-api.service[102992]: DEBUG ovsdbapp.backend.ovs_idl [None req-423816e5-1086-4bad-8336-69acd91a92ba None None] Created lookup_table index Chassis.name {{(pid=102992) autocreate_indices /opt/stack/data/venv/lib/python3.12/site-packages/ovsdbapp/backend/ovs_idl/__init__.py:87}}
May 21 16:22:43.356025 np0000175956 devstack@neutron-api.service[102992]: DEBUG ovsdbapp.backend.ovs_idl [None req-423816e5-1086-4bad-8336-69acd91a92ba None None] Created lookup_table index Port_Binding.logical_port {{(pid=102992) autocreate_indices /opt/stack/data/venv/lib/python3.12/site-packages/ovsdbapp/backend/ovs_idl/__init__.py:87}}
May 21 16:22:43.356127 np0000175956 devstack@neutron-api.service[102992]: DEBUG ovsdbapp.backend.ovs_idl [None req-423816e5-1086-4bad-8336-69acd91a92ba None None] Created schema index Chassis_Private.name {{(pid=102992) autocreate_indices /opt/stack/data/venv/lib/python3.12/site-packages/ovsdbapp/backend/ovs_idl/__init__.py:106}}
May 21 16:22:43.356222 np0000175956 devstack@neutron-api.service[102992]: DEBUG ovsdbapp.backend.ovs_idl [None req-423816e5-1086-4bad-8336-69acd91a92ba None None] Created schema index Datapath_Binding.tunnel_key {{(pid=102992) autocreate_indices /opt/stack/data/venv/lib/python3.12/site-packages/ovsdbapp/backend/ovs_idl/__init__.py:106}}
May 21 16:22:43.358582 np0000175956 devstack@neutron-api.service[102992]: INFO ovsdbapp.backend.ovs_idl.vlog [None req-423816e5-1086-4bad-8336-69acd91a92ba None None] ssl:199.204.45.129:6642: connecting...
May 21 16:22:43.360210 np0000175956 devstack@neutron-api.service[102994]: DEBUG ovsdbapp.backend.ovs_idl [None req-2df199f6-bc8c-490e-95f8-7fa35861094f None None] Created lookup_table index Chassis.name {{(pid=102994) autocreate_indices /opt/stack/data/venv/lib/python3.12/site-packages/ovsdbapp/backend/ovs_idl/__init__.py:87}}
May 21 16:22:43.360324 np0000175956 devstack@neutron-api.service[102994]: DEBUG ovsdbapp.backend.ovs_idl [None req-2df199f6-bc8c-490e-95f8-7fa35861094f None None] Created lookup_table index Port_Binding.logical_port {{(pid=102994) autocreate_indices /opt/stack/data/venv/lib/python3.12/site-packages/ovsdbapp/backend/ovs_idl/__init__.py:87}}
May 21 16:22:43.360415 np0000175956 devstack@neutron-api.service[102994]: DEBUG ovsdbapp.backend.ovs_idl [None req-2df199f6-bc8c-490e-95f8-7fa35861094f None None] Created schema index Chassis_Private.name {{(pid=102994) autocreate_indices /opt/stack/data/venv/lib/python3.12/site-packages/ovsdbapp/backend/ovs_idl/__init__.py:106}}
May 21 16:22:43.360507 np0000175956 devstack@neutron-api.service[102994]: DEBUG ovsdbapp.backend.ovs_idl [None req-2df199f6-bc8c-490e-95f8-7fa35861094f None None] Created schema index Datapath_Binding.tunnel_key {{(pid=102994) autocreate_indices /opt/stack/data/venv/lib/python3.12/site-packages/ovsdbapp/backend/ovs_idl/__init__.py:106}}
May 21 16:22:43.362358 np0000175956 devstack@neutron-api.service[102994]: INFO ovsdbapp.backend.ovs_idl.vlog [None req-2df199f6-bc8c-490e-95f8-7fa35861094f None None] ssl:199.204.45.129:6642: connecting...
May 21 16:22:43.366883 np0000175956 devstack@neutron-api.service[102992]: INFO ovsdbapp.backend.ovs_idl.vlog [None req-423816e5-1086-4bad-8336-69acd91a92ba None None] ssl:199.204.45.129:6642: connected
May 21 16:22:43.371413 np0000175956 devstack@neutron-api.service[102994]: INFO ovsdbapp.backend.ovs_idl.vlog [None req-2df199f6-bc8c-490e-95f8-7fa35861094f None None] ssl:199.204.45.129:6642: connected
May 21 16:22:43.397389 np0000175956 devstack@neutron-api.service[102994]: DEBUG neutron.common.ovn.hash_ring_manager [None req-2df199f6-bc8c-490e-95f8-7fa35861094f None None] Allow caching, nodes 4>=4 {{(pid=102994) _wait_startup_before_caching /opt/stack/neutron/neutron/common/ovn/hash_ring_manager.py:65}}
May 21 16:22:43.400551 np0000175956 devstack@neutron-api.service[102992]: DEBUG neutron.common.ovn.hash_ring_manager [None req-423816e5-1086-4bad-8336-69acd91a92ba None None] Allow caching, nodes 4>=4 {{(pid=102992) _wait_startup_before_caching /opt/stack/neutron/neutron/common/ovn/hash_ring_manager.py:65}}
May 21 16:22:43.401089 np0000175956 devstack@neutron-api.service[102994]: DEBUG neutron.common.ovn.hash_ring_manager [None req-2df199f6-bc8c-490e-95f8-7fa35861094f None None] Hash Ring loaded. 4 active nodes. 0 offline nodes {{(pid=102994) _load_hash_ring /opt/stack/neutron/neutron/common/ovn/hash_ring_manager.py:102}}
May 21 16:22:43.401210 np0000175956 devstack@neutron-api.service[102994]: DEBUG neutron.plugins.ml2.drivers.ovn.mech_driver.ovsdb.ovsdb_monitor [None req-2df199f6-bc8c-490e-95f8-7fa35861094f None None] Hash Ring: Node d0c5df176bbc5d668e11d057c07dc841 (host: np0000175956) handling event "create" for row be54fcef-6715-4e30-a684-252fabf0b287 (table: Chassis) {{(pid=102994) notify /opt/stack/neutron/neutron/plugins/ml2/drivers/ovn/mech_driver/ovsdb/ovsdb_monitor.py:986}}
May 21 16:22:43.402281 np0000175956 devstack@neutron-api.service[102994]: DEBUG ovsdbapp.backend.ovs_idl.event [None req-2df199f6-bc8c-490e-95f8-7fa35861094f None None] Matched CREATE: ChassisBandwidthConfigEvent(events=('create', 'update'), table='Chassis', conditions=None, old_conditions=None), priority=20 to row=Chassis(uuid=be54fcef-6715-4e30-a684-252fabf0b287, encaps=[53a4008c-9712-4575-bf8a-a6de92a41204], external_ids={}, hostname='np0000175956', name='7a094858-4df0-4766-9c78-40601fa8d7a8', nb_cfg=0, other_config={'ct-commit-nat-v2': 'true', 'ct-commit-to-zone': 'true', 'ct-next-zone': 'true', 'ct-no-masked-label': 'true', 'ct-state-save': 'true', 'datapath-type': 'system', 'fdb-timestamp': 'true', 'iface-types': 'afxdp,afxdp-nonpmd,bareudp,erspan,geneve,gre,gtpu,internal,ip6erspan,ip6gre,lisp,patch,srv6,stt,system,tap,vxlan', 'is-interconn': 'false', 'ls-dpg-column': 'true', 'mac-binding-timestamp': 'true', 'ovn-bridge-mappings': 'public:br-ex', 'ovn-chassis-mac-mappings': '', 'ovn-cms-options': 'enable-chassis-as-gw', 'ovn-ct-lb-related': 'true', 'ovn-enable-lflow-cache': 'true', 'ovn-limit-lflow-cache': '', 'ovn-memlimit-lflow-cache-kb': '', 'ovn-monitor-all': 'false', 'ovn-trim-limit-lflow-cache': '', 'ovn-trim-timeout-ms': '', 'ovn-trim-wmark-perc-lflow-cache': '', 'port-up-notif': 'true'}, transport_zones=[], vtep_logical_switches=[]) old= {{(pid=102994) matches /opt/stack/data/venv/lib/python3.12/site-packages/ovsdbapp/backend/ovs_idl/event.py:55}}
May 21 16:22:43.402924 np0000175956 devstack@neutron-api.service[102994]: DEBUG neutron.plugins.ml2.drivers.ovn.mech_driver.ovsdb.ovsdb_monitor [None req-2df199f6-bc8c-490e-95f8-7fa35861094f None None] ChassisOVNAgentWriteEvent : Matched Chassis_Private, create, None None {{(pid=102994) matches /opt/stack/neutron/neutron/plugins/ml2/drivers/ovn/mech_driver/ovsdb/ovsdb_monitor.py:64}}
May 21 16:22:43.403040 np0000175956 devstack@neutron-api.service[102994]: DEBUG neutron.plugins.ml2.drivers.ovn.mech_driver.ovsdb.ovsdb_monitor [None req-2df199f6-bc8c-490e-95f8-7fa35861094f None None] ChassisAgentWriteEvent : Matched Chassis_Private, create, None None {{(pid=102994) matches /opt/stack/neutron/neutron/plugins/ml2/drivers/ovn/mech_driver/ovsdb/ovsdb_monitor.py:64}}
May 21 16:22:43.404423 np0000175956 devstack@neutron-api.service[102992]: DEBUG neutron.common.ovn.hash_ring_manager [None req-423816e5-1086-4bad-8336-69acd91a92ba None None] Hash Ring loaded. 4 active nodes. 0 offline nodes {{(pid=102992) _load_hash_ring /opt/stack/neutron/neutron/common/ovn/hash_ring_manager.py:102}}
May 21 16:22:43.404602 np0000175956 devstack@neutron-api.service[102994]: INFO neutron.plugins.ml2.drivers.ovn.mech_driver.mech_driver [None req-2df199f6-bc8c-490e-95f8-7fa35861094f None None] WorkerService process has finished the post initialization
May 21 16:22:43.404654 np0000175956 devstack@neutron-api.service[102992]: DEBUG neutron.plugins.ml2.drivers.ovn.mech_driver.ovsdb.ovsdb_monitor [None req-423816e5-1086-4bad-8336-69acd91a92ba None None] ChassisOVNAgentWriteEvent : Matched Chassis_Private, create, None None {{(pid=102992) matches /opt/stack/neutron/neutron/plugins/ml2/drivers/ovn/mech_driver/ovsdb/ovsdb_monitor.py:64}}
May 21 16:22:43.404757 np0000175956 devstack@neutron-api.service[102992]: DEBUG neutron.plugins.ml2.drivers.ovn.mech_driver.ovsdb.ovsdb_monitor [None req-423816e5-1086-4bad-8336-69acd91a92ba None None] ChassisAgentWriteEvent : Matched Chassis_Private, create, None None {{(pid=102992) matches /opt/stack/neutron/neutron/plugins/ml2/drivers/ovn/mech_driver/ovsdb/ovsdb_monitor.py:64}}
May 21 16:22:43.405125 np0000175956 devstack@neutron-api.service[102992]: DEBUG neutron.plugins.ml2.drivers.ovn.mech_driver.ovsdb.ovsdb_monitor [None req-423816e5-1086-4bad-8336-69acd91a92ba None None] Hash Ring: Node 99f3ff3a72205c0f8e13b576f188b52d (host: np0000175956) handling event "create" for row 53a4008c-9712-4575-bf8a-a6de92a41204 (table: Encap) {{(pid=102992) notify /opt/stack/neutron/neutron/plugins/ml2/drivers/ovn/mech_driver/ovsdb/ovsdb_monitor.py:986}}
May 21 16:22:43.405428 np0000175956 devstack@neutron-api.service[102994]: INFO neutron.plugins.ml2.drivers.ovn.mech_driver.ovsdb.extensions.qos [-] Starting OVNClientQosExtension
May 21 16:22:43.405706 np0000175956 devstack@neutron-api.service[102994]: INFO neutron.plugins.ml2.drivers.ovn.mech_driver.ovsdb.extensions.placement [-] Starting OVNClientPlacementExtension
May 21 16:22:43.408241 np0000175956 devstack@neutron-api.service[102992]: INFO neutron.plugins.ml2.drivers.ovn.mech_driver.mech_driver [None req-423816e5-1086-4bad-8336-69acd91a92ba None None] WorkerService process has finished the post initialization
May 21 16:22:43.408323 np0000175956 devstack@neutron-api.service[102994]: WSGI app 0 (mountpoint='') ready in 7 seconds on interpreter 0x793ad2ea3668 pid: 102994 (default app)
May 21 16:22:43.409483 np0000175956 devstack@neutron-api.service[102992]: WSGI app 0 (mountpoint='') ready in 7 seconds on interpreter 0x793ad2ea3668 pid: 102992 (default app)
May 21 16:22:45.489805 np0000175956 devstack@neutron-api.service[102994]: DEBUG neutron.plugins.ml2.drivers.ovn.mech_driver.ovsdb.ovsdb_monitor [-] Hash Ring: Node d0c5df176bbc5d668e11d057c07dc841 (host: np0000175956) handling event "update" for row 450986fd-d9f5-493a-9bdb-99d407f8427c (table: Connection) {{(pid=102994) notify /opt/stack/neutron/neutron/plugins/ml2/drivers/ovn/mech_driver/ovsdb/ovsdb_monitor.py:986}}
May 21 16:22:45.496031 np0000175956 devstack@neutron-api.service[102993]: DEBUG neutron.common.ovn.hash_ring_manager [-] Allow caching, nodes 4>=4 {{(pid=102993) _wait_startup_before_caching /opt/stack/neutron/neutron/common/ovn/hash_ring_manager.py:65}}
May 21 16:22:45.496315 np0000175956 devstack@neutron-api.service[102993]: DEBUG neutron.plugins.ml2.drivers.ovn.mech_driver.ovsdb.ovsdb_monitor [-] Hash Ring: Node 76cba8841b39575ebadc5136a2438986 (host: np0000175956) handling event "update" for row 450986fd-d9f5-493a-9bdb-99d407f8427c (table: Connection) {{(pid=102993) notify /opt/stack/neutron/neutron/plugins/ml2/drivers/ovn/mech_driver/ovsdb/ovsdb_monitor.py:986}}
May 21 16:22:47.992190 np0000175956 devstack@neutron-api.service[102993]: DEBUG neutron.plugins.ml2.drivers.ovn.mech_driver.ovsdb.ovsdb_monitor [-] Hash Ring: Node 76cba8841b39575ebadc5136a2438986 (host: np0000175956) handling event "update" for row 450986fd-d9f5-493a-9bdb-99d407f8427c (table: Connection) {{(pid=102993) notify /opt/stack/neutron/neutron/plugins/ml2/drivers/ovn/mech_driver/ovsdb/ovsdb_monitor.py:986}}
May 21 16:22:47.992977 np0000175956 devstack@neutron-api.service[102994]: DEBUG neutron.plugins.ml2.drivers.ovn.mech_driver.ovsdb.ovsdb_monitor [-] Hash Ring: Node d0c5df176bbc5d668e11d057c07dc841 (host: np0000175956) handling event "update" for row 450986fd-d9f5-493a-9bdb-99d407f8427c (table: Connection) {{(pid=102994) notify /opt/stack/neutron/neutron/plugins/ml2/drivers/ovn/mech_driver/ovsdb/ovsdb_monitor.py:986}}
May 21 16:22:49.662529 np0000175956 devstack@neutron-api.service[102993]: DEBUG neutron.api.wsgi [None req-70ef70d8-dc18-4786-ae7b-6b2dbfdbf576 admin admin] Missing Content-Type {{(pid=102993) get_content_type /opt/stack/neutron/neutron/api/wsgi.py:80}}
May 21 16:22:49.663210 np0000175956 devstack@neutron-api.service[102993]: DEBUG neutron.api.wsgi [None req-70ef70d8-dc18-4786-ae7b-6b2dbfdbf576 admin admin] https://199.204.45.129/networking/v2.0/extensions returned with HTTP 200 {{(pid=102993) __call__ /opt/stack/neutron/neutron/api/wsgi.py:540}}
May 21 16:22:49.663301 np0000175956 devstack@neutron-api.service[102993]: [pid: 102993|app: 0|req: 2/2] 199.204.45.129 () {64 vars in 1323 bytes} [Thu May 21 16:22:49 2026] GET /networking/v2.0/extensions => generated 15209 bytes in 412 msecs (HTTP/1.1 200) 4 headers in 159 bytes (1 switches on core 0)
May 21 16:22:50.051838 np0000175956 devstack@neutron-api.service[102995]: DEBUG neutron.api.v2.base [None req-67c63baa-f353-46c8-ad79-84fc10de1144 admin admin] Request body: {'subnetpool': {'name': 'shared-default-subnetpool-v4', 'is_default': True, 'default_prefixlen': 26, 'prefixes': ['10.1.0.0/20'], 'shared': True}} {{(pid=102995) prepare_request_body /opt/stack/neutron/neutron/api/v2/base.py:727}}
May 21 16:22:50.263848 np0000175956 devstack@neutron-api.service[102995]: DEBUG neutron.policy [None req-67c63baa-f353-46c8-ad79-84fc10de1144 admin admin] Loaded default policies from ['neutron'] under neutron.policies entry points {{(pid=102995) register_rules /opt/stack/neutron/neutron/policy.py:65}}
May 21 16:22:50.407692 np0000175956 devstack@neutron-api.service[102995]: DEBUG neutron_lib.callbacks.manager [None req-67c63baa-f353-46c8-ad79-84fc10de1144 admin admin] Publish callbacks ['neutron.objects.securitygroup.RbacNeutronDbObjectMixin.validate_rbac_policy_change-3077346112290', 'neutron.objects.address_group.RbacNeutronDbObjectMixin.validate_rbac_policy_change-3077346007240', 'neutron.objects.network.RbacNeutronDbObjectMixin.validate_rbac_policy_change-3077346134341', 'neutron.objects.qos.policy.RbacNeutronDbObjectMixin.validate_rbac_policy_change-3077346150011', 'neutron.objects.subnetpool.RbacNeutronDbObjectMixin.validate_rbac_policy_change-3077346163936', 'neutron.objects.address_scope.RbacNeutronDbObjectMixin.validate_rbac_policy_change-3077346055861', 'neutron.plugins.ml2.plugin.External_net_db_mixin._process_ext_policy_create-49241', 'neutron.plugins.ml2.plugin.NeutronDbPluginV2.validate_network_rbac_policy_change-28749'] for rbac-policy (None), before_create {{(pid=102995) _notify_loop /opt/stack/data/venv/lib/python3.12/site-packages/neutron_lib/callbacks/manager.py:184}}
May 21 16:22:50.451970 np0000175956 devstack@neutron-api.service[102995]: DEBUG neutron_lib.callbacks.manager [None req-67c63baa-f353-46c8-ad79-84fc10de1144 admin admin] Publish callbacks [] for subnetpool (None), before_response {{(pid=102995) _notify_loop /opt/stack/data/venv/lib/python3.12/site-packages/neutron_lib/callbacks/manager.py:184}}
May 21 16:22:50.452991 np0000175956 devstack@neutron-api.service[102995]: [pid: 102995|app: 0|req: 1/3] 199.204.45.129 () {68 vars in 1367 bytes} [Thu May 21 16:22:49 2026] POST /networking/v2.0/subnetpools => generated 533 bytes in 507 msecs (HTTP/1.1 201) 4 headers in 162 bytes (1 switches on core 0)
May 21 16:22:50.778275 np0000175956 devstack@neutron-api.service[102994]: DEBUG neutron.api.v2.base [None req-01e04ef6-518a-454a-bdda-e1751de6145f admin admin] Request body: {'subnetpool': {'name': 'shared-default-subnetpool-v6', 'is_default': True, 'default_prefixlen': 64, 'prefixes': ['fd4d:b103:5619::/56'], 'shared': True}} {{(pid=102994) prepare_request_body /opt/stack/neutron/neutron/api/v2/base.py:727}}
May 21 16:22:50.971339 np0000175956 devstack@neutron-api.service[102994]: DEBUG neutron.policy [None req-01e04ef6-518a-454a-bdda-e1751de6145f admin admin] Loaded default policies from ['neutron'] under neutron.policies entry points {{(pid=102994) register_rules /opt/stack/neutron/neutron/policy.py:65}}
May 21 16:22:51.128443 np0000175956 devstack@neutron-api.service[102994]: DEBUG neutron_lib.callbacks.manager [None req-01e04ef6-518a-454a-bdda-e1751de6145f admin admin] Publish callbacks ['neutron.objects.securitygroup.RbacNeutronDbObjectMixin.validate_rbac_policy_change-3077345992418', 'neutron.objects.address_group.RbacNeutronDbObjectMixin.validate_rbac_policy_change-3077346092903', 'neutron.objects.network.RbacNeutronDbObjectMixin.validate_rbac_policy_change-3077346045718', 'neutron.objects.qos.policy.RbacNeutronDbObjectMixin.validate_rbac_policy_change-3077346049053', 'neutron.objects.subnetpool.RbacNeutronDbObjectMixin.validate_rbac_policy_change-3077346141395', 'neutron.objects.address_scope.RbacNeutronDbObjectMixin.validate_rbac_policy_change-3077346140714', 'neutron.plugins.ml2.plugin.External_net_db_mixin._process_ext_policy_create-490543', 'neutron.plugins.ml2.plugin.NeutronDbPluginV2.validate_network_rbac_policy_change-463079'] for rbac-policy (None), before_create {{(pid=102994) _notify_loop /opt/stack/data/venv/lib/python3.12/site-packages/neutron_lib/callbacks/manager.py:184}}
May 21 16:22:51.188523 np0000175956 devstack@neutron-api.service[102994]: DEBUG neutron_lib.callbacks.manager [None req-01e04ef6-518a-454a-bdda-e1751de6145f admin admin] Publish callbacks [] for subnetpool (None), before_response {{(pid=102994) _notify_loop /opt/stack/data/venv/lib/python3.12/site-packages/neutron_lib/callbacks/manager.py:184}}
May 21 16:22:51.189722 np0000175956 devstack@neutron-api.service[102994]: [pid: 102994|app: 0|req: 1/4] 199.204.45.129 () {68 vars in 1367 bytes} [Thu May 21 16:22:50 2026] POST /networking/v2.0/subnetpools => generated 543 bytes in 515 msecs (HTTP/1.1 201) 4 headers in 162 bytes (1 switches on core 0)
May 21 16:22:51.597447 np0000175956 devstack@neutron-api.service[102992]: DEBUG neutron.api.v2.base [None req-9539e6c6-fcdf-4873-814a-9c66c3737f8d admin admin] Request body: {'network': {'admin_state_up': True, 'name': 'private'}} {{(pid=102992) prepare_request_body /opt/stack/neutron/neutron/api/v2/base.py:727}}
May 21 16:22:51.626664 np0000175956 devstack@neutron-api.service[102992]: DEBUG neutron.pecan_wsgi.hooks.quota_enforcement [None req-9539e6c6-fcdf-4873-814a-9c66c3737f8d admin admin] Made reservation on behalf of 6df7757016504573a8ab5eecb7c8d33e for: {'network': 1} {{(pid=102992) before /opt/stack/neutron/neutron/pecan_wsgi/hooks/quota_enforcement.py:66}}
May 21 16:22:51.804969 np0000175956 devstack@neutron-api.service[102992]: DEBUG neutron.policy [None req-9539e6c6-fcdf-4873-814a-9c66c3737f8d admin admin] Loaded default policies from ['neutron'] under neutron.policies entry points {{(pid=102992) register_rules /opt/stack/neutron/neutron/policy.py:65}}
May 21 16:22:51.911243 np0000175956 devstack@neutron-api.service[102992]: DEBUG neutron_lib.callbacks.manager [None req-9539e6c6-fcdf-4873-814a-9c66c3737f8d admin admin] Publish callbacks ['neutron.plugins.ml2.plugin.SecurityGroupDbMixin._ensure_default_security_group_handler-256791'] for network (None), before_create {{(pid=102992) _notify_loop /opt/stack/data/venv/lib/python3.12/site-packages/neutron_lib/callbacks/manager.py:184}}
May 21 16:22:51.932220 np0000175956 devstack@neutron-api.service[102992]: DEBUG neutron_lib.callbacks.manager [None req-9539e6c6-fcdf-4873-814a-9c66c3737f8d admin admin] Publish callbacks [] for security_group (None), before_create {{(pid=102992) _notify_loop /opt/stack/data/venv/lib/python3.12/site-packages/neutron_lib/callbacks/manager.py:184}}
May 21 16:22:52.029549 np0000175956 devstack@neutron-api.service[102992]: DEBUG neutron_lib.callbacks.manager [None req-9539e6c6-fcdf-4873-814a-9c66c3737f8d admin admin] Publish callbacks ['neutron.plugins.ml2.drivers.ovn.mech_driver.mech_driver.OVNMechanismDriver._create_security_group_precommit-8183468'] for security_group (f2e031e7-bdfe-4051-839f-06bc22d63a78), precommit_create {{(pid=102992) _notify_loop /opt/stack/data/venv/lib/python3.12/site-packages/neutron_lib/callbacks/manager.py:184}}
May 21 16:22:52.029806 np0000175956 devstack@neutron-api.service[102992]: DEBUG neutron.db.ovn_revision_numbers_db [None req-9539e6c6-fcdf-4873-814a-9c66c3737f8d admin admin] create_initial_revision uuid=f2e031e7-bdfe-4051-839f-06bc22d63a78, type=security_groups, rev=-1 {{(pid=102992) create_initial_revision /opt/stack/neutron/neutron/db/ovn_revision_numbers_db.py:98}}
May 21 16:22:52.031788 np0000175956 devstack@neutron-api.service[102992]: DEBUG neutron.db.ovn_revision_numbers_db [None req-9539e6c6-fcdf-4873-814a-9c66c3737f8d admin admin] create_initial_revision uuid=0522c6f0-d427-4e2a-84f7-d1c9a73ade45, type=security_group_rules, rev=-1 {{(pid=102992) create_initial_revision /opt/stack/neutron/neutron/db/ovn_revision_numbers_db.py:98}}
May 21 16:22:52.032757 np0000175956 devstack@neutron-api.service[102992]: DEBUG neutron.db.ovn_revision_numbers_db [None req-9539e6c6-fcdf-4873-814a-9c66c3737f8d admin admin] create_initial_revision uuid=6bab2462-6f25-49de-9e8e-2e7001d82aeb, type=security_group_rules, rev=-1 {{(pid=102992) create_initial_revision /opt/stack/neutron/neutron/db/ovn_revision_numbers_db.py:98}}
May 21 16:22:52.033619 np0000175956 devstack@neutron-api.service[102992]: DEBUG neutron.db.ovn_revision_numbers_db [None req-9539e6c6-fcdf-4873-814a-9c66c3737f8d admin admin] create_initial_revision uuid=cbbb88d0-48e2-415b-b111-65e69e86452d, type=security_group_rules, rev=-1 {{(pid=102992) create_initial_revision /opt/stack/neutron/neutron/db/ovn_revision_numbers_db.py:98}}
May 21 16:22:52.034603 np0000175956 devstack@neutron-api.service[102992]: DEBUG neutron.db.ovn_revision_numbers_db [None req-9539e6c6-fcdf-4873-814a-9c66c3737f8d admin admin] create_initial_revision uuid=f38b2dce-6950-4ab9-a5b4-1c64c7b01a54, type=security_group_rules, rev=-1 {{(pid=102992) create_initial_revision /opt/stack/neutron/neutron/db/ovn_revision_numbers_db.py:98}}
May 21 16:22:52.043704 np0000175956 devstack@neutron-api.service[102992]: DEBUG neutron_lib.callbacks.manager [None req-9539e6c6-fcdf-4873-814a-9c66c3737f8d admin admin] Publish callbacks ['neutron.plugins.ml2.drivers.ovn.mech_driver.mech_driver.OVNMechanismDriver._create_security_group-8183478', 'neutron.plugins.ml2.ovo_rpc._ObjectChangeHandler.handle_event-6998819'] for security_group (f2e031e7-bdfe-4051-839f-06bc22d63a78), after_create {{(pid=102992) _notify_loop /opt/stack/data/venv/lib/python3.12/site-packages/neutron_lib/callbacks/manager.py:184}}
May 21 16:22:52.044034 np0000175956 devstack@neutron-api.service[102992]: INFO neutron.plugins.ml2.drivers.ovn.mech_driver.ovsdb.extensions.qos [None req-9539e6c6-fcdf-4873-814a-9c66c3737f8d admin admin] Starting OVNClientQosExtension
May 21 16:22:52.044271 np0000175956 devstack@neutron-api.service[102992]: INFO neutron.plugins.ml2.drivers.ovn.mech_driver.ovsdb.extensions.placement [None req-9539e6c6-fcdf-4873-814a-9c66c3737f8d admin admin] Starting OVNClientPlacementExtension
May 21 16:22:52.045914 np0000175956 devstack@neutron-api.service[102992]: DEBUG ovsdbapp.backend.ovs_idl.transaction [-] Running txn n=1 command(idx=0): PgAddCommand(_result=None, name=pg_f2e031e7_bdfe_4051_839f_06bc22d63a78, may_exist=False, columns={'acls': [], 'external_ids': {'neutron:security_group_id': 'f2e031e7-bdfe-4051-839f-06bc22d63a78'}}) {{(pid=102992) do_commit /opt/stack/data/venv/lib/python3.12/site-packages/ovsdbapp/backend/ovs_idl/transaction.py:89}}
May 21 16:22:52.048251 np0000175956 devstack@neutron-api.service[102992]: DEBUG ovsdbapp.backend.ovs_idl.transaction [-] Running txn n=1 command(idx=1): PgAclAddCommand(_result=None, entity=pg_f2e031e7_bdfe_4051_839f_06bc22d63a78, direction=from-lport, priority=1002, match=inport == @pg_f2e031e7_bdfe_4051_839f_06bc22d63a78 && ip6, action=allow-related, log=False, may_exist=True, severity=[], name=[], meter=[], external_ids={'neutron:security_group_rule_id': '0522c6f0-d427-4e2a-84f7-d1c9a73ade45'}) {{(pid=102992) do_commit /opt/stack/data/venv/lib/python3.12/site-packages/ovsdbapp/backend/ovs_idl/transaction.py:89}}
May 21 16:22:52.048999 np0000175956 devstack@neutron-api.service[102992]: DEBUG ovsdbapp.backend.ovs_idl.transaction [-] Running txn n=1 command(idx=2): PgAclAddCommand(_result=None, entity=pg_f2e031e7_bdfe_4051_839f_06bc22d63a78, direction=from-lport, priority=1002, match=inport == @pg_f2e031e7_bdfe_4051_839f_06bc22d63a78 && ip4, action=allow-related, log=False, may_exist=True, severity=[], name=[], meter=[], external_ids={'neutron:security_group_rule_id': '6bab2462-6f25-49de-9e8e-2e7001d82aeb'}) {{(pid=102992) do_commit /opt/stack/data/venv/lib/python3.12/site-packages/ovsdbapp/backend/ovs_idl/transaction.py:89}}
May 21 16:22:52.049648 np0000175956 devstack@neutron-api.service[102992]: DEBUG ovsdbapp.backend.ovs_idl.transaction [-] Running txn n=1 command(idx=3): PgAclAddCommand(_result=None, entity=pg_f2e031e7_bdfe_4051_839f_06bc22d63a78, direction=to-lport, priority=1002, match=outport == @pg_f2e031e7_bdfe_4051_839f_06bc22d63a78 && ip6 && ip6.src == $pg_f2e031e7_bdfe_4051_839f_06bc22d63a78_ip6, action=allow-related, log=False, may_exist=True, severity=[], name=[], meter=[], external_ids={'neutron:security_group_rule_id': 'cbbb88d0-48e2-415b-b111-65e69e86452d'}) {{(pid=102992) do_commit /opt/stack/data/venv/lib/python3.12/site-packages/ovsdbapp/backend/ovs_idl/transaction.py:89}}
May 21 16:22:52.050268 np0000175956 devstack@neutron-api.service[102992]: DEBUG ovsdbapp.backend.ovs_idl.transaction [-] Running txn n=1 command(idx=4): PgAclAddCommand(_result=None, entity=pg_f2e031e7_bdfe_4051_839f_06bc22d63a78, direction=to-lport, priority=1002, match=outport == @pg_f2e031e7_bdfe_4051_839f_06bc22d63a78 && ip4 && ip4.src == $pg_f2e031e7_bdfe_4051_839f_06bc22d63a78_ip4, action=allow-related, log=False, may_exist=True, severity=[], name=[], meter=[], external_ids={'neutron:security_group_rule_id': 'f38b2dce-6950-4ab9-a5b4-1c64c7b01a54'}) {{(pid=102992) do_commit /opt/stack/data/venv/lib/python3.12/site-packages/ovsdbapp/backend/ovs_idl/transaction.py:89}}
May 21 16:22:52.110268 np0000175956 devstack@neutron-api.service[102992]: DEBUG neutron.plugins.ml2.drivers.ovn.mech_driver.ovsdb.ovsdb_monitor [-] Hash Ring: Node 99f3ff3a72205c0f8e13b576f188b52d (host: np0000175956) handling event "create" for row 7d287031-e931-46d9-bf10-141a6e81c0bf (table: Port_Group) {{(pid=102992) notify /opt/stack/neutron/neutron/plugins/ml2/drivers/ovn/mech_driver/ovsdb/ovsdb_monitor.py:986}}
May 21 16:22:52.112239 np0000175956 devstack@neutron-api.service[102995]: DEBUG neutron.plugins.ml2.drivers.ovn.mech_driver.ovsdb.ovsdb_monitor [-] Hash Ring: Node 0a00528cdb105e7fbdecc58c08cf1bb4 (host: np0000175956) handling event "create" for row 139a7e6c-47c5-4ebe-bade-4291e7b015f6 (table: ACL) {{(pid=102995) notify /opt/stack/neutron/neutron/plugins/ml2/drivers/ovn/mech_driver/ovsdb/ovsdb_monitor.py:986}}
May 21 16:22:52.112609 np0000175956 devstack@neutron-api.service[102995]: DEBUG neutron.plugins.ml2.drivers.ovn.mech_driver.ovsdb.ovsdb_monitor [-] Hash Ring: Node 0a00528cdb105e7fbdecc58c08cf1bb4 (host: np0000175956) handling event "create" for row 59342500-345c-41bc-a9dd-47a50448235d (table: ACL) {{(pid=102995) notify /opt/stack/neutron/neutron/plugins/ml2/drivers/ovn/mech_driver/ovsdb/ovsdb_monitor.py:986}}
May 21 16:22:52.112728 np0000175956 devstack@neutron-api.service[102993]: DEBUG neutron.plugins.ml2.drivers.ovn.mech_driver.ovsdb.ovsdb_monitor [-] Hash Ring: Node 76cba8841b39575ebadc5136a2438986 (host: np0000175956) handling event "create" for row 139a7e6c-47c5-4ebe-bade-4291e7b015f6 (table: ACL) {{(pid=102993) notify /opt/stack/neutron/neutron/plugins/ml2/drivers/ovn/mech_driver/ovsdb/ovsdb_monitor.py:986}}
May 21 16:22:52.113039 np0000175956 devstack@neutron-api.service[102995]: DEBUG neutron.plugins.ml2.drivers.ovn.mech_driver.ovsdb.ovsdb_monitor [-] Hash Ring: Node 0a00528cdb105e7fbdecc58c08cf1bb4 (host: np0000175956) handling event "create" for row b5ad69b9-4cad-47d8-90c1-ea4c312bc10d (table: ACL) {{(pid=102995) notify /opt/stack/neutron/neutron/plugins/ml2/drivers/ovn/mech_driver/ovsdb/ovsdb_monitor.py:986}}
May 21 16:22:52.113182 np0000175956 devstack@neutron-api.service[102995]: DEBUG neutron.plugins.ml2.drivers.ovn.mech_driver.ovsdb.ovsdb_monitor [-] Hash Ring: Node 0a00528cdb105e7fbdecc58c08cf1bb4 (host: np0000175956) handling event "create" for row e3d2d1de-346d-408f-90ff-804b3b19afaa (table: ACL) {{(pid=102995) notify /opt/stack/neutron/neutron/plugins/ml2/drivers/ovn/mech_driver/ovsdb/ovsdb_monitor.py:986}}
May 21 16:22:52.113444 np0000175956 devstack@neutron-api.service[102993]: DEBUG neutron.plugins.ml2.drivers.ovn.mech_driver.ovsdb.ovsdb_monitor [-] Hash Ring: Node 76cba8841b39575ebadc5136a2438986 (host: np0000175956) handling event "create" for row 59342500-345c-41bc-a9dd-47a50448235d (table: ACL) {{(pid=102993) notify /opt/stack/neutron/neutron/plugins/ml2/drivers/ovn/mech_driver/ovsdb/ovsdb_monitor.py:986}}
May 21 16:22:52.113763 np0000175956 devstack@neutron-api.service[102993]: DEBUG neutron.plugins.ml2.drivers.ovn.mech_driver.ovsdb.ovsdb_monitor [-] Hash Ring: Node 76cba8841b39575ebadc5136a2438986 (host: np0000175956) handling event "create" for row b5ad69b9-4cad-47d8-90c1-ea4c312bc10d (table: ACL) {{(pid=102993) notify /opt/stack/neutron/neutron/plugins/ml2/drivers/ovn/mech_driver/ovsdb/ovsdb_monitor.py:986}}
May 21 16:22:52.114080 np0000175956 devstack@neutron-api.service[102993]: DEBUG neutron.plugins.ml2.drivers.ovn.mech_driver.ovsdb.ovsdb_monitor [-] Hash Ring: Node 76cba8841b39575ebadc5136a2438986 (host: np0000175956) handling event "create" for row e3d2d1de-346d-408f-90ff-804b3b19afaa (table: ACL) {{(pid=102993) notify /opt/stack/neutron/neutron/plugins/ml2/drivers/ovn/mech_driver/ovsdb/ovsdb_monitor.py:986}}
May 21 16:22:52.114365 np0000175956 devstack@neutron-api.service[102993]: DEBUG neutron.plugins.ml2.drivers.ovn.mech_driver.ovsdb.ovsdb_monitor [-] Hash Ring: Node 76cba8841b39575ebadc5136a2438986 (host: np0000175956) handling event "create" for row 7d287031-e931-46d9-bf10-141a6e81c0bf (table: Port_Group) {{(pid=102993) notify /opt/stack/neutron/neutron/plugins/ml2/drivers/ovn/mech_driver/ovsdb/ovsdb_monitor.py:986}}
May 21 16:22:52.137258 np0000175956 devstack@neutron-api.service[102992]: INFO neutron.db.ovn_revision_numbers_db [None req-9539e6c6-fcdf-4873-814a-9c66c3737f8d admin admin] Successfully bumped revision number for resource f2e031e7-bdfe-4051-839f-06bc22d63a78 (type: security_groups) to 1
May 21 16:22:52.153561 np0000175956 devstack@neutron-api.service[102992]: INFO neutron.db.ovn_revision_numbers_db [None req-9539e6c6-fcdf-4873-814a-9c66c3737f8d admin admin] Successfully bumped revision number for resource 0522c6f0-d427-4e2a-84f7-d1c9a73ade45 (type: security_group_rules) to 0
May 21 16:22:52.163041 np0000175956 devstack@neutron-api.service[102992]: INFO neutron.db.ovn_revision_numbers_db [None req-9539e6c6-fcdf-4873-814a-9c66c3737f8d admin admin] Successfully bumped revision number for resource 6bab2462-6f25-49de-9e8e-2e7001d82aeb (type: security_group_rules) to 0
May 21 16:22:52.172664 np0000175956 devstack@neutron-api.service[102992]: INFO neutron.db.ovn_revision_numbers_db [None req-9539e6c6-fcdf-4873-814a-9c66c3737f8d admin admin] Successfully bumped revision number for resource cbbb88d0-48e2-415b-b111-65e69e86452d (type: security_group_rules) to 0
May 21 16:22:52.184945 np0000175956 devstack@neutron-api.service[102992]: INFO neutron.db.ovn_revision_numbers_db [None req-9539e6c6-fcdf-4873-814a-9c66c3737f8d admin admin] Successfully bumped revision number for resource f38b2dce-6950-4ab9-a5b4-1c64c7b01a54 (type: security_group_rules) to 0
May 21 16:22:52.204406 np0000175956 devstack@neutron-api.service[102992]: DEBUG neutron.api.rpc.handlers.resources_rpc [None req-9539e6c6-fcdf-4873-814a-9c66c3737f8d admin admin] Pushing event updated for resources: {'SecurityGroup': ['ID=f2e031e7-bdfe-4051-839f-06bc22d63a78,revision_number=1']} {{(pid=102992) push /opt/stack/neutron/neutron/api/rpc/handlers/resources_rpc.py:237}}
May 21 16:22:52.211089 np0000175956 devstack@neutron-api.service[102992]: DEBUG ovsdbapp.backend.ovs_idl.transaction [-] Running txn n=1 command(idx=0): CheckLivenessCommand(_result=None) {{(pid=102992) do_commit /opt/stack/data/venv/lib/python3.12/site-packages/ovsdbapp/backend/ovs_idl/transaction.py:89}}
May 21 16:22:52.215426 np0000175956 devstack@neutron-api.service[102994]: DEBUG neutron.plugins.ml2.drivers.ovn.mech_driver.ovsdb.ovsdb_monitor [-] Hash Ring: Node d0c5df176bbc5d668e11d057c07dc841 (host: np0000175956) handling event "update" for row aab22176-99db-46d4-9ef3-d9254a359487 (table: NB_Global) {{(pid=102994) notify /opt/stack/neutron/neutron/plugins/ml2/drivers/ovn/mech_driver/ovsdb/ovsdb_monitor.py:986}}
May 21 16:22:52.218406 np0000175956 devstack@neutron-api.service[102992]: DEBUG neutron.api.rpc.callbacks.version_manager [None req-9539e6c6-fcdf-4873-814a-9c66c3737f8d admin admin] Tracked resource versions report:
May 21 16:22:52.218406 np0000175956 devstack@neutron-api.service[102992]: pushed versions:
May 21 16:22:52.218406 np0000175956 devstack@neutron-api.service[102992]: { 'AddressGroup': {'1.2'},
May 21 16:22:52.218406 np0000175956 devstack@neutron-api.service[102992]: 'Agent': {'1.1'},
May 21 16:22:52.218406 np0000175956 devstack@neutron-api.service[102992]: 'ConntrackHelper': {'1.0'},
May 21 16:22:52.218406 np0000175956 devstack@neutron-api.service[102992]: 'LocalIPAssociation': {'1.0'},
May 21 16:22:52.218406 np0000175956 devstack@neutron-api.service[102992]: 'Log': {'1.0'},
May 21 16:22:52.218406 np0000175956 devstack@neutron-api.service[102992]: 'NDPProxy': {'1.0'},
May 21 16:22:52.218406 np0000175956 devstack@neutron-api.service[102992]: 'Network': {'1.2'},
May 21 16:22:52.218406 np0000175956 devstack@neutron-api.service[102992]: 'Port': {'1.10'},
May 21 16:22:52.218406 np0000175956 devstack@neutron-api.service[102992]: 'PortForwarding': {'1.3'},
May 21 16:22:52.218406 np0000175956 devstack@neutron-api.service[102992]: 'QosPolicy': {'1.10'},
May 21 16:22:52.218406 np0000175956 devstack@neutron-api.service[102992]: 'SecurityGroup': {'1.6'},
May 21 16:22:52.218406 np0000175956 devstack@neutron-api.service[102992]: 'SecurityGroupRule': {'1.3'},
May 21 16:22:52.218406 np0000175956 devstack@neutron-api.service[102992]: 'SubPort': {'1.0'},
May 21 16:22:52.218406 np0000175956 devstack@neutron-api.service[102992]: 'Subnet': {'1.2'},
May 21 16:22:52.218406 np0000175956 devstack@neutron-api.service[102992]: 'Trunk': {'1.1'}}
May 21 16:22:52.218406 np0000175956 devstack@neutron-api.service[102992]: consumer versions:
May 21 16:22:52.218406 np0000175956 devstack@neutron-api.service[102992]: {}
May 21 16:22:52.218406 np0000175956 devstack@neutron-api.service[102992]: {{(pid=102992) report /opt/stack/neutron/neutron/api/rpc/callbacks/version_manager.py:183}}
May 21 16:22:52.219160 np0000175956 devstack@neutron-api.service[102993]: DEBUG neutron.plugins.ml2.drivers.ovn.mech_driver.ovsdb.ovsdb_monitor [-] Hash Ring: Node 76cba8841b39575ebadc5136a2438986 (host: np0000175956) handling event "update" for row aab22176-99db-46d4-9ef3-d9254a359487 (table: NB_Global) {{(pid=102993) notify /opt/stack/neutron/neutron/plugins/ml2/drivers/ovn/mech_driver/ovsdb/ovsdb_monitor.py:986}}
May 21 16:22:52.219257 np0000175956 devstack@neutron-api.service[102994]: DEBUG neutron.plugins.ml2.drivers.ovn.mech_driver.ovsdb.ovsdb_monitor [-] Hash Ring: Node d0c5df176bbc5d668e11d057c07dc841 (host: np0000175956) handling event "update" for row aab22176-99db-46d4-9ef3-d9254a359487 (table: NB_Global) {{(pid=102994) notify /opt/stack/neutron/neutron/plugins/ml2/drivers/ovn/mech_driver/ovsdb/ovsdb_monitor.py:986}}
May 21 16:22:52.219257 np0000175956 devstack@neutron-api.service[102994]: DEBUG neutron.plugins.ml2.drivers.ovn.mech_driver.ovsdb.ovsdb_monitor [-] Hash Ring: Node d0c5df176bbc5d668e11d057c07dc841 (host: np0000175956) handling event "update" for row aab22176-99db-46d4-9ef3-d9254a359487 (table: NB_Global) {{(pid=102994) notify /opt/stack/neutron/neutron/plugins/ml2/drivers/ovn/mech_driver/ovsdb/ovsdb_monitor.py:986}}
May 21 16:22:52.220580 np0000175956 devstack@neutron-api.service[102994]: DEBUG neutron.plugins.ml2.drivers.ovn.mech_driver.ovsdb.ovsdb_monitor [-] ChassisAgentWriteEvent : Matched Chassis_Private, update, None None {{(pid=102994) matches /opt/stack/neutron/neutron/plugins/ml2/drivers/ovn/mech_driver/ovsdb/ovsdb_monitor.py:64}}
May 21 16:22:52.220678 np0000175956 devstack@neutron-api.service[102993]: DEBUG neutron.plugins.ml2.drivers.ovn.mech_driver.ovsdb.ovsdb_monitor [-] ChassisAgentWriteEvent : Matched Chassis_Private, update, None None {{(pid=102993) matches /opt/stack/neutron/neutron/plugins/ml2/drivers/ovn/mech_driver/ovsdb/ovsdb_monitor.py:64}}
May 21 16:22:52.223049 np0000175956 devstack@neutron-api.service[102995]: DEBUG neutron.plugins.ml2.drivers.ovn.mech_driver.ovsdb.ovsdb_monitor [-] ChassisAgentWriteEvent : Matched Chassis_Private, update, None None {{(pid=102995) matches /opt/stack/neutron/neutron/plugins/ml2/drivers/ovn/mech_driver/ovsdb/ovsdb_monitor.py:64}}
May 21 16:22:52.223206 np0000175956 devstack@neutron-api.service[102993]: DEBUG neutron.plugins.ml2.drivers.ovn.mech_driver.ovsdb.ovsdb_monitor [-] Hash Ring: Node 76cba8841b39575ebadc5136a2438986 (host: np0000175956) handling event "update" for row aab22176-99db-46d4-9ef3-d9254a359487 (table: NB_Global) {{(pid=102993) notify /opt/stack/neutron/neutron/plugins/ml2/drivers/ovn/mech_driver/ovsdb/ovsdb_monitor.py:986}}
May 21 16:22:52.223296 np0000175956 devstack@neutron-api.service[102994]: DEBUG neutron.plugins.ml2.drivers.ovn.mech_driver.ovsdb.ovsdb_monitor [-] Hash Ring: Node d0c5df176bbc5d668e11d057c07dc841 (host: np0000175956) handling event "update" for row aab22176-99db-46d4-9ef3-d9254a359487 (table: NB_Global) {{(pid=102994) notify /opt/stack/neutron/neutron/plugins/ml2/drivers/ovn/mech_driver/ovsdb/ovsdb_monitor.py:986}}
May 21 16:22:52.223376 np0000175956 devstack@neutron-api.service[102995]: DEBUG neutron.plugins.ml2.drivers.ovn.mech_driver.ovsdb.ovsdb_monitor [-] Hash Ring: Node 0a00528cdb105e7fbdecc58c08cf1bb4 (host: np0000175956) handling event "update" for row 90a399dd-92c1-4d08-a37e-539efd213bf0 (table: Chassis_Private) {{(pid=102995) notify /opt/stack/neutron/neutron/plugins/ml2/drivers/ovn/mech_driver/ovsdb/ovsdb_monitor.py:986}}
May 21 16:22:52.224635 np0000175956 devstack@neutron-api.service[102993]: DEBUG neutron.plugins.ml2.drivers.ovn.mech_driver.ovsdb.ovsdb_monitor [-] Hash Ring: Node 76cba8841b39575ebadc5136a2438986 (host: np0000175956) handling event "update" for row aab22176-99db-46d4-9ef3-d9254a359487 (table: NB_Global) {{(pid=102993) notify /opt/stack/neutron/neutron/plugins/ml2/drivers/ovn/mech_driver/ovsdb/ovsdb_monitor.py:986}}
May 21 16:22:52.225278 np0000175956 devstack@neutron-api.service[102994]: DEBUG neutron.plugins.ml2.drivers.ovn.mech_driver.ovsdb.ovsdb_monitor [-] ChassisOVNAgentWriteEvent : Matched Chassis_Private, update, None None {{(pid=102994) matches /opt/stack/neutron/neutron/plugins/ml2/drivers/ovn/mech_driver/ovsdb/ovsdb_monitor.py:64}}
May 21 16:22:52.226043 np0000175956 devstack@neutron-api.service[102995]: DEBUG neutron.plugins.ml2.drivers.ovn.mech_driver.ovsdb.ovsdb_monitor [-] ChassisOVNAgentWriteEvent : Matched Chassis_Private, update, None None {{(pid=102995) matches /opt/stack/neutron/neutron/plugins/ml2/drivers/ovn/mech_driver/ovsdb/ovsdb_monitor.py:64}}
May 21 16:22:52.226352 np0000175956 devstack@neutron-api.service[102995]: DEBUG neutron.plugins.ml2.drivers.ovn.mech_driver.ovsdb.ovsdb_monitor [-] Hash Ring: Node 0a00528cdb105e7fbdecc58c08cf1bb4 (host: np0000175956) handling event "update" for row 90a399dd-92c1-4d08-a37e-539efd213bf0 (table: Chassis_Private) {{(pid=102995) notify /opt/stack/neutron/neutron/plugins/ml2/drivers/ovn/mech_driver/ovsdb/ovsdb_monitor.py:986}}
May 21 16:22:52.226779 np0000175956 devstack@neutron-api.service[102992]: DEBUG neutron.plugins.ml2.drivers.ovn.mech_driver.ovsdb.ovsdb_monitor [-] ChassisAgentWriteEvent : Matched Chassis_Private, update, None None {{(pid=102992) matches /opt/stack/neutron/neutron/plugins/ml2/drivers/ovn/mech_driver/ovsdb/ovsdb_monitor.py:64}}
May 21 16:22:52.227488 np0000175956 devstack@neutron-api.service[102993]: DEBUG neutron.common.ovn.hash_ring_manager [-] Allow caching, nodes 4>=4 {{(pid=102993) _wait_startup_before_caching /opt/stack/neutron/neutron/common/ovn/hash_ring_manager.py:65}}
May 21 16:22:52.227635 np0000175956 devstack@neutron-api.service[102993]: DEBUG neutron.plugins.ml2.drivers.ovn.mech_driver.ovsdb.ovsdb_monitor [-] Hash Ring: Node 76cba8841b39575ebadc5136a2438986 (host: np0000175956) handling event "update" for row 90a399dd-92c1-4d08-a37e-539efd213bf0 (table: Chassis_Private) {{(pid=102993) notify /opt/stack/neutron/neutron/plugins/ml2/drivers/ovn/mech_driver/ovsdb/ovsdb_monitor.py:986}}
May 21 16:22:52.228311 np0000175956 devstack@neutron-api.service[102993]: DEBUG neutron.plugins.ml2.drivers.ovn.mech_driver.ovsdb.ovsdb_monitor [-] ChassisOVNAgentWriteEvent : Matched Chassis_Private, update, None None {{(pid=102993) matches /opt/stack/neutron/neutron/plugins/ml2/drivers/ovn/mech_driver/ovsdb/ovsdb_monitor.py:64}}
May 21 16:22:52.228563 np0000175956 devstack@neutron-api.service[102993]: DEBUG neutron.plugins.ml2.drivers.ovn.mech_driver.ovsdb.ovsdb_monitor [-] Hash Ring: Node 76cba8841b39575ebadc5136a2438986 (host: np0000175956) handling event "update" for row 90a399dd-92c1-4d08-a37e-539efd213bf0 (table: Chassis_Private) {{(pid=102993) notify /opt/stack/neutron/neutron/plugins/ml2/drivers/ovn/mech_driver/ovsdb/ovsdb_monitor.py:986}}
May 21 16:22:52.229540 np0000175956 devstack@neutron-api.service[102993]: DEBUG neutron.plugins.ml2.drivers.ovn.mech_driver.ovsdb.ovsdb_monitor [-] Hash Ring: Node 76cba8841b39575ebadc5136a2438986 (host: np0000175956) handling event "update" for row aab22176-99db-46d4-9ef3-d9254a359487 (table: NB_Global) {{(pid=102993) notify /opt/stack/neutron/neutron/plugins/ml2/drivers/ovn/mech_driver/ovsdb/ovsdb_monitor.py:986}}
May 21 16:22:52.229687 np0000175956 devstack@neutron-api.service[102992]: DEBUG neutron.plugins.ml2.drivers.ovn.mech_driver.ovsdb.ovsdb_monitor [-] ChassisOVNAgentWriteEvent : Matched Chassis_Private, update, None None {{(pid=102992) matches /opt/stack/neutron/neutron/plugins/ml2/drivers/ovn/mech_driver/ovsdb/ovsdb_monitor.py:64}}
May 21 16:22:52.275173 np0000175956 devstack@neutron-api.service[102992]: DEBUG neutron.plugins.ml2.drivers.helpers [None req-9539e6c6-fcdf-4873-814a-9c66c3737f8d admin admin] geneve segment allocate from pool success with {'geneve_vni': 9444} {{(pid=102992) allocate_partially_specified_segment /opt/stack/neutron/neutron/plugins/ml2/drivers/helpers.py:142}}
May 21 16:22:52.283328 np0000175956 devstack@neutron-api.service[102992]: DEBUG neutron_lib.callbacks.manager [None req-9539e6c6-fcdf-4873-814a-9c66c3737f8d admin admin] Publish callbacks ['neutron.services.segments.db._add_segment_host_mapping_for_segment-8330840011336', 'neutron.plugins.ml2.plugin.Ml2Plugin._handle_segment_change-8334659'] for segment (e0378638-6f36-4fe6-907b-2923ef09c1cc), precommit_create {{(pid=102992) _notify_loop /opt/stack/data/venv/lib/python3.12/site-packages/neutron_lib/callbacks/manager.py:184}}
May 21 16:22:52.283467 np0000175956 devstack@neutron-api.service[102992]: INFO neutron.db.segments_db [None req-9539e6c6-fcdf-4873-814a-9c66c3737f8d admin admin] Added segment e0378638-6f36-4fe6-907b-2923ef09c1cc of type geneve for network 623192ba-c973-431e-a833-ddcc74b5b7c5
May 21 16:22:52.325158 np0000175956 devstack@neutron-api.service[102992]: DEBUG neutron_lib.callbacks.manager [None req-9539e6c6-fcdf-4873-814a-9c66c3737f8d admin admin] Publish callbacks ['neutron.services.auto_allocate.db._ensure_external_network_default_value_callback-8330838318324'] for network (623192ba-c973-431e-a833-ddcc74b5b7c5), precommit_create {{(pid=102992) _notify_loop /opt/stack/data/venv/lib/python3.12/site-packages/neutron_lib/callbacks/manager.py:184}}
May 21 16:22:52.344379 np0000175956 devstack@neutron-api.service[102992]: DEBUG neutron.plugins.ml2.drivers.ovn.mech_driver.mech_driver [None req-9539e6c6-fcdf-4873-814a-9c66c3737f8d admin admin] Validating network segment with type geneve, segmentation ID 9444, physical network None {{(pid=102992) _validate_network_segments /opt/stack/neutron/neutron/plugins/ml2/drivers/ovn/mech_driver/mech_driver.py:641}}
May 21 16:22:52.344534 np0000175956 devstack@neutron-api.service[102992]: DEBUG neutron.db.ovn_revision_numbers_db [None req-9539e6c6-fcdf-4873-814a-9c66c3737f8d admin admin] create_initial_revision uuid=623192ba-c973-431e-a833-ddcc74b5b7c5, type=networks, rev=-1 {{(pid=102992) create_initial_revision /opt/stack/neutron/neutron/db/ovn_revision_numbers_db.py:98}}
May 21 16:22:52.359451 np0000175956 devstack@neutron-api.service[102992]: DEBUG neutron_lib.callbacks.manager [None req-9539e6c6-fcdf-4873-814a-9c66c3737f8d admin admin] Publish callbacks ['neutron.plugins.ml2.ovo_rpc._ObjectChangeHandler.handle_event-6998751'] for network (623192ba-c973-431e-a833-ddcc74b5b7c5), after_create {{(pid=102992) _notify_loop /opt/stack/data/venv/lib/python3.12/site-packages/neutron_lib/callbacks/manager.py:184}}
May 21 16:22:52.409263 np0000175956 devstack@neutron-api.service[102992]: DEBUG neutron.api.rpc.handlers.resources_rpc [None req-9539e6c6-fcdf-4873-814a-9c66c3737f8d admin admin] Pushing event updated for resources: {'Network': ['ID=623192ba-c973-431e-a833-ddcc74b5b7c5,revision_number=1']} {{(pid=102992) push /opt/stack/neutron/neutron/api/rpc/handlers/resources_rpc.py:237}}
May 21 16:22:52.417153 np0000175956 devstack@neutron-api.service[102992]: DEBUG ovsdbapp.backend.ovs_idl.transaction [-] Running txn n=1 command(idx=0): AddNetworkCommand(_result=None, network_uuid=623192ba-c973-431e-a833-ddcc74b5b7c5, may_exist=True, columns={'external_ids': {'neutron:network_name': 'private', 'neutron:mtu': '1372', 'neutron:revision_number': '1', 'neutron:availability_zone_hints': '', 'neutron:provnet-network-type': 'geneve'}, 'other_config': {'mcast_snoop': 'false', 'mcast_flood_unregistered': 'false', 'vlan-passthru': 'false'}}) {{(pid=102992) do_commit /opt/stack/data/venv/lib/python3.12/site-packages/ovsdbapp/backend/ovs_idl/transaction.py:89}}
May 21 16:22:52.417913 np0000175956 devstack@neutron-api.service[102992]: DEBUG neutron.common.ovn.utils [-] OVS persist_uuid supported=True {{(pid=102992) ovs_persist_uuid_supported /opt/stack/neutron/neutron/common/ovn/utils.py:1538}}
May 21 16:22:52.421465 np0000175956 devstack@neutron-api.service[102992]: DEBUG neutron.plugins.ml2.drivers.ovn.mech_driver.ovsdb.ovsdb_monitor [-] Hash Ring: Node 99f3ff3a72205c0f8e13b576f188b52d (host: np0000175956) handling event "create" for row 623192ba-c973-431e-a833-ddcc74b5b7c5 (table: Logical_Switch) {{(pid=102992) notify /opt/stack/neutron/neutron/plugins/ml2/drivers/ovn/mech_driver/ovsdb/ovsdb_monitor.py:986}}
