Aug 13 19:34:31.063803 np0000189297 devstack@neutron-api.service[101681]: DEBUG neutron_lib.callbacks.manager [None req-237a9773-06f2-48bd-9f2b-dc80d2b433cd None None] Subscribe: > router precommit_create 55550000, False {{(pid=101681) subscribe /opt/stack/data/venv/lib/python3.12/site-packages/neutron_lib/callbacks/manager.py:52}}
Aug 13 19:34:31.063860 np0000189297 devstack@neutron-api.service[101683]: DEBUG neutron.api.extensions [None req-83cdbf46-e61a-4060-85f6-1d4b6f4d9bd6 None None] Ext name="Floating IP port forwarding detail" alias="floating-ip-port-forwarding-detail" description="Allow list floating ip return more port forwarding data, include'id' and 'internal_port_id'" updated="2022-05-06T10:00:00-00:00" {{(pid=101683) _check_extension /opt/stack/neutron/neutron/api/extensions.py:415}}
Aug 13 19:34:31.064066 np0000189297 devstack@neutron-api.service[101681]: DEBUG neutron_lib.callbacks.manager [None req-237a9773-06f2-48bd-9f2b-dc80d2b433cd None None] Subscribe: > router precommit_update 55550000, False {{(pid=101681) subscribe /opt/stack/data/venv/lib/python3.12/site-packages/neutron_lib/callbacks/manager.py:52}}
Aug 13 19:34:31.064066 np0000189297 devstack@neutron-api.service[101681]: DEBUG neutron_lib.callbacks.manager [None req-237a9773-06f2-48bd-9f2b-dc80d2b433cd None None] Subscribe: subnet after_update 55550000, False {{(pid=101681) subscribe /opt/stack/data/venv/lib/python3.12/site-packages/neutron_lib/callbacks/manager.py:52}}
Aug 13 19:34:31.064279 np0000189297 devstack@neutron-api.service[101680]: DEBUG neutron.api.extensions [None req-74ee75b5-75e9-480d-bfda-eb76f09b604f None None] Ext name="Remote address group id field for security group rules" alias="security-groups-remote-address-group" description="Add new field of remote address group id in SG rules" updated="2020-08-25T10:00:00-00:00" {{(pid=101680) _check_extension /opt/stack/neutron/neutron/api/extensions.py:415}}
Aug 13 19:34:31.064411 np0000189297 devstack@neutron-api.service[101683]: INFO neutron.api.extensions [None req-83cdbf46-e61a-4060-85f6-1d4b6f4d9bd6 None None] Loaded extension: floating-ip-port-forwarding-detail
Aug 13 19:34:31.064529 np0000189297 devstack@neutron-api.service[101680]: INFO neutron.api.extensions [None req-74ee75b5-75e9-480d-bfda-eb76f09b604f None None] Loaded extension: security-groups-remote-address-group
Aug 13 19:34:31.064636 np0000189297 devstack@neutron-api.service[101681]: DEBUG neutron.quota.resource_registry [None req-237a9773-06f2-48bd-9f2b-dc80d2b433cd None None] Tracking information for resource: router configured {{(pid=101681) set_tracked_resource /opt/stack/neutron/neutron/quota/resource_registry.py:203}}
Aug 13 19:34:31.064741 np0000189297 devstack@neutron-api.service[101680]: DEBUG neutron.api.extensions [None req-74ee75b5-75e9-480d-bfda-eb76f09b604f None None] Loading extension file: security_groups_rules_belongs_to_default_sg.py {{(pid=101680) _load_all_extensions_from_path /opt/stack/neutron/neutron/api/extensions.py:449}}
Aug 13 19:34:31.064925 np0000189297 devstack@neutron-api.service[101683]: DEBUG neutron.api.extensions [None req-83cdbf46-e61a-4060-85f6-1d4b6f4d9bd6 None None] Loading extension file: fip_pf_port_range.py {{(pid=101683) _load_all_extensions_from_path /opt/stack/neutron/neutron/api/extensions.py:449}}
Aug 13 19:34:31.065055 np0000189297 devstack@neutron-api.service[101681]: DEBUG neutron.quota.resource_registry [None req-237a9773-06f2-48bd-9f2b-dc80d2b433cd None None] Tracking information for resource: floatingip configured {{(pid=101681) set_tracked_resource /opt/stack/neutron/neutron/quota/resource_registry.py:203}}
Aug 13 19:34:31.065055 np0000189297 devstack@neutron-api.service[101681]: INFO neutron.services.ovn_l3.plugin [None req-237a9773-06f2-48bd-9f2b-dc80d2b433cd None None] Starting OVNL3RouterPlugin
Aug 13 19:34:31.065206 np0000189297 devstack@neutron-api.service[101680]: DEBUG neutron.api.extensions [None req-74ee75b5-75e9-480d-bfda-eb76f09b604f None None] Ext name="Security group rule belongs to the project's default security group" alias="security-groups-rules-belongs-to-default-sg" description="Flag to determine if the security group rule belongs to the project's default security group" updated="2023-05-23T10:00:00-00:00" {{(pid=101680) _check_extension /opt/stack/neutron/neutron/api/extensions.py:415}}
Aug 13 19:34:31.065323 np0000189297 devstack@neutron-api.service[101681]: DEBUG neutron_lib.callbacks.manager [None req-237a9773-06f2-48bd-9f2b-dc80d2b433cd None None] Subscribe: > port_forwarding_plugin after_init 55550000, False {{(pid=101681) subscribe /opt/stack/data/venv/lib/python3.12/site-packages/neutron_lib/callbacks/manager.py:52}}
Aug 13 19:34:31.065432 np0000189297 devstack@neutron-api.service[101683]: DEBUG neutron.api.extensions [None req-83cdbf46-e61a-4060-85f6-1d4b6f4d9bd6 None None] Ext name="Floating IP Port Forwarding support port ranges" alias="floating-ip-port-forwarding-port-ranges" description="Add support to port ranges" updated="2020-07-01T10:00:00-00:00" {{(pid=101683) _check_extension /opt/stack/neutron/neutron/api/extensions.py:415}}
Aug 13 19:34:31.065535 np0000189297 devstack@neutron-api.service[101680]: INFO neutron.api.extensions [None req-74ee75b5-75e9-480d-bfda-eb76f09b604f None None] Loaded extension: security-groups-rules-belongs-to-default-sg
Aug 13 19:34:31.065535 np0000189297 devstack@neutron-api.service[101680]: DEBUG neutron.api.extensions [None req-74ee75b5-75e9-480d-bfda-eb76f09b604f None None] Loading extension file: security_groups_shared_filtering.py {{(pid=101680) _load_all_extensions_from_path /opt/stack/neutron/neutron/api/extensions.py:449}}
Aug 13 19:34:31.065672 np0000189297 devstack@neutron-api.service[101681]: DEBUG neutron_lib.callbacks.manager [None req-237a9773-06f2-48bd-9f2b-dc80d2b433cd None None] Subscribe: > router before_create 55550100, False {{(pid=101681) subscribe /opt/stack/data/venv/lib/python3.12/site-packages/neutron_lib/callbacks/manager.py:52}}
Aug 13 19:34:31.065807 np0000189297 devstack@neutron-api.service[101683]: INFO neutron.api.extensions [None req-83cdbf46-e61a-4060-85f6-1d4b6f4d9bd6 None None] Extension floating-ip-port-forwarding-port-ranges not supported by any of loaded plugins
Aug 13 19:34:31.065915 np0000189297 devstack@neutron-api.service[101681]: DEBUG neutron_lib.callbacks.manager [None req-237a9773-06f2-48bd-9f2b-dc80d2b433cd None None] Subscribe: > router precommit_delete 55550100, False {{(pid=101681) subscribe /opt/stack/data/venv/lib/python3.12/site-packages/neutron_lib/callbacks/manager.py:52}}
Aug 13 19:34:31.066020 np0000189297 devstack@neutron-api.service[101680]: DEBUG neutron.api.extensions [None req-74ee75b5-75e9-480d-bfda-eb76f09b604f None None] Ext name="Security group filtering on the shared field" alias="security-groups-shared-filtering" description="Support filtering security groups on the shared field" updated="2021-10-05T09:00:00-00:00" {{(pid=101680) _check_extension /opt/stack/neutron/neutron/api/extensions.py:415}}
Aug 13 19:34:31.066152 np0000189297 devstack@neutron-api.service[101683]: DEBUG neutron.api.extensions [None req-83cdbf46-e61a-4060-85f6-1d4b6f4d9bd6 None None] Loading extension file: fip_port_details.py {{(pid=101683) _load_all_extensions_from_path /opt/stack/neutron/neutron/api/extensions.py:449}}
Aug 13 19:34:31.066273 np0000189297 devstack@neutron-api.service[101681]: DEBUG neutron_lib.callbacks.manager [None req-237a9773-06f2-48bd-9f2b-dc80d2b433cd None None] Subscribe: > router precommit_create 55550100, False {{(pid=101681) subscribe /opt/stack/data/venv/lib/python3.12/site-packages/neutron_lib/callbacks/manager.py:52}}
Aug 13 19:34:31.066364 np0000189297 devstack@neutron-api.service[101680]: INFO neutron.api.extensions [None req-74ee75b5-75e9-480d-bfda-eb76f09b604f None None] Loaded extension: security-groups-shared-filtering
Aug 13 19:34:31.066458 np0000189297 devstack@neutron-api.service[101681]: DEBUG neutron_lib.callbacks.manager [None req-237a9773-06f2-48bd-9f2b-dc80d2b433cd None None] Subscribe: > router precommit_update 55550100, False {{(pid=101681) subscribe /opt/stack/data/venv/lib/python3.12/site-packages/neutron_lib/callbacks/manager.py:52}}
Aug 13 19:34:31.066584 np0000189297 devstack@neutron-api.service[101680]: DEBUG neutron.api.extensions [None req-74ee75b5-75e9-480d-bfda-eb76f09b604f None None] Loading extension file: securitygroup.py {{(pid=101680) _load_all_extensions_from_path /opt/stack/neutron/neutron/api/extensions.py:449}}
Aug 13 19:34:31.066697 np0000189297 devstack@neutron-api.service[101683]: DEBUG neutron.api.extensions [None req-83cdbf46-e61a-4060-85f6-1d4b6f4d9bd6 None None] Ext name="Floating IP Port Details Extension" alias="fip-port-details" description="Add port_details attribute to Floating IP resource" updated="2018-04-09T10:00:00-00:00" {{(pid=101683) _check_extension /opt/stack/neutron/neutron/api/extensions.py:415}}
Aug 13 19:34:31.066697 np0000189297 devstack@neutron-api.service[101683]: INFO neutron.api.extensions [None req-83cdbf46-e61a-4060-85f6-1d4b6f4d9bd6 None None] Loaded extension: fip-port-details
Aug 13 19:34:31.066697 np0000189297 devstack@neutron-api.service[101683]: DEBUG neutron.api.extensions [None req-83cdbf46-e61a-4060-85f6-1d4b6f4d9bd6 None None] Loading extension file: flavors.py {{(pid=101683) _load_all_extensions_from_path /opt/stack/neutron/neutron/api/extensions.py:449}}
Aug 13 19:34:31.066697 np0000189297 devstack@neutron-api.service[101683]: DEBUG neutron.api.extensions [None req-83cdbf46-e61a-4060-85f6-1d4b6f4d9bd6 None None] Ext name="Neutron Service Flavors" alias="flavors" description="Flavor specification for Neutron advanced services." updated="2015-09-17T10:00:00-00:00" {{(pid=101683) _check_extension /opt/stack/neutron/neutron/api/extensions.py:415}}
Aug 13 19:34:31.066697 np0000189297 devstack@neutron-api.service[101683]: INFO neutron.api.extensions [None req-83cdbf46-e61a-4060-85f6-1d4b6f4d9bd6 None None] Loaded extension: flavors
Aug 13 19:34:31.066697 np0000189297 devstack@neutron-api.service[101683]: DEBUG neutron.api.extensions [None req-83cdbf46-e61a-4060-85f6-1d4b6f4d9bd6 None None] Loading extension file: floating_ip_port_forwarding.py {{(pid=101683) _load_all_extensions_from_path /opt/stack/neutron/neutron/api/extensions.py:449}}
Aug 13 19:34:31.066961 np0000189297 devstack@neutron-api.service[101680]: DEBUG neutron.api.extensions [None req-74ee75b5-75e9-480d-bfda-eb76f09b604f None None] Ext name="security-group" alias="security-group" description="The security groups extension." updated="2012-10-05T10:00:00-00:00" {{(pid=101680) _check_extension /opt/stack/neutron/neutron/api/extensions.py:415}}
Aug 13 19:34:31.066961 np0000189297 devstack@neutron-api.service[101680]: INFO neutron.api.extensions [None req-74ee75b5-75e9-480d-bfda-eb76f09b604f None None] Loaded extension: security-group
Aug 13 19:34:31.066961 np0000189297 devstack@neutron-api.service[101680]: DEBUG neutron.api.extensions [None req-74ee75b5-75e9-480d-bfda-eb76f09b604f None None] Loading extension file: segment.py {{(pid=101680) _load_all_extensions_from_path /opt/stack/neutron/neutron/api/extensions.py:449}}
Aug 13 19:34:31.067133 np0000189297 devstack@neutron-api.service[101683]: DEBUG neutron.api.extensions [None req-83cdbf46-e61a-4060-85f6-1d4b6f4d9bd6 None None] Ext name="Floating IP Port Forwarding" alias="floating-ip-port-forwarding" description="Allow port forwarding from floating IP port to an internal port" updated="2018-01-19T10:00:00-00:00" {{(pid=101683) _check_extension /opt/stack/neutron/neutron/api/extensions.py:415}}
Aug 13 19:34:31.067350 np0000189297 devstack@neutron-api.service[101680]: DEBUG neutron.api.extensions [None req-74ee75b5-75e9-480d-bfda-eb76f09b604f None None] Ext name="Segment" alias="segment" description="Segments extension." updated="2016-02-24T17:00:00-00:00" {{(pid=101680) _check_extension /opt/stack/neutron/neutron/api/extensions.py:415}}
Aug 13 19:34:31.067459 np0000189297 devstack@neutron-api.service[101683]: INFO neutron.api.extensions [None req-83cdbf46-e61a-4060-85f6-1d4b6f4d9bd6 None None] Extension floating-ip-port-forwarding not supported by any of loaded plugins
Aug 13 19:34:31.067459 np0000189297 devstack@neutron-api.service[101683]: DEBUG neutron.api.extensions [None req-83cdbf46-e61a-4060-85f6-1d4b6f4d9bd6 None None] Loading extension file: floatingip_pools.py {{(pid=101683) _load_all_extensions_from_path /opt/stack/neutron/neutron/api/extensions.py:449}}
Aug 13 19:34:31.067587 np0000189297 devstack@neutron-api.service[101680]: INFO neutron.api.extensions [None req-74ee75b5-75e9-480d-bfda-eb76f09b604f None None] Extension segment not supported by any of loaded plugins
Aug 13 19:34:31.067587 np0000189297 devstack@neutron-api.service[101680]: DEBUG neutron.api.extensions [None req-74ee75b5-75e9-480d-bfda-eb76f09b604f None None] Loading extension file: segments_peer_subnet_host_routes.py {{(pid=101680) _load_all_extensions_from_path /opt/stack/neutron/neutron/api/extensions.py:449}}
Aug 13 19:34:31.067711 np0000189297 devstack@neutron-api.service[101683]: DEBUG neutron.api.extensions [None req-83cdbf46-e61a-4060-85f6-1d4b6f4d9bd6 None None] Ext name="Floating IP Pools Extension" alias="floatingip-pools" description="Provides a floating IP pools API." updated="2018-03-21T10:00:00-00:00" {{(pid=101683) _check_extension /opt/stack/neutron/neutron/api/extensions.py:415}}
Aug 13 19:34:31.067864 np0000189297 devstack@neutron-api.service[101680]: DEBUG neutron.api.extensions [None req-74ee75b5-75e9-480d-bfda-eb76f09b604f None None] Ext name="Segments peer-subnet host routes" alias="segments-peer-subnet-host-routes" description="Add host routes to subnets on a routed network (segments)" updated="2018-06-12T10:00:00-00:00" {{(pid=101680) _check_extension /opt/stack/neutron/neutron/api/extensions.py:415}}
Aug 13 19:34:31.067999 np0000189297 devstack@neutron-api.service[101683]: INFO neutron.api.extensions [None req-83cdbf46-e61a-4060-85f6-1d4b6f4d9bd6 None None] Loaded extension: floatingip-pools
Aug 13 19:34:31.068097 np0000189297 devstack@neutron-api.service[101680]: INFO neutron.api.extensions [None req-74ee75b5-75e9-480d-bfda-eb76f09b604f None None] Extension segments-peer-subnet-host-routes not supported by any of loaded plugins
Aug 13 19:34:31.068205 np0000189297 devstack@neutron-api.service[101683]: DEBUG neutron.api.extensions [None req-83cdbf46-e61a-4060-85f6-1d4b6f4d9bd6 None None] Loading extension file: ip_allocation.py {{(pid=101683) _load_all_extensions_from_path /opt/stack/neutron/neutron/api/extensions.py:449}}
Aug 13 19:34:31.068295 np0000189297 devstack@neutron-api.service[101680]: DEBUG neutron.api.extensions [None req-74ee75b5-75e9-480d-bfda-eb76f09b604f None None] Loading extension file: servicetype.py {{(pid=101680) _load_all_extensions_from_path /opt/stack/neutron/neutron/api/extensions.py:449}}
Aug 13 19:34:31.068295 np0000189297 devstack@neutron-api.service[101680]: DEBUG neutron.api.extensions [None req-74ee75b5-75e9-480d-bfda-eb76f09b604f None None] Ext name="Neutron Service Type Management" alias="service-type" description="API for retrieving service providers for Neutron advanced services" updated="2013-01-20T00:00:00-00:00" {{(pid=101680) _check_extension /opt/stack/neutron/neutron/api/extensions.py:415}}
Aug 13 19:34:31.068434 np0000189297 devstack@neutron-api.service[101683]: DEBUG neutron.api.extensions [None req-83cdbf46-e61a-4060-85f6-1d4b6f4d9bd6 None None] Ext name="IP Allocation" alias="ip_allocation" description="IP allocation extension." updated="2016-06-10T23:00:00-00:00" {{(pid=101683) _check_extension /opt/stack/neutron/neutron/api/extensions.py:415}}
Aug 13 19:34:31.068812 np0000189297 devstack@neutron-api.service[101680]: INFO neutron.api.extensions [None req-74ee75b5-75e9-480d-bfda-eb76f09b604f None None] Loaded extension: service-type
Aug 13 19:34:31.068895 np0000189297 devstack@neutron-api.service[101683]: INFO neutron.api.extensions [None req-83cdbf46-e61a-4060-85f6-1d4b6f4d9bd6 None None] Extension ip_allocation not supported by any of loaded plugins
Aug 13 19:34:31.068976 np0000189297 devstack@neutron-api.service[101680]: DEBUG neutron.api.extensions [None req-74ee75b5-75e9-480d-bfda-eb76f09b604f None None] Loading extension file: sorting.py {{(pid=101680) _load_all_extensions_from_path /opt/stack/neutron/neutron/api/extensions.py:449}}
Aug 13 19:34:31.069069 np0000189297 devstack@neutron-api.service[101683]: DEBUG neutron.api.extensions [None req-83cdbf46-e61a-4060-85f6-1d4b6f4d9bd6 None None] Loading extension file: ip_substring_port_filtering.py {{(pid=101683) _load_all_extensions_from_path /opt/stack/neutron/neutron/api/extensions.py:449}}
Aug 13 19:34:31.069170 np0000189297 devstack@neutron-api.service[101681]: DEBUG neutron.services.provider_configuration [None req-237a9773-06f2-48bd-9f2b-dc80d2b433cd None None] Service providers = [] {{(pid=101681) parse_service_provider_opt /opt/stack/neutron/neutron/services/provider_configuration.py:170}}
Aug 13 19:34:31.069283 np0000189297 devstack@neutron-api.service[101683]: DEBUG neutron.api.extensions [None req-83cdbf46-e61a-4060-85f6-1d4b6f4d9bd6 None None] Ext name="IP address substring filtering" alias="ip-substring-filtering" description="Provides IP address substring filtering when listing ports" updated="2017-11-28T09:00:00-00:00" {{(pid=101683) _check_extension /opt/stack/neutron/neutron/api/extensions.py:415}}
Aug 13 19:34:31.069381 np0000189297 devstack@neutron-api.service[101680]: DEBUG neutron.api.extensions [None req-74ee75b5-75e9-480d-bfda-eb76f09b604f None None] Ext name="Sorting support" alias="sorting" description="Extension that indicates that sorting is enabled." updated="2016-06-12T00:00:00-00:00" {{(pid=101680) _check_extension /opt/stack/neutron/neutron/api/extensions.py:415}}
Aug 13 19:34:31.069471 np0000189297 devstack@neutron-api.service[101681]: DEBUG neutron.db.servicetype_db [None req-237a9773-06f2-48bd-9f2b-dc80d2b433cd None None] Adding provider configuration for service L3_ROUTER_NAT {{(pid=101681) add_provider_configuration /opt/stack/neutron/neutron/db/servicetype_db.py:45}}
Aug 13 19:34:31.069559 np0000189297 devstack@neutron-api.service[101680]: INFO neutron.api.extensions [None req-74ee75b5-75e9-480d-bfda-eb76f09b604f None None] Loaded extension: sorting
Aug 13 19:34:31.069645 np0000189297 devstack@neutron-api.service[101683]: INFO neutron.api.extensions [None req-83cdbf46-e61a-4060-85f6-1d4b6f4d9bd6 None None] Extension ip-substring-filtering not supported by any of loaded plugins
Aug 13 19:34:31.069732 np0000189297 devstack@neutron-api.service[101680]: DEBUG neutron.api.extensions [None req-74ee75b5-75e9-480d-bfda-eb76f09b604f None None] Loading extension file: standard_attr_segment.py {{(pid=101680) _load_all_extensions_from_path /opt/stack/neutron/neutron/api/extensions.py:449}}
Aug 13 19:34:31.069868 np0000189297 devstack@neutron-api.service[101683]: DEBUG neutron.api.extensions [None req-83cdbf46-e61a-4060-85f6-1d4b6f4d9bd6 None None] Loading extension file: l2_adjacency.py {{(pid=101683) _load_all_extensions_from_path /opt/stack/neutron/neutron/api/extensions.py:449}}
Aug 13 19:34:31.069960 np0000189297 devstack@neutron-api.service[101680]: DEBUG neutron.api.extensions [None req-74ee75b5-75e9-480d-bfda-eb76f09b604f None None] Ext name="Standard Attribute Segment Extension" alias="standard-attr-segment" description="Add standard attributes to Segment resource" updated="2018-04-09T10:00:00-00:00" {{(pid=101680) _check_extension /opt/stack/neutron/neutron/api/extensions.py:415}}
Aug 13 19:34:31.070045 np0000189297 devstack@neutron-api.service[101683]: DEBUG neutron.api.extensions [None req-83cdbf46-e61a-4060-85f6-1d4b6f4d9bd6 None None] Ext name="L2 Adjacency" alias="l2_adjacency" description="Display L2 Adjacency for Neutron Networks." updated="2016-04-12T16:00:00-00:00" {{(pid=101683) _check_extension /opt/stack/neutron/neutron/api/extensions.py:415}}
Aug 13 19:34:31.070157 np0000189297 devstack@neutron-api.service[101680]: INFO neutron.api.extensions [None req-74ee75b5-75e9-480d-bfda-eb76f09b604f None None] Extension standard-attr-segment not supported by any of loaded plugins
Aug 13 19:34:31.070252 np0000189297 devstack@neutron-api.service[101683]: INFO neutron.api.extensions [None req-83cdbf46-e61a-4060-85f6-1d4b6f4d9bd6 None None] Extension l2_adjacency not supported by any of loaded plugins
Aug 13 19:34:31.070605 np0000189297 devstack@neutron-api.service[101680]: DEBUG neutron.api.extensions [None req-74ee75b5-75e9-480d-bfda-eb76f09b604f None None] Loading extension file: standardattrdescription.py {{(pid=101680) _load_all_extensions_from_path /opt/stack/neutron/neutron/api/extensions.py:449}}
Aug 13 19:34:31.070695 np0000189297 devstack@neutron-api.service[101683]: DEBUG neutron.api.extensions [None req-83cdbf46-e61a-4060-85f6-1d4b6f4d9bd6 None None] Loading extension file: l3.py {{(pid=101683) _load_all_extensions_from_path /opt/stack/neutron/neutron/api/extensions.py:449}}
Aug 13 19:34:31.070777 np0000189297 devstack@neutron-api.service[101680]: DEBUG neutron.api.extensions [None req-74ee75b5-75e9-480d-bfda-eb76f09b604f None None] Ext name="standard-attr-description" alias="standard-attr-description" description="Extension to add descriptions to standard attributes" updated="2016-02-10T10:00:00-00:00" {{(pid=101680) _check_extension /opt/stack/neutron/neutron/api/extensions.py:415}}
Aug 13 19:34:31.070777 np0000189297 devstack@neutron-api.service[101680]: INFO neutron.api.extensions [None req-74ee75b5-75e9-480d-bfda-eb76f09b604f None None] Loaded extension: standard-attr-description
Aug 13 19:34:31.070777 np0000189297 devstack@neutron-api.service[101680]: DEBUG neutron.api.extensions [None req-74ee75b5-75e9-480d-bfda-eb76f09b604f None None] Loading extension file: stateful_security_group.py {{(pid=101680) _load_all_extensions_from_path /opt/stack/neutron/neutron/api/extensions.py:449}}
Aug 13 19:34:31.070916 np0000189297 devstack@neutron-api.service[101683]: DEBUG neutron.api.extensions [None req-83cdbf46-e61a-4060-85f6-1d4b6f4d9bd6 None None] Ext name="Neutron L3 Router" alias="router" description="Router abstraction for basic L3 forwarding between L2 Neutron networks and access to external networks via a NAT gateway." updated="2012-07-20T10:00:00-00:00" {{(pid=101683) _check_extension /opt/stack/neutron/neutron/api/extensions.py:415}}
Aug 13 19:34:31.071005 np0000189297 devstack@neutron-api.service[101681]: DEBUG neutron_lib.callbacks.manager [None req-237a9773-06f2-48bd-9f2b-dc80d2b433cd None None] Subscribe: > router precommit_create 55549900, False {{(pid=101681) subscribe /opt/stack/data/venv/lib/python3.12/site-packages/neutron_lib/callbacks/manager.py:52}}
Aug 13 19:34:31.071105 np0000189297 devstack@neutron-api.service[101683]: INFO neutron.api.extensions [None req-83cdbf46-e61a-4060-85f6-1d4b6f4d9bd6 None None] Loaded extension: router
Aug 13 19:34:31.071202 np0000189297 devstack@neutron-api.service[101680]: DEBUG neutron.api.extensions [None req-74ee75b5-75e9-480d-bfda-eb76f09b604f None None] Ext name="Stateful security group" alias="stateful-security-group" description="Indicates if the security group is stateful or not" updated="2019-11-26T09:00:00-00:00" {{(pid=101680) _check_extension /opt/stack/neutron/neutron/api/extensions.py:415}}
Aug 13 19:34:31.071296 np0000189297 devstack@neutron-api.service[101681]: DEBUG neutron_lib.callbacks.manager [None req-237a9773-06f2-48bd-9f2b-dc80d2b433cd None None] Subscribe: > router_interface after_create 55550000, False {{(pid=101681) subscribe /opt/stack/data/venv/lib/python3.12/site-packages/neutron_lib/callbacks/manager.py:52}}
Aug 13 19:34:31.071437 np0000189297 devstack@neutron-api.service[101683]: DEBUG neutron.api.extensions [None req-83cdbf46-e61a-4060-85f6-1d4b6f4d9bd6 None None] Loading extension file: l3_agent_scheduler_ha_chassis_priority.py {{(pid=101683) _load_all_extensions_from_path /opt/stack/neutron/neutron/api/extensions.py:449}}
Aug 13 19:34:31.071542 np0000189297 devstack@neutron-api.service[101681]: DEBUG neutron_lib.callbacks.manager [None req-237a9773-06f2-48bd-9f2b-dc80d2b433cd None None] Subscribe: > floatingip after_create 55550000, False {{(pid=101681) subscribe /opt/stack/data/venv/lib/python3.12/site-packages/neutron_lib/callbacks/manager.py:52}}
Aug 13 19:34:31.071653 np0000189297 devstack@neutron-api.service[101680]: INFO neutron.api.extensions [None req-74ee75b5-75e9-480d-bfda-eb76f09b604f None None] Loaded extension: stateful-security-group
Aug 13 19:34:31.071653 np0000189297 devstack@neutron-api.service[101680]: DEBUG neutron.api.extensions [None req-74ee75b5-75e9-480d-bfda-eb76f09b604f None None] Loading extension file: stdattrs_common.py {{(pid=101680) _load_all_extensions_from_path /opt/stack/neutron/neutron/api/extensions.py:449}}
Aug 13 19:34:31.071773 np0000189297 devstack@neutron-api.service[101681]: DEBUG neutron_lib.callbacks.manager [None req-237a9773-06f2-48bd-9f2b-dc80d2b433cd None None] Subscribe: > floatingip precommit_create 55550000, False {{(pid=101681) subscribe /opt/stack/data/venv/lib/python3.12/site-packages/neutron_lib/callbacks/manager.py:52}}
Aug 13 19:34:31.071867 np0000189297 devstack@neutron-api.service[101683]: DEBUG neutron.api.extensions [None req-83cdbf46-e61a-4060-85f6-1d4b6f4d9bd6 None None] Ext name="L3 Agent Scheduler HA Chassis Priority" alias="l3-agent-scheduler-ha-chassis-priority" description="Exposes the HA_Chassis priority in the L3 Agent Scheduler API responses and allows setting priority when scheduling a router to a chassis." updated="2026-03-31T00:00:00-00:00" {{(pid=101683) _check_extension /opt/stack/neutron/neutron/api/extensions.py:415}}
Aug 13 19:34:31.071963 np0000189297 devstack@neutron-api.service[101681]: DEBUG neutron_lib.callbacks.manager [None req-237a9773-06f2-48bd-9f2b-dc80d2b433cd None None] Subscribe: > floatingip precommit_update 55550000, False {{(pid=101681) subscribe /opt/stack/data/venv/lib/python3.12/site-packages/neutron_lib/callbacks/manager.py:52}}
Aug 13 19:34:31.071963 np0000189297 devstack@neutron-api.service[101681]: DEBUG neutron_lib.callbacks.manager [None req-237a9773-06f2-48bd-9f2b-dc80d2b433cd None None] Subscribe: > floatingip after_delete 55550000, False {{(pid=101681) subscribe /opt/stack/data/venv/lib/python3.12/site-packages/neutron_lib/callbacks/manager.py:52}}
Aug 13 19:34:31.072078 np0000189297 devstack@neutron-api.service[101680]: WARNING neutron.api.extensions [None req-74ee75b5-75e9-480d-bfda-eb76f09b604f None None] Did not find expected name "Stdattrs_common" in /opt/stack/neutron/neutron/extensions/stdattrs_common.py
Aug 13 19:34:31.072173 np0000189297 devstack@neutron-api.service[101683]: INFO neutron.api.extensions [None req-83cdbf46-e61a-4060-85f6-1d4b6f4d9bd6 None None] Loaded extension: l3-agent-scheduler-ha-chassis-priority
Aug 13 19:34:31.072264 np0000189297 devstack@neutron-api.service[101680]: DEBUG neutron.api.extensions [None req-74ee75b5-75e9-480d-bfda-eb76f09b604f None None] Loading extension file: subnet_dns_publish_fixed_ip.py {{(pid=101680) _load_all_extensions_from_path /opt/stack/neutron/neutron/api/extensions.py:449}}
Aug 13 19:34:31.072345 np0000189297 devstack@neutron-api.service[101681]: DEBUG neutron_lib.callbacks.manager [None req-237a9773-06f2-48bd-9f2b-dc80d2b433cd None None] Subscribe: > floatingip after_status_update 55550000, False {{(pid=101681) subscribe /opt/stack/data/venv/lib/python3.12/site-packages/neutron_lib/callbacks/manager.py:52}}
Aug 13 19:34:31.072446 np0000189297 devstack@neutron-api.service[101683]: DEBUG neutron.api.extensions [None req-83cdbf46-e61a-4060-85f6-1d4b6f4d9bd6 None None] Loading extension file: l3_conntrack_helper.py {{(pid=101683) _load_all_extensions_from_path /opt/stack/neutron/neutron/api/extensions.py:449}}
Aug 13 19:34:31.072730 np0000189297 devstack@neutron-api.service[101681]: DEBUG neutron_lib.callbacks.manager [None req-237a9773-06f2-48bd-9f2b-dc80d2b433cd None None] Subscribe: > floatingip after_update 55550000, False {{(pid=101681) subscribe /opt/stack/data/venv/lib/python3.12/site-packages/neutron_lib/callbacks/manager.py:52}}
Aug 13 19:34:31.072730 np0000189297 devstack@neutron-api.service[101681]: DEBUG neutron_lib.callbacks.manager [None req-237a9773-06f2-48bd-9f2b-dc80d2b433cd None None] Subscribe: > port_forwarding after_create 55550000, False {{(pid=101681) subscribe /opt/stack/data/venv/lib/python3.12/site-packages/neutron_lib/callbacks/manager.py:52}}
Aug 13 19:34:31.072870 np0000189297 devstack@neutron-api.service[101680]: DEBUG neutron.api.extensions [None req-74ee75b5-75e9-480d-bfda-eb76f09b604f None None] Ext name="Subnet DNS publish fixed IP" alias="subnet-dns-publish-fixed-ip" description="Support choosing to publish DNS records for IPs from a subnet" updated="2019-05-24T10:00:00-00:00" {{(pid=101680) _check_extension /opt/stack/neutron/neutron/api/extensions.py:415}}
Aug 13 19:34:31.072958 np0000189297 devstack@neutron-api.service[101681]: DEBUG neutron_lib.callbacks.manager [None req-237a9773-06f2-48bd-9f2b-dc80d2b433cd None None] Subscribe: > router_interface after_delete 55550000, False {{(pid=101681) subscribe /opt/stack/data/venv/lib/python3.12/site-packages/neutron_lib/callbacks/manager.py:52}}
Aug 13 19:34:31.073039 np0000189297 devstack@neutron-api.service[101680]: INFO neutron.api.extensions [None req-74ee75b5-75e9-480d-bfda-eb76f09b604f None None] Loaded extension: subnet-dns-publish-fixed-ip
Aug 13 19:34:31.073175 np0000189297 devstack@neutron-api.service[101681]: DEBUG neutron_lib.callbacks.manager [None req-237a9773-06f2-48bd-9f2b-dc80d2b433cd None None] Subscribe: > router after_create 55550000, False {{(pid=101681) subscribe /opt/stack/data/venv/lib/python3.12/site-packages/neutron_lib/callbacks/manager.py:52}}
Aug 13 19:34:31.073267 np0000189297 devstack@neutron-api.service[101680]: DEBUG neutron.api.extensions [None req-74ee75b5-75e9-480d-bfda-eb76f09b604f None None] Loading extension file: subnet_external_network.py {{(pid=101680) _load_all_extensions_from_path /opt/stack/neutron/neutron/api/extensions.py:449}}
Aug 13 19:34:31.073357 np0000189297 devstack@neutron-api.service[101681]: DEBUG neutron_lib.callbacks.manager [None req-237a9773-06f2-48bd-9f2b-dc80d2b433cd None None] Subscribe: > router precommit_create 55550000, False {{(pid=101681) subscribe /opt/stack/data/venv/lib/python3.12/site-packages/neutron_lib/callbacks/manager.py:52}}
Aug 13 19:34:31.073357 np0000189297 devstack@neutron-api.service[101681]: DEBUG neutron_lib.callbacks.manager [None req-237a9773-06f2-48bd-9f2b-dc80d2b433cd None None] Subscribe: > router after_delete 55550000, False {{(pid=101681) subscribe /opt/stack/data/venv/lib/python3.12/site-packages/neutron_lib/callbacks/manager.py:52}}
Aug 13 19:34:31.073484 np0000189297 devstack@neutron-api.service[101683]: DEBUG neutron.api.extensions [None req-83cdbf46-e61a-4060-85f6-1d4b6f4d9bd6 None None] Ext name="L3 Conntrack helper" alias="l3-conntrack-helper" description="Allow adding CT target rules for conntrack helper" updated="2019-04-04T10:00:00-00:00" {{(pid=101683) _check_extension /opt/stack/neutron/neutron/api/extensions.py:415}}
Aug 13 19:34:31.073594 np0000189297 devstack@neutron-api.service[101681]: DEBUG neutron_lib.callbacks.manager [None req-237a9773-06f2-48bd-9f2b-dc80d2b433cd None None] Subscribe: > router after_update 55550000, False {{(pid=101681) subscribe /opt/stack/data/venv/lib/python3.12/site-packages/neutron_lib/callbacks/manager.py:52}}
Aug 13 19:34:31.073682 np0000189297 devstack@neutron-api.service[101680]: DEBUG neutron.api.extensions [None req-74ee75b5-75e9-480d-bfda-eb76f09b604f None None] Ext name="Subnet belongs to an external network" alias="subnet-external-network" description="Informs if the subnet belongs to an external network" updated="2024-02-05T18:00:00-00:00" {{(pid=101680) _check_extension /opt/stack/neutron/neutron/api/extensions.py:415}}
Aug 13 19:34:31.073788 np0000189297 devstack@neutron-api.service[101681]: DEBUG neutron.services.service_base [None req-237a9773-06f2-48bd-9f2b-dc80d2b433cd None None] Loaded 'neutron.services.ovn_l3.service_providers.ovn.OvnDriver' provider for service L3_ROUTER_NAT {{(pid=101681) load_drivers /opt/stack/neutron/neutron/services/service_base.py:49}}
Aug 13 19:34:31.073873 np0000189297 devstack@neutron-api.service[101680]: INFO neutron.api.extensions [None req-74ee75b5-75e9-480d-bfda-eb76f09b604f None None] Loaded extension: subnet-external-network
Aug 13 19:34:31.073968 np0000189297 devstack@neutron-api.service[101683]: INFO neutron.api.extensions [None req-83cdbf46-e61a-4060-85f6-1d4b6f4d9bd6 None None] Extension l3-conntrack-helper not supported by any of loaded plugins
Aug 13 19:34:31.074177 np0000189297 devstack@neutron-api.service[101681]: DEBUG neutron_lib.callbacks.manager [None req-237a9773-06f2-48bd-9f2b-dc80d2b433cd None None] Subscribe: > process after_init 55550001, True {{(pid=101681) subscribe /opt/stack/data/venv/lib/python3.12/site-packages/neutron_lib/callbacks/manager.py:52}}
Aug 13 19:34:31.074265 np0000189297 devstack@neutron-api.service[101680]: DEBUG neutron.api.extensions [None req-74ee75b5-75e9-480d-bfda-eb76f09b604f None None] Loading extension file: subnet_onboard.py {{(pid=101680) _load_all_extensions_from_path /opt/stack/neutron/neutron/api/extensions.py:449}}
Aug 13 19:34:31.074357 np0000189297 devstack@neutron-api.service[101683]: DEBUG neutron.api.extensions [None req-83cdbf46-e61a-4060-85f6-1d4b6f4d9bd6 None None] Loading extension file: l3_enable_default_route_bfd.py {{(pid=101683) _load_all_extensions_from_path /opt/stack/neutron/neutron/api/extensions.py:449}}
Aug 13 19:34:31.074448 np0000189297 devstack@neutron-api.service[101681]: DEBUG neutron.manager [None req-237a9773-06f2-48bd-9f2b-dc80d2b433cd None None] Successfully loaded L3_ROUTER_NAT plugin. Description: L3 Router Service Plugin for basic L3 forwarding using OVN {{(pid=101681) _create_and_add_service_plugin /opt/stack/neutron/neutron/manager.py:236}}
Aug 13 19:34:31.074448 np0000189297 devstack@neutron-api.service[101681]: INFO neutron.manager [None req-237a9773-06f2-48bd-9f2b-dc80d2b433cd None None] Loading Plugin: auto_allocate
Aug 13 19:34:31.074584 np0000189297 devstack@neutron-api.service[101680]: DEBUG neutron.api.extensions [None req-74ee75b5-75e9-480d-bfda-eb76f09b604f None None] Ext name="Subnet Onboard" alias="subnet_onboard" description="Provides support for onboarding subnets into subnet pools" updated="2018-12-18T09:00:00-00:00" {{(pid=101680) _check_extension /opt/stack/neutron/neutron/api/extensions.py:415}}
Aug 13 19:34:31.074669 np0000189297 devstack@neutron-api.service[101683]: DEBUG neutron.api.extensions [None req-83cdbf46-e61a-4060-85f6-1d4b6f4d9bd6 None None] Ext name="Enable Default Route BFD" alias="enable-default-route-bfd" description="Enables configurable BFD behavior for default routes" updated="2023-02-27T00:00:00-00:00" {{(pid=101683) _check_extension /opt/stack/neutron/neutron/api/extensions.py:415}}
Aug 13 19:34:31.074757 np0000189297 devstack@neutron-api.service[101680]: INFO neutron.api.extensions [None req-74ee75b5-75e9-480d-bfda-eb76f09b604f None None] Loaded extension: subnet_onboard
Aug 13 19:34:31.074973 np0000189297 devstack@neutron-api.service[101683]: INFO neutron.api.extensions [None req-83cdbf46-e61a-4060-85f6-1d4b6f4d9bd6 None None] Loaded extension: enable-default-route-bfd
Aug 13 19:34:31.075060 np0000189297 devstack@neutron-api.service[101680]: DEBUG neutron.api.extensions [None req-74ee75b5-75e9-480d-bfda-eb76f09b604f None None] Loading extension file: subnet_segmentid_writable.py {{(pid=101680) _load_all_extensions_from_path /opt/stack/neutron/neutron/api/extensions.py:449}}
Aug 13 19:34:31.075178 np0000189297 devstack@neutron-api.service[101683]: DEBUG neutron.api.extensions [None req-83cdbf46-e61a-4060-85f6-1d4b6f4d9bd6 None None] Loading extension file: l3_enable_default_route_ecmp.py {{(pid=101683) _load_all_extensions_from_path /opt/stack/neutron/neutron/api/extensions.py:449}}
Aug 13 19:34:31.075178 np0000189297 devstack@neutron-api.service[101683]: DEBUG neutron.api.extensions [None req-83cdbf46-e61a-4060-85f6-1d4b6f4d9bd6 None None] Ext name="Enable Default Route ECMP" alias="enable-default-route-ecmp" description="Enables configurable ECMP behavior for default routes" updated="2023-02-27T00:00:00-00:00" {{(pid=101683) _check_extension /opt/stack/neutron/neutron/api/extensions.py:415}}
Aug 13 19:34:31.075318 np0000189297 devstack@neutron-api.service[101680]: DEBUG neutron.api.extensions [None req-74ee75b5-75e9-480d-bfda-eb76f09b604f None None] Ext name="Subnet SegmentID (writable)" alias="subnet-segmentid-writable" description="Provides a writable segment_id attribute for a subnet resource." updated="2018-03-12T00:00:00-00:00" {{(pid=101680) _check_extension /opt/stack/neutron/neutron/api/extensions.py:415}}
Aug 13 19:34:31.075402 np0000189297 devstack@neutron-api.service[101683]: INFO neutron.api.extensions [None req-83cdbf46-e61a-4060-85f6-1d4b6f4d9bd6 None None] Loaded extension: enable-default-route-ecmp
Aug 13 19:34:31.075513 np0000189297 devstack@neutron-api.service[101680]: INFO neutron.api.extensions [None req-74ee75b5-75e9-480d-bfda-eb76f09b604f None None] Extension subnet-segmentid-writable not supported by any of loaded plugins
Aug 13 19:34:31.075597 np0000189297 devstack@neutron-api.service[101683]: DEBUG neutron.api.extensions [None req-83cdbf46-e61a-4060-85f6-1d4b6f4d9bd6 None None] Loading extension file: l3_ext_gw_mode.py {{(pid=101683) _load_all_extensions_from_path /opt/stack/neutron/neutron/api/extensions.py:449}}
Aug 13 19:34:31.075709 np0000189297 devstack@neutron-api.service[101680]: DEBUG neutron.api.extensions [None req-74ee75b5-75e9-480d-bfda-eb76f09b604f None None] Loading extension file: subnet_service_types.py {{(pid=101680) _load_all_extensions_from_path /opt/stack/neutron/neutron/api/extensions.py:449}}
Aug 13 19:34:31.075814 np0000189297 devstack@neutron-api.service[101681]: DEBUG neutron_lib.callbacks.manager [None req-237a9773-06f2-48bd-9f2b-dc80d2b433cd None None] Subscribe: network precommit_update 55550000, False {{(pid=101681) subscribe /opt/stack/data/venv/lib/python3.12/site-packages/neutron_lib/callbacks/manager.py:52}}
Aug 13 19:34:31.075814 np0000189297 devstack@neutron-api.service[101681]: DEBUG neutron_lib.callbacks.manager [None req-237a9773-06f2-48bd-9f2b-dc80d2b433cd None None] Subscribe: network precommit_create 55550000, False {{(pid=101681) subscribe /opt/stack/data/venv/lib/python3.12/site-packages/neutron_lib/callbacks/manager.py:52}}
Aug 13 19:34:31.075978 np0000189297 devstack@neutron-api.service[101680]: DEBUG neutron.api.extensions [None req-74ee75b5-75e9-480d-bfda-eb76f09b604f None None] Ext name="Subnet service types" alias="subnet-service-types" description="Provides ability to set the subnet service_types field" updated="2016-03-15T18:00:00-00:00" {{(pid=101680) _check_extension /opt/stack/neutron/neutron/api/extensions.py:415}}
Aug 13 19:34:31.076130 np0000189297 devstack@neutron-api.service[101683]: DEBUG neutron.api.extensions [None req-83cdbf46-e61a-4060-85f6-1d4b6f4d9bd6 None None] Ext name="Neutron L3 Configurable external gateway mode" alias="ext-gw-mode" description="Extension of the router abstraction for specifying whether SNAT should occur on the external gateway" updated="2013-03-28T10:00:00-00:00" {{(pid=101683) _check_extension /opt/stack/neutron/neutron/api/extensions.py:415}}
Aug 13 19:34:31.076259 np0000189297 devstack@neutron-api.service[101681]: DEBUG neutron.manager [None req-237a9773-06f2-48bd-9f2b-dc80d2b433cd None None] Successfully loaded auto-allocated-topology plugin. Description: Auto Allocated Topology - aka get me a network. {{(pid=101681) _create_and_add_service_plugin /opt/stack/neutron/neutron/manager.py:236}}
Aug 13 19:34:31.076339 np0000189297 devstack@neutron-api.service[101680]: INFO neutron.api.extensions [None req-74ee75b5-75e9-480d-bfda-eb76f09b604f None None] Loaded extension: subnet-service-types
Aug 13 19:34:31.076433 np0000189297 devstack@neutron-api.service[101681]: INFO neutron.manager [None req-237a9773-06f2-48bd-9f2b-dc80d2b433cd None None] Loading Plugin: tag
Aug 13 19:34:31.076518 np0000189297 devstack@neutron-api.service[101683]: INFO neutron.api.extensions [None req-83cdbf46-e61a-4060-85f6-1d4b6f4d9bd6 None None] Loaded extension: ext-gw-mode
Aug 13 19:34:31.076598 np0000189297 devstack@neutron-api.service[101680]: DEBUG neutron.api.extensions [None req-74ee75b5-75e9-480d-bfda-eb76f09b604f None None] Loading extension file: subnetallocation.py {{(pid=101680) _load_all_extensions_from_path /opt/stack/neutron/neutron/api/extensions.py:449}}
Aug 13 19:34:31.076683 np0000189297 devstack@neutron-api.service[101683]: DEBUG neutron.api.extensions [None req-83cdbf46-e61a-4060-85f6-1d4b6f4d9bd6 None None] Loading extension file: l3_ext_ha_mode.py {{(pid=101683) _load_all_extensions_from_path /opt/stack/neutron/neutron/api/extensions.py:449}}
Aug 13 19:34:31.076770 np0000189297 devstack@neutron-api.service[101680]: DEBUG neutron.api.extensions [None req-74ee75b5-75e9-480d-bfda-eb76f09b604f None None] Ext name="Subnet Allocation" alias="subnet_allocation" description="Enables allocation of subnets from a subnet pool" updated="2015-03-30T10:00:00-00:00" {{(pid=101680) _check_extension /opt/stack/neutron/neutron/api/extensions.py:415}}
Aug 13 19:34:31.076851 np0000189297 devstack@neutron-api.service[101683]: DEBUG neutron.api.extensions [None req-83cdbf46-e61a-4060-85f6-1d4b6f4d9bd6 None None] Ext name="HA Router extension" alias="l3-ha" description="Adds HA capability to routers." updated="2014-04-26T00:00:00-00:00" {{(pid=101683) _check_extension /opt/stack/neutron/neutron/api/extensions.py:415}}
Aug 13 19:34:31.076963 np0000189297 devstack@neutron-api.service[101680]: INFO neutron.api.extensions [None req-74ee75b5-75e9-480d-bfda-eb76f09b604f None None] Loaded extension: subnet_allocation
Aug 13 19:34:31.077069 np0000189297 devstack@neutron-api.service[101683]: INFO neutron.api.extensions [None req-83cdbf46-e61a-4060-85f6-1d4b6f4d9bd6 None None] Loaded extension: l3-ha
Aug 13 19:34:31.077191 np0000189297 devstack@neutron-api.service[101680]: DEBUG neutron.api.extensions [None req-74ee75b5-75e9-480d-bfda-eb76f09b604f None None] Loading extension file: subnetpool_prefix_ops.py {{(pid=101680) _load_all_extensions_from_path /opt/stack/neutron/neutron/api/extensions.py:449}}
Aug 13 19:34:31.077280 np0000189297 devstack@neutron-api.service[101683]: DEBUG neutron.api.extensions [None req-83cdbf46-e61a-4060-85f6-1d4b6f4d9bd6 None None] Loading extension file: l3_ext_ndp_proxy.py {{(pid=101683) _load_all_extensions_from_path /opt/stack/neutron/neutron/api/extensions.py:449}}
Aug 13 19:34:31.077365 np0000189297 devstack@neutron-api.service[101680]: DEBUG neutron.api.extensions [None req-74ee75b5-75e9-480d-bfda-eb76f09b604f None None] Ext name="Subnet Pool Prefix Operations" alias="subnetpool-prefix-ops" description="Provides support for adjusting the prefix list of subnet pools" updated="2019-02-08T10:00:00-00:00" {{(pid=101680) _check_extension /opt/stack/neutron/neutron/api/extensions.py:415}}
Aug 13 19:34:31.077451 np0000189297 devstack@neutron-api.service[101683]: DEBUG neutron.api.extensions [None req-83cdbf46-e61a-4060-85f6-1d4b6f4d9bd6 None None] Ext name="Router support to enable NDP proxy" alias="l3-ext-ndp-proxy" description="Router extension to enable ndp proxy" updated="2020-08-25T00:00:00-00:00" {{(pid=101683) _check_extension /opt/stack/neutron/neutron/api/extensions.py:415}}
Aug 13 19:34:31.077536 np0000189297 devstack@neutron-api.service[101680]: INFO neutron.api.extensions [None req-74ee75b5-75e9-480d-bfda-eb76f09b604f None None] Loaded extension: subnetpool-prefix-ops
Aug 13 19:34:31.077614 np0000189297 devstack@neutron-api.service[101683]: INFO neutron.api.extensions [None req-83cdbf46-e61a-4060-85f6-1d4b6f4d9bd6 None None] Extension l3-ext-ndp-proxy not supported by any of loaded plugins
Aug 13 19:34:31.077691 np0000189297 devstack@neutron-api.service[101680]: DEBUG neutron.api.extensions [None req-74ee75b5-75e9-480d-bfda-eb76f09b604f None None] Loading extension file: tag_creation.py {{(pid=101680) _load_all_extensions_from_path /opt/stack/neutron/neutron/api/extensions.py:449}}
Aug 13 19:34:31.077807 np0000189297 devstack@neutron-api.service[101683]: DEBUG neutron.api.extensions [None req-83cdbf46-e61a-4060-85f6-1d4b6f4d9bd6 None None] Loading extension file: l3_extra_gws.py {{(pid=101683) _load_all_extensions_from_path /opt/stack/neutron/neutron/api/extensions.py:449}}
Aug 13 19:34:31.077887 np0000189297 devstack@neutron-api.service[101680]: DEBUG neutron.api.extensions [None req-74ee75b5-75e9-480d-bfda-eb76f09b604f None None] Ext name="Tag creation extension" alias="tag-creation" description="Allow to create multiple tags for a resource" updated="2024-23-07T10:00:00-00:00" {{(pid=101680) _check_extension /opt/stack/neutron/neutron/api/extensions.py:415}}
Aug 13 19:34:31.077971 np0000189297 devstack@neutron-api.service[101683]: DEBUG neutron.api.extensions [None req-83cdbf46-e61a-4060-85f6-1d4b6f4d9bd6 None None] Ext name="Neutron L3 External Gateway Multihoming" alias="external-gateway-multihoming" description="Allow multiple external gateway ports per router" updated="2023-01-18T00:00:00-00:00" {{(pid=101683) _check_extension /opt/stack/neutron/neutron/api/extensions.py:415}}
Aug 13 19:34:31.078053 np0000189297 devstack@neutron-api.service[101680]: INFO neutron.api.extensions [None req-74ee75b5-75e9-480d-bfda-eb76f09b604f None None] Loaded extension: tag-creation
Aug 13 19:34:31.078155 np0000189297 devstack@neutron-api.service[101683]: INFO neutron.api.extensions [None req-83cdbf46-e61a-4060-85f6-1d4b6f4d9bd6 None None] Loaded extension: external-gateway-multihoming
Aug 13 19:34:31.078248 np0000189297 devstack@neutron-api.service[101680]: DEBUG neutron.api.extensions [None req-74ee75b5-75e9-480d-bfda-eb76f09b604f None None] Loading extension file: tag_ports_during_bulk_creation.py {{(pid=101680) _load_all_extensions_from_path /opt/stack/neutron/neutron/api/extensions.py:449}}
Aug 13 19:34:31.078345 np0000189297 devstack@neutron-api.service[101683]: DEBUG neutron.api.extensions [None req-83cdbf46-e61a-4060-85f6-1d4b6f4d9bd6 None None] Loading extension file: l3_flavors.py {{(pid=101683) _load_all_extensions_from_path /opt/stack/neutron/neutron/api/extensions.py:449}}
Aug 13 19:34:31.078426 np0000189297 devstack@neutron-api.service[101680]: DEBUG neutron.api.extensions [None req-74ee75b5-75e9-480d-bfda-eb76f09b604f None None] Ext name="Tag Ports During Bulk Creation" alias="tag-ports-during-bulk-creation" description="Allow to tag ports during bulk creation" updated="2019-12-29T19:00:00-00:00" {{(pid=101680) _check_extension /opt/stack/neutron/neutron/api/extensions.py:415}}
Aug 13 19:34:31.078426 np0000189297 devstack@neutron-api.service[101680]: INFO neutron.api.extensions [None req-74ee75b5-75e9-480d-bfda-eb76f09b604f None None] Extension tag-ports-during-bulk-creation not supported by any of loaded plugins
Aug 13 19:34:31.078719 np0000189297 devstack@neutron-api.service[101683]: DEBUG neutron.api.extensions [None req-83cdbf46-e61a-4060-85f6-1d4b6f4d9bd6 None None] Ext name="Router Flavor Extension" alias="l3-flavors" description="Flavor support for routers." updated="2016-05-17T00:00:00-00:00" {{(pid=101683) _check_extension /opt/stack/neutron/neutron/api/extensions.py:415}}
Aug 13 19:34:31.078800 np0000189297 devstack@neutron-api.service[101680]: DEBUG neutron.api.extensions [None req-74ee75b5-75e9-480d-bfda-eb76f09b604f None None] Loading extension file: tagging.py {{(pid=101680) _load_all_extensions_from_path /opt/stack/neutron/neutron/api/extensions.py:449}}
Aug 13 19:34:31.078886 np0000189297 devstack@neutron-api.service[101683]: INFO neutron.api.extensions [None req-83cdbf46-e61a-4060-85f6-1d4b6f4d9bd6 None None] Loaded extension: l3-flavors
Aug 13 19:34:31.078886 np0000189297 devstack@neutron-api.service[101683]: DEBUG neutron.api.extensions [None req-83cdbf46-e61a-4060-85f6-1d4b6f4d9bd6 None None] Loading extension file: l3_ndp_proxy.py {{(pid=101683) _load_all_extensions_from_path /opt/stack/neutron/neutron/api/extensions.py:449}}
Aug 13 19:34:31.078886 np0000189297 devstack@neutron-api.service[101683]: DEBUG neutron.api.extensions [None req-83cdbf46-e61a-4060-85f6-1d4b6f4d9bd6 None None] Ext name="name" alias="l3-ndp-proxy" description="description" updated="2021-06-29T10:00:00-00:00" {{(pid=101683) _check_extension /opt/stack/neutron/neutron/api/extensions.py:415}}
Aug 13 19:34:31.078886 np0000189297 devstack@neutron-api.service[101683]: INFO neutron.api.extensions [None req-83cdbf46-e61a-4060-85f6-1d4b6f4d9bd6 None None] Extension l3-ndp-proxy not supported by any of loaded plugins
Aug 13 19:34:31.079031 np0000189297 devstack@neutron-api.service[101681]: DEBUG neutron.manager [None req-237a9773-06f2-48bd-9f2b-dc80d2b433cd None None] Successfully loaded TAG plugin. Description: Tag support {{(pid=101681) _create_and_add_service_plugin /opt/stack/neutron/neutron/manager.py:236}}
Aug 13 19:34:31.079119 np0000189297 devstack@neutron-api.service[101683]: DEBUG neutron.api.extensions [None req-83cdbf46-e61a-4060-85f6-1d4b6f4d9bd6 None None] Loading extension file: l3_port_ip_change_not_allowed.py {{(pid=101683) _load_all_extensions_from_path /opt/stack/neutron/neutron/api/extensions.py:449}}
Aug 13 19:34:31.079227 np0000189297 devstack@neutron-api.service[101680]: DEBUG neutron.api.extensions [None req-74ee75b5-75e9-480d-bfda-eb76f09b604f None None] Ext name="Tag support for resources with standard attribute: port, subnet, subnetpool, network, security_group, router, floatingip, policy, trunk, network_segment_range" alias="standard-attr-tag" description="Enables to set tag on resources with standard attribute." updated="2017-01-01T00:00:00-00:00" {{(pid=101680) _check_extension /opt/stack/neutron/neutron/api/extensions.py:415}}
