Aug 13 19:34:31.028291 np0000189297 devstack@neutron-api.service[101680]: INFO neutron.api.extensions [None req-74ee75b5-75e9-480d-bfda-eb76f09b604f None None] Extension network-segment-range not supported by any of loaded plugins
Aug 13 19:34:31.028458 np0000189297 devstack@neutron-api.service[101683]: INFO neutron.manager [None req-83cdbf46-e61a-4060-85f6-1d4b6f4d9bd6 None None] Loading Plugin: tag
Aug 13 19:34:31.028543 np0000189297 devstack@neutron-api.service[101680]: DEBUG neutron.api.extensions [None req-74ee75b5-75e9-480d-bfda-eb76f09b604f None None] Loading extension file: pagination.py {{(pid=101680) _load_all_extensions_from_path /opt/stack/neutron/neutron/api/extensions.py:449}}
Aug 13 19:34:31.028543 np0000189297 devstack@neutron-api.service[101680]: DEBUG neutron.api.extensions [None req-74ee75b5-75e9-480d-bfda-eb76f09b604f None None] Ext name="Pagination support" alias="pagination" description="Extension that indicates that pagination is enabled." updated="2016-06-12T00:00:00-00:00" {{(pid=101680) _check_extension /opt/stack/neutron/neutron/api/extensions.py:415}}
Aug 13 19:34:31.028543 np0000189297 devstack@neutron-api.service[101680]: INFO neutron.api.extensions [None req-74ee75b5-75e9-480d-bfda-eb76f09b604f None None] Loaded extension: pagination
Aug 13 19:34:31.028543 np0000189297 devstack@neutron-api.service[101680]: DEBUG neutron.api.extensions [None req-74ee75b5-75e9-480d-bfda-eb76f09b604f None None] Loading extension file: port_device_profile.py {{(pid=101680) _load_all_extensions_from_path /opt/stack/neutron/neutron/api/extensions.py:449}}
Aug 13 19:34:31.028543 np0000189297 devstack@neutron-api.service[101680]: DEBUG neutron.api.extensions [None req-74ee75b5-75e9-480d-bfda-eb76f09b604f None None] Ext name="Port device profile" alias="port-device-profile" description="Expose the port device profile (Cyborg)" updated="2020-12-17T10:00:00-00:00" {{(pid=101680) _check_extension /opt/stack/neutron/neutron/api/extensions.py:415}}
Aug 13 19:34:31.028543 np0000189297 devstack@neutron-api.service[101680]: INFO neutron.api.extensions [None req-74ee75b5-75e9-480d-bfda-eb76f09b604f None None] Loaded extension: port-device-profile
Aug 13 19:34:31.028543 np0000189297 devstack@neutron-api.service[101680]: DEBUG neutron.api.extensions [None req-74ee75b5-75e9-480d-bfda-eb76f09b604f None None] Loading extension file: port_hardware_offload_type.py {{(pid=101680) _load_all_extensions_from_path /opt/stack/neutron/neutron/api/extensions.py:449}}
Aug 13 19:34:31.028851 np0000189297 devstack@neutron-api.service[101680]: DEBUG neutron.api.extensions [None req-74ee75b5-75e9-480d-bfda-eb76f09b604f None None] Ext name="Port hardware offload" alias="port-hardware-offload-type" description="Expose port hardware offload extension" updated="2023-05-09T10:00:00-00:00" {{(pid=101680) _check_extension /opt/stack/neutron/neutron/api/extensions.py:415}}
Aug 13 19:34:31.028851 np0000189297 devstack@neutron-api.service[101680]: INFO neutron.api.extensions [None req-74ee75b5-75e9-480d-bfda-eb76f09b604f None None] Extension port-hardware-offload-type not supported by any of loaded plugins
Aug 13 19:34:31.028851 np0000189297 devstack@neutron-api.service[101680]: DEBUG neutron.api.extensions [None req-74ee75b5-75e9-480d-bfda-eb76f09b604f None None] Loading extension file: port_hint_ovs_tx_steering.py {{(pid=101680) _load_all_extensions_from_path /opt/stack/neutron/neutron/api/extensions.py:449}}
Aug 13 19:34:31.028851 np0000189297 devstack@neutron-api.service[101680]: DEBUG neutron.api.extensions [None req-74ee75b5-75e9-480d-bfda-eb76f09b604f None None] Ext name="Port hint: Open vSwitch Tx steering" alias="port-hint-ovs-tx-steering" description="Enable Port hint: Open vSwitch Tx steering" updated="2023-01-01T00:00:00-00:00" {{(pid=101680) _check_extension /opt/stack/neutron/neutron/api/extensions.py:415}}
Aug 13 19:34:31.028851 np0000189297 devstack@neutron-api.service[101680]: INFO neutron.api.extensions [None req-74ee75b5-75e9-480d-bfda-eb76f09b604f None None] Extension port-hint-ovs-tx-steering not supported by any of loaded plugins
Aug 13 19:34:31.028851 np0000189297 devstack@neutron-api.service[101680]: DEBUG neutron.api.extensions [None req-74ee75b5-75e9-480d-bfda-eb76f09b604f None None] Loading extension file: port_hints.py {{(pid=101680) _load_all_extensions_from_path /opt/stack/neutron/neutron/api/extensions.py:449}}
Aug 13 19:34:31.028851 np0000189297 devstack@neutron-api.service[101680]: DEBUG neutron.api.extensions [None req-74ee75b5-75e9-480d-bfda-eb76f09b604f None None] Ext name="Port hints" alias="port-hints" description="Backend specific port hints to allow backend specific tuning" updated="2023-01-01T00:00:00-00:00" {{(pid=101680) _check_extension /opt/stack/neutron/neutron/api/extensions.py:415}}
Aug 13 19:34:31.029175 np0000189297 devstack@neutron-api.service[101680]: INFO neutron.api.extensions [None req-74ee75b5-75e9-480d-bfda-eb76f09b604f None None] Extension port-hints not supported by any of loaded plugins
Aug 13 19:34:31.029175 np0000189297 devstack@neutron-api.service[101680]: DEBUG neutron.api.extensions [None req-74ee75b5-75e9-480d-bfda-eb76f09b604f None None] Loading extension file: port_mac_address_override.py {{(pid=101680) _load_all_extensions_from_path /opt/stack/neutron/neutron/api/extensions.py:449}}
Aug 13 19:34:31.029175 np0000189297 devstack@neutron-api.service[101680]: DEBUG neutron.api.extensions [None req-74ee75b5-75e9-480d-bfda-eb76f09b604f None None] Ext name="Neutron Port MAC address override" alias="port-mac-override" description="Allow overriding the MAC address of a direct-physical Port via the active binding profile" updated="2022-03-18T10:00:00-00:00" {{(pid=101680) _check_extension /opt/stack/neutron/neutron/api/extensions.py:415}}
Aug 13 19:34:31.029546 np0000189297 devstack@neutron-api.service[101680]: INFO neutron.api.extensions [None req-74ee75b5-75e9-480d-bfda-eb76f09b604f None None] Extension port-mac-override not supported by any of loaded plugins
Aug 13 19:34:31.029616 np0000189297 devstack@neutron-api.service[101683]: DEBUG neutron.manager [None req-83cdbf46-e61a-4060-85f6-1d4b6f4d9bd6 None None] Successfully loaded TAG plugin. Description: Tag support {{(pid=101683) _create_and_add_service_plugin /opt/stack/neutron/neutron/manager.py:236}}
Aug 13 19:34:31.029687 np0000189297 devstack@neutron-api.service[101680]: DEBUG neutron.api.extensions [None req-74ee75b5-75e9-480d-bfda-eb76f09b604f None None] Loading extension file: port_mac_address_regenerate.py {{(pid=101680) _load_all_extensions_from_path /opt/stack/neutron/neutron/api/extensions.py:449}}
Aug 13 19:34:31.029761 np0000189297 devstack@neutron-api.service[101683]: INFO neutron.manager [None req-83cdbf46-e61a-4060-85f6-1d4b6f4d9bd6 None None] Loading Plugin: timestamp
Aug 13 19:34:31.029786 np0000189297 devstack@neutron-api.service[101680]: DEBUG neutron.api.extensions [None req-74ee75b5-75e9-480d-bfda-eb76f09b604f None None] Ext name="Neutron Port MAC address regenerate" alias="port-mac-address-regenerate" description="Network port MAC address regenerate" updated="2018-05-03T10:00:00-00:00" {{(pid=101680) _check_extension /opt/stack/neutron/neutron/api/extensions.py:415}}
Aug 13 19:34:31.029786 np0000189297 devstack@neutron-api.service[101680]: INFO neutron.api.extensions [None req-74ee75b5-75e9-480d-bfda-eb76f09b604f None None] Loaded extension: port-mac-address-regenerate
Aug 13 19:34:31.029955 np0000189297 devstack@neutron-api.service[101680]: DEBUG neutron.api.extensions [None req-74ee75b5-75e9-480d-bfda-eb76f09b604f None None] Loading extension file: port_numa_affinity_policy.py {{(pid=101680) _load_all_extensions_from_path /opt/stack/neutron/neutron/api/extensions.py:449}}
Aug 13 19:34:31.030218 np0000189297 devstack@neutron-api.service[101680]: DEBUG neutron.api.extensions [None req-74ee75b5-75e9-480d-bfda-eb76f09b604f None None] Ext name="Port NUMA affinity policy" alias="port-numa-affinity-policy" description="Expose the port NUMA affinity policy" updated="2020-07-08T10:00:00-00:00" {{(pid=101680) _check_extension /opt/stack/neutron/neutron/api/extensions.py:415}}
Aug 13 19:34:31.030361 np0000189297 devstack@neutron-api.service[101680]: INFO neutron.api.extensions [None req-74ee75b5-75e9-480d-bfda-eb76f09b604f None None] Loaded extension: port-numa-affinity-policy
Aug 13 19:34:31.030361 np0000189297 devstack@neutron-api.service[101680]: DEBUG neutron.api.extensions [None req-74ee75b5-75e9-480d-bfda-eb76f09b604f None None] Loading extension file: port_numa_affinity_policy_socket.py {{(pid=101680) _load_all_extensions_from_path /opt/stack/neutron/neutron/api/extensions.py:449}}
Aug 13 19:34:31.030649 np0000189297 devstack@neutron-api.service[101680]: DEBUG neutron.api.extensions [None req-74ee75b5-75e9-480d-bfda-eb76f09b604f None None] Ext name="Port NUMA affinity policy "socket"" alias="port-numa-affinity-policy-socket" description="Adds "socket" to the supported port NUMA affinity policies" updated="2024-02-09T10:00:00-00:00" {{(pid=101680) _check_extension /opt/stack/neutron/neutron/api/extensions.py:415}}
Aug 13 19:34:31.030859 np0000189297 devstack@neutron-api.service[101683]: DEBUG neutron.manager [None req-83cdbf46-e61a-4060-85f6-1d4b6f4d9bd6 None None] Successfully loaded timestamp plugin. Description: Adds timestamps to Neutron resources with standard attributes {{(pid=101683) _create_and_add_service_plugin /opt/stack/neutron/neutron/manager.py:236}}
Aug 13 19:34:31.031059 np0000189297 devstack@neutron-api.service[101680]: INFO neutron.api.extensions [None req-74ee75b5-75e9-480d-bfda-eb76f09b604f None None] Loaded extension: port-numa-affinity-policy-socket
Aug 13 19:34:31.031308 np0000189297 devstack@neutron-api.service[101683]: INFO neutron.manager [None req-83cdbf46-e61a-4060-85f6-1d4b6f4d9bd6 None None] Loading Plugin: network_ip_availability
Aug 13 19:34:31.031548 np0000189297 devstack@neutron-api.service[101680]: DEBUG neutron.api.extensions [None req-74ee75b5-75e9-480d-bfda-eb76f09b604f None None] Loading extension file: port_resource_request.py {{(pid=101680) _load_all_extensions_from_path /opt/stack/neutron/neutron/api/extensions.py:449}}
Aug 13 19:34:31.031548 np0000189297 devstack@neutron-api.service[101680]: DEBUG neutron.api.extensions [None req-74ee75b5-75e9-480d-bfda-eb76f09b604f None None] Ext name="Port Resource Request" alias="port-resource-request" description="Expose resource request to Port" updated="2018-05-08T10:00:00-00:00" {{(pid=101680) _check_extension /opt/stack/neutron/neutron/api/extensions.py:415}}
Aug 13 19:34:31.031548 np0000189297 devstack@neutron-api.service[101680]: INFO neutron.api.extensions [None req-74ee75b5-75e9-480d-bfda-eb76f09b604f None None] Extension port-resource-request not supported by any of loaded plugins
Aug 13 19:34:31.031548 np0000189297 devstack@neutron-api.service[101680]: DEBUG neutron.api.extensions [None req-74ee75b5-75e9-480d-bfda-eb76f09b604f None None] Loading extension file: port_resource_request_groups.py {{(pid=101680) _load_all_extensions_from_path /opt/stack/neutron/neutron/api/extensions.py:449}}
Aug 13 19:34:31.031548 np0000189297 devstack@neutron-api.service[101680]: DEBUG neutron.api.extensions [None req-74ee75b5-75e9-480d-bfda-eb76f09b604f None None] Ext name="Port Resource Request Groups" alias="port-resource-request-groups" description="Support requesting multiple groups of resources and traits from the same RP subtree in resource_request" updated="2021-08-02T10:00:00-00:00" {{(pid=101680) _check_extension /opt/stack/neutron/neutron/api/extensions.py:415}}
Aug 13 19:34:31.031941 np0000189297 devstack@neutron-api.service[101680]: INFO neutron.api.extensions [None req-74ee75b5-75e9-480d-bfda-eb76f09b604f None None] Extension port-resource-request-groups not supported by any of loaded plugins
Aug 13 19:34:31.031941 np0000189297 devstack@neutron-api.service[101680]: DEBUG neutron.api.extensions [None req-74ee75b5-75e9-480d-bfda-eb76f09b604f None None] Loading extension file: port_trusted_vif.py {{(pid=101680) _load_all_extensions_from_path /opt/stack/neutron/neutron/api/extensions.py:449}}
Aug 13 19:34:31.032301 np0000189297 devstack@neutron-api.service[101680]: DEBUG neutron.api.extensions [None req-74ee75b5-75e9-480d-bfda-eb76f09b604f None None] Ext name="Port trusted vif" alias="port-trusted-vif" description="Expose port 'trusted' attribute in the API" updated="2024-07-10T10:00:00-00:00" {{(pid=101680) _check_extension /opt/stack/neutron/neutron/api/extensions.py:415}}
Aug 13 19:34:31.032301 np0000189297 devstack@neutron-api.service[101680]: INFO neutron.api.extensions [None req-74ee75b5-75e9-480d-bfda-eb76f09b604f None None] Extension port-trusted-vif not supported by any of loaded plugins
Aug 13 19:34:31.032301 np0000189297 devstack@neutron-api.service[101680]: DEBUG neutron.api.extensions [None req-74ee75b5-75e9-480d-bfda-eb76f09b604f None None] Loading extension file: portbindings.py {{(pid=101680) _load_all_extensions_from_path /opt/stack/neutron/neutron/api/extensions.py:449}}
Aug 13 19:34:31.032750 np0000189297 devstack@neutron-api.service[101683]: DEBUG neutron.manager [None req-83cdbf46-e61a-4060-85f6-1d4b6f4d9bd6 None None] Successfully loaded network-ip-availability plugin. Description: Provides IP availability data for each network and subnet. {{(pid=101683) _create_and_add_service_plugin /opt/stack/neutron/neutron/manager.py:236}}
Aug 13 19:34:31.032910 np0000189297 devstack@neutron-api.service[101681]: INFO neutron.plugins.ml2.drivers.type_vlan [None req-237a9773-06f2-48bd-9f2b-dc80d2b433cd None None] VlanTypeDriver initialization complete
Aug 13 19:34:31.033209 np0000189297 devstack@neutron-api.service[101683]: INFO neutron.manager [None req-83cdbf46-e61a-4060-85f6-1d4b6f4d9bd6 None None] Loading Plugin: flavors
Aug 13 19:34:31.033324 np0000189297 devstack@neutron-api.service[101680]: DEBUG neutron.api.extensions [None req-74ee75b5-75e9-480d-bfda-eb76f09b604f None None] Ext name="Port Binding" alias="binding" description="Expose port bindings of a virtual port to external application" updated="2014-02-03T10:00:00-00:00" {{(pid=101680) _check_extension /opt/stack/neutron/neutron/api/extensions.py:415}}
Aug 13 19:34:31.033386 np0000189297 devstack@neutron-api.service[101681]: INFO neutron.plugins.ml2.managers [None req-237a9773-06f2-48bd-9f2b-dc80d2b433cd None None] Initializing extension driver 'port_security'
Aug 13 19:34:31.033386 np0000189297 devstack@neutron-api.service[101681]: INFO neutron.plugins.ml2.extensions.port_security [None req-237a9773-06f2-48bd-9f2b-dc80d2b433cd None None] PortSecurityExtensionDriver initialization complete
Aug 13 19:34:31.033482 np0000189297 devstack@neutron-api.service[101680]: INFO neutron.api.extensions [None req-74ee75b5-75e9-480d-bfda-eb76f09b604f None None] Loaded extension: binding
Aug 13 19:34:31.033550 np0000189297 devstack@neutron-api.service[101681]: INFO neutron.plugins.ml2.managers [None req-237a9773-06f2-48bd-9f2b-dc80d2b433cd None None] Initializing extension driver 'qos'
Aug 13 19:34:31.033636 np0000189297 devstack@neutron-api.service[101680]: DEBUG neutron.api.extensions [None req-74ee75b5-75e9-480d-bfda-eb76f09b604f None None] Loading extension file: portbindings_extended.py {{(pid=101680) _load_all_extensions_from_path /opt/stack/neutron/neutron/api/extensions.py:449}}
Aug 13 19:34:31.033693 np0000189297 devstack@neutron-api.service[101681]: DEBUG neutron.plugins.ml2.extensions.qos [None req-237a9773-06f2-48bd-9f2b-dc80d2b433cd None None] QosExtensionDriver initialization complete {{(pid=101681) initialize /opt/stack/neutron/neutron/plugins/ml2/extensions/qos.py:31}}
Aug 13 19:34:31.033693 np0000189297 devstack@neutron-api.service[101681]: INFO neutron.plugins.ml2.managers [None req-237a9773-06f2-48bd-9f2b-dc80d2b433cd None None] Initializing mechanism driver 'ovn'
Aug 13 19:34:31.033779 np0000189297 devstack@neutron-api.service[101680]: DEBUG neutron.api.extensions [None req-74ee75b5-75e9-480d-bfda-eb76f09b604f None None] Ext name="Port Bindings Extended" alias="binding-extended" description="Expose port bindings of a virtual port to external application" updated="2017-07-17T10:00:00-00:00" {{(pid=101680) _check_extension /opt/stack/neutron/neutron/api/extensions.py:415}}
Aug 13 19:34:31.033837 np0000189297 devstack@neutron-api.service[101681]: INFO neutron.plugins.ml2.drivers.ovn.mech_driver.mech_driver [None req-237a9773-06f2-48bd-9f2b-dc80d2b433cd None None] Starting OVNMechanismDriver
Aug 13 19:34:31.033914 np0000189297 devstack@neutron-api.service[101680]: INFO neutron.api.extensions [None req-74ee75b5-75e9-480d-bfda-eb76f09b604f None None] Loaded extension: binding-extended
Aug 13 19:34:31.033914 np0000189297 devstack@neutron-api.service[101680]: DEBUG neutron.api.extensions [None req-74ee75b5-75e9-480d-bfda-eb76f09b604f None None] Loading extension file: portsecurity.py {{(pid=101680) _load_all_extensions_from_path /opt/stack/neutron/neutron/api/extensions.py:449}}
Aug 13 19:34:31.033999 np0000189297 devstack@neutron-api.service[101683]: DEBUG neutron.manager [None req-83cdbf46-e61a-4060-85f6-1d4b6f4d9bd6 None None] Successfully loaded FLAVORS plugin. Description: Neutron Flavors and Service Profiles manager plugin {{(pid=101683) _create_and_add_service_plugin /opt/stack/neutron/neutron/manager.py:236}}
Aug 13 19:34:31.033999 np0000189297 devstack@neutron-api.service[101683]: INFO neutron.manager [None req-83cdbf46-e61a-4060-85f6-1d4b6f4d9bd6 None None] Loading Plugin: revisions
Aug 13 19:34:31.034080 np0000189297 devstack@neutron-api.service[101680]: DEBUG neutron.api.extensions [None req-74ee75b5-75e9-480d-bfda-eb76f09b604f None None] Ext name="Port Security" alias="port-security" description="Provides port security" updated="2012-07-23T10:00:00-00:00" {{(pid=101680) _check_extension /opt/stack/neutron/neutron/api/extensions.py:415}}
Aug 13 19:34:31.034080 np0000189297 devstack@neutron-api.service[101680]: INFO neutron.api.extensions [None req-74ee75b5-75e9-480d-bfda-eb76f09b604f None None] Loaded extension: port-security
Aug 13 19:34:31.034080 np0000189297 devstack@neutron-api.service[101680]: DEBUG neutron.api.extensions [None req-74ee75b5-75e9-480d-bfda-eb76f09b604f None None] Loading extension file: project_id.py {{(pid=101680) _load_all_extensions_from_path /opt/stack/neutron/neutron/api/extensions.py:449}}
Aug 13 19:34:31.034080 np0000189297 devstack@neutron-api.service[101680]: DEBUG neutron.api.extensions [None req-74ee75b5-75e9-480d-bfda-eb76f09b604f None None] Ext name="project_id field enabled" alias="project-id" description="Extension that indicates that project_id field is enabled." updated="2016-09-09T09:09:09-09:09" {{(pid=101680) _check_extension /opt/stack/neutron/neutron/api/extensions.py:415}}
Aug 13 19:34:31.034080 np0000189297 devstack@neutron-api.service[101680]: INFO neutron.api.extensions [None req-74ee75b5-75e9-480d-bfda-eb76f09b604f None None] Loaded extension: project-id
Aug 13 19:34:31.034080 np0000189297 devstack@neutron-api.service[101680]: DEBUG neutron.api.extensions [None req-74ee75b5-75e9-480d-bfda-eb76f09b604f None None] Loading extension file: providernet.py {{(pid=101680) _load_all_extensions_from_path /opt/stack/neutron/neutron/api/extensions.py:449}}
Aug 13 19:34:31.034334 np0000189297 devstack@neutron-api.service[101680]: DEBUG neutron.api.extensions [None req-74ee75b5-75e9-480d-bfda-eb76f09b604f None None] Ext name="Provider Network" alias="provider" description="Expose mapping of virtual networks to physical networks" updated="2012-09-07T10:00:00-00:00" {{(pid=101680) _check_extension /opt/stack/neutron/neutron/api/extensions.py:415}}
Aug 13 19:34:31.034397 np0000189297 devstack@neutron-api.service[101683]: DEBUG neutron.manager [None req-83cdbf46-e61a-4060-85f6-1d4b6f4d9bd6 None None] Successfully loaded revision_plugin plugin. Description: Adds revision numbers to resources. {{(pid=101683) _create_and_add_service_plugin /opt/stack/neutron/neutron/manager.py:236}}
Aug 13 19:34:31.034499 np0000189297 devstack@neutron-api.service[101683]: DEBUG oslo_concurrency.lockutils [None req-83cdbf46-e61a-4060-85f6-1d4b6f4d9bd6 None None] Lock "manager" "released" by "neutron.manager.NeutronManager._create_instance" :: held 4.914s {{(pid=101683) inner /opt/stack/data/venv/lib/python3.12/site-packages/oslo_concurrency/lockutils.py:544}}
Aug 13 19:34:31.034550 np0000189297 devstack@neutron-api.service[101680]: INFO neutron.api.extensions [None req-74ee75b5-75e9-480d-bfda-eb76f09b604f None None] Loaded extension: provider
Aug 13 19:34:31.034550 np0000189297 devstack@neutron-api.service[101680]: DEBUG neutron.api.extensions [None req-74ee75b5-75e9-480d-bfda-eb76f09b604f None None] Loading extension file: pvlan.py {{(pid=101680) _load_all_extensions_from_path /opt/stack/neutron/neutron/api/extensions.py:449}}
Aug 13 19:34:31.034673 np0000189297 devstack@neutron-api.service[101681]: DEBUG neutron_lib.callbacks.manager [None req-237a9773-06f2-48bd-9f2b-dc80d2b433cd None None] Subscribe: > process before_spawn 55550000, False {{(pid=101681) subscribe /opt/stack/data/venv/lib/python3.12/site-packages/neutron_lib/callbacks/manager.py:52}}
Aug 13 19:34:31.034735 np0000189297 devstack@neutron-api.service[101683]: DEBUG neutron.api.extensions [None req-83cdbf46-e61a-4060-85f6-1d4b6f4d9bd6 None None] get_extension_paths = OrderedDict({'/opt/stack/neutron/neutron/extensions': 1}) {{(pid=101683) get_extensions_path /opt/stack/neutron/neutron/api/extensions.py:640}}
Aug 13 19:34:31.034783 np0000189297 devstack@neutron-api.service[101683]: INFO neutron.api.extensions [None req-83cdbf46-e61a-4060-85f6-1d4b6f4d9bd6 None None] Initializing extension manager.
Aug 13 19:34:31.034836 np0000189297 devstack@neutron-api.service[101680]: DEBUG neutron.api.extensions [None req-74ee75b5-75e9-480d-bfda-eb76f09b604f None None] Ext name="Private VLAN" alias="pvlan" description="The Private VLAN semantics extension." updated="2026-02-03T10:00:00-00:00" {{(pid=101680) _check_extension /opt/stack/neutron/neutron/api/extensions.py:415}}
Aug 13 19:34:31.034906 np0000189297 devstack@neutron-api.service[101681]: DEBUG neutron_lib.callbacks.manager [None req-237a9773-06f2-48bd-9f2b-dc80d2b433cd None None] Subscribe: > process after_init 55550000, True {{(pid=101681) subscribe /opt/stack/data/venv/lib/python3.12/site-packages/neutron_lib/callbacks/manager.py:52}}
Aug 13 19:34:31.034906 np0000189297 devstack@neutron-api.service[101681]: DEBUG neutron_lib.callbacks.manager [None req-237a9773-06f2-48bd-9f2b-dc80d2b433cd None None] Subscribe: > segment after_create 55550000, False {{(pid=101681) subscribe /opt/stack/data/venv/lib/python3.12/site-packages/neutron_lib/callbacks/manager.py:52}}
Aug 13 19:34:31.034983 np0000189297 devstack@neutron-api.service[101680]: INFO neutron.api.extensions [None req-74ee75b5-75e9-480d-bfda-eb76f09b604f None None] Extension pvlan not supported by any of loaded plugins
Aug 13 19:34:31.035031 np0000189297 devstack@neutron-api.service[101681]: DEBUG neutron_lib.callbacks.manager [None req-237a9773-06f2-48bd-9f2b-dc80d2b433cd None None] Subscribe: > segment after_create 55550000, False {{(pid=101681) subscribe /opt/stack/data/venv/lib/python3.12/site-packages/neutron_lib/callbacks/manager.py:52}}
Aug 13 19:34:31.035277 np0000189297 devstack@neutron-api.service[101683]: DEBUG neutron.api.extensions [None req-83cdbf46-e61a-4060-85f6-1d4b6f4d9bd6 None None] Loading extension file: __init__.py {{(pid=101683) _load_all_extensions_from_path /opt/stack/neutron/neutron/api/extensions.py:449}}
Aug 13 19:34:31.035529 np0000189297 devstack@neutron-api.service[101680]: DEBUG neutron.api.extensions [None req-74ee75b5-75e9-480d-bfda-eb76f09b604f None None] Loading extension file: qinq.py {{(pid=101680) _load_all_extensions_from_path /opt/stack/neutron/neutron/api/extensions.py:449}}
Aug 13 19:34:31.035726 np0000189297 devstack@neutron-api.service[101681]: DEBUG neutron_lib.callbacks.manager [None req-237a9773-06f2-48bd-9f2b-dc80d2b433cd None None] Subscribe: > segment after_delete 55550000, False {{(pid=101681) subscribe /opt/stack/data/venv/lib/python3.12/site-packages/neutron_lib/callbacks/manager.py:52}}
Aug 13 19:34:31.035967 np0000189297 devstack@neutron-api.service[101683]: DEBUG neutron.api.extensions [None req-83cdbf46-e61a-4060-85f6-1d4b6f4d9bd6 None None] Loading extension file: __pycache__ {{(pid=101683) _load_all_extensions_from_path /opt/stack/neutron/neutron/api/extensions.py:449}}
Aug 13 19:34:31.036341 np0000189297 devstack@neutron-api.service[101681]: DEBUG neutron_lib.callbacks.manager [None req-237a9773-06f2-48bd-9f2b-dc80d2b433cd None None] Subscribe: > allowed_address_pair before_create 55550000, False {{(pid=101681) subscribe /opt/stack/data/venv/lib/python3.12/site-packages/neutron_lib/callbacks/manager.py:52}}
Aug 13 19:34:31.036535 np0000189297 devstack@neutron-api.service[101683]: DEBUG neutron.api.extensions [None req-83cdbf46-e61a-4060-85f6-1d4b6f4d9bd6 None None] Loading extension file: aap_reject_multicast.py {{(pid=101683) _load_all_extensions_from_path /opt/stack/neutron/neutron/api/extensions.py:449}}
Aug 13 19:34:31.036627 np0000189297 devstack@neutron-api.service[101680]: DEBUG neutron.api.extensions [None req-74ee75b5-75e9-480d-bfda-eb76f09b604f None None] Ext name="QinQ networks" alias="qinq" description="Expose network 'qinq' attribute in the API. This allows to configure network to allow vlan in vlan configuration using 0x88a8 ethertype (QinQ)." updated="2024-12-02T10:00:00-00:00" {{(pid=101680) _check_extension /opt/stack/neutron/neutron/api/extensions.py:415}}
Aug 13 19:34:31.036876 np0000189297 devstack@neutron-api.service[101681]: DEBUG neutron_lib.callbacks.manager [None req-237a9773-06f2-48bd-9f2b-dc80d2b433cd None None] Subscribe: > security_group precommit_create 55550000, False {{(pid=101681) subscribe /opt/stack/data/venv/lib/python3.12/site-packages/neutron_lib/callbacks/manager.py:52}}
Aug 13 19:34:31.036876 np0000189297 devstack@neutron-api.service[101681]: DEBUG neutron_lib.callbacks.manager [None req-237a9773-06f2-48bd-9f2b-dc80d2b433cd None None] Subscribe: > security_group after_update 55550000, False {{(pid=101681) subscribe /opt/stack/data/venv/lib/python3.12/site-packages/neutron_lib/callbacks/manager.py:52}}
Aug 13 19:34:31.037319 np0000189297 devstack@neutron-api.service[101680]: INFO neutron.api.extensions [None req-74ee75b5-75e9-480d-bfda-eb76f09b604f None None] Loaded extension: qinq
Aug 13 19:34:31.037584 np0000189297 devstack@neutron-api.service[101683]: DEBUG neutron.api.extensions [None req-83cdbf46-e61a-4060-85f6-1d4b6f4d9bd6 None None] Ext name="Allowed address pairs reject multicast extension" alias="aap-reject-multicast" description="Reject multicast addresses in Allowed Address Pairs" updated="2026-04-01T00:00:00-00:00" {{(pid=101683) _check_extension /opt/stack/neutron/neutron/api/extensions.py:415}}
Aug 13 19:34:31.037836 np0000189297 devstack@neutron-api.service[101681]: DEBUG neutron_lib.callbacks.manager [None req-237a9773-06f2-48bd-9f2b-dc80d2b433cd None None] Subscribe: > security_group after_create 55550000, False {{(pid=101681) subscribe /opt/stack/data/venv/lib/python3.12/site-packages/neutron_lib/callbacks/manager.py:52}}
Aug 13 19:34:31.038087 np0000189297 devstack@neutron-api.service[101680]: DEBUG neutron.api.extensions [None req-74ee75b5-75e9-480d-bfda-eb76f09b604f None None] Loading extension file: qos.py {{(pid=101680) _load_all_extensions_from_path /opt/stack/neutron/neutron/api/extensions.py:449}}
Aug 13 19:34:31.038413 np0000189297 devstack@neutron-api.service[101681]: DEBUG neutron_lib.callbacks.manager [None req-237a9773-06f2-48bd-9f2b-dc80d2b433cd None None] Subscribe: > security_group precommit_delete 55550000, False {{(pid=101681) subscribe /opt/stack/data/venv/lib/python3.12/site-packages/neutron_lib/callbacks/manager.py:52}}
Aug 13 19:34:31.038413 np0000189297 devstack@neutron-api.service[101681]: DEBUG neutron_lib.callbacks.manager [None req-237a9773-06f2-48bd-9f2b-dc80d2b433cd None None] Subscribe: > security_group after_delete 55550000, False {{(pid=101681) subscribe /opt/stack/data/venv/lib/python3.12/site-packages/neutron_lib/callbacks/manager.py:52}}
Aug 13 19:34:31.038710 np0000189297 devstack@neutron-api.service[101683]: INFO neutron.api.extensions [None req-83cdbf46-e61a-4060-85f6-1d4b6f4d9bd6 None None] Extension aap-reject-multicast not supported by any of loaded plugins
Aug 13 19:34:31.038950 np0000189297 devstack@neutron-api.service[101681]: DEBUG neutron_lib.callbacks.manager [None req-237a9773-06f2-48bd-9f2b-dc80d2b433cd None None] Subscribe: > security_group_rule precommit_create 55550000, False {{(pid=101681) subscribe /opt/stack/data/venv/lib/python3.12/site-packages/neutron_lib/callbacks/manager.py:52}}
Aug 13 19:34:31.039235 np0000189297 devstack@neutron-api.service[101683]: DEBUG neutron.api.extensions [None req-83cdbf46-e61a-4060-85f6-1d4b6f4d9bd6 None None] Loading extension file: address_group.py {{(pid=101683) _load_all_extensions_from_path /opt/stack/neutron/neutron/api/extensions.py:449}}
Aug 13 19:34:31.039798 np0000189297 devstack@neutron-api.service[101681]: DEBUG neutron_lib.callbacks.manager [None req-237a9773-06f2-48bd-9f2b-dc80d2b433cd None None] Subscribe: > security_group_rule after_create 55550000, False {{(pid=101681) subscribe /opt/stack/data/venv/lib/python3.12/site-packages/neutron_lib/callbacks/manager.py:52}}
Aug 13 19:34:31.039798 np0000189297 devstack@neutron-api.service[101681]: DEBUG neutron_lib.callbacks.manager [None req-237a9773-06f2-48bd-9f2b-dc80d2b433cd None None] Subscribe: > security_group_rule before_delete 55550000, False {{(pid=101681) subscribe /opt/stack/data/venv/lib/python3.12/site-packages/neutron_lib/callbacks/manager.py:52}}
Aug 13 19:34:31.039798 np0000189297 devstack@neutron-api.service[101681]: DEBUG neutron_lib.callbacks.manager [None req-237a9773-06f2-48bd-9f2b-dc80d2b433cd None None] Subscribe: > address_group after_create 55550000, False {{(pid=101681) subscribe /opt/stack/data/venv/lib/python3.12/site-packages/neutron_lib/callbacks/manager.py:52}}
Aug 13 19:34:31.040178 np0000189297 devstack@neutron-api.service[101683]: DEBUG neutron.api.extensions [None req-83cdbf46-e61a-4060-85f6-1d4b6f4d9bd6 None None] Ext name="Address group" alias="address-group" description="Support address group" updated="2020-07-15T10:00:00-00:00" {{(pid=101683) _check_extension /opt/stack/neutron/neutron/api/extensions.py:415}}
Aug 13 19:34:31.040477 np0000189297 devstack@neutron-api.service[101681]: DEBUG neutron_lib.callbacks.manager [None req-237a9773-06f2-48bd-9f2b-dc80d2b433cd None None] Subscribe: > address_group after_update 55550000, False {{(pid=101681) subscribe /opt/stack/data/venv/lib/python3.12/site-packages/neutron_lib/callbacks/manager.py:52}}
Aug 13 19:34:31.040477 np0000189297 devstack@neutron-api.service[101681]: DEBUG neutron_lib.callbacks.manager [None req-237a9773-06f2-48bd-9f2b-dc80d2b433cd None None] Subscribe: > address_group after_delete 55550000, False {{(pid=101681) subscribe /opt/stack/data/venv/lib/python3.12/site-packages/neutron_lib/callbacks/manager.py:52}}
Aug 13 19:34:31.040808 np0000189297 devstack@neutron-api.service[101680]: DEBUG neutron.api.extensions [None req-74ee75b5-75e9-480d-bfda-eb76f09b604f None None] Ext name="Quality of Service" alias="qos" description="The Quality of Service extension." updated="2015-06-08T10:00:00-00:00" {{(pid=101680) _check_extension /opt/stack/neutron/neutron/api/extensions.py:415}}
Aug 13 19:34:31.041053 np0000189297 devstack@neutron-api.service[101683]: INFO neutron.api.extensions [None req-83cdbf46-e61a-4060-85f6-1d4b6f4d9bd6 None None] Loaded extension: address-group
Aug 13 19:34:31.041053 np0000189297 devstack@neutron-api.service[101683]: DEBUG neutron.api.extensions [None req-83cdbf46-e61a-4060-85f6-1d4b6f4d9bd6 None None] Loading extension file: address_scope.py {{(pid=101683) _load_all_extensions_from_path /opt/stack/neutron/neutron/api/extensions.py:449}}
Aug 13 19:34:31.041189 np0000189297 devstack@neutron-api.service[101680]: INFO neutron.api.extensions [None req-74ee75b5-75e9-480d-bfda-eb76f09b604f None None] Extension qos not supported by any of loaded plugins
Aug 13 19:34:31.041483 np0000189297 devstack@neutron-api.service[101681]: DEBUG neutron_lib.callbacks.manager [None req-237a9773-06f2-48bd-9f2b-dc80d2b433cd None None] Subscribe: > qos_plugin after_init 55550000, False {{(pid=101681) subscribe /opt/stack/data/venv/lib/python3.12/site-packages/neutron_lib/callbacks/manager.py:52}}
Aug 13 19:34:31.041768 np0000189297 devstack@neutron-api.service[101680]: DEBUG neutron.api.extensions [None req-74ee75b5-75e9-480d-bfda-eb76f09b604f None None] Loading extension file: qos_bw_limit_direction.py {{(pid=101680) _load_all_extensions_from_path /opt/stack/neutron/neutron/api/extensions.py:449}}
Aug 13 19:34:31.042047 np0000189297 devstack@neutron-api.service[101681]: DEBUG neutron_lib.callbacks.manager [None req-237a9773-06f2-48bd-9f2b-dc80d2b433cd None None] Subscribe: > trunk_plugin after_init 55550000, False {{(pid=101681) subscribe /opt/stack/data/venv/lib/python3.12/site-packages/neutron_lib/callbacks/manager.py:52}}
Aug 13 19:34:31.042317 np0000189297 devstack@neutron-api.service[101683]: DEBUG neutron.api.extensions [None req-83cdbf46-e61a-4060-85f6-1d4b6f4d9bd6 None None] Ext name="Address scope" alias="address-scope" description="Address scopes extension." updated="2015-07-26T10:00:00-00:00" {{(pid=101683) _check_extension /opt/stack/neutron/neutron/api/extensions.py:415}}
Aug 13 19:34:31.042531 np0000189297 devstack@neutron-api.service[101680]: DEBUG neutron.api.extensions [None req-74ee75b5-75e9-480d-bfda-eb76f09b604f None None] Ext name="Direction for QoS bandwidth limit rule" alias="qos-bw-limit-direction" description="Allow to configure QoS bandwidth limit rule with specific direction: ingress or egress" updated="2017-04-10T10:00:00-00:00" {{(pid=101680) _check_extension /opt/stack/neutron/neutron/api/extensions.py:415}}
Aug 13 19:34:31.042721 np0000189297 devstack@neutron-api.service[101683]: INFO neutron.api.extensions [None req-83cdbf46-e61a-4060-85f6-1d4b6f4d9bd6 None None] Loaded extension: address-scope
Aug 13 19:34:31.042907 np0000189297 devstack@neutron-api.service[101681]: DEBUG neutron_lib.callbacks.manager [None req-237a9773-06f2-48bd-9f2b-dc80d2b433cd None None] Subscribe: > logging-plugin after_init 55550000, False {{(pid=101681) subscribe /opt/stack/data/venv/lib/python3.12/site-packages/neutron_lib/callbacks/manager.py:52}}
Aug 13 19:34:31.043013 np0000189297 devstack@neutron-api.service[101683]: DEBUG neutron.api.extensions [None req-83cdbf46-e61a-4060-85f6-1d4b6f4d9bd6 None None] Loading extension file: admin_state_down_before_update.py {{(pid=101683) _load_all_extensions_from_path /opt/stack/neutron/neutron/api/extensions.py:449}}
Aug 13 19:34:31.043269 np0000189297 devstack@neutron-api.service[101680]: INFO neutron.api.extensions [None req-74ee75b5-75e9-480d-bfda-eb76f09b604f None None] Extension qos-bw-limit-direction not supported by any of loaded plugins
Aug 13 19:34:31.043269 np0000189297 devstack@neutron-api.service[101680]: DEBUG neutron.api.extensions [None req-74ee75b5-75e9-480d-bfda-eb76f09b604f None None] Loading extension file: qos_bw_minimum_ingress.py {{(pid=101680) _load_all_extensions_from_path /opt/stack/neutron/neutron/api/extensions.py:449}}
Aug 13 19:34:31.043622 np0000189297 devstack@neutron-api.service[101683]: DEBUG neutron.api.extensions [None req-83cdbf46-e61a-4060-85f6-1d4b6f4d9bd6 None None] Ext name="Enforce Router's Admin State Down Before Update Extension" alias="router-admin-state-down-before-update" description="Ensure that the admin state of a router is DOWN (admin_state_up=False) before updating the distributed attribute" updated="2019-07-02T15:56:00" {{(pid=101683) _check_extension /opt/stack/neutron/neutron/api/extensions.py:415}}
Aug 13 19:34:31.043921 np0000189297 devstack@neutron-api.service[101681]: INFO neutron.services.logapi.drivers.ovn.driver [None req-237a9773-06f2-48bd-9f2b-dc80d2b433cd None None] OVN logging driver registered
Aug 13 19:34:31.044186 np0000189297 devstack@neutron-api.service[101680]: DEBUG neutron.api.extensions [None req-74ee75b5-75e9-480d-bfda-eb76f09b604f None None] Ext name="Ingress direction for QoS minimum bandwidth rule" alias="qos-bw-minimum-ingress" description="Allow to configure QoS minumum bandwidth rule with ingress direction." updated="2018-07-09T10:00:00-00:00" {{(pid=101680) _check_extension /opt/stack/neutron/neutron/api/extensions.py:415}}
Aug 13 19:34:31.044408 np0000189297 devstack@neutron-api.service[101683]: INFO neutron.api.extensions [None req-83cdbf46-e61a-4060-85f6-1d4b6f4d9bd6 None None] Extension router-admin-state-down-before-update not supported by any of loaded plugins
Aug 13 19:34:31.044898 np0000189297 devstack@neutron-api.service[101681]: DEBUG neutron_lib.callbacks.manager [None req-237a9773-06f2-48bd-9f2b-dc80d2b433cd None None] Subscribe: ._register_pvlan_driver at 0x7e55998dfe20> pvlan_plugin before_spawn 55550000, False {{(pid=101681) subscribe /opt/stack/data/venv/lib/python3.12/site-packages/neutron_lib/callbacks/manager.py:52}}
Aug 13 19:34:31.045185 np0000189297 devstack@neutron-api.service[101683]: DEBUG neutron.api.extensions [None req-83cdbf46-e61a-4060-85f6-1d4b6f4d9bd6 None None] Loading extension file: agent.py {{(pid=101683) _load_all_extensions_from_path /opt/stack/neutron/neutron/api/extensions.py:449}}
Aug 13 19:34:31.045472 np0000189297 devstack@neutron-api.service[101680]: INFO neutron.api.extensions [None req-74ee75b5-75e9-480d-bfda-eb76f09b604f None None] Extension qos-bw-minimum-ingress not supported by any of loaded plugins
Aug 13 19:34:31.045589 np0000189297 devstack@neutron-api.service[101681]: DEBUG neutron_lib.callbacks.manager [None req-237a9773-06f2-48bd-9f2b-dc80d2b433cd None None] Subscribe: process after_init 55550000, False {{(pid=101681) subscribe /opt/stack/data/venv/lib/python3.12/site-packages/neutron_lib/callbacks/manager.py:52}}
Aug 13 19:34:31.045704 np0000189297 devstack@neutron-api.service[101680]: DEBUG neutron.api.extensions [None req-74ee75b5-75e9-480d-bfda-eb76f09b604f None None] Loading extension file: qos_default.py {{(pid=101680) _load_all_extensions_from_path /opt/stack/neutron/neutron/api/extensions.py:449}}
Aug 13 19:34:31.045804 np0000189297 devstack@neutron-api.service[101683]: DEBUG neutron.api.extensions [None req-83cdbf46-e61a-4060-85f6-1d4b6f4d9bd6 None None] Ext name="agent" alias="agent" description="The agent management extension." updated="2013-02-03T10:00:00-00:00" {{(pid=101683) _check_extension /opt/stack/neutron/neutron/api/extensions.py:415}}
Aug 13 19:34:31.045927 np0000189297 devstack@neutron-api.service[101680]: DEBUG neutron.api.extensions [None req-74ee75b5-75e9-480d-bfda-eb76f09b604f None None] Ext name="QoS default policy" alias="qos-default" description="Expose the QoS default policy per project" updated="2017-041-06T10:00:00-00:00" {{(pid=101680) _check_extension /opt/stack/neutron/neutron/api/extensions.py:415}}
Aug 13 19:34:31.046023 np0000189297 devstack@neutron-api.service[101683]: INFO neutron.api.extensions [None req-83cdbf46-e61a-4060-85f6-1d4b6f4d9bd6 None None] Loaded extension: agent
Aug 13 19:34:31.046123 np0000189297 devstack@neutron-api.service[101680]: INFO neutron.api.extensions [None req-74ee75b5-75e9-480d-bfda-eb76f09b604f None None] Extension qos-default not supported by any of loaded plugins
Aug 13 19:34:31.046271 np0000189297 devstack@neutron-api.service[101683]: DEBUG neutron.api.extensions [None req-83cdbf46-e61a-4060-85f6-1d4b6f4d9bd6 None None] Loading extension file: agent_resources_synced.py {{(pid=101683) _load_all_extensions_from_path /opt/stack/neutron/neutron/api/extensions.py:449}}
Aug 13 19:34:31.046366 np0000189297 devstack@neutron-api.service[101680]: DEBUG neutron.api.extensions [None req-74ee75b5-75e9-480d-bfda-eb76f09b604f None None] Loading extension file: qos_fip.py {{(pid=101680) _load_all_extensions_from_path /opt/stack/neutron/neutron/api/extensions.py:449}}
Aug 13 19:34:31.046513 np0000189297 devstack@neutron-api.service[101683]: DEBUG neutron.api.extensions [None req-83cdbf46-e61a-4060-85f6-1d4b6f4d9bd6 None None] Ext name="Agent's Resource View Synced to Placement" alias="agent-resources-synced" description="Stores success/failure of last sync to Placement" updated="2018-12-19T00:00:00-00:00" {{(pid=101683) _check_extension /opt/stack/neutron/neutron/api/extensions.py:415}}
Aug 13 19:34:31.046610 np0000189297 devstack@neutron-api.service[101680]: DEBUG neutron.api.extensions [None req-74ee75b5-75e9-480d-bfda-eb76f09b604f None None] Ext name="Floating IP QoS" alias="qos-fip" description="The floating IP Quality of Service extension" updated="2017-07-20T00:00:00-00:00" {{(pid=101680) _check_extension /opt/stack/neutron/neutron/api/extensions.py:415}}
Aug 13 19:34:31.046610 np0000189297 devstack@neutron-api.service[101680]: INFO neutron.api.extensions [None req-74ee75b5-75e9-480d-bfda-eb76f09b604f None None] Extension qos-fip not supported by any of loaded plugins
Aug 13 19:34:31.046895 np0000189297 devstack@neutron-api.service[101683]: INFO neutron.api.extensions [None req-83cdbf46-e61a-4060-85f6-1d4b6f4d9bd6 None None] Extension agent-resources-synced not supported by any of loaded plugins
Aug 13 19:34:31.047036 np0000189297 devstack@neutron-api.service[101680]: DEBUG neutron.api.extensions [None req-74ee75b5-75e9-480d-bfda-eb76f09b604f None None] Loading extension file: qos_fip_network_policy.py {{(pid=101680) _load_all_extensions_from_path /opt/stack/neutron/neutron/api/extensions.py:449}}
Aug 13 19:34:31.047100 np0000189297 devstack@neutron-api.service[101683]: DEBUG neutron.api.extensions [None req-83cdbf46-e61a-4060-85f6-1d4b6f4d9bd6 None None] Loading extension file: agent_sort_key.py {{(pid=101683) _load_all_extensions_from_path /opt/stack/neutron/neutron/api/extensions.py:449}}
Aug 13 19:34:31.047176 np0000189297 devstack@neutron-api.service[101680]: DEBUG neutron.api.extensions [None req-74ee75b5-75e9-480d-bfda-eb76f09b604f None None] Ext name="QoS floating IP network policy ID" alias="qos-fip-network-policy" description="Adds a the QoS network ID to the floating IP definition" updated="2021-11-15T10:00:00-00:00" {{(pid=101680) _check_extension /opt/stack/neutron/neutron/api/extensions.py:415}}
Aug 13 19:34:31.047247 np0000189297 devstack@neutron-api.service[101683]: DEBUG neutron.api.extensions [None req-83cdbf46-e61a-4060-85f6-1d4b6f4d9bd6 None None] Ext name="Agents Sort Key" alias="agent_sort_key" description="Enabling the keyword sort_key for sorting in agents." updated="2013-02-03T10:00:00-00:00" {{(pid=101683) _check_extension /opt/stack/neutron/neutron/api/extensions.py:415}}
Aug 13 19:34:31.047320 np0000189297 devstack@neutron-api.service[101680]: INFO neutron.api.extensions [None req-74ee75b5-75e9-480d-bfda-eb76f09b604f None None] Extension qos-fip-network-policy not supported by any of loaded plugins
Aug 13 19:34:31.047381 np0000189297 devstack@neutron-api.service[101683]: INFO neutron.api.extensions [None req-83cdbf46-e61a-4060-85f6-1d4b6f4d9bd6 None None] Extension agent_sort_key not supported by any of loaded plugins
Aug 13 19:34:31.047449 np0000189297 devstack@neutron-api.service[101680]: DEBUG neutron.api.extensions [None req-74ee75b5-75e9-480d-bfda-eb76f09b604f None None] Loading extension file: qos_gateway_ip.py {{(pid=101680) _load_all_extensions_from_path /opt/stack/neutron/neutron/api/extensions.py:449}}
Aug 13 19:34:31.047513 np0000189297 devstack@neutron-api.service[101681]: DEBUG neutron.plugins.ml2.plugin [None req-237a9773-06f2-48bd-9f2b-dc80d2b433cd None None] neutron.plugins.ml2.plugin.Ml2Plugin method _start_rpc_notifiers called with arguments () {} {{(pid=101681) wrapper /opt/stack/data/venv/lib/python3.12/site-packages/oslo_log/helpers.py:77}}
Aug 13 19:34:31.047585 np0000189297 devstack@neutron-api.service[101683]: DEBUG neutron.api.extensions [None req-83cdbf46-e61a-4060-85f6-1d4b6f4d9bd6 None None] Loading extension file: allowedaddresspairs.py {{(pid=101683) _load_all_extensions_from_path /opt/stack/neutron/neutron/api/extensions.py:449}}
Aug 13 19:34:31.047646 np0000189297 devstack@neutron-api.service[101680]: DEBUG neutron.api.extensions [None req-74ee75b5-75e9-480d-bfda-eb76f09b604f None None] Ext name="Router gateway IP QoS" alias="qos-gateway-ip" description="The Router gateway IP Quality of Service extension" updated="2018-02-24T00:00:00-00:00" {{(pid=101680) _check_extension /opt/stack/neutron/neutron/api/extensions.py:415}}
Aug 13 19:34:31.047711 np0000189297 devstack@neutron-api.service[101681]: DEBUG neutron_lib.callbacks.manager [None req-237a9773-06f2-48bd-9f2b-dc80d2b433cd None None] Subscribe: > port after_create 55550000, False {{(pid=101681) subscribe /opt/stack/data/venv/lib/python3.12/site-packages/neutron_lib/callbacks/manager.py:52}}
Aug 13 19:34:31.047811 np0000189297 devstack@neutron-api.service[101680]: INFO neutron.api.extensions [None req-74ee75b5-75e9-480d-bfda-eb76f09b604f None None] Extension qos-gateway-ip not supported by any of loaded plugins
Aug 13 19:34:31.047872 np0000189297 devstack@neutron-api.service[101681]: DEBUG neutron_lib.callbacks.manager [None req-237a9773-06f2-48bd-9f2b-dc80d2b433cd None None] Subscribe: > port after_update 55550000, False {{(pid=101681) subscribe /opt/stack/data/venv/lib/python3.12/site-packages/neutron_lib/callbacks/manager.py:52}}
Aug 13 19:34:31.047941 np0000189297 devstack@neutron-api.service[101680]: DEBUG neutron.api.extensions [None req-74ee75b5-75e9-480d-bfda-eb76f09b604f None None] Loading extension file: qos_port_network_policy.py {{(pid=101680) _load_all_extensions_from_path /opt/stack/neutron/neutron/api/extensions.py:449}}
Aug 13 19:34:31.048002 np0000189297 devstack@neutron-api.service[101681]: DEBUG neutron_lib.callbacks.manager [None req-237a9773-06f2-48bd-9f2b-dc80d2b433cd None None] Subscribe: > port after_delete 55550000, False {{(pid=101681) subscribe /opt/stack/data/venv/lib/python3.12/site-packages/neutron_lib/callbacks/manager.py:52}}
Aug 13 19:34:31.048002 np0000189297 devstack@neutron-api.service[101681]: DEBUG neutron_lib.callbacks.manager [None req-237a9773-06f2-48bd-9f2b-dc80d2b433cd None None] Subscribe: > subnet after_create 55550000, False {{(pid=101681) subscribe /opt/stack/data/venv/lib/python3.12/site-packages/neutron_lib/callbacks/manager.py:52}}
Aug 13 19:34:31.048119 np0000189297 devstack@neutron-api.service[101680]: DEBUG neutron.api.extensions [None req-74ee75b5-75e9-480d-bfda-eb76f09b604f None None] Ext name="QoS port network policy ID" alias="qos-port-network-policy" description="Adds a the QoS network ID to the port definition" updated="2019-11-01T10:00:00-00:00" {{(pid=101680) _check_extension /opt/stack/neutron/neutron/api/extensions.py:415}}
Aug 13 19:34:31.048206 np0000189297 devstack@neutron-api.service[101681]: DEBUG neutron_lib.callbacks.manager [None req-237a9773-06f2-48bd-9f2b-dc80d2b433cd None None] Subscribe: > subnet after_update 55550000, False {{(pid=101681) subscribe /opt/stack/data/venv/lib/python3.12/site-packages/neutron_lib/callbacks/manager.py:52}}
Aug 13 19:34:31.048206 np0000189297 devstack@neutron-api.service[101681]: DEBUG neutron_lib.callbacks.manager [None req-237a9773-06f2-48bd-9f2b-dc80d2b433cd None None] Subscribe: > subnet after_delete 55550000, False {{(pid=101681) subscribe /opt/stack/data/venv/lib/python3.12/site-packages/neutron_lib/callbacks/manager.py:52}}
Aug 13 19:34:31.048334 np0000189297 devstack@neutron-api.service[101680]: INFO neutron.api.extensions [None req-74ee75b5-75e9-480d-bfda-eb76f09b604f None None] Extension qos-port-network-policy not supported by any of loaded plugins
Aug 13 19:34:31.048402 np0000189297 devstack@neutron-api.service[101681]: DEBUG neutron_lib.callbacks.manager [None req-237a9773-06f2-48bd-9f2b-dc80d2b433cd None None] Subscribe: > network after_create 55550000, False {{(pid=101681) subscribe /opt/stack/data/venv/lib/python3.12/site-packages/neutron_lib/callbacks/manager.py:52}}
Aug 13 19:34:31.048464 np0000189297 devstack@neutron-api.service[101683]: DEBUG neutron.api.extensions [None req-83cdbf46-e61a-4060-85f6-1d4b6f4d9bd6 None None] Ext name="Allowed Address Pairs" alias="allowed-address-pairs" description="Provides allowed address pairs" updated="2013-07-23T10:00:00-00:00" {{(pid=101683) _check_extension /opt/stack/neutron/neutron/api/extensions.py:415}}
Aug 13 19:34:31.048527 np0000189297 devstack@neutron-api.service[101680]: DEBUG neutron.api.extensions [None req-74ee75b5-75e9-480d-bfda-eb76f09b604f None None] Loading extension file: qos_pps_minimum_rule.py {{(pid=101680) _load_all_extensions_from_path /opt/stack/neutron/neutron/api/extensions.py:449}}
Aug 13 19:34:31.048612 np0000189297 devstack@neutron-api.service[101681]: DEBUG neutron_lib.callbacks.manager [None req-237a9773-06f2-48bd-9f2b-dc80d2b433cd None None] Subscribe: > network after_update 55550000, False {{(pid=101681) subscribe /opt/stack/data/venv/lib/python3.12/site-packages/neutron_lib/callbacks/manager.py:52}}
Aug 13 19:34:31.048612 np0000189297 devstack@neutron-api.service[101681]: DEBUG neutron_lib.callbacks.manager [None req-237a9773-06f2-48bd-9f2b-dc80d2b433cd None None] Subscribe: > network after_delete 55550000, False {{(pid=101681) subscribe /opt/stack/data/venv/lib/python3.12/site-packages/neutron_lib/callbacks/manager.py:52}}
Aug 13 19:34:31.048709 np0000189297 devstack@neutron-api.service[101683]: INFO neutron.api.extensions [None req-83cdbf46-e61a-4060-85f6-1d4b6f4d9bd6 None None] Loaded extension: allowed-address-pairs
