199.19.213.141 - - [23/Mar/2026:05:43:12 +0000] "POST /identity/v3/auth/tokens HTTP/1.1" 201 7632 "-" "uwsgi keystoneauth1/5.13.1 python-requests/2.32.5 CPython/3.12.3"
199.19.213.141 - - [23/Mar/2026:05:43:12 +0000] "POST /identity/v3/auth/tokens HTTP/1.1" 201 7632 "-" "uwsgi keystoneauth1/5.13.1 python-requests/2.32.5 CPython/3.12.3"
199.19.213.141 - - [23/Mar/2026:05:43:12 +0000] "GET /container-infra/v1/clusters/k8s-cluster HTTP/1.1" 200 4890 "-" "python-urllib3/2.6.3"
199.19.213.141 - - [23/Mar/2026:05:43:19 +0000] "GET /identity HTTP/1.1" 300 3232 "-" "openstacksdk/4.10.0 keystoneauth1/5.13.1 python-requests/2.32.5 CPython/3.12.3"
199.19.213.141 - - [23/Mar/2026:05:43:19 +0000] "POST /identity/v3/auth/tokens HTTP/1.1" 201 8058 "-" "openstacksdk/4.10.0 keystoneauth1/5.13.1 python-requests/2.32.5 CPython/3.12.3"
199.19.213.141 - - [23/Mar/2026:05:43:19 +0000] "GET /identity/v3/auth/tokens HTTP/1.1" 200 8053 "-" "python-keystoneclient"
199.19.213.141 - - [23/Mar/2026:05:43:19 +0000] "POST /identity/v3/auth/tokens HTTP/1.1" 201 7632 "-" "uwsgi keystoneauth1/5.13.1 python-requests/2.32.5 CPython/3.12.3"
199.19.213.141 - - [23/Mar/2026:05:43:19 +0000] "POST /identity/v3/auth/tokens HTTP/1.1" 201 7632 "-" "uwsgi keystoneauth1/5.13.1 python-requests/2.32.5 CPython/3.12.3"
199.19.213.141 - - [23/Mar/2026:05:43:19 +0000] "POST /identity/v3/auth/tokens HTTP/1.1" 201 7632 "-" "uwsgi keystoneauth1/5.13.1 python-requests/2.32.5 CPython/3.12.3"
199.19.213.141 - - [23/Mar/2026:05:43:19 +0000] "GET /container-infra/v1/clusters/k8s-cluster HTTP/1.1" 200 4890 "-" "python-urllib3/2.6.3"
199.19.213.141 - - [23/Mar/2026:05:43:26 +0000] "GET /identity HTTP/1.1" 300 3232 "-" "openstacksdk/4.10.0 keystoneauth1/5.13.1 python-requests/2.32.5 CPython/3.12.3"
199.19.213.141 - - [23/Mar/2026:05:43:26 +0000] "POST /identity/v3/auth/tokens HTTP/1.1" 201 8058 "-" "openstacksdk/4.10.0 keystoneauth1/5.13.1 python-requests/2.32.5 CPython/3.12.3"
199.19.213.141 - - [23/Mar/2026:05:43:26 +0000] "GET /identity/v3/auth/tokens HTTP/1.1" 200 8053 "-" "python-keystoneclient"
199.19.213.141 - - [23/Mar/2026:05:43:26 +0000] "POST /identity/v3/auth/tokens HTTP/1.1" 201 7632 "-" "uwsgi keystoneauth1/5.13.1 python-requests/2.32.5 CPython/3.12.3"
199.19.213.141 - - [23/Mar/2026:05:43:26 +0000] "POST /identity/v3/auth/tokens HTTP/1.1" 201 7632 "-" "uwsgi keystoneauth1/5.13.1 python-requests/2.32.5 CPython/3.12.3"
199.19.213.141 - - [23/Mar/2026:05:43:26 +0000] "POST /identity/v3/auth/tokens HTTP/1.1" 201 7632 "-" "uwsgi keystoneauth1/5.13.1 python-requests/2.32.5 CPython/3.12.3"
199.19.213.141 - - [23/Mar/2026:05:43:26 +0000] "GET /container-infra/v1/clusters/k8s-cluster HTTP/1.1" 200 4890 "-" "python-urllib3/2.6.3"
199.19.213.141 - - [23/Mar/2026:05:43:32 +0000] "GET /identity HTTP/1.1" 300 3232 "-" "openstacksdk/4.10.0 keystoneauth1/5.13.1 python-requests/2.32.5 CPython/3.12.3"
199.19.213.141 - - [23/Mar/2026:05:43:32 +0000] "POST /identity/v3/auth/tokens HTTP/1.1" 201 8058 "-" "openstacksdk/4.10.0 keystoneauth1/5.13.1 python-requests/2.32.5 CPython/3.12.3"
199.19.213.141 - - [23/Mar/2026:05:43:33 +0000] "GET /identity/v3/auth/tokens HTTP/1.1" 200 8053 "-" "python-keystoneclient"
199.19.213.141 - - [23/Mar/2026:05:43:33 +0000] "POST /identity/v3/auth/tokens HTTP/1.1" 201 7632 "-" "uwsgi keystoneauth1/5.13.1 python-requests/2.32.5 CPython/3.12.3"
199.19.213.141 - - [23/Mar/2026:05:43:33 +0000] "POST /identity/v3/auth/tokens HTTP/1.1" 201 7632 "-" "uwsgi keystoneauth1/5.13.1 python-requests/2.32.5 CPython/3.12.3"
199.19.213.141 - - [23/Mar/2026:05:43:33 +0000] "POST /identity/v3/auth/tokens HTTP/1.1" 201 7632 "-" "uwsgi keystoneauth1/5.13.1 python-requests/2.32.5 CPython/3.12.3"
199.19.213.141 - - [23/Mar/2026:05:43:33 +0000] "GET /container-infra/v1/clusters/k8s-cluster HTTP/1.1" 200 4890 "-" "python-urllib3/2.6.3"
199.19.213.141 - - [23/Mar/2026:05:43:39 +0000] "GET /identity HTTP/1.1" 300 3232 "-" "openstacksdk/4.10.0 keystoneauth1/5.13.1 python-requests/2.32.5 CPython/3.12.3"
199.19.213.141 - - [23/Mar/2026:05:43:39 +0000] "POST /identity/v3/auth/tokens HTTP/1.1" 201 8058 "-" "openstacksdk/4.10.0 keystoneauth1/5.13.1 python-requests/2.32.5 CPython/3.12.3"
199.19.213.141 - - [23/Mar/2026:05:43:40 +0000] "GET /identity/v3/auth/tokens HTTP/1.1" 200 8053 "-" "python-keystoneclient"
199.19.213.141 - - [23/Mar/2026:05:43:40 +0000] "POST /identity/v3/auth/tokens HTTP/1.1" 201 7632 "-" "uwsgi keystoneauth1/5.13.1 python-requests/2.32.5 CPython/3.12.3"
199.19.213.141 - - [23/Mar/2026:05:43:40 +0000] "POST /identity/v3/auth/tokens HTTP/1.1" 201 7632 "-" "uwsgi keystoneauth1/5.13.1 python-requests/2.32.5 CPython/3.12.3"
199.19.213.141 - - [23/Mar/2026:05:43:40 +0000] "POST /identity/v3/auth/tokens HTTP/1.1" 201 7632 "-" "uwsgi keystoneauth1/5.13.1 python-requests/2.32.5 CPython/3.12.3"
199.19.213.141 - - [23/Mar/2026:05:43:40 +0000] "GET /container-infra/v1/clusters/k8s-cluster HTTP/1.1" 200 4890 "-" "python-urllib3/2.6.3"
199.19.213.141 - - [23/Mar/2026:05:43:46 +0000] "GET /placement/resource_providers/81be245f-4a17-47af-a07d-785d67814967/allocations HTTP/1.1" 200 3302 "-" "nova-compute keystoneauth1/5.13.1 python-requests/2.32.5 CPython/3.12.3"
199.19.213.141 - - [23/Mar/2026:05:43:46 +0000] "GET /placement/resource_providers/81be245f-4a17-47af-a07d-785d67814967/allocations HTTP/1.1" 200 3302 "-" "nova-compute keystoneauth1/5.13.1 python-requests/2.32.5 CPython/3.12.3"
199.19.213.141 - - [23/Mar/2026:05:43:46 +0000] "GET /placement/allocations/aff48628-7000-4acf-a45e-245a3fc41f84 HTTP/1.1" 200 3275 "-" "nova-compute keystoneauth1/5.13.1 python-requests/2.32.5 CPython/3.12.3"
199.19.213.141 - - [23/Mar/2026:05:43:46 +0000] "GET /placement/allocations/a92c5dbe-5ec3-4305-982b-fe35ca82cb67 HTTP/1.1" 200 3275 "-" "nova-compute keystoneauth1/5.13.1 python-requests/2.32.5 CPython/3.12.3"
199.19.213.141 - - [23/Mar/2026:05:43:46 +0000] "GET /placement/allocations/8950da58-1b59-48f2-a944-a95f969cc831 HTTP/1.1" 200 3275 "-" "nova-compute keystoneauth1/5.13.1 python-requests/2.32.5 CPython/3.12.3"
199.19.213.141 - - [23/Mar/2026:05:43:46 +0000] "GET /identity HTTP/1.1" 300 3232 "-" "openstacksdk/4.10.0 keystoneauth1/5.13.1 python-requests/2.32.5 CPython/3.12.3"
199.19.213.141 - - [23/Mar/2026:05:43:46 +0000] "POST /identity/v3/auth/tokens HTTP/1.1" 201 8058 "-" "openstacksdk/4.10.0 keystoneauth1/5.13.1 python-requests/2.32.5 CPython/3.12.3"
199.19.213.141 - - [23/Mar/2026:05:43:46 +0000] "GET /identity/v3/auth/tokens HTTP/1.1" 200 8053 "-" "python-keystoneclient"
199.19.213.141 - - [23/Mar/2026:05:43:46 +0000] "POST /identity/v3/auth/tokens HTTP/1.1" 201 7632 "-" "uwsgi keystoneauth1/5.13.1 python-requests/2.32.5 CPython/3.12.3"
199.19.213.141 - - [23/Mar/2026:05:43:46 +0000] "POST /identity/v3/auth/tokens HTTP/1.1" 201 7632 "-" "uwsgi keystoneauth1/5.13.1 python-requests/2.32.5 CPython/3.12.3"
199.19.213.141 - - [23/Mar/2026:05:43:46 +0000] "POST /identity/v3/auth/tokens HTTP/1.1" 201 7632 "-" "uwsgi keystoneauth1/5.13.1 python-requests/2.32.5 CPython/3.12.3"
199.19.213.141 - - [23/Mar/2026:05:43:46 +0000] "GET /container-infra/v1/clusters/k8s-cluster HTTP/1.1" 200 4890 "-" "python-urllib3/2.6.3"
199.19.213.141 - - [23/Mar/2026:05:43:53 +0000] "GET /identity HTTP/1.1" 300 3232 "-" "openstacksdk/4.10.0 keystoneauth1/5.13.1 python-requests/2.32.5 CPython/3.12.3"
199.19.213.141 - - [23/Mar/2026:05:43:53 +0000] "POST /identity/v3/auth/tokens HTTP/1.1" 201 8058 "-" "openstacksdk/4.10.0 keystoneauth1/5.13.1 python-requests/2.32.5 CPython/3.12.3"
199.19.213.141 - - [23/Mar/2026:05:43:53 +0000] "GET /identity/v3/auth/tokens HTTP/1.1" 200 8053 "-" "python-keystoneclient"
199.19.213.141 - - [23/Mar/2026:05:43:53 +0000] "POST /identity/v3/auth/tokens HTTP/1.1" 201 7632 "-" "uwsgi keystoneauth1/5.13.1 python-requests/2.32.5 CPython/3.12.3"
199.19.213.141 - - [23/Mar/2026:05:43:53 +0000] "POST /identity/v3/auth/tokens HTTP/1.1" 201 7632 "-" "uwsgi keystoneauth1/5.13.1 python-requests/2.32.5 CPython/3.12.3"
199.19.213.141 - - [23/Mar/2026:05:43:53 +0000] "POST /identity/v3/auth/tokens HTTP/1.1" 201 7632 "-" "uwsgi keystoneauth1/5.13.1 python-requests/2.32.5 CPython/3.12.3"
199.19.213.141 - - [23/Mar/2026:05:43:53 +0000] "GET /container-infra/v1/clusters/k8s-cluster HTTP/1.1" 200 4890 "-" "python-urllib3/2.6.3"
199.19.213.141 - - [23/Mar/2026:05:44:00 +0000] "GET /identity HTTP/1.1" 300 3232 "-" "openstacksdk/4.10.0 keystoneauth1/5.13.1 python-requests/2.32.5 CPython/3.12.3"
199.19.213.141 - - [23/Mar/2026:05:44:00 +0000] "POST /identity/v3/auth/tokens HTTP/1.1" 201 8058 "-" "openstacksdk/4.10.0 keystoneauth1/5.13.1 python-requests/2.32.5 CPython/3.12.3"
199.19.213.141 - - [23/Mar/2026:05:44:00 +0000] "GET /identity/v3/auth/tokens HTTP/1.1" 200 8053 "-" "python-keystoneclient"
199.19.213.141 - - [23/Mar/2026:05:44:00 +0000] "POST /identity/v3/auth/tokens HTTP/1.1" 201 7632 "-" "uwsgi keystoneauth1/5.13.1 python-requests/2.32.5 CPython/3.12.3"
199.19.213.141 - - [23/Mar/2026:05:44:00 +0000] "POST /identity/v3/auth/tokens HTTP/1.1" 201 7632 "-" "uwsgi keystoneauth1/5.13.1 python-requests/2.32.5 CPython/3.12.3"
199.19.213.141 - - [23/Mar/2026:05:44:00 +0000] "POST /identity/v3/auth/tokens HTTP/1.1" 201 7632 "-" "uwsgi keystoneauth1/5.13.1 python-requests/2.32.5 CPython/3.12.3"
199.19.213.141 - - [23/Mar/2026:05:44:00 +0000] "GET /container-infra/v1/clusters/k8s-cluster HTTP/1.1" 200 4890 "-" "python-urllib3/2.6.3"
199.19.213.141 - - [23/Mar/2026:05:44:07 +0000] "GET /identity HTTP/1.1" 300 3232 "-" "openstacksdk/4.10.0 keystoneauth1/5.13.1 python-requests/2.32.5 CPython/3.12.3"
199.19.213.141 - - [23/Mar/2026:05:44:07 +0000] "POST /identity/v3/auth/tokens HTTP/1.1" 201 8058 "-" "openstacksdk/4.10.0 keystoneauth1/5.13.1 python-requests/2.32.5 CPython/3.12.3"
199.19.213.141 - - [23/Mar/2026:05:44:07 +0000] "GET /identity/v3/auth/tokens HTTP/1.1" 200 8053 "-" "python-keystoneclient"
199.19.213.141 - - [23/Mar/2026:05:44:07 +0000] "POST /identity/v3/auth/tokens HTTP/1.1" 201 7632 "-" "uwsgi keystoneauth1/5.13.1 python-requests/2.32.5 CPython/3.12.3"
199.19.213.141 - - [23/Mar/2026:05:44:07 +0000] "POST /identity/v3/auth/tokens HTTP/1.1" 201 7632 "-" "uwsgi keystoneauth1/5.13.1 python-requests/2.32.5 CPython/3.12.3"
199.19.213.141 - - [23/Mar/2026:05:44:07 +0000] "POST /identity/v3/auth/tokens HTTP/1.1" 201 7632 "-" "uwsgi keystoneauth1/5.13.1 python-requests/2.32.5 CPython/3.12.3"
199.19.213.141 - - [23/Mar/2026:05:44:07 +0000] "GET /container-infra/v1/clusters/k8s-cluster HTTP/1.1" 200 4890 "-" "python-urllib3/2.6.3"
199.19.213.141 - - [23/Mar/2026:05:44:10 +0000] "GET /networking/v2.0/ports?device_id=a92c5dbe-5ec3-4305-982b-fe35ca82cb67 HTTP/1.1" 200 3973 "-" "python-neutronclient"
199.19.213.141 - - [23/Mar/2026:05:44:10 +0000] "GET /networking/v2.0/security-groups?id=376aa123-9f4c-4988-95b9-679f77e5bc0d&fields=id&fields=name HTTP/1.1" 200 3010 "-" "python-neutronclient"
199.19.213.141 - - [23/Mar/2026:05:44:13 +0000] "GET /identity HTTP/1.1" 300 3232 "-" "openstacksdk/4.10.0 keystoneauth1/5.13.1 python-requests/2.32.5 CPython/3.12.3"
199.19.213.141 - - [23/Mar/2026:05:44:13 +0000] "POST /identity/v3/auth/tokens HTTP/1.1" 201 8058 "-" "openstacksdk/4.10.0 keystoneauth1/5.13.1 python-requests/2.32.5 CPython/3.12.3"
199.19.213.141 - - [23/Mar/2026:05:44:14 +0000] "GET /identity/v3/auth/tokens HTTP/1.1" 200 8053 "-" "python-keystoneclient"
199.19.213.141 - - [23/Mar/2026:05:44:14 +0000] "POST /identity/v3/auth/tokens HTTP/1.1" 201 7632 "-" "uwsgi keystoneauth1/5.13.1 python-requests/2.32.5 CPython/3.12.3"
199.19.213.141 - - [23/Mar/2026:05:44:14 +0000] "POST /identity/v3/auth/tokens HTTP/1.1" 201 7632 "-" "uwsgi keystoneauth1/5.13.1 python-requests/2.32.5 CPython/3.12.3"
199.19.213.141 - - [23/Mar/2026:05:44:14 +0000] "POST /identity/v3/auth/tokens HTTP/1.1" 201 7632 "-" "uwsgi keystoneauth1/5.13.1 python-requests/2.32.5 CPython/3.12.3"
199.19.213.141 - - [23/Mar/2026:05:44:14 +0000] "GET /container-infra/v1/clusters/k8s-cluster HTTP/1.1" 200 4890 "-" "python-urllib3/2.6.3"
172.24.5.10 - - [23/Mar/2026:05:44:15 +0000] "GET /identity/ HTTP/1.1" 300 3201 "-" "openstack-cloud-controller-manager/v1.35.0 gophercloud/v2.8.0"
172.24.5.10 - - [23/Mar/2026:05:44:15 +0000] "POST /identity/v3/auth/tokens HTTP/1.1" 201 8200 "-" "openstack-cloud-controller-manager/v1.35.0 gophercloud/v2.8.0"
172.24.5.10 - - [23/Mar/2026:05:44:15 +0000] "GET /networking/ HTTP/1.1" 200 2910 "-" "openstack-cloud-controller-manager/v1.35.0 gophercloud/v2.8.0"
172.24.5.10 - - [23/Mar/2026:05:44:15 +0000] "GET /networking/ HTTP/1.1" 200 2910 "-" "openstack-cloud-controller-manager/v1.35.0 gophercloud/v2.8.0"
172.24.5.10 - - [23/Mar/2026:05:44:15 +0000] "GET /networking/ HTTP/1.1" 200 2910 "-" "openstack-cloud-controller-manager/v1.35.0 gophercloud/v2.8.0"
199.19.213.141 - - [23/Mar/2026:05:44:15 +0000] "GET /identity HTTP/1.1" 300 3232 "-" "octavia/18.1.0.dev1 keystonemiddleware.auth_token/12.0.0 keystoneauth1/5.13.1 python-requests/2.32.5 CPython/3.12.3"
199.19.213.141 - - [23/Mar/2026:05:44:15 +0000] "POST /identity/v3/auth/tokens HTTP/1.1" 201 7860 "-" "octavia/18.1.0.dev1 keystonemiddleware.auth_token/12.0.0 keystoneauth1/5.13.1 python-requests/2.32.5 CPython/3.12.3"
199.19.213.141 - - [23/Mar/2026:05:44:15 +0000] "GET /identity/v3/auth/tokens HTTP/1.1" 200 8226 "-" "python-keystoneclient"
172.24.5.10 - - [23/Mar/2026:05:44:15 +0000] "GET /networking/ HTTP/1.1" 200 2910 "-" "openstack-cloud-controller-manager/v1.35.0 gophercloud/v2.8.0"
172.24.5.10 - - [23/Mar/2026:05:44:15 +0000] "GET /networking/v2.0/extensions HTTP/1.1" 200 18100 "-" "openstack-cloud-controller-manager/v1.35.0 gophercloud/v2.8.0"
172.24.5.10 - - [23/Mar/2026:05:44:15 +0000] "GET /networking/ HTTP/1.1" 200 2910 "-" "openstack-cloud-controller-manager/v1.35.0 gophercloud/v2.8.0"
199.19.213.141 - - [23/Mar/2026:05:44:15 +0000] "GET /networking/v2.0/ports?device_id=a92c5dbe-5ec3-4305-982b-fe35ca82cb67 HTTP/1.1" 200 3731 "-" "python-neutronclient"
199.19.213.141 - - [23/Mar/2026:05:44:15 +0000] "GET /networking/v2.0/security-groups?id=376aa123-9f4c-4988-95b9-679f77e5bc0d&fields=id&fields=name HTTP/1.1" 200 3010 "-" "python-neutronclient"
172.24.5.10 - - [23/Mar/2026:05:44:15 +0000] "GET /compute/v2.1/servers/detail?name=%5Ekube-n67nb-default-worker-hd47k-4pbcz-bjprd%24 HTTP/1.1" 200 4596 "-" "openstack-cloud-controller-manager/v1.35.0 gophercloud/v2.8.0"
172.24.5.10 - - [23/Mar/2026:05:44:16 +0000] "GET /compute/v2.1/flavors/4 HTTP/1.1" 200 3412 "-" "openstack-cloud-controller-manager/v1.35.0 gophercloud/v2.8.0"
172.24.5.10 - - [23/Mar/2026:05:44:16 +0000] "GET /networking/v2.0/ports?device_id=a92c5dbe-5ec3-4305-982b-fe35ca82cb67 HTTP/1.1" 200 3700 "-" "openstack-cloud-controller-manager/v1.35.0 gophercloud/v2.8.0"
172.24.5.10 - - [23/Mar/2026:05:44:16 +0000] "GET /networking/ HTTP/1.1" 200 2910 "-" "openstack-cloud-controller-manager/v1.35.0 gophercloud/v2.8.0"
172.18.0.2 - - [23/Mar/2026:05:44:16 +0000] "GET /compute/v2.1/ HTTP/1.1" 200 3432 "-" "cluster-api-provider-openstack/v0.12.4 gophercloud/v2.7.0"
199.19.213.141 - - [23/Mar/2026:05:44:16 +0000] "GET /networking/v2.0/ports?device_id=a92c5dbe-5ec3-4305-982b-fe35ca82cb67 HTTP/1.1" 200 3731 "-" "python-neutronclient"
199.19.213.141 - - [23/Mar/2026:05:44:16 +0000] "GET /networking/v2.0/ports?device_id=8950da58-1b59-48f2-a944-a95f969cc831 HTTP/1.1" 200 3732 "-" "python-neutronclient"
199.19.213.141 - - [23/Mar/2026:05:44:16 +0000] "GET /networking/v2.0/security-groups?id=376aa123-9f4c-4988-95b9-679f77e5bc0d&fields=id&fields=name HTTP/1.1" 200 3010 "-" "python-neutronclient"
172.18.0.2 - - [23/Mar/2026:05:44:16 +0000] "GET /compute/v2.1/servers/a92c5dbe-5ec3-4305-982b-fe35ca82cb67 HTTP/1.1" 200 4645 "-" "cluster-api-provider-openstack/v0.12.4 gophercloud/v2.7.0"
199.19.213.141 - - [23/Mar/2026:05:44:16 +0000] "GET /networking/v2.0/security-groups?id=376aa123-9f4c-4988-95b9-679f77e5bc0d&fields=id&fields=name HTTP/1.1" 200 3010 "-" "python-neutronclient"
172.24.5.10 - - [23/Mar/2026:05:44:16 +0000] "GET /compute/v2.1/servers/detail?name=%5Ekube-n67nb-default-worker-hd47k-4pbcz-zzf27%24 HTTP/1.1" 200 4597 "-" "openstack-cloud-controller-manager/v1.35.0 gophercloud/v2.8.0"
172.18.0.2 - - [23/Mar/2026:05:44:16 +0000] "GET /compute/v2.1/ HTTP/1.1" 200 3432 "-" "cluster-api-provider-openstack/v0.12.4 gophercloud/v2.7.0"
172.24.5.10 - - [23/Mar/2026:05:44:16 +0000] "GET /compute/v2.1/flavors/4 HTTP/1.1" 200 3412 "-" "openstack-cloud-controller-manager/v1.35.0 gophercloud/v2.8.0"
172.24.5.10 - - [23/Mar/2026:05:44:16 +0000] "GET /networking/v2.0/ports?device_id=8950da58-1b59-48f2-a944-a95f969cc831 HTTP/1.1" 200 3701 "-" "openstack-cloud-controller-manager/v1.35.0 gophercloud/v2.8.0"
199.19.213.141 - - [23/Mar/2026:05:44:16 +0000] "GET /networking/v2.0/ports?device_id=a92c5dbe-5ec3-4305-982b-fe35ca82cb67 HTTP/1.1" 200 3731 "-" "python-neutronclient"
199.19.213.141 - - [23/Mar/2026:05:44:16 +0000] "GET /networking/v2.0/security-groups?id=376aa123-9f4c-4988-95b9-679f77e5bc0d&fields=id&fields=name HTTP/1.1" 200 3010 "-" "python-neutronclient"
172.18.0.2 - - [23/Mar/2026:05:44:16 +0000] "GET /compute/v2.1/servers/a92c5dbe-5ec3-4305-982b-fe35ca82cb67 HTTP/1.1" 200 4645 "-" "cluster-api-provider-openstack/v0.12.4 gophercloud/v2.7.0"
172.18.0.2 - - [23/Mar/2026:05:44:16 +0000] "GET /compute/v2.1/ HTTP/1.1" 200 3432 "-" "cluster-api-provider-openstack/v0.12.4 gophercloud/v2.7.0"
172.24.5.10 - - [23/Mar/2026:05:44:16 +0000] "GET /networking/ HTTP/1.1" 200 2910 "-" "openstack-cloud-controller-manager/v1.35.0 gophercloud/v2.8.0"
199.19.213.141 - - [23/Mar/2026:05:44:17 +0000] "GET /networking/v2.0/ports?device_id=8950da58-1b59-48f2-a944-a95f969cc831 HTTP/1.1" 200 3732 "-" "python-neutronclient"
199.19.213.141 - - [23/Mar/2026:05:44:17 +0000] "GET /networking/v2.0/security-groups?id=376aa123-9f4c-4988-95b9-679f77e5bc0d&fields=id&fields=name HTTP/1.1" 200 3010 "-" "python-neutronclient"
199.19.213.141 - - [23/Mar/2026:05:44:17 +0000] "GET /networking/v2.0/ports?device_id=aff48628-7000-4acf-a45e-245a3fc41f84 HTTP/1.1" 200 3711 "-" "python-neutronclient"
172.18.0.2 - - [23/Mar/2026:05:44:16 +0000] "GET /compute/v2.1/servers/8950da58-1b59-48f2-a944-a95f969cc831 HTTP/1.1" 200 4646 "-" "cluster-api-provider-openstack/v0.12.4 gophercloud/v2.7.0"
172.18.0.2 - - [23/Mar/2026:05:44:17 +0000] "GET /compute/v2.1/ HTTP/1.1" 200 3432 "-" "cluster-api-provider-openstack/v0.12.4 gophercloud/v2.7.0"
199.19.213.141 - - [23/Mar/2026:05:44:17 +0000] "GET /networking/v2.0/security-groups?id=8dbdb2a4-3866-4dba-94db-49dcf425b032&fields=id&fields=name HTTP/1.1" 200 3016 "-" "python-neutronclient"
172.24.5.10 - - [23/Mar/2026:05:44:16 +0000] "GET /compute/v2.1/servers/detail?name=%5Ekube-n67nb-cttph-m4gfh%24 HTTP/1.1" 200 4582 "-" "openstack-cloud-controller-manager/v1.35.0 gophercloud/v2.8.0"
172.24.5.10 - - [23/Mar/2026:05:44:17 +0000] "GET /compute/v2.1/flavors/4 HTTP/1.1" 200 3412 "-" "openstack-cloud-controller-manager/v1.35.0 gophercloud/v2.8.0"
199.19.213.141 - - [23/Mar/2026:05:44:17 +0000] "GET /networking/v2.0/ports?device_id=8950da58-1b59-48f2-a944-a95f969cc831 HTTP/1.1" 200 3732 "-" "python-neutronclient"
172.24.5.10 - - [23/Mar/2026:05:44:17 +0000] "GET /networking/v2.0/ports?device_id=aff48628-7000-4acf-a45e-245a3fc41f84 HTTP/1.1" 200 3680 "-" "openstack-cloud-controller-manager/v1.35.0 gophercloud/v2.8.0"
199.19.213.141 - - [23/Mar/2026:05:44:17 +0000] "GET /networking/v2.0/security-groups?id=376aa123-9f4c-4988-95b9-679f77e5bc0d&fields=id&fields=name HTTP/1.1" 200 3010 "-" "python-neutronclient"
172.18.0.2 - - [23/Mar/2026:05:44:17 +0000] "GET /compute/v2.1/servers/8950da58-1b59-48f2-a944-a95f969cc831 HTTP/1.1" 200 4646 "-" "cluster-api-provider-openstack/v0.12.4 gophercloud/v2.7.0"
172.18.0.2 - - [23/Mar/2026:05:44:17 +0000] "GET /compute/v2.1/ HTTP/1.1" 200 3432 "-" "cluster-api-provider-openstack/v0.12.4 gophercloud/v2.7.0"
199.19.213.141 - - [23/Mar/2026:05:44:17 +0000] "GET /networking/v2.0/ports?device_id=aff48628-7000-4acf-a45e-245a3fc41f84 HTTP/1.1" 200 3711 "-" "python-neutronclient"
199.19.213.141 - - [23/Mar/2026:05:44:17 +0000] "GET /networking/v2.0/security-groups?id=8dbdb2a4-3866-4dba-94db-49dcf425b032&fields=id&fields=name HTTP/1.1" 200 3016 "-" "python-neutronclient"
172.18.0.2 - - [23/Mar/2026:05:44:17 +0000] "GET /compute/v2.1/servers/aff48628-7000-4acf-a45e-245a3fc41f84 HTTP/1.1" 200 4631 "-" "cluster-api-provider-openstack/v0.12.4 gophercloud/v2.7.0"
172.18.0.2 - - [23/Mar/2026:05:44:18 +0000] "GET /compute/v2.1/ HTTP/1.1" 200 3432 "-" "cluster-api-provider-openstack/v0.12.4 gophercloud/v2.7.0"
199.19.213.141 - - [23/Mar/2026:05:44:18 +0000] "GET /networking/v2.0/ports?device_id=aff48628-7000-4acf-a45e-245a3fc41f84 HTTP/1.1" 200 3711 "-" "python-neutronclient"
199.19.213.141 - - [23/Mar/2026:05:44:18 +0000] "GET /networking/v2.0/security-groups?id=8dbdb2a4-3866-4dba-94db-49dcf425b032&fields=id&fields=name HTTP/1.1" 200 3016 "-" "python-neutronclient"
172.18.0.2 - - [23/Mar/2026:05:44:18 +0000] "GET /compute/v2.1/servers/aff48628-7000-4acf-a45e-245a3fc41f84 HTTP/1.1" 200 4631 "-" "cluster-api-provider-openstack/v0.12.4 gophercloud/v2.7.0"
172.18.0.2 - - [23/Mar/2026:05:44:18 +0000] "GET /compute/v2.1/ HTTP/1.1" 200 3432 "-" "cluster-api-provider-openstack/v0.12.4 gophercloud/v2.7.0"
199.19.213.141 - - [23/Mar/2026:05:44:18 +0000] "GET /networking/v2.0/ports?device_id=aff48628-7000-4acf-a45e-245a3fc41f84 HTTP/1.1" 200 3711 "-" "python-neutronclient"
199.19.213.141 - - [23/Mar/2026:05:44:18 +0000] "GET /networking/v2.0/security-groups?id=8dbdb2a4-3866-4dba-94db-49dcf425b032&fields=id&fields=name HTTP/1.1" 200 3016 "-" "python-neutronclient"
172.18.0.2 - - [23/Mar/2026:05:44:18 +0000] "GET /compute/v2.1/servers/aff48628-7000-4acf-a45e-245a3fc41f84 HTTP/1.1" 200 4631 "-" "cluster-api-provider-openstack/v0.12.4 gophercloud/v2.7.0"
172.24.5.10 - - [23/Mar/2026:05:44:20 +0000] "GET /networking/ HTTP/1.1" 200 2910 "-" "openstack-cloud-controller-manager/v1.35.0 gophercloud/v2.8.0"
199.19.213.141 - - [23/Mar/2026:05:44:20 +0000] "GET /networking/v2.0/ports?device_id=a92c5dbe-5ec3-4305-982b-fe35ca82cb67 HTTP/1.1" 200 3731 "-" "python-neutronclient"
199.19.213.141 - - [23/Mar/2026:05:44:20 +0000] "GET /identity HTTP/1.1" 300 3232 "-" "openstacksdk/4.10.0 keystoneauth1/5.13.1 python-requests/2.32.5 CPython/3.12.3"
199.19.213.141 - - [23/Mar/2026:05:44:20 +0000] "POST /identity/v3/auth/tokens HTTP/1.1" 201 8058 "-" "openstacksdk/4.10.0 keystoneauth1/5.13.1 python-requests/2.32.5 CPython/3.12.3"
199.19.213.141 - - [23/Mar/2026:05:44:20 +0000] "GET /networking/v2.0/security-groups?id=376aa123-9f4c-4988-95b9-679f77e5bc0d&fields=id&fields=name HTTP/1.1" 200 3010 "-" "python-neutronclient"
172.24.5.10 - - [23/Mar/2026:05:44:20 +0000] "GET /compute/v2.1/servers/a92c5dbe-5ec3-4305-982b-fe35ca82cb67 HTTP/1.1" 200 4593 "-" "openstack-cloud-controller-manager/v1.35.0 gophercloud/v2.8.0"
172.24.5.10 - - [23/Mar/2026:05:44:20 +0000] "GET /networking/ HTTP/1.1" 200 2910 "-" "openstack-cloud-controller-manager/v1.35.0 gophercloud/v2.8.0"
199.19.213.141 - - [23/Mar/2026:05:44:20 +0000] "GET /networking/v2.0/ports?device_id=a92c5dbe-5ec3-4305-982b-fe35ca82cb67 HTTP/1.1" 200 3731 "-" "python-neutronclient"
199.19.213.141 - - [23/Mar/2026:05:44:20 +0000] "GET /networking/v2.0/security-groups?id=376aa123-9f4c-4988-95b9-679f77e5bc0d&fields=id&fields=name HTTP/1.1" 200 3010 "-" "python-neutronclient"
199.19.213.141 - - [23/Mar/2026:05:44:20 +0000] "GET /identity/v3/auth/tokens HTTP/1.1" 200 8053 "-" "python-keystoneclient"
172.24.5.10 - - [23/Mar/2026:05:44:20 +0000] "GET /compute/v2.1/servers/a92c5dbe-5ec3-4305-982b-fe35ca82cb67 HTTP/1.1" 200 4593 "-" "openstack-cloud-controller-manager/v1.35.0 gophercloud/v2.8.0"
172.24.5.10 - - [23/Mar/2026:05:44:20 +0000] "GET /networking/ HTTP/1.1" 200 2910 "-" "openstack-cloud-controller-manager/v1.35.0 gophercloud/v2.8.0"
199.19.213.141 - - [23/Mar/2026:05:44:20 +0000] "POST /identity/v3/auth/tokens HTTP/1.1" 201 7632 "-" "uwsgi keystoneauth1/5.13.1 python-requests/2.32.5 CPython/3.12.3"
199.19.213.141 - - [23/Mar/2026:05:44:20 +0000] "POST /identity/v3/auth/tokens HTTP/1.1" 201 7632 "-" "uwsgi keystoneauth1/5.13.1 python-requests/2.32.5 CPython/3.12.3"
199.19.213.141 - - [23/Mar/2026:05:44:21 +0000] "POST /identity/v3/auth/tokens HTTP/1.1" 201 7632 "-" "uwsgi keystoneauth1/5.13.1 python-requests/2.32.5 CPython/3.12.3"
199.19.213.141 - - [23/Mar/2026:05:44:20 +0000] "GET /container-infra/v1/clusters/k8s-cluster HTTP/1.1" 200 4890 "-" "python-urllib3/2.6.3"
199.19.213.141 - - [23/Mar/2026:05:44:21 +0000] "GET /networking/v2.0/ports?device_id=8950da58-1b59-48f2-a944-a95f969cc831 HTTP/1.1" 200 3732 "-" "python-neutronclient"
199.19.213.141 - - [23/Mar/2026:05:44:21 +0000] "GET /networking/v2.0/security-groups?id=376aa123-9f4c-4988-95b9-679f77e5bc0d&fields=id&fields=name HTTP/1.1" 200 3010 "-" "python-neutronclient"
172.24.5.10 - - [23/Mar/2026:05:44:20 +0000] "GET /compute/v2.1/servers/8950da58-1b59-48f2-a944-a95f969cc831 HTTP/1.1" 200 4594 "-" "openstack-cloud-controller-manager/v1.35.0 gophercloud/v2.8.0"
172.24.5.10 - - [23/Mar/2026:05:44:21 +0000] "GET /networking/ HTTP/1.1" 200 2910 "-" "openstack-cloud-controller-manager/v1.35.0 gophercloud/v2.8.0"
199.19.213.141 - - [23/Mar/2026:05:44:21 +0000] "GET /networking/v2.0/ports?device_id=8950da58-1b59-48f2-a944-a95f969cc831 HTTP/1.1" 200 3732 "-" "python-neutronclient"
199.19.213.141 - - [23/Mar/2026:05:44:21 +0000] "GET /networking/v2.0/security-groups?id=376aa123-9f4c-4988-95b9-679f77e5bc0d&fields=id&fields=name HTTP/1.1" 200 3010 "-" "python-neutronclient"
172.24.5.10 - - [23/Mar/2026:05:44:21 +0000] "GET /compute/v2.1/servers/8950da58-1b59-48f2-a944-a95f969cc831 HTTP/1.1" 200 4594 "-" "openstack-cloud-controller-manager/v1.35.0 gophercloud/v2.8.0"
199.19.213.141 - - [23/Mar/2026:05:44:21 +0000] "GET /networking/v2.0/ports?device_id=8950da58-1b59-48f2-a944-a95f969cc831 HTTP/1.1" 200 3974 "-" "python-neutronclient"
199.19.213.141 - - [23/Mar/2026:05:44:21 +0000] "GET /networking/v2.0/security-groups?id=376aa123-9f4c-4988-95b9-679f77e5bc0d&fields=id&fields=name HTTP/1.1" 200 3010 "-" "python-neutronclient"
172.24.5.10 - - [23/Mar/2026:05:44:26 +0000] "GET /networking/ HTTP/1.1" 200 2910 "-" "openstack-cloud-controller-manager/v1.35.0 gophercloud/v2.8.0"
199.19.213.141 - - [23/Mar/2026:05:44:26 +0000] "GET /networking/v2.0/ports?device_id=a92c5dbe-5ec3-4305-982b-fe35ca82cb67 HTTP/1.1" 200 3731 "-" "python-neutronclient"
199.19.213.141 - - [23/Mar/2026:05:44:26 +0000] "GET /networking/v2.0/security-groups?id=376aa123-9f4c-4988-95b9-679f77e5bc0d&fields=id&fields=name HTTP/1.1" 200 3010 "-" "python-neutronclient"
172.24.5.10 - - [23/Mar/2026:05:44:26 +0000] "GET /compute/v2.1/servers/a92c5dbe-5ec3-4305-982b-fe35ca82cb67 HTTP/1.1" 200 4593 "-" "openstack-cloud-controller-manager/v1.35.0 gophercloud/v2.8.0"
172.24.5.10 - - [23/Mar/2026:05:44:26 +0000] "GET /networking/ HTTP/1.1" 200 2910 "-" "openstack-cloud-controller-manager/v1.35.0 gophercloud/v2.8.0"
199.19.213.141 - - [23/Mar/2026:05:44:26 +0000] "GET /networking/v2.0/ports?device_id=a92c5dbe-5ec3-4305-982b-fe35ca82cb67 HTTP/1.1" 200 3731 "-" "python-neutronclient"
199.19.213.141 - - [23/Mar/2026:05:44:26 +0000] "GET /networking/v2.0/security-groups?id=376aa123-9f4c-4988-95b9-679f77e5bc0d&fields=id&fields=name HTTP/1.1" 200 3010 "-" "python-neutronclient"
172.24.5.10 - - [23/Mar/2026:05:44:26 +0000] "GET /compute/v2.1/servers/a92c5dbe-5ec3-4305-982b-fe35ca82cb67 HTTP/1.1" 200 4593 "-" "openstack-cloud-controller-manager/v1.35.0 gophercloud/v2.8.0"
172.24.5.10 - - [23/Mar/2026:05:44:27 +0000] "GET /networking/ HTTP/1.1" 200 2910 "-" "openstack-cloud-controller-manager/v1.35.0 gophercloud/v2.8.0"
199.19.213.141 - - [23/Mar/2026:05:44:27 +0000] "GET /networking/v2.0/ports?device_id=8950da58-1b59-48f2-a944-a95f969cc831 HTTP/1.1" 200 3732 "-" "python-neutronclient"
199.19.213.141 - - [23/Mar/2026:05:44:27 +0000] "GET /networking/v2.0/security-groups?id=376aa123-9f4c-4988-95b9-679f77e5bc0d&fields=id&fields=name HTTP/1.1" 200 3010 "-" "python-neutronclient"
172.24.5.10 - - [23/Mar/2026:05:44:27 +0000] "GET /compute/v2.1/servers/8950da58-1b59-48f2-a944-a95f969cc831 HTTP/1.1" 200 4594 "-" "openstack-cloud-controller-manager/v1.35.0 gophercloud/v2.8.0"
172.24.5.10 - - [23/Mar/2026:05:44:27 +0000] "GET /networking/ HTTP/1.1" 200 2910 "-" "openstack-cloud-controller-manager/v1.35.0 gophercloud/v2.8.0"
199.19.213.141 - - [23/Mar/2026:05:44:27 +0000] "GET /identity HTTP/1.1" 300 3232 "-" "openstacksdk/4.10.0 keystoneauth1/5.13.1 python-requests/2.32.5 CPython/3.12.3"
199.19.213.141 - - [23/Mar/2026:05:44:27 +0000] "POST /identity/v3/auth/tokens HTTP/1.1" 201 8058 "-" "openstacksdk/4.10.0 keystoneauth1/5.13.1 python-requests/2.32.5 CPython/3.12.3"
199.19.213.141 - - [23/Mar/2026:05:44:27 +0000] "GET /networking/v2.0/ports?device_id=8950da58-1b59-48f2-a944-a95f969cc831 HTTP/1.1" 200 3732 "-" "python-neutronclient"
199.19.213.141 - - [23/Mar/2026:05:44:27 +0000] "GET /networking/v2.0/security-groups?id=376aa123-9f4c-4988-95b9-679f77e5bc0d&fields=id&fields=name HTTP/1.1" 200 3010 "-" "python-neutronclient"
172.24.5.10 - - [23/Mar/2026:05:44:27 +0000] "GET /compute/v2.1/servers/8950da58-1b59-48f2-a944-a95f969cc831 HTTP/1.1" 200 4594 "-" "openstack-cloud-controller-manager/v1.35.0 gophercloud/v2.8.0"
199.19.213.141 - - [23/Mar/2026:05:44:27 +0000] "GET /identity/v3/auth/tokens HTTP/1.1" 200 8053 "-" "python-keystoneclient"
199.19.213.141 - - [23/Mar/2026:05:44:27 +0000] "POST /identity/v3/auth/tokens HTTP/1.1" 201 7632 "-" "uwsgi keystoneauth1/5.13.1 python-requests/2.32.5 CPython/3.12.3"
199.19.213.141 - - [23/Mar/2026:05:44:27 +0000] "POST /identity/v3/auth/tokens HTTP/1.1" 201 7632 "-" "uwsgi keystoneauth1/5.13.1 python-requests/2.32.5 CPython/3.12.3"
199.19.213.141 - - [23/Mar/2026:05:44:27 +0000] "POST /identity/v3/auth/tokens HTTP/1.1" 201 7632 "-" "uwsgi keystoneauth1/5.13.1 python-requests/2.32.5 CPython/3.12.3"
199.19.213.141 - - [23/Mar/2026:05:44:27 +0000] "GET /container-infra/v1/clusters/k8s-cluster HTTP/1.1" 200 4890 "-" "python-urllib3/2.6.3"
172.18.0.2 - - [23/Mar/2026:05:44:30 +0000] "GET /compute/v2.1/ HTTP/1.1" 200 3432 "-" "cluster-api-provider-openstack/v0.12.4 gophercloud/v2.7.0"
199.19.213.141 - - [23/Mar/2026:05:44:30 +0000] "GET /networking/v2.0/ports?device_id=a92c5dbe-5ec3-4305-982b-fe35ca82cb67 HTTP/1.1" 200 3731 "-" "python-neutronclient"
199.19.213.141 - - [23/Mar/2026:05:44:30 +0000] "GET /networking/v2.0/security-groups?id=376aa123-9f4c-4988-95b9-679f77e5bc0d&fields=id&fields=name HTTP/1.1" 200 3010 "-" "python-neutronclient"
172.18.0.2 - - [23/Mar/2026:05:44:30 +0000] "GET /compute/v2.1/servers/a92c5dbe-5ec3-4305-982b-fe35ca82cb67 HTTP/1.1" 200 4645 "-" "cluster-api-provider-openstack/v0.12.4 gophercloud/v2.7.0"
172.18.0.2 - - [23/Mar/2026:05:44:30 +0000] "GET /compute/v2.1/ HTTP/1.1" 200 3432 "-" "cluster-api-provider-openstack/v0.12.4 gophercloud/v2.7.0"
199.19.213.141 - - [23/Mar/2026:05:44:30 +0000] "GET /networking/v2.0/ports?device_id=a92c5dbe-5ec3-4305-982b-fe35ca82cb67 HTTP/1.1" 200 3731 "-" "python-neutronclient"
199.19.213.141 - - [23/Mar/2026:05:44:30 +0000] "GET /networking/v2.0/security-groups?id=376aa123-9f4c-4988-95b9-679f77e5bc0d&fields=id&fields=name HTTP/1.1" 200 3010 "-" "python-neutronclient"
172.18.0.2 - - [23/Mar/2026:05:44:30 +0000] "GET /compute/v2.1/servers/a92c5dbe-5ec3-4305-982b-fe35ca82cb67 HTTP/1.1" 200 4645 "-" "cluster-api-provider-openstack/v0.12.4 gophercloud/v2.7.0"
172.24.5.10 - - [23/Mar/2026:05:44:32 +0000] "GET /networking/ HTTP/1.1" 200 2910 "-" "openstack-cloud-controller-manager/v1.35.0 gophercloud/v2.8.0"
199.19.213.141 - - [23/Mar/2026:05:44:32 +0000] "GET /networking/v2.0/ports?device_id=8950da58-1b59-48f2-a944-a95f969cc831 HTTP/1.1" 200 3732 "-" "python-neutronclient"
199.19.213.141 - - [23/Mar/2026:05:44:32 +0000] "GET /networking/v2.0/security-groups?id=376aa123-9f4c-4988-95b9-679f77e5bc0d&fields=id&fields=name HTTP/1.1" 200 3010 "-" "python-neutronclient"
172.24.5.10 - - [23/Mar/2026:05:44:32 +0000] "GET /compute/v2.1/servers/8950da58-1b59-48f2-a944-a95f969cc831 HTTP/1.1" 200 4594 "-" "openstack-cloud-controller-manager/v1.35.0 gophercloud/v2.8.0"
172.24.5.10 - - [23/Mar/2026:05:44:32 +0000] "GET /networking/ HTTP/1.1" 200 2910 "-" "openstack-cloud-controller-manager/v1.35.0 gophercloud/v2.8.0"
199.19.213.141 - - [23/Mar/2026:05:44:32 +0000] "GET /networking/v2.0/ports?device_id=aff48628-7000-4acf-a45e-245a3fc41f84 HTTP/1.1" 200 3953 "-" "python-neutronclient"
199.19.213.141 - - [23/Mar/2026:05:44:32 +0000] "GET /networking/v2.0/security-groups?id=8dbdb2a4-3866-4dba-94db-49dcf425b032&fields=id&fields=name HTTP/1.1" 200 3016 "-" "python-neutronclient"
199.19.213.141 - - [23/Mar/2026:05:44:33 +0000] "GET /networking/v2.0/ports?device_id=8950da58-1b59-48f2-a944-a95f969cc831 HTTP/1.1" 200 3732 "-" "python-neutronclient"
199.19.213.141 - - [23/Mar/2026:05:44:33 +0000] "GET /networking/v2.0/security-groups?id=376aa123-9f4c-4988-95b9-679f77e5bc0d&fields=id&fields=name HTTP/1.1" 200 3010 "-" "python-neutronclient"
172.24.5.10 - - [23/Mar/2026:05:44:32 +0000] "GET /compute/v2.1/servers/8950da58-1b59-48f2-a944-a95f969cc831 HTTP/1.1" 200 4594 "-" "openstack-cloud-controller-manager/v1.35.0 gophercloud/v2.8.0"
199.19.213.141 - - [23/Mar/2026:05:44:34 +0000] "GET /identity HTTP/1.1" 300 3232 "-" "openstacksdk/4.10.0 keystoneauth1/5.13.1 python-requests/2.32.5 CPython/3.12.3"
199.19.213.141 - - [23/Mar/2026:05:44:34 +0000] "POST /identity/v3/auth/tokens HTTP/1.1" 201 8058 "-" "openstacksdk/4.10.0 keystoneauth1/5.13.1 python-requests/2.32.5 CPython/3.12.3"
199.19.213.141 - - [23/Mar/2026:05:44:34 +0000] "GET /identity/v3/auth/tokens HTTP/1.1" 200 8053 "-" "python-keystoneclient"
199.19.213.141 - - [23/Mar/2026:05:44:34 +0000] "POST /identity/v3/auth/tokens HTTP/1.1" 201 7632 "-" "uwsgi keystoneauth1/5.13.1 python-requests/2.32.5 CPython/3.12.3"
199.19.213.141 - - [23/Mar/2026:05:44:34 +0000] "POST /identity/v3/auth/tokens HTTP/1.1" 201 7632 "-" "uwsgi keystoneauth1/5.13.1 python-requests/2.32.5 CPython/3.12.3"
199.19.213.141 - - [23/Mar/2026:05:44:34 +0000] "POST /identity/v3/auth/tokens HTTP/1.1" 201 7632 "-" "uwsgi keystoneauth1/5.13.1 python-requests/2.32.5 CPython/3.12.3"
199.19.213.141 - - [23/Mar/2026:05:44:34 +0000] "GET /container-infra/v1/clusters/k8s-cluster HTTP/1.1" 200 4890 "-" "python-urllib3/2.6.3"
172.18.0.2 - - [23/Mar/2026:05:44:36 +0000] "GET /compute/v2.1/ HTTP/1.1" 200 3432 "-" "cluster-api-provider-openstack/v0.12.4 gophercloud/v2.7.0"
199.19.213.141 - - [23/Mar/2026:05:44:37 +0000] "GET /networking/v2.0/ports?device_id=8950da58-1b59-48f2-a944-a95f969cc831 HTTP/1.1" 200 3732 "-" "python-neutronclient"
199.19.213.141 - - [23/Mar/2026:05:44:37 +0000] "GET /networking/v2.0/security-groups?id=376aa123-9f4c-4988-95b9-679f77e5bc0d&fields=id&fields=name HTTP/1.1" 200 3010 "-" "python-neutronclient"
172.18.0.2 - - [23/Mar/2026:05:44:36 +0000] "GET /compute/v2.1/servers/8950da58-1b59-48f2-a944-a95f969cc831 HTTP/1.1" 200 4646 "-" "cluster-api-provider-openstack/v0.12.4 gophercloud/v2.7.0"
172.18.0.2 - - [23/Mar/2026:05:44:37 +0000] "GET /compute/v2.1/ HTTP/1.1" 200 3432 "-" "cluster-api-provider-openstack/v0.12.4 gophercloud/v2.7.0"
199.19.213.141 - - [23/Mar/2026:05:44:37 +0000] "GET /networking/v2.0/ports?device_id=8950da58-1b59-48f2-a944-a95f969cc831 HTTP/1.1" 200 3732 "-" "python-neutronclient"
199.19.213.141 - - [23/Mar/2026:05:44:37 +0000] "GET /networking/v2.0/security-groups?id=376aa123-9f4c-4988-95b9-679f77e5bc0d&fields=id&fields=name HTTP/1.1" 200 3010 "-" "python-neutronclient"
172.18.0.2 - - [23/Mar/2026:05:44:37 +0000] "GET /compute/v2.1/servers/8950da58-1b59-48f2-a944-a95f969cc831 HTTP/1.1" 200 4646 "-" "cluster-api-provider-openstack/v0.12.4 gophercloud/v2.7.0"
199.19.213.141 - - [23/Mar/2026:05:44:41 +0000] "GET /identity HTTP/1.1" 300 3232 "-" "openstacksdk/4.10.0 keystoneauth1/5.13.1 python-requests/2.32.5 CPython/3.12.3"
199.19.213.141 - - [23/Mar/2026:05:44:41 +0000] "POST /identity/v3/auth/tokens HTTP/1.1" 201 8058 "-" "openstacksdk/4.10.0 keystoneauth1/5.13.1 python-requests/2.32.5 CPython/3.12.3"
199.19.213.141 - - [23/Mar/2026:05:44:41 +0000] "GET /identity/v3/auth/tokens HTTP/1.1" 200 8053 "-" "python-keystoneclient"
199.19.213.141 - - [23/Mar/2026:05:44:41 +0000] "POST /identity/v3/auth/tokens HTTP/1.1" 201 7632 "-" "uwsgi keystoneauth1/5.13.1 python-requests/2.32.5 CPython/3.12.3"
199.19.213.141 - - [23/Mar/2026:05:44:41 +0000] "POST /identity/v3/auth/tokens HTTP/1.1" 201 7632 "-" "uwsgi keystoneauth1/5.13.1 python-requests/2.32.5 CPython/3.12.3"
199.19.213.141 - - [23/Mar/2026:05:44:41 +0000] "POST /identity/v3/auth/tokens HTTP/1.1" 201 7632 "-" "uwsgi keystoneauth1/5.13.1 python-requests/2.32.5 CPython/3.12.3"
199.19.213.141 - - [23/Mar/2026:05:44:41 +0000] "GET /container-infra/v1/clusters/k8s-cluster HTTP/1.1" 200 4890 "-" "python-urllib3/2.6.3"
199.19.213.141 - - [23/Mar/2026:05:44:47 +0000] "GET /placement/resource_providers/81be245f-4a17-47af-a07d-785d67814967/allocations HTTP/1.1" 200 3302 "-" "nova-compute keystoneauth1/5.13.1 python-requests/2.32.5 CPython/3.12.3"
199.19.213.141 - - [23/Mar/2026:05:44:47 +0000] "GET /placement/resource_providers/81be245f-4a17-47af-a07d-785d67814967/allocations HTTP/1.1" 200 3302 "-" "nova-compute keystoneauth1/5.13.1 python-requests/2.32.5 CPython/3.12.3"
199.19.213.141 - - [23/Mar/2026:05:44:47 +0000] "GET /placement/allocations/aff48628-7000-4acf-a45e-245a3fc41f84 HTTP/1.1" 200 3275 "-" "nova-compute keystoneauth1/5.13.1 python-requests/2.32.5 CPython/3.12.3"
199.19.213.141 - - [23/Mar/2026:05:44:47 +0000] "GET /placement/allocations/a92c5dbe-5ec3-4305-982b-fe35ca82cb67 HTTP/1.1" 200 3275 "-" "nova-compute keystoneauth1/5.13.1 python-requests/2.32.5 CPython/3.12.3"
199.19.213.141 - - [23/Mar/2026:05:44:47 +0000] "GET /placement/allocations/8950da58-1b59-48f2-a944-a95f969cc831 HTTP/1.1" 200 3275 "-" "nova-compute keystoneauth1/5.13.1 python-requests/2.32.5 CPython/3.12.3"
199.19.213.141 - - [23/Mar/2026:05:44:48 +0000] "GET /identity HTTP/1.1" 300 3232 "-" "openstacksdk/4.10.0 keystoneauth1/5.13.1 python-requests/2.32.5 CPython/3.12.3"
199.19.213.141 - - [23/Mar/2026:05:44:48 +0000] "POST /identity/v3/auth/tokens HTTP/1.1" 201 8058 "-" "openstacksdk/4.10.0 keystoneauth1/5.13.1 python-requests/2.32.5 CPython/3.12.3"
199.19.213.141 - - [23/Mar/2026:05:44:48 +0000] "GET /identity/v3/auth/tokens HTTP/1.1" 200 8053 "-" "python-keystoneclient"
199.19.213.141 - - [23/Mar/2026:05:44:48 +0000] "POST /identity/v3/auth/tokens HTTP/1.1" 201 7632 "-" "uwsgi keystoneauth1/5.13.1 python-requests/2.32.5 CPython/3.12.3"
199.19.213.141 - - [23/Mar/2026:05:44:48 +0000] "POST /identity/v3/auth/tokens HTTP/1.1" 201 7632 "-" "uwsgi keystoneauth1/5.13.1 python-requests/2.32.5 CPython/3.12.3"
199.19.213.141 - - [23/Mar/2026:05:44:48 +0000] "POST /identity/v3/auth/tokens HTTP/1.1" 201 7632 "-" "uwsgi keystoneauth1/5.13.1 python-requests/2.32.5 CPython/3.12.3"
199.19.213.141 - - [23/Mar/2026:05:44:48 +0000] "GET /container-infra/v1/clusters/k8s-cluster HTTP/1.1" 200 4665 "-" "python-urllib3/2.6.3"
199.19.213.141 - - [23/Mar/2026:05:44:49 +0000] "GET /identity HTTP/1.1" 300 3232 "-" "openstacksdk/4.10.0 keystoneauth1/5.13.1 python-requests/2.32.5 CPython/3.12.3"
199.19.213.141 - - [23/Mar/2026:05:44:49 +0000] "POST /identity/v3/auth/tokens HTTP/1.1" 201 8058 "-" "openstacksdk/4.10.0 keystoneauth1/5.13.1 python-requests/2.32.5 CPython/3.12.3"
199.19.213.141 - - [23/Mar/2026:05:44:50 +0000] "GET /identity/v3/auth/tokens HTTP/1.1" 200 8053 "-" "python-keystoneclient"
199.19.213.141 - - [23/Mar/2026:05:44:50 +0000] "POST /identity/v3/auth/tokens HTTP/1.1" 201 7632 "-" "uwsgi keystoneauth1/5.13.1 python-requests/2.32.5 CPython/3.12.3"
199.19.213.141 - - [23/Mar/2026:05:44:50 +0000] "POST /identity/v3/auth/tokens HTTP/1.1" 201 7632 "-" "uwsgi keystoneauth1/5.13.1 python-requests/2.32.5 CPython/3.12.3"
199.19.213.141 - - [23/Mar/2026:05:44:50 +0000] "POST /identity/v3/auth/tokens HTTP/1.1" 201 7632 "-" "uwsgi keystoneauth1/5.13.1 python-requests/2.32.5 CPython/3.12.3"
199.19.213.141 - - [23/Mar/2026:05:44:50 +0000] "GET /container-infra/v1/clusters/k8s-cluster HTTP/1.1" 200 4665 "-" "python-urllib3/2.6.3"
199.19.213.141 - - [23/Mar/2026:05:44:50 +0000] "POST /identity/v3/auth/tokens HTTP/1.1" 201 7632 "-" "uwsgi keystoneauth1/5.13.1 python-requests/2.32.5 CPython/3.12.3"
199.19.213.141 - - [23/Mar/2026:05:44:50 +0000] "POST /identity/v3/auth/tokens HTTP/1.1" 201 7632 "-" "uwsgi keystoneauth1/5.13.1 python-requests/2.32.5 CPython/3.12.3"
199.19.213.141 - - [23/Mar/2026:05:44:50 +0000] "GET /container-infra/v1/clustertemplates/c275f254-13eb-4815-8173-8920187ea157 HTTP/1.1" 200 4412 "-" "python-urllib3/2.6.3"
199.19.213.141 - - [23/Mar/2026:05:44:50 +0000] "POST /identity/v3/auth/tokens HTTP/1.1" 201 7632 "-" "uwsgi keystoneauth1/5.13.1 python-requests/2.32.5 CPython/3.12.3"
199.19.213.141 - - [23/Mar/2026:05:44:50 +0000] "POST /identity/v3/auth/tokens HTTP/1.1" 201 7632 "-" "uwsgi keystoneauth1/5.13.1 python-requests/2.32.5 CPython/3.12.3"
199.19.213.141 - - [23/Mar/2026:05:44:50 +0000] "GET /identity/v3 HTTP/1.1" 200 3156 "-" "magnum-conductor keystoneauth1/5.13.1 python-requests/2.32.5 CPython/3.12.3"
199.19.213.141 - - [23/Mar/2026:05:44:50 +0000] "POST /identity/v3/auth/tokens HTTP/1.1" 201 8107 "-" "magnum-conductor keystoneauth1/5.13.1 python-requests/2.32.5 CPython/3.12.3"
199.19.213.141 - - [23/Mar/2026:05:44:50 +0000] "GET /identity HTTP/1.1" 300 3232 "-" "barbican/22.0.0.0rc1 keystonemiddleware.auth_token/12.0.0 keystoneauth1/5.13.1 python-requests/2.32.5 CPython/3.12.3"
199.19.213.141 - - [23/Mar/2026:05:44:50 +0000] "POST /identity/v3/auth/tokens HTTP/1.1" 201 8109 "-" "barbican/22.0.0.0rc1 keystonemiddleware.auth_token/12.0.0 keystoneauth1/5.13.1 python-requests/2.32.5 CPython/3.12.3"
199.19.213.141 - - [23/Mar/2026:05:44:50 +0000] "GET /identity/v3/auth/tokens HTTP/1.1" 200 8102 "-" "python-keystoneclient"
199.19.213.141 - - [23/Mar/2026:05:44:51 +0000] "POST /identity/v3/auth/tokens HTTP/1.1" 201 7632 "-" "uwsgi keystoneauth1/5.13.1 python-requests/2.32.5 CPython/3.12.3"
199.19.213.141 - - [23/Mar/2026:05:44:50 +0000] "GET /container-infra/v1/certificates/14c81c09-777f-496e-b778-6eec897e771e HTTP/1.1" 200 4546 "-" "python-urllib3/2.6.3"
199.19.213.141 - - [23/Mar/2026:05:44:51 +0000] "POST /identity/v3/auth/tokens HTTP/1.1" 201 7632 "-" "uwsgi keystoneauth1/5.13.1 python-requests/2.32.5 CPython/3.12.3"
199.19.213.141 - - [23/Mar/2026:05:44:51 +0000] "POST /identity/v3/auth/tokens HTTP/1.1" 201 7632 "-" "uwsgi keystoneauth1/5.13.1 python-requests/2.32.5 CPython/3.12.3"
199.19.213.141 - - [23/Mar/2026:05:44:51 +0000] "GET /identity/v3 HTTP/1.1" 200 3156 "-" "magnum-conductor keystoneauth1/5.13.1 python-requests/2.32.5 CPython/3.12.3"
199.19.213.141 - - [23/Mar/2026:05:44:51 +0000] "POST /identity/v3/auth/tokens HTTP/1.1" 201 8107 "-" "magnum-conductor keystoneauth1/5.13.1 python-requests/2.32.5 CPython/3.12.3"
199.19.213.141 - - [23/Mar/2026:05:44:51 +0000] "GET /identity/v3/auth/tokens HTTP/1.1" 200 8102 "-" "python-keystoneclient"
199.19.213.141 - - [23/Mar/2026:05:44:52 +0000] "POST /identity/v3/auth/tokens HTTP/1.1" 201 7632 "-" "uwsgi keystoneauth1/5.13.1 python-requests/2.32.5 CPython/3.12.3"
199.19.213.141 - - [23/Mar/2026:05:44:51 +0000] "POST /container-infra/v1/certificates HTTP/1.1" 201 5474 "-" "python-urllib3/2.6.3"
172.24.5.10 - - [23/Mar/2026:05:44:53 +0000] "GET /identity/ HTTP/1.1" 300 3201 "-" "cinder-csi-plugin/v1.32.0 gophercloud/v2.5.0"
172.24.5.10 - - [23/Mar/2026:05:44:53 +0000] "POST /identity/v3/auth/tokens HTTP/1.1" 201 8200 "-" "cinder-csi-plugin/v1.32.0 gophercloud/v2.5.0"
199.19.213.141 - - [23/Mar/2026:05:44:53 +0000] "GET /identity/v3/auth/tokens HTTP/1.1" 200 8226 "-" "python-keystoneclient"
172.24.5.10 - - [23/Mar/2026:05:44:53 +0000] "GET /volume/v3/volumes/detail HTTP/1.1" 200 2988 "-" "cinder-csi-plugin/v1.32.0 gophercloud/v2.5.0"
199.19.213.141 - - [23/Mar/2026:05:45:48 +0000] "GET /placement/resource_providers/81be245f-4a17-47af-a07d-785d67814967/allocations HTTP/1.1" 200 3302 "-" "nova-compute keystoneauth1/5.13.1 python-requests/2.32.5 CPython/3.12.3"
199.19.213.141 - - [23/Mar/2026:05:45:48 +0000] "GET /placement/resource_providers/81be245f-4a17-47af-a07d-785d67814967/allocations HTTP/1.1" 200 3302 "-" "nova-compute keystoneauth1/5.13.1 python-requests/2.32.5 CPython/3.12.3"
199.19.213.141 - - [23/Mar/2026:05:45:48 +0000] "GET /placement/allocations/aff48628-7000-4acf-a45e-245a3fc41f84 HTTP/1.1" 200 3275 "-" "nova-compute keystoneauth1/5.13.1 python-requests/2.32.5 CPython/3.12.3"
199.19.213.141 - - [23/Mar/2026:05:45:48 +0000] "GET /placement/allocations/a92c5dbe-5ec3-4305-982b-fe35ca82cb67 HTTP/1.1" 200 3275 "-" "nova-compute keystoneauth1/5.13.1 python-requests/2.32.5 CPython/3.12.3"
199.19.213.141 - - [23/Mar/2026:05:45:48 +0000] "GET /placement/allocations/8950da58-1b59-48f2-a944-a95f969cc831 HTTP/1.1" 200 3275 "-" "nova-compute keystoneauth1/5.13.1 python-requests/2.32.5 CPython/3.12.3"
172.24.5.10 - - [23/Mar/2026:05:45:54 +0000] "GET /volume/v3/volumes/detail HTTP/1.1" 200 2988 "-" "cinder-csi-plugin/v1.32.0 gophercloud/v2.5.0"
199.19.213.141 - - [23/Mar/2026:05:46:49 +0000] "GET /identity/v3/auth/tokens HTTP/1.1" 200 8100 "-" "python-keystoneclient"
199.19.213.141 - - [23/Mar/2026:05:46:49 +0000] "GET /placement/resource_providers/81be245f-4a17-47af-a07d-785d67814967/allocations HTTP/1.1" 200 3302 "-" "nova-compute keystoneauth1/5.13.1 python-requests/2.32.5 CPython/3.12.3"
199.19.213.141 - - [23/Mar/2026:05:46:49 +0000] "GET /placement/resource_providers?in_tree=81be245f-4a17-47af-a07d-785d67814967 HTTP/1.1" 200 3816 "-" "nova-compute keystoneauth1/5.13.1 python-requests/2.32.5 CPython/3.12.3"
199.19.213.141 - - [23/Mar/2026:05:46:49 +0000] "GET /placement/resource_providers/81be245f-4a17-47af-a07d-785d67814967/inventories HTTP/1.1" 200 3344 "-" "nova-compute keystoneauth1/5.13.1 python-requests/2.32.5 CPython/3.12.3"
199.19.213.141 - - [23/Mar/2026:05:46:49 +0000] "GET /placement/resource_providers/81be245f-4a17-47af-a07d-785d67814967/aggregates HTTP/1.1" 200 3068 "-" "nova-compute keystoneauth1/5.13.1 python-requests/2.32.5 CPython/3.12.3"
199.19.213.141 - - [23/Mar/2026:05:46:49 +0000] "GET /placement/resource_providers/81be245f-4a17-47af-a07d-785d67814967/traits HTTP/1.1" 200 5008 "-" "nova-compute keystoneauth1/5.13.1 python-requests/2.32.5 CPython/3.12.3"
199.19.213.141 - - [23/Mar/2026:05:46:49 +0000] "GET /placement/resource_providers/81be245f-4a17-47af-a07d-785d67814967/allocations HTTP/1.1" 200 3302 "-" "nova-compute keystoneauth1/5.13.1 python-requests/2.32.5 CPython/3.12.3"
199.19.213.141 - - [23/Mar/2026:05:46:49 +0000] "GET /placement/allocations/aff48628-7000-4acf-a45e-245a3fc41f84 HTTP/1.1" 200 3275 "-" "nova-compute keystoneauth1/5.13.1 python-requests/2.32.5 CPython/3.12.3"
199.19.213.141 - - [23/Mar/2026:05:46:49 +0000] "GET /placement/allocations/a92c5dbe-5ec3-4305-982b-fe35ca82cb67 HTTP/1.1" 200 3275 "-" "nova-compute keystoneauth1/5.13.1 python-requests/2.32.5 CPython/3.12.3"
199.19.213.141 - - [23/Mar/2026:05:46:49 +0000] "GET /placement/allocations/8950da58-1b59-48f2-a944-a95f969cc831 HTTP/1.1" 200 3275 "-" "nova-compute keystoneauth1/5.13.1 python-requests/2.32.5 CPython/3.12.3"
172.24.5.10 - - [23/Mar/2026:05:46:54 +0000] "GET /volume/v3/volumes/detail HTTP/1.1" 200 2988 "-" "cinder-csi-plugin/v1.32.0 gophercloud/v2.5.0"
172.18.0.2 - - [23/Mar/2026:05:47:34 +0000] "GET /compute/v2.1/ HTTP/1.1" 200 3432 "-" "cluster-api-provider-openstack/v0.12.4 gophercloud/v2.7.0"
172.18.0.2 - - [23/Mar/2026:05:47:34 +0000] "GET /compute/v2.1/ HTTP/1.1" 200 3432 "-" "cluster-api-provider-openstack/v0.12.4 gophercloud/v2.7.0"
172.18.0.2 - - [23/Mar/2026:05:47:34 +0000] "GET /compute/v2.1/ HTTP/1.1" 200 3432 "-" "cluster-api-provider-openstack/v0.12.4 gophercloud/v2.7.0"
199.19.213.141 - - [23/Mar/2026:05:47:34 +0000] "GET /identity/v3/auth/tokens HTTP/1.1" 200 8226 "-" "python-keystoneclient"
199.19.213.141 - - [23/Mar/2026:05:47:34 +0000] "GET /identity/v3/auth/tokens HTTP/1.1" 200 8226 "-" "python-keystoneclient"
199.19.213.141 - - [23/Mar/2026:05:47:34 +0000] "GET /identity/v3/auth/tokens HTTP/1.1" 200 8226 "-" "python-keystoneclient"
199.19.213.141 - - [23/Mar/2026:05:47:34 +0000] "GET /identity/v3/auth/tokens HTTP/1.1" 200 8100 "-" "python-keystoneclient"
199.19.213.141 - - [23/Mar/2026:05:47:34 +0000] "GET /identity/v3/auth/tokens HTTP/1.1" 200 8100 "-" "python-keystoneclient"
199.19.213.141 - - [23/Mar/2026:05:47:34 +0000] "GET /identity/v3/auth/tokens HTTP/1.1" 200 8100 "-" "python-keystoneclient"
199.19.213.141 - - [23/Mar/2026:05:47:34 +0000] "GET /networking/v2.0/ports?device_id=a92c5dbe-5ec3-4305-982b-fe35ca82cb67 HTTP/1.1" 200 3731 "-" "python-neutronclient"
199.19.213.141 - - [23/Mar/2026:05:47:34 +0000] "GET /networking/v2.0/ports?device_id=8950da58-1b59-48f2-a944-a95f969cc831 HTTP/1.1" 200 3732 "-" "python-neutronclient"
199.19.213.141 - - [23/Mar/2026:05:47:34 +0000] "GET /networking/v2.0/ports?device_id=aff48628-7000-4acf-a45e-245a3fc41f84 HTTP/1.1" 200 3711 "-" "python-neutronclient"
199.19.213.141 - - [23/Mar/2026:05:47:34 +0000] "GET /networking/v2.0/security-groups?id=376aa123-9f4c-4988-95b9-679f77e5bc0d&fields=id&fields=name HTTP/1.1" 200 3010 "-" "python-neutronclient"
199.19.213.141 - - [23/Mar/2026:05:47:34 +0000] "GET /networking/v2.0/security-groups?id=376aa123-9f4c-4988-95b9-679f77e5bc0d&fields=id&fields=name HTTP/1.1" 200 3010 "-" "python-neutronclient"
199.19.213.141 - - [23/Mar/2026:05:47:34 +0000] "GET /networking/v2.0/security-groups?id=8dbdb2a4-3866-4dba-94db-49dcf425b032&fields=id&fields=name HTTP/1.1" 200 3016 "-" "python-neutronclient"
172.18.0.2 - - [23/Mar/2026:05:47:34 +0000] "GET /compute/v2.1/servers/a92c5dbe-5ec3-4305-982b-fe35ca82cb67 HTTP/1.1" 200 4645 "-" "cluster-api-provider-openstack/v0.12.4 gophercloud/v2.7.0"
