2026-06-09 23:32:40.888 7 INFO placement.requestlog [req-c7905649-c748-4c15-9f25-0e1dd115118a req-49995a41-bdd6-441c-9f6f-200fa607031b 2d69a9dfdaf9422a9400765f17037ece 67d217ff18914f94a347e18006ac3a36 - - daf5203966674fa295b08b690a0cf37a daf5203966674fa295b08b690a0cf37a] 199.204.45.138 "GET /allocations/4908a505-3271-4ff5-8aa4-82f3284a0422" status: 200 len: 258 microversion: 1.28 [pid: 7|app: 0|req: 379/757] 199.204.45.138 () {34 vars in 861 bytes} [Tue Jun 9 23:32:40 2026] GET /allocations/4908a505-3271-4ff5-8aa4-82f3284a0422 => generated 258 bytes in 20 msecs (HTTP/1.1 200) 8 headers in 296 bytes (1 switches on core 0)
2026-06-09 23:32:42.833 8 INFO placement.requestlog [None req-1efe2f95-65ed-470d-961a-8c65897e1db1 17869a8e4c5643af8e243bc60f1e2dfe 67d217ff18914f94a347e18006ac3a36 - - daf5203966674fa295b08b690a0cf37a daf5203966674fa295b08b690a0cf37a] 10.0.0.181 "GET /resource_providers/5e33f564-d155-4bd3-be10-ee4d118b30e2/aggregates" status: 404 len: 235 microversion: 1.1 [pid: 8|app: 0|req: 379/758] 10.0.0.181 () {32 vars in 823 bytes} [Tue Jun 9 23:32:42 2026] GET /resource_providers/5e33f564-d155-4bd3-be10-ee4d118b30e2/aggregates => generated 235 bytes in 12 msecs (HTTP/1.1 404) 5 headers in 202 bytes (1 switches on core 0)
2026-06-09 23:32:42.843 7 INFO placement.requestlog [None req-d3d8c784-eca1-40f2-aedd-8e405ce8eb7a 17869a8e4c5643af8e243bc60f1e2dfe 67d217ff18914f94a347e18006ac3a36 - - daf5203966674fa295b08b690a0cf37a daf5203966674fa295b08b690a0cf37a] 10.0.0.181 "GET /resource_providers/5e33f564-d155-4bd3-be10-ee4d118b30e2/aggregates" status: 404 len: 235 microversion: 1.1 [pid: 7|app: 0|req: 380/759] 10.0.0.181 () {32 vars in 823 bytes} [Tue Jun 9 23:32:42 2026] GET /resource_providers/5e33f564-d155-4bd3-be10-ee4d118b30e2/aggregates => generated 235 bytes in 11 msecs (HTTP/1.1 404) 5 headers in 202 bytes (1 switches on core 0)
2026-06-09 23:32:42.847 8 INFO placement.requestlog [None req-f72da03d-1d8d-47a2-90c1-5b63b7b33c8c 17869a8e4c5643af8e243bc60f1e2dfe 67d217ff18914f94a347e18006ac3a36 - - daf5203966674fa295b08b690a0cf37a daf5203966674fa295b08b690a0cf37a] 10.0.0.181 "DELETE /resource_providers/5e33f564-d155-4bd3-be10-ee4d118b30e2" status: 404 len: 246 microversion: 1.1 [pid: 8|app: 0|req: 380/760] 10.0.0.181 () {34 vars in 823 bytes} [Tue Jun 9 23:32:42 2026] DELETE /resource_providers/5e33f564-d155-4bd3-be10-ee4d118b30e2 => generated 246 bytes in 10 msecs (HTTP/1.1 404) 6 headers in 231 bytes (1 switches on core 0)
2026-06-09 23:32:42.869 7 INFO placement.requestlog [None req-1da56b30-78d0-4996-a369-5641aef4db1e 17869a8e4c5643af8e243bc60f1e2dfe 67d217ff18914f94a347e18006ac3a36 - - daf5203966674fa295b08b690a0cf37a daf5203966674fa295b08b690a0cf37a] 10.0.0.181 "DELETE /resource_providers/5e33f564-d155-4bd3-be10-ee4d118b30e2" status: 404 len: 246 microversion: 1.1 [pid: 7|app: 0|req: 381/761] 10.0.0.181 () {34 vars in 823 bytes} [Tue Jun 9 23:32:42 2026] DELETE /resource_providers/5e33f564-d155-4bd3-be10-ee4d118b30e2 => generated 246 bytes in 10 msecs (HTTP/1.1 404) 6 headers in 231 bytes (1 switches on core 0)
2026-06-09 23:32:45.982 8 INFO placement.requestlog [req-5453c364-79a2-45df-b05c-01cd254a5a24 req-a8c115f6-dce5-4397-bf0d-3ee01fc1332b 2d69a9dfdaf9422a9400765f17037ece 67d217ff18914f94a347e18006ac3a36 - - daf5203966674fa295b08b690a0cf37a daf5203966674fa295b08b690a0cf37a] 199.204.45.138 "GET /resource_providers/0501664f-5588-4e94-92ef-b7452e6d641d/allocations" status: 200 len: 353 microversion: 1.0 [pid: 8|app: 0|req: 381/762] 199.204.45.138 () {32 vars in 855 bytes} [Tue Jun 9 23:32:45 2026] GET /resource_providers/0501664f-5588-4e94-92ef-b7452e6d641d/allocations => generated 353 bytes in 23 msecs (HTTP/1.1 200) 6 headers in 224 bytes (1 switches on core 0)
2026-06-09 23:32:46.005 7 INFO placement.requestlog [req-5453c364-79a2-45df-b05c-01cd254a5a24 req-fe94ed07-94c6-483f-93aa-4c5784567711 2d69a9dfdaf9422a9400765f17037ece 67d217ff18914f94a347e18006ac3a36 - - daf5203966674fa295b08b690a0cf37a daf5203966674fa295b08b690a0cf37a] 199.204.45.138 "GET /allocations/a27fda71-f6dc-40e0-bf76-4bd5752bd476" status: 200 len: 258 microversion: 1.28 [pid: 7|app: 0|req: 382/763] 199.204.45.138 () {34 vars in 861 bytes} [Tue Jun 9 23:32:45 2026] GET /allocations/a27fda71-f6dc-40e0-bf76-4bd5752bd476 => generated 258 bytes in 18 msecs (HTTP/1.1 200) 8 headers in 296 bytes (1 switches on core 0)
2026-06-09 23:32:46.026 8 INFO placement.requestlog [req-5453c364-79a2-45df-b05c-01cd254a5a24 req-b27dc211-32f7-4c55-8df6-2899797e09c0 2d69a9dfdaf9422a9400765f17037ece 67d217ff18914f94a347e18006ac3a36 - - daf5203966674fa295b08b690a0cf37a daf5203966674fa295b08b690a0cf37a] 199.204.45.138 "GET /allocations/bf9ea838-3a35-4030-a1c5-24af06923de6" status: 200 len: 258 microversion: 1.28 [pid: 8|app: 0|req: 382/764] 199.204.45.138 () {34 vars in 861 bytes} [Tue Jun 9 23:32:46 2026] GET /allocations/bf9ea838-3a35-4030-a1c5-24af06923de6 => generated 258 bytes in 14 msecs (HTTP/1.1 200) 8 headers in 296 bytes (1 switches on core 0)
2026-06-09 23:32:46.056 7 INFO placement.requestlog [req-5453c364-79a2-45df-b05c-01cd254a5a24 req-f1894614-90d6-47d4-bfed-b853af6daa00 2d69a9dfdaf9422a9400765f17037ece 67d217ff18914f94a347e18006ac3a36 - - daf5203966674fa295b08b690a0cf37a daf5203966674fa295b08b690a0cf37a] 199.204.45.138 "GET /allocations/4908a505-3271-4ff5-8aa4-82f3284a0422" status: 200 len: 258 microversion: 1.28 [pid: 7|app: 0|req: 383/765] 199.204.45.138 () {34 vars in 861 bytes} [Tue Jun 9 23:32:46 2026] GET /allocations/4908a505-3271-4ff5-8aa4-82f3284a0422 => generated 258 bytes in 23 msecs (HTTP/1.1 200) 8 headers in 296 bytes (1 switches on core 0)
2026-06-09 23:32:46.753 7 INFO placement.requestlog [None req-70ef4c6e-d26e-45a8-9804-b8b70a6c3b97 17869a8e4c5643af8e243bc60f1e2dfe 67d217ff18914f94a347e18006ac3a36 - - daf5203966674fa295b08b690a0cf37a daf5203966674fa295b08b690a0cf37a] 10.0.0.181 "GET /resource_providers/d6836106-cf0e-40cf-9f73-2d0f537f9fd5/aggregates" status: 404 len: 235 microversion: 1.1 [pid: 7|app: 0|req: 384/766] 10.0.0.181 () {32 vars in 823 bytes} [Tue Jun 9 23:32:46 2026] GET /resource_providers/d6836106-cf0e-40cf-9f73-2d0f537f9fd5/aggregates => generated 235 bytes in 11 msecs (HTTP/1.1 404) 5 headers in 202 bytes (1 switches on core 0)
2026-06-09 23:32:46.753 8 INFO placement.requestlog [None req-43362b50-935c-4b8b-89e0-f8b1b04b1e21 17869a8e4c5643af8e243bc60f1e2dfe 67d217ff18914f94a347e18006ac3a36 - - daf5203966674fa295b08b690a0cf37a daf5203966674fa295b08b690a0cf37a] 10.0.0.181 "GET /resource_providers/d6836106-cf0e-40cf-9f73-2d0f537f9fd5/aggregates" status: 404 len: 235 microversion: 1.1 [pid: 8|app: 0|req: 383/767] 10.0.0.181 () {32 vars in 823 bytes} [Tue Jun 9 23:32:46 2026] GET /resource_providers/d6836106-cf0e-40cf-9f73-2d0f537f9fd5/aggregates => generated 235 bytes in 11 msecs (HTTP/1.1 404) 5 headers in 202 bytes (1 switches on core 0)
2026-06-09 23:32:46.770 7 INFO placement.requestlog [None req-7420d93c-f252-4200-82da-f44026934c40 17869a8e4c5643af8e243bc60f1e2dfe 67d217ff18914f94a347e18006ac3a36 - - daf5203966674fa295b08b690a0cf37a daf5203966674fa295b08b690a0cf37a] 10.0.0.181 "DELETE /resource_providers/d6836106-cf0e-40cf-9f73-2d0f537f9fd5" status: 404 len: 246 microversion: 1.1 [pid: 7|app: 0|req: 385/768] 10.0.0.181 () {34 vars in 823 bytes} [Tue Jun 9 23:32:46 2026] DELETE /resource_providers/d6836106-cf0e-40cf-9f73-2d0f537f9fd5 => generated 246 bytes in 10 msecs (HTTP/1.1 404) 6 headers in 231 bytes (1 switches on core 0)
2026-06-09 23:32:46.786 8 INFO placement.requestlog [None req-fb867ad3-d0ca-4e7d-98dd-1c564a4cf239 17869a8e4c5643af8e243bc60f1e2dfe 67d217ff18914f94a347e18006ac3a36 - - daf5203966674fa295b08b690a0cf37a daf5203966674fa295b08b690a0cf37a] 10.0.0.181 "DELETE /resource_providers/d6836106-cf0e-40cf-9f73-2d0f537f9fd5" status: 404 len: 246 microversion: 1.1 [pid: 8|app: 0|req: 384/769] 10.0.0.181 () {34 vars in 823 bytes} [Tue Jun 9 23:32:46 2026] DELETE /resource_providers/d6836106-cf0e-40cf-9f73-2d0f537f9fd5 => generated 246 bytes in 23 msecs (HTTP/1.1 404) 6 headers in 231 bytes (1 switches on core 0)
2026-06-09 23:32:47.104 7 INFO placement.requestlog [req-5453c364-79a2-45df-b05c-01cd254a5a24 req-a1ba53fa-96e1-493a-84ab-23716eb8d568 2d69a9dfdaf9422a9400765f17037ece 67d217ff18914f94a347e18006ac3a36 - - daf5203966674fa295b08b690a0cf37a daf5203966674fa295b08b690a0cf37a] 199.204.45.138 "DELETE /allocations/a27fda71-f6dc-40e0-bf76-4bd5752bd476" status: 204 len: 0 microversion: 1.0 [pid: 7|app: 0|req: 386/770] 199.204.45.138 () {34 vars in 839 bytes} [Tue Jun 9 23:32:47 2026] DELETE /allocations/a27fda71-f6dc-40e0-bf76-4bd5752bd476 => generated 0 bytes in 24 msecs (HTTP/1.1 204) 5 headers in 198 bytes (1 switches on core 0)
2026-06-09 23:32:48.796 8 INFO placement.requestlog [None req-8ebd6c0f-76f5-45da-9503-bc89a873219c 17869a8e4c5643af8e243bc60f1e2dfe 67d217ff18914f94a347e18006ac3a36 - - daf5203966674fa295b08b690a0cf37a daf5203966674fa295b08b690a0cf37a] 10.0.0.181 "GET /resource_providers/a3590b47-73b9-4286-8da9-03347268bd66/aggregates" status: 404 len: 235 microversion: 1.1 [pid: 8|app: 0|req: 385/771] 10.0.0.181 () {32 vars in 823 bytes} [Tue Jun 9 23:32:48 2026] GET /resource_providers/a3590b47-73b9-4286-8da9-03347268bd66/aggregates => generated 235 bytes in 15 msecs (HTTP/1.1 404) 5 headers in 202 bytes (1 switches on core 0)
2026-06-09 23:32:48.807 7 INFO placement.requestlog [None req-b7243dd2-3b51-4420-984e-804938c48e9a 17869a8e4c5643af8e243bc60f1e2dfe 67d217ff18914f94a347e18006ac3a36 - - daf5203966674fa295b08b690a0cf37a daf5203966674fa295b08b690a0cf37a] 10.0.0.181 "GET /resource_providers/a3590b47-73b9-4286-8da9-03347268bd66/aggregates" status: 404 len: 235 microversion: 1.1 [pid: 7|app: 0|req: 387/772] 10.0.0.181 () {32 vars in 823 bytes} [Tue Jun 9 23:32:48 2026] GET /resource_providers/a3590b47-73b9-4286-8da9-03347268bd66/aggregates => generated 235 bytes in 14 msecs (HTTP/1.1 404) 5 headers in 202 bytes (1 switches on core 0)
2026-06-09 23:32:48.813 8 INFO placement.requestlog [None req-49fceb14-f4eb-4456-9c21-732d9faa76cb 17869a8e4c5643af8e243bc60f1e2dfe 67d217ff18914f94a347e18006ac3a36 - - daf5203966674fa295b08b690a0cf37a daf5203966674fa295b08b690a0cf37a] 10.0.0.181 "DELETE /resource_providers/a3590b47-73b9-4286-8da9-03347268bd66" status: 404 len: 246 microversion: 1.1 [pid: 8|app: 0|req: 386/773] 10.0.0.181 () {34 vars in 823 bytes} [Tue Jun 9 23:32:48 2026] DELETE /resource_providers/a3590b47-73b9-4286-8da9-03347268bd66 => generated 246 bytes in 9 msecs (HTTP/1.1 404) 6 headers in 231 bytes (1 switches on core 0)
2026-06-09 23:32:48.824 7 INFO placement.requestlog [None req-8997e24d-cdda-436d-8a3f-5daf534dbfa8 17869a8e4c5643af8e243bc60f1e2dfe 67d217ff18914f94a347e18006ac3a36 - - daf5203966674fa295b08b690a0cf37a daf5203966674fa295b08b690a0cf37a] 10.0.0.181 "DELETE /resource_providers/a3590b47-73b9-4286-8da9-03347268bd66" status: 404 len: 246 microversion: 1.1 [pid: 7|app: 0|req: 388/774] 10.0.0.181 () {34 vars in 823 bytes} [Tue Jun 9 23:32:48 2026] DELETE /resource_providers/a3590b47-73b9-4286-8da9-03347268bd66 => generated 246 bytes in 12 msecs (HTTP/1.1 404) 6 headers in 231 bytes (1 switches on core 0)
2026-06-09 23:32:48.828 8 INFO placement.requestlog [None req-7d59cab5-27c6-4113-8da2-47ce1a7dfb27 17869a8e4c5643af8e243bc60f1e2dfe 67d217ff18914f94a347e18006ac3a36 - - daf5203966674fa295b08b690a0cf37a daf5203966674fa295b08b690a0cf37a] 10.0.0.181 "GET /resource_providers/435d15ed-ece3-4c37-8a69-3bb11ae9174c/aggregates" status: 404 len: 235 microversion: 1.1 [pid: 8|app: 0|req: 387/775] 10.0.0.181 () {32 vars in 823 bytes} [Tue Jun 9 23:32:48 2026] GET /resource_providers/435d15ed-ece3-4c37-8a69-3bb11ae9174c/aggregates => generated 235 bytes in 9 msecs (HTTP/1.1 404) 5 headers in 202 bytes (1 switches on core 0)
2026-06-09 23:32:48.839 7 INFO placement.requestlog [None req-9da370c1-7209-4d8f-ac4c-045501ba1eff 17869a8e4c5643af8e243bc60f1e2dfe 67d217ff18914f94a347e18006ac3a36 - - daf5203966674fa295b08b690a0cf37a daf5203966674fa295b08b690a0cf37a] 10.0.0.181 "GET /resource_providers/435d15ed-ece3-4c37-8a69-3bb11ae9174c/aggregates" status: 404 len: 235 microversion: 1.1 [pid: 7|app: 0|req: 389/776] 10.0.0.181 () {32 vars in 823 bytes} [Tue Jun 9 23:32:48 2026] GET /resource_providers/435d15ed-ece3-4c37-8a69-3bb11ae9174c/aggregates => generated 235 bytes in 10 msecs (HTTP/1.1 404) 5 headers in 202 bytes (1 switches on core 0)
2026-06-09 23:32:48.840 8 INFO placement.requestlog [None req-3b425d20-f689-4e48-bff8-0d95d7a4605c 17869a8e4c5643af8e243bc60f1e2dfe 67d217ff18914f94a347e18006ac3a36 - - daf5203966674fa295b08b690a0cf37a daf5203966674fa295b08b690a0cf37a] 10.0.0.181 "DELETE /resource_providers/435d15ed-ece3-4c37-8a69-3bb11ae9174c" status: 404 len: 246 microversion: 1.1 [pid: 8|app: 0|req: 388/777] 10.0.0.181 () {34 vars in 823 bytes} [Tue Jun 9 23:32:48 2026] DELETE /resource_providers/435d15ed-ece3-4c37-8a69-3bb11ae9174c => generated 246 bytes in 7 msecs (HTTP/1.1 404) 6 headers in 231 bytes (1 switches on core 0)
2026-06-09 23:32:48.854 7 INFO placement.requestlog [None req-ac6c9cbf-04fd-4e32-adba-2f646fd0abc8 17869a8e4c5643af8e243bc60f1e2dfe 67d217ff18914f94a347e18006ac3a36 - - daf5203966674fa295b08b690a0cf37a daf5203966674fa295b08b690a0cf37a] 10.0.0.181 "DELETE /resource_providers/435d15ed-ece3-4c37-8a69-3bb11ae9174c" status: 404 len: 246 microversion: 1.1 [pid: 7|app: 0|req: 390/778] 10.0.0.181 () {34 vars in 823 bytes} [Tue Jun 9 23:32:48 2026] DELETE /resource_providers/435d15ed-ece3-4c37-8a69-3bb11ae9174c => generated 246 bytes in 12 msecs (HTTP/1.1 404) 6 headers in 231 bytes (1 switches on core 0)
2026-06-09 23:32:48.858 8 INFO placement.requestlog [None req-c6496107-ab04-4894-a723-e3b001f7040d 17869a8e4c5643af8e243bc60f1e2dfe 67d217ff18914f94a347e18006ac3a36 - - daf5203966674fa295b08b690a0cf37a daf5203966674fa295b08b690a0cf37a] 10.0.0.181 "GET /resource_providers/3709218c-ff30-4c5a-a21e-1f020ba8c504/aggregates" status: 404 len: 235 microversion: 1.1 [pid: 8|app: 0|req: 389/779] 10.0.0.181 () {32 vars in 823 bytes} [Tue Jun 9 23:32:48 2026] GET /resource_providers/3709218c-ff30-4c5a-a21e-1f020ba8c504/aggregates => generated 235 bytes in 11 msecs (HTTP/1.1 404) 5 headers in 202 bytes (1 switches on core 0)
2026-06-09 23:32:48.876 7 INFO placement.requestlog [None req-372ac562-3a69-4db7-aaff-a3d739c55370 17869a8e4c5643af8e243bc60f1e2dfe 67d217ff18914f94a347e18006ac3a36 - - daf5203966674fa295b08b690a0cf37a daf5203966674fa295b08b690a0cf37a] 10.0.0.181 "GET /resource_providers/3709218c-ff30-4c5a-a21e-1f020ba8c504/aggregates" status: 404 len: 235 microversion: 1.1 [pid: 7|app: 0|req: 391/780] 10.0.0.181 () {32 vars in 823 bytes} [Tue Jun 9 23:32:48 2026] GET /resource_providers/3709218c-ff30-4c5a-a21e-1f020ba8c504/aggregates => generated 235 bytes in 11 msecs (HTTP/1.1 404) 5 headers in 202 bytes (1 switches on core 0)
2026-06-09 23:32:48.878 8 INFO placement.requestlog [None req-4b38d7a7-ea77-4553-b118-97ffe58ab8dd 17869a8e4c5643af8e243bc60f1e2dfe 67d217ff18914f94a347e18006ac3a36 - - daf5203966674fa295b08b690a0cf37a daf5203966674fa295b08b690a0cf37a] 10.0.0.181 "DELETE /resource_providers/3709218c-ff30-4c5a-a21e-1f020ba8c504" status: 404 len: 246 microversion: 1.1 [pid: 8|app: 0|req: 390/781] 10.0.0.181 () {34 vars in 823 bytes} [Tue Jun 9 23:32:48 2026] DELETE /resource_providers/3709218c-ff30-4c5a-a21e-1f020ba8c504 => generated 246 bytes in 11 msecs (HTTP/1.1 404) 6 headers in 231 bytes (1 switches on core 0)
2026-06-09 23:32:48.891 7 INFO placement.requestlog [None req-e6bab27e-8d37-4899-9738-582b9aaf6d11 17869a8e4c5643af8e243bc60f1e2dfe 67d217ff18914f94a347e18006ac3a36 - - daf5203966674fa295b08b690a0cf37a daf5203966674fa295b08b690a0cf37a] 10.0.0.181 "DELETE /resource_providers/3709218c-ff30-4c5a-a21e-1f020ba8c504" status: 404 len: 246 microversion: 1.1 [pid: 7|app: 0|req: 392/782] 10.0.0.181 () {34 vars in 823 bytes} [Tue Jun 9 23:32:48 2026] DELETE /resource_providers/3709218c-ff30-4c5a-a21e-1f020ba8c504 => generated 246 bytes in 6 msecs (HTTP/1.1 404) 6 headers in 231 bytes (1 switches on core 0)
2026-06-09 23:32:49.793 8 INFO placement.requestlog [None req-97773576-4340-4c41-bbfc-d9ddbdfac526 - - - - - -] 10.0.0.165 "GET /" status: 200 len: 136 microversion: 1.0
2026-06-09 23:32:49.793 7 INFO placement.requestlog [None req-708942ed-e8e2-424e-8a8b-ca1d2d0df934 - - - - - -] 10.0.0.165 "GET /" status: 200 len: 136 microversion: 1.0
2026-06-09 23:32:51.732 7 INFO placement.requestlog [None req-1339204f-d9c8-4177-a275-32948e3d0dc5 17869a8e4c5643af8e243bc60f1e2dfe 67d217ff18914f94a347e18006ac3a36 - - daf5203966674fa295b08b690a0cf37a daf5203966674fa295b08b690a0cf37a] 10.0.0.181 "GET /resource_providers/90975347-66b4-4472-9305-32589f9eb3d6/aggregates" status: 404 len: 235 microversion: 1.1 [pid: 7|app: 0|req: 394/785] 10.0.0.181 () {32 vars in 823 bytes} [Tue Jun 9 23:32:51 2026] GET /resource_providers/90975347-66b4-4472-9305-32589f9eb3d6/aggregates => generated 235 bytes in 8 msecs (HTTP/1.1 404) 5 headers in 202 bytes (1 switches on core 0)
2026-06-09 23:32:51.735 8 INFO placement.requestlog [None req-27f5594a-b9a5-4477-bb09-9c89dcafa5c3 17869a8e4c5643af8e243bc60f1e2dfe 67d217ff18914f94a347e18006ac3a36 - - daf5203966674fa295b08b690a0cf37a daf5203966674fa295b08b690a0cf37a] 10.0.0.181 "GET /resource_providers/90975347-66b4-4472-9305-32589f9eb3d6/aggregates" status: 404 len: 235 microversion: 1.1 [pid: 8|app: 0|req: 392/786] 10.0.0.181 () {32 vars in 823 bytes} [Tue Jun 9 23:32:51 2026] GET /resource_providers/90975347-66b4-4472-9305-32589f9eb3d6/aggregates => generated 235 bytes in 15 msecs (HTTP/1.1 404) 5 headers in 202 bytes (1 switches on core 0)
2026-06-09 23:32:51.749 7 INFO placement.requestlog [None req-6c12eea9-7cf6-4719-97cc-82f533f5fcf8 17869a8e4c5643af8e243bc60f1e2dfe 67d217ff18914f94a347e18006ac3a36 - - daf5203966674fa295b08b690a0cf37a daf5203966674fa295b08b690a0cf37a] 10.0.0.181 "DELETE /resource_providers/90975347-66b4-4472-9305-32589f9eb3d6" status: 404 len: 246 microversion: 1.1 [pid: 7|app: 0|req: 395/787] 10.0.0.181 () {34 vars in 823 bytes} [Tue Jun 9 23:32:51 2026] DELETE /resource_providers/90975347-66b4-4472-9305-32589f9eb3d6 => generated 246 bytes in 11 msecs (HTTP/1.1 404) 6 headers in 231 bytes (1 switches on core 0)
2026-06-09 23:32:51.756 8 INFO placement.requestlog [None req-099a51da-8f45-4125-aa35-0a19252464ac 17869a8e4c5643af8e243bc60f1e2dfe 67d217ff18914f94a347e18006ac3a36 - - daf5203966674fa295b08b690a0cf37a daf5203966674fa295b08b690a0cf37a] 10.0.0.181 "DELETE /resource_providers/90975347-66b4-4472-9305-32589f9eb3d6" status: 404 len: 246 microversion: 1.1 [pid: 8|app: 0|req: 393/788] 10.0.0.181 () {34 vars in 823 bytes} [Tue Jun 9 23:32:51 2026] DELETE /resource_providers/90975347-66b4-4472-9305-32589f9eb3d6 => generated 246 bytes in 15 msecs (HTTP/1.1 404) 6 headers in 231 bytes (1 switches on core 0)
2026-06-09 23:32:54.505 7 INFO placement.requestlog [None req-72c32659-5e77-4f81-b47d-73e50a930a57 17869a8e4c5643af8e243bc60f1e2dfe 67d217ff18914f94a347e18006ac3a36 - - daf5203966674fa295b08b690a0cf37a daf5203966674fa295b08b690a0cf37a] 10.0.0.181 "GET /resource_providers/1fcc2c3f-4a8d-4fbd-ae23-fe4986f715b9/aggregates" status: 404 len: 235 microversion: 1.1 [pid: 7|app: 0|req: 396/789] 10.0.0.181 () {32 vars in 823 bytes} [Tue Jun 9 23:32:54 2026] GET /resource_providers/1fcc2c3f-4a8d-4fbd-ae23-fe4986f715b9/aggregates => generated 235 bytes in 7 msecs (HTTP/1.1 404) 5 headers in 202 bytes (1 switches on core 0)
2026-06-09 23:32:54.512 8 INFO placement.requestlog [None req-6fe4d997-060d-4f5b-bcf5-49d0fb5b912d 17869a8e4c5643af8e243bc60f1e2dfe 67d217ff18914f94a347e18006ac3a36 - - daf5203966674fa295b08b690a0cf37a daf5203966674fa295b08b690a0cf37a] 10.0.0.181 "GET /resource_providers/1fcc2c3f-4a8d-4fbd-ae23-fe4986f715b9/aggregates" status: 404 len: 235 microversion: 1.1 [pid: 8|app: 0|req: 394/790] 10.0.0.181 () {32 vars in 823 bytes} [Tue Jun 9 23:32:54 2026] GET /resource_providers/1fcc2c3f-4a8d-4fbd-ae23-fe4986f715b9/aggregates => generated 235 bytes in 14 msecs (HTTP/1.1 404) 5 headers in 202 bytes (1 switches on core 0)
2026-06-09 23:32:54.520 7 INFO placement.requestlog [None req-a104e922-fe0c-459d-ac56-00e9a9fff6cb 17869a8e4c5643af8e243bc60f1e2dfe 67d217ff18914f94a347e18006ac3a36 - - daf5203966674fa295b08b690a0cf37a daf5203966674fa295b08b690a0cf37a] 10.0.0.181 "DELETE /resource_providers/1fcc2c3f-4a8d-4fbd-ae23-fe4986f715b9" status: 404 len: 246 microversion: 1.1 [pid: 7|app: 0|req: 397/791] 10.0.0.181 () {34 vars in 823 bytes} [Tue Jun 9 23:32:54 2026] DELETE /resource_providers/1fcc2c3f-4a8d-4fbd-ae23-fe4986f715b9 => generated 246 bytes in 11 msecs (HTTP/1.1 404) 6 headers in 231 bytes (1 switches on core 0)
2026-06-09 23:32:54.523 8 INFO placement.requestlog [None req-dbc4acf6-a5e0-4b07-8a2f-93febd8e5263 17869a8e4c5643af8e243bc60f1e2dfe 67d217ff18914f94a347e18006ac3a36 - - daf5203966674fa295b08b690a0cf37a daf5203966674fa295b08b690a0cf37a] 10.0.0.181 "DELETE /resource_providers/1fcc2c3f-4a8d-4fbd-ae23-fe4986f715b9" status: 404 len: 246 microversion: 1.1 [pid: 8|app: 0|req: 395/792] 10.0.0.181 () {34 vars in 823 bytes} [Tue Jun 9 23:32:54 2026] DELETE /resource_providers/1fcc2c3f-4a8d-4fbd-ae23-fe4986f715b9 => generated 246 bytes in 8 msecs (HTTP/1.1 404) 6 headers in 231 bytes (1 switches on core 0)
2026-06-09 23:32:55.386 7 INFO placement.requestlog [None req-b39b7fa7-9f60-4ecf-b313-e218cd0349a0 17869a8e4c5643af8e243bc60f1e2dfe 67d217ff18914f94a347e18006ac3a36 - - daf5203966674fa295b08b690a0cf37a daf5203966674fa295b08b690a0cf37a] 10.0.0.181 "GET /resource_providers/d0edaf9a-d1a1-41eb-9bd0-334b446370ba/aggregates" status: 404 len: 235 microversion: 1.1 [pid: 7|app: 0|req: 398/793] 10.0.0.181 () {32 vars in 823 bytes} [Tue Jun 9 23:32:55 2026] GET /resource_providers/d0edaf9a-d1a1-41eb-9bd0-334b446370ba/aggregates => generated 235 bytes in 8 msecs (HTTP/1.1 404) 5 headers in 202 bytes (1 switches on core 0)
2026-06-09 23:32:55.387 8 INFO placement.requestlog [None req-0335757c-8793-47b5-ac5b-6595f85ff7fe 17869a8e4c5643af8e243bc60f1e2dfe 67d217ff18914f94a347e18006ac3a36 - - daf5203966674fa295b08b690a0cf37a daf5203966674fa295b08b690a0cf37a] 10.0.0.181 "GET /resource_providers/d0edaf9a-d1a1-41eb-9bd0-334b446370ba/aggregates" status: 404 len: 235 microversion: 1.1 [pid: 8|app: 0|req: 396/794] 10.0.0.181 () {32 vars in 823 bytes} [Tue Jun 9 23:32:55 2026] GET /resource_providers/d0edaf9a-d1a1-41eb-9bd0-334b446370ba/aggregates => generated 235 bytes in 9 msecs (HTTP/1.1 404) 5 headers in 202 bytes (1 switches on core 0)
2026-06-09 23:32:55.394 7 INFO placement.requestlog [None req-a91cde26-60f6-4d13-b2ff-d17bbd0a5aa7 17869a8e4c5643af8e243bc60f1e2dfe 67d217ff18914f94a347e18006ac3a36 - - daf5203966674fa295b08b690a0cf37a daf5203966674fa295b08b690a0cf37a] 10.0.0.181 "DELETE /resource_providers/d0edaf9a-d1a1-41eb-9bd0-334b446370ba" status: 404 len: 246 microversion: 1.1 [pid: 7|app: 0|req: 399/795] 10.0.0.181 () {34 vars in 823 bytes} [Tue Jun 9 23:32:55 2026] DELETE /resource_providers/d0edaf9a-d1a1-41eb-9bd0-334b446370ba => generated 246 bytes in 5 msecs (HTTP/1.1 404) 6 headers in 231 bytes (1 switches on core 0)
2026-06-09 23:32:55.407 8 INFO placement.requestlog [None req-d0df1318-d143-45d9-aaeb-dd08c9c3111b 17869a8e4c5643af8e243bc60f1e2dfe 67d217ff18914f94a347e18006ac3a36 - - daf5203966674fa295b08b690a0cf37a daf5203966674fa295b08b690a0cf37a] 10.0.0.181 "DELETE /resource_providers/d0edaf9a-d1a1-41eb-9bd0-334b446370ba" status: 404 len: 246 microversion: 1.1 [pid: 8|app: 0|req: 397/796] 10.0.0.181 () {34 vars in 823 bytes} [Tue Jun 9 23:32:55 2026] DELETE /resource_providers/d0edaf9a-d1a1-41eb-9bd0-334b446370ba => generated 246 bytes in 10 msecs (HTTP/1.1 404) 6 headers in 231 bytes (1 switches on core 0)
2026-06-09 23:32:56.556 7 INFO placement.requestlog [req-f5c21119-b180-4bd8-9399-27741233d87b req-05885240-bd35-4cec-b382-e143c0c43f79 2d69a9dfdaf9422a9400765f17037ece 67d217ff18914f94a347e18006ac3a36 - - daf5203966674fa295b08b690a0cf37a daf5203966674fa295b08b690a0cf37a] 199.204.45.138 "GET /resource_providers/0501664f-5588-4e94-92ef-b7452e6d641d/allocations" status: 200 len: 253 microversion: 1.0 [pid: 7|app: 0|req: 400/797] 199.204.45.138 () {32 vars in 855 bytes} [Tue Jun 9 23:32:56 2026] GET /resource_providers/0501664f-5588-4e94-92ef-b7452e6d641d/allocations => generated 253 bytes in 22 msecs (HTTP/1.1 200) 6 headers in 224 bytes (1 switches on core 0)
2026-06-09 23:32:56.582 8 INFO placement.requestlog [req-f5c21119-b180-4bd8-9399-27741233d87b req-85b4fc05-f1f3-4ca4-bb0e-3116a4a5ca41 2d69a9dfdaf9422a9400765f17037ece 67d217ff18914f94a347e18006ac3a36 - - daf5203966674fa295b08b690a0cf37a daf5203966674fa295b08b690a0cf37a] 199.204.45.138 "GET /resource_providers/0501664f-5588-4e94-92ef-b7452e6d641d/allocations" status: 200 len: 253 microversion: 1.0 [pid: 8|app: 0|req: 398/798] 199.204.45.138 () {32 vars in 855 bytes} [Tue Jun 9 23:32:56 2026] GET /resource_providers/0501664f-5588-4e94-92ef-b7452e6d641d/allocations => generated 253 bytes in 21 msecs (HTTP/1.1 200) 6 headers in 224 bytes (1 switches on core 0)
2026-06-09 23:32:56.603 7 INFO placement.requestlog [req-f5c21119-b180-4bd8-9399-27741233d87b req-f84826ef-1c7c-47ad-aea5-2f3b4d0717b2 2d69a9dfdaf9422a9400765f17037ece 67d217ff18914f94a347e18006ac3a36 - - daf5203966674fa295b08b690a0cf37a daf5203966674fa295b08b690a0cf37a] 199.204.45.138 "GET /allocations/bf9ea838-3a35-4030-a1c5-24af06923de6" status: 200 len: 258 microversion: 1.28 [pid: 7|app: 0|req: 401/799] 199.204.45.138 () {34 vars in 861 bytes} [Tue Jun 9 23:32:56 2026] GET /allocations/bf9ea838-3a35-4030-a1c5-24af06923de6 => generated 258 bytes in 13 msecs (HTTP/1.1 200) 8 headers in 296 bytes (1 switches on core 0)
2026-06-09 23:32:56.624 8 INFO placement.requestlog [req-f5c21119-b180-4bd8-9399-27741233d87b req-621ecc21-09ec-49f0-b0d1-ee8920303490 2d69a9dfdaf9422a9400765f17037ece 67d217ff18914f94a347e18006ac3a36 - - daf5203966674fa295b08b690a0cf37a daf5203966674fa295b08b690a0cf37a] 199.204.45.138 "GET /allocations/4908a505-3271-4ff5-8aa4-82f3284a0422" status: 200 len: 258 microversion: 1.28 [pid: 8|app: 0|req: 399/800] 199.204.45.138 () {34 vars in 861 bytes} [Tue Jun 9 23:32:56 2026] GET /allocations/4908a505-3271-4ff5-8aa4-82f3284a0422 => generated 258 bytes in 14 msecs (HTTP/1.1 200) 8 headers in 296 bytes (1 switches on core 0)
2026-06-09 23:32:59.028 7 INFO placement.requestlog [req-8763c9a1-84cf-4918-b493-f0e90790ff36 req-55e6c6c0-49b2-4138-9910-df655d8ef511 2d69a9dfdaf9422a9400765f17037ece 67d217ff18914f94a347e18006ac3a36 - - daf5203966674fa295b08b690a0cf37a daf5203966674fa295b08b690a0cf37a] 199.204.45.138 "GET /resource_providers/0501664f-5588-4e94-92ef-b7452e6d641d/allocations" status: 200 len: 253 microversion: 1.0 [pid: 7|app: 0|req: 402/801] 199.204.45.138 () {32 vars in 855 bytes} [Tue Jun 9 23:32:59 2026] GET /resource_providers/0501664f-5588-4e94-92ef-b7452e6d641d/allocations => generated 253 bytes in 24 msecs (HTTP/1.1 200) 6 headers in 224 bytes (1 switches on core 0)
2026-06-09 23:32:59.051 8 INFO placement.requestlog [req-8763c9a1-84cf-4918-b493-f0e90790ff36 req-6e094660-863f-4b33-a2cb-776cadc05169 2d69a9dfdaf9422a9400765f17037ece 67d217ff18914f94a347e18006ac3a36 - - daf5203966674fa295b08b690a0cf37a daf5203966674fa295b08b690a0cf37a] 199.204.45.138 "GET /allocations/bf9ea838-3a35-4030-a1c5-24af06923de6" status: 200 len: 258 microversion: 1.28 [pid: 8|app: 0|req: 400/802] 199.204.45.138 () {34 vars in 861 bytes} [Tue Jun 9 23:32:59 2026] GET /allocations/bf9ea838-3a35-4030-a1c5-24af06923de6 => generated 258 bytes in 16 msecs (HTTP/1.1 200) 8 headers in 296 bytes (1 switches on core 0)
2026-06-09 23:32:59.069 7 INFO placement.requestlog [req-8763c9a1-84cf-4918-b493-f0e90790ff36 req-cff13422-ac8d-4333-be3c-3c220666fb08 2d69a9dfdaf9422a9400765f17037ece 67d217ff18914f94a347e18006ac3a36 - - daf5203966674fa295b08b690a0cf37a daf5203966674fa295b08b690a0cf37a] 199.204.45.138 "GET /allocations/4908a505-3271-4ff5-8aa4-82f3284a0422" status: 200 len: 258 microversion: 1.28 [pid: 7|app: 0|req: 403/803] 199.204.45.138 () {34 vars in 861 bytes} [Tue Jun 9 23:32:59 2026] GET /allocations/4908a505-3271-4ff5-8aa4-82f3284a0422 => generated 258 bytes in 10 msecs (HTTP/1.1 200) 8 headers in 296 bytes (1 switches on core 0)
2026-06-09 23:32:59.792 8 INFO placement.requestlog [None req-95396afb-0605-4580-ad0d-3168b4de5901 - - - - - -] 10.0.0.165 "GET /" status: 200 len: 136 microversion: 1.0
2026-06-09 23:32:59.793 7 INFO placement.requestlog [None req-4169b1db-096e-4e1d-87dd-534939f9dcb9 - - - - - -] 10.0.0.165 "GET /" status: 200 len: 136 microversion: 1.0
2026-06-09 23:33:00.125 8 INFO placement.requestlog [req-8763c9a1-84cf-4918-b493-f0e90790ff36 req-a4e62cc0-a603-438a-9d2d-9d8c29fa558e 2d69a9dfdaf9422a9400765f17037ece 67d217ff18914f94a347e18006ac3a36 - - daf5203966674fa295b08b690a0cf37a daf5203966674fa295b08b690a0cf37a] 199.204.45.138 "DELETE /allocations/4908a505-3271-4ff5-8aa4-82f3284a0422" status: 204 len: 0 microversion: 1.0 [pid: 8|app: 0|req: 402/806] 199.204.45.138 () {34 vars in 839 bytes} [Tue Jun 9 23:33:00 2026] DELETE /allocations/4908a505-3271-4ff5-8aa4-82f3284a0422 => generated 0 bytes in 26 msecs (HTTP/1.1 204) 5 headers in 198 bytes (1 switches on core 0)
2026-06-09 23:33:04.167 7 INFO placement.requestlog [None req-e1fcf270-b984-4650-9a35-fa4e1a059fbc 17869a8e4c5643af8e243bc60f1e2dfe 67d217ff18914f94a347e18006ac3a36 - - daf5203966674fa295b08b690a0cf37a daf5203966674fa295b08b690a0cf37a] 10.0.0.181 "GET /resource_providers/22f25733-7a87-4559-a9fb-9189d0e07308/aggregates" status: 404 len: 235 microversion: 1.1 [pid: 7|app: 0|req: 405/807] 10.0.0.181 () {32 vars in 823 bytes} [Tue Jun 9 23:33:04 2026] GET /resource_providers/22f25733-7a87-4559-a9fb-9189d0e07308/aggregates => generated 235 bytes in 9 msecs (HTTP/1.1 404) 5 headers in 202 bytes (1 switches on core 0)
2026-06-09 23:33:04.169 8 INFO placement.requestlog [None req-a61c2db7-1b49-4503-b789-fce299073786 17869a8e4c5643af8e243bc60f1e2dfe 67d217ff18914f94a347e18006ac3a36 - - daf5203966674fa295b08b690a0cf37a daf5203966674fa295b08b690a0cf37a] 10.0.0.181 "GET /resource_providers/22f25733-7a87-4559-a9fb-9189d0e07308/aggregates" status: 404 len: 235 microversion: 1.1 [pid: 8|app: 0|req: 403/808] 10.0.0.181 () {32 vars in 823 bytes} [Tue Jun 9 23:33:04 2026] GET /resource_providers/22f25733-7a87-4559-a9fb-9189d0e07308/aggregates => generated 235 bytes in 10 msecs (HTTP/1.1 404) 5 headers in 202 bytes (1 switches on core 0)
2026-06-09 23:33:04.182 7 INFO placement.requestlog [None req-920b2ab6-16d9-41a4-9e84-5d1b4177594d 17869a8e4c5643af8e243bc60f1e2dfe 67d217ff18914f94a347e18006ac3a36 - - daf5203966674fa295b08b690a0cf37a daf5203966674fa295b08b690a0cf37a] 10.0.0.181 "DELETE /resource_providers/22f25733-7a87-4559-a9fb-9189d0e07308" status: 404 len: 246 microversion: 1.1 [pid: 7|app: 0|req: 406/809] 10.0.0.181 () {34 vars in 823 bytes} [Tue Jun 9 23:33:04 2026] DELETE /resource_providers/22f25733-7a87-4559-a9fb-9189d0e07308 => generated 246 bytes in 8 msecs (HTTP/1.1 404) 6 headers in 231 bytes (1 switches on core 0)
2026-06-09 23:33:04.187 8 INFO placement.requestlog [None req-c8ca7568-54d6-40b3-aaae-d375f62186ab 17869a8e4c5643af8e243bc60f1e2dfe 67d217ff18914f94a347e18006ac3a36 - - daf5203966674fa295b08b690a0cf37a daf5203966674fa295b08b690a0cf37a] 10.0.0.181 "DELETE /resource_providers/22f25733-7a87-4559-a9fb-9189d0e07308" status: 404 len: 246 microversion: 1.1 [pid: 8|app: 0|req: 404/810] 10.0.0.181 () {34 vars in 823 bytes} [Tue Jun 9 23:33:04 2026] DELETE /resource_providers/22f25733-7a87-4559-a9fb-9189d0e07308 => generated 246 bytes in 9 msecs (HTTP/1.1 404) 6 headers in 231 bytes (1 switches on core 0)
2026-06-09 23:33:05.818 7 INFO placement.requestlog [req-7321dc39-bb02-462c-b0c3-e2b87107f076 req-2bdec8aa-3a33-467d-8825-0be2458486c3 2d69a9dfdaf9422a9400765f17037ece 67d217ff18914f94a347e18006ac3a36 - - daf5203966674fa295b08b690a0cf37a daf5203966674fa295b08b690a0cf37a] 10.0.0.39 "GET /allocation_candidates?limit=1000&resources=DISK_GB%3A1%2CMEMORY_MB%3A512%2CVCPU%3A1&root_required=%21COMPUTE_STATUS_DISABLED" status: 200 len: 2386 microversion: 1.36 [pid: 7|app: 0|req: 407/811] 10.0.0.39 () {34 vars in 1009 bytes} [Tue Jun 9 23:33:05 2026] GET /allocation_candidates?limit=1000&resources=DISK_GB%3A1%2CMEMORY_MB%3A512%2CVCPU%3A1&root_required=%21COMPUTE_STATUS_DISABLED => generated 2386 bytes in 66 msecs (HTTP/1.1 200) 8 headers in 297 bytes (1 switches on core 0)
2026-06-09 23:33:05.842 8 INFO placement.requestlog [req-7321dc39-bb02-462c-b0c3-e2b87107f076 req-6f15f1dd-41d7-43d7-a909-a57347999802 2d69a9dfdaf9422a9400765f17037ece 67d217ff18914f94a347e18006ac3a36 - - daf5203966674fa295b08b690a0cf37a daf5203966674fa295b08b690a0cf37a] 10.0.0.39 "GET /allocations/dc63497c-5d41-497a-86ff-6074edabbe8b" status: 200 len: 19 microversion: 1.28 [pid: 8|app: 0|req: 405/812] 10.0.0.39 () {34 vars in 858 bytes} [Tue Jun 9 23:33:05 2026] GET /allocations/dc63497c-5d41-497a-86ff-6074edabbe8b => generated 19 bytes in 10 msecs (HTTP/1.1 200) 8 headers in 295 bytes (1 switches on core 0)
2026-06-09 23:33:05.915 7 INFO placement.requestlog [req-7321dc39-bb02-462c-b0c3-e2b87107f076 req-3e755f63-e60f-41f0-9172-6abea99eadf6 2d69a9dfdaf9422a9400765f17037ece 67d217ff18914f94a347e18006ac3a36 - - daf5203966674fa295b08b690a0cf37a daf5203966674fa295b08b690a0cf37a] 10.0.0.39 "PUT /allocations/dc63497c-5d41-497a-86ff-6074edabbe8b" status: 204 len: 0 microversion: 1.36 [pid: 7|app: 0|req: 408/813] 10.0.0.39 () {38 vars in 911 bytes} [Tue Jun 9 23:33:05 2026] PUT /allocations/dc63497c-5d41-497a-86ff-6074edabbe8b => generated 0 bytes in 69 msecs (HTTP/1.1 204) 5 headers in 199 bytes (1 switches on core 0)
2026-06-09 23:33:07.429 8 INFO placement.requestlog [req-7321dc39-bb02-462c-b0c3-e2b87107f076 req-16e56fdb-4e73-4850-a753-4981f622622f 2d69a9dfdaf9422a9400765f17037ece 67d217ff18914f94a347e18006ac3a36 - - daf5203966674fa295b08b690a0cf37a daf5203966674fa295b08b690a0cf37a] 199.204.45.138 "GET /allocations/dc63497c-5d41-497a-86ff-6074edabbe8b" status: 200 len: 258 microversion: 1.28 [pid: 8|app: 0|req: 406/814] 199.204.45.138 () {34 vars in 861 bytes} [Tue Jun 9 23:33:07 2026] GET /allocations/dc63497c-5d41-497a-86ff-6074edabbe8b => generated 258 bytes in 12 msecs (HTTP/1.1 200) 8 headers in 296 bytes (1 switches on core 0)
2026-06-09 23:33:08.472 7 INFO placement.requestlog [req-7321dc39-bb02-462c-b0c3-e2b87107f076 req-5898655b-4b4c-4d8f-ba77-337536ed67b5 2d69a9dfdaf9422a9400765f17037ece 67d217ff18914f94a347e18006ac3a36 - - daf5203966674fa295b08b690a0cf37a daf5203966674fa295b08b690a0cf37a] 199.204.45.138 "GET /resource_providers/0501664f-5588-4e94-92ef-b7452e6d641d/allocations" status: 200 len: 253 microversion: 1.0 [pid: 7|app: 0|req: 409/815] 199.204.45.138 () {32 vars in 855 bytes} [Tue Jun 9 23:33:08 2026] GET /resource_providers/0501664f-5588-4e94-92ef-b7452e6d641d/allocations => generated 253 bytes in 16 msecs (HTTP/1.1 200) 6 headers in 224 bytes (1 switches on core 0)
2026-06-09 23:33:08.491 8 INFO placement.requestlog [req-7321dc39-bb02-462c-b0c3-e2b87107f076 req-1cc88b63-0367-42dd-9b03-eacc25209c91 2d69a9dfdaf9422a9400765f17037ece 67d217ff18914f94a347e18006ac3a36 - - daf5203966674fa295b08b690a0cf37a daf5203966674fa295b08b690a0cf37a] 199.204.45.138 "GET /allocations/dc63497c-5d41-497a-86ff-6074edabbe8b" status: 200 len: 258 microversion: 1.28 [pid: 8|app: 0|req: 407/816] 199.204.45.138 () {34 vars in 861 bytes} [Tue Jun 9 23:33:08 2026] GET /allocations/dc63497c-5d41-497a-86ff-6074edabbe8b => generated 258 bytes in 14 msecs (HTTP/1.1 200) 8 headers in 296 bytes (1 switches on core 0)
2026-06-09 23:33:08.509 7 INFO placement.requestlog [req-7321dc39-bb02-462c-b0c3-e2b87107f076 req-4d960b01-7969-47b9-88d3-6a2e29429918 2d69a9dfdaf9422a9400765f17037ece 67d217ff18914f94a347e18006ac3a36 - - daf5203966674fa295b08b690a0cf37a daf5203966674fa295b08b690a0cf37a] 199.204.45.138 "GET /allocations/bf9ea838-3a35-4030-a1c5-24af06923de6" status: 200 len: 258 microversion: 1.28 [pid: 7|app: 0|req: 410/817] 199.204.45.138 () {34 vars in 861 bytes} [Tue Jun 9 23:33:08 2026] GET /allocations/bf9ea838-3a35-4030-a1c5-24af06923de6 => generated 258 bytes in 13 msecs (HTTP/1.1 200) 8 headers in 296 bytes (1 switches on core 0)
2026-06-09 23:33:09.793 7 INFO placement.requestlog [None req-51aebb4f-1789-4edd-be07-d47dedde0d2a - - - - - -] 10.0.0.165 "GET /" status: 200 len: 136 microversion: 1.0
2026-06-09 23:33:09.793 8 INFO placement.requestlog [None req-88c04e8b-4d27-4ec1-ad98-cb2abfa947c2 - - - - - -] 10.0.0.165 "GET /" status: 200 len: 136 microversion: 1.0
2026-06-09 23:33:10.733 7 INFO placement.requestlog [None req-d21246a4-ab9e-4c11-a09a-7d3adabce27a 17869a8e4c5643af8e243bc60f1e2dfe 67d217ff18914f94a347e18006ac3a36 - - daf5203966674fa295b08b690a0cf37a daf5203966674fa295b08b690a0cf37a] 10.0.0.181 "GET /resource_providers/8dd5838d-7e4c-43a6-b8dd-f70320ddf8c5/aggregates" status: 404 len: 235 microversion: 1.1 [pid: 7|app: 0|req: 412/820] 10.0.0.181 () {32 vars in 823 bytes} [Tue Jun 9 23:33:10 2026] GET /resource_providers/8dd5838d-7e4c-43a6-b8dd-f70320ddf8c5/aggregates => generated 235 bytes in 11 msecs (HTTP/1.1 404) 5 headers in 202 bytes (1 switches on core 0)
2026-06-09 23:33:10.739 8 INFO placement.requestlog [None req-5c48bb12-5b27-4d58-92d0-4984211618ec 17869a8e4c5643af8e243bc60f1e2dfe 67d217ff18914f94a347e18006ac3a36 - - daf5203966674fa295b08b690a0cf37a daf5203966674fa295b08b690a0cf37a] 10.0.0.181 "GET /resource_providers/8dd5838d-7e4c-43a6-b8dd-f70320ddf8c5/aggregates" status: 404 len: 235 microversion: 1.1 [pid: 8|app: 0|req: 409/821] 10.0.0.181 () {32 vars in 823 bytes} [Tue Jun 9 23:33:10 2026] GET /resource_providers/8dd5838d-7e4c-43a6-b8dd-f70320ddf8c5/aggregates => generated 235 bytes in 16 msecs (HTTP/1.1 404) 5 headers in 202 bytes (1 switches on core 0)
2026-06-09 23:33:10.744 7 INFO placement.requestlog [None req-52c68289-4510-4e3a-8899-d79b49f9b18a 17869a8e4c5643af8e243bc60f1e2dfe 67d217ff18914f94a347e18006ac3a36 - - daf5203966674fa295b08b690a0cf37a daf5203966674fa295b08b690a0cf37a] 10.0.0.181 "DELETE /resource_providers/8dd5838d-7e4c-43a6-b8dd-f70320ddf8c5" status: 404 len: 246 microversion: 1.1 [pid: 7|app: 0|req: 413/822] 10.0.0.181 () {34 vars in 823 bytes} [Tue Jun 9 23:33:10 2026] DELETE /resource_providers/8dd5838d-7e4c-43a6-b8dd-f70320ddf8c5 => generated 246 bytes in 7 msecs (HTTP/1.1 404) 6 headers in 231 bytes (1 switches on core 0)
2026-06-09 23:33:10.754 8 INFO placement.requestlog [None req-fed8d8b3-c169-4ef8-b0f8-2ebdf2a947f6 17869a8e4c5643af8e243bc60f1e2dfe 67d217ff18914f94a347e18006ac3a36 - - daf5203966674fa295b08b690a0cf37a daf5203966674fa295b08b690a0cf37a] 10.0.0.181 "DELETE /resource_providers/8dd5838d-7e4c-43a6-b8dd-f70320ddf8c5" status: 404 len: 246 microversion: 1.1 [pid: 8|app: 0|req: 410/823] 10.0.0.181 () {34 vars in 823 bytes} [Tue Jun 9 23:33:10 2026] DELETE /resource_providers/8dd5838d-7e4c-43a6-b8dd-f70320ddf8c5 => generated 246 bytes in 10 msecs (HTTP/1.1 404) 6 headers in 231 bytes (1 switches on core 0)
2026-06-09 23:33:11.436 8 INFO placement.requestlog [None req-dc5c063e-1f9c-4370-bf59-0fa265692c64 17869a8e4c5643af8e243bc60f1e2dfe 67d217ff18914f94a347e18006ac3a36 - - daf5203966674fa295b08b690a0cf37a daf5203966674fa295b08b690a0cf37a] 10.0.0.181 "GET /resource_providers/4cd982a9-da67-428e-91a5-d7781d8389b0/aggregates" status: 404 len: 235 microversion: 1.1 [pid: 8|app: 0|req: 411/824] 10.0.0.181 () {32 vars in 823 bytes} [Tue Jun 9 23:33:11 2026] GET /resource_providers/4cd982a9-da67-428e-91a5-d7781d8389b0/aggregates => generated 235 bytes in 13 msecs (HTTP/1.1 404) 5 headers in 202 bytes (1 switches on core 0)
2026-06-09 23:33:11.441 7 INFO placement.requestlog [None req-7f3f8ad8-09fa-4b1b-b731-3a627011ac18 17869a8e4c5643af8e243bc60f1e2dfe 67d217ff18914f94a347e18006ac3a36 - - daf5203966674fa295b08b690a0cf37a daf5203966674fa295b08b690a0cf37a] 10.0.0.181 "GET /resource_providers/4cd982a9-da67-428e-91a5-d7781d8389b0/aggregates" status: 404 len: 235 microversion: 1.1 [pid: 7|app: 0|req: 414/825] 10.0.0.181 () {32 vars in 823 bytes} [Tue Jun 9 23:33:11 2026] GET /resource_providers/4cd982a9-da67-428e-91a5-d7781d8389b0/aggregates => generated 235 bytes in 19 msecs (HTTP/1.1 404) 5 headers in 202 bytes (1 switches on core 0)
2026-06-09 23:33:11.460 7 INFO placement.requestlog [None req-5a1ed64f-05ec-432c-af18-72bf32da9e71 17869a8e4c5643af8e243bc60f1e2dfe 67d217ff18914f94a347e18006ac3a36 - - daf5203966674fa295b08b690a0cf37a daf5203966674fa295b08b690a0cf37a] 10.0.0.181 "DELETE /resource_providers/4cd982a9-da67-428e-91a5-d7781d8389b0" status: 404 len: 246 microversion: 1.1 [pid: 7|app: 0|req: 415/826] 10.0.0.181 () {34 vars in 823 bytes} [Tue Jun 9 23:33:11 2026] DELETE /resource_providers/4cd982a9-da67-428e-91a5-d7781d8389b0 => generated 246 bytes in 12 msecs (HTTP/1.1 404) 6 headers in 231 bytes (1 switches on core 0)
2026-06-09 23:33:11.461 8 INFO placement.requestlog [None req-2ecf5916-25e9-46a6-a705-0ecca6acc479 17869a8e4c5643af8e243bc60f1e2dfe 67d217ff18914f94a347e18006ac3a36 - - daf5203966674fa295b08b690a0cf37a daf5203966674fa295b08b690a0cf37a] 10.0.0.181 "DELETE /resource_providers/4cd982a9-da67-428e-91a5-d7781d8389b0" status: 404 len: 246 microversion: 1.1 [pid: 8|app: 0|req: 412/827] 10.0.0.181 () {34 vars in 823 bytes} [Tue Jun 9 23:33:11 2026] DELETE /resource_providers/4cd982a9-da67-428e-91a5-d7781d8389b0 => generated 246 bytes in 15 msecs (HTTP/1.1 404) 6 headers in 231 bytes (1 switches on core 0)
2026-06-09 23:33:15.298 7 INFO placement.requestlog [None req-322067b7-1b81-4058-82fe-0d2c0a473067 17869a8e4c5643af8e243bc60f1e2dfe 67d217ff18914f94a347e18006ac3a36 - - daf5203966674fa295b08b690a0cf37a daf5203966674fa295b08b690a0cf37a] 10.0.0.181 "GET /resource_providers/45dcfa19-23cb-4002-b7f5-f3ea0301a0c4/aggregates" status: 404 len: 235 microversion: 1.1 [pid: 7|app: 0|req: 416/828] 10.0.0.181 () {32 vars in 823 bytes} [Tue Jun 9 23:33:15 2026] GET /resource_providers/45dcfa19-23cb-4002-b7f5-f3ea0301a0c4/aggregates => generated 235 bytes in 11 msecs (HTTP/1.1 404) 5 headers in 202 bytes (1 switches on core 0)
2026-06-09 23:33:15.305 8 INFO placement.requestlog [None req-97711d8d-63df-4b1a-bf83-9113940069a1 17869a8e4c5643af8e243bc60f1e2dfe 67d217ff18914f94a347e18006ac3a36 - - daf5203966674fa295b08b690a0cf37a daf5203966674fa295b08b690a0cf37a] 10.0.0.181 "GET /resource_providers/45dcfa19-23cb-4002-b7f5-f3ea0301a0c4/aggregates" status: 404 len: 235 microversion: 1.1 [pid: 8|app: 0|req: 413/829] 10.0.0.181 () {32 vars in 823 bytes} [Tue Jun 9 23:33:15 2026] GET /resource_providers/45dcfa19-23cb-4002-b7f5-f3ea0301a0c4/aggregates => generated 235 bytes in 17 msecs (HTTP/1.1 404) 5 headers in 202 bytes (1 switches on core 0)
2026-06-09 23:33:15.319 7 INFO placement.requestlog [None req-997d347c-6f62-470b-8fc4-40b37f15f0a0 17869a8e4c5643af8e243bc60f1e2dfe 67d217ff18914f94a347e18006ac3a36 - - daf5203966674fa295b08b690a0cf37a daf5203966674fa295b08b690a0cf37a] 10.0.0.181 "DELETE /resource_providers/45dcfa19-23cb-4002-b7f5-f3ea0301a0c4" status: 404 len: 246 microversion: 1.1 [pid: 7|app: 0|req: 417/830] 10.0.0.181 () {34 vars in 823 bytes} [Tue Jun 9 23:33:15 2026] DELETE /resource_providers/45dcfa19-23cb-4002-b7f5-f3ea0301a0c4 => generated 246 bytes in 11 msecs (HTTP/1.1 404) 6 headers in 231 bytes (1 switches on core 0)
2026-06-09 23:33:15.324 8 INFO placement.requestlog [None req-e63734ce-3251-4f49-b6a4-d86b68bc5dff 17869a8e4c5643af8e243bc60f1e2dfe 67d217ff18914f94a347e18006ac3a36 - - daf5203966674fa295b08b690a0cf37a daf5203966674fa295b08b690a0cf37a] 10.0.0.181 "DELETE /resource_providers/45dcfa19-23cb-4002-b7f5-f3ea0301a0c4" status: 404 len: 246 microversion: 1.1 [pid: 8|app: 0|req: 414/831] 10.0.0.181 () {34 vars in 823 bytes} [Tue Jun 9 23:33:15 2026] DELETE /resource_providers/45dcfa19-23cb-4002-b7f5-f3ea0301a0c4 => generated 246 bytes in 12 msecs (HTTP/1.1 404) 6 headers in 231 bytes (1 switches on core 0)
2026-06-09 23:33:16.270 8 INFO placement.requestlog [None req-d16994da-584e-4313-96de-0a82140e36cf 17869a8e4c5643af8e243bc60f1e2dfe 67d217ff18914f94a347e18006ac3a36 - - daf5203966674fa295b08b690a0cf37a daf5203966674fa295b08b690a0cf37a] 10.0.0.181 "GET /resource_providers/ae55c9e8-0bea-446c-b996-b9c47c2e3409/aggregates" status: 404 len: 235 microversion: 1.1 [pid: 8|app: 0|req: 415/832] 10.0.0.181 () {32 vars in 823 bytes} [Tue Jun 9 23:33:16 2026] GET /resource_providers/ae55c9e8-0bea-446c-b996-b9c47c2e3409/aggregates => generated 235 bytes in 6 msecs (HTTP/1.1 404) 5 headers in 202 bytes (1 switches on core 0)
2026-06-09 23:33:16.282 7 INFO placement.requestlog [None req-50a12f3d-6c8c-4a21-b564-481301a0ae3b 17869a8e4c5643af8e243bc60f1e2dfe 67d217ff18914f94a347e18006ac3a36 - - daf5203966674fa295b08b690a0cf37a daf5203966674fa295b08b690a0cf37a] 10.0.0.181 "GET /resource_providers/ae55c9e8-0bea-446c-b996-b9c47c2e3409/aggregates" status: 404 len: 235 microversion: 1.1 [pid: 7|app: 0|req: 418/833] 10.0.0.181 () {32 vars in 823 bytes} [Tue Jun 9 23:33:16 2026] GET /resource_providers/ae55c9e8-0bea-446c-b996-b9c47c2e3409/aggregates => generated 235 bytes in 19 msecs (HTTP/1.1 404) 5 headers in 202 bytes (1 switches on core 0)
2026-06-09 23:33:16.289 8 INFO placement.requestlog [None req-dbe5ee60-f6de-4af8-a0c2-5a2f6d0c593a 17869a8e4c5643af8e243bc60f1e2dfe 67d217ff18914f94a347e18006ac3a36 - - daf5203966674fa295b08b690a0cf37a daf5203966674fa295b08b690a0cf37a] 10.0.0.181 "DELETE /resource_providers/ae55c9e8-0bea-446c-b996-b9c47c2e3409" status: 404 len: 246 microversion: 1.1 [pid: 8|app: 0|req: 416/834] 10.0.0.181 () {34 vars in 823 bytes} [Tue Jun 9 23:33:16 2026] DELETE /resource_providers/ae55c9e8-0bea-446c-b996-b9c47c2e3409 => generated 246 bytes in 10 msecs (HTTP/1.1 404) 6 headers in 231 bytes (1 switches on core 0)
2026-06-09 23:33:16.295 7 INFO placement.requestlog [None req-b0829f8f-9fd6-4662-906f-c77c836157ed 17869a8e4c5643af8e243bc60f1e2dfe 67d217ff18914f94a347e18006ac3a36 - - daf5203966674fa295b08b690a0cf37a daf5203966674fa295b08b690a0cf37a] 10.0.0.181 "DELETE /resource_providers/ae55c9e8-0bea-446c-b996-b9c47c2e3409" status: 404 len: 246 microversion: 1.1 [pid: 7|app: 0|req: 419/835] 10.0.0.181 () {34 vars in 823 bytes} [Tue Jun 9 23:33:16 2026] DELETE /resource_providers/ae55c9e8-0bea-446c-b996-b9c47c2e3409 => generated 246 bytes in 9 msecs (HTTP/1.1 404) 6 headers in 231 bytes (1 switches on core 0)
2026-06-09 23:33:17.339 8 INFO placement.requestlog [None req-5876107e-cbe3-4cda-b791-9d03ffb15541 17869a8e4c5643af8e243bc60f1e2dfe 67d217ff18914f94a347e18006ac3a36 - - daf5203966674fa295b08b690a0cf37a daf5203966674fa295b08b690a0cf37a] 10.0.0.181 "GET /resource_providers/b2029b4e-9ed8-49cc-a23c-594edf4c249a/aggregates" status: 404 len: 235 microversion: 1.1 [pid: 8|app: 0|req: 417/836] 10.0.0.181 () {32 vars in 823 bytes} [Tue Jun 9 23:33:17 2026] GET /resource_providers/b2029b4e-9ed8-49cc-a23c-594edf4c249a/aggregates => generated 235 bytes in 12 msecs (HTTP/1.1 404) 5 headers in 202 bytes (1 switches on core 0)
2026-06-09 23:33:17.342 7 INFO placement.requestlog [None req-9d06890a-f097-4f7b-a045-deb74c6e9f8e 17869a8e4c5643af8e243bc60f1e2dfe 67d217ff18914f94a347e18006ac3a36 - - daf5203966674fa295b08b690a0cf37a daf5203966674fa295b08b690a0cf37a] 10.0.0.181 "GET /resource_providers/b2029b4e-9ed8-49cc-a23c-594edf4c249a/aggregates" status: 404 len: 235 microversion: 1.1 [pid: 7|app: 0|req: 420/837] 10.0.0.181 () {32 vars in 823 bytes} [Tue Jun 9 23:33:17 2026] GET /resource_providers/b2029b4e-9ed8-49cc-a23c-594edf4c249a/aggregates => generated 235 bytes in 12 msecs (HTTP/1.1 404) 5 headers in 202 bytes (1 switches on core 0)
2026-06-09 23:33:17.352 8 INFO placement.requestlog [None req-4a5953e0-035a-4edf-83ac-94704ea73440 17869a8e4c5643af8e243bc60f1e2dfe 67d217ff18914f94a347e18006ac3a36 - - daf5203966674fa295b08b690a0cf37a daf5203966674fa295b08b690a0cf37a] 10.0.0.181 "DELETE /resource_providers/b2029b4e-9ed8-49cc-a23c-594edf4c249a" status: 404 len: 246 microversion: 1.1 [pid: 8|app: 0|req: 418/838] 10.0.0.181 () {34 vars in 823 bytes} [Tue Jun 9 23:33:17 2026] DELETE /resource_providers/b2029b4e-9ed8-49cc-a23c-594edf4c249a => generated 246 bytes in 8 msecs (HTTP/1.1 404) 6 headers in 231 bytes (1 switches on core 0)
2026-06-09 23:33:17.358 7 INFO placement.requestlog [None req-04d70ad4-bdf5-4894-851a-1f351e1b8966 17869a8e4c5643af8e243bc60f1e2dfe 67d217ff18914f94a347e18006ac3a36 - - daf5203966674fa295b08b690a0cf37a daf5203966674fa295b08b690a0cf37a] 10.0.0.181 "DELETE /resource_providers/b2029b4e-9ed8-49cc-a23c-594edf4c249a" status: 404 len: 246 microversion: 1.1 [pid: 7|app: 0|req: 421/839] 10.0.0.181 () {34 vars in 823 bytes} [Tue Jun 9 23:33:17 2026] DELETE /resource_providers/b2029b4e-9ed8-49cc-a23c-594edf4c249a => generated 246 bytes in 10 msecs (HTTP/1.1 404) 6 headers in 231 bytes (1 switches on core 0)
2026-06-09 23:33:17.367 8 INFO placement.requestlog [None req-95cbff9e-1bf5-4099-abf2-4573ffc783fc 17869a8e4c5643af8e243bc60f1e2dfe 67d217ff18914f94a347e18006ac3a36 - - daf5203966674fa295b08b690a0cf37a daf5203966674fa295b08b690a0cf37a] 10.0.0.181 "GET /resource_providers/ec5b9248-9069-418f-80c8-f6cdca5f9124/aggregates" status: 404 len: 235 microversion: 1.1 [pid: 8|app: 0|req: 419/840] 10.0.0.181 () {32 vars in 823 bytes} [Tue Jun 9 23:33:17 2026] GET /resource_providers/ec5b9248-9069-418f-80c8-f6cdca5f9124/aggregates => generated 235 bytes in 9 msecs (HTTP/1.1 404) 5 headers in 202 bytes (1 switches on core 0)
