2026-06-09 23:34:39.332 8 INFO placement.requestlog [None req-16077857-3112-471a-a0e7-3c7305789658 17869a8e4c5643af8e243bc60f1e2dfe 67d217ff18914f94a347e18006ac3a36 - - daf5203966674fa295b08b690a0cf37a daf5203966674fa295b08b690a0cf37a] 10.0.0.181 "DELETE /resource_providers/58c82e3e-60fc-4ab3-8836-bac7322f488f" status: 404 len: 246 microversion: 1.1 [pid: 8|app: 0|req: 505/1014] 10.0.0.181 () {34 vars in 823 bytes} [Tue Jun 9 23:34:39 2026] DELETE /resource_providers/58c82e3e-60fc-4ab3-8836-bac7322f488f => generated 246 bytes in 10 msecs (HTTP/1.1 404) 6 headers in 231 bytes (1 switches on core 0)
2026-06-09 23:34:39.792 7 INFO placement.requestlog [None req-f25d1c59-d1e4-480a-9cf6-e81d874c71e4 - - - - - -] 10.0.0.165 "GET /" status: 200 len: 136 microversion: 1.0
2026-06-09 23:34:39.793 8 INFO placement.requestlog [None req-32c46e6e-e4f3-4106-b284-0e6bc44cf271 - - - - - -] 10.0.0.165 "GET /" status: 200 len: 136 microversion: 1.0
2026-06-09 23:34:42.923 7 INFO placement.requestlog [None req-45296f3b-cc31-45cc-9600-3049a75a1231 17869a8e4c5643af8e243bc60f1e2dfe 67d217ff18914f94a347e18006ac3a36 - - daf5203966674fa295b08b690a0cf37a daf5203966674fa295b08b690a0cf37a] 10.0.0.181 "GET /resource_providers/0309a5aa-de16-4125-bf72-bea93b60d60c/aggregates" status: 404 len: 235 microversion: 1.1 [pid: 7|app: 0|req: 511/1017] 10.0.0.181 () {32 vars in 823 bytes} [Tue Jun 9 23:34:42 2026] GET /resource_providers/0309a5aa-de16-4125-bf72-bea93b60d60c/aggregates => generated 235 bytes in 10 msecs (HTTP/1.1 404) 5 headers in 202 bytes (1 switches on core 0)
2026-06-09 23:34:42.927 8 INFO placement.requestlog [None req-9b54f235-93c5-4f6a-8f2e-3e03ffa174b1 17869a8e4c5643af8e243bc60f1e2dfe 67d217ff18914f94a347e18006ac3a36 - - daf5203966674fa295b08b690a0cf37a daf5203966674fa295b08b690a0cf37a] 10.0.0.181 "GET /resource_providers/0309a5aa-de16-4125-bf72-bea93b60d60c/aggregates" status: 404 len: 235 microversion: 1.1 [pid: 8|app: 0|req: 507/1018] 10.0.0.181 () {32 vars in 823 bytes} [Tue Jun 9 23:34:42 2026] GET /resource_providers/0309a5aa-de16-4125-bf72-bea93b60d60c/aggregates => generated 235 bytes in 11 msecs (HTTP/1.1 404) 5 headers in 202 bytes (1 switches on core 0)
2026-06-09 23:34:42.943 8 INFO placement.requestlog [None req-039ea99f-1d81-4576-9df3-179a7c413157 17869a8e4c5643af8e243bc60f1e2dfe 67d217ff18914f94a347e18006ac3a36 - - daf5203966674fa295b08b690a0cf37a daf5203966674fa295b08b690a0cf37a] 10.0.0.181 "DELETE /resource_providers/0309a5aa-de16-4125-bf72-bea93b60d60c" status: 404 len: 246 microversion: 1.1 [pid: 8|app: 0|req: 508/1019] 10.0.0.181 () {34 vars in 823 bytes} [Tue Jun 9 23:34:42 2026] DELETE /resource_providers/0309a5aa-de16-4125-bf72-bea93b60d60c => generated 246 bytes in 8 msecs (HTTP/1.1 404) 6 headers in 231 bytes (1 switches on core 0)
2026-06-09 23:34:42.944 7 INFO placement.requestlog [None req-34d8758d-523c-4b77-978e-df209fd4c7dd 17869a8e4c5643af8e243bc60f1e2dfe 67d217ff18914f94a347e18006ac3a36 - - daf5203966674fa295b08b690a0cf37a daf5203966674fa295b08b690a0cf37a] 10.0.0.181 "DELETE /resource_providers/0309a5aa-de16-4125-bf72-bea93b60d60c" status: 404 len: 246 microversion: 1.1 [pid: 7|app: 0|req: 512/1020] 10.0.0.181 () {34 vars in 823 bytes} [Tue Jun 9 23:34:42 2026] DELETE /resource_providers/0309a5aa-de16-4125-bf72-bea93b60d60c => generated 246 bytes in 10 msecs (HTTP/1.1 404) 6 headers in 231 bytes (1 switches on core 0)
2026-06-09 23:34:44.308 7 INFO placement.requestlog [None req-789de773-2947-4622-93bc-5925d2c81053 17869a8e4c5643af8e243bc60f1e2dfe 67d217ff18914f94a347e18006ac3a36 - - daf5203966674fa295b08b690a0cf37a daf5203966674fa295b08b690a0cf37a] 10.0.0.181 "GET /resource_providers/dad55777-d07a-4d1b-a7ac-1daaff15d1b8/aggregates" status: 404 len: 235 microversion: 1.1 [pid: 7|app: 0|req: 513/1021] 10.0.0.181 () {32 vars in 823 bytes} [Tue Jun 9 23:34:44 2026] GET /resource_providers/dad55777-d07a-4d1b-a7ac-1daaff15d1b8/aggregates => generated 235 bytes in 16 msecs (HTTP/1.1 404) 5 headers in 202 bytes (1 switches on core 0)
2026-06-09 23:34:44.311 8 INFO placement.requestlog [None req-cad674b6-a520-46af-9492-20c846eaa315 17869a8e4c5643af8e243bc60f1e2dfe 67d217ff18914f94a347e18006ac3a36 - - daf5203966674fa295b08b690a0cf37a daf5203966674fa295b08b690a0cf37a] 10.0.0.181 "GET /resource_providers/dad55777-d07a-4d1b-a7ac-1daaff15d1b8/aggregates" status: 404 len: 235 microversion: 1.1 [pid: 8|app: 0|req: 509/1022] 10.0.0.181 () {32 vars in 823 bytes} [Tue Jun 9 23:34:44 2026] GET /resource_providers/dad55777-d07a-4d1b-a7ac-1daaff15d1b8/aggregates => generated 235 bytes in 20 msecs (HTTP/1.1 404) 5 headers in 202 bytes (1 switches on core 0)
2026-06-09 23:34:44.322 7 INFO placement.requestlog [None req-3bb4fe5b-f05f-4e0d-8298-2c5be6f33705 17869a8e4c5643af8e243bc60f1e2dfe 67d217ff18914f94a347e18006ac3a36 - - daf5203966674fa295b08b690a0cf37a daf5203966674fa295b08b690a0cf37a] 10.0.0.181 "DELETE /resource_providers/dad55777-d07a-4d1b-a7ac-1daaff15d1b8" status: 404 len: 246 microversion: 1.1 [pid: 7|app: 0|req: 514/1023] 10.0.0.181 () {34 vars in 823 bytes} [Tue Jun 9 23:34:44 2026] DELETE /resource_providers/dad55777-d07a-4d1b-a7ac-1daaff15d1b8 => generated 246 bytes in 9 msecs (HTTP/1.1 404) 6 headers in 231 bytes (1 switches on core 0)
2026-06-09 23:34:44.327 8 INFO placement.requestlog [None req-53f98483-1fd0-458c-81bc-846033469bc5 17869a8e4c5643af8e243bc60f1e2dfe 67d217ff18914f94a347e18006ac3a36 - - daf5203966674fa295b08b690a0cf37a daf5203966674fa295b08b690a0cf37a] 10.0.0.181 "DELETE /resource_providers/dad55777-d07a-4d1b-a7ac-1daaff15d1b8" status: 404 len: 246 microversion: 1.1 [pid: 8|app: 0|req: 510/1024] 10.0.0.181 () {34 vars in 823 bytes} [Tue Jun 9 23:34:44 2026] DELETE /resource_providers/dad55777-d07a-4d1b-a7ac-1daaff15d1b8 => generated 246 bytes in 12 msecs (HTTP/1.1 404) 6 headers in 231 bytes (1 switches on core 0)
2026-06-09 23:34:49.793 7 INFO placement.requestlog [None req-1b00c465-5db7-4850-904a-f4e76f47e727 - - - - - -] 10.0.0.165 "GET /" status: 200 len: 136 microversion: 1.0
2026-06-09 23:34:49.793 8 INFO placement.requestlog [None req-e87adc0c-b119-4a06-b89f-6377e80c2439 - - - - - -] 10.0.0.165 "GET /" status: 200 len: 136 microversion: 1.0
2026-06-09 23:34:51.714 8 INFO placement.requestlog [None req-f2d61d5d-0499-4df0-b848-0694cb8f109e 17869a8e4c5643af8e243bc60f1e2dfe 67d217ff18914f94a347e18006ac3a36 - - daf5203966674fa295b08b690a0cf37a daf5203966674fa295b08b690a0cf37a] 10.0.0.181 "GET /resource_providers/2be42ea2-d12d-45e2-a5c9-9c24717c40d9/aggregates" status: 404 len: 235 microversion: 1.1 [pid: 8|app: 0|req: 512/1027] 10.0.0.181 () {32 vars in 823 bytes} [Tue Jun 9 23:34:51 2026] GET /resource_providers/2be42ea2-d12d-45e2-a5c9-9c24717c40d9/aggregates => generated 235 bytes in 12 msecs (HTTP/1.1 404) 5 headers in 202 bytes (1 switches on core 0)
2026-06-09 23:34:51.714 7 INFO placement.requestlog [None req-b966472f-061f-4b86-95fa-93836d6c15b5 17869a8e4c5643af8e243bc60f1e2dfe 67d217ff18914f94a347e18006ac3a36 - - daf5203966674fa295b08b690a0cf37a daf5203966674fa295b08b690a0cf37a] 10.0.0.181 "GET /resource_providers/2be42ea2-d12d-45e2-a5c9-9c24717c40d9/aggregates" status: 404 len: 235 microversion: 1.1 [pid: 7|app: 0|req: 516/1028] 10.0.0.181 () {32 vars in 823 bytes} [Tue Jun 9 23:34:51 2026] GET /resource_providers/2be42ea2-d12d-45e2-a5c9-9c24717c40d9/aggregates => generated 235 bytes in 14 msecs (HTTP/1.1 404) 5 headers in 202 bytes (1 switches on core 0)
2026-06-09 23:34:51.731 8 INFO placement.requestlog [None req-afdb1e4c-46fa-47f3-9eb2-139de2e46d0f 17869a8e4c5643af8e243bc60f1e2dfe 67d217ff18914f94a347e18006ac3a36 - - daf5203966674fa295b08b690a0cf37a daf5203966674fa295b08b690a0cf37a] 10.0.0.181 "DELETE /resource_providers/2be42ea2-d12d-45e2-a5c9-9c24717c40d9" status: 404 len: 246 microversion: 1.1 [pid: 8|app: 0|req: 513/1029] 10.0.0.181 () {34 vars in 823 bytes} [Tue Jun 9 23:34:51 2026] DELETE /resource_providers/2be42ea2-d12d-45e2-a5c9-9c24717c40d9 => generated 246 bytes in 9 msecs (HTTP/1.1 404) 6 headers in 231 bytes (1 switches on core 0)
2026-06-09 23:34:51.733 7 INFO placement.requestlog [None req-b462631b-70d2-4e70-b14f-39059b9447ba 17869a8e4c5643af8e243bc60f1e2dfe 67d217ff18914f94a347e18006ac3a36 - - daf5203966674fa295b08b690a0cf37a daf5203966674fa295b08b690a0cf37a] 10.0.0.181 "DELETE /resource_providers/2be42ea2-d12d-45e2-a5c9-9c24717c40d9" status: 404 len: 246 microversion: 1.1 [pid: 7|app: 0|req: 517/1030] 10.0.0.181 () {34 vars in 823 bytes} [Tue Jun 9 23:34:51 2026] DELETE /resource_providers/2be42ea2-d12d-45e2-a5c9-9c24717c40d9 => generated 246 bytes in 10 msecs (HTTP/1.1 404) 6 headers in 231 bytes (1 switches on core 0)
2026-06-09 23:34:58.253 8 INFO placement.requestlog [req-049770e9-4582-4efd-8531-e1a5f552a695 req-75b7fb52-1b07-421a-aaa4-bda316dcd1c2 2d69a9dfdaf9422a9400765f17037ece 67d217ff18914f94a347e18006ac3a36 - - daf5203966674fa295b08b690a0cf37a daf5203966674fa295b08b690a0cf37a] 199.204.45.138 "GET /resource_providers/0501664f-5588-4e94-92ef-b7452e6d641d/allocations" status: 200 len: 55 microversion: 1.0 [pid: 8|app: 0|req: 514/1031] 199.204.45.138 () {32 vars in 855 bytes} [Tue Jun 9 23:34:58 2026] GET /resource_providers/0501664f-5588-4e94-92ef-b7452e6d641d/allocations => generated 55 bytes in 14 msecs (HTTP/1.1 200) 6 headers in 223 bytes (1 switches on core 0)
2026-06-09 23:34:58.276 7 INFO placement.requestlog [req-049770e9-4582-4efd-8531-e1a5f552a695 req-512ec297-4e2c-49ef-aff3-58c789671b41 2d69a9dfdaf9422a9400765f17037ece 67d217ff18914f94a347e18006ac3a36 - - daf5203966674fa295b08b690a0cf37a daf5203966674fa295b08b690a0cf37a] 199.204.45.138 "GET /resource_providers/0501664f-5588-4e94-92ef-b7452e6d641d/allocations" status: 200 len: 55 microversion: 1.0 [pid: 7|app: 0|req: 518/1032] 199.204.45.138 () {32 vars in 855 bytes} [Tue Jun 9 23:34:58 2026] GET /resource_providers/0501664f-5588-4e94-92ef-b7452e6d641d/allocations => generated 55 bytes in 17 msecs (HTTP/1.1 200) 6 headers in 223 bytes (1 switches on core 0)
2026-06-09 23:34:59.793 7 INFO placement.requestlog [None req-ed6eb5e1-fdd6-4399-8dc6-b16f98e9b4ad - - - - - -] 10.0.0.165 "GET /" status: 200 len: 136 microversion: 1.0
2026-06-09 23:34:59.793 8 INFO placement.requestlog [None req-5dbb735b-446c-4cee-a8cf-8ba29a7d70bf - - - - - -] 10.0.0.165 "GET /" status: 200 len: 136 microversion: 1.0
2026-06-09 23:35:03.837 8 INFO placement.requestlog [None req-6003c7d9-93b4-46bd-9208-19ad97caf372 17869a8e4c5643af8e243bc60f1e2dfe 67d217ff18914f94a347e18006ac3a36 - - daf5203966674fa295b08b690a0cf37a daf5203966674fa295b08b690a0cf37a] 10.0.0.181 "GET /resource_providers/a7a2e9f5-198c-4610-aaa7-444b3003664e/aggregates" status: 404 len: 235 microversion: 1.1 [pid: 8|app: 0|req: 516/1035] 10.0.0.181 () {32 vars in 823 bytes} [Tue Jun 9 23:35:03 2026] GET /resource_providers/a7a2e9f5-198c-4610-aaa7-444b3003664e/aggregates => generated 235 bytes in 7 msecs (HTTP/1.1 404) 5 headers in 202 bytes (1 switches on core 0)
2026-06-09 23:35:03.839 7 INFO placement.requestlog [None req-958e493a-50b4-4427-90fb-48fb75b47002 17869a8e4c5643af8e243bc60f1e2dfe 67d217ff18914f94a347e18006ac3a36 - - daf5203966674fa295b08b690a0cf37a daf5203966674fa295b08b690a0cf37a] 10.0.0.181 "GET /resource_providers/a7a2e9f5-198c-4610-aaa7-444b3003664e/aggregates" status: 404 len: 235 microversion: 1.1 [pid: 7|app: 0|req: 520/1036] 10.0.0.181 () {32 vars in 823 bytes} [Tue Jun 9 23:35:03 2026] GET /resource_providers/a7a2e9f5-198c-4610-aaa7-444b3003664e/aggregates => generated 235 bytes in 9 msecs (HTTP/1.1 404) 5 headers in 202 bytes (1 switches on core 0)
2026-06-09 23:35:03.848 8 INFO placement.requestlog [None req-de83bf61-1b34-4774-915b-952bd3512449 17869a8e4c5643af8e243bc60f1e2dfe 67d217ff18914f94a347e18006ac3a36 - - daf5203966674fa295b08b690a0cf37a daf5203966674fa295b08b690a0cf37a] 10.0.0.181 "DELETE /resource_providers/a7a2e9f5-198c-4610-aaa7-444b3003664e" status: 404 len: 246 microversion: 1.1 [pid: 8|app: 0|req: 517/1037] 10.0.0.181 () {34 vars in 823 bytes} [Tue Jun 9 23:35:03 2026] DELETE /resource_providers/a7a2e9f5-198c-4610-aaa7-444b3003664e => generated 246 bytes in 6 msecs (HTTP/1.1 404) 6 headers in 231 bytes (1 switches on core 0)
2026-06-09 23:35:03.859 7 INFO placement.requestlog [None req-d8b3ebfb-558a-49aa-9348-ea0b66043a80 17869a8e4c5643af8e243bc60f1e2dfe 67d217ff18914f94a347e18006ac3a36 - - daf5203966674fa295b08b690a0cf37a daf5203966674fa295b08b690a0cf37a] 10.0.0.181 "DELETE /resource_providers/a7a2e9f5-198c-4610-aaa7-444b3003664e" status: 404 len: 246 microversion: 1.1 [pid: 7|app: 0|req: 521/1038] 10.0.0.181 () {34 vars in 823 bytes} [Tue Jun 9 23:35:03 2026] DELETE /resource_providers/a7a2e9f5-198c-4610-aaa7-444b3003664e => generated 246 bytes in 13 msecs (HTTP/1.1 404) 6 headers in 231 bytes (1 switches on core 0)
2026-06-09 23:35:04.294 8 INFO placement.requestlog [None req-ebd80efc-872a-47a6-823e-1d42d08d95f2 17869a8e4c5643af8e243bc60f1e2dfe 67d217ff18914f94a347e18006ac3a36 - - daf5203966674fa295b08b690a0cf37a daf5203966674fa295b08b690a0cf37a] 10.0.0.181 "GET /resource_providers/e4b74e29-3f5d-477b-bb8a-88b09ea258d7/aggregates" status: 404 len: 235 microversion: 1.1 [pid: 8|app: 0|req: 518/1039] 10.0.0.181 () {32 vars in 823 bytes} [Tue Jun 9 23:35:04 2026] GET /resource_providers/e4b74e29-3f5d-477b-bb8a-88b09ea258d7/aggregates => generated 235 bytes in 16 msecs (HTTP/1.1 404) 5 headers in 202 bytes (1 switches on core 0)
2026-06-09 23:35:04.296 7 INFO placement.requestlog [None req-c2f2e69a-d6e7-4132-ac67-7b953e48cd95 17869a8e4c5643af8e243bc60f1e2dfe 67d217ff18914f94a347e18006ac3a36 - - daf5203966674fa295b08b690a0cf37a daf5203966674fa295b08b690a0cf37a] 10.0.0.181 "GET /resource_providers/e4b74e29-3f5d-477b-bb8a-88b09ea258d7/aggregates" status: 404 len: 235 microversion: 1.1 [pid: 7|app: 0|req: 522/1040] 10.0.0.181 () {32 vars in 823 bytes} [Tue Jun 9 23:35:04 2026] GET /resource_providers/e4b74e29-3f5d-477b-bb8a-88b09ea258d7/aggregates => generated 235 bytes in 17 msecs (HTTP/1.1 404) 5 headers in 202 bytes (1 switches on core 0)
2026-06-09 23:35:04.309 8 INFO placement.requestlog [None req-6767ac86-2b2a-430d-a6ac-a64230f7f657 17869a8e4c5643af8e243bc60f1e2dfe 67d217ff18914f94a347e18006ac3a36 - - daf5203966674fa295b08b690a0cf37a daf5203966674fa295b08b690a0cf37a] 10.0.0.181 "DELETE /resource_providers/e4b74e29-3f5d-477b-bb8a-88b09ea258d7" status: 404 len: 246 microversion: 1.1 [pid: 8|app: 0|req: 519/1041] 10.0.0.181 () {34 vars in 823 bytes} [Tue Jun 9 23:35:04 2026] DELETE /resource_providers/e4b74e29-3f5d-477b-bb8a-88b09ea258d7 => generated 246 bytes in 8 msecs (HTTP/1.1 404) 6 headers in 231 bytes (1 switches on core 0)
2026-06-09 23:35:04.322 7 INFO placement.requestlog [None req-9b5f0f60-7bef-4e6b-9520-1ef315c5d12b 17869a8e4c5643af8e243bc60f1e2dfe 67d217ff18914f94a347e18006ac3a36 - - daf5203966674fa295b08b690a0cf37a daf5203966674fa295b08b690a0cf37a] 10.0.0.181 "DELETE /resource_providers/e4b74e29-3f5d-477b-bb8a-88b09ea258d7" status: 404 len: 246 microversion: 1.1 [pid: 7|app: 0|req: 523/1042] 10.0.0.181 () {34 vars in 823 bytes} [Tue Jun 9 23:35:04 2026] DELETE /resource_providers/e4b74e29-3f5d-477b-bb8a-88b09ea258d7 => generated 246 bytes in 18 msecs (HTTP/1.1 404) 6 headers in 231 bytes (1 switches on core 0)
2026-06-09 23:35:04.523 8 INFO placement.requestlog [req-c2bc998f-e776-454c-ba4f-7c6a55948a04 req-bddd7d02-2b46-4ed4-af03-d7146be8e8ea 2d69a9dfdaf9422a9400765f17037ece 67d217ff18914f94a347e18006ac3a36 - - daf5203966674fa295b08b690a0cf37a daf5203966674fa295b08b690a0cf37a] 10.0.0.39 "GET /allocation_candidates?limit=1000&resources=DISK_GB%3A1%2CMEMORY_MB%3A512%2CVCPU%3A1&root_required=%21COMPUTE_STATUS_DISABLED" status: 200 len: 2384 microversion: 1.36 [pid: 8|app: 0|req: 520/1043] 10.0.0.39 () {34 vars in 1009 bytes} [Tue Jun 9 23:35:04 2026] GET /allocation_candidates?limit=1000&resources=DISK_GB%3A1%2CMEMORY_MB%3A512%2CVCPU%3A1&root_required=%21COMPUTE_STATUS_DISABLED => generated 2384 bytes in 60 msecs (HTTP/1.1 200) 8 headers in 297 bytes (1 switches on core 0)
2026-06-09 23:35:04.552 7 INFO placement.requestlog [req-c2bc998f-e776-454c-ba4f-7c6a55948a04 req-723f9bdd-6a01-4cd9-b826-9d03917ae295 2d69a9dfdaf9422a9400765f17037ece 67d217ff18914f94a347e18006ac3a36 - - daf5203966674fa295b08b690a0cf37a daf5203966674fa295b08b690a0cf37a] 10.0.0.39 "GET /allocations/2a3a9d49-8abe-4e80-9f79-b6f25c714047" status: 200 len: 19 microversion: 1.28 [pid: 7|app: 0|req: 524/1044] 10.0.0.39 () {34 vars in 858 bytes} [Tue Jun 9 23:35:04 2026] GET /allocations/2a3a9d49-8abe-4e80-9f79-b6f25c714047 => generated 19 bytes in 10 msecs (HTTP/1.1 200) 8 headers in 295 bytes (1 switches on core 0)
2026-06-09 23:35:04.627 8 INFO placement.requestlog [req-c2bc998f-e776-454c-ba4f-7c6a55948a04 req-6ffe50bc-7c64-472e-9f9f-cfc224b7ef7d 2d69a9dfdaf9422a9400765f17037ece 67d217ff18914f94a347e18006ac3a36 - - daf5203966674fa295b08b690a0cf37a daf5203966674fa295b08b690a0cf37a] 10.0.0.39 "PUT /allocations/2a3a9d49-8abe-4e80-9f79-b6f25c714047" status: 204 len: 0 microversion: 1.36 [pid: 8|app: 0|req: 521/1045] 10.0.0.39 () {38 vars in 911 bytes} [Tue Jun 9 23:35:04 2026] PUT /allocations/2a3a9d49-8abe-4e80-9f79-b6f25c714047 => generated 0 bytes in 68 msecs (HTTP/1.1 204) 5 headers in 199 bytes (1 switches on core 0)
2026-06-09 23:35:06.137 7 INFO placement.requestlog [req-c2bc998f-e776-454c-ba4f-7c6a55948a04 req-213456bd-66f7-4385-824e-9c4c6823f32e 2d69a9dfdaf9422a9400765f17037ece 67d217ff18914f94a347e18006ac3a36 - - daf5203966674fa295b08b690a0cf37a daf5203966674fa295b08b690a0cf37a] 199.204.45.138 "GET /allocations/2a3a9d49-8abe-4e80-9f79-b6f25c714047" status: 200 len: 258 microversion: 1.28 [pid: 7|app: 0|req: 525/1046] 199.204.45.138 () {34 vars in 861 bytes} [Tue Jun 9 23:35:06 2026] GET /allocations/2a3a9d49-8abe-4e80-9f79-b6f25c714047 => generated 258 bytes in 15 msecs (HTTP/1.1 200) 8 headers in 296 bytes (1 switches on core 0)
2026-06-09 23:35:07.178 8 INFO placement.requestlog [req-c2bc998f-e776-454c-ba4f-7c6a55948a04 req-e3e8bfe6-30de-411d-a224-19f5a7ba3525 2d69a9dfdaf9422a9400765f17037ece 67d217ff18914f94a347e18006ac3a36 - - daf5203966674fa295b08b690a0cf37a daf5203966674fa295b08b690a0cf37a] 199.204.45.138 "GET /resource_providers/0501664f-5588-4e94-92ef-b7452e6d641d/allocations" status: 200 len: 153 microversion: 1.0 [pid: 8|app: 0|req: 522/1047] 199.204.45.138 () {32 vars in 855 bytes} [Tue Jun 9 23:35:07 2026] GET /resource_providers/0501664f-5588-4e94-92ef-b7452e6d641d/allocations => generated 153 bytes in 15 msecs (HTTP/1.1 200) 6 headers in 224 bytes (1 switches on core 0)
2026-06-09 23:35:07.198 7 INFO placement.requestlog [req-c2bc998f-e776-454c-ba4f-7c6a55948a04 req-725b2203-346b-4936-832a-f7a52d303533 2d69a9dfdaf9422a9400765f17037ece 67d217ff18914f94a347e18006ac3a36 - - daf5203966674fa295b08b690a0cf37a daf5203966674fa295b08b690a0cf37a] 199.204.45.138 "GET /allocations/2a3a9d49-8abe-4e80-9f79-b6f25c714047" status: 200 len: 258 microversion: 1.28 [pid: 7|app: 0|req: 526/1048] 199.204.45.138 () {34 vars in 861 bytes} [Tue Jun 9 23:35:07 2026] GET /allocations/2a3a9d49-8abe-4e80-9f79-b6f25c714047 => generated 258 bytes in 13 msecs (HTTP/1.1 200) 8 headers in 296 bytes (1 switches on core 0)
2026-06-09 23:35:09.793 8 INFO placement.requestlog [None req-4db58379-5351-4598-bd3a-c1ed880f7c2c - - - - - -] 10.0.0.165 "GET /" status: 200 len: 136 microversion: 1.0
2026-06-09 23:35:09.793 7 INFO placement.requestlog [None req-9cfc04da-4ed1-4fd8-bf80-2ece43f20db3 - - - - - -] 10.0.0.165 "GET /" status: 200 len: 136 microversion: 1.0
2026-06-09 23:35:19.792 8 INFO placement.requestlog [None req-d31ea971-aea1-43d8-8d9f-a7328d34b0b1 - - - - - -] 10.0.0.165 "GET /" status: 200 len: 136 microversion: 1.0
2026-06-09 23:35:19.793 7 INFO placement.requestlog [None req-0a383596-929d-4ddd-8ec0-86853c0168f5 - - - - - -] 10.0.0.165 "GET /" status: 200 len: 136 microversion: 1.0
2026-06-09 23:35:21.698 8 INFO placement.requestlog [req-b64426ae-0d2b-4ef2-b020-c141c039760c req-8b3b2d19-23b4-478a-b669-abc2c1651ae5 2d69a9dfdaf9422a9400765f17037ece 67d217ff18914f94a347e18006ac3a36 - - daf5203966674fa295b08b690a0cf37a daf5203966674fa295b08b690a0cf37a] 10.0.0.39 "GET /allocation_candidates?limit=1000&resources=DISK_GB%3A1%2CMEMORY_MB%3A512%2CVCPU%3A1&root_required=%21COMPUTE_STATUS_DISABLED" status: 200 len: 2386 microversion: 1.36 [pid: 8|app: 0|req: 525/1053] 10.0.0.39 () {34 vars in 1009 bytes} [Tue Jun 9 23:35:21 2026] GET /allocation_candidates?limit=1000&resources=DISK_GB%3A1%2CMEMORY_MB%3A512%2CVCPU%3A1&root_required=%21COMPUTE_STATUS_DISABLED => generated 2386 bytes in 49 msecs (HTTP/1.1 200) 8 headers in 297 bytes (1 switches on core 0)
2026-06-09 23:35:21.725 7 INFO placement.requestlog [req-b64426ae-0d2b-4ef2-b020-c141c039760c req-30f5ff41-447c-4d1c-9ca2-45f2dbbc121c 2d69a9dfdaf9422a9400765f17037ece 67d217ff18914f94a347e18006ac3a36 - - daf5203966674fa295b08b690a0cf37a daf5203966674fa295b08b690a0cf37a] 10.0.0.39 "GET /allocations/0e940165-1f05-4d00-ba58-43919c945121" status: 200 len: 19 microversion: 1.28 [pid: 7|app: 0|req: 529/1054] 10.0.0.39 () {34 vars in 858 bytes} [Tue Jun 9 23:35:21 2026] GET /allocations/0e940165-1f05-4d00-ba58-43919c945121 => generated 19 bytes in 8 msecs (HTTP/1.1 200) 8 headers in 295 bytes (1 switches on core 0)
2026-06-09 23:35:21.779 8 INFO placement.requestlog [req-b64426ae-0d2b-4ef2-b020-c141c039760c req-1d84009d-300b-4339-add8-180b48106864 2d69a9dfdaf9422a9400765f17037ece 67d217ff18914f94a347e18006ac3a36 - - daf5203966674fa295b08b690a0cf37a daf5203966674fa295b08b690a0cf37a] 10.0.0.39 "PUT /allocations/0e940165-1f05-4d00-ba58-43919c945121" status: 204 len: 0 microversion: 1.36 [pid: 8|app: 0|req: 526/1055] 10.0.0.39 () {38 vars in 911 bytes} [Tue Jun 9 23:35:21 2026] PUT /allocations/0e940165-1f05-4d00-ba58-43919c945121 => generated 0 bytes in 50 msecs (HTTP/1.1 204) 5 headers in 199 bytes (1 switches on core 0)
2026-06-09 23:35:23.285 7 INFO placement.requestlog [req-b64426ae-0d2b-4ef2-b020-c141c039760c req-77a0cdf8-b052-43d3-9388-968407933149 2d69a9dfdaf9422a9400765f17037ece 67d217ff18914f94a347e18006ac3a36 - - daf5203966674fa295b08b690a0cf37a daf5203966674fa295b08b690a0cf37a] 199.204.45.138 "GET /allocations/0e940165-1f05-4d00-ba58-43919c945121" status: 200 len: 258 microversion: 1.28 [pid: 7|app: 0|req: 530/1056] 199.204.45.138 () {34 vars in 861 bytes} [Tue Jun 9 23:35:23 2026] GET /allocations/0e940165-1f05-4d00-ba58-43919c945121 => generated 258 bytes in 13 msecs (HTTP/1.1 200) 8 headers in 296 bytes (1 switches on core 0)
2026-06-09 23:35:24.326 8 INFO placement.requestlog [req-b64426ae-0d2b-4ef2-b020-c141c039760c req-da50507f-ac58-43e7-8169-1f445f003959 2d69a9dfdaf9422a9400765f17037ece 67d217ff18914f94a347e18006ac3a36 - - daf5203966674fa295b08b690a0cf37a daf5203966674fa295b08b690a0cf37a] 199.204.45.138 "GET /resource_providers/0501664f-5588-4e94-92ef-b7452e6d641d/allocations" status: 200 len: 253 microversion: 1.0 [pid: 8|app: 0|req: 527/1057] 199.204.45.138 () {32 vars in 855 bytes} [Tue Jun 9 23:35:24 2026] GET /resource_providers/0501664f-5588-4e94-92ef-b7452e6d641d/allocations => generated 253 bytes in 16 msecs (HTTP/1.1 200) 6 headers in 224 bytes (1 switches on core 0)
2026-06-09 23:35:24.351 7 INFO placement.requestlog [req-b64426ae-0d2b-4ef2-b020-c141c039760c req-bc3d70f6-09a9-4b80-89ac-c2c8abc190f3 2d69a9dfdaf9422a9400765f17037ece 67d217ff18914f94a347e18006ac3a36 - - daf5203966674fa295b08b690a0cf37a daf5203966674fa295b08b690a0cf37a] 199.204.45.138 "GET /allocations/2a3a9d49-8abe-4e80-9f79-b6f25c714047" status: 200 len: 258 microversion: 1.28 [pid: 7|app: 0|req: 531/1058] 199.204.45.138 () {34 vars in 861 bytes} [Tue Jun 9 23:35:24 2026] GET /allocations/2a3a9d49-8abe-4e80-9f79-b6f25c714047 => generated 258 bytes in 18 msecs (HTTP/1.1 200) 8 headers in 296 bytes (1 switches on core 0)
2026-06-09 23:35:24.370 8 INFO placement.requestlog [req-b64426ae-0d2b-4ef2-b020-c141c039760c req-b99f2e06-4324-4b7d-b761-f40e51792f7d 2d69a9dfdaf9422a9400765f17037ece 67d217ff18914f94a347e18006ac3a36 - - daf5203966674fa295b08b690a0cf37a daf5203966674fa295b08b690a0cf37a] 199.204.45.138 "GET /allocations/0e940165-1f05-4d00-ba58-43919c945121" status: 200 len: 258 microversion: 1.28 [pid: 8|app: 0|req: 528/1059] 199.204.45.138 () {34 vars in 861 bytes} [Tue Jun 9 23:35:24 2026] GET /allocations/0e940165-1f05-4d00-ba58-43919c945121 => generated 258 bytes in 12 msecs (HTTP/1.1 200) 8 headers in 296 bytes (1 switches on core 0)
2026-06-09 23:35:29.792 8 INFO placement.requestlog [None req-8ad3bdbf-0e90-4af4-af01-e6bd14bd4442 - - - - - -] 10.0.0.165 "GET /" status: 200 len: 136 microversion: 1.0
2026-06-09 23:35:29.792 7 INFO placement.requestlog [None req-73d756f7-88d2-4687-9227-2215ed5a2440 - - - - - -] 10.0.0.165 "GET /" status: 200 len: 136 microversion: 1.0
2026-06-09 23:35:39.792 7 INFO placement.requestlog [None req-29b2d373-76c8-49d1-8510-ba074306fccb - - - - - -] 10.0.0.165 "GET /" status: 200 len: 136 microversion: 1.0
2026-06-09 23:35:39.793 8 INFO placement.requestlog [None req-cc268325-1103-4959-a4fc-e4161052d81d - - - - - -] 10.0.0.165 "GET /" status: 200 len: 136 microversion: 1.0
2026-06-09 23:35:49.792 8 INFO placement.requestlog [None req-157cd2cf-0f6b-40a0-9658-551c7d464fbd - - - - - -] 10.0.0.165 "GET /" status: 200 len: 136 microversion: 1.0
2026-06-09 23:35:49.792 7 INFO placement.requestlog [None req-4f477185-7d70-495c-9f7a-c42785d2aa03 - - - - - -] 10.0.0.165 "GET /" status: 200 len: 136 microversion: 1.0
2026-06-09 23:35:59.514 8 INFO placement.requestlog [req-d8ba91aa-b39a-469c-b1c5-37bfc497e799 req-29feee5d-85bc-490b-a914-a8d575e59676 2d69a9dfdaf9422a9400765f17037ece 67d217ff18914f94a347e18006ac3a36 - - daf5203966674fa295b08b690a0cf37a daf5203966674fa295b08b690a0cf37a] 199.204.45.138 "GET /resource_providers/0501664f-5588-4e94-92ef-b7452e6d641d/allocations" status: 200 len: 253 microversion: 1.0 [pid: 8|app: 0|req: 532/1066] 199.204.45.138 () {32 vars in 855 bytes} [Tue Jun 9 23:35:59 2026] GET /resource_providers/0501664f-5588-4e94-92ef-b7452e6d641d/allocations => generated 253 bytes in 118 msecs (HTTP/1.1 200) 6 headers in 224 bytes (1 switches on core 0)
2026-06-09 23:35:59.545 7 INFO placement.requestlog [req-d8ba91aa-b39a-469c-b1c5-37bfc497e799 req-4ad1fb57-c19b-4db3-990f-0cd852b78424 2d69a9dfdaf9422a9400765f17037ece 67d217ff18914f94a347e18006ac3a36 - - daf5203966674fa295b08b690a0cf37a daf5203966674fa295b08b690a0cf37a] 199.204.45.138 "GET /resource_providers?in_tree=0501664f-5588-4e94-92ef-b7452e6d641d" status: 200 len: 798 microversion: 1.14 [pid: 7|app: 0|req: 535/1067] 199.204.45.138 () {34 vars in 890 bytes} [Tue Jun 9 23:35:59 2026] GET /resource_providers?in_tree=0501664f-5588-4e94-92ef-b7452e6d641d => generated 798 bytes in 22 msecs (HTTP/1.1 200) 6 headers in 225 bytes (1 switches on core 0)
2026-06-09 23:35:59.565 8 INFO placement.requestlog [req-d8ba91aa-b39a-469c-b1c5-37bfc497e799 req-58c8d0e5-a331-4b24-90c7-e6e163b189d6 2d69a9dfdaf9422a9400765f17037ece 67d217ff18914f94a347e18006ac3a36 - - daf5203966674fa295b08b690a0cf37a daf5203966674fa295b08b690a0cf37a] 199.204.45.138 "GET /resource_providers/0501664f-5588-4e94-92ef-b7452e6d641d/inventories" status: 200 len: 401 microversion: 1.0 [pid: 8|app: 0|req: 533/1068] 199.204.45.138 () {32 vars in 855 bytes} [Tue Jun 9 23:35:59 2026] GET /resource_providers/0501664f-5588-4e94-92ef-b7452e6d641d/inventories => generated 401 bytes in 14 msecs (HTTP/1.1 200) 6 headers in 224 bytes (1 switches on core 0)
2026-06-09 23:35:59.585 7 INFO placement.requestlog [req-d8ba91aa-b39a-469c-b1c5-37bfc497e799 req-27919278-4606-494e-8fa6-a13c11556e4a 2d69a9dfdaf9422a9400765f17037ece 67d217ff18914f94a347e18006ac3a36 - - daf5203966674fa295b08b690a0cf37a daf5203966674fa295b08b690a0cf37a] 199.204.45.138 "GET /resource_providers/0501664f-5588-4e94-92ef-b7452e6d641d/aggregates" status: 200 len: 54 microversion: 1.19 [pid: 7|app: 0|req: 536/1069] 199.204.45.138 () {34 vars in 897 bytes} [Tue Jun 9 23:35:59 2026] GET /resource_providers/0501664f-5588-4e94-92ef-b7452e6d641d/aggregates => generated 54 bytes in 12 msecs (HTTP/1.1 200) 8 headers in 295 bytes (1 switches on core 0)
2026-06-09 23:35:59.615 8 INFO placement.requestlog [req-d8ba91aa-b39a-469c-b1c5-37bfc497e799 req-9ea262c0-5216-4200-806c-9ebfbf6fd22e 2d69a9dfdaf9422a9400765f17037ece 67d217ff18914f94a347e18006ac3a36 - - daf5203966674fa295b08b690a0cf37a daf5203966674fa295b08b690a0cf37a] 199.204.45.138 "GET /resource_providers/0501664f-5588-4e94-92ef-b7452e6d641d/traits" status: 200 len: 1920 microversion: 1.6 [pid: 8|app: 0|req: 534/1070] 199.204.45.138 () {34 vars in 888 bytes} [Tue Jun 9 23:35:59 2026] GET /resource_providers/0501664f-5588-4e94-92ef-b7452e6d641d/traits => generated 1920 bytes in 21 msecs (HTTP/1.1 200) 6 headers in 225 bytes (1 switches on core 0)
2026-06-09 23:35:59.643 7 INFO placement.requestlog [req-d8ba91aa-b39a-469c-b1c5-37bfc497e799 req-4ff71bb2-9b8e-4728-bc80-e6bca4e18093 2d69a9dfdaf9422a9400765f17037ece 67d217ff18914f94a347e18006ac3a36 - - daf5203966674fa295b08b690a0cf37a daf5203966674fa295b08b690a0cf37a] 199.204.45.138 "GET /resource_providers/0501664f-5588-4e94-92ef-b7452e6d641d/allocations" status: 200 len: 253 microversion: 1.0 [pid: 7|app: 0|req: 537/1071] 199.204.45.138 () {32 vars in 855 bytes} [Tue Jun 9 23:35:59 2026] GET /resource_providers/0501664f-5588-4e94-92ef-b7452e6d641d/allocations => generated 253 bytes in 22 msecs (HTTP/1.1 200) 6 headers in 224 bytes (1 switches on core 0)
2026-06-09 23:35:59.664 8 INFO placement.requestlog [req-d8ba91aa-b39a-469c-b1c5-37bfc497e799 req-011cbfc5-1213-44bd-a169-4b7b682e1bbc 2d69a9dfdaf9422a9400765f17037ece 67d217ff18914f94a347e18006ac3a36 - - daf5203966674fa295b08b690a0cf37a daf5203966674fa295b08b690a0cf37a] 199.204.45.138 "GET /allocations/2a3a9d49-8abe-4e80-9f79-b6f25c714047" status: 200 len: 258 microversion: 1.28 [pid: 8|app: 0|req: 535/1072] 199.204.45.138 () {34 vars in 861 bytes} [Tue Jun 9 23:35:59 2026] GET /allocations/2a3a9d49-8abe-4e80-9f79-b6f25c714047 => generated 258 bytes in 14 msecs (HTTP/1.1 200) 8 headers in 296 bytes (1 switches on core 0)
2026-06-09 23:35:59.685 7 INFO placement.requestlog [req-d8ba91aa-b39a-469c-b1c5-37bfc497e799 req-b59b65c5-4d85-4c25-8b6d-ae2c70d49532 2d69a9dfdaf9422a9400765f17037ece 67d217ff18914f94a347e18006ac3a36 - - daf5203966674fa295b08b690a0cf37a daf5203966674fa295b08b690a0cf37a] 199.204.45.138 "GET /allocations/0e940165-1f05-4d00-ba58-43919c945121" status: 200 len: 258 microversion: 1.28 [pid: 7|app: 0|req: 538/1073] 199.204.45.138 () {34 vars in 861 bytes} [Tue Jun 9 23:35:59 2026] GET /allocations/0e940165-1f05-4d00-ba58-43919c945121 => generated 258 bytes in 15 msecs (HTTP/1.1 200) 8 headers in 296 bytes (1 switches on core 0)
2026-06-09 23:35:59.792 8 INFO placement.requestlog [None req-a6ad8bd2-9a91-47ab-b9ed-0afd32d5ffde - - - - - -] 10.0.0.165 "GET /" status: 200 len: 136 microversion: 1.0
2026-06-09 23:35:59.793 7 INFO placement.requestlog [None req-ac1341db-6e6a-42a4-aafa-8924c543e496 - - - - - -] 10.0.0.165 "GET /" status: 200 len: 136 microversion: 1.0
2026-06-09 23:36:02.239 8 INFO placement.requestlog [req-69fde3e0-9c41-4920-881b-201195de3080 req-c25dafd1-cbd2-40ae-aabc-12a0821994d2 2d69a9dfdaf9422a9400765f17037ece 67d217ff18914f94a347e18006ac3a36 - - daf5203966674fa295b08b690a0cf37a daf5203966674fa295b08b690a0cf37a] 10.0.0.39 "GET /allocation_candidates?limit=1000&resources=MEMORY_MB%3A2048%2CVCPU%3A2&root_required=%21COMPUTE_STATUS_DISABLED" status: 200 len: 2374 microversion: 1.36 [pid: 8|app: 0|req: 537/1076] 10.0.0.39 () {34 vars in 983 bytes} [Tue Jun 9 23:36:02 2026] GET /allocation_candidates?limit=1000&resources=MEMORY_MB%3A2048%2CVCPU%3A2&root_required=%21COMPUTE_STATUS_DISABLED => generated 2374 bytes in 82 msecs (HTTP/1.1 200) 8 headers in 297 bytes (1 switches on core 0)
2026-06-09 23:36:02.272 7 INFO placement.requestlog [req-69fde3e0-9c41-4920-881b-201195de3080 req-c15e9717-ab56-4721-aae6-cf85d98f8c49 2d69a9dfdaf9422a9400765f17037ece 67d217ff18914f94a347e18006ac3a36 - - daf5203966674fa295b08b690a0cf37a daf5203966674fa295b08b690a0cf37a] 10.0.0.39 "GET /allocations/8143b288-866e-4645-8ff4-dde8fb9e2ce7" status: 200 len: 19 microversion: 1.28 [pid: 7|app: 0|req: 540/1077] 10.0.0.39 () {34 vars in 858 bytes} [Tue Jun 9 23:36:02 2026] GET /allocations/8143b288-866e-4645-8ff4-dde8fb9e2ce7 => generated 19 bytes in 20 msecs (HTTP/1.1 200) 8 headers in 295 bytes (1 switches on core 0)
2026-06-09 23:36:02.340 8 INFO placement.requestlog [req-69fde3e0-9c41-4920-881b-201195de3080 req-58ec957a-d977-4bf0-adef-3681ac8fea28 2d69a9dfdaf9422a9400765f17037ece 67d217ff18914f94a347e18006ac3a36 - - daf5203966674fa295b08b690a0cf37a daf5203966674fa295b08b690a0cf37a] 10.0.0.39 "PUT /allocations/8143b288-866e-4645-8ff4-dde8fb9e2ce7" status: 204 len: 0 microversion: 1.36 [pid: 8|app: 0|req: 538/1078] 10.0.0.39 () {38 vars in 911 bytes} [Tue Jun 9 23:36:02 2026] PUT /allocations/8143b288-866e-4645-8ff4-dde8fb9e2ce7 => generated 0 bytes in 63 msecs (HTTP/1.1 204) 5 headers in 199 bytes (1 switches on core 0)
2026-06-09 23:36:03.810 7 INFO placement.requestlog [req-69fde3e0-9c41-4920-881b-201195de3080 req-fd82af2c-0c60-4368-953c-3f8cac2a3ae9 2d69a9dfdaf9422a9400765f17037ece 67d217ff18914f94a347e18006ac3a36 - - daf5203966674fa295b08b690a0cf37a daf5203966674fa295b08b690a0cf37a] 199.204.45.138 "GET /allocations/8143b288-866e-4645-8ff4-dde8fb9e2ce7" status: 200 len: 245 microversion: 1.28 [pid: 7|app: 0|req: 541/1079] 199.204.45.138 () {34 vars in 861 bytes} [Tue Jun 9 23:36:03 2026] GET /allocations/8143b288-866e-4645-8ff4-dde8fb9e2ce7 => generated 245 bytes in 12 msecs (HTTP/1.1 200) 8 headers in 296 bytes (1 switches on core 0)
2026-06-09 23:36:04.857 8 INFO placement.requestlog [req-69fde3e0-9c41-4920-881b-201195de3080 req-3853aebe-58f5-4d37-9cab-2e6f7ff9fabb 2d69a9dfdaf9422a9400765f17037ece 67d217ff18914f94a347e18006ac3a36 - - daf5203966674fa295b08b690a0cf37a daf5203966674fa295b08b690a0cf37a] 199.204.45.138 "GET /resource_providers/0501664f-5588-4e94-92ef-b7452e6d641d/allocations" status: 200 len: 340 microversion: 1.0 [pid: 8|app: 0|req: 539/1080] 199.204.45.138 () {32 vars in 855 bytes} [Tue Jun 9 23:36:04 2026] GET /resource_providers/0501664f-5588-4e94-92ef-b7452e6d641d/allocations => generated 340 bytes in 17 msecs (HTTP/1.1 200) 6 headers in 224 bytes (1 switches on core 0)
2026-06-09 23:36:04.881 7 INFO placement.requestlog [req-69fde3e0-9c41-4920-881b-201195de3080 req-eabb0f5c-ebde-4133-97c7-43b1a0569767 2d69a9dfdaf9422a9400765f17037ece 67d217ff18914f94a347e18006ac3a36 - - daf5203966674fa295b08b690a0cf37a daf5203966674fa295b08b690a0cf37a] 199.204.45.138 "GET /allocations/2a3a9d49-8abe-4e80-9f79-b6f25c714047" status: 200 len: 258 microversion: 1.28 [pid: 7|app: 0|req: 542/1081] 199.204.45.138 () {34 vars in 861 bytes} [Tue Jun 9 23:36:04 2026] GET /allocations/2a3a9d49-8abe-4e80-9f79-b6f25c714047 => generated 258 bytes in 17 msecs (HTTP/1.1 200) 8 headers in 296 bytes (1 switches on core 0)
2026-06-09 23:36:04.902 8 INFO placement.requestlog [req-69fde3e0-9c41-4920-881b-201195de3080 req-4632aff1-8363-4e20-86d2-60767a6ac9a7 2d69a9dfdaf9422a9400765f17037ece 67d217ff18914f94a347e18006ac3a36 - - daf5203966674fa295b08b690a0cf37a daf5203966674fa295b08b690a0cf37a] 199.204.45.138 "GET /allocations/0e940165-1f05-4d00-ba58-43919c945121" status: 200 len: 258 microversion: 1.28 [pid: 8|app: 0|req: 540/1082] 199.204.45.138 () {34 vars in 861 bytes} [Tue Jun 9 23:36:04 2026] GET /allocations/0e940165-1f05-4d00-ba58-43919c945121 => generated 258 bytes in 13 msecs (HTTP/1.1 200) 8 headers in 296 bytes (1 switches on core 0)
2026-06-09 23:36:04.920 7 INFO placement.requestlog [req-69fde3e0-9c41-4920-881b-201195de3080 req-8d25359c-27e1-4c24-bf54-861b455065b5 2d69a9dfdaf9422a9400765f17037ece 67d217ff18914f94a347e18006ac3a36 - - daf5203966674fa295b08b690a0cf37a daf5203966674fa295b08b690a0cf37a] 199.204.45.138 "GET /allocations/8143b288-866e-4645-8ff4-dde8fb9e2ce7" status: 200 len: 245 microversion: 1.28 [pid: 7|app: 0|req: 543/1083] 199.204.45.138 () {34 vars in 861 bytes} [Tue Jun 9 23:36:04 2026] GET /allocations/8143b288-866e-4645-8ff4-dde8fb9e2ce7 => generated 245 bytes in 14 msecs (HTTP/1.1 200) 8 headers in 296 bytes (1 switches on core 0)
2026-06-09 23:36:09.793 7 INFO placement.requestlog [None req-2e988458-26e1-4398-9409-8b282c3beb9d - - - - - -] 10.0.0.165 "GET /" status: 200 len: 136 microversion: 1.0
2026-06-09 23:36:09.793 8 INFO placement.requestlog [None req-66ff54b0-c6af-4a58-8b65-5d542cde3905 - - - - - -] 10.0.0.165 "GET /" status: 200 len: 136 microversion: 1.0
2026-06-09 23:36:19.793 7 INFO placement.requestlog [None req-e176cd2a-fdb2-42cc-8ce2-9241b6cb5251 - - - - - -] 10.0.0.165 "GET /" status: 200 len: 136 microversion: 1.0
2026-06-09 23:36:19.794 8 INFO placement.requestlog [None req-55f6bb43-7cbf-4f84-92c9-6ef50f19795a - - - - - -] 10.0.0.165 "GET /" status: 200 len: 136 microversion: 1.0
2026-06-09 23:36:29.794 7 INFO placement.requestlog [None req-b5726b96-06d5-412b-8e70-84d8af35c5a8 - - - - - -] 10.0.0.165 "GET /" status: 200 len: 136 microversion: 1.0
2026-06-09 23:36:29.794 8 INFO placement.requestlog [None req-7cece98a-93a9-4842-bcf9-bd0069fe7d10 - - - - - -] 10.0.0.165 "GET /" status: 200 len: 136 microversion: 1.0
2026-06-09 23:36:39.793 7 INFO placement.requestlog [None req-1dacd109-5d06-4efe-afc6-969e079cab44 - - - - - -] 10.0.0.165 "GET /" status: 200 len: 136 microversion: 1.0
2026-06-09 23:36:39.793 8 INFO placement.requestlog [None req-2298eaab-2bdf-40b6-b89a-e86b5100ee79 - - - - - -] 10.0.0.165 "GET /" status: 200 len: 136 microversion: 1.0
2026-06-09 23:36:49.793 8 INFO placement.requestlog [None req-d7fd26ad-0b3b-4ab3-8e3f-f1991c69e7ae - - - - - -] 10.0.0.165 "GET /" status: 200 len: 136 microversion: 1.0
2026-06-09 23:36:49.794 7 INFO placement.requestlog [None req-f2f8226a-de4e-4300-96cd-48533a4f856c - - - - - -] 10.0.0.165 "GET /" status: 200 len: 136 microversion: 1.0
2026-06-09 23:36:59.792 8 INFO placement.requestlog [None req-7d3bd30b-6c7f-4ee2-aca8-df7e701bf849 - - - - - -] 10.0.0.165 "GET /" status: 200 len: 136 microversion: 1.0
2026-06-09 23:36:59.793 7 INFO placement.requestlog [None req-9d3ad642-c0ca-4bb2-afca-96c8d26ae89f - - - - - -] 10.0.0.165 "GET /" status: 200 len: 136 microversion: 1.0
2026-06-09 23:37:01.514 8 INFO placement.requestlog [req-c4952ee3-53c3-4607-b4e9-279796112fd6 req-4aa49ecb-503f-48fc-b64e-d00f8d3a6a8d 2d69a9dfdaf9422a9400765f17037ece 67d217ff18914f94a347e18006ac3a36 - - daf5203966674fa295b08b690a0cf37a daf5203966674fa295b08b690a0cf37a] 199.204.45.138 "GET /resource_providers/0501664f-5588-4e94-92ef-b7452e6d641d/allocations" status: 200 len: 340 microversion: 1.0 [pid: 8|app: 0|req: 547/1096] 199.204.45.138 () {32 vars in 855 bytes} [Tue Jun 9 23:37:01 2026] GET /resource_providers/0501664f-5588-4e94-92ef-b7452e6d641d/allocations => generated 340 bytes in 19 msecs (HTTP/1.1 200) 6 headers in 224 bytes (1 switches on core 0)
2026-06-09 23:37:01.538 7 INFO placement.requestlog [req-c4952ee3-53c3-4607-b4e9-279796112fd6 req-6dabb0c7-c441-4a3c-99b7-d4f24c4d4551 2d69a9dfdaf9422a9400765f17037ece 67d217ff18914f94a347e18006ac3a36 - - daf5203966674fa295b08b690a0cf37a daf5203966674fa295b08b690a0cf37a] 199.204.45.138 "GET /resource_providers/0501664f-5588-4e94-92ef-b7452e6d641d/allocations" status: 200 len: 340 microversion: 1.0 [pid: 7|app: 0|req: 550/1097] 199.204.45.138 () {32 vars in 855 bytes} [Tue Jun 9 23:37:01 2026] GET /resource_providers/0501664f-5588-4e94-92ef-b7452e6d641d/allocations => generated 340 bytes in 18 msecs (HTTP/1.1 200) 6 headers in 224 bytes (1 switches on core 0)
2026-06-09 23:37:01.567 8 INFO placement.requestlog [req-c4952ee3-53c3-4607-b4e9-279796112fd6 req-2a179b46-093b-45c7-8a57-870b7340800c 2d69a9dfdaf9422a9400765f17037ece 67d217ff18914f94a347e18006ac3a36 - - daf5203966674fa295b08b690a0cf37a daf5203966674fa295b08b690a0cf37a] 199.204.45.138 "GET /allocations/2a3a9d49-8abe-4e80-9f79-b6f25c714047" status: 200 len: 258 microversion: 1.28 [pid: 8|app: 0|req: 548/1098] 199.204.45.138 () {34 vars in 861 bytes} [Tue Jun 9 23:37:01 2026] GET /allocations/2a3a9d49-8abe-4e80-9f79-b6f25c714047 => generated 258 bytes in 22 msecs (HTTP/1.1 200) 8 headers in 296 bytes (1 switches on core 0)
2026-06-09 23:37:01.586 7 INFO placement.requestlog [req-c4952ee3-53c3-4607-b4e9-279796112fd6 req-49781e4b-ef14-4307-807d-f3b9591f28d8 2d69a9dfdaf9422a9400765f17037ece 67d217ff18914f94a347e18006ac3a36 - - daf5203966674fa295b08b690a0cf37a daf5203966674fa295b08b690a0cf37a] 199.204.45.138 "GET /allocations/0e940165-1f05-4d00-ba58-43919c945121" status: 200 len: 258 microversion: 1.28 [pid: 7|app: 0|req: 551/1099] 199.204.45.138 () {34 vars in 861 bytes} [Tue Jun 9 23:37:01 2026] GET /allocations/0e940165-1f05-4d00-ba58-43919c945121 => generated 258 bytes in 14 msecs (HTTP/1.1 200) 8 headers in 296 bytes (1 switches on core 0)
2026-06-09 23:37:01.610 8 INFO placement.requestlog [req-c4952ee3-53c3-4607-b4e9-279796112fd6 req-feb3956f-eebf-434f-83bb-91a6d71f8eb7 2d69a9dfdaf9422a9400765f17037ece 67d217ff18914f94a347e18006ac3a36 - - daf5203966674fa295b08b690a0cf37a daf5203966674fa295b08b690a0cf37a] 199.204.45.138 "GET /allocations/8143b288-866e-4645-8ff4-dde8fb9e2ce7" status: 200 len: 245 microversion: 1.28 [pid: 8|app: 0|req: 549/1100] 199.204.45.138 () {34 vars in 861 bytes} [Tue Jun 9 23:37:01 2026] GET /allocations/8143b288-866e-4645-8ff4-dde8fb9e2ce7 => generated 245 bytes in 15 msecs (HTTP/1.1 200) 8 headers in 296 bytes (1 switches on core 0)
2026-06-09 23:37:09.793 8 INFO placement.requestlog [None req-438c99e4-6059-4a25-8321-88f9af62a47f - - - - - -] 10.0.0.165 "GET /" status: 200 len: 136 microversion: 1.0
2026-06-09 23:37:09.793 7 INFO placement.requestlog [None req-5f6f703b-6202-4f28-b1b8-8f692691545e - - - - - -] 10.0.0.165 "GET /" status: 200 len: 136 microversion: 1.0
2026-06-09 23:37:19.792 8 INFO placement.requestlog [None req-532f6ddf-e60d-46ac-8046-8ecc1aac72bb - - - - - -] 10.0.0.165 "GET /" status: 200 len: 136 microversion: 1.0
2026-06-09 23:37:19.792 7 INFO placement.requestlog [None req-3ba397eb-9122-4dc3-99a2-8a3f98288c1d - - - - - -] 10.0.0.165 "GET /" status: 200 len: 136 microversion: 1.0
2026-06-09 23:37:29.793 7 INFO placement.requestlog [None req-dacdee7e-b9c5-4990-a903-71cb7da507d0 - - - - - -] 10.0.0.165 "GET /" status: 200 len: 136 microversion: 1.0
2026-06-09 23:37:29.794 8 INFO placement.requestlog [None req-63e9afc0-04c9-4847-8cba-b7c648050023 - - - - - -] 10.0.0.165 "GET /" status: 200 len: 136 microversion: 1.0
2026-06-09 23:37:39.793 7 INFO placement.requestlog [None req-c4cfa21c-9214-4e23-8dbb-4d6b9f358c33 - - - - - -] 10.0.0.165 "GET /" status: 200 len: 136 microversion: 1.0
2026-06-09 23:37:39.794 8 INFO placement.requestlog [None req-f172cb1a-f3a4-4e21-99ce-6362c4c7336c - - - - - -] 10.0.0.165 "GET /" status: 200 len: 136 microversion: 1.0
2026-06-09 23:37:49.793 7 INFO placement.requestlog [None req-447026e9-ee2b-4fb3-b64b-32eed24008dd - - - - - -] 10.0.0.165 "GET /" status: 200 len: 136 microversion: 1.0
2026-06-09 23:37:49.793 8 INFO placement.requestlog [None req-c773569c-d321-471b-b1c6-9f53d8c2e2c6 - - - - - -] 10.0.0.165 "GET /" status: 200 len: 136 microversion: 1.0
2026-06-09 23:37:59.792 7 INFO placement.requestlog [None req-72bcb5e1-f816-4c5c-8605-06cd43631d7f - - - - - -] 10.0.0.165 "GET /" status: 200 len: 136 microversion: 1.0
2026-06-09 23:37:59.792 8 INFO placement.requestlog [None req-752a6f85-0983-4e59-bb36-a53bd03ea867 - - - - - -] 10.0.0.165 "GET /" status: 200 len: 136 microversion: 1.0
2026-06-09 23:38:03.481 7 INFO placement.requestlog [req-8ec59a15-0684-4d47-9177-5f72bf3a7613 req-15e3019e-44dd-4dd5-9c38-2376759052d5 2d69a9dfdaf9422a9400765f17037ece 67d217ff18914f94a347e18006ac3a36 - - daf5203966674fa295b08b690a0cf37a daf5203966674fa295b08b690a0cf37a] 199.204.45.138 "GET /resource_providers/0501664f-5588-4e94-92ef-b7452e6d641d/allocations" status: 200 len: 340 microversion: 1.0 [pid: 7|app: 0|req: 558/1113] 199.204.45.138 () {32 vars in 855 bytes} [Tue Jun 9 23:38:03 2026] GET /resource_providers/0501664f-5588-4e94-92ef-b7452e6d641d/allocations => generated 340 bytes in 19 msecs (HTTP/1.1 200) 6 headers in 224 bytes (1 switches on core 0)
2026-06-09 23:38:03.511 8 INFO placement.requestlog [req-8ec59a15-0684-4d47-9177-5f72bf3a7613 req-23c37bb2-6548-43c7-8c60-3473629bc696 2d69a9dfdaf9422a9400765f17037ece 67d217ff18914f94a347e18006ac3a36 - - daf5203966674fa295b08b690a0cf37a daf5203966674fa295b08b690a0cf37a] 199.204.45.138 "GET /resource_providers/0501664f-5588-4e94-92ef-b7452e6d641d/allocations" status: 200 len: 340 microversion: 1.0 [pid: 8|app: 0|req: 556/1114] 199.204.45.138 () {32 vars in 855 bytes} [Tue Jun 9 23:38:03 2026] GET /resource_providers/0501664f-5588-4e94-92ef-b7452e6d641d/allocations => generated 340 bytes in 20 msecs (HTTP/1.1 200) 6 headers in 224 bytes (1 switches on core 0)
2026-06-09 23:38:03.531 7 INFO placement.requestlog [req-8ec59a15-0684-4d47-9177-5f72bf3a7613 req-e1d2b384-3936-4818-8227-d86bf914ffff 2d69a9dfdaf9422a9400765f17037ece 67d217ff18914f94a347e18006ac3a36 - - daf5203966674fa295b08b690a0cf37a daf5203966674fa295b08b690a0cf37a] 199.204.45.138 "GET /allocations/2a3a9d49-8abe-4e80-9f79-b6f25c714047" status: 200 len: 258 microversion: 1.28 [pid: 7|app: 0|req: 559/1115] 199.204.45.138 () {34 vars in 861 bytes} [Tue Jun 9 23:38:03 2026] GET /allocations/2a3a9d49-8abe-4e80-9f79-b6f25c714047 => generated 258 bytes in 14 msecs (HTTP/1.1 200) 8 headers in 296 bytes (1 switches on core 0)
2026-06-09 23:38:03.550 8 INFO placement.requestlog [req-8ec59a15-0684-4d47-9177-5f72bf3a7613 req-848688b3-1409-4799-a805-68e208aba932 2d69a9dfdaf9422a9400765f17037ece 67d217ff18914f94a347e18006ac3a36 - - daf5203966674fa295b08b690a0cf37a daf5203966674fa295b08b690a0cf37a] 199.204.45.138 "GET /allocations/0e940165-1f05-4d00-ba58-43919c945121" status: 200 len: 258 microversion: 1.28 [pid: 8|app: 0|req: 557/1116] 199.204.45.138 () {34 vars in 861 bytes} [Tue Jun 9 23:38:03 2026] GET /allocations/0e940165-1f05-4d00-ba58-43919c945121 => generated 258 bytes in 12 msecs (HTTP/1.1 200) 8 headers in 296 bytes (1 switches on core 0)
2026-06-09 23:38:03.571 7 INFO placement.requestlog [req-8ec59a15-0684-4d47-9177-5f72bf3a7613 req-007e0aea-c6b0-4bd4-8fd8-a30df83c89cf 2d69a9dfdaf9422a9400765f17037ece 67d217ff18914f94a347e18006ac3a36 - - daf5203966674fa295b08b690a0cf37a daf5203966674fa295b08b690a0cf37a] 199.204.45.138 "GET /allocations/8143b288-866e-4645-8ff4-dde8fb9e2ce7" status: 200 len: 245 microversion: 1.28 [pid: 7|app: 0|req: 560/1117] 199.204.45.138 () {34 vars in 861 bytes} [Tue Jun 9 23:38:03 2026] GET /allocations/8143b288-866e-4645-8ff4-dde8fb9e2ce7 => generated 245 bytes in 13 msecs (HTTP/1.1 200) 8 headers in 296 bytes (1 switches on core 0)
2026-06-09 23:38:09.793 8 INFO placement.requestlog [None req-2303a004-e0c4-414e-bcf7-665f4a0f656e - - - - - -] 10.0.0.165 "GET /" status: 200 len: 136 microversion: 1.0
2026-06-09 23:38:09.793 7 INFO placement.requestlog [None req-ac6959cd-f0c2-4088-adc2-d47040a77281 - - - - - -] 10.0.0.165 "GET /" status: 200 len: 136 microversion: 1.0
2026-06-09 23:38:19.793 7 INFO placement.requestlog [None req-8f584581-d730-45c8-9f33-1be7c767e060 - - - - - -] 10.0.0.165 "GET /" status: 200 len: 136 microversion: 1.0
2026-06-09 23:38:19.793 8 INFO placement.requestlog [None req-61639b93-d517-49a3-a923-1354109aa8c0 - - - - - -] 10.0.0.165 "GET /" status: 200 len: 136 microversion: 1.0
2026-06-09 23:38:29.793 8 INFO placement.requestlog [None req-3be5eb36-6e77-4e1a-b318-22dd689f7f29 - - - - - -] 10.0.0.165 "GET /" status: 200 len: 136 microversion: 1.0
2026-06-09 23:38:29.793 7 INFO placement.requestlog [None req-f493208f-9280-47d7-88f9-aefcfb90a945 - - - - - -] 10.0.0.165 "GET /" status: 200 len: 136 microversion: 1.0
2026-06-09 23:38:39.792 8 INFO placement.requestlog [None req-d275141a-78d4-45d4-87fa-ce186c1eb100 - - - - - -] 10.0.0.165 "GET /" status: 200 len: 136 microversion: 1.0
2026-06-09 23:38:39.793 7 INFO placement.requestlog [None req-25ec28e6-31db-4154-818e-8d0cdd94d8d2 - - - - - -] 10.0.0.165 "GET /" status: 200 len: 136 microversion: 1.0
2026-06-09 23:38:41.916 8 INFO placement.requestlog [req-801dd928-bd3f-4f82-8e02-ceed42f3831f req-bb3acd31-1497-41b2-9055-289fa17611fe 2d69a9dfdaf9422a9400765f17037ece 67d217ff18914f94a347e18006ac3a36 - - daf5203966674fa295b08b690a0cf37a daf5203966674fa295b08b690a0cf37a] 199.204.45.138 "GET /resource_providers/0501664f-5588-4e94-92ef-b7452e6d641d/allocations" status: 200 len: 340 microversion: 1.0 [pid: 8|app: 0|req: 562/1126] 199.204.45.138 () {32 vars in 855 bytes} [Tue Jun 9 23:38:41 2026] GET /resource_providers/0501664f-5588-4e94-92ef-b7452e6d641d/allocations => generated 340 bytes in 23 msecs (HTTP/1.1 200) 6 headers in 224 bytes (1 switches on core 0)
2026-06-09 23:38:41.935 7 INFO placement.requestlog [req-801dd928-bd3f-4f82-8e02-ceed42f3831f req-01df68a5-b525-4295-bdbf-b77924ef8755 2d69a9dfdaf9422a9400765f17037ece 67d217ff18914f94a347e18006ac3a36 - - daf5203966674fa295b08b690a0cf37a daf5203966674fa295b08b690a0cf37a] 199.204.45.138 "GET /allocations/2a3a9d49-8abe-4e80-9f79-b6f25c714047" status: 200 len: 258 microversion: 1.28 [pid: 7|app: 0|req: 565/1127] 199.204.45.138 () {34 vars in 861 bytes} [Tue Jun 9 23:38:41 2026] GET /allocations/2a3a9d49-8abe-4e80-9f79-b6f25c714047 => generated 258 bytes in 15 msecs (HTTP/1.1 200) 8 headers in 296 bytes (1 switches on core 0)
2026-06-09 23:38:41.959 8 INFO placement.requestlog [req-801dd928-bd3f-4f82-8e02-ceed42f3831f req-6c1efa42-afff-4d2e-bd49-872f4b3d57f6 2d69a9dfdaf9422a9400765f17037ece 67d217ff18914f94a347e18006ac3a36 - - daf5203966674fa295b08b690a0cf37a daf5203966674fa295b08b690a0cf37a] 199.204.45.138 "GET /allocations/0e940165-1f05-4d00-ba58-43919c945121" status: 200 len: 258 microversion: 1.28 [pid: 8|app: 0|req: 563/1128] 199.204.45.138 () {34 vars in 861 bytes} [Tue Jun 9 23:38:41 2026] GET /allocations/0e940165-1f05-4d00-ba58-43919c945121 => generated 258 bytes in 21 msecs (HTTP/1.1 200) 8 headers in 296 bytes (1 switches on core 0)
