May 09 03:16:46.923393 np0000172880 nova-scheduler[108417]: DEBUG cotyledon.oslo_config_glue [-] vnc.enabled = True {{(pid=108417) log_opt_values /opt/stack/data/venv/lib/python3.12/site-packages/oslo_config/cfg.py:3006}}
May 09 03:16:46.923460 np0000172880 nova-scheduler[108417]: DEBUG cotyledon.oslo_config_glue [-] vnc.novncproxy_base_url = http://127.0.0.1:6080/vnc_auto.html {{(pid=108417) log_opt_values /opt/stack/data/venv/lib/python3.12/site-packages/oslo_config/cfg.py:3006}}
May 09 03:16:46.923520 np0000172880 nova-scheduler[108417]: DEBUG cotyledon.oslo_config_glue [-] vnc.novncproxy_host = 0.0.0.0 {{(pid=108417) log_opt_values /opt/stack/data/venv/lib/python3.12/site-packages/oslo_config/cfg.py:3006}}
May 09 03:16:46.923578 np0000172880 nova-scheduler[108417]: DEBUG cotyledon.oslo_config_glue [-] vnc.novncproxy_port = 6080 {{(pid=108417) log_opt_values /opt/stack/data/venv/lib/python3.12/site-packages/oslo_config/cfg.py:3006}}
May 09 03:16:46.923643 np0000172880 nova-scheduler[108417]: DEBUG cotyledon.oslo_config_glue [-] vnc.server_listen = 127.0.0.1 {{(pid=108417) log_opt_values /opt/stack/data/venv/lib/python3.12/site-packages/oslo_config/cfg.py:3006}}
May 09 03:16:46.923701 np0000172880 nova-scheduler[108417]: DEBUG cotyledon.oslo_config_glue [-] vnc.server_proxyclient_address = 127.0.0.1 {{(pid=108417) log_opt_values /opt/stack/data/venv/lib/python3.12/site-packages/oslo_config/cfg.py:3006}}
May 09 03:16:46.923758 np0000172880 nova-scheduler[108417]: DEBUG cotyledon.oslo_config_glue [-] vnc.vencrypt_ca_certs = None {{(pid=108417) log_opt_values /opt/stack/data/venv/lib/python3.12/site-packages/oslo_config/cfg.py:3006}}
May 09 03:16:46.923816 np0000172880 nova-scheduler[108417]: DEBUG cotyledon.oslo_config_glue [-] vnc.vencrypt_client_cert = None {{(pid=108417) log_opt_values /opt/stack/data/venv/lib/python3.12/site-packages/oslo_config/cfg.py:3006}}
May 09 03:16:46.923876 np0000172880 nova-scheduler[108417]: DEBUG cotyledon.oslo_config_glue [-] vnc.vencrypt_client_key = None {{(pid=108417) log_opt_values /opt/stack/data/venv/lib/python3.12/site-packages/oslo_config/cfg.py:3006}}
May 09 03:16:46.923939 np0000172880 nova-scheduler[108417]: DEBUG cotyledon.oslo_config_glue [-] workarounds.disable_compute_service_check_for_ffu = False {{(pid=108417) log_opt_values /opt/stack/data/venv/lib/python3.12/site-packages/oslo_config/cfg.py:3006}}
May 09 03:16:46.924019 np0000172880 nova-scheduler[108417]: DEBUG cotyledon.oslo_config_glue [-] workarounds.disable_deep_image_inspection = False {{(pid=108417) log_opt_values /opt/stack/data/venv/lib/python3.12/site-packages/oslo_config/cfg.py:3006}}
May 09 03:16:46.924079 np0000172880 nova-scheduler[108417]: DEBUG cotyledon.oslo_config_glue [-] workarounds.disable_fallback_pcpu_query = False {{(pid=108417) log_opt_values /opt/stack/data/venv/lib/python3.12/site-packages/oslo_config/cfg.py:3006}}
May 09 03:16:46.924135 np0000172880 nova-scheduler[108417]: DEBUG cotyledon.oslo_config_glue [-] workarounds.disable_group_policy_check_upcall = False {{(pid=108417) log_opt_values /opt/stack/data/venv/lib/python3.12/site-packages/oslo_config/cfg.py:3006}}
May 09 03:16:46.924193 np0000172880 nova-scheduler[108417]: DEBUG cotyledon.oslo_config_glue [-] workarounds.disable_libvirt_livesnapshot = False {{(pid=108417) log_opt_values /opt/stack/data/venv/lib/python3.12/site-packages/oslo_config/cfg.py:3006}}
May 09 03:16:46.924272 np0000172880 nova-scheduler[108417]: DEBUG cotyledon.oslo_config_glue [-] workarounds.disable_rootwrap = False {{(pid=108417) log_opt_values /opt/stack/data/venv/lib/python3.12/site-packages/oslo_config/cfg.py:3006}}
May 09 03:16:46.924328 np0000172880 nova-scheduler[108417]: DEBUG cotyledon.oslo_config_glue [-] workarounds.enable_numa_live_migration = False {{(pid=108417) log_opt_values /opt/stack/data/venv/lib/python3.12/site-packages/oslo_config/cfg.py:3006}}
May 09 03:16:46.924386 np0000172880 nova-scheduler[108417]: DEBUG cotyledon.oslo_config_glue [-] workarounds.enable_qemu_monitor_announce_self = False {{(pid=108417) log_opt_values /opt/stack/data/venv/lib/python3.12/site-packages/oslo_config/cfg.py:3006}}
May 09 03:16:46.924444 np0000172880 nova-scheduler[108417]: DEBUG cotyledon.oslo_config_glue [-] workarounds.ensure_libvirt_rbd_instance_dir_cleanup = False {{(pid=108417) log_opt_values /opt/stack/data/venv/lib/python3.12/site-packages/oslo_config/cfg.py:3006}}
May 09 03:16:46.924501 np0000172880 nova-scheduler[108417]: DEBUG cotyledon.oslo_config_glue [-] workarounds.handle_virt_lifecycle_events = True {{(pid=108417) log_opt_values /opt/stack/data/venv/lib/python3.12/site-packages/oslo_config/cfg.py:3006}}
May 09 03:16:46.924558 np0000172880 nova-scheduler[108417]: DEBUG cotyledon.oslo_config_glue [-] workarounds.libvirt_disable_apic = False {{(pid=108417) log_opt_values /opt/stack/data/venv/lib/python3.12/site-packages/oslo_config/cfg.py:3006}}
May 09 03:16:46.924614 np0000172880 nova-scheduler[108417]: DEBUG cotyledon.oslo_config_glue [-] workarounds.never_download_image_if_on_rbd = False {{(pid=108417) log_opt_values /opt/stack/data/venv/lib/python3.12/site-packages/oslo_config/cfg.py:3006}}
May 09 03:16:46.924671 np0000172880 nova-scheduler[108417]: DEBUG cotyledon.oslo_config_glue [-] workarounds.qemu_monitor_announce_self_count = 3 {{(pid=108417) log_opt_values /opt/stack/data/venv/lib/python3.12/site-packages/oslo_config/cfg.py:3006}}
May 09 03:16:46.924728 np0000172880 nova-scheduler[108417]: DEBUG cotyledon.oslo_config_glue [-] workarounds.qemu_monitor_announce_self_interval = 1 {{(pid=108417) log_opt_values /opt/stack/data/venv/lib/python3.12/site-packages/oslo_config/cfg.py:3006}}
May 09 03:16:46.924784 np0000172880 nova-scheduler[108417]: DEBUG cotyledon.oslo_config_glue [-] workarounds.reserve_disk_resource_for_image_cache = False {{(pid=108417) log_opt_values /opt/stack/data/venv/lib/python3.12/site-packages/oslo_config/cfg.py:3006}}
May 09 03:16:46.924844 np0000172880 nova-scheduler[108432]: DEBUG nova.service [None req-44f95661-28a3-4b36-88b3-511e9f6ccf2f None None] Creating RPC server for service: nova-scheduler on topic: scheduler {{(pid=108432) start /opt/stack/nova/nova/service.py:195}}
May 09 03:16:46.924878 np0000172880 nova-scheduler[108417]: DEBUG cotyledon.oslo_config_glue [-] workarounds.skip_cpu_compare_at_startup = False {{(pid=108417) log_opt_values /opt/stack/data/venv/lib/python3.12/site-packages/oslo_config/cfg.py:3006}}
May 09 03:16:46.924908 np0000172880 nova-scheduler[108417]: DEBUG cotyledon.oslo_config_glue [-] workarounds.skip_cpu_compare_on_dest = False {{(pid=108417) log_opt_values /opt/stack/data/venv/lib/python3.12/site-packages/oslo_config/cfg.py:3006}}
May 09 03:16:46.924955 np0000172880 nova-scheduler[108417]: DEBUG cotyledon.oslo_config_glue [-] workarounds.skip_hypervisor_version_check_on_lm = False {{(pid=108417) log_opt_values /opt/stack/data/venv/lib/python3.12/site-packages/oslo_config/cfg.py:3006}}
May 09 03:16:46.925031 np0000172880 nova-scheduler[108417]: DEBUG cotyledon.oslo_config_glue [-] workarounds.skip_reserve_in_use_ironic_nodes = False {{(pid=108417) log_opt_values /opt/stack/data/venv/lib/python3.12/site-packages/oslo_config/cfg.py:3006}}
May 09 03:16:46.925092 np0000172880 nova-scheduler[108417]: DEBUG cotyledon.oslo_config_glue [-] workarounds.unified_limits_count_pcpu_as_vcpu = False {{(pid=108417) log_opt_values /opt/stack/data/venv/lib/python3.12/site-packages/oslo_config/cfg.py:3006}}
May 09 03:16:46.925148 np0000172880 nova-scheduler[108417]: DEBUG cotyledon.oslo_config_glue [-] workarounds.wait_for_vif_plugged_event_during_hard_reboot = [] {{(pid=108417) log_opt_values /opt/stack/data/venv/lib/python3.12/site-packages/oslo_config/cfg.py:3006}}
May 09 03:16:46.925212 np0000172880 nova-scheduler[108417]: DEBUG cotyledon.oslo_config_glue [-] wsgi.api_paste_config = /etc/nova/api-paste.ini {{(pid=108417) log_opt_values /opt/stack/data/venv/lib/python3.12/site-packages/oslo_config/cfg.py:3006}}
May 09 03:16:46.925284 np0000172880 nova-scheduler[108417]: DEBUG cotyledon.oslo_config_glue [-] wsgi.secure_proxy_ssl_header = None {{(pid=108417) log_opt_values /opt/stack/data/venv/lib/python3.12/site-packages/oslo_config/cfg.py:3006}}
May 09 03:16:46.925345 np0000172880 nova-scheduler[108417]: DEBUG cotyledon.oslo_config_glue [-] zvm.ca_file = None {{(pid=108417) log_opt_values /opt/stack/data/venv/lib/python3.12/site-packages/oslo_config/cfg.py:3006}}
May 09 03:16:46.925405 np0000172880 nova-scheduler[108417]: DEBUG cotyledon.oslo_config_glue [-] zvm.cloud_connector_url = None {{(pid=108417) log_opt_values /opt/stack/data/venv/lib/python3.12/site-packages/oslo_config/cfg.py:3006}}
May 09 03:16:46.925463 np0000172880 nova-scheduler[108417]: DEBUG cotyledon.oslo_config_glue [-] zvm.image_tmp_path = /opt/stack/data/nova/images {{(pid=108417) log_opt_values /opt/stack/data/venv/lib/python3.12/site-packages/oslo_config/cfg.py:3006}}
May 09 03:16:46.925530 np0000172880 nova-scheduler[108417]: DEBUG cotyledon.oslo_config_glue [-] zvm.reachable_timeout = 300 {{(pid=108417) log_opt_values /opt/stack/data/venv/lib/python3.12/site-packages/oslo_config/cfg.py:3006}}
May 09 03:16:46.925611 np0000172880 nova-scheduler[108417]: DEBUG cotyledon.oslo_config_glue [-] oslo_versionedobjects.fatal_exception_format_errors = False {{(pid=108417) log_opt_values /opt/stack/data/venv/lib/python3.12/site-packages/oslo_config/cfg.py:3006}}
May 09 03:16:46.925708 np0000172880 nova-scheduler[108417]: DEBUG cotyledon.oslo_config_glue [-] oslo_middleware.http_basic_auth_user_file = /etc/htpasswd {{(pid=108417) log_opt_values /opt/stack/data/venv/lib/python3.12/site-packages/oslo_config/cfg.py:3006}}
May 09 03:16:46.925782 np0000172880 nova-scheduler[108417]: DEBUG cotyledon.oslo_config_glue [-] oslo_messaging_metrics.metrics_buffer_size = 1000 {{(pid=108417) log_opt_values /opt/stack/data/venv/lib/python3.12/site-packages/oslo_config/cfg.py:3006}}
May 09 03:16:46.925848 np0000172880 nova-scheduler[108417]: DEBUG cotyledon.oslo_config_glue [-] oslo_messaging_metrics.metrics_enabled = False {{(pid=108417) log_opt_values /opt/stack/data/venv/lib/python3.12/site-packages/oslo_config/cfg.py:3006}}
May 09 03:16:46.925936 np0000172880 nova-scheduler[108417]: DEBUG cotyledon.oslo_config_glue [-] oslo_messaging_metrics.metrics_process_name = {{(pid=108417) log_opt_values /opt/stack/data/venv/lib/python3.12/site-packages/oslo_config/cfg.py:3006}}
May 09 03:16:46.925968 np0000172880 nova-scheduler[108417]: DEBUG cotyledon.oslo_config_glue [-] oslo_messaging_metrics.metrics_socket_file = /var/tmp/metrics_collector.sock {{(pid=108417) log_opt_values /opt/stack/data/venv/lib/python3.12/site-packages/oslo_config/cfg.py:3006}}
May 09 03:16:46.926041 np0000172880 nova-scheduler[108417]: DEBUG cotyledon.oslo_config_glue [-] oslo_messaging_metrics.metrics_thread_stop_timeout = 10 {{(pid=108417) log_opt_values /opt/stack/data/venv/lib/python3.12/site-packages/oslo_config/cfg.py:3006}}
May 09 03:16:46.926134 np0000172880 nova-scheduler[108417]: DEBUG cotyledon.oslo_config_glue [-] profiler.connection_string = messaging:// {{(pid=108417) log_opt_values /opt/stack/data/venv/lib/python3.12/site-packages/oslo_config/cfg.py:3006}}
May 09 03:16:46.926200 np0000172880 nova-scheduler[108417]: DEBUG cotyledon.oslo_config_glue [-] profiler.enabled = False {{(pid=108417) log_opt_values /opt/stack/data/venv/lib/python3.12/site-packages/oslo_config/cfg.py:3006}}
May 09 03:16:46.926258 np0000172880 nova-scheduler[108417]: DEBUG cotyledon.oslo_config_glue [-] profiler.es_doc_type = notification {{(pid=108417) log_opt_values /opt/stack/data/venv/lib/python3.12/site-packages/oslo_config/cfg.py:3006}}
May 09 03:16:46.926316 np0000172880 nova-scheduler[108417]: DEBUG cotyledon.oslo_config_glue [-] profiler.es_scroll_size = 10000 {{(pid=108417) log_opt_values /opt/stack/data/venv/lib/python3.12/site-packages/oslo_config/cfg.py:3006}}
May 09 03:16:46.926373 np0000172880 nova-scheduler[108417]: DEBUG cotyledon.oslo_config_glue [-] profiler.es_scroll_time = 2m {{(pid=108417) log_opt_values /opt/stack/data/venv/lib/python3.12/site-packages/oslo_config/cfg.py:3006}}
May 09 03:16:46.926431 np0000172880 nova-scheduler[108417]: DEBUG cotyledon.oslo_config_glue [-] profiler.filter_error_trace = False {{(pid=108417) log_opt_values /opt/stack/data/venv/lib/python3.12/site-packages/oslo_config/cfg.py:3006}}
May 09 03:16:46.926493 np0000172880 nova-scheduler[108417]: DEBUG cotyledon.oslo_config_glue [-] profiler.hmac_keys = **** {{(pid=108417) log_opt_values /opt/stack/data/venv/lib/python3.12/site-packages/oslo_config/cfg.py:3006}}
May 09 03:16:46.926560 np0000172880 nova-scheduler[108417]: DEBUG cotyledon.oslo_config_glue [-] profiler.sentinel_service_name = mymaster {{(pid=108417) log_opt_values /opt/stack/data/venv/lib/python3.12/site-packages/oslo_config/cfg.py:3006}}
May 09 03:16:46.926618 np0000172880 nova-scheduler[108417]: DEBUG cotyledon.oslo_config_glue [-] profiler.socket_timeout = 0.1 {{(pid=108417) log_opt_values /opt/stack/data/venv/lib/python3.12/site-packages/oslo_config/cfg.py:3006}}
May 09 03:16:46.926685 np0000172880 nova-scheduler[108417]: DEBUG cotyledon.oslo_config_glue [-] profiler.trace_requests = False {{(pid=108417) log_opt_values /opt/stack/data/venv/lib/python3.12/site-packages/oslo_config/cfg.py:3006}}
May 09 03:16:46.926751 np0000172880 nova-scheduler[108417]: DEBUG cotyledon.oslo_config_glue [-] profiler.trace_sqlalchemy = False {{(pid=108417) log_opt_values /opt/stack/data/venv/lib/python3.12/site-packages/oslo_config/cfg.py:3006}}
May 09 03:16:46.926826 np0000172880 nova-scheduler[108417]: DEBUG cotyledon.oslo_config_glue [-] profiler_jaeger.process_tags = {} {{(pid=108417) log_opt_values /opt/stack/data/venv/lib/python3.12/site-packages/oslo_config/cfg.py:3006}}
May 09 03:16:46.926885 np0000172880 nova-scheduler[108417]: DEBUG cotyledon.oslo_config_glue [-] profiler_jaeger.service_name_prefix = None {{(pid=108417) log_opt_values /opt/stack/data/venv/lib/python3.12/site-packages/oslo_config/cfg.py:3006}}
May 09 03:16:46.926945 np0000172880 nova-scheduler[108417]: DEBUG cotyledon.oslo_config_glue [-] profiler_otlp.service_name_prefix = None {{(pid=108417) log_opt_values /opt/stack/data/venv/lib/python3.12/site-packages/oslo_config/cfg.py:3006}}
May 09 03:16:46.927074 np0000172880 nova-scheduler[108417]: DEBUG cotyledon.oslo_config_glue [-] oslo_messaging_rabbit.amqp_auto_delete = False {{(pid=108417) log_opt_values /opt/stack/data/venv/lib/python3.12/site-packages/oslo_config/cfg.py:3006}}
May 09 03:16:46.927132 np0000172880 nova-scheduler[108417]: DEBUG cotyledon.oslo_config_glue [-] oslo_messaging_rabbit.amqp_durable_queues = False {{(pid=108417) log_opt_values /opt/stack/data/venv/lib/python3.12/site-packages/oslo_config/cfg.py:3006}}
May 09 03:16:46.927199 np0000172880 nova-scheduler[108417]: DEBUG cotyledon.oslo_config_glue [-] oslo_messaging_rabbit.conn_pool_min_size = 2 {{(pid=108417) log_opt_values /opt/stack/data/venv/lib/python3.12/site-packages/oslo_config/cfg.py:3006}}
May 09 03:16:46.927281 np0000172880 nova-scheduler[108417]: DEBUG cotyledon.oslo_config_glue [-] oslo_messaging_rabbit.conn_pool_ttl = 1200 {{(pid=108417) log_opt_values /opt/stack/data/venv/lib/python3.12/site-packages/oslo_config/cfg.py:3006}}
May 09 03:16:46.927339 np0000172880 nova-scheduler[108417]: DEBUG cotyledon.oslo_config_glue [-] oslo_messaging_rabbit.direct_mandatory_flag = True {{(pid=108417) log_opt_values /opt/stack/data/venv/lib/python3.12/site-packages/oslo_config/cfg.py:3006}}
May 09 03:16:46.927396 np0000172880 nova-scheduler[108417]: DEBUG cotyledon.oslo_config_glue [-] oslo_messaging_rabbit.enable_cancel_on_failover = False {{(pid=108417) log_opt_values /opt/stack/data/venv/lib/python3.12/site-packages/oslo_config/cfg.py:3006}}
May 09 03:16:46.927452 np0000172880 nova-scheduler[108417]: DEBUG cotyledon.oslo_config_glue [-] oslo_messaging_rabbit.heartbeat_in_pthread = False {{(pid=108417) log_opt_values /opt/stack/data/venv/lib/python3.12/site-packages/oslo_config/cfg.py:3006}}
May 09 03:16:46.927509 np0000172880 nova-scheduler[108417]: DEBUG cotyledon.oslo_config_glue [-] oslo_messaging_rabbit.heartbeat_rate = 3 {{(pid=108417) log_opt_values /opt/stack/data/venv/lib/python3.12/site-packages/oslo_config/cfg.py:3006}}
May 09 03:16:46.927566 np0000172880 nova-scheduler[108417]: DEBUG cotyledon.oslo_config_glue [-] oslo_messaging_rabbit.heartbeat_timeout_threshold = 60 {{(pid=108417) log_opt_values /opt/stack/data/venv/lib/python3.12/site-packages/oslo_config/cfg.py:3006}}
May 09 03:16:46.927631 np0000172880 nova-scheduler[108417]: DEBUG cotyledon.oslo_config_glue [-] oslo_messaging_rabbit.hostname = np0000172880 {{(pid=108417) log_opt_values /opt/stack/data/venv/lib/python3.12/site-packages/oslo_config/cfg.py:3006}}
May 09 03:16:46.927697 np0000172880 nova-scheduler[108417]: DEBUG cotyledon.oslo_config_glue [-] oslo_messaging_rabbit.kombu_compression = None {{(pid=108417) log_opt_values /opt/stack/data/venv/lib/python3.12/site-packages/oslo_config/cfg.py:3006}}
May 09 03:16:46.927762 np0000172880 nova-scheduler[108417]: DEBUG cotyledon.oslo_config_glue [-] oslo_messaging_rabbit.kombu_failover_strategy = round-robin {{(pid=108417) log_opt_values /opt/stack/data/venv/lib/python3.12/site-packages/oslo_config/cfg.py:3006}}
May 09 03:16:46.927821 np0000172880 nova-scheduler[108417]: DEBUG cotyledon.oslo_config_glue [-] oslo_messaging_rabbit.kombu_missing_consumer_retry_timeout = 60 {{(pid=108417) log_opt_values /opt/stack/data/venv/lib/python3.12/site-packages/oslo_config/cfg.py:3006}}
May 09 03:16:46.927891 np0000172880 nova-scheduler[108417]: DEBUG cotyledon.oslo_config_glue [-] oslo_messaging_rabbit.kombu_reconnect_delay = 1.0 {{(pid=108417) log_opt_values /opt/stack/data/venv/lib/python3.12/site-packages/oslo_config/cfg.py:3006}}
May 09 03:16:46.927952 np0000172880 nova-scheduler[108417]: DEBUG cotyledon.oslo_config_glue [-] oslo_messaging_rabbit.kombu_reconnect_splay = 0.0 {{(pid=108417) log_opt_values /opt/stack/data/venv/lib/python3.12/site-packages/oslo_config/cfg.py:3006}}
May 09 03:16:46.928028 np0000172880 nova-scheduler[108417]: DEBUG cotyledon.oslo_config_glue [-] oslo_messaging_rabbit.processname = nova-scheduler {{(pid=108417) log_opt_values /opt/stack/data/venv/lib/python3.12/site-packages/oslo_config/cfg.py:3006}}
May 09 03:16:46.928088 np0000172880 nova-scheduler[108417]: DEBUG cotyledon.oslo_config_glue [-] oslo_messaging_rabbit.rabbit_ha_queues = False {{(pid=108417) log_opt_values /opt/stack/data/venv/lib/python3.12/site-packages/oslo_config/cfg.py:3006}}
May 09 03:16:46.928145 np0000172880 nova-scheduler[108417]: DEBUG cotyledon.oslo_config_glue [-] oslo_messaging_rabbit.rabbit_interval_max = 30 {{(pid=108417) log_opt_values /opt/stack/data/venv/lib/python3.12/site-packages/oslo_config/cfg.py:3006}}
May 09 03:16:46.928203 np0000172880 nova-scheduler[108417]: DEBUG cotyledon.oslo_config_glue [-] oslo_messaging_rabbit.rabbit_login_method = AMQPLAIN {{(pid=108417) log_opt_values /opt/stack/data/venv/lib/python3.12/site-packages/oslo_config/cfg.py:3006}}
May 09 03:16:46.928279 np0000172880 nova-scheduler[108417]: DEBUG cotyledon.oslo_config_glue [-] oslo_messaging_rabbit.rabbit_qos_prefetch_count = 0 {{(pid=108417) log_opt_values /opt/stack/data/venv/lib/python3.12/site-packages/oslo_config/cfg.py:3006}}
May 09 03:16:46.928337 np0000172880 nova-scheduler[108417]: DEBUG cotyledon.oslo_config_glue [-] oslo_messaging_rabbit.rabbit_quorum_delivery_limit = 0 {{(pid=108417) log_opt_values /opt/stack/data/venv/lib/python3.12/site-packages/oslo_config/cfg.py:3006}}
May 09 03:16:46.928406 np0000172880 nova-scheduler[108417]: DEBUG cotyledon.oslo_config_glue [-] oslo_messaging_rabbit.rabbit_quorum_max_memory_bytes = 0 {{(pid=108417) log_opt_values /opt/stack/data/venv/lib/python3.12/site-packages/oslo_config/cfg.py:3006}}
May 09 03:16:46.928462 np0000172880 nova-scheduler[108417]: DEBUG cotyledon.oslo_config_glue [-] oslo_messaging_rabbit.rabbit_quorum_max_memory_length = 0 {{(pid=108417) log_opt_values /opt/stack/data/venv/lib/python3.12/site-packages/oslo_config/cfg.py:3006}}
May 09 03:16:46.928517 np0000172880 nova-scheduler[108417]: DEBUG cotyledon.oslo_config_glue [-] oslo_messaging_rabbit.rabbit_quorum_queue = False {{(pid=108417) log_opt_values /opt/stack/data/venv/lib/python3.12/site-packages/oslo_config/cfg.py:3006}}
May 09 03:16:46.928574 np0000172880 nova-scheduler[108417]: DEBUG cotyledon.oslo_config_glue [-] oslo_messaging_rabbit.rabbit_retry_backoff = 2 {{(pid=108417) log_opt_values /opt/stack/data/venv/lib/python3.12/site-packages/oslo_config/cfg.py:3006}}
May 09 03:16:46.928631 np0000172880 nova-scheduler[108417]: DEBUG cotyledon.oslo_config_glue [-] oslo_messaging_rabbit.rabbit_retry_interval = 1 {{(pid=108417) log_opt_values /opt/stack/data/venv/lib/python3.12/site-packages/oslo_config/cfg.py:3006}}
May 09 03:16:46.928687 np0000172880 nova-scheduler[108417]: DEBUG cotyledon.oslo_config_glue [-] oslo_messaging_rabbit.rabbit_stream_fanout = False {{(pid=108417) log_opt_values /opt/stack/data/venv/lib/python3.12/site-packages/oslo_config/cfg.py:3006}}
May 09 03:16:46.928740 np0000172880 nova-scheduler[108417]: DEBUG cotyledon.oslo_config_glue [-] oslo_messaging_rabbit.rabbit_transient_queues_ttl = 1800 {{(pid=108417) log_opt_values /opt/stack/data/venv/lib/python3.12/site-packages/oslo_config/cfg.py:3006}}
May 09 03:16:46.928799 np0000172880 nova-scheduler[108417]: DEBUG cotyledon.oslo_config_glue [-] oslo_messaging_rabbit.rabbit_transient_quorum_queue = False {{(pid=108417) log_opt_values /opt/stack/data/venv/lib/python3.12/site-packages/oslo_config/cfg.py:3006}}
May 09 03:16:46.928870 np0000172880 nova-scheduler[108417]: DEBUG cotyledon.oslo_config_glue [-] oslo_messaging_rabbit.rpc_conn_pool_size = 30 {{(pid=108417) log_opt_values /opt/stack/data/venv/lib/python3.12/site-packages/oslo_config/cfg.py:3006}}
May 09 03:16:46.928935 np0000172880 nova-scheduler[108417]: DEBUG cotyledon.oslo_config_glue [-] oslo_messaging_rabbit.ssl = False {{(pid=108417) log_opt_values /opt/stack/data/venv/lib/python3.12/site-packages/oslo_config/cfg.py:3006}}
May 09 03:16:46.929013 np0000172880 nova-scheduler[108417]: DEBUG cotyledon.oslo_config_glue [-] oslo_messaging_rabbit.ssl_ca_file = {{(pid=108417) log_opt_values /opt/stack/data/venv/lib/python3.12/site-packages/oslo_config/cfg.py:3006}}
May 09 03:16:46.929144 np0000172880 nova-scheduler[108417]: DEBUG cotyledon.oslo_config_glue [-] oslo_messaging_rabbit.ssl_cert_file = {{(pid=108417) log_opt_values /opt/stack/data/venv/lib/python3.12/site-packages/oslo_config/cfg.py:3006}}
May 09 03:16:46.929211 np0000172880 nova-scheduler[108417]: DEBUG cotyledon.oslo_config_glue [-] oslo_messaging_rabbit.ssl_enforce_fips_mode = False {{(pid=108417) log_opt_values /opt/stack/data/venv/lib/python3.12/site-packages/oslo_config/cfg.py:3006}}
May 09 03:16:46.929278 np0000172880 nova-scheduler[108417]: DEBUG cotyledon.oslo_config_glue [-] oslo_messaging_rabbit.ssl_key_file = {{(pid=108417) log_opt_values /opt/stack/data/venv/lib/python3.12/site-packages/oslo_config/cfg.py:3006}}
May 09 03:16:46.929343 np0000172880 nova-scheduler[108417]: DEBUG cotyledon.oslo_config_glue [-] oslo_messaging_rabbit.ssl_version = {{(pid=108417) log_opt_values /opt/stack/data/venv/lib/python3.12/site-packages/oslo_config/cfg.py:3006}}
May 09 03:16:46.929401 np0000172880 nova-scheduler[108417]: DEBUG cotyledon.oslo_config_glue [-] oslo_messaging_rabbit.use_queue_manager = False {{(pid=108417) log_opt_values /opt/stack/data/venv/lib/python3.12/site-packages/oslo_config/cfg.py:3006}}
May 09 03:16:46.929496 np0000172880 nova-scheduler[108417]: DEBUG cotyledon.oslo_config_glue [-] oslo_messaging_notifications.driver = ['messagingv2'] {{(pid=108417) log_opt_values /opt/stack/data/venv/lib/python3.12/site-packages/oslo_config/cfg.py:3006}}
May 09 03:16:46.929562 np0000172880 nova-scheduler[108417]: DEBUG cotyledon.oslo_config_glue [-] oslo_messaging_notifications.retry = -1 {{(pid=108417) log_opt_values /opt/stack/data/venv/lib/python3.12/site-packages/oslo_config/cfg.py:3006}}
May 09 03:16:46.929623 np0000172880 nova-scheduler[108417]: DEBUG cotyledon.oslo_config_glue [-] oslo_messaging_notifications.topics = ['notifications'] {{(pid=108417) log_opt_values /opt/stack/data/venv/lib/python3.12/site-packages/oslo_config/cfg.py:3006}}
May 09 03:16:46.929801 np0000172880 nova-scheduler[108417]: DEBUG cotyledon.oslo_config_glue [-] oslo_messaging_notifications.transport_url = **** {{(pid=108417) log_opt_values /opt/stack/data/venv/lib/python3.12/site-packages/oslo_config/cfg.py:3006}}
May 09 03:16:46.929801 np0000172880 nova-scheduler[108417]: DEBUG cotyledon.oslo_config_glue [-] oslo_limit.auth_section = None {{(pid=108417) log_opt_values /opt/stack/data/venv/lib/python3.12/site-packages/oslo_config/cfg.py:3006}}
May 09 03:16:46.929801 np0000172880 nova-scheduler[108417]: DEBUG cotyledon.oslo_config_glue [-] oslo_limit.auth_type = None {{(pid=108417) log_opt_values /opt/stack/data/venv/lib/python3.12/site-packages/oslo_config/cfg.py:3006}}
May 09 03:16:46.929899 np0000172880 nova-scheduler[108417]: DEBUG cotyledon.oslo_config_glue [-] oslo_limit.cafile = None {{(pid=108417) log_opt_values /opt/stack/data/venv/lib/python3.12/site-packages/oslo_config/cfg.py:3006}}
May 09 03:16:46.929930 np0000172880 nova-scheduler[108417]: DEBUG cotyledon.oslo_config_glue [-] oslo_limit.certfile = None {{(pid=108417) log_opt_values /opt/stack/data/venv/lib/python3.12/site-packages/oslo_config/cfg.py:3006}}
May 09 03:16:46.929964 np0000172880 nova-scheduler[108417]: DEBUG cotyledon.oslo_config_glue [-] oslo_limit.collect_timing = False {{(pid=108417) log_opt_values /opt/stack/data/venv/lib/python3.12/site-packages/oslo_config/cfg.py:3006}}
May 09 03:16:46.930050 np0000172880 nova-scheduler[108417]: DEBUG cotyledon.oslo_config_glue [-] oslo_limit.connect_retries = None {{(pid=108417) log_opt_values /opt/stack/data/venv/lib/python3.12/site-packages/oslo_config/cfg.py:3006}}
May 09 03:16:46.930111 np0000172880 nova-scheduler[108417]: DEBUG cotyledon.oslo_config_glue [-] oslo_limit.connect_retry_delay = None {{(pid=108417) log_opt_values /opt/stack/data/venv/lib/python3.12/site-packages/oslo_config/cfg.py:3006}}
May 09 03:16:46.930175 np0000172880 nova-scheduler[108417]: DEBUG cotyledon.oslo_config_glue [-] oslo_limit.endpoint_id = None {{(pid=108417) log_opt_values /opt/stack/data/venv/lib/python3.12/site-packages/oslo_config/cfg.py:3006}}
May 09 03:16:46.930241 np0000172880 nova-scheduler[108417]: DEBUG cotyledon.oslo_config_glue [-] oslo_limit.endpoint_interface = public {{(pid=108417) log_opt_values /opt/stack/data/venv/lib/python3.12/site-packages/oslo_config/cfg.py:3006}}
May 09 03:16:46.930302 np0000172880 nova-scheduler[108417]: DEBUG cotyledon.oslo_config_glue [-] oslo_limit.endpoint_override = None {{(pid=108417) log_opt_values /opt/stack/data/venv/lib/python3.12/site-packages/oslo_config/cfg.py:3006}}
May 09 03:16:46.930358 np0000172880 nova-scheduler[108417]: DEBUG cotyledon.oslo_config_glue [-] oslo_limit.endpoint_region_name = None {{(pid=108417) log_opt_values /opt/stack/data/venv/lib/python3.12/site-packages/oslo_config/cfg.py:3006}}
May 09 03:16:46.930431 np0000172880 nova-scheduler[108417]: DEBUG cotyledon.oslo_config_glue [-] oslo_limit.endpoint_service_name = None {{(pid=108417) log_opt_values /opt/stack/data/venv/lib/python3.12/site-packages/oslo_config/cfg.py:3006}}
May 09 03:16:46.930495 np0000172880 nova-scheduler[108417]: DEBUG cotyledon.oslo_config_glue [-] oslo_limit.endpoint_service_type = None {{(pid=108417) log_opt_values /opt/stack/data/venv/lib/python3.12/site-packages/oslo_config/cfg.py:3006}}
May 09 03:16:46.930549 np0000172880 nova-scheduler[108417]: DEBUG cotyledon.oslo_config_glue [-] oslo_limit.insecure = False {{(pid=108417) log_opt_values /opt/stack/data/venv/lib/python3.12/site-packages/oslo_config/cfg.py:3006}}
May 09 03:16:46.930607 np0000172880 nova-scheduler[108417]: DEBUG cotyledon.oslo_config_glue [-] oslo_limit.keyfile = None {{(pid=108417) log_opt_values /opt/stack/data/venv/lib/python3.12/site-packages/oslo_config/cfg.py:3006}}
May 09 03:16:46.930666 np0000172880 nova-scheduler[108417]: DEBUG cotyledon.oslo_config_glue [-] oslo_limit.max_version = None {{(pid=108417) log_opt_values /opt/stack/data/venv/lib/python3.12/site-packages/oslo_config/cfg.py:3006}}
May 09 03:16:46.930723 np0000172880 nova-scheduler[108417]: DEBUG cotyledon.oslo_config_glue [-] oslo_limit.min_version = None {{(pid=108417) log_opt_values /opt/stack/data/venv/lib/python3.12/site-packages/oslo_config/cfg.py:3006}}
May 09 03:16:46.930780 np0000172880 nova-scheduler[108417]: DEBUG cotyledon.oslo_config_glue [-] oslo_limit.region_name = None {{(pid=108417) log_opt_values /opt/stack/data/venv/lib/python3.12/site-packages/oslo_config/cfg.py:3006}}
May 09 03:16:46.930838 np0000172880 nova-scheduler[108417]: DEBUG cotyledon.oslo_config_glue [-] oslo_limit.retriable_status_codes = None {{(pid=108417) log_opt_values /opt/stack/data/venv/lib/python3.12/site-packages/oslo_config/cfg.py:3006}}
May 09 03:16:46.930912 np0000172880 nova-scheduler[108417]: DEBUG cotyledon.oslo_config_glue [-] oslo_limit.service_name = None {{(pid=108417) log_opt_values /opt/stack/data/venv/lib/python3.12/site-packages/oslo_config/cfg.py:3006}}
May 09 03:16:46.930970 np0000172880 nova-scheduler[108417]: DEBUG cotyledon.oslo_config_glue [-] oslo_limit.service_type = None {{(pid=108417) log_opt_values /opt/stack/data/venv/lib/python3.12/site-packages/oslo_config/cfg.py:3006}}
May 09 03:16:46.931051 np0000172880 nova-scheduler[108417]: DEBUG cotyledon.oslo_config_glue [-] oslo_limit.split_loggers = False {{(pid=108417) log_opt_values /opt/stack/data/venv/lib/python3.12/site-packages/oslo_config/cfg.py:3006}}
May 09 03:16:46.931110 np0000172880 nova-scheduler[108417]: DEBUG cotyledon.oslo_config_glue [-] oslo_limit.status_code_retries = None {{(pid=108417) log_opt_values /opt/stack/data/venv/lib/python3.12/site-packages/oslo_config/cfg.py:3006}}
May 09 03:16:46.931193 np0000172880 nova-scheduler[108417]: DEBUG cotyledon.oslo_config_glue [-] oslo_limit.status_code_retry_delay = None {{(pid=108417) log_opt_values /opt/stack/data/venv/lib/python3.12/site-packages/oslo_config/cfg.py:3006}}
May 09 03:16:46.931232 np0000172880 nova-scheduler[108417]: DEBUG cotyledon.oslo_config_glue [-] oslo_limit.timeout = None {{(pid=108417) log_opt_values /opt/stack/data/venv/lib/python3.12/site-packages/oslo_config/cfg.py:3006}}
May 09 03:16:46.931279 np0000172880 nova-scheduler[108417]: DEBUG cotyledon.oslo_config_glue [-] oslo_limit.valid_interfaces = None {{(pid=108417) log_opt_values /opt/stack/data/venv/lib/python3.12/site-packages/oslo_config/cfg.py:3006}}
May 09 03:16:46.931336 np0000172880 nova-scheduler[108417]: DEBUG cotyledon.oslo_config_glue [-] oslo_limit.version = None {{(pid=108417) log_opt_values /opt/stack/data/venv/lib/python3.12/site-packages/oslo_config/cfg.py:3006}}
May 09 03:16:46.931412 np0000172880 nova-scheduler[108417]: DEBUG cotyledon.oslo_config_glue [-] oslo_reports.file_event_handler = None {{(pid=108417) log_opt_values /opt/stack/data/venv/lib/python3.12/site-packages/oslo_config/cfg.py:3006}}
May 09 03:16:46.931471 np0000172880 nova-scheduler[108417]: DEBUG cotyledon.oslo_config_glue [-] oslo_reports.file_event_handler_interval = 1 {{(pid=108417) log_opt_values /opt/stack/data/venv/lib/python3.12/site-packages/oslo_config/cfg.py:3006}}
May 09 03:16:46.931543 np0000172880 nova-scheduler[108417]: DEBUG cotyledon.oslo_config_glue [-] oslo_reports.log_dir = None {{(pid=108417) log_opt_values /opt/stack/data/venv/lib/python3.12/site-packages/oslo_config/cfg.py:3006}}
May 09 03:16:46.931602 np0000172880 nova-scheduler[108417]: DEBUG cotyledon.oslo_config_glue [-] ******************************************************************************** {{(pid=108417) log_opt_values /opt/stack/data/venv/lib/python3.12/site-packages/oslo_config/cfg.py:3013}}
May 09 03:16:46.931789 np0000172880 nova-scheduler[108417]: DEBUG cotyledon._service_worker [-] Run service ServiceWrapper(0) [108417] {{(pid=108417) wait_forever /opt/stack/data/venv/lib/python3.12/site-packages/cotyledon/_service_worker.py:218}}
May 09 03:16:46.932998 np0000172880 nova-scheduler[108417]: INFO nova.service [-] Starting scheduler node (version 33.1.0)
May 09 03:16:46.935848 np0000172880 nova-scheduler[108440]: DEBUG oslo_db.sqlalchemy.engines [None req-9fe100de-c4bb-4a2f-98bb-c9dda9b5ee35 None None] MySQL server mode set to STRICT_TRANS_TABLES,STRICT_ALL_TABLES,NO_ZERO_IN_DATE,NO_ZERO_DATE,ERROR_FOR_DIVISION_BY_ZERO,TRADITIONAL,NO_ENGINE_SUBSTITUTION {{(pid=108440) _check_effective_sql_mode /opt/stack/data/venv/lib/python3.12/site-packages/oslo_db/sqlalchemy/engines.py:325}}
May 09 03:16:46.938789 np0000172880 nova-scheduler[108417]: INFO dbcounter [None req-a372f4f0-3bb6-4f6f-ae75-a8801c1b95ab None None] Registered counter for database nova_cell0
May 09 03:16:46.948906 np0000172880 nova-scheduler[108423]: DEBUG nova.service [None req-aef3ee5a-f5a2-4446-bf7d-08cd68b82283 None None] Join ServiceGroup membership for this service scheduler {{(pid=108423) start /opt/stack/nova/nova/service.py:221}}
May 09 03:16:46.949002 np0000172880 nova-scheduler[108432]: DEBUG nova.service [None req-44f95661-28a3-4b36-88b3-511e9f6ccf2f None None] Join ServiceGroup membership for this service scheduler {{(pid=108432) start /opt/stack/nova/nova/service.py:221}}
May 09 03:16:46.949198 np0000172880 nova-scheduler[108432]: DEBUG nova.servicegroup.drivers.db [None req-44f95661-28a3-4b36-88b3-511e9f6ccf2f None None] DB_Driver: join new ServiceGroup member np0000172880 to the scheduler group, service = {{(pid=108432) join /opt/stack/nova/nova/servicegroup/drivers/db.py:44}}
May 09 03:16:46.949272 np0000172880 nova-scheduler[108423]: DEBUG nova.servicegroup.drivers.db [None req-aef3ee5a-f5a2-4446-bf7d-08cd68b82283 None None] DB_Driver: join new ServiceGroup member np0000172880 to the scheduler group, service = {{(pid=108423) join /opt/stack/nova/nova/servicegroup/drivers/db.py:44}}
May 09 03:16:46.950521 np0000172880 nova-scheduler[108440]: DEBUG dbcounter [-] [108440] Writer thread running {{(pid=108440) stat_writer /opt/stack/data/venv/lib/python3.12/site-packages/dbcounter.py:102}}
May 09 03:16:46.953737 np0000172880 nova-scheduler[108417]: DEBUG oslo_db.sqlalchemy.engines [None req-a372f4f0-3bb6-4f6f-ae75-a8801c1b95ab None None] MySQL server mode set to STRICT_TRANS_TABLES,STRICT_ALL_TABLES,NO_ZERO_IN_DATE,NO_ZERO_DATE,ERROR_FOR_DIVISION_BY_ZERO,TRADITIONAL,NO_ENGINE_SUBSTITUTION {{(pid=108417) _check_effective_sql_mode /opt/stack/data/venv/lib/python3.12/site-packages/oslo_db/sqlalchemy/engines.py:325}}
May 09 03:16:46.956865 np0000172880 nova-scheduler[108440]: DEBUG nova.service [None req-9fe100de-c4bb-4a2f-98bb-c9dda9b5ee35 None None] Creating RPC server for service: nova-scheduler on topic: scheduler {{(pid=108440) start /opt/stack/nova/nova/service.py:195}}
May 09 03:16:46.967617 np0000172880 nova-scheduler[108417]: DEBUG dbcounter [-] [108417] Writer thread running {{(pid=108417) stat_writer /opt/stack/data/venv/lib/python3.12/site-packages/dbcounter.py:102}}
May 09 03:16:46.970886 np0000172880 nova-scheduler[108417]: DEBUG nova.service [None req-a372f4f0-3bb6-4f6f-ae75-a8801c1b95ab None None] Creating RPC server for service: nova-scheduler on topic: scheduler {{(pid=108417) start /opt/stack/nova/nova/service.py:195}}
May 09 03:16:46.982324 np0000172880 nova-scheduler[108440]: DEBUG nova.service [None req-9fe100de-c4bb-4a2f-98bb-c9dda9b5ee35 None None] Join ServiceGroup membership for this service scheduler {{(pid=108440) start /opt/stack/nova/nova/service.py:221}}
May 09 03:16:46.982324 np0000172880 nova-scheduler[108440]: DEBUG nova.servicegroup.drivers.db [None req-9fe100de-c4bb-4a2f-98bb-c9dda9b5ee35 None None] DB_Driver: join new ServiceGroup member np0000172880 to the scheduler group, service = {{(pid=108440) join /opt/stack/nova/nova/servicegroup/drivers/db.py:44}}
May 09 03:16:46.991061 np0000172880 nova-scheduler[108417]: DEBUG nova.service [None req-a372f4f0-3bb6-4f6f-ae75-a8801c1b95ab None None] Join ServiceGroup membership for this service scheduler {{(pid=108417) start /opt/stack/nova/nova/service.py:221}}
May 09 03:16:46.991291 np0000172880 nova-scheduler[108417]: DEBUG nova.servicegroup.drivers.db [None req-a372f4f0-3bb6-4f6f-ae75-a8801c1b95ab None None] DB_Driver: join new ServiceGroup member np0000172880 to the scheduler group, service = {{(pid=108417) join /opt/stack/nova/nova/servicegroup/drivers/db.py:44}}
May 09 03:16:51.968473 np0000172880 nova-scheduler[108432]: DEBUG oslo.service.backend._threading.loopingcall [-] Fixed interval looping call 'nova.servicegroup.drivers.db.DbDriver._report_state' sleeping for 119.98 seconds {{(pid=108432) _run_loop /opt/stack/data/venv/lib/python3.12/site-packages/oslo_service/backend/_threading/loopingcall.py:125}}
May 09 03:16:51.969873 np0000172880 nova-scheduler[108423]: DEBUG oslo.service.backend._threading.loopingcall [-] Fixed interval looping call 'nova.servicegroup.drivers.db.DbDriver._report_state' sleeping for 119.98 seconds {{(pid=108423) _run_loop /opt/stack/data/venv/lib/python3.12/site-packages/oslo_service/backend/_threading/loopingcall.py:125}}
May 09 03:16:51.997624 np0000172880 nova-scheduler[108440]: DEBUG oslo.service.backend._threading.loopingcall [-] Fixed interval looping call 'nova.servicegroup.drivers.db.DbDriver._report_state' sleeping for 119.99 seconds {{(pid=108440) _run_loop /opt/stack/data/venv/lib/python3.12/site-packages/oslo_service/backend/_threading/loopingcall.py:125}}
May 09 03:16:52.006105 np0000172880 nova-scheduler[108417]: DEBUG oslo.service.backend._threading.loopingcall [-] Fixed interval looping call 'nova.servicegroup.drivers.db.DbDriver._report_state' sleeping for 119.99 seconds {{(pid=108417) _run_loop /opt/stack/data/venv/lib/python3.12/site-packages/oslo_service/backend/_threading/loopingcall.py:125}}
May 09 03:16:55.543659 np0000172880 nova-scheduler[107719]: DEBUG dbcounter [-] [107719] Writing DB stats nova_api:SELECT=3 {{(pid=107719) stat_writer /opt/stack/data/venv/lib/python3.12/site-packages/dbcounter.py:115}}
May 09 03:16:55.638858 np0000172880 nova-scheduler[107719]: DEBUG dbcounter [-] [107719] Writing DB stats nova_cell1:SELECT=1 {{(pid=107719) stat_writer /opt/stack/data/venv/lib/python3.12/site-packages/dbcounter.py:115}}
May 09 03:16:55.645894 np0000172880 nova-scheduler[107719]: DEBUG dbcounter [-] [107719] Writing DB stats nova_cell0:SELECT=1 {{(pid=107719) stat_writer /opt/stack/data/venv/lib/python3.12/site-packages/dbcounter.py:115}}
May 09 03:17:01.962788 np0000172880 nova-scheduler[108432]: DEBUG dbcounter [-] [108432] Writing DB stats nova_cell0:SELECT=5,nova_cell0:INSERT=1,nova_cell0:UPDATE=1 {{(pid=108432) stat_writer /opt/stack/data/venv/lib/python3.12/site-packages/dbcounter.py:115}}
May 09 03:17:01.965043 np0000172880 nova-scheduler[108423]: DEBUG dbcounter [-] [108423] Writing DB stats nova_cell0:SELECT=4,nova_cell0:INSERT=1,nova_cell0:UPDATE=1 {{(pid=108423) stat_writer /opt/stack/data/venv/lib/python3.12/site-packages/dbcounter.py:115}}
May 09 03:17:01.994323 np0000172880 nova-scheduler[108440]: DEBUG dbcounter [-] [108440] Writing DB stats nova_cell0:SELECT=3 {{(pid=108440) stat_writer /opt/stack/data/venv/lib/python3.12/site-packages/dbcounter.py:115}}
May 09 03:17:02.002657 np0000172880 nova-scheduler[108417]: DEBUG dbcounter [-] [108417] Writing DB stats nova_cell0:SELECT=3 {{(pid=108417) stat_writer /opt/stack/data/venv/lib/python3.12/site-packages/dbcounter.py:115}}
May 09 03:17:16.952558 np0000172880 nova-scheduler[108423]: DEBUG oslo.service.backend._threading.loopingcall [None req-a071aa26-3cd4-4818-8a66-1b82e23e4110 None None] Dynamic interval looping call 'nova.service.Service.periodic_tasks' sleeping for 60.00 seconds {{(pid=108423) _run_loop /opt/stack/data/venv/lib/python3.12/site-packages/oslo_service/backend/_threading/loopingcall.py:125}}
May 09 03:17:27.994713 np0000172880 nova-scheduler[108417]: DEBUG oslo.service.backend._threading.loopingcall [None req-d680556b-19cd-4272-9194-892fa9bbf364 None None] Dynamic interval looping call 'nova.service.Service.periodic_tasks' sleeping for 60.00 seconds {{(pid=108417) _run_loop /opt/stack/data/venv/lib/python3.12/site-packages/oslo_service/backend/_threading/loopingcall.py:125}}
May 09 03:17:30.985477 np0000172880 nova-scheduler[108440]: DEBUG oslo.service.backend._threading.loopingcall [None req-f685f95c-a3e7-4f5b-ac8d-b4c9d59817e1 None None] Dynamic interval looping call 'nova.service.Service.periodic_tasks' sleeping for 60.00 seconds {{(pid=108440) _run_loop /opt/stack/data/venv/lib/python3.12/site-packages/oslo_service/backend/_threading/loopingcall.py:125}}
May 09 03:17:40.952259 np0000172880 nova-scheduler[108432]: DEBUG oslo.service.backend._threading.loopingcall [None req-5746d429-c493-47a9-8b37-d45fbb542d06 None None] Dynamic interval looping call 'nova.service.Service.periodic_tasks' sleeping for 60.00 seconds {{(pid=108432) _run_loop /opt/stack/data/venv/lib/python3.12/site-packages/oslo_service/backend/_threading/loopingcall.py:125}}
May 09 03:18:16.953237 np0000172880 nova-scheduler[108423]: DEBUG oslo.service.backend._threading.loopingcall [None req-a071aa26-3cd4-4818-8a66-1b82e23e4110 None None] Dynamic interval looping call 'nova.service.Service.periodic_tasks' sleeping for 60.00 seconds {{(pid=108423) _run_loop /opt/stack/data/venv/lib/python3.12/site-packages/oslo_service/backend/_threading/loopingcall.py:125}}
May 09 03:18:27.995658 np0000172880 nova-scheduler[108417]: DEBUG oslo.service.backend._threading.loopingcall [None req-d680556b-19cd-4272-9194-892fa9bbf364 None None] Dynamic interval looping call 'nova.service.Service.periodic_tasks' sleeping for 60.00 seconds {{(pid=108417) _run_loop /opt/stack/data/venv/lib/python3.12/site-packages/oslo_service/backend/_threading/loopingcall.py:125}}
May 09 03:18:30.986296 np0000172880 nova-scheduler[108440]: DEBUG oslo.service.backend._threading.loopingcall [None req-f685f95c-a3e7-4f5b-ac8d-b4c9d59817e1 None None] Dynamic interval looping call 'nova.service.Service.periodic_tasks' sleeping for 60.00 seconds {{(pid=108440) _run_loop /opt/stack/data/venv/lib/python3.12/site-packages/oslo_service/backend/_threading/loopingcall.py:125}}
May 09 03:18:40.953030 np0000172880 nova-scheduler[108432]: DEBUG oslo.service.backend._threading.loopingcall [None req-5746d429-c493-47a9-8b37-d45fbb542d06 None None] Dynamic interval looping call 'nova.service.Service.periodic_tasks' sleeping for 60.00 seconds {{(pid=108432) _run_loop /opt/stack/data/venv/lib/python3.12/site-packages/oslo_service/backend/_threading/loopingcall.py:125}}
May 09 03:18:51.959874 np0000172880 nova-scheduler[108432]: DEBUG oslo.service.backend._threading.loopingcall [-] Fixed interval looping call 'nova.servicegroup.drivers.db.DbDriver._report_state' sleeping for 119.99 seconds {{(pid=108432) _run_loop /opt/stack/data/venv/lib/python3.12/site-packages/oslo_service/backend/_threading/loopingcall.py:125}}
May 09 03:18:51.961028 np0000172880 nova-scheduler[108423]: DEBUG oslo.service.backend._threading.loopingcall [-] Fixed interval looping call 'nova.servicegroup.drivers.db.DbDriver._report_state' sleeping for 119.99 seconds {{(pid=108423) _run_loop /opt/stack/data/venv/lib/python3.12/site-packages/oslo_service/backend/_threading/loopingcall.py:125}}
May 09 03:18:51.993399 np0000172880 nova-scheduler[108440]: DEBUG oslo.service.backend._threading.loopingcall [-] Fixed interval looping call 'nova.servicegroup.drivers.db.DbDriver._report_state' sleeping for 119.99 seconds {{(pid=108440) _run_loop /opt/stack/data/venv/lib/python3.12/site-packages/oslo_service/backend/_threading/loopingcall.py:125}}
May 09 03:18:52.002582 np0000172880 nova-scheduler[108417]: DEBUG oslo.service.backend._threading.loopingcall [-] Fixed interval looping call 'nova.servicegroup.drivers.db.DbDriver._report_state' sleeping for 119.99 seconds {{(pid=108417) _run_loop /opt/stack/data/venv/lib/python3.12/site-packages/oslo_service/backend/_threading/loopingcall.py:125}}
May 09 03:19:01.954723 np0000172880 nova-scheduler[108432]: DEBUG dbcounter [-] [108432] Writing DB stats nova_cell0:SELECT=1,nova_cell0:UPDATE=1 {{(pid=108432) stat_writer /opt/stack/data/venv/lib/python3.12/site-packages/dbcounter.py:115}}
May 09 03:19:01.996343 np0000172880 nova-scheduler[108423]: DEBUG dbcounter [-] [108423] Writing DB stats nova_cell0:SELECT=1,nova_cell0:UPDATE=1 {{(pid=108423) stat_writer /opt/stack/data/venv/lib/python3.12/site-packages/dbcounter.py:115}}
May 09 03:19:01.997021 np0000172880 nova-scheduler[108440]: DEBUG dbcounter [-] [108440] Writing DB stats nova_cell0:SELECT=1 {{(pid=108440) stat_writer /opt/stack/data/venv/lib/python3.12/site-packages/dbcounter.py:115}}
May 09 03:19:01.999661 np0000172880 nova-scheduler[108417]: DEBUG dbcounter [-] [108417] Writing DB stats nova_cell0:SELECT=1 {{(pid=108417) stat_writer /opt/stack/data/venv/lib/python3.12/site-packages/dbcounter.py:115}}
May 09 03:19:16.953779 np0000172880 nova-scheduler[108423]: DEBUG oslo.service.backend._threading.loopingcall [None req-a071aa26-3cd4-4818-8a66-1b82e23e4110 None None] Dynamic interval looping call 'nova.service.Service.periodic_tasks' sleeping for 60.00 seconds {{(pid=108423) _run_loop /opt/stack/data/venv/lib/python3.12/site-packages/oslo_service/backend/_threading/loopingcall.py:125}}
May 09 03:19:27.996509 np0000172880 nova-scheduler[108417]: DEBUG oslo.service.backend._threading.loopingcall [None req-d680556b-19cd-4272-9194-892fa9bbf364 None None] Dynamic interval looping call 'nova.service.Service.periodic_tasks' sleeping for 60.00 seconds {{(pid=108417) _run_loop /opt/stack/data/venv/lib/python3.12/site-packages/oslo_service/backend/_threading/loopingcall.py:125}}
May 09 03:19:30.987025 np0000172880 nova-scheduler[108440]: DEBUG oslo.service.backend._threading.loopingcall [None req-f685f95c-a3e7-4f5b-ac8d-b4c9d59817e1 None None] Dynamic interval looping call 'nova.service.Service.periodic_tasks' sleeping for 60.00 seconds {{(pid=108440) _run_loop /opt/stack/data/venv/lib/python3.12/site-packages/oslo_service/backend/_threading/loopingcall.py:125}}
May 09 03:19:40.953714 np0000172880 nova-scheduler[108432]: DEBUG oslo.service.backend._threading.loopingcall [None req-5746d429-c493-47a9-8b37-d45fbb542d06 None None] Dynamic interval looping call 'nova.service.Service.periodic_tasks' sleeping for 60.00 seconds {{(pid=108432) _run_loop /opt/stack/data/venv/lib/python3.12/site-packages/oslo_service/backend/_threading/loopingcall.py:125}}
May 09 03:20:16.954635 np0000172880 nova-scheduler[108423]: DEBUG oslo.service.backend._threading.loopingcall [None req-a071aa26-3cd4-4818-8a66-1b82e23e4110 None None] Dynamic interval looping call 'nova.service.Service.periodic_tasks' sleeping for 60.00 seconds {{(pid=108423) _run_loop /opt/stack/data/venv/lib/python3.12/site-packages/oslo_service/backend/_threading/loopingcall.py:125}}
May 09 03:20:27.997573 np0000172880 nova-scheduler[108417]: DEBUG oslo.service.backend._threading.loopingcall [None req-d680556b-19cd-4272-9194-892fa9bbf364 None None] Dynamic interval looping call 'nova.service.Service.periodic_tasks' sleeping for 60.00 seconds {{(pid=108417) _run_loop /opt/stack/data/venv/lib/python3.12/site-packages/oslo_service/backend/_threading/loopingcall.py:125}}
May 09 03:20:30.987857 np0000172880 nova-scheduler[108440]: DEBUG oslo.service.backend._threading.loopingcall [None req-f685f95c-a3e7-4f5b-ac8d-b4c9d59817e1 None None] Dynamic interval looping call 'nova.service.Service.periodic_tasks' sleeping for 60.00 seconds {{(pid=108440) _run_loop /opt/stack/data/venv/lib/python3.12/site-packages/oslo_service/backend/_threading/loopingcall.py:125}}
May 09 03:20:40.954522 np0000172880 nova-scheduler[108432]: DEBUG oslo.service.backend._threading.loopingcall [None req-5746d429-c493-47a9-8b37-d45fbb542d06 None None] Dynamic interval looping call 'nova.service.Service.periodic_tasks' sleeping for 60.00 seconds {{(pid=108432) _run_loop /opt/stack/data/venv/lib/python3.12/site-packages/oslo_service/backend/_threading/loopingcall.py:125}}
May 09 03:20:42.989222 np0000172880 nova-scheduler[108423]: DEBUG nova.scheduler.manager [None req-efde7ab8-a682-4f9f-ad3d-1faa0ec2ad6f demo demo] Starting to schedule for instances: ['accd8882-cb58-45fa-893c-42e27056ef6a'] {{(pid=108423) select_destinations /opt/stack/nova/nova/scheduler/manager.py:210}}
May 09 03:20:42.991726 np0000172880 nova-scheduler[108423]: DEBUG oslo_db.sqlalchemy.engines [None req-efde7ab8-a682-4f9f-ad3d-1faa0ec2ad6f demo demo] Parent process 107719 forked (108423) with an open database connection, which is being discarded and recreated. {{(pid=108423) checkout /opt/stack/data/venv/lib/python3.12/site-packages/oslo_db/sqlalchemy/engines.py:402}}
May 09 03:20:42.998389 np0000172880 nova-scheduler[108423]: DEBUG dbcounter [-] [108423] Writer thread running {{(pid=108423) stat_writer /opt/stack/data/venv/lib/python3.12/site-packages/dbcounter.py:102}}
May 09 03:20:43.000703 np0000172880 nova-scheduler[108423]: DEBUG nova.scheduler.request_filter [None req-efde7ab8-a682-4f9f-ad3d-1faa0ec2ad6f demo demo] Request filter 'map_az_to_placement_aggregate' took 0.0 seconds {{(pid=108423) wrapper /opt/stack/nova/nova/scheduler/request_filter.py:46}}
May 09 03:20:43.001048 np0000172880 nova-scheduler[108423]: DEBUG nova.scheduler.request_filter [None req-efde7ab8-a682-4f9f-ad3d-1faa0ec2ad6f demo demo] compute_status_filter request filter added forbidden trait COMPUTE_STATUS_DISABLED {{(pid=108423) compute_status_filter /opt/stack/nova/nova/scheduler/request_filter.py:253}}
