May 06 04:19:29.713228 np0000172169 systemd[1]: Starting devstack@n-api-meta.service - Devstack devstack@n-api-meta.service...
May 06 04:19:29.719494 np0000172169 devstack@n-api-meta.service[108432]: [uWSGI] getting INI configuration from /etc/nova/nova-metadata-uwsgi.ini
May 06 04:19:29.723755 np0000172169 devstack@n-api-meta.service[108432]: *** Starting uWSGI 2.0.24-debian (64bit) on [Wed May 6 04:19:29 2026] ***
May 06 04:19:29.723755 np0000172169 devstack@n-api-meta.service[108432]: compiled with version: 13.2.0 on 17 April 2024 16:23:48
May 06 04:19:29.723755 np0000172169 devstack@n-api-meta.service[108432]: os: Linux-6.8.0-110-generic #110-Ubuntu SMP PREEMPT_DYNAMIC Thu Mar 19 15:09:20 UTC 2026
May 06 04:19:29.723755 np0000172169 devstack@n-api-meta.service[108432]: nodename: np0000172169
May 06 04:19:29.723755 np0000172169 devstack@n-api-meta.service[108432]: machine: x86_64
May 06 04:19:29.723755 np0000172169 devstack@n-api-meta.service[108432]: clock source: unix
May 06 04:19:29.723755 np0000172169 devstack@n-api-meta.service[108432]: pcre jit disabled
May 06 04:19:29.723755 np0000172169 devstack@n-api-meta.service[108432]: detected number of CPU cores: 16
May 06 04:19:29.723755 np0000172169 devstack@n-api-meta.service[108432]: current working directory: /
May 06 04:19:29.723755 np0000172169 devstack@n-api-meta.service[108432]: detected binary path: /usr/bin/uwsgi-core
May 06 04:19:29.723755 np0000172169 devstack@n-api-meta.service[108432]: your processes number limit is 256917
May 06 04:19:29.723755 np0000172169 devstack@n-api-meta.service[108432]: your memory page size is 4096 bytes
May 06 04:19:29.723755 np0000172169 devstack@n-api-meta.service[108432]: detected max file descriptor number: 2048
May 06 04:19:29.723755 np0000172169 devstack@n-api-meta.service[108432]: lock engine: pthread robust mutexes
May 06 04:19:29.724528 np0000172169 devstack@n-api-meta.service[108432]: thunder lock: enabled
May 06 04:19:29.724820 np0000172169 devstack@n-api-meta.service[108432]: uWSGI http bound on 0.0.0.0:8775 fd 5
May 06 04:19:29.724892 np0000172169 devstack@n-api-meta.service[108432]: uwsgi socket 0 bound to TCP address 127.0.0.1:41303 (port auto-assigned) fd 4
May 06 04:19:29.724948 np0000172169 devstack@n-api-meta.service[108432]: Python version: 3.12.3 (main, Mar 23 2026, 19:04:32) [GCC 13.3.0]
May 06 04:19:29.724948 np0000172169 devstack@n-api-meta.service[108432]: PEP 405 virtualenv detected: /opt/stack/data/venv
May 06 04:19:29.724948 np0000172169 devstack@n-api-meta.service[108432]: Set PythonHome to /opt/stack/data/venv
May 06 04:19:29.764212 np0000172169 devstack@n-api-meta.service[108432]: Python main interpreter initialized at 0x75f54f4a3668
May 06 04:19:29.764212 np0000172169 devstack@n-api-meta.service[108432]: python threads support enabled
May 06 04:19:29.764212 np0000172169 devstack@n-api-meta.service[108432]: your server socket listen backlog is limited to 100 connections
May 06 04:19:29.764212 np0000172169 devstack@n-api-meta.service[108432]: your mercy for graceful operations on workers is 80 seconds
May 06 04:19:29.764783 np0000172169 devstack@n-api-meta.service[108432]: mapped 671795 bytes (656 KB) for 4 cores
May 06 04:19:29.764959 np0000172169 devstack@n-api-meta.service[108432]: *** Operational MODE: preforking ***
May 06 04:19:29.765186 np0000172169 devstack@n-api-meta.service[108432]: *** uWSGI is running in multiple interpreter mode ***
May 06 04:19:29.765186 np0000172169 devstack@n-api-meta.service[108432]: spawned uWSGI master process (pid: 108432)
May 06 04:19:29.765335 np0000172169 systemd[1]: Started devstack@n-api-meta.service - Devstack devstack@n-api-meta.service.
May 06 04:19:29.766188 np0000172169 devstack@n-api-meta.service[108432]: spawned uWSGI worker 1 (pid: 108433, cores: 1)
May 06 04:19:29.766841 np0000172169 devstack@n-api-meta.service[108432]: spawned uWSGI worker 2 (pid: 108434, cores: 1)
May 06 04:19:29.767406 np0000172169 devstack@n-api-meta.service[108432]: spawned uWSGI worker 3 (pid: 108435, cores: 1)
May 06 04:19:29.767965 np0000172169 devstack@n-api-meta.service[108432]: spawned uWSGI worker 4 (pid: 108436, cores: 1)
May 06 04:19:29.768503 np0000172169 devstack@n-api-meta.service[108432]: spawned uWSGI http 1 (pid: 108437)
May 06 04:19:29.768503 np0000172169 devstack@n-api-meta.service[108432]: running "unix_signal:15 gracefully_kill_them_all" (master-start)...
May 06 04:19:30.084608 np0000172169 devstack@n-api-meta.service[108434]: /opt/stack/data/venv/lib/python3.12/site-packages/oslo_concurrency/lockutils.py:41: EventletDeprecationWarning:
May 06 04:19:30.084608 np0000172169 devstack@n-api-meta.service[108434]: Eventlet is deprecated. It is currently being maintained in bugfix mode, and
May 06 04:19:30.084608 np0000172169 devstack@n-api-meta.service[108434]: we strongly recommend against using it for new projects.
May 06 04:19:30.084608 np0000172169 devstack@n-api-meta.service[108434]: If you are already using Eventlet, we recommend migrating to a different
May 06 04:19:30.084608 np0000172169 devstack@n-api-meta.service[108434]: framework. For more detail see
May 06 04:19:30.084608 np0000172169 devstack@n-api-meta.service[108434]: https://eventlet.readthedocs.io/en/latest/asyncio/migration.html
May 06 04:19:30.084608 np0000172169 devstack@n-api-meta.service[108434]: import eventlet
May 06 04:19:30.099070 np0000172169 devstack@n-api-meta.service[108436]: /opt/stack/data/venv/lib/python3.12/site-packages/oslo_concurrency/lockutils.py:41: EventletDeprecationWarning:
May 06 04:19:30.099070 np0000172169 devstack@n-api-meta.service[108436]: Eventlet is deprecated. It is currently being maintained in bugfix mode, and
May 06 04:19:30.099070 np0000172169 devstack@n-api-meta.service[108436]: we strongly recommend against using it for new projects.
May 06 04:19:30.099070 np0000172169 devstack@n-api-meta.service[108436]: If you are already using Eventlet, we recommend migrating to a different
May 06 04:19:30.099070 np0000172169 devstack@n-api-meta.service[108436]: framework. For more detail see
May 06 04:19:30.099070 np0000172169 devstack@n-api-meta.service[108436]: https://eventlet.readthedocs.io/en/latest/asyncio/migration.html
May 06 04:19:30.099070 np0000172169 devstack@n-api-meta.service[108436]: import eventlet
May 06 04:19:30.099648 np0000172169 devstack@n-api-meta.service[108435]: /opt/stack/data/venv/lib/python3.12/site-packages/oslo_concurrency/lockutils.py:41: EventletDeprecationWarning:
May 06 04:19:30.099648 np0000172169 devstack@n-api-meta.service[108435]: Eventlet is deprecated. It is currently being maintained in bugfix mode, and
May 06 04:19:30.099648 np0000172169 devstack@n-api-meta.service[108435]: we strongly recommend against using it for new projects.
May 06 04:19:30.099648 np0000172169 devstack@n-api-meta.service[108435]: If you are already using Eventlet, we recommend migrating to a different
May 06 04:19:30.099648 np0000172169 devstack@n-api-meta.service[108435]: framework. For more detail see
May 06 04:19:30.099648 np0000172169 devstack@n-api-meta.service[108435]: https://eventlet.readthedocs.io/en/latest/asyncio/migration.html
May 06 04:19:30.099648 np0000172169 devstack@n-api-meta.service[108435]: import eventlet
May 06 04:19:30.111299 np0000172169 devstack@n-api-meta.service[108433]: /opt/stack/data/venv/lib/python3.12/site-packages/oslo_concurrency/lockutils.py:41: EventletDeprecationWarning:
May 06 04:19:30.111299 np0000172169 devstack@n-api-meta.service[108433]: Eventlet is deprecated. It is currently being maintained in bugfix mode, and
May 06 04:19:30.111299 np0000172169 devstack@n-api-meta.service[108433]: we strongly recommend against using it for new projects.
May 06 04:19:30.111299 np0000172169 devstack@n-api-meta.service[108433]: If you are already using Eventlet, we recommend migrating to a different
May 06 04:19:30.111299 np0000172169 devstack@n-api-meta.service[108433]: framework. For more detail see
May 06 04:19:30.111299 np0000172169 devstack@n-api-meta.service[108433]: https://eventlet.readthedocs.io/en/latest/asyncio/migration.html
May 06 04:19:30.111299 np0000172169 devstack@n-api-meta.service[108433]: import eventlet
May 06 04:19:30.151399 np0000172169 devstack@n-api-meta.service[108436]: Service is starting with native threading. This is currently experimental. Do not use it in production without first testing it in pre-production.
May 06 04:19:30.153381 np0000172169 devstack@n-api-meta.service[108435]: Service is starting with native threading. This is currently experimental. Do not use it in production without first testing it in pre-production.
May 06 04:19:30.154800 np0000172169 devstack@n-api-meta.service[108434]: Service is starting with native threading. This is currently experimental. Do not use it in production without first testing it in pre-production.
May 06 04:19:30.164330 np0000172169 devstack@n-api-meta.service[108433]: Service is starting with native threading. This is currently experimental. Do not use it in production without first testing it in pre-production.
May 06 04:19:31.599291 np0000172169 devstack@n-api-meta.service[108433]: INFO dbcounter [None req-504a4608-c967-4d77-a7e3-2d852be23f90 None None] Registered counter for database nova_api
May 06 04:19:31.616729 np0000172169 devstack@n-api-meta.service[108433]: DEBUG oslo_db.sqlalchemy.engines [None req-504a4608-c967-4d77-a7e3-2d852be23f90 None None] MySQL server mode set to STRICT_TRANS_TABLES,STRICT_ALL_TABLES,NO_ZERO_IN_DATE,NO_ZERO_DATE,ERROR_FOR_DIVISION_BY_ZERO,TRADITIONAL,NO_ENGINE_SUBSTITUTION {{(pid=108433) _check_effective_sql_mode /opt/stack/data/venv/lib/python3.12/site-packages/oslo_db/sqlalchemy/engines.py:325}}
May 06 04:19:31.630458 np0000172169 devstack@n-api-meta.service[108434]: INFO dbcounter [None req-35dc9ec4-4482-4659-86f5-0974c230d8b2 None None] Registered counter for database nova_api
May 06 04:19:31.646237 np0000172169 devstack@n-api-meta.service[108434]: DEBUG oslo_db.sqlalchemy.engines [None req-35dc9ec4-4482-4659-86f5-0974c230d8b2 None None] MySQL server mode set to STRICT_TRANS_TABLES,STRICT_ALL_TABLES,NO_ZERO_IN_DATE,NO_ZERO_DATE,ERROR_FOR_DIVISION_BY_ZERO,TRADITIONAL,NO_ENGINE_SUBSTITUTION {{(pid=108434) _check_effective_sql_mode /opt/stack/data/venv/lib/python3.12/site-packages/oslo_db/sqlalchemy/engines.py:325}}
May 06 04:19:31.652078 np0000172169 devstack@n-api-meta.service[108433]: DEBUG dbcounter [-] [108433] Writer thread running {{(pid=108433) stat_writer /opt/stack/data/venv/lib/python3.12/site-packages/dbcounter.py:102}}
May 06 04:19:31.654824 np0000172169 devstack@n-api-meta.service[108433]: DEBUG nova.context [None req-504a4608-c967-4d77-a7e3-2d852be23f90 None None] Found 2 cells: 00000000-0000-0000-0000-000000000000(cell0),41656d2a-d282-40b5-af95-c32cf103bbe3(cell1) {{(pid=108433) load_cells /opt/stack/nova/nova/context.py:509}}
May 06 04:19:31.655067 np0000172169 devstack@n-api-meta.service[108433]: INFO nova.utils [None req-504a4608-c967-4d77-a7e3-2d852be23f90 None None] The cell worker thread pool MainProcess.cell_worker is initialized
May 06 04:19:31.657100 np0000172169 devstack@n-api-meta.service[108433]: DEBUG oslo_concurrency.lockutils [None req-504a4608-c967-4d77-a7e3-2d852be23f90 None None] Acquiring lock "00000000-0000-0000-0000-000000000000" by "nova.context.set_target_cell..get_or_set_cached_cell_and_set_connections" {{(pid=108433) inner /opt/stack/data/venv/lib/python3.12/site-packages/oslo_concurrency/lockutils.py:506}}
May 06 04:19:31.657269 np0000172169 devstack@n-api-meta.service[108433]: DEBUG oslo_concurrency.lockutils [None req-504a4608-c967-4d77-a7e3-2d852be23f90 None None] Lock "00000000-0000-0000-0000-000000000000" acquired by "nova.context.set_target_cell..get_or_set_cached_cell_and_set_connections" :: waited 0.000s {{(pid=108433) inner /opt/stack/data/venv/lib/python3.12/site-packages/oslo_concurrency/lockutils.py:519}}
May 06 04:19:31.657635 np0000172169 devstack@n-api-meta.service[108433]: DEBUG oslo_concurrency.lockutils [None req-504a4608-c967-4d77-a7e3-2d852be23f90 None None] Lock "00000000-0000-0000-0000-000000000000" "released" by "nova.context.set_target_cell..get_or_set_cached_cell_and_set_connections" :: held 0.000s {{(pid=108433) inner /opt/stack/data/venv/lib/python3.12/site-packages/oslo_concurrency/lockutils.py:538}}
May 06 04:19:31.658914 np0000172169 devstack@n-api-meta.service[108433]: DEBUG oslo_concurrency.lockutils [None req-504a4608-c967-4d77-a7e3-2d852be23f90 None None] Acquiring lock "41656d2a-d282-40b5-af95-c32cf103bbe3" by "nova.context.set_target_cell..get_or_set_cached_cell_and_set_connections" {{(pid=108433) inner /opt/stack/data/venv/lib/python3.12/site-packages/oslo_concurrency/lockutils.py:506}}
May 06 04:19:31.658914 np0000172169 devstack@n-api-meta.service[108433]: DEBUG oslo_concurrency.lockutils [None req-504a4608-c967-4d77-a7e3-2d852be23f90 None None] Lock "41656d2a-d282-40b5-af95-c32cf103bbe3" acquired by "nova.context.set_target_cell..get_or_set_cached_cell_and_set_connections" :: waited 0.000s {{(pid=108433) inner /opt/stack/data/venv/lib/python3.12/site-packages/oslo_concurrency/lockutils.py:519}}
May 06 04:19:31.659825 np0000172169 devstack@n-api-meta.service[108433]: DEBUG oslo_concurrency.lockutils [None req-504a4608-c967-4d77-a7e3-2d852be23f90 None None] Lock "41656d2a-d282-40b5-af95-c32cf103bbe3" "released" by "nova.context.set_target_cell..get_or_set_cached_cell_and_set_connections" :: held 0.001s {{(pid=108433) inner /opt/stack/data/venv/lib/python3.12/site-packages/oslo_concurrency/lockutils.py:538}}
May 06 04:19:31.668492 np0000172169 devstack@n-api-meta.service[108433]: INFO dbcounter [None req-504a4608-c967-4d77-a7e3-2d852be23f90 None None] Registered counter for database nova_cell0
May 06 04:19:31.671423 np0000172169 devstack@n-api-meta.service[108433]: INFO dbcounter [None req-504a4608-c967-4d77-a7e3-2d852be23f90 None None] Registered counter for database nova_cell1
May 06 04:19:31.674844 np0000172169 devstack@n-api-meta.service[108435]: INFO dbcounter [None req-387db2d3-c12a-4241-9060-b458a920f27d None None] Registered counter for database nova_api
May 06 04:19:31.680179 np0000172169 devstack@n-api-meta.service[108434]: DEBUG dbcounter [-] [108434] Writer thread running {{(pid=108434) stat_writer /opt/stack/data/venv/lib/python3.12/site-packages/dbcounter.py:102}}
May 06 04:19:31.681638 np0000172169 devstack@n-api-meta.service[108436]: INFO dbcounter [None req-971d49de-ac43-440c-9a02-1f6e3ef9ba14 None None] Registered counter for database nova_api
May 06 04:19:31.683178 np0000172169 devstack@n-api-meta.service[108434]: DEBUG nova.context [None req-35dc9ec4-4482-4659-86f5-0974c230d8b2 None None] Found 2 cells: 00000000-0000-0000-0000-000000000000(cell0),41656d2a-d282-40b5-af95-c32cf103bbe3(cell1) {{(pid=108434) load_cells /opt/stack/nova/nova/context.py:509}}
May 06 04:19:31.683345 np0000172169 devstack@n-api-meta.service[108433]: DEBUG oslo_db.sqlalchemy.engines [None req-504a4608-c967-4d77-a7e3-2d852be23f90 None None] MySQL server mode set to STRICT_TRANS_TABLES,STRICT_ALL_TABLES,NO_ZERO_IN_DATE,NO_ZERO_DATE,ERROR_FOR_DIVISION_BY_ZERO,TRADITIONAL,NO_ENGINE_SUBSTITUTION {{(pid=108433) _check_effective_sql_mode /opt/stack/data/venv/lib/python3.12/site-packages/oslo_db/sqlalchemy/engines.py:325}}
May 06 04:19:31.683410 np0000172169 devstack@n-api-meta.service[108434]: INFO nova.utils [None req-35dc9ec4-4482-4659-86f5-0974c230d8b2 None None] The cell worker thread pool MainProcess.cell_worker is initialized
May 06 04:19:31.685353 np0000172169 devstack@n-api-meta.service[108434]: DEBUG oslo_concurrency.lockutils [None req-35dc9ec4-4482-4659-86f5-0974c230d8b2 None None] Acquiring lock "00000000-0000-0000-0000-000000000000" by "nova.context.set_target_cell..get_or_set_cached_cell_and_set_connections" {{(pid=108434) inner /opt/stack/data/venv/lib/python3.12/site-packages/oslo_concurrency/lockutils.py:506}}
May 06 04:19:31.685523 np0000172169 devstack@n-api-meta.service[108434]: DEBUG oslo_concurrency.lockutils [None req-35dc9ec4-4482-4659-86f5-0974c230d8b2 None None] Lock "00000000-0000-0000-0000-000000000000" acquired by "nova.context.set_target_cell..get_or_set_cached_cell_and_set_connections" :: waited 0.000s {{(pid=108434) inner /opt/stack/data/venv/lib/python3.12/site-packages/oslo_concurrency/lockutils.py:519}}
May 06 04:19:31.685907 np0000172169 devstack@n-api-meta.service[108434]: DEBUG oslo_concurrency.lockutils [None req-35dc9ec4-4482-4659-86f5-0974c230d8b2 None None] Lock "00000000-0000-0000-0000-000000000000" "released" by "nova.context.set_target_cell..get_or_set_cached_cell_and_set_connections" :: held 0.000s {{(pid=108434) inner /opt/stack/data/venv/lib/python3.12/site-packages/oslo_concurrency/lockutils.py:538}}
May 06 04:19:31.687547 np0000172169 devstack@n-api-meta.service[108434]: DEBUG oslo_concurrency.lockutils [None req-35dc9ec4-4482-4659-86f5-0974c230d8b2 None None] Acquiring lock "41656d2a-d282-40b5-af95-c32cf103bbe3" by "nova.context.set_target_cell..get_or_set_cached_cell_and_set_connections" {{(pid=108434) inner /opt/stack/data/venv/lib/python3.12/site-packages/oslo_concurrency/lockutils.py:506}}
May 06 04:19:31.687547 np0000172169 devstack@n-api-meta.service[108434]: DEBUG oslo_concurrency.lockutils [None req-35dc9ec4-4482-4659-86f5-0974c230d8b2 None None] Lock "41656d2a-d282-40b5-af95-c32cf103bbe3" acquired by "nova.context.set_target_cell..get_or_set_cached_cell_and_set_connections" :: waited 0.000s {{(pid=108434) inner /opt/stack/data/venv/lib/python3.12/site-packages/oslo_concurrency/lockutils.py:519}}
May 06 04:19:31.688473 np0000172169 devstack@n-api-meta.service[108434]: DEBUG oslo_concurrency.lockutils [None req-35dc9ec4-4482-4659-86f5-0974c230d8b2 None None] Lock "41656d2a-d282-40b5-af95-c32cf103bbe3" "released" by "nova.context.set_target_cell..get_or_set_cached_cell_and_set_connections" :: held 0.001s {{(pid=108434) inner /opt/stack/data/venv/lib/python3.12/site-packages/oslo_concurrency/lockutils.py:538}}
May 06 04:19:31.688591 np0000172169 devstack@n-api-meta.service[108433]: DEBUG oslo_db.sqlalchemy.engines [None req-504a4608-c967-4d77-a7e3-2d852be23f90 None None] MySQL server mode set to STRICT_TRANS_TABLES,STRICT_ALL_TABLES,NO_ZERO_IN_DATE,NO_ZERO_DATE,ERROR_FOR_DIVISION_BY_ZERO,TRADITIONAL,NO_ENGINE_SUBSTITUTION {{(pid=108433) _check_effective_sql_mode /opt/stack/data/venv/lib/python3.12/site-packages/oslo_db/sqlalchemy/engines.py:325}}
May 06 04:19:31.690288 np0000172169 devstack@n-api-meta.service[108434]: INFO dbcounter [None req-35dc9ec4-4482-4659-86f5-0974c230d8b2 None None] Registered counter for database nova_cell0
May 06 04:19:31.693895 np0000172169 devstack@n-api-meta.service[108434]: INFO dbcounter [None req-35dc9ec4-4482-4659-86f5-0974c230d8b2 None None] Registered counter for database nova_cell1
May 06 04:19:31.694377 np0000172169 devstack@n-api-meta.service[108435]: DEBUG oslo_db.sqlalchemy.engines [None req-387db2d3-c12a-4241-9060-b458a920f27d None None] MySQL server mode set to STRICT_TRANS_TABLES,STRICT_ALL_TABLES,NO_ZERO_IN_DATE,NO_ZERO_DATE,ERROR_FOR_DIVISION_BY_ZERO,TRADITIONAL,NO_ENGINE_SUBSTITUTION {{(pid=108435) _check_effective_sql_mode /opt/stack/data/venv/lib/python3.12/site-packages/oslo_db/sqlalchemy/engines.py:325}}
May 06 04:19:31.699643 np0000172169 devstack@n-api-meta.service[108436]: DEBUG oslo_db.sqlalchemy.engines [None req-971d49de-ac43-440c-9a02-1f6e3ef9ba14 None None] MySQL server mode set to STRICT_TRANS_TABLES,STRICT_ALL_TABLES,NO_ZERO_IN_DATE,NO_ZERO_DATE,ERROR_FOR_DIVISION_BY_ZERO,TRADITIONAL,NO_ENGINE_SUBSTITUTION {{(pid=108436) _check_effective_sql_mode /opt/stack/data/venv/lib/python3.12/site-packages/oslo_db/sqlalchemy/engines.py:325}}
May 06 04:19:31.705508 np0000172169 devstack@n-api-meta.service[108434]: DEBUG oslo_db.sqlalchemy.engines [None req-35dc9ec4-4482-4659-86f5-0974c230d8b2 None None] MySQL server mode set to STRICT_TRANS_TABLES,STRICT_ALL_TABLES,NO_ZERO_IN_DATE,NO_ZERO_DATE,ERROR_FOR_DIVISION_BY_ZERO,TRADITIONAL,NO_ENGINE_SUBSTITUTION {{(pid=108434) _check_effective_sql_mode /opt/stack/data/venv/lib/python3.12/site-packages/oslo_db/sqlalchemy/engines.py:325}}
May 06 04:19:31.710221 np0000172169 devstack@n-api-meta.service[108434]: DEBUG oslo_db.sqlalchemy.engines [None req-35dc9ec4-4482-4659-86f5-0974c230d8b2 None None] MySQL server mode set to STRICT_TRANS_TABLES,STRICT_ALL_TABLES,NO_ZERO_IN_DATE,NO_ZERO_DATE,ERROR_FOR_DIVISION_BY_ZERO,TRADITIONAL,NO_ENGINE_SUBSTITUTION {{(pid=108434) _check_effective_sql_mode /opt/stack/data/venv/lib/python3.12/site-packages/oslo_db/sqlalchemy/engines.py:325}}
May 06 04:19:31.728411 np0000172169 devstack@n-api-meta.service[108435]: DEBUG dbcounter [-] [108435] Writer thread running {{(pid=108435) stat_writer /opt/stack/data/venv/lib/python3.12/site-packages/dbcounter.py:102}}
May 06 04:19:31.731129 np0000172169 devstack@n-api-meta.service[108435]: DEBUG nova.context [None req-387db2d3-c12a-4241-9060-b458a920f27d None None] Found 2 cells: 00000000-0000-0000-0000-000000000000(cell0),41656d2a-d282-40b5-af95-c32cf103bbe3(cell1) {{(pid=108435) load_cells /opt/stack/nova/nova/context.py:509}}
May 06 04:19:31.731276 np0000172169 devstack@n-api-meta.service[108435]: INFO nova.utils [None req-387db2d3-c12a-4241-9060-b458a920f27d None None] The cell worker thread pool MainProcess.cell_worker is initialized
May 06 04:19:31.733132 np0000172169 devstack@n-api-meta.service[108435]: DEBUG oslo_concurrency.lockutils [None req-387db2d3-c12a-4241-9060-b458a920f27d None None] Acquiring lock "00000000-0000-0000-0000-000000000000" by "nova.context.set_target_cell..get_or_set_cached_cell_and_set_connections" {{(pid=108435) inner /opt/stack/data/venv/lib/python3.12/site-packages/oslo_concurrency/lockutils.py:506}}
May 06 04:19:31.733297 np0000172169 devstack@n-api-meta.service[108435]: DEBUG oslo_concurrency.lockutils [None req-387db2d3-c12a-4241-9060-b458a920f27d None None] Lock "00000000-0000-0000-0000-000000000000" acquired by "nova.context.set_target_cell..get_or_set_cached_cell_and_set_connections" :: waited 0.000s {{(pid=108435) inner /opt/stack/data/venv/lib/python3.12/site-packages/oslo_concurrency/lockutils.py:519}}
May 06 04:19:31.733647 np0000172169 devstack@n-api-meta.service[108435]: DEBUG oslo_concurrency.lockutils [None req-387db2d3-c12a-4241-9060-b458a920f27d None None] Lock "00000000-0000-0000-0000-000000000000" "released" by "nova.context.set_target_cell..get_or_set_cached_cell_and_set_connections" :: held 0.000s {{(pid=108435) inner /opt/stack/data/venv/lib/python3.12/site-packages/oslo_concurrency/lockutils.py:538}}
May 06 04:19:31.734473 np0000172169 devstack@n-api-meta.service[108435]: DEBUG oslo_concurrency.lockutils [None req-387db2d3-c12a-4241-9060-b458a920f27d None None] Acquiring lock "41656d2a-d282-40b5-af95-c32cf103bbe3" by "nova.context.set_target_cell..get_or_set_cached_cell_and_set_connections" {{(pid=108435) inner /opt/stack/data/venv/lib/python3.12/site-packages/oslo_concurrency/lockutils.py:506}}
May 06 04:19:31.734618 np0000172169 devstack@n-api-meta.service[108435]: DEBUG oslo_concurrency.lockutils [None req-387db2d3-c12a-4241-9060-b458a920f27d None None] Lock "41656d2a-d282-40b5-af95-c32cf103bbe3" acquired by "nova.context.set_target_cell..get_or_set_cached_cell_and_set_connections" :: waited 0.000s {{(pid=108435) inner /opt/stack/data/venv/lib/python3.12/site-packages/oslo_concurrency/lockutils.py:519}}
May 06 04:19:31.735492 np0000172169 devstack@n-api-meta.service[108435]: DEBUG oslo_concurrency.lockutils [None req-387db2d3-c12a-4241-9060-b458a920f27d None None] Lock "41656d2a-d282-40b5-af95-c32cf103bbe3" "released" by "nova.context.set_target_cell..get_or_set_cached_cell_and_set_connections" :: held 0.001s {{(pid=108435) inner /opt/stack/data/venv/lib/python3.12/site-packages/oslo_concurrency/lockutils.py:538}}
May 06 04:19:31.735624 np0000172169 devstack@n-api-meta.service[108436]: DEBUG dbcounter [-] [108436] Writer thread running {{(pid=108436) stat_writer /opt/stack/data/venv/lib/python3.12/site-packages/dbcounter.py:102}}
May 06 04:19:31.738760 np0000172169 devstack@n-api-meta.service[108436]: DEBUG nova.context [None req-971d49de-ac43-440c-9a02-1f6e3ef9ba14 None None] Found 2 cells: 00000000-0000-0000-0000-000000000000(cell0),41656d2a-d282-40b5-af95-c32cf103bbe3(cell1) {{(pid=108436) load_cells /opt/stack/nova/nova/context.py:509}}
May 06 04:19:31.739053 np0000172169 devstack@n-api-meta.service[108436]: INFO nova.utils [None req-971d49de-ac43-440c-9a02-1f6e3ef9ba14 None None] The cell worker thread pool MainProcess.cell_worker is initialized
May 06 04:19:31.739138 np0000172169 devstack@n-api-meta.service[108435]: INFO dbcounter [None req-387db2d3-c12a-4241-9060-b458a920f27d None None] Registered counter for database nova_cell0
May 06 04:19:31.740901 np0000172169 devstack@n-api-meta.service[108436]: DEBUG oslo_concurrency.lockutils [None req-971d49de-ac43-440c-9a02-1f6e3ef9ba14 None None] Acquiring lock "00000000-0000-0000-0000-000000000000" by "nova.context.set_target_cell..get_or_set_cached_cell_and_set_connections" {{(pid=108436) inner /opt/stack/data/venv/lib/python3.12/site-packages/oslo_concurrency/lockutils.py:506}}
May 06 04:19:31.741072 np0000172169 devstack@n-api-meta.service[108436]: DEBUG oslo_concurrency.lockutils [None req-971d49de-ac43-440c-9a02-1f6e3ef9ba14 None None] Lock "00000000-0000-0000-0000-000000000000" acquired by "nova.context.set_target_cell..get_or_set_cached_cell_and_set_connections" :: waited 0.000s {{(pid=108436) inner /opt/stack/data/venv/lib/python3.12/site-packages/oslo_concurrency/lockutils.py:519}}
May 06 04:19:31.741425 np0000172169 devstack@n-api-meta.service[108436]: DEBUG oslo_concurrency.lockutils [None req-971d49de-ac43-440c-9a02-1f6e3ef9ba14 None None] Lock "00000000-0000-0000-0000-000000000000" "released" by "nova.context.set_target_cell..get_or_set_cached_cell_and_set_connections" :: held 0.000s {{(pid=108436) inner /opt/stack/data/venv/lib/python3.12/site-packages/oslo_concurrency/lockutils.py:538}}
May 06 04:19:31.742304 np0000172169 devstack@n-api-meta.service[108436]: DEBUG oslo_concurrency.lockutils [None req-971d49de-ac43-440c-9a02-1f6e3ef9ba14 None None] Acquiring lock "41656d2a-d282-40b5-af95-c32cf103bbe3" by "nova.context.set_target_cell..get_or_set_cached_cell_and_set_connections" {{(pid=108436) inner /opt/stack/data/venv/lib/python3.12/site-packages/oslo_concurrency/lockutils.py:506}}
May 06 04:19:31.742447 np0000172169 devstack@n-api-meta.service[108436]: DEBUG oslo_concurrency.lockutils [None req-971d49de-ac43-440c-9a02-1f6e3ef9ba14 None None] Lock "41656d2a-d282-40b5-af95-c32cf103bbe3" acquired by "nova.context.set_target_cell..get_or_set_cached_cell_and_set_connections" :: waited 0.000s {{(pid=108436) inner /opt/stack/data/venv/lib/python3.12/site-packages/oslo_concurrency/lockutils.py:519}}
May 06 04:19:31.743337 np0000172169 devstack@n-api-meta.service[108436]: DEBUG oslo_concurrency.lockutils [None req-971d49de-ac43-440c-9a02-1f6e3ef9ba14 None None] Lock "41656d2a-d282-40b5-af95-c32cf103bbe3" "released" by "nova.context.set_target_cell..get_or_set_cached_cell_and_set_connections" :: held 0.001s {{(pid=108436) inner /opt/stack/data/venv/lib/python3.12/site-packages/oslo_concurrency/lockutils.py:538}}
May 06 04:19:31.745265 np0000172169 devstack@n-api-meta.service[108435]: INFO dbcounter [None req-387db2d3-c12a-4241-9060-b458a920f27d None None] Registered counter for database nova_cell1
May 06 04:19:31.746780 np0000172169 devstack@n-api-meta.service[108436]: INFO dbcounter [None req-971d49de-ac43-440c-9a02-1f6e3ef9ba14 None None] Registered counter for database nova_cell0
May 06 04:19:31.753494 np0000172169 devstack@n-api-meta.service[108436]: INFO dbcounter [None req-971d49de-ac43-440c-9a02-1f6e3ef9ba14 None None] Registered counter for database nova_cell1
May 06 04:19:31.757566 np0000172169 devstack@n-api-meta.service[108435]: DEBUG oslo_db.sqlalchemy.engines [None req-387db2d3-c12a-4241-9060-b458a920f27d None None] MySQL server mode set to STRICT_TRANS_TABLES,STRICT_ALL_TABLES,NO_ZERO_IN_DATE,NO_ZERO_DATE,ERROR_FOR_DIVISION_BY_ZERO,TRADITIONAL,NO_ENGINE_SUBSTITUTION {{(pid=108435) _check_effective_sql_mode /opt/stack/data/venv/lib/python3.12/site-packages/oslo_db/sqlalchemy/engines.py:325}}
May 06 04:19:31.765028 np0000172169 devstack@n-api-meta.service[108435]: DEBUG oslo_db.sqlalchemy.engines [None req-387db2d3-c12a-4241-9060-b458a920f27d None None] MySQL server mode set to STRICT_TRANS_TABLES,STRICT_ALL_TABLES,NO_ZERO_IN_DATE,NO_ZERO_DATE,ERROR_FOR_DIVISION_BY_ZERO,TRADITIONAL,NO_ENGINE_SUBSTITUTION {{(pid=108435) _check_effective_sql_mode /opt/stack/data/venv/lib/python3.12/site-packages/oslo_db/sqlalchemy/engines.py:325}}
May 06 04:19:31.769044 np0000172169 devstack@n-api-meta.service[108436]: DEBUG oslo_db.sqlalchemy.engines [None req-971d49de-ac43-440c-9a02-1f6e3ef9ba14 None None] MySQL server mode set to STRICT_TRANS_TABLES,STRICT_ALL_TABLES,NO_ZERO_IN_DATE,NO_ZERO_DATE,ERROR_FOR_DIVISION_BY_ZERO,TRADITIONAL,NO_ENGINE_SUBSTITUTION {{(pid=108436) _check_effective_sql_mode /opt/stack/data/venv/lib/python3.12/site-packages/oslo_db/sqlalchemy/engines.py:325}}
May 06 04:19:31.777740 np0000172169 devstack@n-api-meta.service[108436]: DEBUG oslo_db.sqlalchemy.engines [None req-971d49de-ac43-440c-9a02-1f6e3ef9ba14 None None] MySQL server mode set to STRICT_TRANS_TABLES,STRICT_ALL_TABLES,NO_ZERO_IN_DATE,NO_ZERO_DATE,ERROR_FOR_DIVISION_BY_ZERO,TRADITIONAL,NO_ENGINE_SUBSTITUTION {{(pid=108436) _check_effective_sql_mode /opt/stack/data/venv/lib/python3.12/site-packages/oslo_db/sqlalchemy/engines.py:325}}
May 06 04:19:31.797508 np0000172169 devstack@n-api-meta.service[108434]: DEBUG dbcounter [-] [108434] Writer thread running {{(pid=108434) stat_writer /opt/stack/data/venv/lib/python3.12/site-packages/dbcounter.py:102}}
May 06 04:19:31.799935 np0000172169 devstack@n-api-meta.service[108433]: DEBUG dbcounter [-] [108433] Writer thread running {{(pid=108433) stat_writer /opt/stack/data/venv/lib/python3.12/site-packages/dbcounter.py:102}}
May 06 04:19:31.800385 np0000172169 devstack@n-api-meta.service[108433]: DEBUG dbcounter [-] [108433] Writer thread running {{(pid=108433) stat_writer /opt/stack/data/venv/lib/python3.12/site-packages/dbcounter.py:102}}
May 06 04:19:31.803001 np0000172169 devstack@n-api-meta.service[108434]: DEBUG dbcounter [-] [108434] Writer thread running {{(pid=108434) stat_writer /opt/stack/data/venv/lib/python3.12/site-packages/dbcounter.py:102}}
May 06 04:19:31.806645 np0000172169 devstack@n-api-meta.service[108433]: INFO dbcounter [None req-504a4608-c967-4d77-a7e3-2d852be23f90 None None] Registered counter for database nova_cell0
May 06 04:19:31.807879 np0000172169 devstack@n-api-meta.service[108434]: INFO dbcounter [None req-35dc9ec4-4482-4659-86f5-0974c230d8b2 None None] Registered counter for database nova_cell0
May 06 04:19:31.819739 np0000172169 devstack@n-api-meta.service[108433]: DEBUG oslo_db.sqlalchemy.engines [None req-504a4608-c967-4d77-a7e3-2d852be23f90 None None] MySQL server mode set to STRICT_TRANS_TABLES,STRICT_ALL_TABLES,NO_ZERO_IN_DATE,NO_ZERO_DATE,ERROR_FOR_DIVISION_BY_ZERO,TRADITIONAL,NO_ENGINE_SUBSTITUTION {{(pid=108433) _check_effective_sql_mode /opt/stack/data/venv/lib/python3.12/site-packages/oslo_db/sqlalchemy/engines.py:325}}
May 06 04:19:31.825144 np0000172169 devstack@n-api-meta.service[108434]: DEBUG oslo_db.sqlalchemy.engines [None req-35dc9ec4-4482-4659-86f5-0974c230d8b2 None None] MySQL server mode set to STRICT_TRANS_TABLES,STRICT_ALL_TABLES,NO_ZERO_IN_DATE,NO_ZERO_DATE,ERROR_FOR_DIVISION_BY_ZERO,TRADITIONAL,NO_ENGINE_SUBSTITUTION {{(pid=108434) _check_effective_sql_mode /opt/stack/data/venv/lib/python3.12/site-packages/oslo_db/sqlalchemy/engines.py:325}}
May 06 04:19:31.834052 np0000172169 devstack@n-api-meta.service[108433]: DEBUG dbcounter [-] [108433] Writer thread running {{(pid=108433) stat_writer /opt/stack/data/venv/lib/python3.12/site-packages/dbcounter.py:102}}
May 06 04:19:31.836084 np0000172169 devstack@n-api-meta.service[108434]: DEBUG dbcounter [-] [108434] Writer thread running {{(pid=108434) stat_writer /opt/stack/data/venv/lib/python3.12/site-packages/dbcounter.py:102}}
May 06 04:19:31.861843 np0000172169 devstack@n-api-meta.service[108436]: DEBUG dbcounter [-] [108436] Writer thread running {{(pid=108436) stat_writer /opt/stack/data/venv/lib/python3.12/site-packages/dbcounter.py:102}}
May 06 04:19:31.869597 np0000172169 devstack@n-api-meta.service[108436]: DEBUG dbcounter [-] [108436] Writer thread running {{(pid=108436) stat_writer /opt/stack/data/venv/lib/python3.12/site-packages/dbcounter.py:102}}
May 06 04:19:31.872940 np0000172169 devstack@n-api-meta.service[108436]: INFO dbcounter [None req-971d49de-ac43-440c-9a02-1f6e3ef9ba14 None None] Registered counter for database nova_cell0
May 06 04:19:31.883058 np0000172169 devstack@n-api-meta.service[108436]: DEBUG oslo_db.sqlalchemy.engines [None req-971d49de-ac43-440c-9a02-1f6e3ef9ba14 None None] MySQL server mode set to STRICT_TRANS_TABLES,STRICT_ALL_TABLES,NO_ZERO_IN_DATE,NO_ZERO_DATE,ERROR_FOR_DIVISION_BY_ZERO,TRADITIONAL,NO_ENGINE_SUBSTITUTION {{(pid=108436) _check_effective_sql_mode /opt/stack/data/venv/lib/python3.12/site-packages/oslo_db/sqlalchemy/engines.py:325}}
May 06 04:19:31.889909 np0000172169 devstack@n-api-meta.service[108436]: DEBUG dbcounter [-] [108436] Writer thread running {{(pid=108436) stat_writer /opt/stack/data/venv/lib/python3.12/site-packages/dbcounter.py:102}}
May 06 04:19:31.890304 np0000172169 devstack@n-api-meta.service[108435]: DEBUG dbcounter [-] [108435] Writer thread running {{(pid=108435) stat_writer /opt/stack/data/venv/lib/python3.12/site-packages/dbcounter.py:102}}
May 06 04:19:31.890389 np0000172169 devstack@n-api-meta.service[108433]: WARNING nova.api.metadata.handler [None req-504a4608-c967-4d77-a7e3-2d852be23f90 None None] metadata_proxy_shared_secret is not configured, the metadata information returned by the proxy cannot be trusted
May 06 04:19:31.891226 np0000172169 devstack@n-api-meta.service[108435]: DEBUG dbcounter [-] [108435] Writer thread running {{(pid=108435) stat_writer /opt/stack/data/venv/lib/python3.12/site-packages/dbcounter.py:102}}
May 06 04:19:31.892787 np0000172169 devstack@n-api-meta.service[108433]: DEBUG nova.api.openstack.wsgi_app [None req-504a4608-c967-4d77-a7e3-2d852be23f90 None None] ******************************************************************************** {{(pid=108433) log_opt_values /opt/stack/data/venv/lib/python3.12/site-packages/oslo_config/cfg.py:2979}}
May 06 04:19:31.892878 np0000172169 devstack@n-api-meta.service[108433]: DEBUG nova.api.openstack.wsgi_app [None req-504a4608-c967-4d77-a7e3-2d852be23f90 None None] Configuration options gathered from: {{(pid=108433) log_opt_values /opt/stack/data/venv/lib/python3.12/site-packages/oslo_config/cfg.py:2980}}
May 06 04:19:31.893416 np0000172169 devstack@n-api-meta.service[108433]: DEBUG nova.api.openstack.wsgi_app [None req-504a4608-c967-4d77-a7e3-2d852be23f90 None None] command line args: [] {{(pid=108433) log_opt_values /opt/stack/data/venv/lib/python3.12/site-packages/oslo_config/cfg.py:2981}}
May 06 04:19:31.893416 np0000172169 devstack@n-api-meta.service[108433]: DEBUG nova.api.openstack.wsgi_app [None req-504a4608-c967-4d77-a7e3-2d852be23f90 None None] config files: ['/etc/nova/api-paste.ini', '/etc/nova/nova.conf'] {{(pid=108433) log_opt_values /opt/stack/data/venv/lib/python3.12/site-packages/oslo_config/cfg.py:2982}}
May 06 04:19:31.893416 np0000172169 devstack@n-api-meta.service[108433]: DEBUG nova.api.openstack.wsgi_app [None req-504a4608-c967-4d77-a7e3-2d852be23f90 None None] ================================================================================ {{(pid=108433) log_opt_values /opt/stack/data/venv/lib/python3.12/site-packages/oslo_config/cfg.py:2987}}
May 06 04:19:31.893416 np0000172169 devstack@n-api-meta.service[108433]: DEBUG nova.api.openstack.wsgi_app [None req-504a4608-c967-4d77-a7e3-2d852be23f90 None None] allow_resize_to_same_host = True {{(pid=108433) log_opt_values /opt/stack/data/venv/lib/python3.12/site-packages/oslo_config/cfg.py:2995}}
May 06 04:19:31.893670 np0000172169 devstack@n-api-meta.service[108433]: DEBUG nova.api.openstack.wsgi_app [None req-504a4608-c967-4d77-a7e3-2d852be23f90 None None] arq_binding_timeout = 300 {{(pid=108433) log_opt_values /opt/stack/data/venv/lib/python3.12/site-packages/oslo_config/cfg.py:2995}}
May 06 04:19:31.893670 np0000172169 devstack@n-api-meta.service[108433]: DEBUG nova.api.openstack.wsgi_app [None req-504a4608-c967-4d77-a7e3-2d852be23f90 None None] block_device_allocate_retries = 60 {{(pid=108433) log_opt_values /opt/stack/data/venv/lib/python3.12/site-packages/oslo_config/cfg.py:2995}}
May 06 04:19:31.893812 np0000172169 devstack@n-api-meta.service[108433]: DEBUG nova.api.openstack.wsgi_app [None req-504a4608-c967-4d77-a7e3-2d852be23f90 None None] block_device_allocate_retries_interval = 3 {{(pid=108433) log_opt_values /opt/stack/data/venv/lib/python3.12/site-packages/oslo_config/cfg.py:2995}}
May 06 04:19:31.893935 np0000172169 devstack@n-api-meta.service[108433]: DEBUG nova.api.openstack.wsgi_app [None req-504a4608-c967-4d77-a7e3-2d852be23f90 None None] cell_worker_thread_pool_size = 5 {{(pid=108433) log_opt_values /opt/stack/data/venv/lib/python3.12/site-packages/oslo_config/cfg.py:2995}}
May 06 04:19:31.894045 np0000172169 devstack@n-api-meta.service[108433]: DEBUG nova.api.openstack.wsgi_app [None req-504a4608-c967-4d77-a7e3-2d852be23f90 None None] cert = self.pem {{(pid=108433) log_opt_values /opt/stack/data/venv/lib/python3.12/site-packages/oslo_config/cfg.py:2995}}
May 06 04:19:31.894211 np0000172169 devstack@n-api-meta.service[108433]: DEBUG nova.api.openstack.wsgi_app [None req-504a4608-c967-4d77-a7e3-2d852be23f90 None None] compute_driver = libvirt.LibvirtDriver {{(pid=108433) log_opt_values /opt/stack/data/venv/lib/python3.12/site-packages/oslo_config/cfg.py:2995}}
May 06 04:19:31.894328 np0000172169 devstack@n-api-meta.service[108433]: DEBUG nova.api.openstack.wsgi_app [None req-504a4608-c967-4d77-a7e3-2d852be23f90 None None] compute_monitors = [] {{(pid=108433) log_opt_values /opt/stack/data/venv/lib/python3.12/site-packages/oslo_config/cfg.py:2995}}
May 06 04:19:31.894473 np0000172169 devstack@n-api-meta.service[108433]: DEBUG nova.api.openstack.wsgi_app [None req-504a4608-c967-4d77-a7e3-2d852be23f90 None None] config_dir = [] {{(pid=108433) log_opt_values /opt/stack/data/venv/lib/python3.12/site-packages/oslo_config/cfg.py:2995}}
May 06 04:19:31.894604 np0000172169 devstack@n-api-meta.service[108433]: DEBUG nova.api.openstack.wsgi_app [None req-504a4608-c967-4d77-a7e3-2d852be23f90 None None] config_drive_format = iso9660 {{(pid=108433) log_opt_values /opt/stack/data/venv/lib/python3.12/site-packages/oslo_config/cfg.py:2995}}
May 06 04:19:31.894722 np0000172169 devstack@n-api-meta.service[108433]: DEBUG nova.api.openstack.wsgi_app [None req-504a4608-c967-4d77-a7e3-2d852be23f90 None None] config_file = ['/etc/nova/api-paste.ini', '/etc/nova/nova.conf'] {{(pid=108433) log_opt_values /opt/stack/data/venv/lib/python3.12/site-packages/oslo_config/cfg.py:2995}}
May 06 04:19:31.894860 np0000172169 devstack@n-api-meta.service[108433]: DEBUG nova.api.openstack.wsgi_app [None req-504a4608-c967-4d77-a7e3-2d852be23f90 None None] config_source = [] {{(pid=108433) log_opt_values /opt/stack/data/venv/lib/python3.12/site-packages/oslo_config/cfg.py:2995}}
May 06 04:19:31.895016 np0000172169 devstack@n-api-meta.service[108433]: DEBUG nova.api.openstack.wsgi_app [None req-504a4608-c967-4d77-a7e3-2d852be23f90 None None] console_host = np0000172169 {{(pid=108433) log_opt_values /opt/stack/data/venv/lib/python3.12/site-packages/oslo_config/cfg.py:2995}}
May 06 04:19:31.895170 np0000172169 devstack@n-api-meta.service[108433]: DEBUG nova.api.openstack.wsgi_app [None req-504a4608-c967-4d77-a7e3-2d852be23f90 None None] control_exchange = nova {{(pid=108433) log_opt_values /opt/stack/data/venv/lib/python3.12/site-packages/oslo_config/cfg.py:2995}}
May 06 04:19:31.895287 np0000172169 devstack@n-api-meta.service[108433]: DEBUG nova.api.openstack.wsgi_app [None req-504a4608-c967-4d77-a7e3-2d852be23f90 None None] cpu_allocation_ratio = None {{(pid=108433) log_opt_values /opt/stack/data/venv/lib/python3.12/site-packages/oslo_config/cfg.py:2995}}
May 06 04:19:31.895403 np0000172169 devstack@n-api-meta.service[108433]: DEBUG nova.api.openstack.wsgi_app [None req-504a4608-c967-4d77-a7e3-2d852be23f90 None None] daemon = False {{(pid=108433) log_opt_values /opt/stack/data/venv/lib/python3.12/site-packages/oslo_config/cfg.py:2995}}
May 06 04:19:31.895543 np0000172169 devstack@n-api-meta.service[108433]: DEBUG nova.api.openstack.wsgi_app [None req-504a4608-c967-4d77-a7e3-2d852be23f90 None None] debug = True {{(pid=108433) log_opt_values /opt/stack/data/venv/lib/python3.12/site-packages/oslo_config/cfg.py:2995}}
May 06 04:19:31.895668 np0000172169 devstack@n-api-meta.service[108433]: DEBUG nova.api.openstack.wsgi_app [None req-504a4608-c967-4d77-a7e3-2d852be23f90 None None] default_access_ip_network_name = None {{(pid=108433) log_opt_values /opt/stack/data/venv/lib/python3.12/site-packages/oslo_config/cfg.py:2995}}
May 06 04:19:31.895820 np0000172169 devstack@n-api-meta.service[108433]: DEBUG nova.api.openstack.wsgi_app [None req-504a4608-c967-4d77-a7e3-2d852be23f90 None None] default_availability_zone = nova {{(pid=108433) log_opt_values /opt/stack/data/venv/lib/python3.12/site-packages/oslo_config/cfg.py:2995}}
May 06 04:19:31.895955 np0000172169 devstack@n-api-meta.service[108433]: DEBUG nova.api.openstack.wsgi_app [None req-504a4608-c967-4d77-a7e3-2d852be23f90 None None] default_ephemeral_format = ext4 {{(pid=108433) log_opt_values /opt/stack/data/venv/lib/python3.12/site-packages/oslo_config/cfg.py:2995}}
May 06 04:19:31.896087 np0000172169 devstack@n-api-meta.service[108433]: DEBUG nova.api.openstack.wsgi_app [None req-504a4608-c967-4d77-a7e3-2d852be23f90 None None] default_green_pool_size = 1000 {{(pid=108433) log_opt_values /opt/stack/data/venv/lib/python3.12/site-packages/oslo_config/cfg.py:2995}}
May 06 04:19:31.896308 np0000172169 devstack@n-api-meta.service[108433]: DEBUG nova.api.openstack.wsgi_app [None req-504a4608-c967-4d77-a7e3-2d852be23f90 None None] default_log_levels = ['amqp=WARN', 'boto=WARN', 'sqlalchemy=WARN', 'suds=INFO', 'oslo.messaging=INFO', 'oslo_messaging=INFO', 'iso8601=WARN', 'requests.packages.urllib3.connectionpool=WARN', 'urllib3.connectionpool=WARN', 'websocket=WARN', 'requests.packages.urllib3.util.retry=WARN', 'urllib3.util.retry=WARN', 'keystonemiddleware=WARN', 'routes.middleware=WARN', 'stevedore=WARN', 'taskflow=WARN', 'keystoneauth=WARN', 'oslo.cache=INFO', 'oslo_policy=INFO', 'dogpile.core.dogpile=INFO', 'glanceclient=WARN', 'oslo.privsep.daemon=INFO'] {{(pid=108433) log_opt_values /opt/stack/data/venv/lib/python3.12/site-packages/oslo_config/cfg.py:2995}}
May 06 04:19:31.896494 np0000172169 devstack@n-api-meta.service[108433]: DEBUG nova.api.openstack.wsgi_app [None req-504a4608-c967-4d77-a7e3-2d852be23f90 None None] default_schedule_zone = None {{(pid=108433) log_opt_values /opt/stack/data/venv/lib/python3.12/site-packages/oslo_config/cfg.py:2995}}
May 06 04:19:31.896605 np0000172169 devstack@n-api-meta.service[108433]: DEBUG nova.api.openstack.wsgi_app [None req-504a4608-c967-4d77-a7e3-2d852be23f90 None None] default_thread_pool_size = 10 {{(pid=108433) log_opt_values /opt/stack/data/venv/lib/python3.12/site-packages/oslo_config/cfg.py:2995}}
May 06 04:19:31.896730 np0000172169 devstack@n-api-meta.service[108433]: DEBUG nova.api.openstack.wsgi_app [None req-504a4608-c967-4d77-a7e3-2d852be23f90 None None] disk_allocation_ratio = None {{(pid=108433) log_opt_values /opt/stack/data/venv/lib/python3.12/site-packages/oslo_config/cfg.py:2995}}
May 06 04:19:31.896869 np0000172169 devstack@n-api-meta.service[108433]: DEBUG nova.api.openstack.wsgi_app [None req-504a4608-c967-4d77-a7e3-2d852be23f90 None None] enable_new_services = True {{(pid=108433) log_opt_values /opt/stack/data/venv/lib/python3.12/site-packages/oslo_config/cfg.py:2995}}
May 06 04:19:31.896988 np0000172169 devstack@n-api-meta.service[108433]: DEBUG nova.api.openstack.wsgi_app [None req-504a4608-c967-4d77-a7e3-2d852be23f90 None None] flat_injected = False {{(pid=108433) log_opt_values /opt/stack/data/venv/lib/python3.12/site-packages/oslo_config/cfg.py:2995}}
May 06 04:19:31.897113 np0000172169 devstack@n-api-meta.service[108433]: DEBUG nova.api.openstack.wsgi_app [None req-504a4608-c967-4d77-a7e3-2d852be23f90 None None] force_config_drive = False {{(pid=108433) log_opt_values /opt/stack/data/venv/lib/python3.12/site-packages/oslo_config/cfg.py:2995}}
May 06 04:19:31.897242 np0000172169 devstack@n-api-meta.service[108433]: DEBUG nova.api.openstack.wsgi_app [None req-504a4608-c967-4d77-a7e3-2d852be23f90 None None] force_raw_images = True {{(pid=108433) log_opt_values /opt/stack/data/venv/lib/python3.12/site-packages/oslo_config/cfg.py:2995}}
May 06 04:19:31.897384 np0000172169 devstack@n-api-meta.service[108433]: DEBUG nova.api.openstack.wsgi_app [None req-504a4608-c967-4d77-a7e3-2d852be23f90 None None] graceful_shutdown_timeout = 5 {{(pid=108433) log_opt_values /opt/stack/data/venv/lib/python3.12/site-packages/oslo_config/cfg.py:2995}}
May 06 04:19:31.897512 np0000172169 devstack@n-api-meta.service[108433]: DEBUG nova.api.openstack.wsgi_app [None req-504a4608-c967-4d77-a7e3-2d852be23f90 None None] heal_instance_info_cache_interval = -1 {{(pid=108433) log_opt_values /opt/stack/data/venv/lib/python3.12/site-packages/oslo_config/cfg.py:2995}}
May 06 04:19:31.897732 np0000172169 devstack@n-api-meta.service[108433]: DEBUG nova.api.openstack.wsgi_app [None req-504a4608-c967-4d77-a7e3-2d852be23f90 None None] host = np0000172169 {{(pid=108433) log_opt_values /opt/stack/data/venv/lib/python3.12/site-packages/oslo_config/cfg.py:2995}}
May 06 04:19:31.897815 np0000172169 devstack@n-api-meta.service[108435]: INFO dbcounter [None req-387db2d3-c12a-4241-9060-b458a920f27d None None] Registered counter for database nova_cell0
May 06 04:19:31.897879 np0000172169 devstack@n-api-meta.service[108433]: DEBUG nova.api.openstack.wsgi_app [None req-504a4608-c967-4d77-a7e3-2d852be23f90 None None] initial_cpu_allocation_ratio = 4.0 {{(pid=108433) log_opt_values /opt/stack/data/venv/lib/python3.12/site-packages/oslo_config/cfg.py:2995}}
May 06 04:19:31.897997 np0000172169 devstack@n-api-meta.service[108433]: DEBUG nova.api.openstack.wsgi_app [None req-504a4608-c967-4d77-a7e3-2d852be23f90 None None] initial_disk_allocation_ratio = 1.0 {{(pid=108433) log_opt_values /opt/stack/data/venv/lib/python3.12/site-packages/oslo_config/cfg.py:2995}}
May 06 04:19:31.898117 np0000172169 devstack@n-api-meta.service[108433]: DEBUG nova.api.openstack.wsgi_app [None req-504a4608-c967-4d77-a7e3-2d852be23f90 None None] initial_ram_allocation_ratio = 1.0 {{(pid=108433) log_opt_values /opt/stack/data/venv/lib/python3.12/site-packages/oslo_config/cfg.py:2995}}
May 06 04:19:31.898303 np0000172169 devstack@n-api-meta.service[108433]: DEBUG nova.api.openstack.wsgi_app [None req-504a4608-c967-4d77-a7e3-2d852be23f90 None None] injected_network_template = /opt/stack/nova/nova/virt/interfaces.template {{(pid=108433) log_opt_values /opt/stack/data/venv/lib/python3.12/site-packages/oslo_config/cfg.py:2995}}
May 06 04:19:31.898431 np0000172169 devstack@n-api-meta.service[108433]: DEBUG nova.api.openstack.wsgi_app [None req-504a4608-c967-4d77-a7e3-2d852be23f90 None None] instance_build_timeout = 0 {{(pid=108433) log_opt_values /opt/stack/data/venv/lib/python3.12/site-packages/oslo_config/cfg.py:2995}}
May 06 04:19:31.898561 np0000172169 devstack@n-api-meta.service[108433]: DEBUG nova.api.openstack.wsgi_app [None req-504a4608-c967-4d77-a7e3-2d852be23f90 None None] instance_delete_interval = 300 {{(pid=108433) log_opt_values /opt/stack/data/venv/lib/python3.12/site-packages/oslo_config/cfg.py:2995}}
May 06 04:19:31.898725 np0000172169 devstack@n-api-meta.service[108433]: DEBUG nova.api.openstack.wsgi_app [None req-504a4608-c967-4d77-a7e3-2d852be23f90 None None] instance_format = [instance: %(uuid)s] {{(pid=108433) log_opt_values /opt/stack/data/venv/lib/python3.12/site-packages/oslo_config/cfg.py:2995}}
May 06 04:19:31.898851 np0000172169 devstack@n-api-meta.service[108433]: DEBUG nova.api.openstack.wsgi_app [None req-504a4608-c967-4d77-a7e3-2d852be23f90 None None] instance_name_template = instance-%08x {{(pid=108433) log_opt_values /opt/stack/data/venv/lib/python3.12/site-packages/oslo_config/cfg.py:2995}}
May 06 04:19:31.899178 np0000172169 devstack@n-api-meta.service[108433]: DEBUG nova.api.openstack.wsgi_app [None req-504a4608-c967-4d77-a7e3-2d852be23f90 None None] instance_usage_audit = False {{(pid=108433) log_opt_values /opt/stack/data/venv/lib/python3.12/site-packages/oslo_config/cfg.py:2995}}
May 06 04:19:31.899309 np0000172169 devstack@n-api-meta.service[108433]: DEBUG nova.api.openstack.wsgi_app [None req-504a4608-c967-4d77-a7e3-2d852be23f90 None None] instance_usage_audit_period = month {{(pid=108433) log_opt_values /opt/stack/data/venv/lib/python3.12/site-packages/oslo_config/cfg.py:2995}}
May 06 04:19:31.899440 np0000172169 devstack@n-api-meta.service[108433]: DEBUG nova.api.openstack.wsgi_app [None req-504a4608-c967-4d77-a7e3-2d852be23f90 None None] instance_uuid_format = [instance: %(uuid)s] {{(pid=108433) log_opt_values /opt/stack/data/venv/lib/python3.12/site-packages/oslo_config/cfg.py:2995}}
May 06 04:19:31.899571 np0000172169 devstack@n-api-meta.service[108433]: DEBUG nova.api.openstack.wsgi_app [None req-504a4608-c967-4d77-a7e3-2d852be23f90 None None] instances_path = /opt/stack/data/nova/instances {{(pid=108433) log_opt_values /opt/stack/data/venv/lib/python3.12/site-packages/oslo_config/cfg.py:2995}}
