2026-04-28 18:05:14.069 7 INFO placement.requestlog [req-ce930a3e-87f2-4e4d-9e9e-abfab86152c4 req-58682584-2577-4eab-9599-f4363315a8a5 bc193422fde54e6cb84d7ebff72f51c4 add22cba2fcd4f6a8935080ecff05fca - - 4665bfd6cb44460ab3ca37dfe0f94554 4665bfd6cb44460ab3ca37dfe0f94554] 199.204.45.227 "GET /allocations/67bb48d1-18d4-45cc-bab8-db005113efc3" status: 200 len: 257 microversion: 1.28 [pid: 7|app: 0|req: 382/767] 199.204.45.227 () {34 vars in 862 bytes} [Tue Apr 28 18:05:14 2026] GET /allocations/67bb48d1-18d4-45cc-bab8-db005113efc3 => generated 257 bytes in 13 msecs (HTTP/1.1 200) 8 headers in 296 bytes (1 switches on core 0)
2026-04-28 18:05:14.222 8 INFO placement.requestlog [req-146bc215-455e-4189-a801-d27998ea15cb req-d2e586c0-c642-4d78-89bd-a785371afd6f bc193422fde54e6cb84d7ebff72f51c4 add22cba2fcd4f6a8935080ecff05fca - - 4665bfd6cb44460ab3ca37dfe0f94554 4665bfd6cb44460ab3ca37dfe0f94554] 10.0.0.120 "GET /allocation_candidates?limit=1000&resources=DISK_GB%3A1%2CMEMORY_MB%3A512%2CVCPU%3A1&root_required=%21COMPUTE_STATUS_DISABLED" status: 200 len: 2784 microversion: 1.36 [pid: 8|app: 0|req: 386/768] 10.0.0.120 () {34 vars in 1011 bytes} [Tue Apr 28 18:05:14 2026] GET /allocation_candidates?limit=1000&resources=DISK_GB%3A1%2CMEMORY_MB%3A512%2CVCPU%3A1&root_required=%21COMPUTE_STATUS_DISABLED => generated 2784 bytes in 48 msecs (HTTP/1.1 200) 8 headers in 297 bytes (1 switches on core 0)
2026-04-28 18:05:14.254 7 INFO placement.requestlog [req-146bc215-455e-4189-a801-d27998ea15cb req-36144e51-537b-4206-9d02-059b74c48b79 bc193422fde54e6cb84d7ebff72f51c4 add22cba2fcd4f6a8935080ecff05fca - - 4665bfd6cb44460ab3ca37dfe0f94554 4665bfd6cb44460ab3ca37dfe0f94554] 10.0.0.120 "GET /allocations/8edc56c9-5b00-4e30-8825-48a33c7fc5c7" status: 200 len: 19 microversion: 1.28 [pid: 7|app: 0|req: 383/769] 10.0.0.120 () {34 vars in 860 bytes} [Tue Apr 28 18:05:14 2026] GET /allocations/8edc56c9-5b00-4e30-8825-48a33c7fc5c7 => generated 19 bytes in 9 msecs (HTTP/1.1 200) 8 headers in 295 bytes (1 switches on core 0)
2026-04-28 18:05:14.333 8 INFO placement.requestlog [req-146bc215-455e-4189-a801-d27998ea15cb req-fb169ec4-1cd5-482e-ac92-2a36a702360e bc193422fde54e6cb84d7ebff72f51c4 add22cba2fcd4f6a8935080ecff05fca - - 4665bfd6cb44460ab3ca37dfe0f94554 4665bfd6cb44460ab3ca37dfe0f94554] 10.0.0.120 "PUT /allocations/8edc56c9-5b00-4e30-8825-48a33c7fc5c7" status: 204 len: 0 microversion: 1.36 [pid: 8|app: 0|req: 387/770] 10.0.0.120 () {38 vars in 913 bytes} [Tue Apr 28 18:05:14 2026] PUT /allocations/8edc56c9-5b00-4e30-8825-48a33c7fc5c7 => generated 0 bytes in 68 msecs (HTTP/1.1 204) 5 headers in 199 bytes (1 switches on core 0)
2026-04-28 18:05:14.689 7 INFO placement.requestlog [req-ae779ff5-4411-4fad-bbdb-7c8f382093a2 req-3ffbab68-c567-4f62-93f9-35374ef38483 bc193422fde54e6cb84d7ebff72f51c4 add22cba2fcd4f6a8935080ecff05fca - - 4665bfd6cb44460ab3ca37dfe0f94554 4665bfd6cb44460ab3ca37dfe0f94554] 199.204.45.227 "GET /allocations/67bb48d1-18d4-45cc-bab8-db005113efc3" status: 200 len: 257 microversion: 1.28 [pid: 7|app: 0|req: 384/771] 199.204.45.227 () {34 vars in 862 bytes} [Tue Apr 28 18:05:14 2026] GET /allocations/67bb48d1-18d4-45cc-bab8-db005113efc3 => generated 257 bytes in 18 msecs (HTTP/1.1 200) 8 headers in 296 bytes (1 switches on core 0)
2026-04-28 18:05:14.723 7 INFO placement.requestlog [None req-ff346339-45f8-46d6-afaa-8ab3e6e19d86 2710145f6cc941c287486008d29521b3 add22cba2fcd4f6a8935080ecff05fca - - 4665bfd6cb44460ab3ca37dfe0f94554 4665bfd6cb44460ab3ca37dfe0f94554] 10.0.0.254 "GET /resource_providers/57fbc3b5-b9aa-4fb2-a4c8-109ccf8a22b3/aggregates" status: 404 len: 235 microversion: 1.1 [pid: 7|app: 0|req: 385/772] 10.0.0.254 () {32 vars in 815 bytes} [Tue Apr 28 18:05:14 2026] GET /resource_providers/57fbc3b5-b9aa-4fb2-a4c8-109ccf8a22b3/aggregates => generated 235 bytes in 15 msecs (HTTP/1.1 404) 5 headers in 202 bytes (1 switches on core 0)
2026-04-28 18:05:14.725 8 INFO placement.requestlog [None req-24ff94f4-c642-4eb6-a6cd-5201cf9fedd4 2710145f6cc941c287486008d29521b3 add22cba2fcd4f6a8935080ecff05fca - - 4665bfd6cb44460ab3ca37dfe0f94554 4665bfd6cb44460ab3ca37dfe0f94554] 10.0.0.254 "GET /resource_providers/57fbc3b5-b9aa-4fb2-a4c8-109ccf8a22b3/aggregates" status: 404 len: 235 microversion: 1.1 [pid: 8|app: 0|req: 388/773] 10.0.0.254 () {32 vars in 815 bytes} [Tue Apr 28 18:05:14 2026] GET /resource_providers/57fbc3b5-b9aa-4fb2-a4c8-109ccf8a22b3/aggregates => generated 235 bytes in 19 msecs (HTTP/1.1 404) 5 headers in 202 bytes (1 switches on core 0)
2026-04-28 18:05:14.755 7 INFO placement.requestlog [None req-fe959fcc-4699-48ab-b6d4-d48d875da092 2710145f6cc941c287486008d29521b3 add22cba2fcd4f6a8935080ecff05fca - - 4665bfd6cb44460ab3ca37dfe0f94554 4665bfd6cb44460ab3ca37dfe0f94554] 10.0.0.254 "DELETE /resource_providers/57fbc3b5-b9aa-4fb2-a4c8-109ccf8a22b3" status: 404 len: 246 microversion: 1.1 [pid: 7|app: 0|req: 386/774] 10.0.0.254 () {34 vars in 815 bytes} [Tue Apr 28 18:05:14 2026] DELETE /resource_providers/57fbc3b5-b9aa-4fb2-a4c8-109ccf8a22b3 => generated 246 bytes in 14 msecs (HTTP/1.1 404) 6 headers in 231 bytes (1 switches on core 0)
2026-04-28 18:05:14.756 8 INFO placement.requestlog [None req-2f6cc41c-193a-473e-a618-5b115d324f86 2710145f6cc941c287486008d29521b3 add22cba2fcd4f6a8935080ecff05fca - - 4665bfd6cb44460ab3ca37dfe0f94554 4665bfd6cb44460ab3ca37dfe0f94554] 10.0.0.254 "DELETE /resource_providers/57fbc3b5-b9aa-4fb2-a4c8-109ccf8a22b3" status: 404 len: 246 microversion: 1.1 [pid: 8|app: 0|req: 389/775] 10.0.0.254 () {34 vars in 815 bytes} [Tue Apr 28 18:05:14 2026] DELETE /resource_providers/57fbc3b5-b9aa-4fb2-a4c8-109ccf8a22b3 => generated 246 bytes in 14 msecs (HTTP/1.1 404) 6 headers in 231 bytes (1 switches on core 0)
2026-04-28 18:05:15.119 7 INFO placement.requestlog [req-ce930a3e-87f2-4e4d-9e9e-abfab86152c4 req-714cb69f-05fa-4407-8234-43b1548431aa bc193422fde54e6cb84d7ebff72f51c4 add22cba2fcd4f6a8935080ecff05fca - - 4665bfd6cb44460ab3ca37dfe0f94554 4665bfd6cb44460ab3ca37dfe0f94554] 199.204.45.227 "DELETE /allocations/1f95266c-1af6-49e0-9015-258e9360405c" status: 204 len: 0 microversion: 1.0 [pid: 7|app: 0|req: 387/776] 199.204.45.227 () {34 vars in 840 bytes} [Tue Apr 28 18:05:15 2026] DELETE /allocations/1f95266c-1af6-49e0-9015-258e9360405c => generated 0 bytes in 27 msecs (HTTP/1.1 204) 5 headers in 198 bytes (1 switches on core 0)
2026-04-28 18:05:15.300 7 INFO placement.requestlog [None req-ed01dd8e-f843-4e2c-a602-bb1cfbbd2acc 2710145f6cc941c287486008d29521b3 add22cba2fcd4f6a8935080ecff05fca - - 4665bfd6cb44460ab3ca37dfe0f94554 4665bfd6cb44460ab3ca37dfe0f94554] 10.0.0.254 "GET /resource_providers/e971b52b-1319-4587-b53a-e1dbd545c78b/aggregates" status: 404 len: 235 microversion: 1.1 [pid: 7|app: 0|req: 388/777] 10.0.0.254 () {32 vars in 815 bytes} [Tue Apr 28 18:05:15 2026] GET /resource_providers/e971b52b-1319-4587-b53a-e1dbd545c78b/aggregates => generated 235 bytes in 9 msecs (HTTP/1.1 404) 5 headers in 202 bytes (1 switches on core 0)
2026-04-28 18:05:15.302 8 INFO placement.requestlog [None req-075f746d-f3e8-42ba-8d79-cd210563bddf 2710145f6cc941c287486008d29521b3 add22cba2fcd4f6a8935080ecff05fca - - 4665bfd6cb44460ab3ca37dfe0f94554 4665bfd6cb44460ab3ca37dfe0f94554] 10.0.0.254 "GET /resource_providers/e971b52b-1319-4587-b53a-e1dbd545c78b/aggregates" status: 404 len: 235 microversion: 1.1 [pid: 8|app: 0|req: 390/778] 10.0.0.254 () {32 vars in 815 bytes} [Tue Apr 28 18:05:15 2026] GET /resource_providers/e971b52b-1319-4587-b53a-e1dbd545c78b/aggregates => generated 235 bytes in 12 msecs (HTTP/1.1 404) 5 headers in 202 bytes (1 switches on core 0)
2026-04-28 18:05:15.325 7 INFO placement.requestlog [None req-b1633372-2d54-4cd2-919f-280558017887 2710145f6cc941c287486008d29521b3 add22cba2fcd4f6a8935080ecff05fca - - 4665bfd6cb44460ab3ca37dfe0f94554 4665bfd6cb44460ab3ca37dfe0f94554] 10.0.0.254 "DELETE /resource_providers/e971b52b-1319-4587-b53a-e1dbd545c78b" status: 404 len: 246 microversion: 1.1 [pid: 7|app: 0|req: 389/779] 10.0.0.254 () {34 vars in 815 bytes} [Tue Apr 28 18:05:15 2026] DELETE /resource_providers/e971b52b-1319-4587-b53a-e1dbd545c78b => generated 246 bytes in 17 msecs (HTTP/1.1 404) 6 headers in 231 bytes (1 switches on core 0)
2026-04-28 18:05:15.332 8 INFO placement.requestlog [None req-b8c8c050-0843-4f14-9e56-29e811fe51ca 2710145f6cc941c287486008d29521b3 add22cba2fcd4f6a8935080ecff05fca - - 4665bfd6cb44460ab3ca37dfe0f94554 4665bfd6cb44460ab3ca37dfe0f94554] 10.0.0.254 "DELETE /resource_providers/e971b52b-1319-4587-b53a-e1dbd545c78b" status: 404 len: 246 microversion: 1.1 [pid: 8|app: 0|req: 391/780] 10.0.0.254 () {34 vars in 815 bytes} [Tue Apr 28 18:05:15 2026] DELETE /resource_providers/e971b52b-1319-4587-b53a-e1dbd545c78b => generated 246 bytes in 7 msecs (HTTP/1.1 404) 6 headers in 231 bytes (1 switches on core 0)
2026-04-28 18:05:15.841 7 INFO placement.requestlog [req-146bc215-455e-4189-a801-d27998ea15cb req-44c5e823-72dc-4400-a89c-68daea5e76e8 bc193422fde54e6cb84d7ebff72f51c4 add22cba2fcd4f6a8935080ecff05fca - - 4665bfd6cb44460ab3ca37dfe0f94554 4665bfd6cb44460ab3ca37dfe0f94554] 199.204.45.227 "GET /allocations/8edc56c9-5b00-4e30-8825-48a33c7fc5c7" status: 200 len: 257 microversion: 1.28 [pid: 7|app: 0|req: 390/781] 199.204.45.227 () {34 vars in 862 bytes} [Tue Apr 28 18:05:15 2026] GET /allocations/8edc56c9-5b00-4e30-8825-48a33c7fc5c7 => generated 257 bytes in 16 msecs (HTTP/1.1 200) 8 headers in 296 bytes (1 switches on core 0)
2026-04-28 18:05:16.134 8 INFO placement.requestlog [req-ae779ff5-4411-4fad-bbdb-7c8f382093a2 req-b5e62fa6-a36c-4607-9491-91aab0069740 bc193422fde54e6cb84d7ebff72f51c4 add22cba2fcd4f6a8935080ecff05fca - - 4665bfd6cb44460ab3ca37dfe0f94554 4665bfd6cb44460ab3ca37dfe0f94554] 199.204.45.227 "GET /resource_providers/eaac4646-3e78-4d10-9ab7-41f38cacfd02/allocations" status: 200 len: 252 microversion: 1.0 [pid: 8|app: 0|req: 392/782] 199.204.45.227 () {32 vars in 856 bytes} [Tue Apr 28 18:05:16 2026] GET /resource_providers/eaac4646-3e78-4d10-9ab7-41f38cacfd02/allocations => generated 252 bytes in 14 msecs (HTTP/1.1 200) 6 headers in 224 bytes (1 switches on core 0)
2026-04-28 18:05:16.153 7 INFO placement.requestlog [req-ae779ff5-4411-4fad-bbdb-7c8f382093a2 req-753ac531-0df6-4f8a-8c0c-b62c9e1c655e bc193422fde54e6cb84d7ebff72f51c4 add22cba2fcd4f6a8935080ecff05fca - - 4665bfd6cb44460ab3ca37dfe0f94554 4665bfd6cb44460ab3ca37dfe0f94554] 199.204.45.227 "GET /allocations/8edc56c9-5b00-4e30-8825-48a33c7fc5c7" status: 200 len: 257 microversion: 1.28 [pid: 7|app: 0|req: 391/783] 199.204.45.227 () {34 vars in 862 bytes} [Tue Apr 28 18:05:16 2026] GET /allocations/8edc56c9-5b00-4e30-8825-48a33c7fc5c7 => generated 257 bytes in 13 msecs (HTTP/1.1 200) 8 headers in 296 bytes (1 switches on core 0)
2026-04-28 18:05:16.176 8 INFO placement.requestlog [req-ae779ff5-4411-4fad-bbdb-7c8f382093a2 req-9e3ae7c6-d423-4feb-b10b-3d04df72fae3 bc193422fde54e6cb84d7ebff72f51c4 add22cba2fcd4f6a8935080ecff05fca - - 4665bfd6cb44460ab3ca37dfe0f94554 4665bfd6cb44460ab3ca37dfe0f94554] 199.204.45.227 "GET /allocations/67bb48d1-18d4-45cc-bab8-db005113efc3" status: 200 len: 257 microversion: 1.28 [pid: 8|app: 0|req: 393/784] 199.204.45.227 () {34 vars in 862 bytes} [Tue Apr 28 18:05:16 2026] GET /allocations/67bb48d1-18d4-45cc-bab8-db005113efc3 => generated 257 bytes in 12 msecs (HTTP/1.1 200) 8 headers in 296 bytes (1 switches on core 0)
2026-04-28 18:05:16.723 7 INFO placement.requestlog [None req-4befbf7a-c238-43ba-84ee-df3a9490f832 - - - - - -] 10.0.0.112 "GET /" status: 200 len: 136 microversion: 1.0
2026-04-28 18:05:16.729 8 INFO placement.requestlog [None req-f7d0e754-4fef-4ca7-9aba-4a2349b48901 - - - - - -] 10.0.0.112 "GET /" status: 200 len: 136 microversion: 1.0
2026-04-28 18:05:16.776 7 INFO placement.requestlog [None req-93733dd3-d4d7-4775-819a-84c3d0f5eb71 2710145f6cc941c287486008d29521b3 add22cba2fcd4f6a8935080ecff05fca - - 4665bfd6cb44460ab3ca37dfe0f94554 4665bfd6cb44460ab3ca37dfe0f94554] 10.0.0.254 "GET /resource_providers/0ac58275-4464-460a-abc0-81fda74e6bba/aggregates" status: 404 len: 235 microversion: 1.1 [pid: 7|app: 0|req: 393/787] 10.0.0.254 () {32 vars in 815 bytes} [Tue Apr 28 18:05:16 2026] GET /resource_providers/0ac58275-4464-460a-abc0-81fda74e6bba/aggregates => generated 235 bytes in 9 msecs (HTTP/1.1 404) 5 headers in 202 bytes (1 switches on core 0)
2026-04-28 18:05:16.786 8 INFO placement.requestlog [None req-30ba3437-819d-4799-8fc9-464cda82d333 2710145f6cc941c287486008d29521b3 add22cba2fcd4f6a8935080ecff05fca - - 4665bfd6cb44460ab3ca37dfe0f94554 4665bfd6cb44460ab3ca37dfe0f94554] 10.0.0.254 "GET /resource_providers/0ac58275-4464-460a-abc0-81fda74e6bba/aggregates" status: 404 len: 235 microversion: 1.1 [pid: 8|app: 0|req: 395/788] 10.0.0.254 () {32 vars in 815 bytes} [Tue Apr 28 18:05:16 2026] GET /resource_providers/0ac58275-4464-460a-abc0-81fda74e6bba/aggregates => generated 235 bytes in 15 msecs (HTTP/1.1 404) 5 headers in 202 bytes (1 switches on core 0)
2026-04-28 18:05:16.799 7 INFO placement.requestlog [None req-00431eac-c8ec-4461-aeba-95bf51ff89a1 2710145f6cc941c287486008d29521b3 add22cba2fcd4f6a8935080ecff05fca - - 4665bfd6cb44460ab3ca37dfe0f94554 4665bfd6cb44460ab3ca37dfe0f94554] 10.0.0.254 "DELETE /resource_providers/0ac58275-4464-460a-abc0-81fda74e6bba" status: 404 len: 246 microversion: 1.1 [pid: 7|app: 0|req: 394/789] 10.0.0.254 () {34 vars in 815 bytes} [Tue Apr 28 18:05:16 2026] DELETE /resource_providers/0ac58275-4464-460a-abc0-81fda74e6bba => generated 246 bytes in 9 msecs (HTTP/1.1 404) 6 headers in 231 bytes (1 switches on core 0)
2026-04-28 18:05:16.809 8 INFO placement.requestlog [None req-c6be5f3a-f199-4af7-867e-500c05f1e33d 2710145f6cc941c287486008d29521b3 add22cba2fcd4f6a8935080ecff05fca - - 4665bfd6cb44460ab3ca37dfe0f94554 4665bfd6cb44460ab3ca37dfe0f94554] 10.0.0.254 "DELETE /resource_providers/0ac58275-4464-460a-abc0-81fda74e6bba" status: 404 len: 246 microversion: 1.1 [pid: 8|app: 0|req: 396/790] 10.0.0.254 () {34 vars in 815 bytes} [Tue Apr 28 18:05:16 2026] DELETE /resource_providers/0ac58275-4464-460a-abc0-81fda74e6bba => generated 246 bytes in 10 msecs (HTTP/1.1 404) 6 headers in 231 bytes (1 switches on core 0)
2026-04-28 18:05:18.114 8 INFO placement.requestlog [None req-fda012f1-c492-46e4-8504-1517f4034ffb 2710145f6cc941c287486008d29521b3 add22cba2fcd4f6a8935080ecff05fca - - 4665bfd6cb44460ab3ca37dfe0f94554 4665bfd6cb44460ab3ca37dfe0f94554] 10.0.0.254 "GET /resource_providers/92b56177-70c5-4838-bf91-26e223359d9b/aggregates" status: 404 len: 235 microversion: 1.1 [pid: 8|app: 0|req: 397/791] 10.0.0.254 () {32 vars in 815 bytes} [Tue Apr 28 18:05:18 2026] GET /resource_providers/92b56177-70c5-4838-bf91-26e223359d9b/aggregates => generated 235 bytes in 7 msecs (HTTP/1.1 404) 5 headers in 202 bytes (1 switches on core 0)
2026-04-28 18:05:18.119 7 INFO placement.requestlog [None req-4ea34edb-f49b-4bd4-98be-4d78a2cb55bb 2710145f6cc941c287486008d29521b3 add22cba2fcd4f6a8935080ecff05fca - - 4665bfd6cb44460ab3ca37dfe0f94554 4665bfd6cb44460ab3ca37dfe0f94554] 10.0.0.254 "GET /resource_providers/92b56177-70c5-4838-bf91-26e223359d9b/aggregates" status: 404 len: 235 microversion: 1.1 [pid: 7|app: 0|req: 395/792] 10.0.0.254 () {32 vars in 815 bytes} [Tue Apr 28 18:05:18 2026] GET /resource_providers/92b56177-70c5-4838-bf91-26e223359d9b/aggregates => generated 235 bytes in 12 msecs (HTTP/1.1 404) 5 headers in 202 bytes (1 switches on core 0)
2026-04-28 18:05:18.136 8 INFO placement.requestlog [None req-31a98ef2-7f67-48d3-b320-01647ae5425b 2710145f6cc941c287486008d29521b3 add22cba2fcd4f6a8935080ecff05fca - - 4665bfd6cb44460ab3ca37dfe0f94554 4665bfd6cb44460ab3ca37dfe0f94554] 10.0.0.254 "DELETE /resource_providers/92b56177-70c5-4838-bf91-26e223359d9b" status: 404 len: 246 microversion: 1.1 [pid: 8|app: 0|req: 398/793] 10.0.0.254 () {34 vars in 815 bytes} [Tue Apr 28 18:05:18 2026] DELETE /resource_providers/92b56177-70c5-4838-bf91-26e223359d9b => generated 246 bytes in 10 msecs (HTTP/1.1 404) 6 headers in 231 bytes (1 switches on core 0)
2026-04-28 18:05:18.143 7 INFO placement.requestlog [None req-37621538-5f8d-4ca4-97c4-6f815fdd7a5a 2710145f6cc941c287486008d29521b3 add22cba2fcd4f6a8935080ecff05fca - - 4665bfd6cb44460ab3ca37dfe0f94554 4665bfd6cb44460ab3ca37dfe0f94554] 10.0.0.254 "DELETE /resource_providers/92b56177-70c5-4838-bf91-26e223359d9b" status: 404 len: 246 microversion: 1.1 [pid: 7|app: 0|req: 396/794] 10.0.0.254 () {34 vars in 815 bytes} [Tue Apr 28 18:05:18 2026] DELETE /resource_providers/92b56177-70c5-4838-bf91-26e223359d9b => generated 246 bytes in 11 msecs (HTTP/1.1 404) 6 headers in 231 bytes (1 switches on core 0)
2026-04-28 18:05:18.241 8 INFO placement.requestlog [req-146bc215-455e-4189-a801-d27998ea15cb req-02f7370c-f75e-427b-8d9e-81a2c3a3411a bc193422fde54e6cb84d7ebff72f51c4 add22cba2fcd4f6a8935080ecff05fca - - 4665bfd6cb44460ab3ca37dfe0f94554 4665bfd6cb44460ab3ca37dfe0f94554] 199.204.45.227 "GET /resource_providers/eaac4646-3e78-4d10-9ab7-41f38cacfd02/allocations" status: 200 len: 252 microversion: 1.0 [pid: 8|app: 0|req: 399/795] 199.204.45.227 () {32 vars in 856 bytes} [Tue Apr 28 18:05:18 2026] GET /resource_providers/eaac4646-3e78-4d10-9ab7-41f38cacfd02/allocations => generated 252 bytes in 15 msecs (HTTP/1.1 200) 6 headers in 224 bytes (1 switches on core 0)
2026-04-28 18:05:18.261 7 INFO placement.requestlog [req-146bc215-455e-4189-a801-d27998ea15cb req-b2058478-41a5-4a4d-af6c-7558b8074ac2 bc193422fde54e6cb84d7ebff72f51c4 add22cba2fcd4f6a8935080ecff05fca - - 4665bfd6cb44460ab3ca37dfe0f94554 4665bfd6cb44460ab3ca37dfe0f94554] 199.204.45.227 "GET /allocations/8edc56c9-5b00-4e30-8825-48a33c7fc5c7" status: 200 len: 257 microversion: 1.28 [pid: 7|app: 0|req: 397/796] 199.204.45.227 () {34 vars in 862 bytes} [Tue Apr 28 18:05:18 2026] GET /allocations/8edc56c9-5b00-4e30-8825-48a33c7fc5c7 => generated 257 bytes in 15 msecs (HTTP/1.1 200) 8 headers in 296 bytes (1 switches on core 0)
2026-04-28 18:05:18.282 8 INFO placement.requestlog [req-146bc215-455e-4189-a801-d27998ea15cb req-cb9057d4-0c1c-44bd-85b9-fa05b214d031 bc193422fde54e6cb84d7ebff72f51c4 add22cba2fcd4f6a8935080ecff05fca - - 4665bfd6cb44460ab3ca37dfe0f94554 4665bfd6cb44460ab3ca37dfe0f94554] 199.204.45.227 "GET /allocations/67bb48d1-18d4-45cc-bab8-db005113efc3" status: 200 len: 257 microversion: 1.28 [pid: 8|app: 0|req: 400/797] 199.204.45.227 () {34 vars in 862 bytes} [Tue Apr 28 18:05:18 2026] GET /allocations/67bb48d1-18d4-45cc-bab8-db005113efc3 => generated 257 bytes in 13 msecs (HTTP/1.1 200) 8 headers in 296 bytes (1 switches on core 0)
2026-04-28 18:05:20.155 7 INFO placement.requestlog [None req-7d2abf7a-78bc-4450-b559-3b314ddfc0e6 2710145f6cc941c287486008d29521b3 add22cba2fcd4f6a8935080ecff05fca - - 4665bfd6cb44460ab3ca37dfe0f94554 4665bfd6cb44460ab3ca37dfe0f94554] 10.0.0.254 "GET /resource_providers/8b2ee8ab-60b8-4033-ae0e-a12d6f68b49c/aggregates" status: 404 len: 235 microversion: 1.1 [pid: 7|app: 0|req: 398/798] 10.0.0.254 () {32 vars in 815 bytes} [Tue Apr 28 18:05:20 2026] GET /resource_providers/8b2ee8ab-60b8-4033-ae0e-a12d6f68b49c/aggregates => generated 235 bytes in 11 msecs (HTTP/1.1 404) 5 headers in 202 bytes (1 switches on core 0)
2026-04-28 18:05:20.170 8 INFO placement.requestlog [None req-64815d1c-1108-49d9-8a46-9f16c5a034ae 2710145f6cc941c287486008d29521b3 add22cba2fcd4f6a8935080ecff05fca - - 4665bfd6cb44460ab3ca37dfe0f94554 4665bfd6cb44460ab3ca37dfe0f94554] 10.0.0.254 "GET /resource_providers/8b2ee8ab-60b8-4033-ae0e-a12d6f68b49c/aggregates" status: 404 len: 235 microversion: 1.1
2026-04-28 18:05:20.170 7 INFO placement.requestlog [None req-d4d94e42-1aa7-4ce1-a41c-6f45ba615be7 2710145f6cc941c287486008d29521b3 add22cba2fcd4f6a8935080ecff05fca - - 4665bfd6cb44460ab3ca37dfe0f94554 4665bfd6cb44460ab3ca37dfe0f94554] 10.0.0.254 "DELETE /resource_providers/8b2ee8ab-60b8-4033-ae0e-a12d6f68b49c" status: 404 len: 246 microversion: 1.1 [pid: 8|app: 0|req: 401/799] 10.0.0.254 () {32 vars in 815 bytes} [Tue Apr 28 18:05:20 2026] GET /resource_providers/8b2ee8ab-60b8-4033-ae0e-a12d6f68b49c/aggregates => generated 235 bytes in 10 msecs (HTTP/1.1 404) 5 headers in 202 bytes (1 switches on core 0) [pid: 7|app: 0|req: 399/800] 10.0.0.254 () {34 vars in 815 bytes} [Tue Apr 28 18:05:20 2026] DELETE /resource_providers/8b2ee8ab-60b8-4033-ae0e-a12d6f68b49c => generated 246 bytes in 9 msecs (HTTP/1.1 404) 6 headers in 231 bytes (1 switches on core 0)
2026-04-28 18:05:20.191 8 INFO placement.requestlog [None req-fd7c6706-6d41-47e7-9662-60f26a7f88eb 2710145f6cc941c287486008d29521b3 add22cba2fcd4f6a8935080ecff05fca - - 4665bfd6cb44460ab3ca37dfe0f94554 4665bfd6cb44460ab3ca37dfe0f94554] 10.0.0.254 "GET /resource_providers/e902d83c-c7db-42c8-b02d-72acc4cc3dad/aggregates" status: 404 len: 235 microversion: 1.1
2026-04-28 18:05:20.191 7 INFO placement.requestlog [None req-f5cdb98c-8544-435b-a183-b550b7dbfb06 2710145f6cc941c287486008d29521b3 add22cba2fcd4f6a8935080ecff05fca - - 4665bfd6cb44460ab3ca37dfe0f94554 4665bfd6cb44460ab3ca37dfe0f94554] 10.0.0.254 "DELETE /resource_providers/8b2ee8ab-60b8-4033-ae0e-a12d6f68b49c" status: 404 len: 246 microversion: 1.1 [pid: 8|app: 0|req: 402/801] 10.0.0.254 () {32 vars in 815 bytes} [Tue Apr 28 18:05:20 2026] GET /resource_providers/e902d83c-c7db-42c8-b02d-72acc4cc3dad/aggregates => generated 235 bytes in 9 msecs (HTTP/1.1 404) 5 headers in 202 bytes (1 switches on core 0) [pid: 7|app: 0|req: 400/802] 10.0.0.254 () {34 vars in 815 bytes} [Tue Apr 28 18:05:20 2026] DELETE /resource_providers/8b2ee8ab-60b8-4033-ae0e-a12d6f68b49c => generated 246 bytes in 10 msecs (HTTP/1.1 404) 6 headers in 231 bytes (1 switches on core 0)
2026-04-28 18:05:20.215 8 INFO placement.requestlog [None req-c2f2a194-8b99-4644-a64f-0eafd979175b 2710145f6cc941c287486008d29521b3 add22cba2fcd4f6a8935080ecff05fca - - 4665bfd6cb44460ab3ca37dfe0f94554 4665bfd6cb44460ab3ca37dfe0f94554] 10.0.0.254 "DELETE /resource_providers/e902d83c-c7db-42c8-b02d-72acc4cc3dad" status: 404 len: 246 microversion: 1.1 [pid: 8|app: 0|req: 403/803] 10.0.0.254 () {34 vars in 815 bytes} [Tue Apr 28 18:05:20 2026] DELETE /resource_providers/e902d83c-c7db-42c8-b02d-72acc4cc3dad => generated 246 bytes in 14 msecs (HTTP/1.1 404) 6 headers in 231 bytes (1 switches on core 0)
2026-04-28 18:05:20.217 7 INFO placement.requestlog [None req-de4efaf9-402b-4608-ae38-b63f47a37040 2710145f6cc941c287486008d29521b3 add22cba2fcd4f6a8935080ecff05fca - - 4665bfd6cb44460ab3ca37dfe0f94554 4665bfd6cb44460ab3ca37dfe0f94554] 10.0.0.254 "GET /resource_providers/e902d83c-c7db-42c8-b02d-72acc4cc3dad/aggregates" status: 404 len: 235 microversion: 1.1 [pid: 7|app: 0|req: 401/804] 10.0.0.254 () {32 vars in 815 bytes} [Tue Apr 28 18:05:20 2026] GET /resource_providers/e902d83c-c7db-42c8-b02d-72acc4cc3dad/aggregates => generated 235 bytes in 8 msecs (HTTP/1.1 404) 5 headers in 202 bytes (1 switches on core 0)
2026-04-28 18:05:20.233 8 INFO placement.requestlog [None req-f88970e3-6674-468a-b74c-119a72cbe0ba 2710145f6cc941c287486008d29521b3 add22cba2fcd4f6a8935080ecff05fca - - 4665bfd6cb44460ab3ca37dfe0f94554 4665bfd6cb44460ab3ca37dfe0f94554] 10.0.0.254 "DELETE /resource_providers/e902d83c-c7db-42c8-b02d-72acc4cc3dad" status: 404 len: 246 microversion: 1.1 [pid: 8|app: 0|req: 404/805] 10.0.0.254 () {34 vars in 815 bytes} [Tue Apr 28 18:05:20 2026] DELETE /resource_providers/e902d83c-c7db-42c8-b02d-72acc4cc3dad => generated 246 bytes in 7 msecs (HTTP/1.1 404) 6 headers in 231 bytes (1 switches on core 0)
2026-04-28 18:05:20.411 7 INFO placement.requestlog [None req-8114a6e7-be38-4d44-abde-8b3fe4f023d4 2710145f6cc941c287486008d29521b3 add22cba2fcd4f6a8935080ecff05fca - - 4665bfd6cb44460ab3ca37dfe0f94554 4665bfd6cb44460ab3ca37dfe0f94554] 10.0.0.254 "GET /resource_providers/4285a40e-b5c6-4bb1-9fcc-8e1b16cfa0d2/aggregates" status: 404 len: 235 microversion: 1.1 [pid: 7|app: 0|req: 402/806] 10.0.0.254 () {32 vars in 815 bytes} [Tue Apr 28 18:05:20 2026] GET /resource_providers/4285a40e-b5c6-4bb1-9fcc-8e1b16cfa0d2/aggregates => generated 235 bytes in 11 msecs (HTTP/1.1 404) 5 headers in 202 bytes (1 switches on core 0)
2026-04-28 18:05:20.420 8 INFO placement.requestlog [None req-b9a783d0-cced-48b3-b680-3f01f8015d1f 2710145f6cc941c287486008d29521b3 add22cba2fcd4f6a8935080ecff05fca - - 4665bfd6cb44460ab3ca37dfe0f94554 4665bfd6cb44460ab3ca37dfe0f94554] 10.0.0.254 "GET /resource_providers/4285a40e-b5c6-4bb1-9fcc-8e1b16cfa0d2/aggregates" status: 404 len: 235 microversion: 1.1 [pid: 8|app: 0|req: 405/807] 10.0.0.254 () {32 vars in 815 bytes} [Tue Apr 28 18:05:20 2026] GET /resource_providers/4285a40e-b5c6-4bb1-9fcc-8e1b16cfa0d2/aggregates => generated 235 bytes in 15 msecs (HTTP/1.1 404) 5 headers in 202 bytes (1 switches on core 0)
2026-04-28 18:05:20.439 8 INFO placement.requestlog [None req-08b70855-dfe4-409d-bc91-dfe6da74d1f5 2710145f6cc941c287486008d29521b3 add22cba2fcd4f6a8935080ecff05fca - - 4665bfd6cb44460ab3ca37dfe0f94554 4665bfd6cb44460ab3ca37dfe0f94554] 10.0.0.254 "DELETE /resource_providers/4285a40e-b5c6-4bb1-9fcc-8e1b16cfa0d2" status: 404 len: 246 microversion: 1.1 [pid: 8|app: 0|req: 406/808] 10.0.0.254 () {34 vars in 815 bytes} [Tue Apr 28 18:05:20 2026] DELETE /resource_providers/4285a40e-b5c6-4bb1-9fcc-8e1b16cfa0d2 => generated 246 bytes in 10 msecs (HTTP/1.1 404) 6 headers in 231 bytes (1 switches on core 0)
2026-04-28 18:05:20.440 7 INFO placement.requestlog [None req-6fa5fddb-304d-403a-b674-d0c50067e212 2710145f6cc941c287486008d29521b3 add22cba2fcd4f6a8935080ecff05fca - - 4665bfd6cb44460ab3ca37dfe0f94554 4665bfd6cb44460ab3ca37dfe0f94554] 10.0.0.254 "DELETE /resource_providers/4285a40e-b5c6-4bb1-9fcc-8e1b16cfa0d2" status: 404 len: 246 microversion: 1.1 [pid: 7|app: 0|req: 403/809] 10.0.0.254 () {34 vars in 815 bytes} [Tue Apr 28 18:05:20 2026] DELETE /resource_providers/4285a40e-b5c6-4bb1-9fcc-8e1b16cfa0d2 => generated 246 bytes in 12 msecs (HTTP/1.1 404) 6 headers in 231 bytes (1 switches on core 0)
2026-04-28 18:05:24.727 8 INFO placement.requestlog [None req-168863bd-c5b2-4ae1-afd6-eeef648849b2 2710145f6cc941c287486008d29521b3 add22cba2fcd4f6a8935080ecff05fca - - 4665bfd6cb44460ab3ca37dfe0f94554 4665bfd6cb44460ab3ca37dfe0f94554] 10.0.0.254 "GET /resource_providers/e35705c1-583c-441d-9090-962f09e2f369/aggregates" status: 404 len: 235 microversion: 1.1 [pid: 8|app: 0|req: 407/810] 10.0.0.254 () {32 vars in 815 bytes} [Tue Apr 28 18:05:24 2026] GET /resource_providers/e35705c1-583c-441d-9090-962f09e2f369/aggregates => generated 235 bytes in 11 msecs (HTTP/1.1 404) 5 headers in 202 bytes (1 switches on core 0)
2026-04-28 18:05:24.729 7 INFO placement.requestlog [None req-b7430521-8f4c-4217-8fb6-bb390a66f15c 2710145f6cc941c287486008d29521b3 add22cba2fcd4f6a8935080ecff05fca - - 4665bfd6cb44460ab3ca37dfe0f94554 4665bfd6cb44460ab3ca37dfe0f94554] 10.0.0.254 "GET /resource_providers/e35705c1-583c-441d-9090-962f09e2f369/aggregates" status: 404 len: 235 microversion: 1.1 [pid: 7|app: 0|req: 404/811] 10.0.0.254 () {32 vars in 815 bytes} [Tue Apr 28 18:05:24 2026] GET /resource_providers/e35705c1-583c-441d-9090-962f09e2f369/aggregates => generated 235 bytes in 8 msecs (HTTP/1.1 404) 5 headers in 202 bytes (1 switches on core 0)
2026-04-28 18:05:24.751 8 INFO placement.requestlog [None req-1ef8e033-b73e-42e0-972e-67adaee7cb95 2710145f6cc941c287486008d29521b3 add22cba2fcd4f6a8935080ecff05fca - - 4665bfd6cb44460ab3ca37dfe0f94554 4665bfd6cb44460ab3ca37dfe0f94554] 10.0.0.254 "DELETE /resource_providers/e35705c1-583c-441d-9090-962f09e2f369" status: 404 len: 246 microversion: 1.1
2026-04-28 18:05:24.752 7 INFO placement.requestlog [None req-aca7e6c9-fb23-4690-a8b9-83c2b11a67b5 2710145f6cc941c287486008d29521b3 add22cba2fcd4f6a8935080ecff05fca - - 4665bfd6cb44460ab3ca37dfe0f94554 4665bfd6cb44460ab3ca37dfe0f94554] 10.0.0.254 "DELETE /resource_providers/e35705c1-583c-441d-9090-962f09e2f369" status: 404 len: 246 microversion: 1.1 [pid: 8|app: 0|req: 408/812] 10.0.0.254 () {34 vars in 815 bytes} [Tue Apr 28 18:05:24 2026] DELETE /resource_providers/e35705c1-583c-441d-9090-962f09e2f369 => generated 246 bytes in 9 msecs (HTTP/1.1 404) 6 headers in 231 bytes (1 switches on core 0) [pid: 7|app: 0|req: 405/813] 10.0.0.254 () {34 vars in 815 bytes} [Tue Apr 28 18:05:24 2026] DELETE /resource_providers/e35705c1-583c-441d-9090-962f09e2f369 => generated 246 bytes in 9 msecs (HTTP/1.1 404) 6 headers in 231 bytes (1 switches on core 0)
2026-04-28 18:05:26.723 8 INFO placement.requestlog [None req-a9bfaaaf-2fa8-4bc2-a041-4bddb39141ff - - - - - -] 10.0.0.112 "GET /" status: 200 len: 136 microversion: 1.0
2026-04-28 18:05:26.723 7 INFO placement.requestlog [None req-305633d7-a8d2-4e1b-a4e4-1ada8891c1a2 - - - - - -] 10.0.0.112 "GET /" status: 200 len: 136 microversion: 1.0
2026-04-28 18:05:26.779 8 INFO placement.requestlog [None req-ae282da8-e6e6-4fb9-918c-694761da9000 2710145f6cc941c287486008d29521b3 add22cba2fcd4f6a8935080ecff05fca - - 4665bfd6cb44460ab3ca37dfe0f94554 4665bfd6cb44460ab3ca37dfe0f94554] 10.0.0.254 "GET /resource_providers/108df1b2-5c8a-4b48-abaf-cee9c537ed72/aggregates" status: 404 len: 235 microversion: 1.1 [pid: 8|app: 0|req: 410/816] 10.0.0.254 () {32 vars in 815 bytes} [Tue Apr 28 18:05:26 2026] GET /resource_providers/108df1b2-5c8a-4b48-abaf-cee9c537ed72/aggregates => generated 235 bytes in 13 msecs (HTTP/1.1 404) 5 headers in 202 bytes (1 switches on core 0)
2026-04-28 18:05:26.780 7 INFO placement.requestlog [None req-c84ed438-a8f2-4493-b392-fd63df3cc448 2710145f6cc941c287486008d29521b3 add22cba2fcd4f6a8935080ecff05fca - - 4665bfd6cb44460ab3ca37dfe0f94554 4665bfd6cb44460ab3ca37dfe0f94554] 10.0.0.254 "GET /resource_providers/108df1b2-5c8a-4b48-abaf-cee9c537ed72/aggregates" status: 404 len: 235 microversion: 1.1 [pid: 7|app: 0|req: 407/817] 10.0.0.254 () {32 vars in 815 bytes} [Tue Apr 28 18:05:26 2026] GET /resource_providers/108df1b2-5c8a-4b48-abaf-cee9c537ed72/aggregates => generated 235 bytes in 7 msecs (HTTP/1.1 404) 5 headers in 202 bytes (1 switches on core 0)
2026-04-28 18:05:26.798 8 INFO placement.requestlog [None req-1145e905-1ea5-4b03-8f7b-07179d1fba6d 2710145f6cc941c287486008d29521b3 add22cba2fcd4f6a8935080ecff05fca - - 4665bfd6cb44460ab3ca37dfe0f94554 4665bfd6cb44460ab3ca37dfe0f94554] 10.0.0.254 "DELETE /resource_providers/108df1b2-5c8a-4b48-abaf-cee9c537ed72" status: 404 len: 246 microversion: 1.1 [pid: 8|app: 0|req: 411/818] 10.0.0.254 () {34 vars in 815 bytes} [Tue Apr 28 18:05:26 2026] DELETE /resource_providers/108df1b2-5c8a-4b48-abaf-cee9c537ed72 => generated 246 bytes in 11 msecs (HTTP/1.1 404) 6 headers in 231 bytes (1 switches on core 0)
2026-04-28 18:05:26.803 7 INFO placement.requestlog [None req-0848d484-7387-4924-998c-1d032b443c4a 2710145f6cc941c287486008d29521b3 add22cba2fcd4f6a8935080ecff05fca - - 4665bfd6cb44460ab3ca37dfe0f94554 4665bfd6cb44460ab3ca37dfe0f94554] 10.0.0.254 "DELETE /resource_providers/108df1b2-5c8a-4b48-abaf-cee9c537ed72" status: 404 len: 246 microversion: 1.1 [pid: 7|app: 0|req: 408/819] 10.0.0.254 () {34 vars in 815 bytes} [Tue Apr 28 18:05:26 2026] DELETE /resource_providers/108df1b2-5c8a-4b48-abaf-cee9c537ed72 => generated 246 bytes in 14 msecs (HTTP/1.1 404) 6 headers in 231 bytes (1 switches on core 0)
2026-04-28 18:05:28.842 7 INFO placement.requestlog [None req-aa3783c9-1388-428e-af22-2be049d1fb42 2710145f6cc941c287486008d29521b3 add22cba2fcd4f6a8935080ecff05fca - - 4665bfd6cb44460ab3ca37dfe0f94554 4665bfd6cb44460ab3ca37dfe0f94554] 10.0.0.254 "GET /resource_providers/febf14d4-d880-424b-9508-ee3e07d1f83b/aggregates" status: 404 len: 235 microversion: 1.1
2026-04-28 18:05:28.842 8 INFO placement.requestlog [None req-020662f0-5ac7-495a-a492-f511167299ee 2710145f6cc941c287486008d29521b3 add22cba2fcd4f6a8935080ecff05fca - - 4665bfd6cb44460ab3ca37dfe0f94554 4665bfd6cb44460ab3ca37dfe0f94554] 10.0.0.254 "GET /resource_providers/febf14d4-d880-424b-9508-ee3e07d1f83b/aggregates" status: 404 len: 235 microversion: 1.1 [pid: 8|app: 0|req: 412/820] 10.0.0.254 () {32 vars in 815 bytes} [Tue Apr 28 18:05:28 2026] GET /resource_providers/febf14d4-d880-424b-9508-ee3e07d1f83b/aggregates => generated 235 bytes in 18 msecs (HTTP/1.1 404) 5 headers in 202 bytes (1 switches on core 0) [pid: 7|app: 0|req: 409/821] 10.0.0.254 () {32 vars in 815 bytes} [Tue Apr 28 18:05:28 2026] GET /resource_providers/febf14d4-d880-424b-9508-ee3e07d1f83b/aggregates => generated 235 bytes in 18 msecs (HTTP/1.1 404) 5 headers in 202 bytes (1 switches on core 0)
2026-04-28 18:05:28.864 8 INFO placement.requestlog [None req-90da74e7-5ce7-4cca-8507-73bfc0fb7594 2710145f6cc941c287486008d29521b3 add22cba2fcd4f6a8935080ecff05fca - - 4665bfd6cb44460ab3ca37dfe0f94554 4665bfd6cb44460ab3ca37dfe0f94554] 10.0.0.254 "DELETE /resource_providers/febf14d4-d880-424b-9508-ee3e07d1f83b" status: 404 len: 246 microversion: 1.1 [pid: 8|app: 0|req: 413/822] 10.0.0.254 () {34 vars in 815 bytes} [Tue Apr 28 18:05:28 2026] DELETE /resource_providers/febf14d4-d880-424b-9508-ee3e07d1f83b => generated 246 bytes in 9 msecs (HTTP/1.1 404) 6 headers in 231 bytes (1 switches on core 0)
2026-04-28 18:05:28.879 7 INFO placement.requestlog [None req-029cbd45-48ff-4dd9-8d16-0b64a1b72abb 2710145f6cc941c287486008d29521b3 add22cba2fcd4f6a8935080ecff05fca - - 4665bfd6cb44460ab3ca37dfe0f94554 4665bfd6cb44460ab3ca37dfe0f94554] 10.0.0.254 "DELETE /resource_providers/febf14d4-d880-424b-9508-ee3e07d1f83b" status: 404 len: 246 microversion: 1.1 [pid: 7|app: 0|req: 410/823] 10.0.0.254 () {34 vars in 815 bytes} [Tue Apr 28 18:05:28 2026] DELETE /resource_providers/febf14d4-d880-424b-9508-ee3e07d1f83b => generated 246 bytes in 23 msecs (HTTP/1.1 404) 6 headers in 231 bytes (1 switches on core 0)
2026-04-28 18:05:32.553 8 INFO placement.requestlog [req-92af34b9-ad4e-45c8-88fe-ebf2aef61012 req-e083f461-5dfd-46ba-a5d5-2350e8b9cf73 bc193422fde54e6cb84d7ebff72f51c4 add22cba2fcd4f6a8935080ecff05fca - - 4665bfd6cb44460ab3ca37dfe0f94554 4665bfd6cb44460ab3ca37dfe0f94554] 199.204.45.227 "GET /resource_providers/eaac4646-3e78-4d10-9ab7-41f38cacfd02/allocations" status: 200 len: 252 microversion: 1.0 [pid: 8|app: 0|req: 414/824] 199.204.45.227 () {32 vars in 856 bytes} [Tue Apr 28 18:05:32 2026] GET /resource_providers/eaac4646-3e78-4d10-9ab7-41f38cacfd02/allocations => generated 252 bytes in 18 msecs (HTTP/1.1 200) 6 headers in 224 bytes (1 switches on core 0)
2026-04-28 18:05:32.572 7 INFO placement.requestlog [req-92af34b9-ad4e-45c8-88fe-ebf2aef61012 req-3bf08a75-c787-4281-af02-4e521c2a453d bc193422fde54e6cb84d7ebff72f51c4 add22cba2fcd4f6a8935080ecff05fca - - 4665bfd6cb44460ab3ca37dfe0f94554 4665bfd6cb44460ab3ca37dfe0f94554] 199.204.45.227 "GET /allocations/8edc56c9-5b00-4e30-8825-48a33c7fc5c7" status: 200 len: 257 microversion: 1.28 [pid: 7|app: 0|req: 411/825] 199.204.45.227 () {34 vars in 862 bytes} [Tue Apr 28 18:05:32 2026] GET /allocations/8edc56c9-5b00-4e30-8825-48a33c7fc5c7 => generated 257 bytes in 13 msecs (HTTP/1.1 200) 8 headers in 296 bytes (1 switches on core 0)
2026-04-28 18:05:32.590 8 INFO placement.requestlog [req-92af34b9-ad4e-45c8-88fe-ebf2aef61012 req-aeb562d0-638e-49bd-8ad3-62824ae3b8eb bc193422fde54e6cb84d7ebff72f51c4 add22cba2fcd4f6a8935080ecff05fca - - 4665bfd6cb44460ab3ca37dfe0f94554 4665bfd6cb44460ab3ca37dfe0f94554] 199.204.45.227 "GET /allocations/67bb48d1-18d4-45cc-bab8-db005113efc3" status: 200 len: 257 microversion: 1.28 [pid: 8|app: 0|req: 415/826] 199.204.45.227 () {34 vars in 862 bytes} [Tue Apr 28 18:05:32 2026] GET /allocations/67bb48d1-18d4-45cc-bab8-db005113efc3 => generated 257 bytes in 13 msecs (HTTP/1.1 200) 8 headers in 296 bytes (1 switches on core 0)
2026-04-28 18:05:33.639 7 INFO placement.requestlog [req-92af34b9-ad4e-45c8-88fe-ebf2aef61012 req-b00bf1d5-bfe3-43dd-a87c-b65c70fe1aa6 bc193422fde54e6cb84d7ebff72f51c4 add22cba2fcd4f6a8935080ecff05fca - - 4665bfd6cb44460ab3ca37dfe0f94554 4665bfd6cb44460ab3ca37dfe0f94554] 199.204.45.227 "DELETE /allocations/67bb48d1-18d4-45cc-bab8-db005113efc3" status: 204 len: 0 microversion: 1.0 [pid: 7|app: 0|req: 412/827] 199.204.45.227 () {34 vars in 840 bytes} [Tue Apr 28 18:05:33 2026] DELETE /allocations/67bb48d1-18d4-45cc-bab8-db005113efc3 => generated 0 bytes in 24 msecs (HTTP/1.1 204) 5 headers in 198 bytes (1 switches on core 0)
2026-04-28 18:05:34.707 8 INFO placement.requestlog [req-69f0ba3a-30f0-4a7d-a15a-e77f3cf6e947 req-e7ce4439-32ba-4d89-a7d4-28e9f7e9a226 bc193422fde54e6cb84d7ebff72f51c4 add22cba2fcd4f6a8935080ecff05fca - - 4665bfd6cb44460ab3ca37dfe0f94554 4665bfd6cb44460ab3ca37dfe0f94554] 199.204.45.227 "GET /resource_providers/eaac4646-3e78-4d10-9ab7-41f38cacfd02/allocations" status: 200 len: 152 microversion: 1.0 [pid: 8|app: 0|req: 416/828] 199.204.45.227 () {32 vars in 856 bytes} [Tue Apr 28 18:05:34 2026] GET /resource_providers/eaac4646-3e78-4d10-9ab7-41f38cacfd02/allocations => generated 152 bytes in 14 msecs (HTTP/1.1 200) 6 headers in 224 bytes (1 switches on core 0)
2026-04-28 18:05:34.733 7 INFO placement.requestlog [req-69f0ba3a-30f0-4a7d-a15a-e77f3cf6e947 req-7fe21963-a860-4485-b9ca-543b47789bd0 bc193422fde54e6cb84d7ebff72f51c4 add22cba2fcd4f6a8935080ecff05fca - - 4665bfd6cb44460ab3ca37dfe0f94554 4665bfd6cb44460ab3ca37dfe0f94554] 199.204.45.227 "GET /allocations/8edc56c9-5b00-4e30-8825-48a33c7fc5c7" status: 200 len: 257 microversion: 1.28 [pid: 7|app: 0|req: 413/829] 199.204.45.227 () {34 vars in 862 bytes} [Tue Apr 28 18:05:34 2026] GET /allocations/8edc56c9-5b00-4e30-8825-48a33c7fc5c7 => generated 257 bytes in 18 msecs (HTTP/1.1 200) 8 headers in 296 bytes (1 switches on core 0)
2026-04-28 18:05:35.782 8 INFO placement.requestlog [req-69f0ba3a-30f0-4a7d-a15a-e77f3cf6e947 req-190a610e-8557-4696-8a58-7c62502362e2 bc193422fde54e6cb84d7ebff72f51c4 add22cba2fcd4f6a8935080ecff05fca - - 4665bfd6cb44460ab3ca37dfe0f94554 4665bfd6cb44460ab3ca37dfe0f94554] 199.204.45.227 "DELETE /allocations/8edc56c9-5b00-4e30-8825-48a33c7fc5c7" status: 204 len: 0 microversion: 1.0 [pid: 8|app: 0|req: 417/830] 199.204.45.227 () {34 vars in 840 bytes} [Tue Apr 28 18:05:35 2026] DELETE /allocations/8edc56c9-5b00-4e30-8825-48a33c7fc5c7 => generated 0 bytes in 22 msecs (HTTP/1.1 204) 5 headers in 198 bytes (1 switches on core 0)
2026-04-28 18:05:36.723 7 INFO placement.requestlog [None req-17b12d8b-a474-4a6c-942b-5d190f6ef0d9 - - - - - -] 10.0.0.112 "GET /" status: 200 len: 136 microversion: 1.0
2026-04-28 18:05:36.724 8 INFO placement.requestlog [None req-3213b084-2265-4e18-9b79-6dfbbb8d5259 - - - - - -] 10.0.0.112 "GET /" status: 200 len: 136 microversion: 1.0
2026-04-28 18:05:36.810 8 INFO placement.requestlog [None req-b4f79450-4df0-4ef6-a27e-94ab64124b6f 2710145f6cc941c287486008d29521b3 add22cba2fcd4f6a8935080ecff05fca - - 4665bfd6cb44460ab3ca37dfe0f94554 4665bfd6cb44460ab3ca37dfe0f94554] 10.0.0.254 "GET /resource_providers/2a32272a-4708-4ae9-bc8b-877fc6d3921a/aggregates" status: 404 len: 235 microversion: 1.1 [pid: 8|app: 0|req: 419/833] 10.0.0.254 () {32 vars in 815 bytes} [Tue Apr 28 18:05:36 2026] GET /resource_providers/2a32272a-4708-4ae9-bc8b-877fc6d3921a/aggregates => generated 235 bytes in 8 msecs (HTTP/1.1 404) 5 headers in 202 bytes (1 switches on core 0)
2026-04-28 18:05:36.822 7 INFO placement.requestlog [None req-67d923cd-97cc-4637-a20d-30399d906ce5 2710145f6cc941c287486008d29521b3 add22cba2fcd4f6a8935080ecff05fca - - 4665bfd6cb44460ab3ca37dfe0f94554 4665bfd6cb44460ab3ca37dfe0f94554] 10.0.0.254 "GET /resource_providers/2a32272a-4708-4ae9-bc8b-877fc6d3921a/aggregates" status: 404 len: 235 microversion: 1.1 [pid: 7|app: 0|req: 415/834] 10.0.0.254 () {32 vars in 815 bytes} [Tue Apr 28 18:05:36 2026] GET /resource_providers/2a32272a-4708-4ae9-bc8b-877fc6d3921a/aggregates => generated 235 bytes in 22 msecs (HTTP/1.1 404) 5 headers in 202 bytes (1 switches on core 0)
2026-04-28 18:05:36.827 8 INFO placement.requestlog [None req-6a0527c7-2ee8-4f46-bafe-356435372c03 2710145f6cc941c287486008d29521b3 add22cba2fcd4f6a8935080ecff05fca - - 4665bfd6cb44460ab3ca37dfe0f94554 4665bfd6cb44460ab3ca37dfe0f94554] 10.0.0.254 "DELETE /resource_providers/2a32272a-4708-4ae9-bc8b-877fc6d3921a" status: 404 len: 246 microversion: 1.1 [pid: 8|app: 0|req: 420/835] 10.0.0.254 () {34 vars in 815 bytes} [Tue Apr 28 18:05:36 2026] DELETE /resource_providers/2a32272a-4708-4ae9-bc8b-877fc6d3921a => generated 246 bytes in 6 msecs (HTTP/1.1 404) 6 headers in 231 bytes (1 switches on core 0)
2026-04-28 18:05:36.853 7 INFO placement.requestlog [None req-d05054b7-d47c-4dbc-98a8-e63f9bb7478f 2710145f6cc941c287486008d29521b3 add22cba2fcd4f6a8935080ecff05fca - - 4665bfd6cb44460ab3ca37dfe0f94554 4665bfd6cb44460ab3ca37dfe0f94554] 10.0.0.254 "DELETE /resource_providers/2a32272a-4708-4ae9-bc8b-877fc6d3921a" status: 404 len: 246 microversion: 1.1 [pid: 7|app: 0|req: 416/836] 10.0.0.254 () {34 vars in 815 bytes} [Tue Apr 28 18:05:36 2026] DELETE /resource_providers/2a32272a-4708-4ae9-bc8b-877fc6d3921a => generated 246 bytes in 16 msecs (HTTP/1.1 404) 6 headers in 231 bytes (1 switches on core 0)
2026-04-28 18:05:37.573 8 INFO placement.requestlog [None req-c1272761-684d-4e13-9bec-80a859f7febd 2710145f6cc941c287486008d29521b3 add22cba2fcd4f6a8935080ecff05fca - - 4665bfd6cb44460ab3ca37dfe0f94554 4665bfd6cb44460ab3ca37dfe0f94554] 10.0.0.254 "GET /resource_providers/cf0e588d-ce85-4922-b99d-2d3e7f7fd95b/aggregates" status: 404 len: 235 microversion: 1.1 [pid: 8|app: 0|req: 421/837] 10.0.0.254 () {32 vars in 815 bytes} [Tue Apr 28 18:05:37 2026] GET /resource_providers/cf0e588d-ce85-4922-b99d-2d3e7f7fd95b/aggregates => generated 235 bytes in 10 msecs (HTTP/1.1 404) 5 headers in 202 bytes (1 switches on core 0)
2026-04-28 18:05:37.577 7 INFO placement.requestlog [None req-c4a2a2a8-9ea6-4ed5-9e4d-6374c6cb938a 2710145f6cc941c287486008d29521b3 add22cba2fcd4f6a8935080ecff05fca - - 4665bfd6cb44460ab3ca37dfe0f94554 4665bfd6cb44460ab3ca37dfe0f94554] 10.0.0.254 "GET /resource_providers/cf0e588d-ce85-4922-b99d-2d3e7f7fd95b/aggregates" status: 404 len: 235 microversion: 1.1 [pid: 7|app: 0|req: 417/838] 10.0.0.254 () {32 vars in 815 bytes} [Tue Apr 28 18:05:37 2026] GET /resource_providers/cf0e588d-ce85-4922-b99d-2d3e7f7fd95b/aggregates => generated 235 bytes in 12 msecs (HTTP/1.1 404) 5 headers in 202 bytes (1 switches on core 0)
2026-04-28 18:05:37.598 7 INFO placement.requestlog [None req-552599b4-7aa1-4366-bccd-c13250469a21 2710145f6cc941c287486008d29521b3 add22cba2fcd4f6a8935080ecff05fca - - 4665bfd6cb44460ab3ca37dfe0f94554 4665bfd6cb44460ab3ca37dfe0f94554] 10.0.0.254 "DELETE /resource_providers/cf0e588d-ce85-4922-b99d-2d3e7f7fd95b" status: 404 len: 246 microversion: 1.1 [pid: 7|app: 0|req: 418/839] 10.0.0.254 () {34 vars in 815 bytes} [Tue Apr 28 18:05:37 2026] DELETE /resource_providers/cf0e588d-ce85-4922-b99d-2d3e7f7fd95b => generated 246 bytes in 8 msecs (HTTP/1.1 404) 6 headers in 231 bytes (1 switches on core 0)
2026-04-28 18:05:37.599 8 INFO placement.requestlog [None req-80b0c6c0-60a5-4b55-bb96-d2e479082f97 2710145f6cc941c287486008d29521b3 add22cba2fcd4f6a8935080ecff05fca - - 4665bfd6cb44460ab3ca37dfe0f94554 4665bfd6cb44460ab3ca37dfe0f94554] 10.0.0.254 "DELETE /resource_providers/cf0e588d-ce85-4922-b99d-2d3e7f7fd95b" status: 404 len: 246 microversion: 1.1 [pid: 8|app: 0|req: 422/840] 10.0.0.254 () {34 vars in 815 bytes} [Tue Apr 28 18:05:37 2026] DELETE /resource_providers/cf0e588d-ce85-4922-b99d-2d3e7f7fd95b => generated 246 bytes in 10 msecs (HTTP/1.1 404) 6 headers in 231 bytes (1 switches on core 0)
2026-04-28 18:05:38.847 7 INFO placement.requestlog [None req-c4cd7f82-fb15-439d-88f8-2bf810cef947 2710145f6cc941c287486008d29521b3 add22cba2fcd4f6a8935080ecff05fca - - 4665bfd6cb44460ab3ca37dfe0f94554 4665bfd6cb44460ab3ca37dfe0f94554] 10.0.0.254 "GET /resource_providers/0a33ca50-0515-4574-bba6-a1cd8a2937d4/aggregates" status: 404 len: 235 microversion: 1.1 [pid: 7|app: 0|req: 419/841] 10.0.0.254 () {32 vars in 815 bytes} [Tue Apr 28 18:05:38 2026] GET /resource_providers/0a33ca50-0515-4574-bba6-a1cd8a2937d4/aggregates => generated 235 bytes in 8 msecs (HTTP/1.1 404) 5 headers in 202 bytes (1 switches on core 0)
2026-04-28 18:05:38.866 8 INFO placement.requestlog [None req-a4f4dbae-c0a1-41fe-bbce-4e19bde7f6be 2710145f6cc941c287486008d29521b3 add22cba2fcd4f6a8935080ecff05fca - - 4665bfd6cb44460ab3ca37dfe0f94554 4665bfd6cb44460ab3ca37dfe0f94554] 10.0.0.254 "DELETE /resource_providers/0a33ca50-0515-4574-bba6-a1cd8a2937d4" status: 404 len: 246 microversion: 1.1 [pid: 8|app: 0|req: 423/842] 10.0.0.254 () {34 vars in 815 bytes} [Tue Apr 28 18:05:38 2026] DELETE /resource_providers/0a33ca50-0515-4574-bba6-a1cd8a2937d4 => generated 246 bytes in 13 msecs (HTTP/1.1 404) 6 headers in 231 bytes (1 switches on core 0)
2026-04-28 18:05:38.884 8 INFO placement.requestlog [None req-767c06fb-1386-4e37-92fa-79c072e8181f 2710145f6cc941c287486008d29521b3 add22cba2fcd4f6a8935080ecff05fca - - 4665bfd6cb44460ab3ca37dfe0f94554 4665bfd6cb44460ab3ca37dfe0f94554] 10.0.0.254 "GET /resource_providers/cf669f8e-de03-468b-b15b-241f7fcda41f/aggregates" status: 404 len: 235 microversion: 1.1 [pid: 8|app: 0|req: 424/843] 10.0.0.254 () {32 vars in 815 bytes} [Tue Apr 28 18:05:38 2026] GET /resource_providers/cf669f8e-de03-468b-b15b-241f7fcda41f/aggregates => generated 235 bytes in 9 msecs (HTTP/1.1 404) 5 headers in 202 bytes (1 switches on core 0)
2026-04-28 18:05:38.891 7 INFO placement.requestlog [None req-8767fe9a-894b-44bc-8772-4c37a81ca0b0 2710145f6cc941c287486008d29521b3 add22cba2fcd4f6a8935080ecff05fca - - 4665bfd6cb44460ab3ca37dfe0f94554 4665bfd6cb44460ab3ca37dfe0f94554] 10.0.0.254 "GET /resource_providers/0a33ca50-0515-4574-bba6-a1cd8a2937d4/aggregates" status: 404 len: 235 microversion: 1.1 [pid: 7|app: 0|req: 420/844] 10.0.0.254 () {32 vars in 815 bytes} [Tue Apr 28 18:05:38 2026] GET /resource_providers/0a33ca50-0515-4574-bba6-a1cd8a2937d4/aggregates => generated 235 bytes in 16 msecs (HTTP/1.1 404) 5 headers in 202 bytes (1 switches on core 0)
2026-04-28 18:05:38.907 8 INFO placement.requestlog [None req-3f5ed8ab-e078-4d9f-9dd5-472e6de4658f 2710145f6cc941c287486008d29521b3 add22cba2fcd4f6a8935080ecff05fca - - 4665bfd6cb44460ab3ca37dfe0f94554 4665bfd6cb44460ab3ca37dfe0f94554] 10.0.0.254 "DELETE /resource_providers/cf669f8e-de03-468b-b15b-241f7fcda41f" status: 404 len: 246 microversion: 1.1 [pid: 8|app: 0|req: 425/845] 10.0.0.254 () {34 vars in 815 bytes} [Tue Apr 28 18:05:38 2026] DELETE /resource_providers/cf669f8e-de03-468b-b15b-241f7fcda41f => generated 246 bytes in 10 msecs (HTTP/1.1 404) 6 headers in 231 bytes (1 switches on core 0)
2026-04-28 18:05:38.928 7 INFO placement.requestlog [None req-d021b2bf-9a05-481e-bff9-7f91198636c9 2710145f6cc941c287486008d29521b3 add22cba2fcd4f6a8935080ecff05fca - - 4665bfd6cb44460ab3ca37dfe0f94554 4665bfd6cb44460ab3ca37dfe0f94554] 10.0.0.254 "DELETE /resource_providers/0a33ca50-0515-4574-bba6-a1cd8a2937d4" status: 404 len: 246 microversion: 1.1 [pid: 7|app: 0|req: 421/846] 10.0.0.254 () {34 vars in 815 bytes} [Tue Apr 28 18:05:38 2026] DELETE /resource_providers/0a33ca50-0515-4574-bba6-a1cd8a2937d4 => generated 246 bytes in 21 msecs (HTTP/1.1 404) 6 headers in 231 bytes (1 switches on core 0)
2026-04-28 18:05:38.954 8 INFO placement.requestlog [None req-5cd80cab-4393-47ca-a1d5-c14883595e76 2710145f6cc941c287486008d29521b3 add22cba2fcd4f6a8935080ecff05fca - - 4665bfd6cb44460ab3ca37dfe0f94554 4665bfd6cb44460ab3ca37dfe0f94554] 10.0.0.254 "GET /resource_providers/cf669f8e-de03-468b-b15b-241f7fcda41f/aggregates" status: 404 len: 235 microversion: 1.1 [pid: 8|app: 0|req: 426/847] 10.0.0.254 () {32 vars in 815 bytes} [Tue Apr 28 18:05:38 2026] GET /resource_providers/cf669f8e-de03-468b-b15b-241f7fcda41f/aggregates => generated 235 bytes in 9 msecs (HTTP/1.1 404) 5 headers in 202 bytes (1 switches on core 0)
2026-04-28 18:05:38.973 7 INFO placement.requestlog [None req-a41c0fef-4155-465d-9943-51cd24c1b06a 2710145f6cc941c287486008d29521b3 add22cba2fcd4f6a8935080ecff05fca - - 4665bfd6cb44460ab3ca37dfe0f94554 4665bfd6cb44460ab3ca37dfe0f94554] 10.0.0.254 "DELETE /resource_providers/cf669f8e-de03-468b-b15b-241f7fcda41f" status: 404 len: 246 microversion: 1.1 [pid: 7|app: 0|req: 422/848] 10.0.0.254 () {34 vars in 815 bytes} [Tue Apr 28 18:05:38 2026] DELETE /resource_providers/cf669f8e-de03-468b-b15b-241f7fcda41f => generated 246 bytes in 10 msecs (HTTP/1.1 404) 6 headers in 231 bytes (1 switches on core 0)
2026-04-28 18:05:40.935 8 INFO placement.requestlog [None req-ac81db43-bd85-4abe-b3ae-cd2939962886 2710145f6cc941c287486008d29521b3 add22cba2fcd4f6a8935080ecff05fca - - 4665bfd6cb44460ab3ca37dfe0f94554 4665bfd6cb44460ab3ca37dfe0f94554] 10.0.0.254 "GET /resource_providers/f30f5f25-2dc5-4a64-ae9d-126925c37ed4/aggregates" status: 404 len: 235 microversion: 1.1 [pid: 8|app: 0|req: 427/849] 10.0.0.254 () {32 vars in 815 bytes} [Tue Apr 28 18:05:40 2026] GET /resource_providers/f30f5f25-2dc5-4a64-ae9d-126925c37ed4/aggregates => generated 235 bytes in 10 msecs (HTTP/1.1 404) 5 headers in 202 bytes (1 switches on core 0)
2026-04-28 18:05:40.963 7 INFO placement.requestlog [None req-a4b2de5f-daf0-4ce9-8ab1-4f93c28c2b18 2710145f6cc941c287486008d29521b3 add22cba2fcd4f6a8935080ecff05fca - - 4665bfd6cb44460ab3ca37dfe0f94554 4665bfd6cb44460ab3ca37dfe0f94554] 10.0.0.254 "DELETE /resource_providers/f30f5f25-2dc5-4a64-ae9d-126925c37ed4" status: 404 len: 246 microversion: 1.1 [pid: 7|app: 0|req: 423/850] 10.0.0.254 () {34 vars in 815 bytes} [Tue Apr 28 18:05:40 2026] DELETE /resource_providers/f30f5f25-2dc5-4a64-ae9d-126925c37ed4 => generated 246 bytes in 17 msecs (HTTP/1.1 404) 6 headers in 231 bytes (1 switches on core 0)
