2026-04-07 01:17:50.892 7 INFO placement.requestlog [None req-b983b9f1-824d-40db-b198-922094f1efd3 25b447c54231432fa09bbed70fdccb5a 20f57f652b8c4891af7c841125fa1b49 - - ecd2853fa036453e9f49af2ec3bc4a53 ecd2853fa036453e9f49af2ec3bc4a53] 10.0.0.193 "GET /resource_providers/abb2674a-129d-4c1e-a166-c80492d0692e/aggregates" status: 404 len: 235 microversion: 1.1 [pid: 7|app: 0|req: 463/930] 10.0.0.193 () {32 vars in 815 bytes} [Tue Apr 7 01:17:50 2026] GET /resource_providers/abb2674a-129d-4c1e-a166-c80492d0692e/aggregates => generated 235 bytes in 12 msecs (HTTP/1.1 404) 5 headers in 202 bytes (1 switches on core 0)
2026-04-07 01:17:50.900 8 INFO placement.requestlog [None req-fcf3f147-6ac9-41d5-ae39-8ad950d8f35b 25b447c54231432fa09bbed70fdccb5a 20f57f652b8c4891af7c841125fa1b49 - - ecd2853fa036453e9f49af2ec3bc4a53 ecd2853fa036453e9f49af2ec3bc4a53] 10.0.0.193 "GET /resource_providers/abb2674a-129d-4c1e-a166-c80492d0692e/aggregates" status: 404 len: 235 microversion: 1.1 [pid: 8|app: 0|req: 468/931] 10.0.0.193 () {32 vars in 815 bytes} [Tue Apr 7 01:17:50 2026] GET /resource_providers/abb2674a-129d-4c1e-a166-c80492d0692e/aggregates => generated 235 bytes in 8 msecs (HTTP/1.1 404) 5 headers in 202 bytes (1 switches on core 0)
2026-04-07 01:17:50.920 7 INFO placement.requestlog [None req-fcc6931c-c817-4d76-bf8f-eddf68e4aaae 25b447c54231432fa09bbed70fdccb5a 20f57f652b8c4891af7c841125fa1b49 - - ecd2853fa036453e9f49af2ec3bc4a53 ecd2853fa036453e9f49af2ec3bc4a53] 10.0.0.193 "DELETE /resource_providers/abb2674a-129d-4c1e-a166-c80492d0692e" status: 404 len: 246 microversion: 1.1 [pid: 7|app: 0|req: 464/932] 10.0.0.193 () {34 vars in 815 bytes} [Tue Apr 7 01:17:50 2026] DELETE /resource_providers/abb2674a-129d-4c1e-a166-c80492d0692e => generated 246 bytes in 14 msecs (HTTP/1.1 404) 6 headers in 231 bytes (1 switches on core 0)
2026-04-07 01:17:50.946 8 INFO placement.requestlog [None req-6c6876c2-9b3a-4d24-8f26-da148d3e703c 25b447c54231432fa09bbed70fdccb5a 20f57f652b8c4891af7c841125fa1b49 - - ecd2853fa036453e9f49af2ec3bc4a53 ecd2853fa036453e9f49af2ec3bc4a53] 10.0.0.193 "DELETE /resource_providers/abb2674a-129d-4c1e-a166-c80492d0692e" status: 404 len: 246 microversion: 1.1 [pid: 8|app: 0|req: 469/933] 10.0.0.193 () {34 vars in 815 bytes} [Tue Apr 7 01:17:50 2026] DELETE /resource_providers/abb2674a-129d-4c1e-a166-c80492d0692e => generated 246 bytes in 21 msecs (HTTP/1.1 404) 6 headers in 231 bytes (1 switches on core 0)
2026-04-07 01:17:51.888 7 INFO placement.requestlog [req-9970b9c6-39c7-4ebd-9da8-148dc414b285 req-42d6e384-a7d3-4d3d-ae23-38b39a56cddf 0c3d4514b96c404cb3a27792e4fe1f4d 20f57f652b8c4891af7c841125fa1b49 - - ecd2853fa036453e9f49af2ec3bc4a53 ecd2853fa036453e9f49af2ec3bc4a53] 10.0.0.187 "GET /allocation_candidates?limit=1000&resources=DISK_GB%3A1%2CMEMORY_MB%3A512%2CVCPU%3A1&root_required=%21COMPUTE_STATUS_DISABLED" status: 200 len: 2640 microversion: 1.36 [pid: 7|app: 0|req: 465/934] 10.0.0.187 () {34 vars in 1011 bytes} [Tue Apr 7 01:17:51 2026] GET /allocation_candidates?limit=1000&resources=DISK_GB%3A1%2CMEMORY_MB%3A512%2CVCPU%3A1&root_required=%21COMPUTE_STATUS_DISABLED => generated 2640 bytes in 43 msecs (HTTP/1.1 200) 8 headers in 297 bytes (1 switches on core 0)
2026-04-07 01:17:51.920 8 INFO placement.requestlog [req-9970b9c6-39c7-4ebd-9da8-148dc414b285 req-dfe4dd9f-33fc-48e7-93e7-fc0f308e4c8d 0c3d4514b96c404cb3a27792e4fe1f4d 20f57f652b8c4891af7c841125fa1b49 - - ecd2853fa036453e9f49af2ec3bc4a53 ecd2853fa036453e9f49af2ec3bc4a53] 10.0.0.187 "GET /allocations/2903987b-d24c-44a1-8cdb-8918cb5e9b21" status: 200 len: 19 microversion: 1.28 [pid: 8|app: 0|req: 470/935] 10.0.0.187 () {34 vars in 860 bytes} [Tue Apr 7 01:17:51 2026] GET /allocations/2903987b-d24c-44a1-8cdb-8918cb5e9b21 => generated 19 bytes in 11 msecs (HTTP/1.1 200) 8 headers in 295 bytes (1 switches on core 0)
2026-04-07 01:17:51.986 7 INFO placement.requestlog [req-9970b9c6-39c7-4ebd-9da8-148dc414b285 req-bc9dccfb-54c8-476f-b5cd-abf18803c9a9 0c3d4514b96c404cb3a27792e4fe1f4d 20f57f652b8c4891af7c841125fa1b49 - - ecd2853fa036453e9f49af2ec3bc4a53 ecd2853fa036453e9f49af2ec3bc4a53] 10.0.0.187 "PUT /allocations/2903987b-d24c-44a1-8cdb-8918cb5e9b21" status: 204 len: 0 microversion: 1.36 [pid: 7|app: 0|req: 466/936] 10.0.0.187 () {38 vars in 913 bytes} [Tue Apr 7 01:17:51 2026] PUT /allocations/2903987b-d24c-44a1-8cdb-8918cb5e9b21 => generated 0 bytes in 61 msecs (HTTP/1.1 204) 5 headers in 199 bytes (1 switches on core 0)
2026-04-07 01:17:52.947 8 INFO placement.requestlog [None req-f045a7de-6c30-4b90-b0b7-44d6b0ebcab6 25b447c54231432fa09bbed70fdccb5a 20f57f652b8c4891af7c841125fa1b49 - - ecd2853fa036453e9f49af2ec3bc4a53 ecd2853fa036453e9f49af2ec3bc4a53] 10.0.0.193 "GET /resource_providers/83a382f9-6e39-4425-8365-d95c157e32b3/aggregates" status: 404 len: 235 microversion: 1.1 [pid: 8|app: 0|req: 471/937] 10.0.0.193 () {32 vars in 815 bytes} [Tue Apr 7 01:17:52 2026] GET /resource_providers/83a382f9-6e39-4425-8365-d95c157e32b3/aggregates => generated 235 bytes in 10 msecs (HTTP/1.1 404) 5 headers in 202 bytes (1 switches on core 0)
2026-04-07 01:17:52.980 7 INFO placement.requestlog [None req-3ce3578d-16f4-4d40-b498-f58581238c0f 25b447c54231432fa09bbed70fdccb5a 20f57f652b8c4891af7c841125fa1b49 - - ecd2853fa036453e9f49af2ec3bc4a53 ecd2853fa036453e9f49af2ec3bc4a53] 10.0.0.193 "DELETE /resource_providers/83a382f9-6e39-4425-8365-d95c157e32b3" status: 404 len: 246 microversion: 1.1 [pid: 7|app: 0|req: 467/938] 10.0.0.193 () {34 vars in 815 bytes} [Tue Apr 7 01:17:52 2026] DELETE /resource_providers/83a382f9-6e39-4425-8365-d95c157e32b3 => generated 246 bytes in 18 msecs (HTTP/1.1 404) 6 headers in 231 bytes (1 switches on core 0)
2026-04-07 01:17:52.993 8 INFO placement.requestlog [None req-b1280d43-b285-45da-991f-7bee559cae78 25b447c54231432fa09bbed70fdccb5a 20f57f652b8c4891af7c841125fa1b49 - - ecd2853fa036453e9f49af2ec3bc4a53 ecd2853fa036453e9f49af2ec3bc4a53] 10.0.0.193 "GET /resource_providers/83a382f9-6e39-4425-8365-d95c157e32b3/aggregates" status: 404 len: 235 microversion: 1.1 [pid: 8|app: 0|req: 472/939] 10.0.0.193 () {32 vars in 815 bytes} [Tue Apr 7 01:17:52 2026] GET /resource_providers/83a382f9-6e39-4425-8365-d95c157e32b3/aggregates => generated 235 bytes in 10 msecs (HTTP/1.1 404) 5 headers in 202 bytes (1 switches on core 0)
2026-04-07 01:17:53.004 7 INFO placement.requestlog [None req-b99dbe19-2943-4126-9883-b8b22f13cfb5 25b447c54231432fa09bbed70fdccb5a 20f57f652b8c4891af7c841125fa1b49 - - ecd2853fa036453e9f49af2ec3bc4a53 ecd2853fa036453e9f49af2ec3bc4a53] 10.0.0.193 "GET /resource_providers/5d7de4f6-c2a0-4831-acca-c041bd29dc5a/aggregates" status: 404 len: 235 microversion: 1.1 [pid: 7|app: 0|req: 468/940] 10.0.0.193 () {32 vars in 815 bytes} [Tue Apr 7 01:17:52 2026] GET /resource_providers/5d7de4f6-c2a0-4831-acca-c041bd29dc5a/aggregates => generated 235 bytes in 11 msecs (HTTP/1.1 404) 5 headers in 202 bytes (1 switches on core 0)
2026-04-07 01:17:53.014 8 INFO placement.requestlog [None req-c498e951-68bc-4afd-98d6-723e2c38b122 25b447c54231432fa09bbed70fdccb5a 20f57f652b8c4891af7c841125fa1b49 - - ecd2853fa036453e9f49af2ec3bc4a53 ecd2853fa036453e9f49af2ec3bc4a53] 10.0.0.193 "DELETE /resource_providers/83a382f9-6e39-4425-8365-d95c157e32b3" status: 404 len: 246 microversion: 1.1 [pid: 8|app: 0|req: 473/941] 10.0.0.193 () {34 vars in 815 bytes} [Tue Apr 7 01:17:53 2026] DELETE /resource_providers/83a382f9-6e39-4425-8365-d95c157e32b3 => generated 246 bytes in 10 msecs (HTTP/1.1 404) 6 headers in 231 bytes (1 switches on core 0)
2026-04-07 01:17:53.022 7 INFO placement.requestlog [None req-8ca8c10b-d753-4896-9da5-b6fecd06c58e 25b447c54231432fa09bbed70fdccb5a 20f57f652b8c4891af7c841125fa1b49 - - ecd2853fa036453e9f49af2ec3bc4a53 ecd2853fa036453e9f49af2ec3bc4a53] 10.0.0.193 "DELETE /resource_providers/5d7de4f6-c2a0-4831-acca-c041bd29dc5a" status: 404 len: 246 microversion: 1.1 [pid: 7|app: 0|req: 469/942] 10.0.0.193 () {34 vars in 815 bytes} [Tue Apr 7 01:17:53 2026] DELETE /resource_providers/5d7de4f6-c2a0-4831-acca-c041bd29dc5a => generated 246 bytes in 10 msecs (HTTP/1.1 404) 6 headers in 231 bytes (1 switches on core 0)
2026-04-07 01:17:53.034 7 INFO placement.requestlog [None req-2b650eaf-5768-4dce-b89d-68518644977c 25b447c54231432fa09bbed70fdccb5a 20f57f652b8c4891af7c841125fa1b49 - - ecd2853fa036453e9f49af2ec3bc4a53 ecd2853fa036453e9f49af2ec3bc4a53] 10.0.0.193 "GET /resource_providers/558d3732-605e-487c-afdc-24e883391c6b/aggregates" status: 404 len: 235 microversion: 1.1 [pid: 7|app: 0|req: 470/943] 10.0.0.193 () {32 vars in 815 bytes} [Tue Apr 7 01:17:53 2026] GET /resource_providers/558d3732-605e-487c-afdc-24e883391c6b/aggregates => generated 235 bytes in 7 msecs (HTTP/1.1 404) 5 headers in 202 bytes (1 switches on core 0)
2026-04-07 01:17:53.048 8 INFO placement.requestlog [None req-af133a1b-cfad-43fe-97aa-10da1eabd4e7 25b447c54231432fa09bbed70fdccb5a 20f57f652b8c4891af7c841125fa1b49 - - ecd2853fa036453e9f49af2ec3bc4a53 ecd2853fa036453e9f49af2ec3bc4a53] 10.0.0.193 "GET /resource_providers/5d7de4f6-c2a0-4831-acca-c041bd29dc5a/aggregates" status: 404 len: 235 microversion: 1.1 [pid: 8|app: 0|req: 474/944] 10.0.0.193 () {32 vars in 815 bytes} [Tue Apr 7 01:17:53 2026] GET /resource_providers/5d7de4f6-c2a0-4831-acca-c041bd29dc5a/aggregates => generated 235 bytes in 22 msecs (HTTP/1.1 404) 5 headers in 202 bytes (1 switches on core 0)
2026-04-07 01:17:53.049 7 INFO placement.requestlog [None req-0ee97d68-ed9b-4afa-adaa-8709c218d6b6 25b447c54231432fa09bbed70fdccb5a 20f57f652b8c4891af7c841125fa1b49 - - ecd2853fa036453e9f49af2ec3bc4a53 ecd2853fa036453e9f49af2ec3bc4a53] 10.0.0.193 "DELETE /resource_providers/558d3732-605e-487c-afdc-24e883391c6b" status: 404 len: 246 microversion: 1.1 [pid: 7|app: 0|req: 471/945] 10.0.0.193 () {34 vars in 815 bytes} [Tue Apr 7 01:17:53 2026] DELETE /resource_providers/558d3732-605e-487c-afdc-24e883391c6b => generated 246 bytes in 9 msecs (HTTP/1.1 404) 6 headers in 231 bytes (1 switches on core 0)
2026-04-07 01:17:53.065 8 INFO placement.requestlog [None req-41f6ad21-4086-4f6e-ab9c-0ec4d48eaed7 25b447c54231432fa09bbed70fdccb5a 20f57f652b8c4891af7c841125fa1b49 - - ecd2853fa036453e9f49af2ec3bc4a53 ecd2853fa036453e9f49af2ec3bc4a53] 10.0.0.193 "DELETE /resource_providers/5d7de4f6-c2a0-4831-acca-c041bd29dc5a" status: 404 len: 246 microversion: 1.1 [pid: 8|app: 0|req: 475/946] 10.0.0.193 () {34 vars in 815 bytes} [Tue Apr 7 01:17:53 2026] DELETE /resource_providers/5d7de4f6-c2a0-4831-acca-c041bd29dc5a => generated 246 bytes in 9 msecs (HTTP/1.1 404) 6 headers in 231 bytes (1 switches on core 0)
2026-04-07 01:17:53.079 7 INFO placement.requestlog [None req-4394b491-ff07-4f9b-97bc-587d3d4729da 25b447c54231432fa09bbed70fdccb5a 20f57f652b8c4891af7c841125fa1b49 - - ecd2853fa036453e9f49af2ec3bc4a53 ecd2853fa036453e9f49af2ec3bc4a53] 10.0.0.193 "GET /resource_providers/558d3732-605e-487c-afdc-24e883391c6b/aggregates" status: 404 len: 235 microversion: 1.1 [pid: 7|app: 0|req: 472/947] 10.0.0.193 () {32 vars in 815 bytes} [Tue Apr 7 01:17:53 2026] GET /resource_providers/558d3732-605e-487c-afdc-24e883391c6b/aggregates => generated 235 bytes in 9 msecs (HTTP/1.1 404) 5 headers in 202 bytes (1 switches on core 0)
2026-04-07 01:17:53.094 8 INFO placement.requestlog [None req-e09e5891-bf05-4bf6-8511-2269ac6a35b7 25b447c54231432fa09bbed70fdccb5a 20f57f652b8c4891af7c841125fa1b49 - - ecd2853fa036453e9f49af2ec3bc4a53 ecd2853fa036453e9f49af2ec3bc4a53] 10.0.0.193 "DELETE /resource_providers/558d3732-605e-487c-afdc-24e883391c6b" status: 404 len: 246 microversion: 1.1 [pid: 8|app: 0|req: 476/948] 10.0.0.193 () {34 vars in 815 bytes} [Tue Apr 7 01:17:53 2026] DELETE /resource_providers/558d3732-605e-487c-afdc-24e883391c6b => generated 246 bytes in 7 msecs (HTTP/1.1 404) 6 headers in 231 bytes (1 switches on core 0)
2026-04-07 01:17:53.282 7 INFO placement.requestlog [None req-9b458ae5-4117-4555-96ab-d8168c457eea 25b447c54231432fa09bbed70fdccb5a 20f57f652b8c4891af7c841125fa1b49 - - ecd2853fa036453e9f49af2ec3bc4a53 ecd2853fa036453e9f49af2ec3bc4a53] 10.0.0.193 "GET /resource_providers/1657e759-71cf-45b9-b923-9f91499539e2/aggregates" status: 404 len: 235 microversion: 1.1 [pid: 7|app: 0|req: 473/949] 10.0.0.193 () {32 vars in 815 bytes} [Tue Apr 7 01:17:53 2026] GET /resource_providers/1657e759-71cf-45b9-b923-9f91499539e2/aggregates => generated 235 bytes in 30 msecs (HTTP/1.1 404) 5 headers in 202 bytes (1 switches on core 0)
2026-04-07 01:17:53.283 8 INFO placement.requestlog [None req-843f4c0a-dffc-4730-94c3-571843070a22 25b447c54231432fa09bbed70fdccb5a 20f57f652b8c4891af7c841125fa1b49 - - ecd2853fa036453e9f49af2ec3bc4a53 ecd2853fa036453e9f49af2ec3bc4a53] 10.0.0.193 "GET /resource_providers/1657e759-71cf-45b9-b923-9f91499539e2/aggregates" status: 404 len: 235 microversion: 1.1 [pid: 8|app: 0|req: 477/950] 10.0.0.193 () {32 vars in 815 bytes} [Tue Apr 7 01:17:53 2026] GET /resource_providers/1657e759-71cf-45b9-b923-9f91499539e2/aggregates => generated 235 bytes in 28 msecs (HTTP/1.1 404) 5 headers in 202 bytes (1 switches on core 0)
2026-04-07 01:17:53.305 7 INFO placement.requestlog [None req-d33c579b-3595-4ff2-929e-e85029cd61af 25b447c54231432fa09bbed70fdccb5a 20f57f652b8c4891af7c841125fa1b49 - - ecd2853fa036453e9f49af2ec3bc4a53 ecd2853fa036453e9f49af2ec3bc4a53] 10.0.0.193 "DELETE /resource_providers/1657e759-71cf-45b9-b923-9f91499539e2" status: 404 len: 246 microversion: 1.1 [pid: 7|app: 0|req: 474/951] 10.0.0.193 () {34 vars in 815 bytes} [Tue Apr 7 01:17:53 2026] DELETE /resource_providers/1657e759-71cf-45b9-b923-9f91499539e2 => generated 246 bytes in 8 msecs (HTTP/1.1 404) 6 headers in 231 bytes (1 switches on core 0)
2026-04-07 01:17:53.308 8 INFO placement.requestlog [None req-fe1788a7-71f1-426a-9224-c04ea8e4b051 25b447c54231432fa09bbed70fdccb5a 20f57f652b8c4891af7c841125fa1b49 - - ecd2853fa036453e9f49af2ec3bc4a53 ecd2853fa036453e9f49af2ec3bc4a53] 10.0.0.193 "DELETE /resource_providers/1657e759-71cf-45b9-b923-9f91499539e2" status: 404 len: 246 microversion: 1.1 [pid: 8|app: 0|req: 478/952] 10.0.0.193 () {34 vars in 815 bytes} [Tue Apr 7 01:17:53 2026] DELETE /resource_providers/1657e759-71cf-45b9-b923-9f91499539e2 => generated 246 bytes in 10 msecs (HTTP/1.1 404) 6 headers in 231 bytes (1 switches on core 0)
2026-04-07 01:17:53.494 7 INFO placement.requestlog [req-9970b9c6-39c7-4ebd-9da8-148dc414b285 req-4ae56db8-2cbe-4640-8188-a6fdc27029d5 0c3d4514b96c404cb3a27792e4fe1f4d 20f57f652b8c4891af7c841125fa1b49 - - ecd2853fa036453e9f49af2ec3bc4a53 ecd2853fa036453e9f49af2ec3bc4a53] 199.204.45.74 "GET /allocations/2903987b-d24c-44a1-8cdb-8918cb5e9b21" status: 200 len: 258 microversion: 1.28 [pid: 7|app: 0|req: 475/953] 199.204.45.74 () {34 vars in 861 bytes} [Tue Apr 7 01:17:53 2026] GET /allocations/2903987b-d24c-44a1-8cdb-8918cb5e9b21 => generated 258 bytes in 16 msecs (HTTP/1.1 200) 8 headers in 296 bytes (1 switches on core 0)
2026-04-07 01:17:54.554 8 INFO placement.requestlog [req-9970b9c6-39c7-4ebd-9da8-148dc414b285 req-f039f1a2-01b7-414b-94c6-c5450dcb42d6 0c3d4514b96c404cb3a27792e4fe1f4d 20f57f652b8c4891af7c841125fa1b49 - - ecd2853fa036453e9f49af2ec3bc4a53 ecd2853fa036453e9f49af2ec3bc4a53] 199.204.45.74 "GET /resource_providers/f30b873b-ab4c-4f09-8b74-3554fddd0d1e/allocations" status: 200 len: 153 microversion: 1.0 [pid: 8|app: 0|req: 479/954] 199.204.45.74 () {32 vars in 855 bytes} [Tue Apr 7 01:17:54 2026] GET /resource_providers/f30b873b-ab4c-4f09-8b74-3554fddd0d1e/allocations => generated 153 bytes in 32 msecs (HTTP/1.1 200) 6 headers in 224 bytes (1 switches on core 0)
2026-04-07 01:17:54.573 7 INFO placement.requestlog [req-9970b9c6-39c7-4ebd-9da8-148dc414b285 req-81233b88-f733-4e39-972f-2adbf6e9c1d1 0c3d4514b96c404cb3a27792e4fe1f4d 20f57f652b8c4891af7c841125fa1b49 - - ecd2853fa036453e9f49af2ec3bc4a53 ecd2853fa036453e9f49af2ec3bc4a53] 199.204.45.74 "GET /allocations/2903987b-d24c-44a1-8cdb-8918cb5e9b21" status: 200 len: 258 microversion: 1.28 [pid: 7|app: 0|req: 476/955] 199.204.45.74 () {34 vars in 861 bytes} [Tue Apr 7 01:17:54 2026] GET /allocations/2903987b-d24c-44a1-8cdb-8918cb5e9b21 => generated 258 bytes in 14 msecs (HTTP/1.1 200) 8 headers in 296 bytes (1 switches on core 0)
2026-04-07 01:17:55.325 8 INFO placement.requestlog [None req-1fa9d26d-41a0-4aee-a405-573f3232cc6b 25b447c54231432fa09bbed70fdccb5a 20f57f652b8c4891af7c841125fa1b49 - - ecd2853fa036453e9f49af2ec3bc4a53 ecd2853fa036453e9f49af2ec3bc4a53] 10.0.0.193 "GET /resource_providers/53182e72-f383-4f34-aec6-1c79e5f206e3/aggregates" status: 404 len: 235 microversion: 1.1 [pid: 8|app: 0|req: 480/956] 10.0.0.193 () {32 vars in 815 bytes} [Tue Apr 7 01:17:55 2026] GET /resource_providers/53182e72-f383-4f34-aec6-1c79e5f206e3/aggregates => generated 235 bytes in 9 msecs (HTTP/1.1 404) 5 headers in 202 bytes (1 switches on core 0)
2026-04-07 01:17:55.330 7 INFO placement.requestlog [None req-774e45cc-e47b-4827-9b1e-32ca14b8e4b6 25b447c54231432fa09bbed70fdccb5a 20f57f652b8c4891af7c841125fa1b49 - - ecd2853fa036453e9f49af2ec3bc4a53 ecd2853fa036453e9f49af2ec3bc4a53] 10.0.0.193 "GET /resource_providers/53182e72-f383-4f34-aec6-1c79e5f206e3/aggregates" status: 404 len: 235 microversion: 1.1 [pid: 7|app: 0|req: 477/957] 10.0.0.193 () {32 vars in 815 bytes} [Tue Apr 7 01:17:55 2026] GET /resource_providers/53182e72-f383-4f34-aec6-1c79e5f206e3/aggregates => generated 235 bytes in 11 msecs (HTTP/1.1 404) 5 headers in 202 bytes (1 switches on core 0)
2026-04-07 01:17:55.346 8 INFO placement.requestlog [None req-5c617254-5a91-47a1-9c61-e8414db1087e 25b447c54231432fa09bbed70fdccb5a 20f57f652b8c4891af7c841125fa1b49 - - ecd2853fa036453e9f49af2ec3bc4a53 ecd2853fa036453e9f49af2ec3bc4a53] 10.0.0.193 "DELETE /resource_providers/53182e72-f383-4f34-aec6-1c79e5f206e3" status: 404 len: 246 microversion: 1.1 [pid: 8|app: 0|req: 481/958] 10.0.0.193 () {34 vars in 815 bytes} [Tue Apr 7 01:17:55 2026] DELETE /resource_providers/53182e72-f383-4f34-aec6-1c79e5f206e3 => generated 246 bytes in 10 msecs (HTTP/1.1 404) 6 headers in 231 bytes (1 switches on core 0)
2026-04-07 01:17:55.356 7 INFO placement.requestlog [None req-7a68b584-0493-4206-baba-12d9658b61c9 25b447c54231432fa09bbed70fdccb5a 20f57f652b8c4891af7c841125fa1b49 - - ecd2853fa036453e9f49af2ec3bc4a53 ecd2853fa036453e9f49af2ec3bc4a53] 10.0.0.193 "DELETE /resource_providers/53182e72-f383-4f34-aec6-1c79e5f206e3" status: 404 len: 246 microversion: 1.1 [pid: 7|app: 0|req: 478/959] 10.0.0.193 () {34 vars in 815 bytes} [Tue Apr 7 01:17:55 2026] DELETE /resource_providers/53182e72-f383-4f34-aec6-1c79e5f206e3 => generated 246 bytes in 20 msecs (HTTP/1.1 404) 6 headers in 231 bytes (1 switches on core 0)
2026-04-07 01:17:55.804 8 INFO placement.requestlog [None req-81db5a4e-4af0-49e2-b7ca-051d1c642e7d - - - - - -] 10.0.0.64 "GET /" status: 200 len: 136 microversion: 1.0
2026-04-07 01:17:55.804 7 INFO placement.requestlog [None req-02c282d4-e8e6-45f9-9402-9c3f1eff73f3 - - - - - -] 10.0.0.64 "GET /" status: 200 len: 136 microversion: 1.0
2026-04-07 01:17:56.108 7 INFO placement.requestlog [None req-6679c3cd-94ee-4566-a4ba-a15ed59a1822 25b447c54231432fa09bbed70fdccb5a 20f57f652b8c4891af7c841125fa1b49 - - ecd2853fa036453e9f49af2ec3bc4a53 ecd2853fa036453e9f49af2ec3bc4a53] 10.0.0.193 "GET /resource_providers/b0f5da77-8777-431b-9627-2222f9b28436/aggregates" status: 404 len: 235 microversion: 1.1 [pid: 7|app: 0|req: 480/962] 10.0.0.193 () {32 vars in 815 bytes} [Tue Apr 7 01:17:56 2026] GET /resource_providers/b0f5da77-8777-431b-9627-2222f9b28436/aggregates => generated 235 bytes in 12 msecs (HTTP/1.1 404) 5 headers in 202 bytes (1 switches on core 0)
2026-04-07 01:17:56.112 8 INFO placement.requestlog [None req-30489066-96bd-4591-b715-5eb67c91547b 25b447c54231432fa09bbed70fdccb5a 20f57f652b8c4891af7c841125fa1b49 - - ecd2853fa036453e9f49af2ec3bc4a53 ecd2853fa036453e9f49af2ec3bc4a53] 10.0.0.193 "GET /resource_providers/b0f5da77-8777-431b-9627-2222f9b28436/aggregates" status: 404 len: 235 microversion: 1.1 [pid: 8|app: 0|req: 483/963] 10.0.0.193 () {32 vars in 815 bytes} [Tue Apr 7 01:17:56 2026] GET /resource_providers/b0f5da77-8777-431b-9627-2222f9b28436/aggregates => generated 235 bytes in 11 msecs (HTTP/1.1 404) 5 headers in 202 bytes (1 switches on core 0)
2026-04-07 01:17:56.130 7 INFO placement.requestlog [None req-9f00139d-12c8-4628-be1b-779bceaf0441 25b447c54231432fa09bbed70fdccb5a 20f57f652b8c4891af7c841125fa1b49 - - ecd2853fa036453e9f49af2ec3bc4a53 ecd2853fa036453e9f49af2ec3bc4a53] 10.0.0.193 "DELETE /resource_providers/b0f5da77-8777-431b-9627-2222f9b28436" status: 404 len: 246 microversion: 1.1 [pid: 7|app: 0|req: 481/964] 10.0.0.193 () {34 vars in 815 bytes} [Tue Apr 7 01:17:56 2026] DELETE /resource_providers/b0f5da77-8777-431b-9627-2222f9b28436 => generated 246 bytes in 10 msecs (HTTP/1.1 404) 6 headers in 231 bytes (1 switches on core 0)
2026-04-07 01:17:56.131 8 INFO placement.requestlog [None req-1b10a257-b2d4-4bdf-be7d-cd733660c13b 25b447c54231432fa09bbed70fdccb5a 20f57f652b8c4891af7c841125fa1b49 - - ecd2853fa036453e9f49af2ec3bc4a53 ecd2853fa036453e9f49af2ec3bc4a53] 10.0.0.193 "DELETE /resource_providers/b0f5da77-8777-431b-9627-2222f9b28436" status: 404 len: 246 microversion: 1.1 [pid: 8|app: 0|req: 484/965] 10.0.0.193 () {34 vars in 815 bytes} [Tue Apr 7 01:17:56 2026] DELETE /resource_providers/b0f5da77-8777-431b-9627-2222f9b28436 => generated 246 bytes in 8 msecs (HTTP/1.1 404) 6 headers in 231 bytes (1 switches on core 0)
2026-04-07 01:17:57.637 8 INFO placement.requestlog [None req-8431feba-efef-45b3-b2ff-2f4268910a58 25b447c54231432fa09bbed70fdccb5a 20f57f652b8c4891af7c841125fa1b49 - - ecd2853fa036453e9f49af2ec3bc4a53 ecd2853fa036453e9f49af2ec3bc4a53] 10.0.0.193 "GET /resource_providers/8550685f-f65f-4d79-aba7-710f9615c7e5/aggregates" status: 404 len: 235 microversion: 1.1 [pid: 8|app: 0|req: 485/966] 10.0.0.193 () {32 vars in 815 bytes} [Tue Apr 7 01:17:57 2026] GET /resource_providers/8550685f-f65f-4d79-aba7-710f9615c7e5/aggregates => generated 235 bytes in 9 msecs (HTTP/1.1 404) 5 headers in 202 bytes (1 switches on core 0)
2026-04-07 01:17:57.644 7 INFO placement.requestlog [None req-b81a0334-271c-4394-b9b9-418d27b263a9 25b447c54231432fa09bbed70fdccb5a 20f57f652b8c4891af7c841125fa1b49 - - ecd2853fa036453e9f49af2ec3bc4a53 ecd2853fa036453e9f49af2ec3bc4a53] 10.0.0.193 "GET /resource_providers/8550685f-f65f-4d79-aba7-710f9615c7e5/aggregates" status: 404 len: 235 microversion: 1.1 [pid: 7|app: 0|req: 482/967] 10.0.0.193 () {32 vars in 815 bytes} [Tue Apr 7 01:17:57 2026] GET /resource_providers/8550685f-f65f-4d79-aba7-710f9615c7e5/aggregates => generated 235 bytes in 16 msecs (HTTP/1.1 404) 5 headers in 202 bytes (1 switches on core 0)
2026-04-07 01:17:57.658 8 INFO placement.requestlog [None req-b0d0ab5e-2fff-4dc2-b5ca-a96fbe007cf1 25b447c54231432fa09bbed70fdccb5a 20f57f652b8c4891af7c841125fa1b49 - - ecd2853fa036453e9f49af2ec3bc4a53 ecd2853fa036453e9f49af2ec3bc4a53] 10.0.0.193 "DELETE /resource_providers/8550685f-f65f-4d79-aba7-710f9615c7e5" status: 404 len: 246 microversion: 1.1 [pid: 8|app: 0|req: 486/968] 10.0.0.193 () {34 vars in 815 bytes} [Tue Apr 7 01:17:57 2026] DELETE /resource_providers/8550685f-f65f-4d79-aba7-710f9615c7e5 => generated 246 bytes in 9 msecs (HTTP/1.1 404) 6 headers in 231 bytes (1 switches on core 0)
2026-04-07 01:17:57.666 7 INFO placement.requestlog [None req-88138d7b-e1a5-4b2c-b7c9-4ac5e5c6f07a 25b447c54231432fa09bbed70fdccb5a 20f57f652b8c4891af7c841125fa1b49 - - ecd2853fa036453e9f49af2ec3bc4a53 ecd2853fa036453e9f49af2ec3bc4a53] 10.0.0.193 "DELETE /resource_providers/8550685f-f65f-4d79-aba7-710f9615c7e5" status: 404 len: 246 microversion: 1.1 [pid: 7|app: 0|req: 483/969] 10.0.0.193 () {34 vars in 815 bytes} [Tue Apr 7 01:17:57 2026] DELETE /resource_providers/8550685f-f65f-4d79-aba7-710f9615c7e5 => generated 246 bytes in 10 msecs (HTTP/1.1 404) 6 headers in 231 bytes (1 switches on core 0)
2026-04-07 01:17:58.162 7 INFO placement.requestlog [None req-d2095916-c188-422b-aed9-bff0ce43b11f 25b447c54231432fa09bbed70fdccb5a 20f57f652b8c4891af7c841125fa1b49 - - ecd2853fa036453e9f49af2ec3bc4a53 ecd2853fa036453e9f49af2ec3bc4a53] 10.0.0.193 "GET /resource_providers/82a5da6c-de11-473e-8704-e55b605b2209/aggregates" status: 404 len: 235 microversion: 1.1
2026-04-07 01:17:58.162 8 INFO placement.requestlog [None req-0ea6c09e-f0d6-4c1d-9868-c216e4df7279 25b447c54231432fa09bbed70fdccb5a 20f57f652b8c4891af7c841125fa1b49 - - ecd2853fa036453e9f49af2ec3bc4a53 ecd2853fa036453e9f49af2ec3bc4a53] 10.0.0.193 "GET /resource_providers/82a5da6c-de11-473e-8704-e55b605b2209/aggregates" status: 404 len: 235 microversion: 1.1 [pid: 7|app: 0|req: 484/970] 10.0.0.193 () {32 vars in 815 bytes} [Tue Apr 7 01:17:58 2026] GET /resource_providers/82a5da6c-de11-473e-8704-e55b605b2209/aggregates => generated 235 bytes in 13 msecs (HTTP/1.1 404) 5 headers in 202 bytes (1 switches on core 0) [pid: 8|app: 0|req: 487/971] 10.0.0.193 () {32 vars in 815 bytes} [Tue Apr 7 01:17:58 2026] GET /resource_providers/82a5da6c-de11-473e-8704-e55b605b2209/aggregates => generated 235 bytes in 14 msecs (HTTP/1.1 404) 5 headers in 202 bytes (1 switches on core 0)
2026-04-07 01:17:58.189 8 INFO placement.requestlog [None req-557ff224-33af-4bfe-a1a6-6ba51d4dfff4 25b447c54231432fa09bbed70fdccb5a 20f57f652b8c4891af7c841125fa1b49 - - ecd2853fa036453e9f49af2ec3bc4a53 ecd2853fa036453e9f49af2ec3bc4a53] 10.0.0.193 "DELETE /resource_providers/82a5da6c-de11-473e-8704-e55b605b2209" status: 404 len: 246 microversion: 1.1 [pid: 8|app: 0|req: 488/972] 10.0.0.193 () {34 vars in 815 bytes} [Tue Apr 7 01:17:58 2026] DELETE /resource_providers/82a5da6c-de11-473e-8704-e55b605b2209 => generated 246 bytes in 13 msecs (HTTP/1.1 404) 6 headers in 231 bytes (1 switches on core 0)
2026-04-07 01:17:58.190 7 INFO placement.requestlog [None req-f09eb481-aee5-4954-852c-c2d34ad10339 25b447c54231432fa09bbed70fdccb5a 20f57f652b8c4891af7c841125fa1b49 - - ecd2853fa036453e9f49af2ec3bc4a53 ecd2853fa036453e9f49af2ec3bc4a53] 10.0.0.193 "DELETE /resource_providers/82a5da6c-de11-473e-8704-e55b605b2209" status: 404 len: 246 microversion: 1.1 [pid: 7|app: 0|req: 485/973] 10.0.0.193 () {34 vars in 815 bytes} [Tue Apr 7 01:17:58 2026] DELETE /resource_providers/82a5da6c-de11-473e-8704-e55b605b2209 => generated 246 bytes in 14 msecs (HTTP/1.1 404) 6 headers in 231 bytes (1 switches on core 0)
2026-04-07 01:17:59.681 8 INFO placement.requestlog [None req-ff4763cd-1dfe-4369-8422-162e21281eed 25b447c54231432fa09bbed70fdccb5a 20f57f652b8c4891af7c841125fa1b49 - - ecd2853fa036453e9f49af2ec3bc4a53 ecd2853fa036453e9f49af2ec3bc4a53] 10.0.0.193 "GET /resource_providers/4cc97730-d535-4e50-856c-926acb9c6084/aggregates" status: 404 len: 235 microversion: 1.1 [pid: 8|app: 0|req: 489/974] 10.0.0.193 () {32 vars in 815 bytes} [Tue Apr 7 01:17:59 2026] GET /resource_providers/4cc97730-d535-4e50-856c-926acb9c6084/aggregates => generated 235 bytes in 14 msecs (HTTP/1.1 404) 5 headers in 202 bytes (1 switches on core 0)
2026-04-07 01:17:59.688 7 INFO placement.requestlog [None req-acf2f815-a0ec-4104-af59-c76575d16287 25b447c54231432fa09bbed70fdccb5a 20f57f652b8c4891af7c841125fa1b49 - - ecd2853fa036453e9f49af2ec3bc4a53 ecd2853fa036453e9f49af2ec3bc4a53] 10.0.0.193 "GET /resource_providers/4cc97730-d535-4e50-856c-926acb9c6084/aggregates" status: 404 len: 235 microversion: 1.1 [pid: 7|app: 0|req: 486/975] 10.0.0.193 () {32 vars in 815 bytes} [Tue Apr 7 01:17:59 2026] GET /resource_providers/4cc97730-d535-4e50-856c-926acb9c6084/aggregates => generated 235 bytes in 13 msecs (HTTP/1.1 404) 5 headers in 202 bytes (1 switches on core 0)
2026-04-07 01:17:59.702 7 INFO placement.requestlog [None req-676a8fe9-1d15-46b2-9fd3-28d8418c412c 25b447c54231432fa09bbed70fdccb5a 20f57f652b8c4891af7c841125fa1b49 - - ecd2853fa036453e9f49af2ec3bc4a53 ecd2853fa036453e9f49af2ec3bc4a53] 10.0.0.193 "DELETE /resource_providers/4cc97730-d535-4e50-856c-926acb9c6084" status: 404 len: 246 microversion: 1.1 [pid: 7|app: 0|req: 487/976] 10.0.0.193 () {34 vars in 815 bytes} [Tue Apr 7 01:17:59 2026] DELETE /resource_providers/4cc97730-d535-4e50-856c-926acb9c6084 => generated 246 bytes in 7 msecs (HTTP/1.1 404) 6 headers in 231 bytes (1 switches on core 0)
2026-04-07 01:17:59.704 8 INFO placement.requestlog [None req-e5f66ebc-fa6c-4a26-9e07-e42caed775fa 25b447c54231432fa09bbed70fdccb5a 20f57f652b8c4891af7c841125fa1b49 - - ecd2853fa036453e9f49af2ec3bc4a53 ecd2853fa036453e9f49af2ec3bc4a53] 10.0.0.193 "DELETE /resource_providers/4cc97730-d535-4e50-856c-926acb9c6084" status: 404 len: 246 microversion: 1.1 [pid: 8|app: 0|req: 490/977] 10.0.0.193 () {34 vars in 815 bytes} [Tue Apr 7 01:17:59 2026] DELETE /resource_providers/4cc97730-d535-4e50-856c-926acb9c6084 => generated 246 bytes in 10 msecs (HTTP/1.1 404) 6 headers in 231 bytes (1 switches on core 0)
2026-04-07 01:18:02.136 8 INFO placement.requestlog [None req-99a55148-6efe-4b55-a594-4fe84c992ecd 25b447c54231432fa09bbed70fdccb5a 20f57f652b8c4891af7c841125fa1b49 - - ecd2853fa036453e9f49af2ec3bc4a53 ecd2853fa036453e9f49af2ec3bc4a53] 10.0.0.193 "GET /resource_providers/b87f8251-3a43-40e3-bca6-b781ceb118ed/aggregates" status: 404 len: 235 microversion: 1.1 [pid: 8|app: 0|req: 491/978] 10.0.0.193 () {32 vars in 815 bytes} [Tue Apr 7 01:18:02 2026] GET /resource_providers/b87f8251-3a43-40e3-bca6-b781ceb118ed/aggregates => generated 235 bytes in 8 msecs (HTTP/1.1 404) 5 headers in 202 bytes (1 switches on core 0)
2026-04-07 01:18:02.137 7 INFO placement.requestlog [None req-dccbddf0-c355-49ef-960f-f73712dcc16c 25b447c54231432fa09bbed70fdccb5a 20f57f652b8c4891af7c841125fa1b49 - - ecd2853fa036453e9f49af2ec3bc4a53 ecd2853fa036453e9f49af2ec3bc4a53] 10.0.0.193 "GET /resource_providers/b87f8251-3a43-40e3-bca6-b781ceb118ed/aggregates" status: 404 len: 235 microversion: 1.1 [pid: 7|app: 0|req: 488/979] 10.0.0.193 () {32 vars in 815 bytes} [Tue Apr 7 01:18:02 2026] GET /resource_providers/b87f8251-3a43-40e3-bca6-b781ceb118ed/aggregates => generated 235 bytes in 9 msecs (HTTP/1.1 404) 5 headers in 202 bytes (1 switches on core 0)
2026-04-07 01:18:02.169 8 INFO placement.requestlog [None req-39b58e2e-f15e-40a4-be57-83dd40de8e95 25b447c54231432fa09bbed70fdccb5a 20f57f652b8c4891af7c841125fa1b49 - - ecd2853fa036453e9f49af2ec3bc4a53 ecd2853fa036453e9f49af2ec3bc4a53] 10.0.0.193 "DELETE /resource_providers/b87f8251-3a43-40e3-bca6-b781ceb118ed" status: 404 len: 246 microversion: 1.1 [pid: 8|app: 0|req: 492/980] 10.0.0.193 () {34 vars in 815 bytes} [Tue Apr 7 01:18:02 2026] DELETE /resource_providers/b87f8251-3a43-40e3-bca6-b781ceb118ed => generated 246 bytes in 5 msecs (HTTP/1.1 404) 6 headers in 231 bytes (1 switches on core 0)
2026-04-07 01:18:02.174 7 INFO placement.requestlog [None req-0a507d75-2e2c-4c6c-a23b-17e21803967a 25b447c54231432fa09bbed70fdccb5a 20f57f652b8c4891af7c841125fa1b49 - - ecd2853fa036453e9f49af2ec3bc4a53 ecd2853fa036453e9f49af2ec3bc4a53] 10.0.0.193 "DELETE /resource_providers/b87f8251-3a43-40e3-bca6-b781ceb118ed" status: 404 len: 246 microversion: 1.1 [pid: 7|app: 0|req: 489/981] 10.0.0.193 () {34 vars in 815 bytes} [Tue Apr 7 01:18:02 2026] DELETE /resource_providers/b87f8251-3a43-40e3-bca6-b781ceb118ed => generated 246 bytes in 8 msecs (HTTP/1.1 404) 6 headers in 231 bytes (1 switches on core 0)
2026-04-07 01:18:02.768 8 INFO placement.requestlog [None req-d318a727-6571-4625-a34a-3760c1a3ce26 25b447c54231432fa09bbed70fdccb5a 20f57f652b8c4891af7c841125fa1b49 - - ecd2853fa036453e9f49af2ec3bc4a53 ecd2853fa036453e9f49af2ec3bc4a53] 10.0.0.193 "GET /resource_providers/661e826c-81e5-4767-89af-5b594d72bdca/aggregates" status: 404 len: 235 microversion: 1.1 [pid: 8|app: 0|req: 493/982] 10.0.0.193 () {32 vars in 815 bytes} [Tue Apr 7 01:18:02 2026] GET /resource_providers/661e826c-81e5-4767-89af-5b594d72bdca/aggregates => generated 235 bytes in 10 msecs (HTTP/1.1 404) 5 headers in 202 bytes (1 switches on core 0)
2026-04-07 01:18:02.776 7 INFO placement.requestlog [None req-63e5c19c-9c4f-4139-9747-1fcb32bd733a 25b447c54231432fa09bbed70fdccb5a 20f57f652b8c4891af7c841125fa1b49 - - ecd2853fa036453e9f49af2ec3bc4a53 ecd2853fa036453e9f49af2ec3bc4a53] 10.0.0.193 "GET /resource_providers/661e826c-81e5-4767-89af-5b594d72bdca/aggregates" status: 404 len: 235 microversion: 1.1 [pid: 7|app: 0|req: 490/983] 10.0.0.193 () {32 vars in 815 bytes} [Tue Apr 7 01:18:02 2026] GET /resource_providers/661e826c-81e5-4767-89af-5b594d72bdca/aggregates => generated 235 bytes in 14 msecs (HTTP/1.1 404) 5 headers in 202 bytes (1 switches on core 0)
2026-04-07 01:18:02.790 7 INFO placement.requestlog [None req-113ba765-1e22-4ba6-b35d-ad7c11d2b732 25b447c54231432fa09bbed70fdccb5a 20f57f652b8c4891af7c841125fa1b49 - - ecd2853fa036453e9f49af2ec3bc4a53 ecd2853fa036453e9f49af2ec3bc4a53] 10.0.0.193 "DELETE /resource_providers/661e826c-81e5-4767-89af-5b594d72bdca" status: 404 len: 246 microversion: 1.1 [pid: 7|app: 0|req: 491/984] 10.0.0.193 () {34 vars in 815 bytes} [Tue Apr 7 01:18:02 2026] DELETE /resource_providers/661e826c-81e5-4767-89af-5b594d72bdca => generated 246 bytes in 7 msecs (HTTP/1.1 404) 6 headers in 231 bytes (1 switches on core 0)
2026-04-07 01:18:02.791 8 INFO placement.requestlog [None req-2b430119-3e9f-4c24-b9d0-b970ec45231d 25b447c54231432fa09bbed70fdccb5a 20f57f652b8c4891af7c841125fa1b49 - - ecd2853fa036453e9f49af2ec3bc4a53 ecd2853fa036453e9f49af2ec3bc4a53] 10.0.0.193 "DELETE /resource_providers/661e826c-81e5-4767-89af-5b594d72bdca" status: 404 len: 246 microversion: 1.1 [pid: 8|app: 0|req: 494/985] 10.0.0.193 () {34 vars in 815 bytes} [Tue Apr 7 01:18:02 2026] DELETE /resource_providers/661e826c-81e5-4767-89af-5b594d72bdca => generated 246 bytes in 9 msecs (HTTP/1.1 404) 6 headers in 231 bytes (1 switches on core 0)
2026-04-07 01:18:04.197 8 INFO placement.requestlog [None req-881f7291-e774-4029-8004-c1a4d6e1a966 25b447c54231432fa09bbed70fdccb5a 20f57f652b8c4891af7c841125fa1b49 - - ecd2853fa036453e9f49af2ec3bc4a53 ecd2853fa036453e9f49af2ec3bc4a53] 10.0.0.193 "GET /resource_providers/5d3fcbc9-e929-4b51-bea2-3cc4bfffa1e9/aggregates" status: 404 len: 235 microversion: 1.1 [pid: 8|app: 0|req: 495/986] 10.0.0.193 () {32 vars in 815 bytes} [Tue Apr 7 01:18:04 2026] GET /resource_providers/5d3fcbc9-e929-4b51-bea2-3cc4bfffa1e9/aggregates => generated 235 bytes in 9 msecs (HTTP/1.1 404) 5 headers in 202 bytes (1 switches on core 0)
2026-04-07 01:18:04.198 7 INFO placement.requestlog [None req-2ae9b974-31fd-48f9-9a01-fe14d66e2d9f 25b447c54231432fa09bbed70fdccb5a 20f57f652b8c4891af7c841125fa1b49 - - ecd2853fa036453e9f49af2ec3bc4a53 ecd2853fa036453e9f49af2ec3bc4a53] 10.0.0.193 "GET /resource_providers/5d3fcbc9-e929-4b51-bea2-3cc4bfffa1e9/aggregates" status: 404 len: 235 microversion: 1.1 [pid: 7|app: 0|req: 492/987] 10.0.0.193 () {32 vars in 815 bytes} [Tue Apr 7 01:18:04 2026] GET /resource_providers/5d3fcbc9-e929-4b51-bea2-3cc4bfffa1e9/aggregates => generated 235 bytes in 18 msecs (HTTP/1.1 404) 5 headers in 202 bytes (1 switches on core 0)
2026-04-07 01:18:04.222 8 INFO placement.requestlog [None req-9e855f01-78a1-4e9b-8fbf-0269906a60f2 25b447c54231432fa09bbed70fdccb5a 20f57f652b8c4891af7c841125fa1b49 - - ecd2853fa036453e9f49af2ec3bc4a53 ecd2853fa036453e9f49af2ec3bc4a53] 10.0.0.193 "DELETE /resource_providers/5d3fcbc9-e929-4b51-bea2-3cc4bfffa1e9" status: 404 len: 246 microversion: 1.1 [pid: 8|app: 0|req: 496/988] 10.0.0.193 () {34 vars in 815 bytes} [Tue Apr 7 01:18:04 2026] DELETE /resource_providers/5d3fcbc9-e929-4b51-bea2-3cc4bfffa1e9 => generated 246 bytes in 12 msecs (HTTP/1.1 404) 6 headers in 231 bytes (1 switches on core 0)
2026-04-07 01:18:04.224 7 INFO placement.requestlog [None req-27b2ecfe-b4e6-452c-9ac4-ceeb1ee9a53a 25b447c54231432fa09bbed70fdccb5a 20f57f652b8c4891af7c841125fa1b49 - - ecd2853fa036453e9f49af2ec3bc4a53 ecd2853fa036453e9f49af2ec3bc4a53] 10.0.0.193 "DELETE /resource_providers/5d3fcbc9-e929-4b51-bea2-3cc4bfffa1e9" status: 404 len: 246 microversion: 1.1 [pid: 7|app: 0|req: 493/989] 10.0.0.193 () {34 vars in 815 bytes} [Tue Apr 7 01:18:04 2026] DELETE /resource_providers/5d3fcbc9-e929-4b51-bea2-3cc4bfffa1e9 => generated 246 bytes in 14 msecs (HTTP/1.1 404) 6 headers in 231 bytes (1 switches on core 0)
2026-04-07 01:18:04.820 7 INFO placement.requestlog [None req-004075e5-b5b5-475c-9266-60ad2de7eefb 25b447c54231432fa09bbed70fdccb5a 20f57f652b8c4891af7c841125fa1b49 - - ecd2853fa036453e9f49af2ec3bc4a53 ecd2853fa036453e9f49af2ec3bc4a53] 10.0.0.193 "GET /resource_providers/4957268d-e379-4253-beb2-b6e0e0da09cc/aggregates" status: 404 len: 235 microversion: 1.1 [pid: 7|app: 0|req: 494/990] 10.0.0.193 () {32 vars in 815 bytes} [Tue Apr 7 01:18:04 2026] GET /resource_providers/4957268d-e379-4253-beb2-b6e0e0da09cc/aggregates => generated 235 bytes in 14 msecs (HTTP/1.1 404) 5 headers in 202 bytes (1 switches on core 0)
2026-04-07 01:18:04.824 8 INFO placement.requestlog [None req-18516905-65cc-4713-b86f-7f99adefda66 25b447c54231432fa09bbed70fdccb5a 20f57f652b8c4891af7c841125fa1b49 - - ecd2853fa036453e9f49af2ec3bc4a53 ecd2853fa036453e9f49af2ec3bc4a53] 10.0.0.193 "GET /resource_providers/4957268d-e379-4253-beb2-b6e0e0da09cc/aggregates" status: 404 len: 235 microversion: 1.1 [pid: 8|app: 0|req: 497/991] 10.0.0.193 () {32 vars in 815 bytes} [Tue Apr 7 01:18:04 2026] GET /resource_providers/4957268d-e379-4253-beb2-b6e0e0da09cc/aggregates => generated 235 bytes in 19 msecs (HTTP/1.1 404) 5 headers in 202 bytes (1 switches on core 0)
2026-04-07 01:18:04.852 7 INFO placement.requestlog [None req-9f7b8ab8-fceb-4496-b1be-f650bb2a17f4 25b447c54231432fa09bbed70fdccb5a 20f57f652b8c4891af7c841125fa1b49 - - ecd2853fa036453e9f49af2ec3bc4a53 ecd2853fa036453e9f49af2ec3bc4a53] 10.0.0.193 "DELETE /resource_providers/4957268d-e379-4253-beb2-b6e0e0da09cc" status: 404 len: 246 microversion: 1.1 [pid: 7|app: 0|req: 495/992] 10.0.0.193 () {34 vars in 815 bytes} [Tue Apr 7 01:18:04 2026] DELETE /resource_providers/4957268d-e379-4253-beb2-b6e0e0da09cc => generated 246 bytes in 17 msecs (HTTP/1.1 404) 6 headers in 231 bytes (1 switches on core 0)
2026-04-07 01:18:04.857 8 INFO placement.requestlog [None req-7709672c-db8a-40c0-b240-d0f7337b075f 25b447c54231432fa09bbed70fdccb5a 20f57f652b8c4891af7c841125fa1b49 - - ecd2853fa036453e9f49af2ec3bc4a53 ecd2853fa036453e9f49af2ec3bc4a53] 10.0.0.193 "DELETE /resource_providers/4957268d-e379-4253-beb2-b6e0e0da09cc" status: 404 len: 246 microversion: 1.1 [pid: 8|app: 0|req: 498/993] 10.0.0.193 () {34 vars in 815 bytes} [Tue Apr 7 01:18:04 2026] DELETE /resource_providers/4957268d-e379-4253-beb2-b6e0e0da09cc => generated 246 bytes in 22 msecs (HTTP/1.1 404) 6 headers in 231 bytes (1 switches on core 0)
2026-04-07 01:18:05.804 7 INFO placement.requestlog [None req-908624ba-9d6c-4b70-a5d0-15290e18ce8e - - - - - -] 10.0.0.64 "GET /" status: 200 len: 136 microversion: 1.0
2026-04-07 01:18:05.805 8 INFO placement.requestlog [None req-e1176c29-3b7c-4d8f-878b-55b26e551786 - - - - - -] 10.0.0.64 "GET /" status: 200 len: 136 microversion: 1.0
2026-04-07 01:18:06.257 8 INFO placement.requestlog [None req-66f16518-8db4-488d-b8b9-96cbca0b5ce4 25b447c54231432fa09bbed70fdccb5a 20f57f652b8c4891af7c841125fa1b49 - - ecd2853fa036453e9f49af2ec3bc4a53 ecd2853fa036453e9f49af2ec3bc4a53] 10.0.0.193 "GET /resource_providers/fe621836-06f7-44c3-906d-9cede6e4d2bb/aggregates" status: 404 len: 235 microversion: 1.1 [pid: 8|app: 0|req: 500/996] 10.0.0.193 () {32 vars in 815 bytes} [Tue Apr 7 01:18:06 2026] GET /resource_providers/fe621836-06f7-44c3-906d-9cede6e4d2bb/aggregates => generated 235 bytes in 9 msecs (HTTP/1.1 404) 5 headers in 202 bytes (1 switches on core 0)
2026-04-07 01:18:06.259 7 INFO placement.requestlog [None req-03be6e03-c7a4-428b-8f02-4f47b98aee15 25b447c54231432fa09bbed70fdccb5a 20f57f652b8c4891af7c841125fa1b49 - - ecd2853fa036453e9f49af2ec3bc4a53 ecd2853fa036453e9f49af2ec3bc4a53] 10.0.0.193 "GET /resource_providers/fe621836-06f7-44c3-906d-9cede6e4d2bb/aggregates" status: 404 len: 235 microversion: 1.1 [pid: 7|app: 0|req: 497/997] 10.0.0.193 () {32 vars in 815 bytes} [Tue Apr 7 01:18:06 2026] GET /resource_providers/fe621836-06f7-44c3-906d-9cede6e4d2bb/aggregates => generated 235 bytes in 14 msecs (HTTP/1.1 404) 5 headers in 202 bytes (1 switches on core 0)
2026-04-07 01:18:06.275 8 INFO placement.requestlog [None req-027dca49-76c5-46f1-a85f-b1a9be5d7993 25b447c54231432fa09bbed70fdccb5a 20f57f652b8c4891af7c841125fa1b49 - - ecd2853fa036453e9f49af2ec3bc4a53 ecd2853fa036453e9f49af2ec3bc4a53] 10.0.0.193 "DELETE /resource_providers/fe621836-06f7-44c3-906d-9cede6e4d2bb" status: 404 len: 246 microversion: 1.1 [pid: 8|app: 0|req: 501/998] 10.0.0.193 () {34 vars in 815 bytes} [Tue Apr 7 01:18:06 2026] DELETE /resource_providers/fe621836-06f7-44c3-906d-9cede6e4d2bb => generated 246 bytes in 7 msecs (HTTP/1.1 404) 6 headers in 231 bytes (1 switches on core 0)
2026-04-07 01:18:06.278 7 INFO placement.requestlog [None req-4b23ef72-2217-4562-a8d5-b517c64ecad7 25b447c54231432fa09bbed70fdccb5a 20f57f652b8c4891af7c841125fa1b49 - - ecd2853fa036453e9f49af2ec3bc4a53 ecd2853fa036453e9f49af2ec3bc4a53] 10.0.0.193 "DELETE /resource_providers/fe621836-06f7-44c3-906d-9cede6e4d2bb" status: 404 len: 246 microversion: 1.1 [pid: 7|app: 0|req: 498/999] 10.0.0.193 () {34 vars in 815 bytes} [Tue Apr 7 01:18:06 2026] DELETE /resource_providers/fe621836-06f7-44c3-906d-9cede6e4d2bb => generated 246 bytes in 7 msecs (HTTP/1.1 404) 6 headers in 231 bytes (1 switches on core 0)
2026-04-07 01:18:06.296 7 INFO placement.requestlog [None req-eaa42987-9be0-438d-b993-73fd7c2b87dc 25b447c54231432fa09bbed70fdccb5a 20f57f652b8c4891af7c841125fa1b49 - - ecd2853fa036453e9f49af2ec3bc4a53 ecd2853fa036453e9f49af2ec3bc4a53] 10.0.0.193 "GET /resource_providers/4eb87056-9fe4-4e27-86d5-3819d2e8105e/aggregates" status: 404 len: 235 microversion: 1.1 [pid: 7|app: 0|req: 499/1000] 10.0.0.193 () {32 vars in 815 bytes} [Tue Apr 7 01:18:06 2026] GET /resource_providers/4eb87056-9fe4-4e27-86d5-3819d2e8105e/aggregates => generated 235 bytes in 7 msecs (HTTP/1.1 404) 5 headers in 202 bytes (1 switches on core 0)
2026-04-07 01:18:06.306 8 INFO placement.requestlog [None req-875b4be3-7c63-4aac-a7d0-184f0f461ed7 25b447c54231432fa09bbed70fdccb5a 20f57f652b8c4891af7c841125fa1b49 - - ecd2853fa036453e9f49af2ec3bc4a53 ecd2853fa036453e9f49af2ec3bc4a53] 10.0.0.193 "GET /resource_providers/4eb87056-9fe4-4e27-86d5-3819d2e8105e/aggregates" status: 404 len: 235 microversion: 1.1 [pid: 8|app: 0|req: 502/1001] 10.0.0.193 () {32 vars in 815 bytes} [Tue Apr 7 01:18:06 2026] GET /resource_providers/4eb87056-9fe4-4e27-86d5-3819d2e8105e/aggregates => generated 235 bytes in 17 msecs (HTTP/1.1 404) 5 headers in 202 bytes (1 switches on core 0)
2026-04-07 01:18:06.312 7 INFO placement.requestlog [None req-5bd591ea-4ace-442c-8498-d3cb6d26a7fd 25b447c54231432fa09bbed70fdccb5a 20f57f652b8c4891af7c841125fa1b49 - - ecd2853fa036453e9f49af2ec3bc4a53 ecd2853fa036453e9f49af2ec3bc4a53] 10.0.0.193 "DELETE /resource_providers/4eb87056-9fe4-4e27-86d5-3819d2e8105e" status: 404 len: 246 microversion: 1.1 [pid: 7|app: 0|req: 500/1002] 10.0.0.193 () {34 vars in 815 bytes} [Tue Apr 7 01:18:06 2026] DELETE /resource_providers/4eb87056-9fe4-4e27-86d5-3819d2e8105e => generated 246 bytes in 7 msecs (HTTP/1.1 404) 6 headers in 231 bytes (1 switches on core 0)
2026-04-07 01:18:06.328 8 INFO placement.requestlog [None req-f35e66d2-614f-43d5-8e58-09f702495429 25b447c54231432fa09bbed70fdccb5a 20f57f652b8c4891af7c841125fa1b49 - - ecd2853fa036453e9f49af2ec3bc4a53 ecd2853fa036453e9f49af2ec3bc4a53] 10.0.0.193 "DELETE /resource_providers/4eb87056-9fe4-4e27-86d5-3819d2e8105e" status: 404 len: 246 microversion: 1.1 [pid: 8|app: 0|req: 503/1003] 10.0.0.193 () {34 vars in 815 bytes} [Tue Apr 7 01:18:06 2026] DELETE /resource_providers/4eb87056-9fe4-4e27-86d5-3819d2e8105e => generated 246 bytes in 11 msecs (HTTP/1.1 404) 6 headers in 231 bytes (1 switches on core 0)
2026-04-07 01:18:15.805 7 INFO placement.requestlog [None req-f40c248d-67e6-450c-994e-863948222456 - - - - - -] 10.0.0.64 "GET /" status: 200 len: 136 microversion: 1.0
2026-04-07 01:18:15.808 8 INFO placement.requestlog [None req-865bc0f2-4054-47cf-a444-d0f1d88888a2 - - - - - -] 10.0.0.64 "GET /" status: 200 len: 136 microversion: 1.0
2026-04-07 01:18:25.804 8 INFO placement.requestlog [None req-0e6524b9-8a13-4f3b-b805-b874d1de59b7 - - - - - -] 10.0.0.64 "GET /" status: 200 len: 136 microversion: 1.0
2026-04-07 01:18:25.804 7 INFO placement.requestlog [None req-cb857896-dd1b-40bf-9c05-406f05c3065c - - - - - -] 10.0.0.64 "GET /" status: 200 len: 136 microversion: 1.0
2026-04-07 01:18:30.072 8 INFO placement.requestlog [req-e2c2fbac-f428-496a-a38b-b2cf1246adf9 req-5075a003-bcec-4a7a-9c5f-069a5c3fb950 0c3d4514b96c404cb3a27792e4fe1f4d 20f57f652b8c4891af7c841125fa1b49 - - ecd2853fa036453e9f49af2ec3bc4a53 ecd2853fa036453e9f49af2ec3bc4a53] 10.0.0.187 "GET /allocation_candidates?limit=1000&resources=DISK_GB%3A1%2CMEMORY_MB%3A512%2CVCPU%3A1&root_required=%21COMPUTE_STATUS_DISABLED" status: 200 len: 2642 microversion: 1.36 [pid: 8|app: 0|req: 506/1008] 10.0.0.187 () {34 vars in 1011 bytes} [Tue Apr 7 01:18:30 2026] GET /allocation_candidates?limit=1000&resources=DISK_GB%3A1%2CMEMORY_MB%3A512%2CVCPU%3A1&root_required=%21COMPUTE_STATUS_DISABLED => generated 2642 bytes in 51 msecs (HTTP/1.1 200) 8 headers in 297 bytes (1 switches on core 0)
2026-04-07 01:18:30.104 7 INFO placement.requestlog [req-e2c2fbac-f428-496a-a38b-b2cf1246adf9 req-8a093d01-ea6c-488a-b2a3-57e65cb16ad0 0c3d4514b96c404cb3a27792e4fe1f4d 20f57f652b8c4891af7c841125fa1b49 - - ecd2853fa036453e9f49af2ec3bc4a53 ecd2853fa036453e9f49af2ec3bc4a53] 10.0.0.187 "GET /allocations/6a0fa6b3-f8af-4763-b71d-581dff8ab9bb" status: 200 len: 19 microversion: 1.28 [pid: 7|app: 0|req: 503/1009] 10.0.0.187 () {34 vars in 860 bytes} [Tue Apr 7 01:18:30 2026] GET /allocations/6a0fa6b3-f8af-4763-b71d-581dff8ab9bb => generated 19 bytes in 12 msecs (HTTP/1.1 200) 8 headers in 295 bytes (1 switches on core 0)
2026-04-07 01:18:30.158 8 INFO placement.requestlog [req-e2c2fbac-f428-496a-a38b-b2cf1246adf9 req-19239617-5f9d-4b74-8266-4e6231906d59 0c3d4514b96c404cb3a27792e4fe1f4d 20f57f652b8c4891af7c841125fa1b49 - - ecd2853fa036453e9f49af2ec3bc4a53 ecd2853fa036453e9f49af2ec3bc4a53] 10.0.0.187 "PUT /allocations/6a0fa6b3-f8af-4763-b71d-581dff8ab9bb" status: 204 len: 0 microversion: 1.36 [pid: 8|app: 0|req: 507/1010] 10.0.0.187 () {38 vars in 913 bytes} [Tue Apr 7 01:18:30 2026] PUT /allocations/6a0fa6b3-f8af-4763-b71d-581dff8ab9bb => generated 0 bytes in 48 msecs (HTTP/1.1 204) 5 headers in 199 bytes (1 switches on core 0)
2026-04-07 01:18:31.715 7 INFO placement.requestlog [req-e2c2fbac-f428-496a-a38b-b2cf1246adf9 req-1f667ffb-1f59-445e-b31f-08645c9fb327 0c3d4514b96c404cb3a27792e4fe1f4d 20f57f652b8c4891af7c841125fa1b49 - - ecd2853fa036453e9f49af2ec3bc4a53 ecd2853fa036453e9f49af2ec3bc4a53] 199.204.45.74 "GET /allocations/6a0fa6b3-f8af-4763-b71d-581dff8ab9bb" status: 200 len: 258 microversion: 1.28 [pid: 7|app: 0|req: 504/1011] 199.204.45.74 () {34 vars in 861 bytes} [Tue Apr 7 01:18:31 2026] GET /allocations/6a0fa6b3-f8af-4763-b71d-581dff8ab9bb => generated 258 bytes in 14 msecs (HTTP/1.1 200) 8 headers in 296 bytes (1 switches on core 0)
2026-04-07 01:18:32.759 8 INFO placement.requestlog [req-e2c2fbac-f428-496a-a38b-b2cf1246adf9 req-e4b957f4-2675-4ad1-99fb-df9225a58988 0c3d4514b96c404cb3a27792e4fe1f4d 20f57f652b8c4891af7c841125fa1b49 - - ecd2853fa036453e9f49af2ec3bc4a53 ecd2853fa036453e9f49af2ec3bc4a53] 199.204.45.74 "GET /resource_providers/f30b873b-ab4c-4f09-8b74-3554fddd0d1e/allocations" status: 200 len: 253 microversion: 1.0 [pid: 8|app: 0|req: 508/1012] 199.204.45.74 () {32 vars in 855 bytes} [Tue Apr 7 01:18:32 2026] GET /resource_providers/f30b873b-ab4c-4f09-8b74-3554fddd0d1e/allocations => generated 253 bytes in 18 msecs (HTTP/1.1 200) 6 headers in 224 bytes (1 switches on core 0)
2026-04-07 01:18:32.777 7 INFO placement.requestlog [req-e2c2fbac-f428-496a-a38b-b2cf1246adf9 req-8218be8f-4198-40d3-8838-8065ab79ed0e 0c3d4514b96c404cb3a27792e4fe1f4d 20f57f652b8c4891af7c841125fa1b49 - - ecd2853fa036453e9f49af2ec3bc4a53 ecd2853fa036453e9f49af2ec3bc4a53] 199.204.45.74 "GET /allocations/6a0fa6b3-f8af-4763-b71d-581dff8ab9bb" status: 200 len: 258 microversion: 1.28 [pid: 7|app: 0|req: 505/1013] 199.204.45.74 () {34 vars in 861 bytes} [Tue Apr 7 01:18:32 2026] GET /allocations/6a0fa6b3-f8af-4763-b71d-581dff8ab9bb => generated 258 bytes in 12 msecs (HTTP/1.1 200) 8 headers in 296 bytes (1 switches on core 0)
2026-04-07 01:18:32.793 8 INFO placement.requestlog [req-e2c2fbac-f428-496a-a38b-b2cf1246adf9 req-fd0d9ea2-52a5-4d37-89ea-39e262493f5d 0c3d4514b96c404cb3a27792e4fe1f4d 20f57f652b8c4891af7c841125fa1b49 - - ecd2853fa036453e9f49af2ec3bc4a53 ecd2853fa036453e9f49af2ec3bc4a53] 199.204.45.74 "GET /allocations/2903987b-d24c-44a1-8cdb-8918cb5e9b21" status: 200 len: 258 microversion: 1.28 [pid: 8|app: 0|req: 509/1014] 199.204.45.74 () {34 vars in 861 bytes} [Tue Apr 7 01:18:32 2026] GET /allocations/2903987b-d24c-44a1-8cdb-8918cb5e9b21 => generated 258 bytes in 13 msecs (HTTP/1.1 200) 8 headers in 296 bytes (1 switches on core 0)
2026-04-07 01:18:35.804 7 INFO placement.requestlog [None req-81cc4b13-739a-413e-94dc-aca034c30053 - - - - - -] 10.0.0.64 "GET /" status: 200 len: 136 microversion: 1.0
2026-04-07 01:18:35.804 8 INFO placement.requestlog [None req-45458c8b-4a2d-47b3-a462-93d2de6a22af - - - - - -] 10.0.0.64 "GET /" status: 200 len: 136 microversion: 1.0
