2026-06-09 18:03:03.317 7 INFO neutron.db.ovn_revision_numbers_db [None req-102425b9-ce0a-4297-b2e6-c228c422d6e6 - - - - - -] Successfully bumped revision number for resource 3cb06140-da0c-4b55-8fe1-82dd1b45cd4b (type: subnets) to 0 [pid: 7|app: 0|req: 960/2047] 10.0.0.126 () {34 vars in 668 bytes} [Tue Jun 9 18:03:01 2026] POST /v2.0/subnets => generated 657 bytes in 1834 msecs (HTTP/1.1 201) 4 headers in 162 bytes (1 switches on core 0) [pid: 7|app: 0|req: 961/2048] 10.0.0.147 () {30 vars in 723 bytes} [Tue Jun 9 18:03:03 2026] GET /v2.0/quotas/4770af0b31954b2f9a5464bdf54314a0/details => generated 847 bytes in 151 msecs (HTTP/1.1 200) 4 headers in 157 bytes (1 switches on core 0)
2026-06-09 18:03:03.530 6 WARNING neutron.scheduler.dhcp_agent_scheduler [None req-7395e1e1-d73d-40ed-9908-e195311c9bfa - - - - - -] No more DHCP agents
2026-06-09 18:03:03.532 6 WARNING neutron.api.rpc.agentnotifiers.dhcp_rpc_agent_api [None req-7395e1e1-d73d-40ed-9908-e195311c9bfa - - - - - -] Unable to schedule network ed2dba83-7faf-4739-9d75-419d0bcf29ab: no agents available; will retry on subsequent port and subnet creation events.
2026-06-09 18:03:03.681 6 INFO neutron.db.ovn_revision_numbers_db [None req-7395e1e1-d73d-40ed-9908-e195311c9bfa - - - - - -] Successfully bumped revision number for resource b5dee472-88d5-4df2-9a03-ba8490cd8e33 (type: ports) to 1
2026-06-09 18:03:04.045 7 WARNING neutron.scheduler.dhcp_agent_scheduler [None req-29e515d3-785d-4f97-b6ef-337d69a88338 b7056174722e4123b7198bdad0fc548d 5f61b3977c2f434caadb555dc4c52392 - - default default] No more DHCP agents
2026-06-09 18:03:04.047 7 WARNING neutron.api.rpc.agentnotifiers.dhcp_rpc_agent_api [None req-29e515d3-785d-4f97-b6ef-337d69a88338 b7056174722e4123b7198bdad0fc548d 5f61b3977c2f434caadb555dc4c52392 - - default default] Unable to schedule network c7f600f4-9bbc-4161-8465-392c91649b61: no agents available; will retry on subsequent port and subnet creation events.
2026-06-09 18:03:04.216 7 INFO neutron.db.ovn_revision_numbers_db [None req-29e515d3-785d-4f97-b6ef-337d69a88338 b7056174722e4123b7198bdad0fc548d 5f61b3977c2f434caadb555dc4c52392 - - default default] Successfully bumped revision number for resource c2e47517-6219-4f5f-9fa2-71a0e864262a (type: ports) to 1
2026-06-09 18:03:04.439 6 WARNING neutron.scheduler.dhcp_agent_scheduler [None req-7395e1e1-d73d-40ed-9908-e195311c9bfa - - - - - -] No more DHCP agents
2026-06-09 18:03:04.441 6 WARNING neutron.api.rpc.agentnotifiers.dhcp_rpc_agent_api [None req-7395e1e1-d73d-40ed-9908-e195311c9bfa - - - - - -] Unable to schedule network ed2dba83-7faf-4739-9d75-419d0bcf29ab: no agents available; will retry on subsequent port and subnet creation events.
2026-06-09 18:03:05.061 6 INFO neutron.db.ovn_revision_numbers_db [None req-7395e1e1-d73d-40ed-9908-e195311c9bfa - - - - - -] Successfully bumped revision number for resource b5dee472-88d5-4df2-9a03-ba8490cd8e33 (type: router_ports) to 1
2026-06-09 18:03:05.102 7 WARNING neutron.scheduler.dhcp_agent_scheduler [None req-29e515d3-785d-4f97-b6ef-337d69a88338 b7056174722e4123b7198bdad0fc548d 5f61b3977c2f434caadb555dc4c52392 - - default default] No more DHCP agents
2026-06-09 18:03:05.104 7 WARNING neutron.api.rpc.agentnotifiers.dhcp_rpc_agent_api [None req-29e515d3-785d-4f97-b6ef-337d69a88338 b7056174722e4123b7198bdad0fc548d 5f61b3977c2f434caadb555dc4c52392 - - default default] Unable to schedule network c7f600f4-9bbc-4161-8465-392c91649b61: no agents available; will retry on subsequent port and subnet creation events.
2026-06-09 18:03:05.439 6 WARNING neutron.scheduler.dhcp_agent_scheduler [None req-7395e1e1-d73d-40ed-9908-e195311c9bfa - - - - - -] No more DHCP agents
2026-06-09 18:03:05.440 6 WARNING neutron.api.rpc.agentnotifiers.dhcp_rpc_agent_api [None req-7395e1e1-d73d-40ed-9908-e195311c9bfa - - - - - -] Unable to schedule network ed2dba83-7faf-4739-9d75-419d0bcf29ab: no agents available; will retry on subsequent port and subnet creation events.
2026-06-09 18:03:05.650 6 INFO neutron.db.ovn_revision_numbers_db [None req-7395e1e1-d73d-40ed-9908-e195311c9bfa - - - - - -] Successfully bumped revision number for resource 92de2ac6-e070-4067-9446-bac3ac228870 (type: ports) to 1
2026-06-09 18:03:05.732 7 INFO neutron.db.ovn_revision_numbers_db [None req-29e515d3-785d-4f97-b6ef-337d69a88338 b7056174722e4123b7198bdad0fc548d 5f61b3977c2f434caadb555dc4c52392 - - default default] Successfully bumped revision number for resource c2e47517-6219-4f5f-9fa2-71a0e864262a (type: router_ports) to 1 [pid: 7|app: 0|req: 962/2049] 10.0.0.126 () {34 vars in 782 bytes} [Tue Jun 9 18:03:03 2026] PUT /v2.0/routers/20bb2331-1cb1-4870-a50b-37a83701fdc0/add_router_interface => generated 309 bytes in 2230 msecs (HTTP/1.1 200) 4 headers in 157 bytes (1 switches on core 0)
2026-06-09 18:03:05.949 6 INFO neutron.db.ovn_revision_numbers_db [None req-7395e1e1-d73d-40ed-9908-e195311c9bfa - - - - - -] Successfully bumped revision number for resource 92de2ac6-e070-4067-9446-bac3ac228870 (type: ports) to 3
2026-06-09 18:03:06.082 7 INFO neutron.db.ovn_revision_numbers_db [None req-869279ac-d4cf-4338-b50d-45fcdffd7e22 b597677031ee4387b2318c0fd355ca65 46cc4f2969634161bfef01c063d0d182 - - default default] Successfully bumped revision number for resource 4d6edb42-744f-4370-bc2a-2ee69d1a0949 (type: security_groups) to 1
2026-06-09 18:03:06.095 7 INFO neutron.db.ovn_revision_numbers_db [None req-869279ac-d4cf-4338-b50d-45fcdffd7e22 b597677031ee4387b2318c0fd355ca65 46cc4f2969634161bfef01c063d0d182 - - default default] Successfully bumped revision number for resource 08501d21-6b67-4600-96eb-8710eaf04e78 (type: security_group_rules) to 0
2026-06-09 18:03:06.113 7 INFO neutron.db.ovn_revision_numbers_db [None req-869279ac-d4cf-4338-b50d-45fcdffd7e22 b597677031ee4387b2318c0fd355ca65 46cc4f2969634161bfef01c063d0d182 - - default default] Successfully bumped revision number for resource 0a743bab-a51f-440a-8332-fb6865b38c1a (type: security_group_rules) to 0
2026-06-09 18:03:06.128 7 INFO neutron.db.ovn_revision_numbers_db [None req-869279ac-d4cf-4338-b50d-45fcdffd7e22 b597677031ee4387b2318c0fd355ca65 46cc4f2969634161bfef01c063d0d182 - - default default] Successfully bumped revision number for resource 21b7ed98-7aec-497d-9d4d-98778833874a (type: security_group_rules) to 0
2026-06-09 18:03:06.141 7 INFO neutron.db.ovn_revision_numbers_db [None req-869279ac-d4cf-4338-b50d-45fcdffd7e22 b597677031ee4387b2318c0fd355ca65 46cc4f2969634161bfef01c063d0d182 - - default default] Successfully bumped revision number for resource 9c598166-f284-460c-9efa-46e1f057f032 (type: security_group_rules) to 0
2026-06-09 18:03:06.241 7 INFO neutron.db.segments_db [None req-869279ac-d4cf-4338-b50d-45fcdffd7e22 b597677031ee4387b2318c0fd355ca65 46cc4f2969634161bfef01c063d0d182 - - default default] Added segment e1703699-05ca-4f1c-a4bc-759d0b82d205 of type geneve for network 79ac87c8-42ef-4e84-a107-f80f9cd831fa
2026-06-09 18:03:06.364 7 INFO neutron.db.ovn_revision_numbers_db [None req-869279ac-d4cf-4338-b50d-45fcdffd7e22 b597677031ee4387b2318c0fd355ca65 46cc4f2969634161bfef01c063d0d182 - - default default] Successfully bumped revision number for resource 79ac87c8-42ef-4e84-a107-f80f9cd831fa (type: networks) to 1
2026-06-09 18:03:06.612 7 WARNING neutron.scheduler.dhcp_agent_scheduler [None req-869279ac-d4cf-4338-b50d-45fcdffd7e22 b597677031ee4387b2318c0fd355ca65 46cc4f2969634161bfef01c063d0d182 - - default default] No more DHCP agents
2026-06-09 18:03:06.614 7 WARNING neutron.api.rpc.agentnotifiers.dhcp_rpc_agent_api [None req-869279ac-d4cf-4338-b50d-45fcdffd7e22 b597677031ee4387b2318c0fd355ca65 46cc4f2969634161bfef01c063d0d182 - - default default] Unable to schedule network 79ac87c8-42ef-4e84-a107-f80f9cd831fa: no agents available; will retry on subsequent port and subnet creation events.
2026-06-09 18:03:06.620 6 WARNING neutron.plugins.ml2.drivers.ovn.mech_driver.ovsdb.ovn_client [None req-519ea810-7060-40d1-8a7f-4e167f73b477 - - - - - -] No hosting information found for port d1cd66af-bc24-4431-9980-ce6148880bb7: RuntimeError: No hosting information found for port d1cd66af-bc24-4431-9980-ce6148880bb7
2026-06-09 18:03:06.737 7 INFO neutron.db.ovn_revision_numbers_db [None req-869279ac-d4cf-4338-b50d-45fcdffd7e22 b597677031ee4387b2318c0fd355ca65 46cc4f2969634161bfef01c063d0d182 - - default default] Successfully bumped revision number for resource e597bec9-446a-439d-b7ea-9a1a8345b4ad (type: ports) to 1 [pid: 7|app: 0|req: 963/2050] 10.0.0.126 () {34 vars in 669 bytes} [Tue Jun 9 18:03:05 2026] POST /v2.0/networks => generated 659 bytes in 1022 msecs (HTTP/1.1 201) 4 headers in 162 bytes (1 switches on core 0) [pid: 7|app: 0|req: 964/2051] 10.0.0.126 () {32 vars in 648 bytes} [Tue Jun 9 18:03:06 2026] GET /v2.0/networks => generated 6871 bytes in 73 msecs (HTTP/1.1 200) 4 headers in 158 bytes (1 switches on core 0)
2026-06-09 18:03:06.875 6 INFO neutron.db.ovn_revision_numbers_db [None req-519ea810-7060-40d1-8a7f-4e167f73b477 - - - - - -] Successfully bumped revision number for resource d1cd66af-bc24-4431-9980-ce6148880bb7 (type: router_ports) to 2
2026-06-09 18:03:06.876 6 INFO neutron.plugins.ml2.drivers.ovn.mech_driver.mech_driver [None req-519ea810-7060-40d1-8a7f-4e167f73b477 - - - - - -] OVN reports status down for port: cb5f138a-e436-4ca9-acb4-7ae5a3b3c190 [pid: 6|app: 0|req: 1088/2052] 10.0.0.126 () {34 vars in 684 bytes} [Tue Jun 9 18:03:01 2026] POST /v2.0/vpn/vpnservices => generated 457 bytes in 5463 msecs (HTTP/1.1 201) 4 headers in 162 bytes (1 switches on core 0)
2026-06-09 18:03:06.984 6 INFO neutron.plugins.ml2.drivers.ovn.mech_driver.mech_driver [None req-519ea810-7060-40d1-8a7f-4e167f73b477 - - - - - -] OVN reports status down for port: b5dee472-88d5-4df2-9a03-ba8490cd8e33 [pid: 6|app: 0|req: 1089/2053] 10.0.0.126 () {32 vars in 646 bytes} [Tue Jun 9 18:03:06 2026] GET /v2.0/subnets => generated 4632 bytes in 72 msecs (HTTP/1.1 200) 4 headers in 158 bytes (1 switches on core 0) [pid: 6|app: 0|req: 1090/2054] 10.0.0.147 () {32 vars in 801 bytes} [Tue Jun 9 18:03:06 2026] GET /v2.0/extensions => generated 20541 bytes in 17 msecs (HTTP/1.1 200) 4 headers in 159 bytes (1 switches on core 0)
2026-06-09 18:03:07.011 7 WARNING neutron.scheduler.dhcp_agent_scheduler [None req-6c2a97cd-c613-469d-8218-d005332f97ec b597677031ee4387b2318c0fd355ca65 46cc4f2969634161bfef01c063d0d182 - - default default] No more DHCP agents
2026-06-09 18:03:07.012 7 WARNING neutron.api.rpc.agentnotifiers.dhcp_rpc_agent_api [None req-6c2a97cd-c613-469d-8218-d005332f97ec b597677031ee4387b2318c0fd355ca65 46cc4f2969634161bfef01c063d0d182 - - default default] Unable to schedule network 79ac87c8-42ef-4e84-a107-f80f9cd831fa: no agents available; will retry on subsequent port and subnet creation events. [pid: 6|app: 0|req: 1091/2055] 10.0.0.126 () {32 vars in 662 bytes} [Tue Jun 9 18:03:07 2026] GET /v2.0/vpn/vpnservices => generated 1312 bytes in 18 msecs (HTTP/1.1 200) 4 headers in 158 bytes (1 switches on core 0)
2026-06-09 18:03:07.154 6 WARNING neutron.plugins.ml2.drivers.ovn.mech_driver.ovsdb.ovn_client [None req-519ea810-7060-40d1-8a7f-4e167f73b477 - - - - - -] Logical_Switch_Port %s host information not removed, the port state is up
2026-06-09 18:03:07.154 6 INFO neutron.plugins.ml2.drivers.ovn.mech_driver.mech_driver [None req-519ea810-7060-40d1-8a7f-4e167f73b477 - - - - - -] OVN reports status up for port: b5dee472-88d5-4df2-9a03-ba8490cd8e33
2026-06-09 18:03:07.176 6 INFO neutron.plugins.ml2.plugin [None req-519ea810-7060-40d1-8a7f-4e167f73b477 - - - - - -] Attempt 1 to provision port b5dee472-88d5-4df2-9a03-ba8490cd8e33 [pid: 6|app: 0|req: 1092/2056] 10.0.0.126 () {32 vars in 646 bytes} [Tue Jun 9 18:03:07 2026] GET /v2.0/routers => generated 2976 bytes in 184 msecs (HTTP/1.1 200) 4 headers in 158 bytes (1 switches on core 0)
2026-06-09 18:03:07.501 7 INFO neutron.db.ovn_revision_numbers_db [None req-f5372efe-03b0-4560-8ff8-37c48164382d - - - - - -] Successfully bumped revision number for resource e597bec9-446a-439d-b7ea-9a1a8345b4ad (type: ports) to 2
2026-06-09 18:03:07.522 7 INFO neutron.db.ovn_revision_numbers_db [None req-f5372efe-03b0-4560-8ff8-37c48164382d - - - - - -] Successfully bumped revision number for resource 1878c36e-1d60-444f-9be1-7f6ef242dd53 (type: subnets) to 0 [pid: 7|app: 0|req: 965/2057] 10.0.0.126 () {34 vars in 668 bytes} [Tue Jun 9 18:03:06 2026] POST /v2.0/subnets => generated 658 bytes in 699 msecs (HTTP/1.1 201) 4 headers in 162 bytes (1 switches on core 0) [pid: 7|app: 0|req: 966/2058] 10.0.0.147 () {30 vars in 723 bytes} [Tue Jun 9 18:03:07 2026] GET /v2.0/quotas/4770af0b31954b2f9a5464bdf54314a0/details => generated 847 bytes in 55 msecs (HTTP/1.1 200) 4 headers in 157 bytes (1 switches on core 0)
2026-06-09 18:03:07.707 6 INFO neutron_taas.services.taas.taas_plugin [None req-efeef8b5-89dc-4b65-83b1-4c569db7e2f6 14d516c197d142f08212aa886f3c8ff5 85582274773b4153ac9200a212170a31 - - default default] TaaS: Handle Delete Port: c71a681b-7530-4f1c-a747-21b3714aaa8a
2026-06-09 18:03:07.712 6 INFO neutron_taas.services.taas.tap_mirror_plugin [None req-efeef8b5-89dc-4b65-83b1-4c569db7e2f6 14d516c197d142f08212aa886f3c8ff5 85582274773b4153ac9200a212170a31 - - default default] Tap Mirror: Handle Delete Port: c71a681b-7530-4f1c-a747-21b3714aaa8a
2026-06-09 18:03:07.712 7 INFO neutron.db.ovn_revision_numbers_db [None req-76c5b099-0c4a-4cb0-8f9f-307ac2029eb6 b7056174722e4123b7198bdad0fc548d 5f61b3977c2f434caadb555dc4c52392 - - default default] Successfully bumped revision number for resource a180f23c-faff-46d1-823c-7921aab8fc67 (type: security_groups) to 1
2026-06-09 18:03:07.724 7 INFO neutron.db.ovn_revision_numbers_db [None req-76c5b099-0c4a-4cb0-8f9f-307ac2029eb6 b7056174722e4123b7198bdad0fc548d 5f61b3977c2f434caadb555dc4c52392 - - default default] Successfully bumped revision number for resource 735785c6-8617-4212-a9f2-aae40f8377ca (type: security_group_rules) to 0
2026-06-09 18:03:07.736 7 INFO neutron.db.ovn_revision_numbers_db [None req-76c5b099-0c4a-4cb0-8f9f-307ac2029eb6 b7056174722e4123b7198bdad0fc548d 5f61b3977c2f434caadb555dc4c52392 - - default default] Successfully bumped revision number for resource 8d0a1864-b254-40c8-a666-51e80e59a1d5 (type: security_group_rules) to 0 [pid: 7|app: 0|req: 967/2059] 10.0.0.126 () {34 vars in 684 bytes} [Tue Jun 9 18:03:07 2026] POST /v2.0/security-groups => generated 1675 bytes in 196 msecs (HTTP/1.1 201) 4 headers in 163 bytes (1 switches on core 0) [pid: 7|app: 0|req: 968/2060] 10.0.0.126 () {32 vars in 721 bytes} [Tue Jun 9 18:03:07 2026] GET /v2.0/subnetpools?name=shared-default-subnetpool-v6 => generated 19 bytes in 52 msecs (HTTP/1.1 200) 4 headers in 156 bytes (1 switches on core 0)
2026-06-09 18:03:07.962 7 INFO neutron.db.ovn_revision_numbers_db [None req-6cbec588-3075-4b34-a441-5c0afba7e2e0 b7056174722e4123b7198bdad0fc548d 5f61b3977c2f434caadb555dc4c52392 - - default default] Successfully bumped revision number for resource d33d8483-d195-482f-91c9-89849dde82d5 (type: security_group_rules) to 0 [pid: 7|app: 0|req: 969/2061] 10.0.0.126 () {34 vars in 694 bytes} [Tue Jun 9 18:03:07 2026] POST /v2.0/security-group-rules => generated 597 bytes in 148 msecs (HTTP/1.1 201) 4 headers in 162 bytes (1 switches on core 0)
2026-06-09 18:03:08.052 6 INFO neutron.db.ovn_revision_numbers_db [None req-519ea810-7060-40d1-8a7f-4e167f73b477 - - - - - -] Successfully bumped revision number for resource b5dee472-88d5-4df2-9a03-ba8490cd8e33 (type: ports) to 2
2026-06-09 18:03:08.182 7 WARNING neutron.scheduler.dhcp_agent_scheduler [None req-73d61134-0a38-4f07-852f-67a21f6f2047 b597677031ee4387b2318c0fd355ca65 46cc4f2969634161bfef01c063d0d182 - - default default] No more DHCP agents
2026-06-09 18:03:08.183 7 WARNING neutron.api.rpc.agentnotifiers.dhcp_rpc_agent_api [None req-73d61134-0a38-4f07-852f-67a21f6f2047 b597677031ee4387b2318c0fd355ca65 46cc4f2969634161bfef01c063d0d182 - - default default] Unable to schedule network 79ac87c8-42ef-4e84-a107-f80f9cd831fa: no agents available; will retry on subsequent port and subnet creation events.
2026-06-09 18:03:08.189 6 INFO neutron_taas.services.taas.taas_plugin [None req-0431da8a-9f0d-45c1-bfb7-261d99669d18 - - - - - -] TaaS: Handle Delete Port: 92de2ac6-e070-4067-9446-bac3ac228870
2026-06-09 18:03:08.195 6 INFO neutron_taas.services.taas.tap_mirror_plugin [None req-0431da8a-9f0d-45c1-bfb7-261d99669d18 - - - - - -] Tap Mirror: Handle Delete Port: 92de2ac6-e070-4067-9446-bac3ac228870
2026-06-09 18:03:08.215 7 INFO neutron.db.ovn_revision_numbers_db [None req-73d61134-0a38-4f07-852f-67a21f6f2047 b597677031ee4387b2318c0fd355ca65 46cc4f2969634161bfef01c063d0d182 - - default default] Successfully bumped revision number for resource 6850205e-e2af-461c-9311-381122750483 (type: subnets) to 0 [pid: 7|app: 0|req: 970/2062] 10.0.0.126 () {34 vars in 668 bytes} [Tue Jun 9 18:03:07 2026] POST /v2.0/subnets => generated 731 bytes in 241 msecs (HTTP/1.1 201) 4 headers in 162 bytes (1 switches on core 0)
2026-06-09 18:03:08.368 7 WARNING neutron.plugins.ml2.drivers.ovn.mech_driver.ovsdb.ovn_client [None req-0b956c92-2238-4254-8452-c8bac4689b5c - - - - - -] No hosting information found for port ccc55d16-4baf-4855-9738-18d123fd8c9d: RuntimeError: No hosting information found for port ccc55d16-4baf-4855-9738-18d123fd8c9d
2026-06-09 18:03:08.371 7 INFO neutron.plugins.ml2.drivers.ovn.mech_driver.mech_driver [None req-0b956c92-2238-4254-8452-c8bac4689b5c - - - - - -] OVN reports status down for port: 4442c064-579d-4f08-97a7-29add2f0706c
2026-06-09 18:03:08.456 7 INFO neutron.db.ovn_revision_numbers_db [None req-538344e6-6c35-4734-91f9-c26cfab5d975 b7056174722e4123b7198bdad0fc548d 5f61b3977c2f434caadb555dc4c52392 - - default default] Successfully bumped revision number for resource dec3291c-b05b-49bd-ab64-3e94903cd611 (type: security_group_rules) to 0
2026-06-09 18:03:08.509 7 INFO neutron.plugins.ml2.drivers.ovn.mech_driver.mech_driver [None req-0b956c92-2238-4254-8452-c8bac4689b5c - - - - - -] OVN reports status down for port: 15481173-c28a-4560-9c04-4a03fe3481e9 [pid: 7|app: 0|req: 971/2063] 10.0.0.126 () {34 vars in 694 bytes} [Tue Jun 9 18:03:08 2026] POST /v2.0/security-group-rules => generated 596 bytes in 280 msecs (HTTP/1.1 201) 4 headers in 162 bytes (1 switches on core 0)
2026-06-09 18:03:08.592 6 INFO neutron_taas.services.taas.taas_plugin [None req-e549e85e-2315-417a-97e7-f89c15c8e49a - - - - - -] TaaS: Handle Delete Port: b5dee472-88d5-4df2-9a03-ba8490cd8e33
2026-06-09 18:03:08.596 6 INFO neutron_taas.services.taas.tap_mirror_plugin [None req-e549e85e-2315-417a-97e7-f89c15c8e49a - - - - - -] Tap Mirror: Handle Delete Port: b5dee472-88d5-4df2-9a03-ba8490cd8e33
2026-06-09 18:03:08.668 7 INFO neutron.db.segments_db [None req-217bb892-0550-43cd-b89a-e98403b81f54 b597677031ee4387b2318c0fd355ca65 46cc4f2969634161bfef01c063d0d182 - - default default] Added segment 6aacc70e-991b-4e09-8353-0c4cc2728eb2 of type geneve for network 33ac956c-135d-4186-986b-7b8bac63a4eb
2026-06-09 18:03:08.898 7 INFO neutron.db.ovn_revision_numbers_db [None req-217bb892-0550-43cd-b89a-e98403b81f54 b597677031ee4387b2318c0fd355ca65 46cc4f2969634161bfef01c063d0d182 - - default default] Successfully bumped revision number for resource 33ac956c-135d-4186-986b-7b8bac63a4eb (type: networks) to 1
2026-06-09 18:03:09.139 7 INFO neutron.db.ovn_revision_numbers_db [None req-0b956c92-2238-4254-8452-c8bac4689b5c - - - - - -] Successfully bumped revision number for resource 15481173-c28a-4560-9c04-4a03fe3481e9 (type: ports) to 6
2026-06-09 18:03:09.215 7 WARNING neutron.scheduler.dhcp_agent_scheduler [None req-217bb892-0550-43cd-b89a-e98403b81f54 b597677031ee4387b2318c0fd355ca65 46cc4f2969634161bfef01c063d0d182 - - default default] No more DHCP agents
2026-06-09 18:03:09.217 7 WARNING neutron.api.rpc.agentnotifiers.dhcp_rpc_agent_api [None req-217bb892-0550-43cd-b89a-e98403b81f54 b597677031ee4387b2318c0fd355ca65 46cc4f2969634161bfef01c063d0d182 - - default default] Unable to schedule network 33ac956c-135d-4186-986b-7b8bac63a4eb: no agents available; will retry on subsequent port and subnet creation events.
2026-06-09 18:03:09.297 7 WARNING neutron.plugins.ml2.drivers.ovn.mech_driver.ovsdb.ovn_client [None req-27127a35-17de-43e1-8251-42fed1381e59 - - - - - -] Logical_Switch_Port %s host information not removed, the port state is up
2026-06-09 18:03:09.298 7 INFO neutron.plugins.ml2.drivers.ovn.mech_driver.mech_driver [None req-27127a35-17de-43e1-8251-42fed1381e59 - - - - - -] OVN reports status up for port: 15481173-c28a-4560-9c04-4a03fe3481e9
2026-06-09 18:03:09.368 7 INFO neutron.plugins.ml2.plugin [None req-27127a35-17de-43e1-8251-42fed1381e59 - - - - - -] Attempt 1 to provision port 15481173-c28a-4560-9c04-4a03fe3481e9
2026-06-09 18:03:09.397 7 INFO neutron.db.ovn_revision_numbers_db [None req-217bb892-0550-43cd-b89a-e98403b81f54 b597677031ee4387b2318c0fd355ca65 46cc4f2969634161bfef01c063d0d182 - - default default] Successfully bumped revision number for resource 371868d6-f409-4acb-bc10-e5180fb45902 (type: ports) to 1 [pid: 7|app: 0|req: 972/2064] 10.0.0.126 () {34 vars in 669 bytes} [Tue Jun 9 18:03:08 2026] POST /v2.0/networks => generated 656 bytes in 942 msecs (HTTP/1.1 201) 4 headers in 162 bytes (1 switches on core 0)
2026-06-09 18:03:09.505 6 INFO neutron_taas.services.taas.taas_plugin [None req-e549e85e-2315-417a-97e7-f89c15c8e49a - - - - - -] TaaS: Handle Delete Port: cb5f138a-e436-4ca9-acb4-7ae5a3b3c190
2026-06-09 18:03:09.509 6 INFO neutron_taas.services.taas.tap_mirror_plugin [None req-e549e85e-2315-417a-97e7-f89c15c8e49a - - - - - -] Tap Mirror: Handle Delete Port: cb5f138a-e436-4ca9-acb4-7ae5a3b3c190
2026-06-09 18:03:09.711 6 INFO neutron.services.segments.plugin [-] Segment e84d1e4a-1a4e-432c-b4a8-b3ccc090ff85 resource provider aggregate not found
2026-06-09 18:03:09.714 6 INFO neutron.services.segments.plugin [-] Segment e84d1e4a-1a4e-432c-b4a8-b3ccc090ff85 resource provider aggregate not found
2026-06-09 18:03:09.732 6 INFO neutron.services.segments.plugin [-] Segment e84d1e4a-1a4e-432c-b4a8-b3ccc090ff85 resource provider not found; error: Placement Client Error (4xx): {"errors": [{"status": 404, "title": "Not Found", "detail": "The resource could not be found.\n\n No resource provider with uuid e84d1e4a-1a4e-432c-b4a8-b3ccc090ff85 found for delete ", "request_id": "req-a79255a0-a8c6-410e-bd91-2969c8428463"}]}
2026-06-09 18:03:09.734 6 INFO neutron.services.segments.plugin [-] Segment e84d1e4a-1a4e-432c-b4a8-b3ccc090ff85 resource provider not found; error: Placement Client Error (4xx): {"errors": [{"status": 404, "title": "Not Found", "detail": "The resource could not be found.\n\n No resource provider with uuid e84d1e4a-1a4e-432c-b4a8-b3ccc090ff85 found for delete ", "request_id": "req-7bf5c8b5-796b-4982-8631-b667d5b60403"}]}
2026-06-09 18:03:09.756 7 INFO neutron.db.ovn_revision_numbers_db [None req-b6902214-0467-4610-8a96-4907cd99962a b7056174722e4123b7198bdad0fc548d 5f61b3977c2f434caadb555dc4c52392 - - default default] Successfully bumped revision number for resource 3aa2efa7-aa61-49f2-be36-27d1a74e26eb (type: security_group_rules) to 0 [pid: 6|app: 0|req: 1093/2065] 10.0.0.126 () {32 vars in 739 bytes} [Tue Jun 9 18:03:07 2026] DELETE /v2.0/vpn/vpnservices/4d44ccf0-86f1-4c76-b702-23c1d049fc2d => generated 0 bytes in 2552 msecs (HTTP/1.1 204) 2 headers in 112 bytes (1 switches on core 0) /var/lib/openstack/lib/python3.12/site-packages/pycadf/identifier.py:70: UserWarning: Invalid uuid: neutron. To ensure interoperability, identifiers should be a valid uuid. warnings.warn(('Invalid uuid: %s. To ensure interoperability, ' [pid: 7|app: 0|req: 973/2066] 10.0.0.126 () {34 vars in 694 bytes} [Tue Jun 9 18:03:09 2026] POST /v2.0/security-group-rules => generated 602 bytes in 361 msecs (HTTP/1.1 201) 4 headers in 162 bytes (1 switches on core 0) [pid: 7|app: 0|req: 974/2067] 10.0.0.126 () {34 vars in 692 bytes} [Tue Jun 9 18:03:09 2026] POST /v2.0/vpn/endpoint-groups => generated 302 bytes in 126 msecs (HTTP/1.1 201) 4 headers in 162 bytes (1 switches on core 0)
2026-06-09 18:03:09.952 7 INFO neutron.db.ovn_revision_numbers_db [None req-27127a35-17de-43e1-8251-42fed1381e59 - - - - - -] Successfully bumped revision number for resource 15481173-c28a-4560-9c04-4a03fe3481e9 (type: ports) to 7
2026-06-09 18:03:09.969 6 WARNING neutron.scheduler.dhcp_agent_scheduler [None req-68994cab-b0a9-4434-8179-9b1348a27684 b597677031ee4387b2318c0fd355ca65 46cc4f2969634161bfef01c063d0d182 - - default default] No more DHCP agents
2026-06-09 18:03:09.970 6 WARNING neutron.api.rpc.agentnotifiers.dhcp_rpc_agent_api [None req-68994cab-b0a9-4434-8179-9b1348a27684 b597677031ee4387b2318c0fd355ca65 46cc4f2969634161bfef01c063d0d182 - - default default] Unable to schedule network 33ac956c-135d-4186-986b-7b8bac63a4eb: no agents available; will retry on subsequent port and subnet creation events.
2026-06-09 18:03:10.104 7 INFO neutron.plugins.ml2.drivers.ovn.mech_driver.mech_driver [None req-2b460383-ffb9-43e0-8868-2bb83c188264 - - - - - -] OVN reports status down for port: c71a681b-7530-4f1c-a747-21b3714aaa8a
2026-06-09 18:03:10.124 7 INFO neutron.plugins.ml2.drivers.ovn.mech_driver.mech_driver [None req-2b460383-ffb9-43e0-8868-2bb83c188264 - - - - - -] OVN reports status down for port: c2e47517-6219-4f5f-9fa2-71a0e864262a
2026-06-09 18:03:10.196 7 INFO neutron.db.ovn_revision_numbers_db [None req-5e5f0151-8b6f-48ca-9430-c4141c9859b1 b7056174722e4123b7198bdad0fc548d 5f61b3977c2f434caadb555dc4c52392 - - default default] Successfully bumped revision number for resource 54bfbbbf-f276-4018-ad66-d976a193b9f6 (type: security_group_rules) to 0
2026-06-09 18:03:10.236 7 WARNING neutron.plugins.ml2.drivers.ovn.mech_driver.ovsdb.ovn_client [None req-2b460383-ffb9-43e0-8868-2bb83c188264 - - - - - -] Logical_Switch_Port %s host information not removed, the port state is up
2026-06-09 18:03:10.236 7 INFO neutron.plugins.ml2.drivers.ovn.mech_driver.mech_driver [None req-2b460383-ffb9-43e0-8868-2bb83c188264 - - - - - -] OVN reports status up for port: c2e47517-6219-4f5f-9fa2-71a0e864262a [pid: 7|app: 0|req: 975/2068] 10.0.0.126 () {34 vars in 694 bytes} [Tue Jun 9 18:03:09 2026] POST /v2.0/security-group-rules => generated 601 bytes in 312 msecs (HTTP/1.1 201) 4 headers in 162 bytes (1 switches on core 0)
2026-06-09 18:03:10.265 7 INFO neutron.plugins.ml2.plugin [None req-2b460383-ffb9-43e0-8868-2bb83c188264 - - - - - -] Attempt 1 to provision port c2e47517-6219-4f5f-9fa2-71a0e864262a [pid: 7|app: 0|req: 976/2069] 10.0.0.126 () {34 vars in 692 bytes} [Tue Jun 9 18:03:10 2026] POST /v2.0/vpn/endpoint-groups => generated 294 bytes in 80 msecs (HTTP/1.1 201) 4 headers in 162 bytes (1 switches on core 0)
2026-06-09 18:03:10.400 7 INFO neutron.db.securitygroups_db [None req-d46b9ff5-e74e-4ac1-9500-996c9e5f2e5f b7056174722e4123b7198bdad0fc548d 5f61b3977c2f434caadb555dc4c52392 - - default default] Project 5f61b3977c2f434caadb555dc4c52392 added a security group rule with legacy IPv6 ICMP protocol name icmp, ipv6-icmp should be used instead. It was automatically converted.
2026-06-09 18:03:10.520 6 INFO neutron.db.ovn_revision_numbers_db [None req-19a61758-bd71-4a74-b851-ce879c1cd238 - - - - - -] Successfully bumped revision number for resource 371868d6-f409-4acb-bc10-e5180fb45902 (type: ports) to 2
2026-06-09 18:03:10.546 6 INFO neutron.db.ovn_revision_numbers_db [None req-19a61758-bd71-4a74-b851-ce879c1cd238 - - - - - -] Successfully bumped revision number for resource 7b59ce74-c35c-46a1-810d-385668cf4d37 (type: subnets) to 0 [pid: 6|app: 0|req: 1094/2070] 10.0.0.126 () {34 vars in 668 bytes} [Tue Jun 9 18:03:09 2026] POST /v2.0/subnets => generated 656 bytes in 797 msecs (HTTP/1.1 201) 4 headers in 162 bytes (1 switches on core 0)
2026-06-09 18:03:10.568 6 WARNING neutron.api.v2.base [None req-3a82d71d-d150-4247-ad6a-371d833084c6 603f58fa9d934e84bb574c331bcbac01 babe7d56296b482baf77cab732408997 - - default default] An exception happened while processing the request body. The exception message is [Unrecognized attribute(s) 'peer_cidr'].: webob.exc.HTTPBadRequest: Unrecognized attribute(s) 'peer_cidr'
2026-06-09 18:03:10.568 6 INFO neutron.api.v2.resource [None req-3a82d71d-d150-4247-ad6a-371d833084c6 603f58fa9d934e84bb574c331bcbac01 babe7d56296b482baf77cab732408997 - - default default] create failed (client error): Unrecognized attribute(s) 'peer_cidr' [pid: 6|app: 0|req: 1095/2071] 10.0.0.126 () {34 vars in 706 bytes} [Tue Jun 9 18:03:10 2026] POST /v2.0/vpn/ipsec-site-connections => generated 110 bytes in 7 msecs (HTTP/1.1 400) 4 headers in 166 bytes (1 switches on core 0)
2026-06-09 18:03:10.689 7 INFO neutron.db.ovn_revision_numbers_db [None req-d46b9ff5-e74e-4ac1-9500-996c9e5f2e5f b7056174722e4123b7198bdad0fc548d 5f61b3977c2f434caadb555dc4c52392 - - default default] Successfully bumped revision number for resource e6cd3ffd-6223-42de-b05f-620d33739592 (type: security_group_rules) to 0 [pid: 7|app: 0|req: 977/2072] 10.0.0.126 () {34 vars in 694 bytes} [Tue Jun 9 18:03:10 2026] POST /v2.0/security-group-rules => generated 607 bytes in 419 msecs (HTTP/1.1 201) 4 headers in 162 bytes (1 switches on core 0) [pid: 7|app: 0|req: 978/2073] 10.0.0.126 () {32 vars in 670 bytes} [Tue Jun 9 18:03:10 2026] GET /v2.0/vpn/endpoint-groups => generated 1194 bytes in 30 msecs (HTTP/1.1 200) 4 headers in 158 bytes (1 switches on core 0)
2026-06-09 18:03:10.792 6 WARNING neutron.scheduler.dhcp_agent_scheduler [None req-25691150-f5dd-474f-83cb-35a55a32aaea b597677031ee4387b2318c0fd355ca65 46cc4f2969634161bfef01c063d0d182 - - default default] No more DHCP agents
2026-06-09 18:03:10.795 6 WARNING neutron.api.rpc.agentnotifiers.dhcp_rpc_agent_api [None req-25691150-f5dd-474f-83cb-35a55a32aaea b597677031ee4387b2318c0fd355ca65 46cc4f2969634161bfef01c063d0d182 - - default default] Unable to schedule network 33ac956c-135d-4186-986b-7b8bac63a4eb: no agents available; will retry on subsequent port and subnet creation events.
2026-06-09 18:03:10.832 6 INFO neutron.db.ovn_revision_numbers_db [None req-25691150-f5dd-474f-83cb-35a55a32aaea b597677031ee4387b2318c0fd355ca65 46cc4f2969634161bfef01c063d0d182 - - default default] Successfully bumped revision number for resource 80ad2261-fb52-4d70-8119-b18df9b140df (type: subnets) to 0 [pid: 6|app: 0|req: 1096/2074] 10.0.0.126 () {34 vars in 668 bytes} [Tue Jun 9 18:03:10 2026] POST /v2.0/subnets => generated 726 bytes in 281 msecs (HTTP/1.1 201) 4 headers in 162 bytes (1 switches on core 0)
2026-06-09 18:03:10.907 6 INFO neutron.db.securitygroups_db [None req-c3805bab-8258-4b54-b1b9-e0765dd057e6 b7056174722e4123b7198bdad0fc548d 5f61b3977c2f434caadb555dc4c52392 - - default default] Project 5f61b3977c2f434caadb555dc4c52392 added a security group rule with legacy IPv6 ICMP protocol name icmp, ipv6-icmp should be used instead. It was automatically converted.
2026-06-09 18:03:11.039 7 INFO neutron.db.ovn_revision_numbers_db [None req-2b460383-ffb9-43e0-8868-2bb83c188264 - - - - - -] Successfully bumped revision number for resource c2e47517-6219-4f5f-9fa2-71a0e864262a (type: ports) to 2
2026-06-09 18:03:11.052 6 INFO neutron.db.ovn_revision_numbers_db [None req-c3805bab-8258-4b54-b1b9-e0765dd057e6 b7056174722e4123b7198bdad0fc548d 5f61b3977c2f434caadb555dc4c52392 - - default default] Successfully bumped revision number for resource f2e6f34c-7106-45b5-9c2b-de3cc413197f (type: security_group_rules) to 0 [pid: 6|app: 0|req: 1097/2075] 10.0.0.126 () {34 vars in 694 bytes} [Tue Jun 9 18:03:10 2026] POST /v2.0/security-group-rules => generated 606 bytes in 243 msecs (HTTP/1.1 201) 4 headers in 162 bytes (1 switches on core 0) [pid: 6|app: 0|req: 1098/2076] 10.0.0.126 () {32 vars in 747 bytes} [Tue Jun 9 18:03:11 2026] DELETE /v2.0/vpn/endpoint-groups/4d8bd4cf-0218-488e-86af-861865417ea1 => generated 0 bytes in 24 msecs (HTTP/1.1 204) 2 headers in 112 bytes (1 switches on core 0)
2026-06-09 18:03:11.160 7 INFO neutron.db.ovn_revision_numbers_db [None req-cc9e3fc0-4e23-49d8-a1e7-8a8c686863f7 10070119af29400baa618331feed846a a0c08d580a1a48deb28cac4929d6ee69 - - default default] Successfully bumped revision number for resource 091290a9-6700-4ee8-9747-4d7249ff111f (type: security_groups) to 1
2026-06-09 18:03:11.179 7 INFO neutron.db.ovn_revision_numbers_db [None req-cc9e3fc0-4e23-49d8-a1e7-8a8c686863f7 10070119af29400baa618331feed846a a0c08d580a1a48deb28cac4929d6ee69 - - default default] Successfully bumped revision number for resource 17a0a236-3977-4758-802b-bf2639d5ad84 (type: security_group_rules) to 0
2026-06-09 18:03:11.208 7 INFO neutron.db.ovn_revision_numbers_db [None req-cc9e3fc0-4e23-49d8-a1e7-8a8c686863f7 10070119af29400baa618331feed846a a0c08d580a1a48deb28cac4929d6ee69 - - default default] Successfully bumped revision number for resource 52e9d836-cfcc-441d-8f14-fbb735700486 (type: security_group_rules) to 0
2026-06-09 18:03:11.226 7 INFO neutron.db.ovn_revision_numbers_db [None req-cc9e3fc0-4e23-49d8-a1e7-8a8c686863f7 10070119af29400baa618331feed846a a0c08d580a1a48deb28cac4929d6ee69 - - default default] Successfully bumped revision number for resource a41a76e8-cc6d-438e-afb1-66cc5836aedb (type: security_group_rules) to 0
2026-06-09 18:03:11.235 6 INFO neutron.db.segments_db [None req-52d6cc60-0d66-414a-8846-8dc607ceb461 b597677031ee4387b2318c0fd355ca65 46cc4f2969634161bfef01c063d0d182 - - default default] Added segment 41ec47b8-9495-4084-b9e4-ed502817bc18 of type geneve for network c8dbf395-0116-4341-9404-3d32e78179d5
2026-06-09 18:03:11.238 7 INFO neutron.db.ovn_revision_numbers_db [None req-cc9e3fc0-4e23-49d8-a1e7-8a8c686863f7 10070119af29400baa618331feed846a a0c08d580a1a48deb28cac4929d6ee69 - - default default] Successfully bumped revision number for resource db97477f-e6af-457a-abb2-97d5849c3f77 (type: security_group_rules) to 0 [pid: 7|app: 0|req: 979/2077] 10.0.0.126 () {32 vars in 773 bytes} [Tue Jun 9 18:03:10 2026] GET /v2.0/security-groups?tenant_id=4770af0b31954b2f9a5464bdf54314a0&name=default => generated 2925 bytes in 487 msecs (HTTP/1.1 200) 4 headers in 158 bytes (1 switches on core 0) [pid: 7|app: 0|req: 980/2078] 10.0.0.126 () {32 vars in 670 bytes} [Tue Jun 9 18:03:11 2026] GET /v2.0/vpn/endpoint-groups => generated 918 bytes in 12 msecs (HTTP/1.1 200) 4 headers in 157 bytes (1 switches on core 0)
2026-06-09 18:03:11.348 6 INFO neutron.db.ovn_revision_numbers_db [None req-52d6cc60-0d66-414a-8846-8dc607ceb461 b597677031ee4387b2318c0fd355ca65 46cc4f2969634161bfef01c063d0d182 - - default default] Successfully bumped revision number for resource c8dbf395-0116-4341-9404-3d32e78179d5 (type: networks) to 1
2026-06-09 18:03:11.561 6 WARNING neutron.scheduler.dhcp_agent_scheduler [None req-52d6cc60-0d66-414a-8846-8dc607ceb461 b597677031ee4387b2318c0fd355ca65 46cc4f2969634161bfef01c063d0d182 - - default default] No more DHCP agents
2026-06-09 18:03:11.562 6 WARNING neutron.api.rpc.agentnotifiers.dhcp_rpc_agent_api [None req-52d6cc60-0d66-414a-8846-8dc607ceb461 b597677031ee4387b2318c0fd355ca65 46cc4f2969634161bfef01c063d0d182 - - default default] Unable to schedule network c8dbf395-0116-4341-9404-3d32e78179d5: no agents available; will retry on subsequent port and subnet creation events. [pid: 7|app: 0|req: 981/2079] 10.0.0.126 () {32 vars in 739 bytes} [Tue Jun 9 18:03:11 2026] DELETE /v2.0/security-groups/091290a9-6700-4ee8-9747-4d7249ff111f => generated 0 bytes in 284 msecs (HTTP/1.1 204) 2 headers in 112 bytes (1 switches on core 0) [pid: 7|app: 0|req: 982/2080] 10.0.0.126 () {32 vars in 670 bytes} [Tue Jun 9 18:03:11 2026] GET /v2.0/vpn/endpoint-groups => generated 918 bytes in 13 msecs (HTTP/1.1 200) 4 headers in 157 bytes (1 switches on core 0)
2026-06-09 18:03:11.647 6 INFO neutron.db.ovn_revision_numbers_db [None req-52d6cc60-0d66-414a-8846-8dc607ceb461 b597677031ee4387b2318c0fd355ca65 46cc4f2969634161bfef01c063d0d182 - - default default] Successfully bumped revision number for resource 8a690f97-2621-4482-97e2-74310881a0d3 (type: ports) to 1 [pid: 7|app: 0|req: 983/2081] 10.0.0.126 () {32 vars in 648 bytes} [Tue Jun 9 18:03:11 2026] GET /v2.0/networks => generated 1374 bytes in 86 msecs (HTTP/1.1 200) 4 headers in 158 bytes (1 switches on core 0) [pid: 6|app: 0|req: 1099/2082] 10.0.0.126 () {34 vars in 669 bytes} [Tue Jun 9 18:03:11 2026] POST /v2.0/networks => generated 657 bytes in 552 msecs (HTTP/1.1 201) 4 headers in 162 bytes (1 switches on core 0) [pid: 7|app: 0|req: 984/2083] 10.0.0.126 () {32 vars in 747 bytes} [Tue Jun 9 18:03:11 2026] DELETE /v2.0/vpn/endpoint-groups/5d769336-90ff-43ea-8b52-7923ca7eaa1d => generated 0 bytes in 37 msecs (HTTP/1.1 204) 2 headers in 112 bytes (1 switches on core 0) [pid: 7|app: 0|req: 985/2084] 10.0.0.126 () {32 vars in 670 bytes} [Tue Jun 9 18:03:11 2026] GET /v2.0/vpn/endpoint-groups => generated 634 bytes in 10 msecs (HTTP/1.1 200) 4 headers in 157 bytes (1 switches on core 0) [pid: 7|app: 0|req: 986/2085] 10.0.0.126 () {34 vars in 692 bytes} [Tue Jun 9 18:03:11 2026] POST /v2.0/vpn/endpoint-groups => generated 301 bytes in 56 msecs (HTTP/1.1 201) 4 headers in 162 bytes (1 switches on core 0) [pid: 7|app: 0|req: 987/2086] 10.0.0.36 () {34 vars in 1098 bytes} [Tue Jun 9 18:03:11 2026] GET /v2.0/security-groups?name=tempest-secgroup-smoke-1992169804&fields=id&tenant_id=5f61b3977c2f434caadb555dc4c52392 => generated 69 bytes in 33 msecs (HTTP/1.1 200) 4 headers in 156 bytes (1 switches on core 0)
2026-06-09 18:03:11.854 6 WARNING neutron.scheduler.dhcp_agent_scheduler [None req-db84ff45-af8a-44e6-9112-4df6f5c07a5d b597677031ee4387b2318c0fd355ca65 46cc4f2969634161bfef01c063d0d182 - - default default] No more DHCP agents [pid: 7|app: 0|req: 988/2087] 10.0.0.126 () {34 vars in 692 bytes} [Tue Jun 9 18:03:11 2026] POST /v2.0/vpn/endpoint-groups => generated 292 bytes in 38 msecs (HTTP/1.1 201) 4 headers in 162 bytes (1 switches on core 0)
2026-06-09 18:03:11.855 6 WARNING neutron.api.rpc.agentnotifiers.dhcp_rpc_agent_api [None req-db84ff45-af8a-44e6-9112-4df6f5c07a5d b597677031ee4387b2318c0fd355ca65 46cc4f2969634161bfef01c063d0d182 - - default default] Unable to schedule network c8dbf395-0116-4341-9404-3d32e78179d5: no agents available; will retry on subsequent port and subnet creation events. [pid: 7|app: 0|req: 989/2088] 10.0.0.36 () {34 vars in 980 bytes} [Tue Jun 9 18:03:11 2026] GET /v2.0/networks?id=c7f600f4-9bbc-4161-8465-392c91649b61 => generated 699 bytes in 54 msecs (HTTP/1.1 200) 4 headers in 157 bytes (1 switches on core 0)
2026-06-09 18:03:11.952 7 INFO neutron.api.v2.resource [None req-82377143-0e72-4d7a-84fb-3fa7228fe866 603f58fa9d934e84bb574c331bcbac01 babe7d56296b482baf77cab732408997 - - default default] create failed (client error): The server could not comply with the request since it is either malformed or otherwise incorrect. [pid: 7|app: 0|req: 990/2089] 10.0.0.126 () {34 vars in 706 bytes} [Tue Jun 9 18:03:11 2026] POST /v2.0/vpn/ipsec-site-connections => generated 170 bytes in 45 msecs (HTTP/1.1 400) 4 headers in 166 bytes (1 switches on core 0) [pid: 7|app: 0|req: 991/2090] 10.0.0.36 () {34 vars in 963 bytes} [Tue Jun 9 18:03:11 2026] GET /v2.0/quotas/5f61b3977c2f434caadb555dc4c52392 => generated 292 bytes in 11 msecs (HTTP/1.1 200) 4 headers in 157 bytes (1 switches on core 0) [pid: 7|app: 0|req: 992/2091] 10.0.0.126 () {32 vars in 670 bytes} [Tue Jun 9 18:03:11 2026] GET /v2.0/vpn/endpoint-groups => generated 1191 bytes in 13 msecs (HTTP/1.1 200) 4 headers in 158 bytes (1 switches on core 0) [pid: 7|app: 0|req: 993/2092] 10.0.0.36 () {34 vars in 1000 bytes} [Tue Jun 9 18:03:11 2026] GET /v2.0/ports?tenant_id=5f61b3977c2f434caadb555dc4c52392&fields=id => generated 103 bytes in 63 msecs (HTTP/1.1 200) 4 headers in 157 bytes (1 switches on core 0) [pid: 7|app: 0|req: 994/2093] 10.0.0.126 () {32 vars in 747 bytes} [Tue Jun 9 18:03:12 2026] DELETE /v2.0/vpn/endpoint-groups/a03a69c9-901d-4b7f-a418-02a5b9e26f19 => generated 0 bytes in 25 msecs (HTTP/1.1 204) 2 headers in 112 bytes (1 switches on core 0) [pid: 7|app: 0|req: 995/2094] 10.0.0.36 () {34 vars in 1006 bytes} [Tue Jun 9 18:03:12 2026] GET /v2.0/networks/c7f600f4-9bbc-4161-8465-392c91649b61?fields=segments => generated 14 bytes in 41 msecs (HTTP/1.1 200) 4 headers in 156 bytes (1 switches on core 0) [pid: 7|app: 0|req: 996/2095] 10.0.0.126 () {32 vars in 670 bytes} [Tue Jun 9 18:03:12 2026] GET /v2.0/vpn/endpoint-groups => generated 917 bytes in 9 msecs (HTTP/1.1 200) 4 headers in 157 bytes (1 switches on core 0) [pid: 7|app: 0|req: 997/2096] 10.0.0.36 () {34 vars in 1106 bytes} [Tue Jun 9 18:03:12 2026] GET /v2.0/networks/c7f600f4-9bbc-4161-8465-392c91649b61?fields=provider%3Aphysical_network&fields=provider%3Anetwork_type => generated 79 bytes in 36 msecs (HTTP/1.1 200) 4 headers in 156 bytes (1 switches on core 0) [pid: 7|app: 0|req: 998/2097] 10.0.0.126 () {32 vars in 670 bytes} [Tue Jun 9 18:03:12 2026] GET /v2.0/vpn/endpoint-groups => generated 917 bytes in 10 msecs (HTTP/1.1 200) 4 headers in 157 bytes (1 switches on core 0) [pid: 7|app: 0|req: 999/2098] 10.0.0.126 () {32 vars in 747 bytes} [Tue Jun 9 18:03:12 2026] DELETE /v2.0/vpn/endpoint-groups/0b73286b-5698-415c-a054-39aea5d96007 => generated 0 bytes in 39 msecs (HTTP/1.1 204) 2 headers in 112 bytes (1 switches on core 0) [pid: 7|app: 0|req: 1000/2099] 10.0.0.126 () {32 vars in 670 bytes} [Tue Jun 9 18:03:12 2026] GET /v2.0/vpn/endpoint-groups => generated 634 bytes in 12 msecs (HTTP/1.1 200) 4 headers in 157 bytes (1 switches on core 0)
2026-06-09 18:03:12.262 6 INFO neutron.db.ovn_revision_numbers_db [None req-bd8534c1-baea-45c8-b2cb-6bb8097d7fb0 - - - - - -] Successfully bumped revision number for resource 8a690f97-2621-4482-97e2-74310881a0d3 (type: ports) to 2 [pid: 7|app: 0|req: 1001/2100] 10.0.0.126 () {34 vars in 692 bytes} [Tue Jun 9 18:03:12 2026] POST /v2.0/vpn/endpoint-groups => generated 302 bytes in 63 msecs (HTTP/1.1 201) 4 headers in 162 bytes (1 switches on core 0)
2026-06-09 18:03:12.311 6 INFO neutron.db.ovn_revision_numbers_db [None req-bd8534c1-baea-45c8-b2cb-6bb8097d7fb0 - - - - - -] Successfully bumped revision number for resource 1d7bdfe8-fffc-4189-af12-cf3731d12134 (type: subnets) to 0
2026-06-09 18:03:12.312 7 WARNING neutron.api.v2.base [None req-cad89eb6-ae4a-45ad-b534-a75b80e9fc83 603f58fa9d934e84bb574c331bcbac01 babe7d56296b482baf77cab732408997 - - default default] An exception happened while processing the request body. The exception message is [Failed to parse request. Required attribute 'peer_id' not specified].: webob.exc.HTTPBadRequest: Failed to parse request. Required attribute 'peer_id' not specified
2026-06-09 18:03:12.313 7 INFO neutron.api.v2.resource [None req-cad89eb6-ae4a-45ad-b534-a75b80e9fc83 603f58fa9d934e84bb574c331bcbac01 babe7d56296b482baf77cab732408997 - - default default] create failed (client error): Failed to parse request. Required attribute 'peer_id' not specified [pid: 7|app: 0|req: 1002/2101] 10.0.0.126 () {34 vars in 706 bytes} [Tue Jun 9 18:03:12 2026] POST /v2.0/vpn/ipsec-site-connections => generated 140 bytes in 8 msecs (HTTP/1.1 400) 4 headers in 166 bytes (1 switches on core 0) [pid: 6|app: 0|req: 1100/2102] 10.0.0.126 () {34 vars in 668 bytes} [Tue Jun 9 18:03:11 2026] POST /v2.0/subnets => generated 656 bytes in 657 msecs (HTTP/1.1 201) 4 headers in 162 bytes (1 switches on core 0) [pid: 7|app: 0|req: 1003/2103] 10.0.0.126 () {32 vars in 670 bytes} [Tue Jun 9 18:03:12 2026] GET /v2.0/vpn/endpoint-groups => generated 918 bytes in 24 msecs (HTTP/1.1 200) 4 headers in 157 bytes (1 switches on core 0) [pid: 6|app: 0|req: 1101/2104] 10.0.0.36 () {34 vars in 988 bytes} [Tue Jun 9 18:03:12 2026] GET /v2.0/ports?device_id=5c100d48-063e-45fd-b52a-daeb24e96832 => generated 12 bytes in 21 msecs (HTTP/1.1 200) 4 headers in 156 bytes (1 switches on core 0) [pid: 6|app: 0|req: 1102/2105] 10.0.0.126 () {32 vars in 747 bytes} [Tue Jun 9 18:03:12 2026] DELETE /v2.0/vpn/endpoint-groups/e9e0df24-1329-42ea-8f3e-97c0d6dd3579 => generated 0 bytes in 32 msecs (HTTP/1.1 204) 2 headers in 112 bytes (1 switches on core 0) [pid: 6|app: 0|req: 1103/2106] 10.0.0.126 () {32 vars in 670 bytes} [Tue Jun 9 18:03:12 2026] GET /v2.0/vpn/endpoint-groups => generated 634 bytes in 15 msecs (HTTP/1.1 200) 4 headers in 157 bytes (1 switches on core 0) [pid: 6|app: 0|req: 1104/2107] 10.0.0.126 () {34 vars in 692 bytes} [Tue Jun 9 18:03:12 2026] POST /v2.0/vpn/endpoint-groups => generated 292 bytes in 48 msecs (HTTP/1.1 201) 4 headers in 162 bytes (1 switches on core 0)
2026-06-09 18:03:12.483 6 WARNING neutron.api.v2.base [None req-7f1a5a95-409c-4a67-a28f-81c3137730a2 603f58fa9d934e84bb574c331bcbac01 babe7d56296b482baf77cab732408997 - - default default] An exception happened while processing the request body. The exception message is [Failed to parse request. Required attribute 'peer_id' not specified].: webob.exc.HTTPBadRequest: Failed to parse request. Required attribute 'peer_id' not specified
2026-06-09 18:03:12.483 6 INFO neutron.api.v2.resource [None req-7f1a5a95-409c-4a67-a28f-81c3137730a2 603f58fa9d934e84bb574c331bcbac01 babe7d56296b482baf77cab732408997 - - default default] create failed (client error): Failed to parse request. Required attribute 'peer_id' not specified [pid: 6|app: 0|req: 1105/2108] 10.0.0.126 () {34 vars in 706 bytes} [Tue Jun 9 18:03:12 2026] POST /v2.0/vpn/ipsec-site-connections => generated 140 bytes in 6 msecs (HTTP/1.1 400) 4 headers in 166 bytes (1 switches on core 0) [pid: 6|app: 0|req: 1106/2109] 10.0.0.126 () {32 vars in 670 bytes} [Tue Jun 9 18:03:12 2026] GET /v2.0/vpn/endpoint-groups => generated 908 bytes in 12 msecs (HTTP/1.1 200) 4 headers in 157 bytes (1 switches on core 0) [pid: 6|app: 0|req: 1107/2110] 10.0.0.126 () {32 vars in 747 bytes} [Tue Jun 9 18:03:12 2026] DELETE /v2.0/vpn/endpoint-groups/45c34a25-9cc1-4304-a79b-8456527613dd => generated 0 bytes in 27 msecs (HTTP/1.1 204) 2 headers in 112 bytes (1 switches on core 0) [pid: 6|app: 0|req: 1108/2111] 10.0.0.126 () {32 vars in 670 bytes} [Tue Jun 9 18:03:12 2026] GET /v2.0/vpn/endpoint-groups => generated 634 bytes in 10 msecs (HTTP/1.1 200) 4 headers in 157 bytes (1 switches on core 0) [pid: 6|app: 0|req: 1109/2112] 10.0.0.126 () {34 vars in 692 bytes} [Tue Jun 9 18:03:12 2026] POST /v2.0/vpn/endpoint-groups => generated 290 bytes in 43 msecs (HTTP/1.1 201) 4 headers in 162 bytes (1 switches on core 0)
2026-06-09 18:03:12.628 7 WARNING neutron.scheduler.dhcp_agent_scheduler [None req-a6cee263-124d-4185-8604-eb24ef63e36f b597677031ee4387b2318c0fd355ca65 46cc4f2969634161bfef01c063d0d182 - - default default] No more DHCP agents
2026-06-09 18:03:12.629 7 WARNING neutron.api.rpc.agentnotifiers.dhcp_rpc_agent_api [None req-a6cee263-124d-4185-8604-eb24ef63e36f b597677031ee4387b2318c0fd355ca65 46cc4f2969634161bfef01c063d0d182 - - default default] Unable to schedule network c8dbf395-0116-4341-9404-3d32e78179d5: no agents available; will retry on subsequent port and subnet creation events. [pid: 6|app: 0|req: 1110/2113] 10.0.0.126 () {34 vars in 692 bytes} [Tue Jun 9 18:03:12 2026] POST /v2.0/vpn/endpoint-groups => generated 302 bytes in 50 msecs (HTTP/1.1 201) 4 headers in 162 bytes (1 switches on core 0)
2026-06-09 18:03:12.657 7 INFO neutron.db.ovn_revision_numbers_db [None req-a6cee263-124d-4185-8604-eb24ef63e36f b597677031ee4387b2318c0fd355ca65 46cc4f2969634161bfef01c063d0d182 - - default default] Successfully bumped revision number for resource 38afc896-dadd-4182-9698-c201996e4da7 (type: subnets) to 0 [pid: 7|app: 0|req: 1004/2114] 10.0.0.126 () {34 vars in 668 bytes} [Tue Jun 9 18:03:12 2026] POST /v2.0/subnets => generated 730 bytes in 335 msecs (HTTP/1.1 201) 4 headers in 162 bytes (1 switches on core 0)
2026-06-09 18:03:13.136 7 WARNING neutron.scheduler.dhcp_agent_scheduler [None req-315b8594-2a1f-4182-a0b7-ca69e79ea8f0 b597677031ee4387b2318c0fd355ca65 46cc4f2969634161bfef01c063d0d182 - - default default] No more DHCP agents
2026-06-09 18:03:13.138 7 WARNING neutron.api.rpc.agentnotifiers.dhcp_rpc_agent_api [None req-315b8594-2a1f-4182-a0b7-ca69e79ea8f0 b597677031ee4387b2318c0fd355ca65 46cc4f2969634161bfef01c063d0d182 - - default default] Unable to schedule network 18d56294-49c2-43fd-85fc-d477c26c1faa: no agents available; will retry on subsequent port and subnet creation events.
2026-06-09 18:03:13.289 6 WARNING neutron.plugins.ml2.drivers.ovn.mech_driver.ovsdb.ovn_client [None req-7bb4338b-4a95-4c6c-bf74-5a0031592953 - - - - - -] No port found with ID b5dee472-88d5-4df2-9a03-ba8490cd8e33: RuntimeError: No port found with ID b5dee472-88d5-4df2-9a03-ba8490cd8e33
2026-06-09 18:03:13.311 6 INFO neutron.plugins.ml2.drivers.ovn.mech_driver.mech_driver [None req-7bb4338b-4a95-4c6c-bf74-5a0031592953 - - - - - -] OVN reports status down for port: e597bec9-446a-439d-b7ea-9a1a8345b4ad
2026-06-09 18:03:13.319 7 INFO neutron.db.ovn_revision_numbers_db [None req-315b8594-2a1f-4182-a0b7-ca69e79ea8f0 b597677031ee4387b2318c0fd355ca65 46cc4f2969634161bfef01c063d0d182 - - default default] Successfully bumped revision number for resource 4c746097-b6f3-48f1-962a-e8e6c22f24df (type: ports) to 1
2026-06-09 18:03:13.507 6 INFO neutron.plugins.ml2.drivers.ovn.mech_driver.mech_driver [None req-7bb4338b-4a95-4c6c-bf74-5a0031592953 - - - - - -] OVN reports status down for port: 8a690f97-2621-4482-97e2-74310881a0d3
2026-06-09 18:03:13.616 6 INFO neutron.db.ovn_revision_numbers_db [None req-91a12c83-b6be-4f78-9958-7bd90f0f2678 603f58fa9d934e84bb574c331bcbac01 babe7d56296b482baf77cab732408997 - - default default] Successfully bumped revision number for resource b126ef36-0b42-415c-bb41-e257c2cba3e4 (type: routers) to 6
