2026-06-09 18:01:51.949 6 INFO neutron.db.ovn_revision_numbers_db [None req-b07ac242-a0b5-4885-97b7-26c1c3e1e1f7 10070119af29400baa618331feed846a a0c08d580a1a48deb28cac4929d6ee69 - - default default] Successfully bumped revision number for resource 61c9665c-d012-4816-b5fe-103fb3844694 (type: security_group_rules) to 0
2026-06-09 18:01:51.960 6 INFO neutron.db.ovn_revision_numbers_db [None req-b07ac242-a0b5-4885-97b7-26c1c3e1e1f7 10070119af29400baa618331feed846a a0c08d580a1a48deb28cac4929d6ee69 - - default default] Successfully bumped revision number for resource 8a832a81-d687-4269-aa52-b722b2a9706b (type: security_group_rules) to 0
2026-06-09 18:01:51.972 6 INFO neutron.db.ovn_revision_numbers_db [None req-b07ac242-a0b5-4885-97b7-26c1c3e1e1f7 10070119af29400baa618331feed846a a0c08d580a1a48deb28cac4929d6ee69 - - default default] Successfully bumped revision number for resource a95c209a-48cd-4ef4-9c8f-1656fa49ed35 (type: security_group_rules) to 0
2026-06-09 18:01:51.983 6 INFO neutron.db.ovn_revision_numbers_db [None req-b07ac242-a0b5-4885-97b7-26c1c3e1e1f7 10070119af29400baa618331feed846a a0c08d580a1a48deb28cac4929d6ee69 - - default default] Successfully bumped revision number for resource b8f6c57b-f487-4171-9c4e-02266223ed6c (type: security_group_rules) to 0 [pid: 6|app: 0|req: 870/1634] 10.0.0.126 () {32 vars in 773 bytes} [Tue Jun 9 18:01:51 2026] GET /v2.0/security-groups?tenant_id=e56fe0427fd943a1866747f6fdd42415&name=default => generated 2925 bytes in 218 msecs (HTTP/1.1 200) 4 headers in 158 bytes (1 switches on core 0) [pid: 7|app: 0|req: 765/1635] 10.0.0.126 () {34 vars in 675 bytes} [Tue Jun 9 18:01:51 2026] POST /v2.0/subnetpools => generated 548 bytes in 278 msecs (HTTP/1.1 201) 4 headers in 162 bytes (1 switches on core 0) [pid: 6|app: 0|req: 871/1636] 10.0.0.126 () {32 vars in 739 bytes} [Tue Jun 9 18:01:52 2026] DELETE /v2.0/security-groups/8bea5940-6328-4051-92b3-182cf66ac54a => generated 0 bytes in 232 msecs (HTTP/1.1 204) 2 headers in 112 bytes (1 switches on core 0) [pid: 6|app: 0|req: 872/1637] 10.0.0.126 () {32 vars in 728 bytes} [Tue Jun 9 18:01:52 2026] GET /v2.0/subnetpools/c721a373-1015-463c-a061-6985017c5208 => generated 548 bytes in 18 msecs (HTTP/1.1 200) 4 headers in 157 bytes (1 switches on core 0) [pid: 6|app: 0|req: 873/1638] 10.0.0.126 () {34 vars in 748 bytes} [Tue Jun 9 18:01:52 2026] PUT /v2.0/subnetpools/c721a373-1015-463c-a061-6985017c5208 => generated 501 bytes in 76 msecs (HTTP/1.1 200) 4 headers in 157 bytes (1 switches on core 0)
2026-06-09 18:01:52.376 7 INFO neutron.db.ovn_revision_numbers_db [None req-a5f1e4d2-6646-467d-aece-c5b7e04aa28e 10070119af29400baa618331feed846a a0c08d580a1a48deb28cac4929d6ee69 - - default default] Successfully bumped revision number for resource e14c6eb0-024c-4356-be6b-b3a5161da746 (type: security_groups) to 1
2026-06-09 18:01:52.397 7 INFO neutron.db.ovn_revision_numbers_db [None req-a5f1e4d2-6646-467d-aece-c5b7e04aa28e 10070119af29400baa618331feed846a a0c08d580a1a48deb28cac4929d6ee69 - - default default] Successfully bumped revision number for resource 021c73a9-1e43-47d2-b66d-7dcce4d6b7a8 (type: security_group_rules) to 0
2026-06-09 18:01:52.411 7 INFO neutron.db.ovn_revision_numbers_db [None req-a5f1e4d2-6646-467d-aece-c5b7e04aa28e 10070119af29400baa618331feed846a a0c08d580a1a48deb28cac4929d6ee69 - - default default] Successfully bumped revision number for resource 2e2e93d4-5647-4c9c-a188-7e9b7ce671d0 (type: security_group_rules) to 0 [pid: 6|app: 0|req: 874/1639] 10.0.0.126 () {32 vars in 731 bytes} [Tue Jun 9 18:01:52 2026] DELETE /v2.0/subnetpools/c721a373-1015-463c-a061-6985017c5208 => generated 0 bytes in 58 msecs (HTTP/1.1 204) 2 headers in 112 bytes (1 switches on core 0)
2026-06-09 18:01:52.422 7 INFO neutron.db.ovn_revision_numbers_db [None req-a5f1e4d2-6646-467d-aece-c5b7e04aa28e 10070119af29400baa618331feed846a a0c08d580a1a48deb28cac4929d6ee69 - - default default] Successfully bumped revision number for resource 96875cef-146b-476f-a8cd-3535a3ee27a4 (type: security_group_rules) to 0
2026-06-09 18:01:52.435 7 INFO neutron.db.ovn_revision_numbers_db [None req-a5f1e4d2-6646-467d-aece-c5b7e04aa28e 10070119af29400baa618331feed846a a0c08d580a1a48deb28cac4929d6ee69 - - default default] Successfully bumped revision number for resource fe96a035-fc66-411f-8df5-fec86069fc03 (type: security_group_rules) to 0 [pid: 7|app: 0|req: 766/1640] 10.0.0.126 () {32 vars in 773 bytes} [Tue Jun 9 18:01:52 2026] GET /v2.0/security-groups?tenant_id=ce8ad49d27b64e99af8a46c0924d2690&name=default => generated 2925 bytes in 282 msecs (HTTP/1.1 200) 4 headers in 158 bytes (1 switches on core 0)
2026-06-09 18:01:52.494 7 INFO neutron.api.v2.resource [None req-a33a5a67-41c9-471d-bc0f-67eee8921d48 096b79d1b76b4890aed87c2259ee6cce 9e9d6d4aa4504d89a8d4ea2d98790986 - - default default] show failed (client error): The resource could not be found. [pid: 7|app: 0|req: 767/1641] 10.0.0.126 () {32 vars in 728 bytes} [Tue Jun 9 18:01:52 2026] GET /v2.0/subnetpools/c721a373-1015-463c-a061-6985017c5208 => generated 145 bytes in 14 msecs (HTTP/1.1 404) 4 headers in 164 bytes (1 switches on core 0)
2026-06-09 18:01:52.562 6 INFO neutron.db.ovn_revision_numbers_db [None req-9db6afe4-3065-4978-8599-3b4da99393b1 10070119af29400baa618331feed846a a0c08d580a1a48deb28cac4929d6ee69 - - default default] Successfully bumped revision number for resource ecfb578f-d22e-4af1-8f03-b80b6fa587ed (type: security_groups) to 1
2026-06-09 18:01:52.574 6 INFO neutron.db.ovn_revision_numbers_db [None req-9db6afe4-3065-4978-8599-3b4da99393b1 10070119af29400baa618331feed846a a0c08d580a1a48deb28cac4929d6ee69 - - default default] Successfully bumped revision number for resource 2a984e9f-363d-4bb2-bba4-3daff2e3d83e (type: security_group_rules) to 0
2026-06-09 18:01:52.586 6 INFO neutron.db.ovn_revision_numbers_db [None req-9db6afe4-3065-4978-8599-3b4da99393b1 10070119af29400baa618331feed846a a0c08d580a1a48deb28cac4929d6ee69 - - default default] Successfully bumped revision number for resource 68acb2dd-bec1-42ce-ab9b-ce89acfe841b (type: security_group_rules) to 0
2026-06-09 18:01:52.597 6 INFO neutron.db.ovn_revision_numbers_db [None req-9db6afe4-3065-4978-8599-3b4da99393b1 10070119af29400baa618331feed846a a0c08d580a1a48deb28cac4929d6ee69 - - default default] Successfully bumped revision number for resource cd3d690f-f21a-4042-a61f-4babaf8bdcc7 (type: security_group_rules) to 0
2026-06-09 18:01:52.612 6 INFO neutron.db.ovn_revision_numbers_db [None req-9db6afe4-3065-4978-8599-3b4da99393b1 10070119af29400baa618331feed846a a0c08d580a1a48deb28cac4929d6ee69 - - default default] Successfully bumped revision number for resource d6cbec90-b534-4358-82f5-fd7ed1e51ebe (type: security_group_rules) to 0 [pid: 6|app: 0|req: 875/1642] 10.0.0.126 () {32 vars in 773 bytes} [Tue Jun 9 18:01:52 2026] GET /v2.0/security-groups?tenant_id=dd4ab1d471e4464085b20ffd95aa333e&name=default => generated 2925 bytes in 236 msecs (HTTP/1.1 200) 4 headers in 158 bytes (1 switches on core 0)
2026-06-09 18:01:52.667 6 INFO neutron.api.v2.resource [None req-43249900-0c06-4bdf-85fa-ab27d6490b89 096b79d1b76b4890aed87c2259ee6cce 9e9d6d4aa4504d89a8d4ea2d98790986 - - default default] delete failed (client error): The resource could not be found. [pid: 6|app: 0|req: 876/1643] 10.0.0.126 () {32 vars in 731 bytes} [Tue Jun 9 18:01:52 2026] DELETE /v2.0/subnetpools/c721a373-1015-463c-a061-6985017c5208 => generated 145 bytes in 13 msecs (HTTP/1.1 404) 4 headers in 164 bytes (1 switches on core 0) [pid: 7|app: 0|req: 768/1644] 10.0.0.126 () {32 vars in 739 bytes} [Tue Jun 9 18:01:52 2026] DELETE /v2.0/security-groups/e14c6eb0-024c-4356-be6b-b3a5161da746 => generated 0 bytes in 308 msecs (HTTP/1.1 204) 2 headers in 112 bytes (1 switches on core 0) [pid: 6|app: 0|req: 877/1645] 10.0.0.126 () {32 vars in 739 bytes} [Tue Jun 9 18:01:52 2026] DELETE /v2.0/security-groups/ecfb578f-d22e-4af1-8f03-b80b6fa587ed => generated 0 bytes in 307 msecs (HTTP/1.1 204) 2 headers in 112 bytes (1 switches on core 0)
2026-06-09 18:01:53.592 7 INFO neutron.db.ovn_revision_numbers_db [None req-483d7878-323c-40a5-9441-f02b0c6e0eaa 10070119af29400baa618331feed846a a0c08d580a1a48deb28cac4929d6ee69 - - default default] Successfully bumped revision number for resource 54bbd161-efa6-4bff-bc91-4ed8590a44c0 (type: security_groups) to 1
2026-06-09 18:01:53.603 7 INFO neutron.db.ovn_revision_numbers_db [None req-483d7878-323c-40a5-9441-f02b0c6e0eaa 10070119af29400baa618331feed846a a0c08d580a1a48deb28cac4929d6ee69 - - default default] Successfully bumped revision number for resource 7fea63fb-fe81-411b-9f06-9ec2f2087800 (type: security_group_rules) to 0
2026-06-09 18:01:53.616 7 INFO neutron.db.ovn_revision_numbers_db [None req-483d7878-323c-40a5-9441-f02b0c6e0eaa 10070119af29400baa618331feed846a a0c08d580a1a48deb28cac4929d6ee69 - - default default] Successfully bumped revision number for resource 98909506-c82b-4b60-99e1-33b69e0f7233 (type: security_group_rules) to 0
2026-06-09 18:01:53.627 7 INFO neutron.db.ovn_revision_numbers_db [None req-483d7878-323c-40a5-9441-f02b0c6e0eaa 10070119af29400baa618331feed846a a0c08d580a1a48deb28cac4929d6ee69 - - default default] Successfully bumped revision number for resource d0afd0d6-5052-4462-98dc-8c058013c6b4 (type: security_group_rules) to 0
2026-06-09 18:01:53.644 7 INFO neutron.db.ovn_revision_numbers_db [None req-483d7878-323c-40a5-9441-f02b0c6e0eaa 10070119af29400baa618331feed846a a0c08d580a1a48deb28cac4929d6ee69 - - default default] Successfully bumped revision number for resource dcbbdfb3-0fc1-4029-af9d-74ba18bec585 (type: security_group_rules) to 0 [pid: 7|app: 0|req: 769/1646] 10.0.0.126 () {32 vars in 773 bytes} [Tue Jun 9 18:01:53 2026] GET /v2.0/security-groups?tenant_id=9e9d6d4aa4504d89a8d4ea2d98790986&name=default => generated 2925 bytes in 354 msecs (HTTP/1.1 200) 4 headers in 158 bytes (1 switches on core 0) [pid: 6|app: 0|req: 878/1647] 10.0.0.126 () {32 vars in 739 bytes} [Tue Jun 9 18:01:53 2026] DELETE /v2.0/security-groups/54bbd161-efa6-4bff-bc91-4ed8590a44c0 => generated 0 bytes in 256 msecs (HTTP/1.1 204) 2 headers in 112 bytes (1 switches on core 0)
2026-06-09 18:01:55.143 6 INFO neutron.db.ovn_revision_numbers_db [None req-77bea44e-946d-4efc-88e5-81a0fe687bdc 10070119af29400baa618331feed846a a0c08d580a1a48deb28cac4929d6ee69 - - default default] Successfully bumped revision number for resource 23dc58b4-6ed2-4dca-a82a-99f47fdba6b1 (type: security_groups) to 1
2026-06-09 18:01:55.152 7 INFO neutron.db.ovn_revision_numbers_db [None req-1cfff97b-e4e2-442a-a6f4-f4c7eff46312 a035234ac3dd4806aa4b2e80b14c5d2b 2d9b66944c0c4beda0088b88e250de27 - - default default] Successfully bumped revision number for resource 722b6178-8165-4122-a44d-a32c358186ed (type: security_groups) to 1
2026-06-09 18:01:55.156 6 INFO neutron.db.ovn_revision_numbers_db [None req-77bea44e-946d-4efc-88e5-81a0fe687bdc 10070119af29400baa618331feed846a a0c08d580a1a48deb28cac4929d6ee69 - - default default] Successfully bumped revision number for resource 5e3c1904-4e18-47b4-9b7c-62c0a1d52478 (type: security_group_rules) to 0
2026-06-09 18:01:55.162 7 INFO neutron.db.ovn_revision_numbers_db [None req-1cfff97b-e4e2-442a-a6f4-f4c7eff46312 a035234ac3dd4806aa4b2e80b14c5d2b 2d9b66944c0c4beda0088b88e250de27 - - default default] Successfully bumped revision number for resource 5b4bab50-bebb-44f1-91f7-ff3af0a187b6 (type: security_group_rules) to 0
2026-06-09 18:01:55.168 6 INFO neutron.db.ovn_revision_numbers_db [None req-77bea44e-946d-4efc-88e5-81a0fe687bdc 10070119af29400baa618331feed846a a0c08d580a1a48deb28cac4929d6ee69 - - default default] Successfully bumped revision number for resource 6b444c4a-9871-40ab-9b3c-20c6c94a060b (type: security_group_rules) to 0
2026-06-09 18:01:55.178 7 INFO neutron.db.ovn_revision_numbers_db [None req-1cfff97b-e4e2-442a-a6f4-f4c7eff46312 a035234ac3dd4806aa4b2e80b14c5d2b 2d9b66944c0c4beda0088b88e250de27 - - default default] Successfully bumped revision number for resource a84df5f6-e50e-4faa-a9a3-c40fc4c0f8eb (type: security_group_rules) to 0
2026-06-09 18:01:55.181 6 INFO neutron.db.ovn_revision_numbers_db [None req-77bea44e-946d-4efc-88e5-81a0fe687bdc 10070119af29400baa618331feed846a a0c08d580a1a48deb28cac4929d6ee69 - - default default] Successfully bumped revision number for resource a3ae050c-2027-4440-b040-ca9b71975364 (type: security_group_rules) to 0
2026-06-09 18:01:55.199 6 INFO neutron.db.ovn_revision_numbers_db [None req-77bea44e-946d-4efc-88e5-81a0fe687bdc 10070119af29400baa618331feed846a a0c08d580a1a48deb28cac4929d6ee69 - - default default] Successfully bumped revision number for resource e5c166f1-537f-41a1-bc3d-17b895933c0f (type: security_group_rules) to 0
2026-06-09 18:01:55.209 7 INFO neutron.db.ovn_revision_numbers_db [None req-1cfff97b-e4e2-442a-a6f4-f4c7eff46312 a035234ac3dd4806aa4b2e80b14c5d2b 2d9b66944c0c4beda0088b88e250de27 - - default default] Successfully bumped revision number for resource c49cf602-0e94-41f6-ae21-4bdcfeea8acd (type: security_group_rules) to 0
2026-06-09 18:01:55.227 7 INFO neutron.db.ovn_revision_numbers_db [None req-1cfff97b-e4e2-442a-a6f4-f4c7eff46312 a035234ac3dd4806aa4b2e80b14c5d2b 2d9b66944c0c4beda0088b88e250de27 - - default default] Successfully bumped revision number for resource d00e3d69-e9e6-4f33-b16b-e937091485ef (type: security_group_rules) to 0 [pid: 6|app: 0|req: 879/1648] 10.0.0.126 () {32 vars in 773 bytes} [Tue Jun 9 18:01:54 2026] GET /v2.0/security-groups?tenant_id=ab0c349fa6ee4a9693880c90a5d7da44&name=default => generated 2925 bytes in 315 msecs (HTTP/1.1 200) 4 headers in 158 bytes (1 switches on core 0)
2026-06-09 18:01:55.312 7 INFO neutron.db.segments_db [None req-1cfff97b-e4e2-442a-a6f4-f4c7eff46312 a035234ac3dd4806aa4b2e80b14c5d2b 2d9b66944c0c4beda0088b88e250de27 - - default default] Added segment 40c3ed71-4c4f-4c09-88bb-f6d86b344dd6 of type geneve for network 3ade70ed-f47f-47b3-a35f-c7c9a8a3a107
2026-06-09 18:01:55.479 7 INFO neutron.db.ovn_revision_numbers_db [None req-1cfff97b-e4e2-442a-a6f4-f4c7eff46312 a035234ac3dd4806aa4b2e80b14c5d2b 2d9b66944c0c4beda0088b88e250de27 - - default default] Successfully bumped revision number for resource 3ade70ed-f47f-47b3-a35f-c7c9a8a3a107 (type: networks) to 1 [pid: 6|app: 0|req: 880/1649] 10.0.0.126 () {32 vars in 739 bytes} [Tue Jun 9 18:01:55 2026] DELETE /v2.0/security-groups/23dc58b4-6ed2-4dca-a82a-99f47fdba6b1 => generated 0 bytes in 286 msecs (HTTP/1.1 204) 2 headers in 112 bytes (1 switches on core 0)
2026-06-09 18:01:55.679 7 WARNING neutron.scheduler.dhcp_agent_scheduler [None req-1cfff97b-e4e2-442a-a6f4-f4c7eff46312 a035234ac3dd4806aa4b2e80b14c5d2b 2d9b66944c0c4beda0088b88e250de27 - - default default] No more DHCP agents
2026-06-09 18:01:55.680 7 WARNING neutron.api.rpc.agentnotifiers.dhcp_rpc_agent_api [None req-1cfff97b-e4e2-442a-a6f4-f4c7eff46312 a035234ac3dd4806aa4b2e80b14c5d2b 2d9b66944c0c4beda0088b88e250de27 - - default default] Unable to schedule network 3ade70ed-f47f-47b3-a35f-c7c9a8a3a107: no agents available; will retry on subsequent port and subnet creation events.
2026-06-09 18:01:55.744 6 INFO neutron.plugins.ml2.drivers.ovn.mech_driver.mech_driver [None req-dd03bc07-24c0-4180-8c06-c9d2df8a2466 - - - - - -] OVN reports status down for port: c64b4b9b-a652-419d-9f54-dbb370779b22
2026-06-09 18:01:55.781 7 INFO neutron.db.ovn_revision_numbers_db [None req-1cfff97b-e4e2-442a-a6f4-f4c7eff46312 a035234ac3dd4806aa4b2e80b14c5d2b 2d9b66944c0c4beda0088b88e250de27 - - default default] Successfully bumped revision number for resource c64b4b9b-a652-419d-9f54-dbb370779b22 (type: ports) to 1 [pid: 7|app: 0|req: 770/1650] 10.0.0.126 () {34 vars in 669 bytes} [Tue Jun 9 18:01:54 2026] POST /v2.0/networks => generated 652 bytes in 1029 msecs (HTTP/1.1 201) 4 headers in 162 bytes (1 switches on core 0)
2026-06-09 18:01:55.896 7 INFO neutron.db.segments_db [None req-91d3e261-bc40-4def-aafc-28f699bb2f0d a035234ac3dd4806aa4b2e80b14c5d2b 2d9b66944c0c4beda0088b88e250de27 - - default default] Added segment 7c5e9496-d6d7-40d7-92f3-a92d39b5c642 of type geneve for network 66ab9543-80e2-4aa3-b131-23cb142a0d99
2026-06-09 18:01:55.901 6 INFO neutron.db.ovn_revision_numbers_db [None req-ae91e8d3-b754-4238-86cf-a93e0db44075 10070119af29400baa618331feed846a a0c08d580a1a48deb28cac4929d6ee69 - - default default] Successfully bumped revision number for resource b1360e6a-03e3-435d-9356-f1b4941d68a6 (type: security_groups) to 1
2026-06-09 18:01:55.912 6 INFO neutron.db.ovn_revision_numbers_db [None req-ae91e8d3-b754-4238-86cf-a93e0db44075 10070119af29400baa618331feed846a a0c08d580a1a48deb28cac4929d6ee69 - - default default] Successfully bumped revision number for resource 1cc92265-15a0-47d4-9c6f-d512d51e4c64 (type: security_group_rules) to 0
2026-06-09 18:01:55.923 6 INFO neutron.db.ovn_revision_numbers_db [None req-ae91e8d3-b754-4238-86cf-a93e0db44075 10070119af29400baa618331feed846a a0c08d580a1a48deb28cac4929d6ee69 - - default default] Successfully bumped revision number for resource 4b2ab823-3095-438a-91ac-4b650b8c01ad (type: security_group_rules) to 0
2026-06-09 18:01:55.936 6 INFO neutron.db.ovn_revision_numbers_db [None req-ae91e8d3-b754-4238-86cf-a93e0db44075 10070119af29400baa618331feed846a a0c08d580a1a48deb28cac4929d6ee69 - - default default] Successfully bumped revision number for resource 957e751b-744c-407d-aa03-28380800c6dc (type: security_group_rules) to 0
2026-06-09 18:01:55.955 6 INFO neutron.db.ovn_revision_numbers_db [None req-ae91e8d3-b754-4238-86cf-a93e0db44075 10070119af29400baa618331feed846a a0c08d580a1a48deb28cac4929d6ee69 - - default default] Successfully bumped revision number for resource bb5b4d78-0718-4441-8ec7-9a9747d38533 (type: security_group_rules) to 0 [pid: 6|app: 0|req: 881/1651] 10.0.0.126 () {32 vars in 773 bytes} [Tue Jun 9 18:01:55 2026] GET /v2.0/security-groups?tenant_id=6d262367175d4748baa443e326bd99cd&name=default => generated 2925 bytes in 318 msecs (HTTP/1.1 200) 4 headers in 158 bytes (1 switches on core 0)
2026-06-09 18:01:56.020 7 INFO neutron.db.ovn_revision_numbers_db [None req-91d3e261-bc40-4def-aafc-28f699bb2f0d a035234ac3dd4806aa4b2e80b14c5d2b 2d9b66944c0c4beda0088b88e250de27 - - default default] Successfully bumped revision number for resource 66ab9543-80e2-4aa3-b131-23cb142a0d99 (type: networks) to 1
2026-06-09 18:01:56.218 7 WARNING neutron.scheduler.dhcp_agent_scheduler [None req-91d3e261-bc40-4def-aafc-28f699bb2f0d a035234ac3dd4806aa4b2e80b14c5d2b 2d9b66944c0c4beda0088b88e250de27 - - default default] No more DHCP agents
2026-06-09 18:01:56.220 7 WARNING neutron.api.rpc.agentnotifiers.dhcp_rpc_agent_api [None req-91d3e261-bc40-4def-aafc-28f699bb2f0d a035234ac3dd4806aa4b2e80b14c5d2b 2d9b66944c0c4beda0088b88e250de27 - - default default] Unable to schedule network 66ab9543-80e2-4aa3-b131-23cb142a0d99: no agents available; will retry on subsequent port and subnet creation events. [pid: 6|app: 0|req: 882/1652] 10.0.0.126 () {32 vars in 739 bytes} [Tue Jun 9 18:01:56 2026] DELETE /v2.0/security-groups/b1360e6a-03e3-435d-9356-f1b4941d68a6 => generated 0 bytes in 290 msecs (HTTP/1.1 204) 2 headers in 112 bytes (1 switches on core 0)
2026-06-09 18:01:56.304 7 INFO neutron.plugins.ml2.drivers.ovn.mech_driver.mech_driver [None req-1f3567d5-d27a-4542-ace3-a93527f16534 - - - - - -] OVN reports status down for port: 66ffd374-67d6-4851-beed-7b50922f125b
2026-06-09 18:01:56.382 7 INFO neutron.db.ovn_revision_numbers_db [None req-91d3e261-bc40-4def-aafc-28f699bb2f0d a035234ac3dd4806aa4b2e80b14c5d2b 2d9b66944c0c4beda0088b88e250de27 - - default default] Successfully bumped revision number for resource 66ffd374-67d6-4851-beed-7b50922f125b (type: ports) to 1 [pid: 7|app: 0|req: 771/1653] 10.0.0.126 () {34 vars in 669 bytes} [Tue Jun 9 18:01:55 2026] POST /v2.0/networks => generated 652 bytes in 634 msecs (HTTP/1.1 201) 4 headers in 162 bytes (1 switches on core 0)
2026-06-09 18:01:56.594 6 WARNING neutron.scheduler.dhcp_agent_scheduler [None req-9bd4b424-a5ce-4bd2-bfdb-7689d0dd66de a035234ac3dd4806aa4b2e80b14c5d2b 2d9b66944c0c4beda0088b88e250de27 - - default default] No more DHCP agents
2026-06-09 18:01:56.595 6 WARNING neutron.api.rpc.agentnotifiers.dhcp_rpc_agent_api [None req-9bd4b424-a5ce-4bd2-bfdb-7689d0dd66de a035234ac3dd4806aa4b2e80b14c5d2b 2d9b66944c0c4beda0088b88e250de27 - - default default] Unable to schedule network 3ade70ed-f47f-47b3-a35f-c7c9a8a3a107: no agents available; will retry on subsequent port and subnet creation events.
2026-06-09 18:01:56.639 6 INFO neutron.db.ovn_revision_numbers_db [None req-9bd4b424-a5ce-4bd2-bfdb-7689d0dd66de a035234ac3dd4806aa4b2e80b14c5d2b 2d9b66944c0c4beda0088b88e250de27 - - default default] Successfully bumped revision number for resource 4679078d-aa8c-4494-a319-5775511bb6c0 (type: subnets) to 0 [pid: 6|app: 0|req: 883/1654] 10.0.0.126 () {34 vars in 668 bytes} [Tue Jun 9 18:01:56 2026] POST /v2.0/subnets => generated 646 bytes in 200 msecs (HTTP/1.1 201) 4 headers in 162 bytes (1 switches on core 0)
2026-06-09 18:01:56.860 7 WARNING neutron.scheduler.dhcp_agent_scheduler [None req-925bb75d-1823-4602-8c58-7faaa46e64bd a035234ac3dd4806aa4b2e80b14c5d2b 2d9b66944c0c4beda0088b88e250de27 - - default default] No more DHCP agents
2026-06-09 18:01:56.861 7 WARNING neutron.api.rpc.agentnotifiers.dhcp_rpc_agent_api [None req-925bb75d-1823-4602-8c58-7faaa46e64bd a035234ac3dd4806aa4b2e80b14c5d2b 2d9b66944c0c4beda0088b88e250de27 - - default default] Unable to schedule network 66ab9543-80e2-4aa3-b131-23cb142a0d99: no agents available; will retry on subsequent port and subnet creation events.
2026-06-09 18:01:56.885 7 INFO neutron.db.ovn_revision_numbers_db [None req-925bb75d-1823-4602-8c58-7faaa46e64bd a035234ac3dd4806aa4b2e80b14c5d2b 2d9b66944c0c4beda0088b88e250de27 - - default default] Successfully bumped revision number for resource 7a8136b6-59bd-4bc5-b5ad-f85c4d01a27c (type: subnets) to 0 [pid: 7|app: 0|req: 772/1655] 10.0.0.126 () {34 vars in 668 bytes} [Tue Jun 9 18:01:56 2026] POST /v2.0/subnets => generated 655 bytes in 246 msecs (HTTP/1.1 201) 4 headers in 162 bytes (1 switches on core 0)
2026-06-09 18:01:57.024 6 INFO neutron.db.ovn_revision_numbers_db [None req-938c9aaa-27fe-453b-aab1-de6534cb500f a035234ac3dd4806aa4b2e80b14c5d2b 2d9b66944c0c4beda0088b88e250de27 - - default default] Successfully bumped revision number for resource d03978d7-6ba6-4cf8-81ab-4c8b421e0641 (type: routers) to 1 [pid: 6|app: 0|req: 884/1656] 10.0.0.126 () {34 vars in 668 bytes} [Tue Jun 9 18:01:56 2026] POST /v2.0/routers => generated 606 bytes in 131 msecs (HTTP/1.1 201) 4 headers in 162 bytes (1 switches on core 0)
2026-06-09 18:01:57.425 7 WARNING neutron.scheduler.dhcp_agent_scheduler [None req-a7d8e504-9f70-4419-b012-a3313e8c9f13 a035234ac3dd4806aa4b2e80b14c5d2b 2d9b66944c0c4beda0088b88e250de27 - - default default] No more DHCP agents
2026-06-09 18:01:57.427 7 WARNING neutron.api.rpc.agentnotifiers.dhcp_rpc_agent_api [None req-a7d8e504-9f70-4419-b012-a3313e8c9f13 a035234ac3dd4806aa4b2e80b14c5d2b 2d9b66944c0c4beda0088b88e250de27 - - default default] Unable to schedule network 3ade70ed-f47f-47b3-a35f-c7c9a8a3a107: no agents available; will retry on subsequent port and subnet creation events.
2026-06-09 18:01:57.511 6 INFO neutron.plugins.ml2.drivers.ovn.mech_driver.mech_driver [None req-dd03bc07-24c0-4180-8c06-c9d2df8a2466 - - - - - -] OVN reports status down for port: 9ad92a84-d046-484a-b73e-17a39a104383
2026-06-09 18:01:57.545 7 INFO neutron.db.ovn_revision_numbers_db [None req-a7d8e504-9f70-4419-b012-a3313e8c9f13 a035234ac3dd4806aa4b2e80b14c5d2b 2d9b66944c0c4beda0088b88e250de27 - - default default] Successfully bumped revision number for resource 9ad92a84-d046-484a-b73e-17a39a104383 (type: ports) to 1
2026-06-09 18:01:57.810 6 INFO neutron.db.ovn_revision_numbers_db [None req-2d4b610c-a101-4d9e-b3b7-3e58b8a307aa fce92e7098fc4effbcd139e4af22e6b2 77cd96484fdf4438a7519a6074d4fcd1 - - default default] Successfully bumped revision number for resource 38dec9b4-5119-4360-bf16-0325e1ae6cc8 (type: security_groups) to 1
2026-06-09 18:01:57.822 6 INFO neutron.db.ovn_revision_numbers_db [None req-2d4b610c-a101-4d9e-b3b7-3e58b8a307aa fce92e7098fc4effbcd139e4af22e6b2 77cd96484fdf4438a7519a6074d4fcd1 - - default default] Successfully bumped revision number for resource 15c481a4-3da3-4748-b02a-438ecc0ed053 (type: security_group_rules) to 0
2026-06-09 18:01:57.836 6 INFO neutron.db.ovn_revision_numbers_db [None req-2d4b610c-a101-4d9e-b3b7-3e58b8a307aa fce92e7098fc4effbcd139e4af22e6b2 77cd96484fdf4438a7519a6074d4fcd1 - - default default] Successfully bumped revision number for resource 77cc1199-cad1-47bb-b1e3-523c11af4598 (type: security_group_rules) to 0
2026-06-09 18:01:57.852 6 INFO neutron.db.ovn_revision_numbers_db [None req-2d4b610c-a101-4d9e-b3b7-3e58b8a307aa fce92e7098fc4effbcd139e4af22e6b2 77cd96484fdf4438a7519a6074d4fcd1 - - default default] Successfully bumped revision number for resource dc635934-f087-438d-9e61-8051b0f4de88 (type: security_group_rules) to 0
2026-06-09 18:01:57.872 6 INFO neutron.db.ovn_revision_numbers_db [None req-2d4b610c-a101-4d9e-b3b7-3e58b8a307aa fce92e7098fc4effbcd139e4af22e6b2 77cd96484fdf4438a7519a6074d4fcd1 - - default default] Successfully bumped revision number for resource e8d702fb-0798-48a1-a13d-45bfec426607 (type: security_group_rules) to 0
2026-06-09 18:01:57.967 6 INFO neutron.db.segments_db [None req-2d4b610c-a101-4d9e-b3b7-3e58b8a307aa fce92e7098fc4effbcd139e4af22e6b2 77cd96484fdf4438a7519a6074d4fcd1 - - default default] Added segment 003042ff-3b5e-435a-80d9-4095a3e37c0f of type geneve for network caefaf82-641a-4825-8076-a5b5737396e3
2026-06-09 18:01:58.085 6 INFO neutron.plugins.ml2.drivers.ovn.mech_driver.mech_driver [None req-dd03bc07-24c0-4180-8c06-c9d2df8a2466 - - - - - -] OVN reports status up for port: 9ad92a84-d046-484a-b73e-17a39a104383
2026-06-09 18:01:58.119 6 INFO neutron.plugins.ml2.plugin [None req-dd03bc07-24c0-4180-8c06-c9d2df8a2466 - - - - - -] Attempt 1 to provision port 9ad92a84-d046-484a-b73e-17a39a104383
2026-06-09 18:01:58.149 7 WARNING neutron.scheduler.dhcp_agent_scheduler [None req-a7d8e504-9f70-4419-b012-a3313e8c9f13 a035234ac3dd4806aa4b2e80b14c5d2b 2d9b66944c0c4beda0088b88e250de27 - - default default] No more DHCP agents
2026-06-09 18:01:58.151 7 WARNING neutron.api.rpc.agentnotifiers.dhcp_rpc_agent_api [None req-a7d8e504-9f70-4419-b012-a3313e8c9f13 a035234ac3dd4806aa4b2e80b14c5d2b 2d9b66944c0c4beda0088b88e250de27 - - default default] Unable to schedule network 3ade70ed-f47f-47b3-a35f-c7c9a8a3a107: no agents available; will retry on subsequent port and subnet creation events.
2026-06-09 18:01:58.201 6 INFO neutron.db.ovn_revision_numbers_db [None req-2d4b610c-a101-4d9e-b3b7-3e58b8a307aa fce92e7098fc4effbcd139e4af22e6b2 77cd96484fdf4438a7519a6074d4fcd1 - - default default] Successfully bumped revision number for resource caefaf82-641a-4825-8076-a5b5737396e3 (type: networks) to 1
2026-06-09 18:01:58.355 7 INFO neutron.db.ovn_revision_numbers_db [None req-a7d8e504-9f70-4419-b012-a3313e8c9f13 a035234ac3dd4806aa4b2e80b14c5d2b 2d9b66944c0c4beda0088b88e250de27 - - default default] Successfully bumped revision number for resource 9ad92a84-d046-484a-b73e-17a39a104383 (type: router_ports) to 1 [pid: 7|app: 0|req: 773/1657] 10.0.0.126 () {34 vars in 782 bytes} [Tue Jun 9 18:01:57 2026] PUT /v2.0/routers/d03978d7-6ba6-4cf8-81ab-4c8b421e0641/add_router_interface => generated 309 bytes in 1322 msecs (HTTP/1.1 200) 4 headers in 157 bytes (1 switches on core 0) [pid: 7|app: 0|req: 776/1660] 10.0.0.126 () {32 vars in 716 bytes} [Tue Jun 9 18:01:58 2026] GET /v2.0/ports/9ad92a84-d046-484a-b73e-17a39a104383 => generated 945 bytes in 86 msecs (HTTP/1.1 200) 4 headers in 157 bytes (1 switches on core 0)
2026-06-09 18:01:58.638 6 WARNING neutron.scheduler.dhcp_agent_scheduler [None req-2d4b610c-a101-4d9e-b3b7-3e58b8a307aa fce92e7098fc4effbcd139e4af22e6b2 77cd96484fdf4438a7519a6074d4fcd1 - - default default] No more DHCP agents
2026-06-09 18:01:58.646 6 WARNING neutron.api.rpc.agentnotifiers.dhcp_rpc_agent_api [None req-2d4b610c-a101-4d9e-b3b7-3e58b8a307aa fce92e7098fc4effbcd139e4af22e6b2 77cd96484fdf4438a7519a6074d4fcd1 - - default default] Unable to schedule network caefaf82-641a-4825-8076-a5b5737396e3: no agents available; will retry on subsequent port and subnet creation events.
2026-06-09 18:01:58.782 7 INFO neutron.plugins.ml2.drivers.ovn.mech_driver.mech_driver [None req-1f3567d5-d27a-4542-ace3-a93527f16534 - - - - - -] OVN reports status down for port: 971ef52a-3e0b-4f70-90ef-eef499af28a7
2026-06-09 18:01:58.825 6 INFO neutron.db.ovn_revision_numbers_db [None req-dd03bc07-24c0-4180-8c06-c9d2df8a2466 - - - - - -] Successfully bumped revision number for resource 9ad92a84-d046-484a-b73e-17a39a104383 (type: ports) to 2
2026-06-09 18:01:58.833 6 INFO neutron.db.ovn_revision_numbers_db [None req-2d4b610c-a101-4d9e-b3b7-3e58b8a307aa fce92e7098fc4effbcd139e4af22e6b2 77cd96484fdf4438a7519a6074d4fcd1 - - default default] Successfully bumped revision number for resource 971ef52a-3e0b-4f70-90ef-eef499af28a7 (type: ports) to 1 [pid: 6|app: 0|req: 885/1661] 10.0.0.126 () {34 vars in 669 bytes} [Tue Jun 9 18:01:57 2026] POST /v2.0/networks => generated 651 bytes in 1387 msecs (HTTP/1.1 201) 4 headers in 162 bytes (1 switches on core 0)
2026-06-09 18:01:58.958 7 WARNING neutron.scheduler.dhcp_agent_scheduler [None req-9e5e0483-bb81-4ee9-b615-6e1cc3e7002e a035234ac3dd4806aa4b2e80b14c5d2b 2d9b66944c0c4beda0088b88e250de27 - - default default] No more DHCP agents
2026-06-09 18:01:58.959 7 WARNING neutron.api.rpc.agentnotifiers.dhcp_rpc_agent_api [None req-9e5e0483-bb81-4ee9-b615-6e1cc3e7002e a035234ac3dd4806aa4b2e80b14c5d2b 2d9b66944c0c4beda0088b88e250de27 - - default default] Unable to schedule network 66ab9543-80e2-4aa3-b131-23cb142a0d99: no agents available; will retry on subsequent port and subnet creation events.
2026-06-09 18:01:59.056 7 INFO neutron.plugins.ml2.drivers.ovn.mech_driver.mech_driver [None req-1f3567d5-d27a-4542-ace3-a93527f16534 - - - - - -] OVN reports status down for port: 0e442286-5d95-4d30-a558-4e29d26dec33
2026-06-09 18:01:59.106 7 INFO neutron.db.ovn_revision_numbers_db [None req-9e5e0483-bb81-4ee9-b615-6e1cc3e7002e a035234ac3dd4806aa4b2e80b14c5d2b 2d9b66944c0c4beda0088b88e250de27 - - default default] Successfully bumped revision number for resource 0e442286-5d95-4d30-a558-4e29d26dec33 (type: ports) to 1
2026-06-09 18:01:59.119 6 WARNING neutron.scheduler.dhcp_agent_scheduler [None req-64a13389-515e-47da-a821-87afb27e0de8 fce92e7098fc4effbcd139e4af22e6b2 77cd96484fdf4438a7519a6074d4fcd1 - - default default] No more DHCP agents
2026-06-09 18:01:59.120 6 WARNING neutron.api.rpc.agentnotifiers.dhcp_rpc_agent_api [None req-64a13389-515e-47da-a821-87afb27e0de8 fce92e7098fc4effbcd139e4af22e6b2 77cd96484fdf4438a7519a6074d4fcd1 - - default default] Unable to schedule network caefaf82-641a-4825-8076-a5b5737396e3: no agents available; will retry on subsequent port and subnet creation events.
2026-06-09 18:01:59.203 6 INFO neutron.db.ovn_revision_numbers_db [None req-64a13389-515e-47da-a821-87afb27e0de8 fce92e7098fc4effbcd139e4af22e6b2 77cd96484fdf4438a7519a6074d4fcd1 - - default default] Successfully bumped revision number for resource 3b2bc4c3-8a83-4e99-bd7f-cee11ef48e63 (type: ports) to 1
2026-06-09 18:01:59.225 7 INFO neutron.plugins.ml2.drivers.ovn.mech_driver.mech_driver [None req-1f3567d5-d27a-4542-ace3-a93527f16534 - - - - - -] OVN reports status down for port: 3b2bc4c3-8a83-4e99-bd7f-cee11ef48e63 [pid: 6|app: 0|req: 886/1662] 10.0.0.126 () {34 vars in 663 bytes} [Tue Jun 9 18:01:58 2026] POST /v2.0/ports => generated 743 bytes in 369 msecs (HTTP/1.1 201) 4 headers in 162 bytes (1 switches on core 0) /var/lib/openstack/lib/python3.12/site-packages/pycadf/identifier.py:70: UserWarning: Invalid uuid: neutron. To ensure interoperability, identifiers should be a valid uuid. warnings.warn(('Invalid uuid: %s. To ensure interoperability, '
2026-06-09 18:01:59.823 7 INFO neutron.plugins.ml2.drivers.ovn.mech_driver.mech_driver [None req-1f3567d5-d27a-4542-ace3-a93527f16534 - - - - - -] OVN reports status up for port: 0e442286-5d95-4d30-a558-4e29d26dec33
2026-06-09 18:01:59.879 7 INFO neutron.plugins.ml2.plugin [None req-1f3567d5-d27a-4542-ace3-a93527f16534 - - - - - -] Attempt 1 to provision port 0e442286-5d95-4d30-a558-4e29d26dec33 [pid: 6|app: 0|req: 887/1663] 10.0.0.126 () {34 vars in 665 bytes} [Tue Jun 9 18:01:59 2026] POST /v2.0/trunks => generated 409 bytes in 700 msecs (HTTP/1.1 201) 4 headers in 162 bytes (1 switches on core 0)
2026-06-09 18:01:59.984 7 WARNING neutron.scheduler.dhcp_agent_scheduler [None req-9e5e0483-bb81-4ee9-b615-6e1cc3e7002e a035234ac3dd4806aa4b2e80b14c5d2b 2d9b66944c0c4beda0088b88e250de27 - - default default] No more DHCP agents
2026-06-09 18:01:59.987 7 WARNING neutron.api.rpc.agentnotifiers.dhcp_rpc_agent_api [None req-9e5e0483-bb81-4ee9-b615-6e1cc3e7002e a035234ac3dd4806aa4b2e80b14c5d2b 2d9b66944c0c4beda0088b88e250de27 - - default default] Unable to schedule network 66ab9543-80e2-4aa3-b131-23cb142a0d99: no agents available; will retry on subsequent port and subnet creation events.
2026-06-09 18:02:00.301 6 INFO neutron.db.ovn_revision_numbers_db [None req-299aa5a7-2166-412d-af82-552a28eb3630 10070119af29400baa618331feed846a a0c08d580a1a48deb28cac4929d6ee69 - - default default] Successfully bumped revision number for resource a96d01a1-4043-404c-8644-cd60dd1be60a (type: security_groups) to 1
2026-06-09 18:02:00.315 6 INFO neutron.db.ovn_revision_numbers_db [None req-299aa5a7-2166-412d-af82-552a28eb3630 10070119af29400baa618331feed846a a0c08d580a1a48deb28cac4929d6ee69 - - default default] Successfully bumped revision number for resource 00f88d84-a4bf-42cf-b0fe-7999ebb81acf (type: security_group_rules) to 0
2026-06-09 18:02:00.328 6 INFO neutron.db.ovn_revision_numbers_db [None req-299aa5a7-2166-412d-af82-552a28eb3630 10070119af29400baa618331feed846a a0c08d580a1a48deb28cac4929d6ee69 - - default default] Successfully bumped revision number for resource 637f4314-f27f-462d-bf55-8d20ae80ccb5 (type: security_group_rules) to 0
2026-06-09 18:02:00.339 6 INFO neutron.db.ovn_revision_numbers_db [None req-299aa5a7-2166-412d-af82-552a28eb3630 10070119af29400baa618331feed846a a0c08d580a1a48deb28cac4929d6ee69 - - default default] Successfully bumped revision number for resource df8fdc3e-2c94-4224-a0c1-9cfb87f8350d (type: security_group_rules) to 0
2026-06-09 18:02:00.353 6 INFO neutron.db.ovn_revision_numbers_db [None req-299aa5a7-2166-412d-af82-552a28eb3630 10070119af29400baa618331feed846a a0c08d580a1a48deb28cac4929d6ee69 - - default default] Successfully bumped revision number for resource e1e3e87d-1ec1-4a45-b625-2cbd007c15e6 (type: security_group_rules) to 0
2026-06-09 18:02:00.401 7 INFO neutron.db.ovn_revision_numbers_db [None req-9e5e0483-bb81-4ee9-b615-6e1cc3e7002e a035234ac3dd4806aa4b2e80b14c5d2b 2d9b66944c0c4beda0088b88e250de27 - - default default] Successfully bumped revision number for resource 0e442286-5d95-4d30-a558-4e29d26dec33 (type: router_ports) to 1 [pid: 6|app: 0|req: 888/1664] 10.0.0.126 () {32 vars in 773 bytes} [Tue Jun 9 18:01:59 2026] GET /v2.0/security-groups?tenant_id=cc34f98fd2f841baba2dfeb71e198a13&name=default => generated 2925 bytes in 448 msecs (HTTP/1.1 200) 4 headers in 158 bytes (1 switches on core 0) [pid: 7|app: 0|req: 777/1665] 10.0.0.126 () {34 vars in 782 bytes} [Tue Jun 9 18:01:58 2026] PUT /v2.0/routers/d03978d7-6ba6-4cf8-81ab-4c8b421e0641/add_router_interface => generated 309 bytes in 1952 msecs (HTTP/1.1 200) 4 headers in 157 bytes (1 switches on core 0) [pid: 7|app: 0|req: 778/1666] 10.0.0.126 () {32 vars in 716 bytes} [Tue Jun 9 18:02:00 2026] GET /v2.0/ports/0e442286-5d95-4d30-a558-4e29d26dec33 => generated 955 bytes in 71 msecs (HTTP/1.1 200) 4 headers in 157 bytes (1 switches on core 0)
2026-06-09 18:02:00.505 6 INFO neutron.db.segments_db [None req-122d4f5e-d56c-4013-bddd-ba9df4be3dc7 fce92e7098fc4effbcd139e4af22e6b2 77cd96484fdf4438a7519a6074d4fcd1 - - default default] Added segment 90a130d5-390b-4a27-81fb-793210e91bb8 of type geneve for network a5cb893c-45bb-4347-9eca-83a26cdd0c25
2026-06-09 18:02:00.602 7 INFO neutron.db.ovn_revision_numbers_db [None req-1f3567d5-d27a-4542-ace3-a93527f16534 - - - - - -] Successfully bumped revision number for resource 0e442286-5d95-4d30-a558-4e29d26dec33 (type: ports) to 2
2026-06-09 18:02:00.614 6 INFO neutron.db.ovn_revision_numbers_db [None req-122d4f5e-d56c-4013-bddd-ba9df4be3dc7 fce92e7098fc4effbcd139e4af22e6b2 77cd96484fdf4438a7519a6074d4fcd1 - - default default] Successfully bumped revision number for resource a5cb893c-45bb-4347-9eca-83a26cdd0c25 (type: networks) to 1
2026-06-09 18:02:00.781 6 WARNING neutron.scheduler.dhcp_agent_scheduler [None req-122d4f5e-d56c-4013-bddd-ba9df4be3dc7 fce92e7098fc4effbcd139e4af22e6b2 77cd96484fdf4438a7519a6074d4fcd1 - - default default] No more DHCP agents
2026-06-09 18:02:00.782 6 WARNING neutron.api.rpc.agentnotifiers.dhcp_rpc_agent_api [None req-122d4f5e-d56c-4013-bddd-ba9df4be3dc7 fce92e7098fc4effbcd139e4af22e6b2 77cd96484fdf4438a7519a6074d4fcd1 - - default default] Unable to schedule network a5cb893c-45bb-4347-9eca-83a26cdd0c25: no agents available; will retry on subsequent port and subnet creation events. [pid: 7|app: 0|req: 779/1667] 10.0.0.126 () {32 vars in 739 bytes} [Tue Jun 9 18:02:00 2026] DELETE /v2.0/security-groups/a96d01a1-4043-404c-8644-cd60dd1be60a => generated 0 bytes in 345 msecs (HTTP/1.1 204) 2 headers in 112 bytes (1 switches on core 0)
2026-06-09 18:02:00.862 6 INFO neutron.db.ovn_revision_numbers_db [None req-122d4f5e-d56c-4013-bddd-ba9df4be3dc7 fce92e7098fc4effbcd139e4af22e6b2 77cd96484fdf4438a7519a6074d4fcd1 - - default default] Successfully bumped revision number for resource fb90ace4-9f57-4e75-987a-75f082638bc1 (type: ports) to 1 [pid: 6|app: 0|req: 889/1668] 10.0.0.126 () {34 vars in 669 bytes} [Tue Jun 9 18:02:00 2026] POST /v2.0/networks => generated 650 bytes in 475 msecs (HTTP/1.1 201) 4 headers in 162 bytes (1 switches on core 0) [pid: 6|app: 0|req: 890/1669] 10.0.0.126 () {32 vars in 716 bytes} [Tue Jun 9 18:02:00 2026] GET /v2.0/ports/0e442286-5d95-4d30-a558-4e29d26dec33 => generated 955 bytes in 71 msecs (HTTP/1.1 200) 4 headers in 157 bytes (1 switches on core 0)
2026-06-09 18:02:01.154 6 WARNING neutron.scheduler.dhcp_agent_scheduler [None req-53dc9210-c94a-4cec-8b58-963baf7b9267 fce92e7098fc4effbcd139e4af22e6b2 77cd96484fdf4438a7519a6074d4fcd1 - - default default] No more DHCP agents
2026-06-09 18:02:01.155 6 WARNING neutron.api.rpc.agentnotifiers.dhcp_rpc_agent_api [None req-53dc9210-c94a-4cec-8b58-963baf7b9267 fce92e7098fc4effbcd139e4af22e6b2 77cd96484fdf4438a7519a6074d4fcd1 - - default default] Unable to schedule network a5cb893c-45bb-4347-9eca-83a26cdd0c25: no agents available; will retry on subsequent port and subnet creation events.
2026-06-09 18:02:01.247 6 INFO neutron.db.ovn_revision_numbers_db [None req-53dc9210-c94a-4cec-8b58-963baf7b9267 fce92e7098fc4effbcd139e4af22e6b2 77cd96484fdf4438a7519a6074d4fcd1 - - default default] Successfully bumped revision number for resource 4f6a407d-c44c-4039-b05d-d32757dfd770 (type: ports) to 1 [pid: 6|app: 0|req: 891/1670] 10.0.0.126 () {34 vars in 663 bytes} [Tue Jun 9 18:02:00 2026] POST /v2.0/ports => generated 743 bytes in 337 msecs (HTTP/1.1 201) 4 headers in 162 bytes (1 switches on core 0) /var/lib/openstack/lib/python3.12/site-packages/pycadf/identifier.py:70: UserWarning: Invalid uuid: neutron. To ensure interoperability, identifiers should be a valid uuid. warnings.warn(('Invalid uuid: %s. To ensure interoperability, '
2026-06-09 18:02:01.451 6 INFO neutron.db.ovn_revision_numbers_db [None req-1c56acd4-6cb5-47bc-a3b7-f03ffa6f82f1 10070119af29400baa618331feed846a a0c08d580a1a48deb28cac4929d6ee69 - - default default] Successfully bumped revision number for resource db028357-e90e-44d7-86c7-0b8c25ac3430 (type: security_groups) to 1
2026-06-09 18:02:01.465 6 INFO neutron.db.ovn_revision_numbers_db [None req-1c56acd4-6cb5-47bc-a3b7-f03ffa6f82f1 10070119af29400baa618331feed846a a0c08d580a1a48deb28cac4929d6ee69 - - default default] Successfully bumped revision number for resource 0258f85e-c542-4d32-9f1f-48f82fc1d941 (type: security_group_rules) to 0
2026-06-09 18:02:01.478 6 INFO neutron.db.ovn_revision_numbers_db [None req-1c56acd4-6cb5-47bc-a3b7-f03ffa6f82f1 10070119af29400baa618331feed846a a0c08d580a1a48deb28cac4929d6ee69 - - default default] Successfully bumped revision number for resource 309f0442-f016-4dbf-9528-d8adbe1352d6 (type: security_group_rules) to 0
2026-06-09 18:02:01.489 6 INFO neutron.db.ovn_revision_numbers_db [None req-1c56acd4-6cb5-47bc-a3b7-f03ffa6f82f1 10070119af29400baa618331feed846a a0c08d580a1a48deb28cac4929d6ee69 - - default default] Successfully bumped revision number for resource 383454a1-52e4-4ff4-a300-793d5dbfbc89 (type: security_group_rules) to 0
2026-06-09 18:02:01.501 6 INFO neutron.db.ovn_revision_numbers_db [None req-1c56acd4-6cb5-47bc-a3b7-f03ffa6f82f1 10070119af29400baa618331feed846a a0c08d580a1a48deb28cac4929d6ee69 - - default default] Successfully bumped revision number for resource c78bee4e-6ab6-4d1b-afb3-4504a261e894 (type: security_group_rules) to 0 [pid: 6|app: 0|req: 892/1671] 10.0.0.126 () {32 vars in 773 bytes} [Tue Jun 9 18:02:01 2026] GET /v2.0/security-groups?tenant_id=02df2b1de54d4fa3b08c273f5e837405&name=default => generated 2925 bytes in 240 msecs (HTTP/1.1 200) 4 headers in 158 bytes (1 switches on core 0)
2026-06-09 18:02:01.659 7 INFO neutron.db.ovn_revision_numbers_db [None req-4eabf2a3-5dfb-4cf4-8317-55fc7e24aeaf 10070119af29400baa618331feed846a a0c08d580a1a48deb28cac4929d6ee69 - - default default] Successfully bumped revision number for resource 87c88dc9-ec7c-43c2-bc54-e08133b75d07 (type: security_groups) to 1
2026-06-09 18:02:01.673 7 INFO neutron.db.ovn_revision_numbers_db [None req-4eabf2a3-5dfb-4cf4-8317-55fc7e24aeaf 10070119af29400baa618331feed846a a0c08d580a1a48deb28cac4929d6ee69 - - default default] Successfully bumped revision number for resource 60fa6d47-d9b7-43f5-95f4-37cc24e9bdde (type: security_group_rules) to 0
2026-06-09 18:02:01.684 7 INFO neutron.db.ovn_revision_numbers_db [None req-4eabf2a3-5dfb-4cf4-8317-55fc7e24aeaf 10070119af29400baa618331feed846a a0c08d580a1a48deb28cac4929d6ee69 - - default default] Successfully bumped revision number for resource c5a99e28-2210-42d2-9761-c772fd56c01a (type: security_group_rules) to 0
2026-06-09 18:02:01.695 7 INFO neutron.db.ovn_revision_numbers_db [None req-4eabf2a3-5dfb-4cf4-8317-55fc7e24aeaf 10070119af29400baa618331feed846a a0c08d580a1a48deb28cac4929d6ee69 - - default default] Successfully bumped revision number for resource f41aa395-1b99-4734-bec1-b9c0c6677778 (type: security_group_rules) to 0
2026-06-09 18:02:01.706 7 INFO neutron.db.ovn_revision_numbers_db [None req-4eabf2a3-5dfb-4cf4-8317-55fc7e24aeaf 10070119af29400baa618331feed846a a0c08d580a1a48deb28cac4929d6ee69 - - default default] Successfully bumped revision number for resource fd9ab8d9-afe2-47e0-980b-16cf0bc458ec (type: security_group_rules) to 0 [pid: 7|app: 0|req: 780/1672] 10.0.0.126 () {32 vars in 773 bytes} [Tue Jun 9 18:02:00 2026] GET /v2.0/security-groups?tenant_id=78e94219d8324cf1b45c703464dadfab&name=default => generated 2925 bytes in 909 msecs (HTTP/1.1 200) 4 headers in 158 bytes (1 switches on core 0)
2026-06-09 18:02:01.813 6 INFO neutron_taas.services.taas.taas_plugin [None req-26d74a22-da97-409d-9723-23305772a6fa a035234ac3dd4806aa4b2e80b14c5d2b 2d9b66944c0c4beda0088b88e250de27 - - default default] TaaS: Handle Delete Port: 0e442286-5d95-4d30-a558-4e29d26dec33
2026-06-09 18:02:01.816 6 INFO neutron_taas.services.taas.tap_mirror_plugin [None req-26d74a22-da97-409d-9723-23305772a6fa a035234ac3dd4806aa4b2e80b14c5d2b 2d9b66944c0c4beda0088b88e250de27 - - default default] Tap Mirror: Handle Delete Port: 0e442286-5d95-4d30-a558-4e29d26dec33 [pid: 7|app: 0|req: 781/1673] 10.0.0.126 () {34 vars in 665 bytes} [Tue Jun 9 18:02:01 2026] POST /v2.0/trunks => generated 409 bytes in 252 msecs (HTTP/1.1 201) 4 headers in 162 bytes (1 switches on core 0) [pid: 6|app: 0|req: 893/1674] 10.0.0.126 () {34 vars in 788 bytes} [Tue Jun 9 18:02:01 2026] PUT /v2.0/routers/d03978d7-6ba6-4cf8-81ab-4c8b421e0641/remove_router_interface => generated 309 bytes in 610 msecs (HTTP/1.1 200) 4 headers in 157 bytes (1 switches on core 0) /var/lib/openstack/lib/python3.12/site-packages/pycadf/identifier.py:70: UserWarning: Invalid uuid: neutron. To ensure interoperability, identifiers should be a valid uuid. warnings.warn(('Invalid uuid: %s. To ensure interoperability, ' [pid: 7|app: 0|req: 782/1675] 10.0.0.126 () {32 vars in 739 bytes} [Tue Jun 9 18:02:01 2026] DELETE /v2.0/security-groups/db028357-e90e-44d7-86c7-0b8c25ac3430 => generated 0 bytes in 236 msecs (HTTP/1.1 204) 2 headers in 112 bytes (1 switches on core 0)
2026-06-09 18:02:02.323 7 INFO neutron.db.segments_db [None req-66b36977-a5a1-4d87-9efc-0283198ec40c fce92e7098fc4effbcd139e4af22e6b2 77cd96484fdf4438a7519a6074d4fcd1 - - default default] Added segment f9ed2080-623e-4e32-beeb-72fcc9a661c8 of type geneve for network 2b91bc4d-5597-487e-9c1e-80f28f1a82b1 [pid: 6|app: 0|req: 894/1676] 10.0.0.126 () {32 vars in 739 bytes} [Tue Jun 9 18:02:02 2026] DELETE /v2.0/security-groups/87c88dc9-ec7c-43c2-bc54-e08133b75d07 => generated 0 bytes in 225 msecs (HTTP/1.1 204) 2 headers in 112 bytes (1 switches on core 0) [pid: 6|app: 0|req: 895/1677] 10.0.0.126 () {32 vars in 716 bytes} [Tue Jun 9 18:02:02 2026] GET /v2.0/ports/9ad92a84-d046-484a-b73e-17a39a104383 => generated 947 bytes in 70 msecs (HTTP/1.1 200) 4 headers in 157 bytes (1 switches on core 0)
2026-06-09 18:02:02.477 7 INFO neutron.db.ovn_revision_numbers_db [None req-66b36977-a5a1-4d87-9efc-0283198ec40c fce92e7098fc4effbcd139e4af22e6b2 77cd96484fdf4438a7519a6074d4fcd1 - - default default] Successfully bumped revision number for resource 2b91bc4d-5597-487e-9c1e-80f28f1a82b1 (type: networks) to 1
2026-06-09 18:02:02.641 7 WARNING neutron.scheduler.dhcp_agent_scheduler [None req-66b36977-a5a1-4d87-9efc-0283198ec40c fce92e7098fc4effbcd139e4af22e6b2 77cd96484fdf4438a7519a6074d4fcd1 - - default default] No more DHCP agents
2026-06-09 18:02:02.643 7 WARNING neutron.api.rpc.agentnotifiers.dhcp_rpc_agent_api [None req-66b36977-a5a1-4d87-9efc-0283198ec40c fce92e7098fc4effbcd139e4af22e6b2 77cd96484fdf4438a7519a6074d4fcd1 - - default default] Unable to schedule network 2b91bc4d-5597-487e-9c1e-80f28f1a82b1: no agents available; will retry on subsequent port and subnet creation events.
2026-06-09 18:02:02.729 6 INFO neutron_taas.services.taas.taas_plugin [None req-c5ec008e-c521-4c7a-9e6d-5420b85e3602 a035234ac3dd4806aa4b2e80b14c5d2b 2d9b66944c0c4beda0088b88e250de27 - - default default] TaaS: Handle Delete Port: 9ad92a84-d046-484a-b73e-17a39a104383
2026-06-09 18:02:02.732 6 INFO neutron_taas.services.taas.tap_mirror_plugin [None req-c5ec008e-c521-4c7a-9e6d-5420b85e3602 a035234ac3dd4806aa4b2e80b14c5d2b 2d9b66944c0c4beda0088b88e250de27 - - default default] Tap Mirror: Handle Delete Port: 9ad92a84-d046-484a-b73e-17a39a104383
2026-06-09 18:02:02.733 7 INFO neutron.db.ovn_revision_numbers_db [None req-66b36977-a5a1-4d87-9efc-0283198ec40c fce92e7098fc4effbcd139e4af22e6b2 77cd96484fdf4438a7519a6074d4fcd1 - - default default] Successfully bumped revision number for resource d276cb43-f9ba-43e1-aa6a-a120dc796b91 (type: ports) to 1 [pid: 7|app: 0|req: 783/1678] 10.0.0.126 () {34 vars in 669 bytes} [Tue Jun 9 18:02:02 2026] POST /v2.0/networks => generated 649 bytes in 530 msecs (HTTP/1.1 201) 4 headers in 162 bytes (1 switches on core 0)
2026-06-09 18:02:02.917 7 INFO neutron.db.ovn_revision_numbers_db [None req-60013a3c-1f9e-40ed-a467-9c7cbb7c15d0 10070119af29400baa618331feed846a a0c08d580a1a48deb28cac4929d6ee69 - - default default] Successfully bumped revision number for resource 4a4f3140-d997-45aa-80de-5ca48d2b74fd (type: security_groups) to 1
2026-06-09 18:02:02.928 7 INFO neutron.db.ovn_revision_numbers_db [None req-60013a3c-1f9e-40ed-a467-9c7cbb7c15d0 10070119af29400baa618331feed846a a0c08d580a1a48deb28cac4929d6ee69 - - default default] Successfully bumped revision number for resource 5f3ee098-6a92-4d2e-9cbb-7360ba3129db (type: security_group_rules) to 0
2026-06-09 18:02:02.944 7 INFO neutron.db.ovn_revision_numbers_db [None req-60013a3c-1f9e-40ed-a467-9c7cbb7c15d0 10070119af29400baa618331feed846a a0c08d580a1a48deb28cac4929d6ee69 - - default default] Successfully bumped revision number for resource a70b3b07-0407-412e-85ba-b4e7d63e0edd (type: security_group_rules) to 0
2026-06-09 18:02:02.957 7 INFO neutron.db.ovn_revision_numbers_db [None req-60013a3c-1f9e-40ed-a467-9c7cbb7c15d0 10070119af29400baa618331feed846a a0c08d580a1a48deb28cac4929d6ee69 - - default default] Successfully bumped revision number for resource a80ce44d-de05-4213-8be3-87fc501b5931 (type: security_group_rules) to 0
2026-06-09 18:02:02.978 7 INFO neutron.db.ovn_revision_numbers_db [None req-60013a3c-1f9e-40ed-a467-9c7cbb7c15d0 10070119af29400baa618331feed846a a0c08d580a1a48deb28cac4929d6ee69 - - default default] Successfully bumped revision number for resource f8276cd6-8417-42c8-89bd-922aa829636a (type: security_group_rules) to 0 [pid: 7|app: 0|req: 784/1679] 10.0.0.126 () {32 vars in 773 bytes} [Tue Jun 9 18:02:02 2026] GET /v2.0/security-groups?tenant_id=3e17d5af845a493ab1b070bcce1e154a&name=default => generated 2925 bytes in 263 msecs (HTTP/1.1 200) 4 headers in 158 bytes (1 switches on core 0) [pid: 6|app: 0|req: 896/1680] 10.0.0.126 () {34 vars in 788 bytes} [Tue Jun 9 18:02:02 2026] PUT /v2.0/routers/d03978d7-6ba6-4cf8-81ab-4c8b421e0641/remove_router_interface => generated 309 bytes in 597 msecs (HTTP/1.1 200) 4 headers in 157 bytes (1 switches on core 0) /var/lib/openstack/lib/python3.12/site-packages/pycadf/identifier.py:70: UserWarning: Invalid uuid: neutron. To ensure interoperability, identifiers should be a valid uuid. warnings.warn(('Invalid uuid: %s. To ensure interoperability, '
