2026-06-09 18:08:01.438 6 INFO neutron_taas.services.taas.tap_mirror_plugin [None req-87ac2274-4be3-4765-b8a1-d37f67c38f0c b597677031ee4387b2318c0fd355ca65 46cc4f2969634161bfef01c063d0d182 - - default default] Tap Mirror: Handle Delete Port: 0ad9c5ca-36db-440d-9d7c-84af9f0c49de [pid: 6|app: 0|req: 1850/3466] 10.0.0.126 () {34 vars in 788 bytes} [Tue Jun 9 18:08:01 2026] PUT /v2.0/routers/c07b0be4-3065-4192-8925-ef95c8c6d7f2/remove_router_interface => generated 309 bytes in 881 msecs (HTTP/1.1 200) 4 headers in 157 bytes (1 switches on core 0)
2026-06-09 18:08:02.102 7 INFO neutron.api.v2.resource [None req-48c237df-8dbc-4a81-8157-f9facb036935 b597677031ee4387b2318c0fd355ca65 46cc4f2969634161bfef01c063d0d182 - - default default] remove_router_interface failed (client error): The resource could not be found. [pid: 7|app: 0|req: 1617/3467] 10.0.0.126 () {34 vars in 788 bytes} [Tue Jun 9 18:08:01 2026] PUT /v2.0/routers/c07b0be4-3065-4192-8925-ef95c8c6d7f2/remove_router_interface => generated 198 bytes in 119 msecs (HTTP/1.1 404) 4 headers in 164 bytes (1 switches on core 0) /var/lib/openstack/lib/python3.12/site-packages/pycadf/identifier.py:70: UserWarning: Invalid uuid: neutron. To ensure interoperability, identifiers should be a valid uuid. warnings.warn(('Invalid uuid: %s. To ensure interoperability, '
2026-06-09 18:08:02.477 6 INFO neutron_taas.services.taas.taas_plugin [None req-ea2bda39-41a2-4aef-af20-89a0d00cf3ca b597677031ee4387b2318c0fd355ca65 46cc4f2969634161bfef01c063d0d182 - - default default] TaaS: Handle Delete Port: c4ced78d-abfe-43fd-b74e-7614a96ef31d
2026-06-09 18:08:02.480 6 INFO neutron_taas.services.taas.tap_mirror_plugin [None req-ea2bda39-41a2-4aef-af20-89a0d00cf3ca b597677031ee4387b2318c0fd355ca65 46cc4f2969634161bfef01c063d0d182 - - default default] Tap Mirror: Handle Delete Port: c4ced78d-abfe-43fd-b74e-7614a96ef31d [pid: 6|app: 0|req: 1851/3468] 10.0.0.126 () {34 vars in 788 bytes} [Tue Jun 9 18:08:02 2026] PUT /v2.0/routers/c07b0be4-3065-4192-8925-ef95c8c6d7f2/remove_router_interface => generated 309 bytes in 906 msecs (HTTP/1.1 200) 4 headers in 157 bytes (1 switches on core 0)
2026-06-09 18:08:03.136 7 INFO neutron.api.v2.resource [None req-17303bee-8ec7-42aa-bfb0-25fb4dc6a070 b597677031ee4387b2318c0fd355ca65 46cc4f2969634161bfef01c063d0d182 - - default default] remove_router_interface failed (client error): The resource could not be found. [pid: 7|app: 0|req: 1618/3469] 10.0.0.126 () {34 vars in 788 bytes} [Tue Jun 9 18:08:03 2026] PUT /v2.0/routers/c07b0be4-3065-4192-8925-ef95c8c6d7f2/remove_router_interface => generated 198 bytes in 118 msecs (HTTP/1.1 404) 4 headers in 164 bytes (1 switches on core 0) /var/lib/openstack/lib/python3.12/site-packages/pycadf/identifier.py:70: UserWarning: Invalid uuid: neutron. To ensure interoperability, identifiers should be a valid uuid. warnings.warn(('Invalid uuid: %s. To ensure interoperability, '
2026-06-09 18:08:03.521 6 INFO neutron_taas.services.taas.taas_plugin [None req-04ecb7b4-0a90-4f03-8356-3696e2ea88d0 b597677031ee4387b2318c0fd355ca65 46cc4f2969634161bfef01c063d0d182 - - default default] TaaS: Handle Delete Port: 4c746097-b6f3-48f1-962a-e8e6c22f24df
2026-06-09 18:08:03.525 6 INFO neutron_taas.services.taas.tap_mirror_plugin [None req-04ecb7b4-0a90-4f03-8356-3696e2ea88d0 b597677031ee4387b2318c0fd355ca65 46cc4f2969634161bfef01c063d0d182 - - default default] Tap Mirror: Handle Delete Port: 4c746097-b6f3-48f1-962a-e8e6c22f24df [pid: 6|app: 0|req: 1852/3470] 10.0.0.126 () {32 vars in 723 bytes} [Tue Jun 9 18:08:03 2026] DELETE /v2.0/routers/c07b0be4-3065-4192-8925-ef95c8c6d7f2 => generated 0 bytes in 806 msecs (HTTP/1.1 204) 2 headers in 112 bytes (1 switches on core 0)
2026-06-09 18:08:03.973 7 INFO neutron.api.v2.resource [None req-7b281927-33ec-48a3-862f-b9a9b97c4ab5 b597677031ee4387b2318c0fd355ca65 46cc4f2969634161bfef01c063d0d182 - - default default] show failed (client error): The resource could not be found. [pid: 7|app: 0|req: 1619/3471] 10.0.0.126 () {32 vars in 720 bytes} [Tue Jun 9 18:08:03 2026] GET /v2.0/routers/c07b0be4-3065-4192-8925-ef95c8c6d7f2 => generated 135 bytes in 19 msecs (HTTP/1.1 404) 4 headers in 164 bytes (1 switches on core 0) [pid: 6|app: 0|req: 1853/3472] 10.0.0.126 () {32 vars in 723 bytes} [Tue Jun 9 18:08:03 2026] DELETE /v2.0/subnets/38afc896-dadd-4182-9698-c201996e4da7 => generated 0 bytes in 150 msecs (HTTP/1.1 204) 3 headers in 131 bytes (1 switches on core 0)
2026-06-09 18:08:04.150 7 INFO neutron.pecan_wsgi.hooks.translation [None req-b26dc028-69fe-40c4-8405-3204e2169246 b597677031ee4387b2318c0fd355ca65 46cc4f2969634161bfef01c063d0d182 - - default default] GET failed (client error): The resource could not be found. [pid: 7|app: 0|req: 1620/3473] 10.0.0.126 () {32 vars in 720 bytes} [Tue Jun 9 18:08:04 2026] GET /v2.0/subnets/38afc896-dadd-4182-9698-c201996e4da7 => generated 136 bytes in 17 msecs (HTTP/1.1 404) 4 headers in 164 bytes (1 switches on core 0) [pid: 6|app: 0|req: 1854/3474] 10.0.0.126 () {32 vars in 723 bytes} [Tue Jun 9 18:08:04 2026] DELETE /v2.0/subnets/1d7bdfe8-fffc-4189-af12-cf3731d12134 => generated 0 bytes in 209 msecs (HTTP/1.1 204) 3 headers in 131 bytes (1 switches on core 0)
2026-06-09 18:08:04.389 7 INFO neutron.pecan_wsgi.hooks.translation [None req-9cff4620-5ac7-4eb8-a316-e6b7a51081dc b597677031ee4387b2318c0fd355ca65 46cc4f2969634161bfef01c063d0d182 - - default default] GET failed (client error): The resource could not be found. [pid: 7|app: 0|req: 1621/3475] 10.0.0.126 () {32 vars in 720 bytes} [Tue Jun 9 18:08:04 2026] GET /v2.0/subnets/1d7bdfe8-fffc-4189-af12-cf3731d12134 => generated 136 bytes in 17 msecs (HTTP/1.1 404) 4 headers in 164 bytes (1 switches on core 0)
2026-06-09 18:08:04.527 6 INFO neutron_taas.services.taas.taas_plugin [None req-48c4bf21-74dc-44e4-818d-179b5618e68f b597677031ee4387b2318c0fd355ca65 46cc4f2969634161bfef01c063d0d182 - - default default] TaaS: Handle Delete Port: 8a690f97-2621-4482-97e2-74310881a0d3
2026-06-09 18:08:04.530 6 INFO neutron_taas.services.taas.tap_mirror_plugin [None req-48c4bf21-74dc-44e4-818d-179b5618e68f b597677031ee4387b2318c0fd355ca65 46cc4f2969634161bfef01c063d0d182 - - default default] Tap Mirror: Handle Delete Port: 8a690f97-2621-4482-97e2-74310881a0d3
2026-06-09 18:08:04.727 6 INFO neutron.services.segments.plugin [-] Segment 41ec47b8-9495-4084-b9e4-ed502817bc18 resource provider aggregate not found
2026-06-09 18:08:04.730 6 INFO neutron.services.segments.plugin [-] Segment 41ec47b8-9495-4084-b9e4-ed502817bc18 resource provider aggregate not found
2026-06-09 18:08:04.747 6 INFO neutron.services.segments.plugin [-] Segment 41ec47b8-9495-4084-b9e4-ed502817bc18 resource provider not found; error: Placement Client Error (4xx): {"errors": [{"status": 404, "title": "Not Found", "detail": "The resource could not be found.\n\n No resource provider with uuid 41ec47b8-9495-4084-b9e4-ed502817bc18 found for delete ", "request_id": "req-ad3854d3-2d67-40fc-ab24-b05f9091d8d1"}]}
2026-06-09 18:08:04.749 6 INFO neutron.services.segments.plugin [-] Segment 41ec47b8-9495-4084-b9e4-ed502817bc18 resource provider not found; error: Placement Client Error (4xx): {"errors": [{"status": 404, "title": "Not Found", "detail": "The resource could not be found.\n\n No resource provider with uuid 41ec47b8-9495-4084-b9e4-ed502817bc18 found for delete ", "request_id": "req-adf87fad-412d-47c9-99fa-47d1b3287242"}]} [pid: 6|app: 0|req: 1855/3476] 10.0.0.126 () {32 vars in 725 bytes} [Tue Jun 9 18:08:04 2026] DELETE /v2.0/networks/c8dbf395-0116-4341-9404-3d32e78179d5 => generated 0 bytes in 387 msecs (HTTP/1.1 204) 3 headers in 131 bytes (1 switches on core 0)
2026-06-09 18:08:04.799 7 INFO neutron.pecan_wsgi.hooks.translation [None req-8cfc18ac-65cc-4620-a7d3-f1dbf8e7bfbf b597677031ee4387b2318c0fd355ca65 46cc4f2969634161bfef01c063d0d182 - - default default] GET failed (client error): The resource could not be found. [pid: 7|app: 0|req: 1622/3477] 10.0.0.126 () {32 vars in 722 bytes} [Tue Jun 9 18:08:04 2026] GET /v2.0/networks/c8dbf395-0116-4341-9404-3d32e78179d5 => generated 138 bytes in 14 msecs (HTTP/1.1 404) 4 headers in 164 bytes (1 switches on core 0) [pid: 6|app: 0|req: 1856/3478] 10.0.0.126 () {32 vars in 723 bytes} [Tue Jun 9 18:08:04 2026] DELETE /v2.0/subnets/80ad2261-fb52-4d70-8119-b18df9b140df => generated 0 bytes in 165 msecs (HTTP/1.1 204) 3 headers in 131 bytes (1 switches on core 0)
2026-06-09 18:08:04.994 7 INFO neutron.pecan_wsgi.hooks.translation [None req-ae261475-733b-4994-807b-b40b96320d96 b597677031ee4387b2318c0fd355ca65 46cc4f2969634161bfef01c063d0d182 - - default default] GET failed (client error): The resource could not be found. [pid: 7|app: 0|req: 1623/3479] 10.0.0.126 () {32 vars in 720 bytes} [Tue Jun 9 18:08:04 2026] GET /v2.0/subnets/80ad2261-fb52-4d70-8119-b18df9b140df => generated 136 bytes in 24 msecs (HTTP/1.1 404) 4 headers in 164 bytes (1 switches on core 0) [pid: 6|app: 0|req: 1857/3480] 10.0.0.126 () {32 vars in 723 bytes} [Tue Jun 9 18:08:05 2026] DELETE /v2.0/subnets/7b59ce74-c35c-46a1-810d-385668cf4d37 => generated 0 bytes in 201 msecs (HTTP/1.1 204) 3 headers in 131 bytes (1 switches on core 0)
2026-06-09 18:08:05.224 7 INFO neutron.pecan_wsgi.hooks.translation [None req-b739b8bb-6403-4f5c-8dd5-f107d2cf3bd9 b597677031ee4387b2318c0fd355ca65 46cc4f2969634161bfef01c063d0d182 - - default default] GET failed (client error): The resource could not be found. [pid: 7|app: 0|req: 1624/3481] 10.0.0.126 () {32 vars in 720 bytes} [Tue Jun 9 18:08:05 2026] GET /v2.0/subnets/7b59ce74-c35c-46a1-810d-385668cf4d37 => generated 136 bytes in 16 msecs (HTTP/1.1 404) 4 headers in 164 bytes (1 switches on core 0)
2026-06-09 18:08:05.357 6 INFO neutron_taas.services.taas.taas_plugin [None req-29994186-0d52-46fb-9a10-5fa367848df0 b597677031ee4387b2318c0fd355ca65 46cc4f2969634161bfef01c063d0d182 - - default default] TaaS: Handle Delete Port: 371868d6-f409-4acb-bc10-e5180fb45902
2026-06-09 18:08:05.359 6 INFO neutron_taas.services.taas.tap_mirror_plugin [None req-29994186-0d52-46fb-9a10-5fa367848df0 b597677031ee4387b2318c0fd355ca65 46cc4f2969634161bfef01c063d0d182 - - default default] Tap Mirror: Handle Delete Port: 371868d6-f409-4acb-bc10-e5180fb45902 [pid: 6|app: 0|req: 1858/3482] 10.0.0.126 () {32 vars in 725 bytes} [Tue Jun 9 18:08:05 2026] DELETE /v2.0/networks/33ac956c-135d-4186-986b-7b8bac63a4eb => generated 0 bytes in 338 msecs (HTTP/1.1 204) 3 headers in 131 bytes (1 switches on core 0)
2026-06-09 18:08:05.589 7 INFO neutron.pecan_wsgi.hooks.translation [None req-0fcc30e4-c69e-4915-bdf7-f96e09c32dbc b597677031ee4387b2318c0fd355ca65 46cc4f2969634161bfef01c063d0d182 - - default default] GET failed (client error): The resource could not be found. [pid: 7|app: 0|req: 1625/3483] 10.0.0.126 () {32 vars in 722 bytes} [Tue Jun 9 18:08:05 2026] GET /v2.0/networks/33ac956c-135d-4186-986b-7b8bac63a4eb => generated 138 bytes in 16 msecs (HTTP/1.1 404) 4 headers in 164 bytes (1 switches on core 0) [pid: 6|app: 0|req: 1859/3484] 10.0.0.126 () {32 vars in 723 bytes} [Tue Jun 9 18:08:05 2026] DELETE /v2.0/subnets/6850205e-e2af-461c-9311-381122750483 => generated 0 bytes in 149 msecs (HTTP/1.1 204) 3 headers in 131 bytes (1 switches on core 0)
2026-06-09 18:08:05.763 7 INFO neutron.pecan_wsgi.hooks.translation [None req-a479173e-2c68-4b49-965d-c9cadb03f36b b597677031ee4387b2318c0fd355ca65 46cc4f2969634161bfef01c063d0d182 - - default default] GET failed (client error): The resource could not be found. [pid: 7|app: 0|req: 1626/3485] 10.0.0.126 () {32 vars in 720 bytes} [Tue Jun 9 18:08:05 2026] GET /v2.0/subnets/6850205e-e2af-461c-9311-381122750483 => generated 136 bytes in 15 msecs (HTTP/1.1 404) 4 headers in 164 bytes (1 switches on core 0) [pid: 6|app: 0|req: 1860/3486] 10.0.0.126 () {32 vars in 723 bytes} [Tue Jun 9 18:08:05 2026] DELETE /v2.0/subnets/1878c36e-1d60-444f-9be1-7f6ef242dd53 => generated 0 bytes in 138 msecs (HTTP/1.1 204) 3 headers in 131 bytes (1 switches on core 0)
2026-06-09 18:08:05.926 7 INFO neutron.pecan_wsgi.hooks.translation [None req-1058bac8-9efc-4036-a4bf-8647f3e7c4e7 b597677031ee4387b2318c0fd355ca65 46cc4f2969634161bfef01c063d0d182 - - default default] GET failed (client error): The resource could not be found. [pid: 7|app: 0|req: 1627/3487] 10.0.0.126 () {32 vars in 720 bytes} [Tue Jun 9 18:08:05 2026] GET /v2.0/subnets/1878c36e-1d60-444f-9be1-7f6ef242dd53 => generated 136 bytes in 14 msecs (HTTP/1.1 404) 4 headers in 164 bytes (1 switches on core 0)
2026-06-09 18:08:06.047 6 INFO neutron_taas.services.taas.taas_plugin [None req-1d9ac4ff-85e3-4259-ac69-74ea75f5954f b597677031ee4387b2318c0fd355ca65 46cc4f2969634161bfef01c063d0d182 - - default default] TaaS: Handle Delete Port: e597bec9-446a-439d-b7ea-9a1a8345b4ad
2026-06-09 18:08:06.051 6 INFO neutron_taas.services.taas.tap_mirror_plugin [None req-1d9ac4ff-85e3-4259-ac69-74ea75f5954f b597677031ee4387b2318c0fd355ca65 46cc4f2969634161bfef01c063d0d182 - - default default] Tap Mirror: Handle Delete Port: e597bec9-446a-439d-b7ea-9a1a8345b4ad [pid: 6|app: 0|req: 1861/3488] 10.0.0.126 () {32 vars in 725 bytes} [Tue Jun 9 18:08:05 2026] DELETE /v2.0/networks/79ac87c8-42ef-4e84-a107-f80f9cd831fa => generated 0 bytes in 358 msecs (HTTP/1.1 204) 3 headers in 131 bytes (1 switches on core 0)
2026-06-09 18:08:06.410 7 INFO neutron.pecan_wsgi.hooks.translation [None req-a55ba3ce-ba08-4a41-a5ca-2a2efd6f2fe8 b597677031ee4387b2318c0fd355ca65 46cc4f2969634161bfef01c063d0d182 - - default default] GET failed (client error): The resource could not be found. [pid: 7|app: 0|req: 1628/3489] 10.0.0.126 () {32 vars in 722 bytes} [Tue Jun 9 18:08:06 2026] GET /v2.0/networks/79ac87c8-42ef-4e84-a107-f80f9cd831fa => generated 138 bytes in 118 msecs (HTTP/1.1 404) 4 headers in 164 bytes (1 switches on core 0)
2026-06-09 18:08:06.765 6 INFO neutron.services.segments.plugin [-] Segment 6aacc70e-991b-4e09-8353-0c4cc2728eb2 resource provider aggregate not found
2026-06-09 18:08:06.769 6 INFO neutron.services.segments.plugin [-] Segment 6aacc70e-991b-4e09-8353-0c4cc2728eb2 resource provider aggregate not found
2026-06-09 18:08:06.782 6 INFO neutron.services.segments.plugin [-] Segment 6aacc70e-991b-4e09-8353-0c4cc2728eb2 resource provider not found; error: Placement Client Error (4xx): {"errors": [{"status": 404, "title": "Not Found", "detail": "The resource could not be found.\n\n No resource provider with uuid 6aacc70e-991b-4e09-8353-0c4cc2728eb2 found for delete ", "request_id": "req-7398348b-9db7-42e0-a853-b62855334a3c"}]}
2026-06-09 18:08:06.788 6 INFO neutron.services.segments.plugin [-] Segment 6aacc70e-991b-4e09-8353-0c4cc2728eb2 resource provider not found; error: Placement Client Error (4xx): {"errors": [{"status": 404, "title": "Not Found", "detail": "The resource could not be found.\n\n No resource provider with uuid 6aacc70e-991b-4e09-8353-0c4cc2728eb2 found for delete ", "request_id": "req-0ddd0499-494e-4cc0-920c-e8d3e6afc4f3"}]}
2026-06-09 18:08:06.803 6 INFO neutron.services.segments.plugin [-] Segment e1703699-05ca-4f1c-a4bc-759d0b82d205 resource provider aggregate not found
2026-06-09 18:08:06.808 6 INFO neutron.services.segments.plugin [-] Segment e1703699-05ca-4f1c-a4bc-759d0b82d205 resource provider aggregate not found
2026-06-09 18:08:06.819 6 INFO neutron.services.segments.plugin [-] Segment e1703699-05ca-4f1c-a4bc-759d0b82d205 resource provider not found; error: Placement Client Error (4xx): {"errors": [{"status": 404, "title": "Not Found", "detail": "The resource could not be found.\n\n No resource provider with uuid e1703699-05ca-4f1c-a4bc-759d0b82d205 found for delete ", "request_id": "req-a6462824-60a1-480b-941b-3a8cbf39a691"}]}
2026-06-09 18:08:06.823 6 INFO neutron.services.segments.plugin [-] Segment e1703699-05ca-4f1c-a4bc-759d0b82d205 resource provider not found; error: Placement Client Error (4xx): {"errors": [{"status": 404, "title": "Not Found", "detail": "The resource could not be found.\n\n No resource provider with uuid e1703699-05ca-4f1c-a4bc-759d0b82d205 found for delete ", "request_id": "req-b392c08e-d685-4871-a090-5d699f7ab747"}]}
2026-06-09 18:08:08.610 6 INFO neutron.db.ovn_revision_numbers_db [None req-0e7723e4-f289-46a8-bcbd-01f59195db97 10070119af29400baa618331feed846a a0c08d580a1a48deb28cac4929d6ee69 - - default default] Successfully bumped revision number for resource a1bc7f97-445f-4aa4-93c5-c61447cdd66a (type: security_groups) to 1
2026-06-09 18:08:08.621 6 INFO neutron.db.ovn_revision_numbers_db [None req-0e7723e4-f289-46a8-bcbd-01f59195db97 10070119af29400baa618331feed846a a0c08d580a1a48deb28cac4929d6ee69 - - default default] Successfully bumped revision number for resource 085d0607-2949-4d6e-9bda-164d995d02b7 (type: security_group_rules) to 0
2026-06-09 18:08:08.633 6 INFO neutron.db.ovn_revision_numbers_db [None req-0e7723e4-f289-46a8-bcbd-01f59195db97 10070119af29400baa618331feed846a a0c08d580a1a48deb28cac4929d6ee69 - - default default] Successfully bumped revision number for resource 3d65b4fd-6194-46ec-a7a7-c5d74ca4d332 (type: security_group_rules) to 0
2026-06-09 18:08:08.645 6 INFO neutron.db.ovn_revision_numbers_db [None req-0e7723e4-f289-46a8-bcbd-01f59195db97 10070119af29400baa618331feed846a a0c08d580a1a48deb28cac4929d6ee69 - - default default] Successfully bumped revision number for resource 871cd35a-7976-41ab-bfa8-89818199d838 (type: security_group_rules) to 0
2026-06-09 18:08:08.659 6 INFO neutron.db.ovn_revision_numbers_db [None req-0e7723e4-f289-46a8-bcbd-01f59195db97 10070119af29400baa618331feed846a a0c08d580a1a48deb28cac4929d6ee69 - - default default] Successfully bumped revision number for resource 8fd78563-b6d3-4499-b0c1-a720ec316182 (type: security_group_rules) to 0 [pid: 6|app: 0|req: 1862/3490] 10.0.0.126 () {32 vars in 773 bytes} [Tue Jun 9 18:08:08 2026] GET /v2.0/security-groups?tenant_id=1a31a6f7504c4e949377bfd6a697d2f2&name=default => generated 2929 bytes in 396 msecs (HTTP/1.1 200) 4 headers in 158 bytes (1 switches on core 0) [pid: 7|app: 0|req: 1629/3491] 10.0.0.126 () {32 vars in 739 bytes} [Tue Jun 9 18:08:08 2026] DELETE /v2.0/security-groups/a1bc7f97-445f-4aa4-93c5-c61447cdd66a => generated 0 bytes in 223 msecs (HTTP/1.1 204) 2 headers in 112 bytes (1 switches on core 0)
2026-06-09 18:08:09.149 6 INFO neutron.db.ovn_revision_numbers_db [None req-e616573e-096e-4f6d-9e6f-0648a7c17b9c 10070119af29400baa618331feed846a a0c08d580a1a48deb28cac4929d6ee69 - - default default] Successfully bumped revision number for resource dd0df0a6-f124-4a5e-b8e3-d648c8fe316b (type: security_groups) to 1
2026-06-09 18:08:09.176 6 INFO neutron.db.ovn_revision_numbers_db [None req-e616573e-096e-4f6d-9e6f-0648a7c17b9c 10070119af29400baa618331feed846a a0c08d580a1a48deb28cac4929d6ee69 - - default default] Successfully bumped revision number for resource 124d424b-9eee-48b8-9275-a31e2b01a807 (type: security_group_rules) to 0
2026-06-09 18:08:09.190 6 INFO neutron.db.ovn_revision_numbers_db [None req-e616573e-096e-4f6d-9e6f-0648a7c17b9c 10070119af29400baa618331feed846a a0c08d580a1a48deb28cac4929d6ee69 - - default default] Successfully bumped revision number for resource 69720698-bc79-40c3-9197-8bc7211dd097 (type: security_group_rules) to 0
2026-06-09 18:08:09.205 6 INFO neutron.db.ovn_revision_numbers_db [None req-e616573e-096e-4f6d-9e6f-0648a7c17b9c 10070119af29400baa618331feed846a a0c08d580a1a48deb28cac4929d6ee69 - - default default] Successfully bumped revision number for resource 83f52935-5737-4121-aedd-cfe532bae116 (type: security_group_rules) to 0
2026-06-09 18:08:09.217 6 INFO neutron.db.ovn_revision_numbers_db [None req-e616573e-096e-4f6d-9e6f-0648a7c17b9c 10070119af29400baa618331feed846a a0c08d580a1a48deb28cac4929d6ee69 - - default default] Successfully bumped revision number for resource bea7d3ec-e47c-4ac9-9b18-5b672c76ab51 (type: security_group_rules) to 0 [pid: 6|app: 0|req: 1863/3492] 10.0.0.126 () {32 vars in 773 bytes} [Tue Jun 9 18:08:09 2026] GET /v2.0/security-groups?tenant_id=b25e925bc2a9467f9e630791cd843187&name=default => generated 2929 bytes in 244 msecs (HTTP/1.1 200) 4 headers in 158 bytes (1 switches on core 0) [pid: 7|app: 0|req: 1630/3493] 10.0.0.126 () {32 vars in 739 bytes} [Tue Jun 9 18:08:09 2026] DELETE /v2.0/security-groups/dd0df0a6-f124-4a5e-b8e3-d648c8fe316b => generated 0 bytes in 241 msecs (HTTP/1.1 204) 2 headers in 112 bytes (1 switches on core 0)
2026-06-09 18:08:09.758 6 INFO neutron.db.ovn_revision_numbers_db [None req-5465745d-1f40-40ad-83d4-6677e1a6fb5f 10070119af29400baa618331feed846a a0c08d580a1a48deb28cac4929d6ee69 - - default default] Successfully bumped revision number for resource 6b724b4b-5dda-4723-96f4-ade00bc52ea3 (type: security_groups) to 1
2026-06-09 18:08:09.769 6 INFO neutron.db.ovn_revision_numbers_db [None req-5465745d-1f40-40ad-83d4-6677e1a6fb5f 10070119af29400baa618331feed846a a0c08d580a1a48deb28cac4929d6ee69 - - default default] Successfully bumped revision number for resource 0c29d80f-0b8a-4f1c-98af-9d134d8d1af6 (type: security_group_rules) to 0
2026-06-09 18:08:09.784 6 INFO neutron.db.ovn_revision_numbers_db [None req-5465745d-1f40-40ad-83d4-6677e1a6fb5f 10070119af29400baa618331feed846a a0c08d580a1a48deb28cac4929d6ee69 - - default default] Successfully bumped revision number for resource 1c50b040-f0bb-4ee9-9221-4e6eef6d7fcc (type: security_group_rules) to 0
2026-06-09 18:08:09.795 6 INFO neutron.db.ovn_revision_numbers_db [None req-5465745d-1f40-40ad-83d4-6677e1a6fb5f 10070119af29400baa618331feed846a a0c08d580a1a48deb28cac4929d6ee69 - - default default] Successfully bumped revision number for resource 635e5e49-a818-48cb-8b2f-2e2f9c038b37 (type: security_group_rules) to 0
2026-06-09 18:08:09.808 6 INFO neutron.db.ovn_revision_numbers_db [None req-5465745d-1f40-40ad-83d4-6677e1a6fb5f 10070119af29400baa618331feed846a a0c08d580a1a48deb28cac4929d6ee69 - - default default] Successfully bumped revision number for resource b5f4fc94-5a3c-43de-a8b5-8d57fcb123d2 (type: security_group_rules) to 0 [pid: 6|app: 0|req: 1864/3494] 10.0.0.126 () {32 vars in 773 bytes} [Tue Jun 9 18:08:09 2026] GET /v2.0/security-groups?tenant_id=5481285f177649c88b9623792fb6266f&name=default => generated 2929 bytes in 216 msecs (HTTP/1.1 200) 4 headers in 158 bytes (1 switches on core 0) [pid: 7|app: 0|req: 1631/3495] 10.0.0.126 () {32 vars in 739 bytes} [Tue Jun 9 18:08:09 2026] DELETE /v2.0/security-groups/6b724b4b-5dda-4723-96f4-ade00bc52ea3 => generated 0 bytes in 247 msecs (HTTP/1.1 204) 2 headers in 112 bytes (1 switches on core 0)
2026-06-09 18:08:10.392 6 INFO neutron.db.ovn_revision_numbers_db [None req-fb6bf9e3-1e34-456e-b9bf-f4c486e4f5a0 10070119af29400baa618331feed846a a0c08d580a1a48deb28cac4929d6ee69 - - default default] Successfully bumped revision number for resource 2da391c0-761b-4dfb-a5dd-7f7977b72f62 (type: security_groups) to 1
2026-06-09 18:08:10.404 6 INFO neutron.db.ovn_revision_numbers_db [None req-fb6bf9e3-1e34-456e-b9bf-f4c486e4f5a0 10070119af29400baa618331feed846a a0c08d580a1a48deb28cac4929d6ee69 - - default default] Successfully bumped revision number for resource 2340ef3f-616f-461c-9424-1144d9f47173 (type: security_group_rules) to 0
2026-06-09 18:08:10.420 6 INFO neutron.db.ovn_revision_numbers_db [None req-fb6bf9e3-1e34-456e-b9bf-f4c486e4f5a0 10070119af29400baa618331feed846a a0c08d580a1a48deb28cac4929d6ee69 - - default default] Successfully bumped revision number for resource 88289b20-7909-474b-a6a3-8b9c26ed8d2d (type: security_group_rules) to 0
2026-06-09 18:08:10.435 6 INFO neutron.db.ovn_revision_numbers_db [None req-fb6bf9e3-1e34-456e-b9bf-f4c486e4f5a0 10070119af29400baa618331feed846a a0c08d580a1a48deb28cac4929d6ee69 - - default default] Successfully bumped revision number for resource bb9a68d2-bb6d-4a7b-9c48-776a849bb042 (type: security_group_rules) to 0
2026-06-09 18:08:10.451 6 INFO neutron.db.ovn_revision_numbers_db [None req-fb6bf9e3-1e34-456e-b9bf-f4c486e4f5a0 10070119af29400baa618331feed846a a0c08d580a1a48deb28cac4929d6ee69 - - default default] Successfully bumped revision number for resource ee842436-736e-4c03-b131-c36af74e524b (type: security_group_rules) to 0 [pid: 6|app: 0|req: 1865/3496] 10.0.0.126 () {32 vars in 773 bytes} [Tue Jun 9 18:08:10 2026] GET /v2.0/security-groups?tenant_id=dc9b39c4b4e24befaf5994935e48f12c&name=default => generated 2929 bytes in 223 msecs (HTTP/1.1 200) 4 headers in 158 bytes (1 switches on core 0) [pid: 7|app: 0|req: 1632/3497] 10.0.0.126 () {32 vars in 739 bytes} [Tue Jun 9 18:08:10 2026] DELETE /v2.0/security-groups/2da391c0-761b-4dfb-a5dd-7f7977b72f62 => generated 0 bytes in 257 msecs (HTTP/1.1 204) 2 headers in 112 bytes (1 switches on core 0)
2026-06-09 18:08:11.036 6 INFO neutron.db.ovn_revision_numbers_db [None req-fda4712d-f934-4197-9cf1-3687461a33f5 10070119af29400baa618331feed846a a0c08d580a1a48deb28cac4929d6ee69 - - default default] Successfully bumped revision number for resource 809ba783-c2ad-428d-aecf-5d0b8d41bacc (type: security_groups) to 1
2026-06-09 18:08:11.052 6 INFO neutron.db.ovn_revision_numbers_db [None req-fda4712d-f934-4197-9cf1-3687461a33f5 10070119af29400baa618331feed846a a0c08d580a1a48deb28cac4929d6ee69 - - default default] Successfully bumped revision number for resource 2cfece3c-cead-457e-ab51-b835d6315f53 (type: security_group_rules) to 0
2026-06-09 18:08:11.065 6 INFO neutron.db.ovn_revision_numbers_db [None req-fda4712d-f934-4197-9cf1-3687461a33f5 10070119af29400baa618331feed846a a0c08d580a1a48deb28cac4929d6ee69 - - default default] Successfully bumped revision number for resource 2e042264-25b3-49da-a244-dd50cad3d4fa (type: security_group_rules) to 0
2026-06-09 18:08:11.078 6 INFO neutron.db.ovn_revision_numbers_db [None req-fda4712d-f934-4197-9cf1-3687461a33f5 10070119af29400baa618331feed846a a0c08d580a1a48deb28cac4929d6ee69 - - default default] Successfully bumped revision number for resource c3d36055-194d-459c-bcc7-eb2f69a2bfab (type: security_group_rules) to 0
2026-06-09 18:08:11.090 6 INFO neutron.db.ovn_revision_numbers_db [None req-fda4712d-f934-4197-9cf1-3687461a33f5 10070119af29400baa618331feed846a a0c08d580a1a48deb28cac4929d6ee69 - - default default] Successfully bumped revision number for resource f9968a9e-0973-4c1b-bd8d-b546a024b33f (type: security_group_rules) to 0 [pid: 6|app: 0|req: 1866/3498] 10.0.0.126 () {32 vars in 773 bytes} [Tue Jun 9 18:08:10 2026] GET /v2.0/security-groups?tenant_id=823f619050c24f54a64aece7c32d1a51&name=default => generated 2929 bytes in 236 msecs (HTTP/1.1 200) 4 headers in 158 bytes (1 switches on core 0) [pid: 7|app: 0|req: 1633/3499] 10.0.0.126 () {32 vars in 739 bytes} [Tue Jun 9 18:08:11 2026] DELETE /v2.0/security-groups/809ba783-c2ad-428d-aecf-5d0b8d41bacc => generated 0 bytes in 246 msecs (HTTP/1.1 204) 2 headers in 112 bytes (1 switches on core 0) [pid: 6|app: 0|req: 1867/3500] 10.0.0.126 () {32 vars in 773 bytes} [Tue Jun 9 18:08:11 2026] GET /v2.0/security-groups?tenant_id=46cc4f2969634161bfef01c063d0d182&name=default => generated 2925 bytes in 34 msecs (HTTP/1.1 200) 4 headers in 158 bytes (1 switches on core 0) [pid: 7|app: 0|req: 1634/3501] 10.0.0.126 () {32 vars in 739 bytes} [Tue Jun 9 18:08:11 2026] DELETE /v2.0/security-groups/4d6edb42-744f-4370-bc2a-2ee69d1a0949 => generated 0 bytes in 217 msecs (HTTP/1.1 204) 2 headers in 112 bytes (1 switches on core 0)
2026-06-09 18:08:12.046 6 INFO neutron.db.ovn_revision_numbers_db [None req-8027d2e6-ab25-4e4c-8bfa-d045937ee9a4 10070119af29400baa618331feed846a a0c08d580a1a48deb28cac4929d6ee69 - - default default] Successfully bumped revision number for resource 5ee22587-049c-406f-aa14-871721f04203 (type: security_groups) to 1
2026-06-09 18:08:12.056 6 INFO neutron.db.ovn_revision_numbers_db [None req-8027d2e6-ab25-4e4c-8bfa-d045937ee9a4 10070119af29400baa618331feed846a a0c08d580a1a48deb28cac4929d6ee69 - - default default] Successfully bumped revision number for resource 1a88bd43-0898-4c37-bca7-533c7a63af54 (type: security_group_rules) to 0
2026-06-09 18:08:12.065 6 INFO neutron.db.ovn_revision_numbers_db [None req-8027d2e6-ab25-4e4c-8bfa-d045937ee9a4 10070119af29400baa618331feed846a a0c08d580a1a48deb28cac4929d6ee69 - - default default] Successfully bumped revision number for resource 4111b72f-0f43-4f74-9e27-b37b9fb442da (type: security_group_rules) to 0
2026-06-09 18:08:12.079 6 INFO neutron.db.ovn_revision_numbers_db [None req-8027d2e6-ab25-4e4c-8bfa-d045937ee9a4 10070119af29400baa618331feed846a a0c08d580a1a48deb28cac4929d6ee69 - - default default] Successfully bumped revision number for resource 704f05fa-9e3a-4fc8-b010-09fa56d4fd19 (type: security_group_rules) to 0
2026-06-09 18:08:12.090 6 INFO neutron.db.ovn_revision_numbers_db [None req-8027d2e6-ab25-4e4c-8bfa-d045937ee9a4 10070119af29400baa618331feed846a a0c08d580a1a48deb28cac4929d6ee69 - - default default] Successfully bumped revision number for resource a257d7ba-ab87-498c-a708-02aa9e0fb94a (type: security_group_rules) to 0 [pid: 6|app: 0|req: 1868/3502] 10.0.0.126 () {32 vars in 773 bytes} [Tue Jun 9 18:08:11 2026] GET /v2.0/security-groups?tenant_id=0839d5eb0bd34cd0bf78382e0639ee43&name=default => generated 2929 bytes in 215 msecs (HTTP/1.1 200) 4 headers in 158 bytes (1 switches on core 0) [pid: 7|app: 0|req: 1635/3503] 10.0.0.126 () {32 vars in 739 bytes} [Tue Jun 9 18:08:12 2026] DELETE /v2.0/security-groups/5ee22587-049c-406f-aa14-871721f04203 => generated 0 bytes in 223 msecs (HTTP/1.1 204) 2 headers in 112 bytes (1 switches on core 0)
2026-06-09 18:08:16.803 7 WARNING neutron.scheduler.dhcp_agent_scheduler [None req-34b26eb6-96ec-4e35-be9e-49026c9e8495 0af27cb3196d441bafa35907d875dd61 06c21e35730c4b519d48bf6a5a95bf32 - - default default] No more DHCP agents
2026-06-09 18:08:16.804 7 WARNING neutron.api.rpc.agentnotifiers.dhcp_rpc_agent_api [None req-34b26eb6-96ec-4e35-be9e-49026c9e8495 0af27cb3196d441bafa35907d875dd61 06c21e35730c4b519d48bf6a5a95bf32 - - default default] Unable to schedule network 18d56294-49c2-43fd-85fc-d477c26c1faa: no agents available; will retry on subsequent port and subnet creation events. [pid: 7|app: 0|req: 1637/3506] 10.0.0.126 () {34 vars in 675 bytes} [Tue Jun 9 18:08:16 2026] POST /v2.0/floatingips => generated 552 bytes in 655 msecs (HTTP/1.1 201) 4 headers in 162 bytes (1 switches on core 0)
2026-06-09 18:08:17.365 6 WARNING neutron.scheduler.dhcp_agent_scheduler [None req-6c88dce8-0a69-4ff3-95bc-ff6f0b8b155d 0af27cb3196d441bafa35907d875dd61 06c21e35730c4b519d48bf6a5a95bf32 - - default default] No more DHCP agents
2026-06-09 18:08:17.366 6 WARNING neutron.api.rpc.agentnotifiers.dhcp_rpc_agent_api [None req-6c88dce8-0a69-4ff3-95bc-ff6f0b8b155d 0af27cb3196d441bafa35907d875dd61 06c21e35730c4b519d48bf6a5a95bf32 - - default default] Unable to schedule network 18d56294-49c2-43fd-85fc-d477c26c1faa: no agents available; will retry on subsequent port and subnet creation events. [pid: 6|app: 0|req: 1870/3507] 10.0.0.126 () {34 vars in 675 bytes} [Tue Jun 9 18:08:17 2026] POST /v2.0/floatingips => generated 552 bytes in 543 msecs (HTTP/1.1 201) 4 headers in 162 bytes (1 switches on core 0)
2026-06-09 18:08:17.894 7 WARNING neutron.scheduler.dhcp_agent_scheduler [None req-4594369a-7e6d-4264-bb5f-087d1a08b63b 0af27cb3196d441bafa35907d875dd61 06c21e35730c4b519d48bf6a5a95bf32 - - default default] No more DHCP agents
2026-06-09 18:08:17.895 7 WARNING neutron.api.rpc.agentnotifiers.dhcp_rpc_agent_api [None req-4594369a-7e6d-4264-bb5f-087d1a08b63b 0af27cb3196d441bafa35907d875dd61 06c21e35730c4b519d48bf6a5a95bf32 - - default default] Unable to schedule network 18d56294-49c2-43fd-85fc-d477c26c1faa: no agents available; will retry on subsequent port and subnet creation events. [pid: 7|app: 0|req: 1638/3508] 10.0.0.126 () {34 vars in 675 bytes} [Tue Jun 9 18:08:17 2026] POST /v2.0/floatingips => generated 552 bytes in 513 msecs (HTTP/1.1 201) 4 headers in 162 bytes (1 switches on core 0)
2026-06-09 18:08:18.458 6 WARNING neutron.scheduler.dhcp_agent_scheduler [None req-b646462e-69a5-4e3b-a882-89f33b5da5f6 0af27cb3196d441bafa35907d875dd61 06c21e35730c4b519d48bf6a5a95bf32 - - default default] No more DHCP agents
2026-06-09 18:08:18.459 6 WARNING neutron.api.rpc.agentnotifiers.dhcp_rpc_agent_api [None req-b646462e-69a5-4e3b-a882-89f33b5da5f6 0af27cb3196d441bafa35907d875dd61 06c21e35730c4b519d48bf6a5a95bf32 - - default default] Unable to schedule network 18d56294-49c2-43fd-85fc-d477c26c1faa: no agents available; will retry on subsequent port and subnet creation events. [pid: 6|app: 0|req: 1871/3509] 10.0.0.126 () {34 vars in 675 bytes} [Tue Jun 9 18:08:18 2026] POST /v2.0/floatingips => generated 552 bytes in 1208 msecs (HTTP/1.1 201) 4 headers in 162 bytes (1 switches on core 0)
2026-06-09 18:08:19.624 7 WARNING neutron.scheduler.dhcp_agent_scheduler [None req-5349e07a-83c9-4f27-a576-0948a5269911 0af27cb3196d441bafa35907d875dd61 06c21e35730c4b519d48bf6a5a95bf32 - - default default] No more DHCP agents
2026-06-09 18:08:19.625 7 WARNING neutron.api.rpc.agentnotifiers.dhcp_rpc_agent_api [None req-5349e07a-83c9-4f27-a576-0948a5269911 0af27cb3196d441bafa35907d875dd61 06c21e35730c4b519d48bf6a5a95bf32 - - default default] Unable to schedule network 18d56294-49c2-43fd-85fc-d477c26c1faa: no agents available; will retry on subsequent port and subnet creation events. [pid: 7|app: 0|req: 1639/3510] 10.0.0.126 () {34 vars in 675 bytes} [Tue Jun 9 18:08:19 2026] POST /v2.0/floatingips => generated 552 bytes in 514 msecs (HTTP/1.1 201) 4 headers in 162 bytes (1 switches on core 0) [pid: 6|app: 0|req: 1872/3511] 10.0.0.126 () {34 vars in 758 bytes} [Tue Jun 9 18:08:19 2026] PUT /v2.0/floatingips/ccd16312-2de7-4a30-a2a0-9870cf2323d2/tags => generated 17 bytes in 76 msecs (HTTP/1.1 200) 4 headers in 156 bytes (1 switches on core 0) [pid: 7|app: 0|req: 1640/3512] 10.0.0.126 () {34 vars in 758 bytes} [Tue Jun 9 18:08:19 2026] PUT /v2.0/floatingips/4d2a407b-aad0-42a9-a663-68001206d92a/tags => generated 25 bytes in 47 msecs (HTTP/1.1 200) 4 headers in 156 bytes (1 switches on core 0) [pid: 6|app: 0|req: 1873/3513] 10.0.0.126 () {34 vars in 758 bytes} [Tue Jun 9 18:08:20 2026] PUT /v2.0/floatingips/5955ebb7-0a12-4e50-917e-784bf35fb791/tags => generated 34 bytes in 53 msecs (HTTP/1.1 200) 4 headers in 156 bytes (1 switches on core 0) [pid: 7|app: 0|req: 1641/3514] 10.0.0.126 () {34 vars in 758 bytes} [Tue Jun 9 18:08:20 2026] PUT /v2.0/floatingips/c36af79d-5fa1-4d6b-aec6-a0c5b7a5d243/tags => generated 19 bytes in 52 msecs (HTTP/1.1 200) 4 headers in 156 bytes (1 switches on core 0) [pid: 6|app: 0|req: 1874/3515] 10.0.0.126 () {32 vars in 671 bytes} [Tue Jun 9 18:08:20 2026] GET /v2.0/floatingips?tags=red => generated 1671 bytes in 52 msecs (HTTP/1.1 200) 4 headers in 158 bytes (1 switches on core 0) [pid: 7|app: 0|req: 1642/3516] 10.0.0.126 () {32 vars in 685 bytes} [Tue Jun 9 18:08:20 2026] GET /v2.0/floatingips?tags=red%2Cblue => generated 1128 bytes in 58 msecs (HTTP/1.1 200) 4 headers in 158 bytes (1 switches on core 0) [pid: 6|app: 0|req: 1875/3517] 10.0.0.126 () {32 vars in 681 bytes} [Tue Jun 9 18:08:20 2026] GET /v2.0/floatingips?tags-any=blue => generated 1128 bytes in 66 msecs (HTTP/1.1 200) 4 headers in 158 bytes (1 switches on core 0) [pid: 7|app: 0|req: 1643/3518] 10.0.0.126 () {32 vars in 693 bytes} [Tue Jun 9 18:08:20 2026] GET /v2.0/floatingips?tags-any=red%2Cblue => generated 1671 bytes in 61 msecs (HTTP/1.1 200) 4 headers in 158 bytes (1 switches on core 0) [pid: 6|app: 0|req: 1876/3519] 10.0.0.126 () {32 vars in 679 bytes} [Tue Jun 9 18:08:20 2026] GET /v2.0/floatingips?not-tags=red => generated 1100 bytes in 42 msecs (HTTP/1.1 200) 4 headers in 158 bytes (1 switches on core 0) [pid: 7|app: 0|req: 1644/3520] 10.0.0.126 () {32 vars in 693 bytes} [Tue Jun 9 18:08:20 2026] GET /v2.0/floatingips?not-tags=red%2Cblue => generated 1643 bytes in 53 msecs (HTTP/1.1 200) 4 headers in 158 bytes (1 switches on core 0) [pid: 6|app: 0|req: 1877/3521] 10.0.0.126 () {32 vars in 689 bytes} [Tue Jun 9 18:08:20 2026] GET /v2.0/floatingips?not-tags-any=blue => generated 1643 bytes in 60 msecs (HTTP/1.1 200) 4 headers in 158 bytes (1 switches on core 0) [pid: 7|app: 0|req: 1645/3522] 10.0.0.126 () {32 vars in 701 bytes} [Tue Jun 9 18:08:20 2026] GET /v2.0/floatingips?not-tags-any=red%2Cblue => generated 1100 bytes in 48 msecs (HTTP/1.1 200) 4 headers in 158 bytes (1 switches on core 0)
2026-06-09 18:08:20.804 6 INFO neutron_taas.services.taas.taas_plugin [None req-b3938bc0-fd9b-4987-946b-9841abeaf729 0af27cb3196d441bafa35907d875dd61 06c21e35730c4b519d48bf6a5a95bf32 - - default default] TaaS: Handle Delete Port: 2694695d-6aa7-4b23-877e-06182c50a90b
2026-06-09 18:08:20.808 6 INFO neutron_taas.services.taas.tap_mirror_plugin [None req-b3938bc0-fd9b-4987-946b-9841abeaf729 0af27cb3196d441bafa35907d875dd61 06c21e35730c4b519d48bf6a5a95bf32 - - default default] Tap Mirror: Handle Delete Port: 2694695d-6aa7-4b23-877e-06182c50a90b [pid: 6|app: 0|req: 1878/3523] 10.0.0.126 () {32 vars in 731 bytes} [Tue Jun 9 18:08:20 2026] DELETE /v2.0/floatingips/ccd16312-2de7-4a30-a2a0-9870cf2323d2 => generated 0 bytes in 334 msecs (HTTP/1.1 204) 2 headers in 112 bytes (1 switches on core 0)
2026-06-09 18:08:21.104 7 INFO neutron_taas.services.taas.taas_plugin [None req-a40805b1-30ce-4371-b4cf-ec49038055ba 0af27cb3196d441bafa35907d875dd61 06c21e35730c4b519d48bf6a5a95bf32 - - default default] TaaS: Handle Delete Port: f3355e55-74d0-4eec-a27c-04e584dd18c1
2026-06-09 18:08:21.108 7 INFO neutron_taas.services.taas.tap_mirror_plugin [None req-a40805b1-30ce-4371-b4cf-ec49038055ba 0af27cb3196d441bafa35907d875dd61 06c21e35730c4b519d48bf6a5a95bf32 - - default default] Tap Mirror: Handle Delete Port: f3355e55-74d0-4eec-a27c-04e584dd18c1 [pid: 7|app: 0|req: 1646/3524] 10.0.0.126 () {32 vars in 731 bytes} [Tue Jun 9 18:08:20 2026] DELETE /v2.0/floatingips/4d2a407b-aad0-42a9-a663-68001206d92a => generated 0 bytes in 281 msecs (HTTP/1.1 204) 2 headers in 112 bytes (1 switches on core 0)
2026-06-09 18:08:21.401 6 INFO neutron_taas.services.taas.taas_plugin [None req-d893f4c5-78b3-409a-a520-deeca0a0c5c0 0af27cb3196d441bafa35907d875dd61 06c21e35730c4b519d48bf6a5a95bf32 - - default default] TaaS: Handle Delete Port: 513464d6-46b9-4f61-9235-75f37ba222ae
2026-06-09 18:08:21.405 6 INFO neutron_taas.services.taas.tap_mirror_plugin [None req-d893f4c5-78b3-409a-a520-deeca0a0c5c0 0af27cb3196d441bafa35907d875dd61 06c21e35730c4b519d48bf6a5a95bf32 - - default default] Tap Mirror: Handle Delete Port: 513464d6-46b9-4f61-9235-75f37ba222ae [pid: 6|app: 0|req: 1879/3525] 10.0.0.126 () {32 vars in 731 bytes} [Tue Jun 9 18:08:21 2026] DELETE /v2.0/floatingips/5955ebb7-0a12-4e50-917e-784bf35fb791 => generated 0 bytes in 279 msecs (HTTP/1.1 204) 2 headers in 112 bytes (1 switches on core 0)
2026-06-09 18:08:21.667 7 INFO neutron_taas.services.taas.taas_plugin [None req-63482388-5fd6-4b25-87db-be854839120a 0af27cb3196d441bafa35907d875dd61 06c21e35730c4b519d48bf6a5a95bf32 - - default default] TaaS: Handle Delete Port: a21f7432-7011-44ee-93a3-2ee1409bd6a3
2026-06-09 18:08:21.670 7 INFO neutron_taas.services.taas.tap_mirror_plugin [None req-63482388-5fd6-4b25-87db-be854839120a 0af27cb3196d441bafa35907d875dd61 06c21e35730c4b519d48bf6a5a95bf32 - - default default] Tap Mirror: Handle Delete Port: a21f7432-7011-44ee-93a3-2ee1409bd6a3 [pid: 7|app: 0|req: 1647/3526] 10.0.0.126 () {32 vars in 731 bytes} [Tue Jun 9 18:08:21 2026] DELETE /v2.0/floatingips/c36af79d-5fa1-4d6b-aec6-a0c5b7a5d243 => generated 0 bytes in 279 msecs (HTTP/1.1 204) 2 headers in 112 bytes (1 switches on core 0)
2026-06-09 18:08:21.936 6 INFO neutron_taas.services.taas.taas_plugin [None req-97221295-d130-4a23-82d9-b3bf8c747e01 0af27cb3196d441bafa35907d875dd61 06c21e35730c4b519d48bf6a5a95bf32 - - default default] TaaS: Handle Delete Port: adb5b096-f23a-485d-9455-eb11425214c9
2026-06-09 18:08:21.939 6 INFO neutron_taas.services.taas.tap_mirror_plugin [None req-97221295-d130-4a23-82d9-b3bf8c747e01 0af27cb3196d441bafa35907d875dd61 06c21e35730c4b519d48bf6a5a95bf32 - - default default] Tap Mirror: Handle Delete Port: adb5b096-f23a-485d-9455-eb11425214c9 [pid: 6|app: 0|req: 1880/3527] 10.0.0.126 () {32 vars in 731 bytes} [Tue Jun 9 18:08:21 2026] DELETE /v2.0/floatingips/9e6a5659-6965-4126-99b0-846df0bb1c20 => generated 0 bytes in 220 msecs (HTTP/1.1 204) 2 headers in 112 bytes (1 switches on core 0)
2026-06-09 18:08:23.167 7 INFO neutron.db.ovn_revision_numbers_db [None req-d706a244-69b6-44d8-b49a-432f3e210671 10070119af29400baa618331feed846a a0c08d580a1a48deb28cac4929d6ee69 - - default default] Successfully bumped revision number for resource 7e976a47-fbe2-48c2-bc41-232ae3155a80 (type: security_groups) to 1
2026-06-09 18:08:23.180 7 INFO neutron.db.ovn_revision_numbers_db [None req-d706a244-69b6-44d8-b49a-432f3e210671 10070119af29400baa618331feed846a a0c08d580a1a48deb28cac4929d6ee69 - - default default] Successfully bumped revision number for resource 00a08696-d324-4d5d-a63f-43aaab933933 (type: security_group_rules) to 0
2026-06-09 18:08:23.194 7 INFO neutron.db.ovn_revision_numbers_db [None req-d706a244-69b6-44d8-b49a-432f3e210671 10070119af29400baa618331feed846a a0c08d580a1a48deb28cac4929d6ee69 - - default default] Successfully bumped revision number for resource 6ff37a91-8aed-4267-a29c-24de8dfea3f2 (type: security_group_rules) to 0
2026-06-09 18:08:23.206 7 INFO neutron.db.ovn_revision_numbers_db [None req-d706a244-69b6-44d8-b49a-432f3e210671 10070119af29400baa618331feed846a a0c08d580a1a48deb28cac4929d6ee69 - - default default] Successfully bumped revision number for resource b944ca1b-3003-4cee-aa72-da4e0fe4b4f4 (type: security_group_rules) to 0
2026-06-09 18:08:23.217 7 INFO neutron.db.ovn_revision_numbers_db [None req-d706a244-69b6-44d8-b49a-432f3e210671 10070119af29400baa618331feed846a a0c08d580a1a48deb28cac4929d6ee69 - - default default] Successfully bumped revision number for resource c421b0b4-9245-4669-81ab-76ff4527d3fe (type: security_group_rules) to 0 [pid: 7|app: 0|req: 1648/3528] 10.0.0.126 () {32 vars in 773 bytes} [Tue Jun 9 18:08:22 2026] GET /v2.0/security-groups?tenant_id=06c21e35730c4b519d48bf6a5a95bf32&name=default => generated 2929 bytes in 383 msecs (HTTP/1.1 200) 4 headers in 158 bytes (1 switches on core 0) [pid: 6|app: 0|req: 1881/3529] 10.0.0.126 () {32 vars in 739 bytes} [Tue Jun 9 18:08:23 2026] DELETE /v2.0/security-groups/7e976a47-fbe2-48c2-bc41-232ae3155a80 => generated 0 bytes in 264 msecs (HTTP/1.1 204) 2 headers in 112 bytes (1 switches on core 0)
2026-06-09 18:08:23.756 7 INFO neutron.db.ovn_revision_numbers_db [None req-0178e0b4-9958-458c-a0e6-8eb9e78426cc 10070119af29400baa618331feed846a a0c08d580a1a48deb28cac4929d6ee69 - - default default] Successfully bumped revision number for resource 6466f373-2b19-42e3-b4b7-a9fd5724415c (type: security_groups) to 1
2026-06-09 18:08:23.772 7 INFO neutron.db.ovn_revision_numbers_db [None req-0178e0b4-9958-458c-a0e6-8eb9e78426cc 10070119af29400baa618331feed846a a0c08d580a1a48deb28cac4929d6ee69 - - default default] Successfully bumped revision number for resource 4dabd353-414b-4b89-a46b-3849b24b595a (type: security_group_rules) to 0
2026-06-09 18:08:23.784 7 INFO neutron.db.ovn_revision_numbers_db [None req-0178e0b4-9958-458c-a0e6-8eb9e78426cc 10070119af29400baa618331feed846a a0c08d580a1a48deb28cac4929d6ee69 - - default default] Successfully bumped revision number for resource 6e209ce0-27eb-45bb-a711-1114884c8893 (type: security_group_rules) to 0
2026-06-09 18:08:23.797 7 INFO neutron.db.ovn_revision_numbers_db [None req-0178e0b4-9958-458c-a0e6-8eb9e78426cc 10070119af29400baa618331feed846a a0c08d580a1a48deb28cac4929d6ee69 - - default default] Successfully bumped revision number for resource a2f0cc17-ca33-4881-b9db-937390eb6798 (type: security_group_rules) to 0
2026-06-09 18:08:23.808 7 INFO neutron.db.ovn_revision_numbers_db [None req-0178e0b4-9958-458c-a0e6-8eb9e78426cc 10070119af29400baa618331feed846a a0c08d580a1a48deb28cac4929d6ee69 - - default default] Successfully bumped revision number for resource ef089913-5f4e-469f-890f-ae26483f9853 (type: security_group_rules) to 0 [pid: 7|app: 0|req: 1649/3530] 10.0.0.126 () {32 vars in 773 bytes} [Tue Jun 9 18:08:23 2026] GET /v2.0/security-groups?tenant_id=394bac28627f4e31b969adc33726aa64&name=default => generated 2929 bytes in 235 msecs (HTTP/1.1 200) 4 headers in 158 bytes (1 switches on core 0) [pid: 6|app: 0|req: 1882/3531] 10.0.0.126 () {32 vars in 739 bytes} [Tue Jun 9 18:08:23 2026] DELETE /v2.0/security-groups/6466f373-2b19-42e3-b4b7-a9fd5724415c => generated 0 bytes in 212 msecs (HTTP/1.1 204) 2 headers in 112 bytes (1 switches on core 0)
2026-06-09 18:08:24.332 7 INFO neutron.db.ovn_revision_numbers_db [None req-60974e4f-b28f-4fd5-8d6e-0cffb6009855 10070119af29400baa618331feed846a a0c08d580a1a48deb28cac4929d6ee69 - - default default] Successfully bumped revision number for resource 4c59ae2a-16ad-4c5c-b6cd-494f45d9ee4b (type: security_groups) to 1
2026-06-09 18:08:24.352 7 INFO neutron.db.ovn_revision_numbers_db [None req-60974e4f-b28f-4fd5-8d6e-0cffb6009855 10070119af29400baa618331feed846a a0c08d580a1a48deb28cac4929d6ee69 - - default default] Successfully bumped revision number for resource 0ce878cb-8c8b-42bf-8fea-50418fc74365 (type: security_group_rules) to 0
2026-06-09 18:08:24.367 7 INFO neutron.db.ovn_revision_numbers_db [None req-60974e4f-b28f-4fd5-8d6e-0cffb6009855 10070119af29400baa618331feed846a a0c08d580a1a48deb28cac4929d6ee69 - - default default] Successfully bumped revision number for resource 9ed66d04-f2ee-4001-8d44-609bc88edbd6 (type: security_group_rules) to 0
2026-06-09 18:08:24.386 7 INFO neutron.db.ovn_revision_numbers_db [None req-60974e4f-b28f-4fd5-8d6e-0cffb6009855 10070119af29400baa618331feed846a a0c08d580a1a48deb28cac4929d6ee69 - - default default] Successfully bumped revision number for resource 9ef53971-26f4-41ae-ab9b-10902abea6af (type: security_group_rules) to 0
2026-06-09 18:08:24.400 7 INFO neutron.db.ovn_revision_numbers_db [None req-60974e4f-b28f-4fd5-8d6e-0cffb6009855 10070119af29400baa618331feed846a a0c08d580a1a48deb28cac4929d6ee69 - - default default] Successfully bumped revision number for resource d4330951-4bac-4a0f-b9bd-e468e1af4b5b (type: security_group_rules) to 0 [pid: 7|app: 0|req: 1650/3532] 10.0.0.126 () {32 vars in 773 bytes} [Tue Jun 9 18:08:24 2026] GET /v2.0/security-groups?tenant_id=f63d918f6843443f8751705a3f7506e4&name=default => generated 2929 bytes in 232 msecs (HTTP/1.1 200) 4 headers in 158 bytes (1 switches on core 0) [pid: 6|app: 0|req: 1883/3533] 10.0.0.126 () {32 vars in 739 bytes} [Tue Jun 9 18:08:24 2026] DELETE /v2.0/security-groups/4c59ae2a-16ad-4c5c-b6cd-494f45d9ee4b => generated 0 bytes in 248 msecs (HTTP/1.1 204) 2 headers in 112 bytes (1 switches on core 0)
2026-06-09 18:08:29.156 6 INFO neutron.db.ovn_revision_numbers_db [None req-b080cbc1-0fe2-41af-87ba-48208eaa6397 f68438fe54b64488a42a20e7b642c6f9 e365c4d95b3d473dbf9b0581e458461b - - default default] Successfully bumped revision number for resource d50f6f54-670b-4dc5-bdc4-0a18ab99c09d (type: security_groups) to 1
2026-06-09 18:08:29.171 6 INFO neutron.db.ovn_revision_numbers_db [None req-b080cbc1-0fe2-41af-87ba-48208eaa6397 f68438fe54b64488a42a20e7b642c6f9 e365c4d95b3d473dbf9b0581e458461b - - default default] Successfully bumped revision number for resource 472ea1b3-f168-49c1-847f-ebe41db5c731 (type: security_group_rules) to 0
2026-06-09 18:08:29.186 6 INFO neutron.db.ovn_revision_numbers_db [None req-b080cbc1-0fe2-41af-87ba-48208eaa6397 f68438fe54b64488a42a20e7b642c6f9 e365c4d95b3d473dbf9b0581e458461b - - default default] Successfully bumped revision number for resource 9fd35d89-806d-4af3-b477-f5b772b00f3f (type: security_group_rules) to 0
2026-06-09 18:08:29.199 6 INFO neutron.db.ovn_revision_numbers_db [None req-b080cbc1-0fe2-41af-87ba-48208eaa6397 f68438fe54b64488a42a20e7b642c6f9 e365c4d95b3d473dbf9b0581e458461b - - default default] Successfully bumped revision number for resource e247d346-bc07-460d-b44c-2216d1328ef4 (type: security_group_rules) to 0
2026-06-09 18:08:29.210 6 INFO neutron.db.ovn_revision_numbers_db [None req-b080cbc1-0fe2-41af-87ba-48208eaa6397 f68438fe54b64488a42a20e7b642c6f9 e365c4d95b3d473dbf9b0581e458461b - - default default] Successfully bumped revision number for resource ff1a5153-e195-435c-9015-c9ab9c9cc8e7 (type: security_group_rules) to 0
2026-06-09 18:08:29.285 6 INFO neutron.db.segments_db [None req-b080cbc1-0fe2-41af-87ba-48208eaa6397 f68438fe54b64488a42a20e7b642c6f9 e365c4d95b3d473dbf9b0581e458461b - - default default] Added segment e17621c3-4074-4f40-8157-80f551d6df7b of type geneve for network 51c01154-99eb-47e4-b33d-370632f9adfe
2026-06-09 18:08:29.413 6 INFO neutron.db.ovn_revision_numbers_db [None req-b080cbc1-0fe2-41af-87ba-48208eaa6397 f68438fe54b64488a42a20e7b642c6f9 e365c4d95b3d473dbf9b0581e458461b - - default default] Successfully bumped revision number for resource 51c01154-99eb-47e4-b33d-370632f9adfe (type: networks) to 1
2026-06-09 18:08:29.596 6 WARNING neutron.scheduler.dhcp_agent_scheduler [None req-b080cbc1-0fe2-41af-87ba-48208eaa6397 f68438fe54b64488a42a20e7b642c6f9 e365c4d95b3d473dbf9b0581e458461b - - default default] No more DHCP agents
2026-06-09 18:08:29.598 6 WARNING neutron.api.rpc.agentnotifiers.dhcp_rpc_agent_api [None req-b080cbc1-0fe2-41af-87ba-48208eaa6397 f68438fe54b64488a42a20e7b642c6f9 e365c4d95b3d473dbf9b0581e458461b - - default default] Unable to schedule network 51c01154-99eb-47e4-b33d-370632f9adfe: no agents available; will retry on subsequent port and subnet creation events.
2026-06-09 18:08:29.657 7 INFO neutron.plugins.ml2.drivers.ovn.mech_driver.mech_driver [None req-139def42-2c4a-447d-85a5-8882872a3f54 - - - - - -] OVN reports status down for port: 4496e071-17cc-4767-abad-ec4d4a8aed90
