2026-06-09 18:02:35.373 7 INFO neutron_taas.services.taas.taas_plugin [None req-50d6d69b-6fe5-43b4-b37f-1e606fe04d48 1e332b8e337d442696942742da4a7f8c bffbaad20da84bd3a168205351f22bdf - - default default] TaaS: Handle Delete Port: 38c64fad-0ce5-4d4c-ad55-241dced993c5
2026-06-09 18:02:35.376 7 INFO neutron_taas.services.taas.tap_mirror_plugin [None req-50d6d69b-6fe5-43b4-b37f-1e606fe04d48 1e332b8e337d442696942742da4a7f8c bffbaad20da84bd3a168205351f22bdf - - default default] Tap Mirror: Handle Delete Port: 38c64fad-0ce5-4d4c-ad55-241dced993c5 [pid: 6|app: 0|req: 1032/1949] 10.0.0.126 () {32 vars in 725 bytes} [Tue Jun 9 18:02:34 2026] DELETE /v2.0/networks/ac6f4c8c-e7d7-4a17-b887-1d87988e7064 => generated 0 bytes in 851 msecs (HTTP/1.1 204) 3 headers in 131 bytes (1 switches on core 0) [pid: 6|app: 0|req: 1033/1950] 10.0.0.247 () {28 vars in 582 bytes} [Tue Jun 9 18:02:35 2026] GET /v2.0/subnets => generated 1986 bytes in 32 msecs (HTTP/1.1 200) 4 headers in 158 bytes (1 switches on core 0) [pid: 6|app: 0|req: 1034/1951] 10.0.0.247 () {28 vars in 590 bytes} [Tue Jun 9 18:02:35 2026] GET /v2.0/subnetpools => generated 19 bytes in 13 msecs (HTTP/1.1 200) 4 headers in 156 bytes (1 switches on core 0)
2026-06-09 18:02:35.643 6 INFO neutron.services.segments.plugin [-] Segment 4b2eeadb-c0cd-4c40-a655-a17adb5a01bc resource provider aggregate not found
2026-06-09 18:02:35.654 6 INFO neutron.services.segments.plugin [-] Segment 4b2eeadb-c0cd-4c40-a655-a17adb5a01bc resource provider aggregate not found
2026-06-09 18:02:35.665 6 INFO neutron.services.segments.plugin [-] Segment 4b2eeadb-c0cd-4c40-a655-a17adb5a01bc resource provider not found; error: Placement Client Error (4xx): {"errors": [{"status": 404, "title": "Not Found", "detail": "The resource could not be found.\n\n No resource provider with uuid 4b2eeadb-c0cd-4c40-a655-a17adb5a01bc found for delete ", "request_id": "req-f435253c-13e4-4653-9ad6-548ca26c75f3"}]}
2026-06-09 18:02:35.672 6 INFO neutron.services.segments.plugin [-] Segment 4b2eeadb-c0cd-4c40-a655-a17adb5a01bc resource provider not found; error: Placement Client Error (4xx): {"errors": [{"status": 404, "title": "Not Found", "detail": "The resource could not be found.\n\n No resource provider with uuid 4b2eeadb-c0cd-4c40-a655-a17adb5a01bc found for delete ", "request_id": "req-dcc863e2-4311-43aa-8d9c-0a2e5edd0b58"}]} [pid: 6|app: 0|req: 1035/1952] 10.0.0.247 () {28 vars in 584 bytes} [Tue Jun 9 18:02:35 2026] GET /v2.0/networks => generated 3827 bytes in 94 msecs (HTTP/1.1 200) 4 headers in 158 bytes (1 switches on core 0) [pid: 6|app: 0|req: 1036/1953] 10.0.0.247 () {28 vars in 598 bytes} [Tue Jun 9 18:02:35 2026] GET /v2.0/security-groups => generated 26109 bytes in 50 msecs (HTTP/1.1 200) 4 headers in 159 bytes (1 switches on core 0) [pid: 6|app: 0|req: 1037/1954] 10.0.0.247 () {28 vars in 578 bytes} [Tue Jun 9 18:02:35 2026] GET /v2.0/ports => generated 9272 bytes in 64 msecs (HTTP/1.1 200) 4 headers in 158 bytes (1 switches on core 0) [pid: 7|app: 0|req: 918/1955] 10.0.0.126 () {32 vars in 725 bytes} [Tue Jun 9 18:02:35 2026] DELETE /v2.0/networks/a2b8e987-3869-4b49-a733-c5f6467902b5 => generated 0 bytes in 856 msecs (HTTP/1.1 204) 3 headers in 131 bytes (1 switches on core 0) [pid: 6|app: 0|req: 1038/1956] 10.0.0.126 () {32 vars in 773 bytes} [Tue Jun 9 18:02:36 2026] GET /v2.0/security-groups?tenant_id=babf1d0ad2ac4b1aac00caedb3d01259&name=default => generated 2925 bytes in 169 msecs (HTTP/1.1 200) 4 headers in 158 bytes (1 switches on core 0) [pid: 6|app: 0|req: 1039/1957] 10.0.0.36 () {34 vars in 988 bytes} [Tue Jun 9 18:02:36 2026] GET /v2.0/ports?device_id=99450b67-30b0-4f39-8f57-c045d7c25899 => generated 12 bytes in 24 msecs (HTTP/1.1 200) 4 headers in 156 bytes (1 switches on core 0) [pid: 7|app: 0|req: 919/1958] 10.0.0.126 () {32 vars in 739 bytes} [Tue Jun 9 18:02:36 2026] DELETE /v2.0/security-groups/2f97726f-fceb-4e40-943f-caeacdbeb0d6 => generated 0 bytes in 255 msecs (HTTP/1.1 204) 2 headers in 112 bytes (1 switches on core 0)
2026-06-09 18:02:37.007 7 INFO neutron.services.segments.plugin [-] Segment 7aed6afb-e78a-4872-9bc0-6d03e30cf238 resource provider aggregate not found
2026-06-09 18:02:37.013 7 INFO neutron.services.segments.plugin [-] Segment 7aed6afb-e78a-4872-9bc0-6d03e30cf238 resource provider aggregate not found
2026-06-09 18:02:37.029 7 INFO neutron.services.segments.plugin [-] Segment 7aed6afb-e78a-4872-9bc0-6d03e30cf238 resource provider not found; error: Placement Client Error (4xx): {"errors": [{"status": 404, "title": "Not Found", "detail": "The resource could not be found.\n\n No resource provider with uuid 7aed6afb-e78a-4872-9bc0-6d03e30cf238 found for delete ", "request_id": "req-e4581f1c-b14f-4c46-94fd-3acbe0b65951"}]}
2026-06-09 18:02:37.036 7 INFO neutron.services.segments.plugin [-] Segment 7aed6afb-e78a-4872-9bc0-6d03e30cf238 resource provider not found; error: Placement Client Error (4xx): {"errors": [{"status": 404, "title": "Not Found", "detail": "The resource could not be found.\n\n No resource provider with uuid 7aed6afb-e78a-4872-9bc0-6d03e30cf238 found for delete ", "request_id": "req-d918f23b-ce66-418e-95da-b91d2f5629fb"}]}
2026-06-09 18:02:37.148 6 INFO neutron.db.ovn_revision_numbers_db [None req-5ade336b-231c-4de7-a92f-5d735a2b81a5 10070119af29400baa618331feed846a a0c08d580a1a48deb28cac4929d6ee69 - - default default] Successfully bumped revision number for resource 1071dd30-b634-4dfd-a176-e50edcfb8044 (type: security_groups) to 1
2026-06-09 18:02:37.165 6 INFO neutron.db.ovn_revision_numbers_db [None req-5ade336b-231c-4de7-a92f-5d735a2b81a5 10070119af29400baa618331feed846a a0c08d580a1a48deb28cac4929d6ee69 - - default default] Successfully bumped revision number for resource 21da7dd4-f420-4eac-a7ea-827a5f8bedd6 (type: security_group_rules) to 0
2026-06-09 18:02:37.184 6 INFO neutron.db.ovn_revision_numbers_db [None req-5ade336b-231c-4de7-a92f-5d735a2b81a5 10070119af29400baa618331feed846a a0c08d580a1a48deb28cac4929d6ee69 - - default default] Successfully bumped revision number for resource 22700138-a228-419e-a64d-4204aa9caa24 (type: security_group_rules) to 0
2026-06-09 18:02:37.195 6 INFO neutron.db.ovn_revision_numbers_db [None req-5ade336b-231c-4de7-a92f-5d735a2b81a5 10070119af29400baa618331feed846a a0c08d580a1a48deb28cac4929d6ee69 - - default default] Successfully bumped revision number for resource 9e6590cb-cf32-4576-a803-3348e17df249 (type: security_group_rules) to 0
2026-06-09 18:02:37.218 6 INFO neutron.db.ovn_revision_numbers_db [None req-5ade336b-231c-4de7-a92f-5d735a2b81a5 10070119af29400baa618331feed846a a0c08d580a1a48deb28cac4929d6ee69 - - default default] Successfully bumped revision number for resource d2fba881-54f5-4739-866a-595f072f28d0 (type: security_group_rules) to 0 [pid: 6|app: 0|req: 1040/1959] 10.0.0.126 () {32 vars in 773 bytes} [Tue Jun 9 18:02:36 2026] GET /v2.0/security-groups?tenant_id=f745c4b06804427299fc02d6af9192ac&name=default => generated 2925 bytes in 391 msecs (HTTP/1.1 200) 4 headers in 158 bytes (1 switches on core 0) [pid: 7|app: 0|req: 920/1960] 10.0.0.126 () {32 vars in 739 bytes} [Tue Jun 9 18:02:37 2026] DELETE /v2.0/security-groups/1071dd30-b634-4dfd-a176-e50edcfb8044 => generated 0 bytes in 270 msecs (HTTP/1.1 204) 2 headers in 112 bytes (1 switches on core 0) [pid: 6|app: 0|req: 1041/1961] 10.0.0.126 () {32 vars in 773 bytes} [Tue Jun 9 18:02:37 2026] GET /v2.0/security-groups?tenant_id=bffbaad20da84bd3a168205351f22bdf&name=default => generated 2925 bytes in 33 msecs (HTTP/1.1 200) 4 headers in 158 bytes (1 switches on core 0) [pid: 7|app: 0|req: 921/1962] 10.0.0.126 () {32 vars in 739 bytes} [Tue Jun 9 18:02:37 2026] DELETE /v2.0/security-groups/38b8ee0a-0d08-42f3-a82c-76242e9e3ade => generated 0 bytes in 215 msecs (HTTP/1.1 204) 2 headers in 112 bytes (1 switches on core 0)
2026-06-09 18:02:38.788 6 INFO neutron.db.ovn_revision_numbers_db [None req-3442235e-daf8-45bc-9fd0-b02bb76230a5 94a1b698b1214082a09a0b65dbcbb2ba 486fc31084ba4d44bf115bdc207d98c0 - - default default] Successfully bumped revision number for resource b0df2569-77f5-4b06-9fc3-1ce02720416b (type: security_groups) to 1
2026-06-09 18:02:38.802 6 INFO neutron.db.ovn_revision_numbers_db [None req-3442235e-daf8-45bc-9fd0-b02bb76230a5 94a1b698b1214082a09a0b65dbcbb2ba 486fc31084ba4d44bf115bdc207d98c0 - - default default] Successfully bumped revision number for resource 12594fec-17b9-4600-8014-e2e38f9ef280 (type: security_group_rules) to 0
2026-06-09 18:02:38.813 6 INFO neutron.db.ovn_revision_numbers_db [None req-3442235e-daf8-45bc-9fd0-b02bb76230a5 94a1b698b1214082a09a0b65dbcbb2ba 486fc31084ba4d44bf115bdc207d98c0 - - default default] Successfully bumped revision number for resource 1af5401f-ce01-4a51-a24f-c2a420c8d077 (type: security_group_rules) to 0
2026-06-09 18:02:38.825 6 INFO neutron.db.ovn_revision_numbers_db [None req-3442235e-daf8-45bc-9fd0-b02bb76230a5 94a1b698b1214082a09a0b65dbcbb2ba 486fc31084ba4d44bf115bdc207d98c0 - - default default] Successfully bumped revision number for resource 7f7cf1bd-fa69-4f47-bd93-e8384926ecb8 (type: security_group_rules) to 0
2026-06-09 18:02:38.836 6 INFO neutron.db.ovn_revision_numbers_db [None req-3442235e-daf8-45bc-9fd0-b02bb76230a5 94a1b698b1214082a09a0b65dbcbb2ba 486fc31084ba4d44bf115bdc207d98c0 - - default default] Successfully bumped revision number for resource b779b3ac-c3b2-48e1-9a3f-f8900e525f8b (type: security_group_rules) to 0
2026-06-09 18:02:38.917 6 INFO neutron.db.segments_db [None req-3442235e-daf8-45bc-9fd0-b02bb76230a5 94a1b698b1214082a09a0b65dbcbb2ba 486fc31084ba4d44bf115bdc207d98c0 - - default default] Added segment 43df36c7-9078-48cd-b5a1-c0738c03cf0c of type geneve for network 924d6345-e8ce-4c6d-97f6-9d97f7f59fac
2026-06-09 18:02:38.929 7 INFO neutron_taas.services.taas.taas_plugin [None req-a8fbf2b4-20e0-4519-913c-958ca4fb2aba 10070119af29400baa618331feed846a a0c08d580a1a48deb28cac4929d6ee69 - - default default] TaaS: Handle Delete Port: 7fda55c5-0a94-46a2-a8a0-7b8b41c8170a
2026-06-09 18:02:38.932 7 INFO neutron_taas.services.taas.tap_mirror_plugin [None req-a8fbf2b4-20e0-4519-913c-958ca4fb2aba 10070119af29400baa618331feed846a a0c08d580a1a48deb28cac4929d6ee69 - - default default] Tap Mirror: Handle Delete Port: 7fda55c5-0a94-46a2-a8a0-7b8b41c8170a
2026-06-09 18:02:39.033 6 INFO neutron.db.ovn_revision_numbers_db [None req-3442235e-daf8-45bc-9fd0-b02bb76230a5 94a1b698b1214082a09a0b65dbcbb2ba 486fc31084ba4d44bf115bdc207d98c0 - - default default] Successfully bumped revision number for resource 924d6345-e8ce-4c6d-97f6-9d97f7f59fac (type: networks) to 1
2026-06-09 18:02:39.252 6 WARNING neutron.scheduler.dhcp_agent_scheduler [None req-3442235e-daf8-45bc-9fd0-b02bb76230a5 94a1b698b1214082a09a0b65dbcbb2ba 486fc31084ba4d44bf115bdc207d98c0 - - default default] No more DHCP agents
2026-06-09 18:02:39.254 6 WARNING neutron.api.rpc.agentnotifiers.dhcp_rpc_agent_api [None req-3442235e-daf8-45bc-9fd0-b02bb76230a5 94a1b698b1214082a09a0b65dbcbb2ba 486fc31084ba4d44bf115bdc207d98c0 - - default default] Unable to schedule network 924d6345-e8ce-4c6d-97f6-9d97f7f59fac: no agents available; will retry on subsequent port and subnet creation events.
2026-06-09 18:02:39.311 6 INFO neutron.plugins.ml2.drivers.ovn.mech_driver.mech_driver [None req-f0ef85d9-4533-4e77-9dd0-6e1b2628e314 - - - - - -] OVN reports status down for port: 39f4611d-173d-49b1-b869-fa2320711478
2026-06-09 18:02:39.376 6 INFO neutron.db.ovn_revision_numbers_db [None req-3442235e-daf8-45bc-9fd0-b02bb76230a5 94a1b698b1214082a09a0b65dbcbb2ba 486fc31084ba4d44bf115bdc207d98c0 - - default default] Successfully bumped revision number for resource 39f4611d-173d-49b1-b869-fa2320711478 (type: ports) to 1 [pid: 6|app: 0|req: 1042/1963] 10.0.0.126 () {34 vars in 669 bytes} [Tue Jun 9 18:02:38 2026] POST /v2.0/networks => generated 667 bytes in 979 msecs (HTTP/1.1 201) 4 headers in 162 bytes (1 switches on core 0) [pid: 7|app: 0|req: 922/1964] 10.0.0.126 () {34 vars in 788 bytes} [Tue Jun 9 18:02:38 2026] PUT /v2.0/routers/c1931a5c-6e50-45c0-a2c3-f8a63ca723c7/remove_router_interface => generated 309 bytes in 1029 msecs (HTTP/1.1 200) 4 headers in 157 bytes (1 switches on core 0) /var/lib/openstack/lib/python3.12/site-packages/pycadf/identifier.py:70: UserWarning: Invalid uuid: neutron. To ensure interoperability, identifiers should be a valid uuid. warnings.warn(('Invalid uuid: %s. To ensure interoperability, '
2026-06-09 18:02:39.763 6 INFO neutron.db.ovn_revision_numbers_db [None req-18858c46-7bde-47d2-b46e-ca63e917208a 10070119af29400baa618331feed846a a0c08d580a1a48deb28cac4929d6ee69 - - default default] Successfully bumped revision number for resource 0887ff06-4f63-4534-bee9-7d8550fb870b (type: security_groups) to 1
2026-06-09 18:02:39.775 6 INFO neutron.db.ovn_revision_numbers_db [None req-18858c46-7bde-47d2-b46e-ca63e917208a 10070119af29400baa618331feed846a a0c08d580a1a48deb28cac4929d6ee69 - - default default] Successfully bumped revision number for resource 7a676a57-9abd-49cb-bdc8-78958d6bc98d (type: security_group_rules) to 0
2026-06-09 18:02:39.787 6 INFO neutron.db.ovn_revision_numbers_db [None req-18858c46-7bde-47d2-b46e-ca63e917208a 10070119af29400baa618331feed846a a0c08d580a1a48deb28cac4929d6ee69 - - default default] Successfully bumped revision number for resource 7b03eea0-9fc3-4f9d-b873-b309c83e81fd (type: security_group_rules) to 0
2026-06-09 18:02:39.798 6 INFO neutron.db.ovn_revision_numbers_db [None req-18858c46-7bde-47d2-b46e-ca63e917208a 10070119af29400baa618331feed846a a0c08d580a1a48deb28cac4929d6ee69 - - default default] Successfully bumped revision number for resource f56b8f61-5ec6-483d-b2f0-1f545b25171a (type: security_group_rules) to 0
2026-06-09 18:02:39.811 6 INFO neutron.db.ovn_revision_numbers_db [None req-18858c46-7bde-47d2-b46e-ca63e917208a 10070119af29400baa618331feed846a a0c08d580a1a48deb28cac4929d6ee69 - - default default] Successfully bumped revision number for resource f5957dde-506d-4e00-92fa-65edaf64740c (type: security_group_rules) to 0 [pid: 6|app: 0|req: 1043/1965] 10.0.0.126 () {32 vars in 773 bytes} [Tue Jun 9 18:02:39 2026] GET /v2.0/security-groups?tenant_id=03e16822c8224814b5982698275c74b8&name=default => generated 2925 bytes in 438 msecs (HTTP/1.1 200) 4 headers in 158 bytes (1 switches on core 0)
2026-06-09 18:02:39.886 7 WARNING neutron.scheduler.dhcp_agent_scheduler [None req-2993cbf9-3113-457b-b052-983e669bd897 94a1b698b1214082a09a0b65dbcbb2ba 486fc31084ba4d44bf115bdc207d98c0 - - default default] No more DHCP agents
2026-06-09 18:02:39.888 7 WARNING neutron.api.rpc.agentnotifiers.dhcp_rpc_agent_api [None req-2993cbf9-3113-457b-b052-983e669bd897 94a1b698b1214082a09a0b65dbcbb2ba 486fc31084ba4d44bf115bdc207d98c0 - - default default] Unable to schedule network 924d6345-e8ce-4c6d-97f6-9d97f7f59fac: no agents available; will retry on subsequent port and subnet creation events.
2026-06-09 18:02:39.936 7 INFO neutron.plugins.ml2.drivers.ovn.mech_driver.mech_driver [None req-40b5c7e5-3966-49f0-9fc8-a1458837b151 - - - - - -] OVN reports status down for port: 0bdab0a1-4724-4798-8f93-5b33fb50e717
2026-06-09 18:02:40.011 7 INFO neutron.db.ovn_revision_numbers_db [None req-2993cbf9-3113-457b-b052-983e669bd897 94a1b698b1214082a09a0b65dbcbb2ba 486fc31084ba4d44bf115bdc207d98c0 - - default default] Successfully bumped revision number for resource 0bdab0a1-4724-4798-8f93-5b33fb50e717 (type: ports) to 1 [pid: 7|app: 0|req: 923/1966] 10.0.0.126 () {34 vars in 664 bytes} [Tue Jun 9 18:02:39 2026] POST /v2.0/ports => generated 779 bytes in 433 msecs (HTTP/1.1 201) 4 headers in 162 bytes (1 switches on core 0) /var/lib/openstack/lib/python3.12/site-packages/pycadf/identifier.py:70: UserWarning: Invalid uuid: neutron. To ensure interoperability, identifiers should be a valid uuid. warnings.warn(('Invalid uuid: %s. To ensure interoperability, '
2026-06-09 18:02:40.232 6 INFO neutron_taas.services.taas.taas_plugin [None req-8bf260bc-0202-46d4-a5b3-217aaf6d6143 10070119af29400baa618331feed846a a0c08d580a1a48deb28cac4929d6ee69 - - default default] TaaS: Handle Delete Port: 9cfda74c-fb33-47cd-9011-0f010de15544
2026-06-09 18:02:40.238 6 INFO neutron_taas.services.taas.tap_mirror_plugin [None req-8bf260bc-0202-46d4-a5b3-217aaf6d6143 10070119af29400baa618331feed846a a0c08d580a1a48deb28cac4929d6ee69 - - default default] Tap Mirror: Handle Delete Port: 9cfda74c-fb33-47cd-9011-0f010de15544 [pid: 7|app: 0|req: 924/1967] 10.0.0.126 () {32 vars in 739 bytes} [Tue Jun 9 18:02:40 2026] DELETE /v2.0/security-groups/0887ff06-4f63-4534-bee9-7d8550fb870b => generated 0 bytes in 281 msecs (HTTP/1.1 204) 2 headers in 112 bytes (1 switches on core 0)
2026-06-09 18:02:40.460 7 INFO neutron.db.segments_db [None req-192aa96a-b04e-417a-bfac-4986c08577e8 94a1b698b1214082a09a0b65dbcbb2ba 486fc31084ba4d44bf115bdc207d98c0 - - default default] Added segment d42e3aed-c4db-429d-a5fe-8c83abaa8f42 of type geneve for network 93ec1798-cdbd-4be4-a331-5eb1674553fe
2026-06-09 18:02:40.587 7 INFO neutron.db.ovn_revision_numbers_db [None req-192aa96a-b04e-417a-bfac-4986c08577e8 94a1b698b1214082a09a0b65dbcbb2ba 486fc31084ba4d44bf115bdc207d98c0 - - default default] Successfully bumped revision number for resource 93ec1798-cdbd-4be4-a331-5eb1674553fe (type: networks) to 1 [pid: 6|app: 0|req: 1044/1968] 10.0.0.126 () {32 vars in 723 bytes} [Tue Jun 9 18:02:39 2026] DELETE /v2.0/routers/c1931a5c-6e50-45c0-a2c3-f8a63ca723c7 => generated 0 bytes in 853 msecs (HTTP/1.1 204) 2 headers in 112 bytes (1 switches on core 0)
2026-06-09 18:02:40.759 7 WARNING neutron.scheduler.dhcp_agent_scheduler [None req-192aa96a-b04e-417a-bfac-4986c08577e8 94a1b698b1214082a09a0b65dbcbb2ba 486fc31084ba4d44bf115bdc207d98c0 - - default default] No more DHCP agents
2026-06-09 18:02:40.760 7 WARNING neutron.api.rpc.agentnotifiers.dhcp_rpc_agent_api [None req-192aa96a-b04e-417a-bfac-4986c08577e8 94a1b698b1214082a09a0b65dbcbb2ba 486fc31084ba4d44bf115bdc207d98c0 - - default default] Unable to schedule network 93ec1798-cdbd-4be4-a331-5eb1674553fe: no agents available; will retry on subsequent port and subnet creation events.
2026-06-09 18:02:40.818 6 INFO neutron.plugins.ml2.drivers.ovn.mech_driver.mech_driver [None req-f0ef85d9-4533-4e77-9dd0-6e1b2628e314 - - - - - -] OVN reports status down for port: 4eb1f6df-69bb-4bff-8c86-30345bc02a91
2026-06-09 18:02:40.856 7 INFO neutron.db.ovn_revision_numbers_db [None req-192aa96a-b04e-417a-bfac-4986c08577e8 94a1b698b1214082a09a0b65dbcbb2ba 486fc31084ba4d44bf115bdc207d98c0 - - default default] Successfully bumped revision number for resource 4eb1f6df-69bb-4bff-8c86-30345bc02a91 (type: ports) to 1 [pid: 7|app: 0|req: 925/1969] 10.0.0.126 () {34 vars in 669 bytes} [Tue Jun 9 18:02:40 2026] POST /v2.0/networks => generated 655 bytes in 515 msecs (HTTP/1.1 201) 4 headers in 162 bytes (1 switches on core 0) [pid: 6|app: 0|req: 1045/1970] 10.0.0.126 () {32 vars in 723 bytes} [Tue Jun 9 18:02:40 2026] DELETE /v2.0/subnets/4ce7f3ee-d194-41f4-b91c-f76be9ceaf40 => generated 0 bytes in 226 msecs (HTTP/1.1 204) 3 headers in 131 bytes (1 switches on core 0)
2026-06-09 18:02:41.054 6 INFO neutron_taas.services.taas.taas_plugin [None req-2e6f1b64-a9d9-4575-a512-d272e03cc199 10070119af29400baa618331feed846a a0c08d580a1a48deb28cac4929d6ee69 - - default default] TaaS: Handle Delete Port: 7026841f-a4dd-4bdc-81ba-a2f21262776f
2026-06-09 18:02:41.057 6 INFO neutron_taas.services.taas.tap_mirror_plugin [None req-2e6f1b64-a9d9-4575-a512-d272e03cc199 10070119af29400baa618331feed846a a0c08d580a1a48deb28cac4929d6ee69 - - default default] Tap Mirror: Handle Delete Port: 7026841f-a4dd-4bdc-81ba-a2f21262776f
2026-06-09 18:02:41.080 7 WARNING neutron.scheduler.dhcp_agent_scheduler [None req-84e26764-b6b8-40da-930e-00c188669c46 94a1b698b1214082a09a0b65dbcbb2ba 486fc31084ba4d44bf115bdc207d98c0 - - default default] No more DHCP agents
2026-06-09 18:02:41.081 7 WARNING neutron.api.rpc.agentnotifiers.dhcp_rpc_agent_api [None req-84e26764-b6b8-40da-930e-00c188669c46 94a1b698b1214082a09a0b65dbcbb2ba 486fc31084ba4d44bf115bdc207d98c0 - - default default] Unable to schedule network 93ec1798-cdbd-4be4-a331-5eb1674553fe: no agents available; will retry on subsequent port and subnet creation events.
2026-06-09 18:02:41.110 7 INFO neutron.db.ovn_revision_numbers_db [None req-84e26764-b6b8-40da-930e-00c188669c46 94a1b698b1214082a09a0b65dbcbb2ba 486fc31084ba4d44bf115bdc207d98c0 - - default default] Successfully bumped revision number for resource d1fc3d86-5dae-41b0-9383-05b0cd39900f (type: subnets) to 0 [pid: 7|app: 0|req: 926/1971] 10.0.0.126 () {34 vars in 668 bytes} [Tue Jun 9 18:02:40 2026] POST /v2.0/subnets => generated 646 bytes in 232 msecs (HTTP/1.1 201) 4 headers in 162 bytes (1 switches on core 0)
2026-06-09 18:02:41.233 6 INFO neutron.services.segments.plugin [-] Segment a719b545-1ca7-4c20-83d6-03fd0ced0c19 resource provider aggregate not found
2026-06-09 18:02:41.242 6 INFO neutron.services.segments.plugin [-] Segment a719b545-1ca7-4c20-83d6-03fd0ced0c19 resource provider aggregate not found
2026-06-09 18:02:41.259 6 INFO neutron.services.segments.plugin [-] Segment a719b545-1ca7-4c20-83d6-03fd0ced0c19 resource provider not found; error: Placement Client Error (4xx): {"errors": [{"status": 404, "title": "Not Found", "detail": "The resource could not be found.\n\n No resource provider with uuid a719b545-1ca7-4c20-83d6-03fd0ced0c19 found for delete ", "request_id": "req-0956bdef-6cda-4d90-a2dd-7719e99309a7"}]}
2026-06-09 18:02:41.260 6 INFO neutron.services.segments.plugin [-] Segment a719b545-1ca7-4c20-83d6-03fd0ced0c19 resource provider not found; error: Placement Client Error (4xx): {"errors": [{"status": 404, "title": "Not Found", "detail": "The resource could not be found.\n\n No resource provider with uuid a719b545-1ca7-4c20-83d6-03fd0ced0c19 found for delete ", "request_id": "req-b09b815f-f651-4495-8cd0-64ad4bf2691c"}]} [pid: 6|app: 0|req: 1046/1972] 10.0.0.126 () {32 vars in 725 bytes} [Tue Jun 9 18:02:40 2026] DELETE /v2.0/networks/f4b67736-dad6-4976-b478-c7b0d45ac2a8 => generated 0 bytes in 355 msecs (HTTP/1.1 204) 3 headers in 131 bytes (1 switches on core 0)
2026-06-09 18:02:41.478 7 WARNING neutron.scheduler.dhcp_agent_scheduler [None req-a8b11124-2052-45b0-9a47-eff0d7a1d123 94a1b698b1214082a09a0b65dbcbb2ba 486fc31084ba4d44bf115bdc207d98c0 - - default default] No more DHCP agents
2026-06-09 18:02:41.479 7 WARNING neutron.api.rpc.agentnotifiers.dhcp_rpc_agent_api [None req-a8b11124-2052-45b0-9a47-eff0d7a1d123 94a1b698b1214082a09a0b65dbcbb2ba 486fc31084ba4d44bf115bdc207d98c0 - - default default] Unable to schedule network 93ec1798-cdbd-4be4-a331-5eb1674553fe: no agents available; will retry on subsequent port and subnet creation events.
2026-06-09 18:02:41.556 7 INFO neutron.plugins.ml2.drivers.ovn.mech_driver.mech_driver [None req-40b5c7e5-3966-49f0-9fc8-a1458837b151 - - - - - -] OVN reports status down for port: b9d88a2c-5a35-4d91-bdad-6cf3631efbc4
2026-06-09 18:02:41.604 7 INFO neutron.db.ovn_revision_numbers_db [None req-a8b11124-2052-45b0-9a47-eff0d7a1d123 94a1b698b1214082a09a0b65dbcbb2ba 486fc31084ba4d44bf115bdc207d98c0 - - default default] Successfully bumped revision number for resource b9d88a2c-5a35-4d91-bdad-6cf3631efbc4 (type: ports) to 1 [pid: 7|app: 0|req: 927/1973] 10.0.0.126 () {34 vars in 664 bytes} [Tue Jun 9 18:02:41 2026] POST /v2.0/ports => generated 966 bytes in 524 msecs (HTTP/1.1 201) 4 headers in 162 bytes (1 switches on core 0) /var/lib/openstack/lib/python3.12/site-packages/pycadf/identifier.py:70: UserWarning: Invalid uuid: neutron. To ensure interoperability, identifiers should be a valid uuid. warnings.warn(('Invalid uuid: %s. To ensure interoperability, ' [pid: 7|app: 0|req: 928/1974] 10.0.0.126 () {32 vars in 773 bytes} [Tue Jun 9 18:02:41 2026] GET /v2.0/security-groups?tenant_id=ea5685ce85f6449099ca218e6c84e7af&name=default => generated 2925 bytes in 36 msecs (HTTP/1.1 200) 4 headers in 158 bytes (1 switches on core 0)
2026-06-09 18:02:41.693 6 INFO neutron.db.ovn_revision_numbers_db [None req-2cfc9063-5e6a-4a5a-99c5-f6fe7604797e 603f58fa9d934e84bb574c331bcbac01 babe7d56296b482baf77cab732408997 - - default default] Successfully bumped revision number for resource 35a59bbe-7c21-43c1-9e37-83e66a3df1a3 (type: security_groups) to 1
2026-06-09 18:02:41.704 6 INFO neutron.db.ovn_revision_numbers_db [None req-2cfc9063-5e6a-4a5a-99c5-f6fe7604797e 603f58fa9d934e84bb574c331bcbac01 babe7d56296b482baf77cab732408997 - - default default] Successfully bumped revision number for resource 4c1452c3-baad-4dfb-a904-90e0b1e519f6 (type: security_group_rules) to 0
2026-06-09 18:02:41.715 6 INFO neutron.db.ovn_revision_numbers_db [None req-2cfc9063-5e6a-4a5a-99c5-f6fe7604797e 603f58fa9d934e84bb574c331bcbac01 babe7d56296b482baf77cab732408997 - - default default] Successfully bumped revision number for resource 4ee78418-fa95-40f3-833c-dc5d2460b30b (type: security_group_rules) to 0
2026-06-09 18:02:41.726 6 INFO neutron.db.ovn_revision_numbers_db [None req-2cfc9063-5e6a-4a5a-99c5-f6fe7604797e 603f58fa9d934e84bb574c331bcbac01 babe7d56296b482baf77cab732408997 - - default default] Successfully bumped revision number for resource d6ea89e9-dc24-4752-a393-7886899bc4e8 (type: security_group_rules) to 0
2026-06-09 18:02:41.738 6 INFO neutron.db.ovn_revision_numbers_db [None req-2cfc9063-5e6a-4a5a-99c5-f6fe7604797e 603f58fa9d934e84bb574c331bcbac01 babe7d56296b482baf77cab732408997 - - default default] Successfully bumped revision number for resource e41b96ff-a574-40e8-a6c2-a64882558fcd (type: security_group_rules) to 0
2026-06-09 18:02:41.814 6 INFO neutron.db.segments_db [None req-2cfc9063-5e6a-4a5a-99c5-f6fe7604797e 603f58fa9d934e84bb574c331bcbac01 babe7d56296b482baf77cab732408997 - - default default] Added segment f840b28a-4dba-4fa5-a0d7-f3807105e0d5 of type geneve for network b69f45c2-4ef1-4276-85a5-57a271f213df
2026-06-09 18:02:41.820 7 INFO neutron_taas.services.taas.taas_plugin [None req-915877bb-905a-4905-8cb7-ddcaf4a05660 94a1b698b1214082a09a0b65dbcbb2ba 486fc31084ba4d44bf115bdc207d98c0 - - default default] TaaS: Handle Delete Port: b9d88a2c-5a35-4d91-bdad-6cf3631efbc4
2026-06-09 18:02:41.824 7 INFO neutron_taas.services.taas.tap_mirror_plugin [None req-915877bb-905a-4905-8cb7-ddcaf4a05660 94a1b698b1214082a09a0b65dbcbb2ba 486fc31084ba4d44bf115bdc207d98c0 - - default default] Tap Mirror: Handle Delete Port: b9d88a2c-5a35-4d91-bdad-6cf3631efbc4
2026-06-09 18:02:41.919 6 INFO neutron.db.ovn_revision_numbers_db [None req-2cfc9063-5e6a-4a5a-99c5-f6fe7604797e 603f58fa9d934e84bb574c331bcbac01 babe7d56296b482baf77cab732408997 - - default default] Successfully bumped revision number for resource b69f45c2-4ef1-4276-85a5-57a271f213df (type: networks) to 1 [pid: 7|app: 0|req: 929/1975] 10.0.0.126 () {32 vars in 719 bytes} [Tue Jun 9 18:02:41 2026] DELETE /v2.0/ports/b9d88a2c-5a35-4d91-bdad-6cf3631efbc4 => generated 0 bytes in 272 msecs (HTTP/1.1 204) 3 headers in 131 bytes (1 switches on core 0)
2026-06-09 18:02:42.084 6 WARNING neutron.scheduler.dhcp_agent_scheduler [None req-2cfc9063-5e6a-4a5a-99c5-f6fe7604797e 603f58fa9d934e84bb574c331bcbac01 babe7d56296b482baf77cab732408997 - - default default] No more DHCP agents
2026-06-09 18:02:42.085 6 WARNING neutron.api.rpc.agentnotifiers.dhcp_rpc_agent_api [None req-2cfc9063-5e6a-4a5a-99c5-f6fe7604797e 603f58fa9d934e84bb574c331bcbac01 babe7d56296b482baf77cab732408997 - - default default] Unable to schedule network b69f45c2-4ef1-4276-85a5-57a271f213df: no agents available; will retry on subsequent port and subnet creation events.
2026-06-09 18:02:42.130 6 INFO neutron.plugins.ml2.drivers.ovn.mech_driver.mech_driver [None req-f0ef85d9-4533-4e77-9dd0-6e1b2628e314 - - - - - -] OVN reports status down for port: 750638cf-d568-4480-b6d9-79bde3d2b8f3 [pid: 7|app: 0|req: 930/1976] 10.0.0.126 () {32 vars in 739 bytes} [Tue Jun 9 18:02:41 2026] DELETE /v2.0/security-groups/d8217132-0a03-426e-bc34-f342be77e4d1 => generated 0 bytes in 219 msecs (HTTP/1.1 204) 2 headers in 112 bytes (1 switches on core 0)
2026-06-09 18:02:42.195 6 INFO neutron.db.ovn_revision_numbers_db [None req-2cfc9063-5e6a-4a5a-99c5-f6fe7604797e 603f58fa9d934e84bb574c331bcbac01 babe7d56296b482baf77cab732408997 - - default default] Successfully bumped revision number for resource 750638cf-d568-4480-b6d9-79bde3d2b8f3 (type: ports) to 1
2026-06-09 18:02:42.199 7 INFO neutron.pecan_wsgi.hooks.translation [None req-513dd63a-1650-41c1-898e-627e9c143390 94a1b698b1214082a09a0b65dbcbb2ba 486fc31084ba4d44bf115bdc207d98c0 - - default default] DELETE failed (client error): The resource could not be found. [pid: 7|app: 0|req: 931/1977] 10.0.0.126 () {32 vars in 719 bytes} [Tue Jun 9 18:02:42 2026] DELETE /v2.0/ports/b9d88a2c-5a35-4d91-bdad-6cf3631efbc4 => generated 132 bytes in 21 msecs (HTTP/1.1 404) 4 headers in 164 bytes (1 switches on core 0)
2026-06-09 18:02:42.226 7 INFO neutron.pecan_wsgi.hooks.translation [None req-3e6858b0-eb87-4c7b-94d2-32376aa389a0 94a1b698b1214082a09a0b65dbcbb2ba 486fc31084ba4d44bf115bdc207d98c0 - - default default] GET failed (client error): The resource could not be found. [pid: 7|app: 0|req: 932/1978] 10.0.0.126 () {32 vars in 716 bytes} [Tue Jun 9 18:02:42 2026] GET /v2.0/ports/b9d88a2c-5a35-4d91-bdad-6cf3631efbc4 => generated 132 bytes in 17 msecs (HTTP/1.1 404) 4 headers in 164 bytes (1 switches on core 0) [pid: 6|app: 0|req: 1047/1979] 10.0.0.126 () {34 vars in 669 bytes} [Tue Jun 9 18:02:41 2026] POST /v2.0/networks => generated 646 bytes in 952 msecs (HTTP/1.1 201) 4 headers in 162 bytes (1 switches on core 0) [pid: 7|app: 0|req: 933/1980] 10.0.0.126 () {32 vars in 723 bytes} [Tue Jun 9 18:02:42 2026] DELETE /v2.0/subnets/d1fc3d86-5dae-41b0-9383-05b0cd39900f => generated 0 bytes in 143 msecs (HTTP/1.1 204) 3 headers in 131 bytes (1 switches on core 0)
2026-06-09 18:02:42.483 6 WARNING neutron.scheduler.dhcp_agent_scheduler [None req-5b84d377-5697-43df-9c07-1a59320c082c 603f58fa9d934e84bb574c331bcbac01 babe7d56296b482baf77cab732408997 - - default default] No more DHCP agents
2026-06-09 18:02:42.484 6 WARNING neutron.api.rpc.agentnotifiers.dhcp_rpc_agent_api [None req-5b84d377-5697-43df-9c07-1a59320c082c 603f58fa9d934e84bb574c331bcbac01 babe7d56296b482baf77cab732408997 - - default default] Unable to schedule network b69f45c2-4ef1-4276-85a5-57a271f213df: no agents available; will retry on subsequent port and subnet creation events.
2026-06-09 18:02:42.491 7 INFO neutron_taas.services.taas.taas_plugin [None req-320f5691-95e2-4b66-a5b2-997710e637f2 94a1b698b1214082a09a0b65dbcbb2ba 486fc31084ba4d44bf115bdc207d98c0 - - default default] TaaS: Handle Delete Port: 4eb1f6df-69bb-4bff-8c86-30345bc02a91
2026-06-09 18:02:42.493 7 INFO neutron_taas.services.taas.tap_mirror_plugin [None req-320f5691-95e2-4b66-a5b2-997710e637f2 94a1b698b1214082a09a0b65dbcbb2ba 486fc31084ba4d44bf115bdc207d98c0 - - default default] Tap Mirror: Handle Delete Port: 4eb1f6df-69bb-4bff-8c86-30345bc02a91
2026-06-09 18:02:42.652 7 INFO neutron.services.segments.plugin [-] Segment d42e3aed-c4db-429d-a5fe-8c83abaa8f42 resource provider aggregate not found
2026-06-09 18:02:42.655 7 INFO neutron.services.segments.plugin [-] Segment d42e3aed-c4db-429d-a5fe-8c83abaa8f42 resource provider aggregate not found
2026-06-09 18:02:42.672 7 INFO neutron.services.segments.plugin [-] Segment d42e3aed-c4db-429d-a5fe-8c83abaa8f42 resource provider not found; error: Placement Client Error (4xx): {"errors": [{"status": 404, "title": "Not Found", "detail": "The resource could not be found.\n\n No resource provider with uuid d42e3aed-c4db-429d-a5fe-8c83abaa8f42 found for delete ", "request_id": "req-46a270da-edf5-4686-8a04-b5736a55ebc8"}]}
2026-06-09 18:02:42.673 7 INFO neutron.services.segments.plugin [-] Segment d42e3aed-c4db-429d-a5fe-8c83abaa8f42 resource provider not found; error: Placement Client Error (4xx): {"errors": [{"status": 404, "title": "Not Found", "detail": "The resource could not be found.\n\n No resource provider with uuid d42e3aed-c4db-429d-a5fe-8c83abaa8f42 found for delete ", "request_id": "req-bc10cd9b-4b59-4355-9306-08ffb621842a"}]} [pid: 7|app: 0|req: 934/1981] 10.0.0.126 () {32 vars in 725 bytes} [Tue Jun 9 18:02:42 2026] DELETE /v2.0/networks/93ec1798-cdbd-4be4-a331-5eb1674553fe => generated 0 bytes in 319 msecs (HTTP/1.1 204) 3 headers in 131 bytes (1 switches on core 0)
2026-06-09 18:02:42.794 7 INFO neutron.db.segments_db [None req-02de3f58-77ff-4389-ac77-f5be08f0d27e 94a1b698b1214082a09a0b65dbcbb2ba 486fc31084ba4d44bf115bdc207d98c0 - - default default] Added segment ea819d6d-43c9-46b8-8350-19d4670e7242 of type geneve for network f10d589d-b8ea-4f78-ad89-d3783b3e23f0
2026-06-09 18:02:42.922 7 INFO neutron.db.ovn_revision_numbers_db [None req-02de3f58-77ff-4389-ac77-f5be08f0d27e 94a1b698b1214082a09a0b65dbcbb2ba 486fc31084ba4d44bf115bdc207d98c0 - - default default] Successfully bumped revision number for resource f10d589d-b8ea-4f78-ad89-d3783b3e23f0 (type: networks) to 1
2026-06-09 18:02:42.927 6 INFO neutron.db.ovn_revision_numbers_db [None req-f25babaf-6441-40b0-b7d7-c4e56781662c - - - - - -] Successfully bumped revision number for resource 750638cf-d568-4480-b6d9-79bde3d2b8f3 (type: ports) to 2
2026-06-09 18:02:42.964 6 INFO neutron.db.ovn_revision_numbers_db [None req-f25babaf-6441-40b0-b7d7-c4e56781662c - - - - - -] Successfully bumped revision number for resource 2e86f157-2a3c-41e9-8314-e4d428f9ff61 (type: subnets) to 0 [pid: 6|app: 0|req: 1048/1982] 10.0.0.126 () {34 vars in 668 bytes} [Tue Jun 9 18:02:42 2026] POST /v2.0/subnets => generated 626 bytes in 731 msecs (HTTP/1.1 201) 4 headers in 162 bytes (1 switches on core 0)
2026-06-09 18:02:43.068 7 WARNING neutron.scheduler.dhcp_agent_scheduler [None req-02de3f58-77ff-4389-ac77-f5be08f0d27e 94a1b698b1214082a09a0b65dbcbb2ba 486fc31084ba4d44bf115bdc207d98c0 - - default default] No more DHCP agents
2026-06-09 18:02:43.070 7 WARNING neutron.api.rpc.agentnotifiers.dhcp_rpc_agent_api [None req-02de3f58-77ff-4389-ac77-f5be08f0d27e 94a1b698b1214082a09a0b65dbcbb2ba 486fc31084ba4d44bf115bdc207d98c0 - - default default] Unable to schedule network f10d589d-b8ea-4f78-ad89-d3783b3e23f0: no agents available; will retry on subsequent port and subnet creation events.
2026-06-09 18:02:43.117 7 INFO neutron.plugins.ml2.drivers.ovn.mech_driver.mech_driver [None req-40b5c7e5-3966-49f0-9fc8-a1458837b151 - - - - - -] OVN reports status down for port: 756d16bd-a83b-4431-9bab-e27d64bdcb0f
2026-06-09 18:02:43.194 7 INFO neutron.db.ovn_revision_numbers_db [None req-02de3f58-77ff-4389-ac77-f5be08f0d27e 94a1b698b1214082a09a0b65dbcbb2ba 486fc31084ba4d44bf115bdc207d98c0 - - default default] Successfully bumped revision number for resource 756d16bd-a83b-4431-9bab-e27d64bdcb0f (type: ports) to 1 [pid: 7|app: 0|req: 935/1983] 10.0.0.126 () {34 vars in 669 bytes} [Tue Jun 9 18:02:42 2026] POST /v2.0/networks => generated 654 bytes in 544 msecs (HTTP/1.1 201) 4 headers in 162 bytes (1 switches on core 0)
2026-06-09 18:02:43.305 6 INFO neutron.db.ovn_revision_numbers_db [None req-cf12965d-b105-421f-b389-415cddfd0ecf 10070119af29400baa618331feed846a a0c08d580a1a48deb28cac4929d6ee69 - - default default] Successfully bumped revision number for resource e5a5cfd4-c804-4f47-911c-adec530c3e9c (type: security_groups) to 1
2026-06-09 18:02:43.320 6 INFO neutron.db.ovn_revision_numbers_db [None req-cf12965d-b105-421f-b389-415cddfd0ecf 10070119af29400baa618331feed846a a0c08d580a1a48deb28cac4929d6ee69 - - default default] Successfully bumped revision number for resource 8f9672e6-8aa2-4b42-ade4-be0ed1effdf2 (type: security_group_rules) to 0
2026-06-09 18:02:43.336 6 INFO neutron.db.ovn_revision_numbers_db [None req-cf12965d-b105-421f-b389-415cddfd0ecf 10070119af29400baa618331feed846a a0c08d580a1a48deb28cac4929d6ee69 - - default default] Successfully bumped revision number for resource c86c5199-e7aa-4f81-9a02-88416b0005da (type: security_group_rules) to 0
2026-06-09 18:02:43.354 6 INFO neutron.db.ovn_revision_numbers_db [None req-cf12965d-b105-421f-b389-415cddfd0ecf 10070119af29400baa618331feed846a a0c08d580a1a48deb28cac4929d6ee69 - - default default] Successfully bumped revision number for resource ca4d6fa7-9f44-4c53-b027-f791d83cf99f (type: security_group_rules) to 0
2026-06-09 18:02:43.371 6 INFO neutron.db.ovn_revision_numbers_db [None req-cf12965d-b105-421f-b389-415cddfd0ecf 10070119af29400baa618331feed846a a0c08d580a1a48deb28cac4929d6ee69 - - default default] Successfully bumped revision number for resource f47c6125-e800-45c3-a1c5-a4f0bf67b008 (type: security_group_rules) to 0 [pid: 6|app: 0|req: 1049/1986] 10.0.0.126 () {32 vars in 773 bytes} [Tue Jun 9 18:02:42 2026] GET /v2.0/security-groups?tenant_id=5899ffe11fea4f9c9c4c6133d013d949&name=default => generated 2925 bytes in 441 msecs (HTTP/1.1 200) 4 headers in 158 bytes (1 switches on core 0)
2026-06-09 18:02:43.625 6 WARNING neutron.scheduler.dhcp_agent_scheduler [None req-76ac749e-8dc9-4e41-a7cd-15f587be5bd6 94a1b698b1214082a09a0b65dbcbb2ba 486fc31084ba4d44bf115bdc207d98c0 - - default default] No more DHCP agents
2026-06-09 18:02:43.627 6 WARNING neutron.api.rpc.agentnotifiers.dhcp_rpc_agent_api [None req-76ac749e-8dc9-4e41-a7cd-15f587be5bd6 94a1b698b1214082a09a0b65dbcbb2ba 486fc31084ba4d44bf115bdc207d98c0 - - default default] Unable to schedule network f10d589d-b8ea-4f78-ad89-d3783b3e23f0: no agents available; will retry on subsequent port and subnet creation events.
2026-06-09 18:02:43.652 6 INFO neutron.db.ovn_revision_numbers_db [None req-76ac749e-8dc9-4e41-a7cd-15f587be5bd6 94a1b698b1214082a09a0b65dbcbb2ba 486fc31084ba4d44bf115bdc207d98c0 - - default default] Successfully bumped revision number for resource 7fb48811-1a53-4833-8af6-9473b1eb632c (type: subnets) to 0 [pid: 6|app: 0|req: 1050/1987] 10.0.0.126 () {34 vars in 668 bytes} [Tue Jun 9 18:02:43 2026] POST /v2.0/subnets => generated 646 bytes in 244 msecs (HTTP/1.1 201) 4 headers in 162 bytes (1 switches on core 0)
2026-06-09 18:02:43.699 7 WARNING neutron.scheduler.dhcp_agent_scheduler [None req-8060a6fd-140d-4bc1-a570-6416b6fe6dce 603f58fa9d934e84bb574c331bcbac01 babe7d56296b482baf77cab732408997 - - default default] No more DHCP agents
2026-06-09 18:02:43.700 7 WARNING neutron.api.rpc.agentnotifiers.dhcp_rpc_agent_api [None req-8060a6fd-140d-4bc1-a570-6416b6fe6dce 603f58fa9d934e84bb574c331bcbac01 babe7d56296b482baf77cab732408997 - - default default] Unable to schedule network 18d56294-49c2-43fd-85fc-d477c26c1faa: no agents available; will retry on subsequent port and subnet creation events.
2026-06-09 18:02:43.807 7 INFO neutron.plugins.ml2.drivers.ovn.mech_driver.mech_driver [None req-40b5c7e5-3966-49f0-9fc8-a1458837b151 - - - - - -] OVN reports status down for port: 05431f93-92dc-4b3e-9f35-2a34bde16802
2026-06-09 18:02:43.866 7 INFO neutron.db.ovn_revision_numbers_db [None req-8060a6fd-140d-4bc1-a570-6416b6fe6dce 603f58fa9d934e84bb574c331bcbac01 babe7d56296b482baf77cab732408997 - - default default] Successfully bumped revision number for resource 05431f93-92dc-4b3e-9f35-2a34bde16802 (type: ports) to 1 [pid: 6|app: 0|req: 1051/1988] 10.0.0.126 () {32 vars in 739 bytes} [Tue Jun 9 18:02:43 2026] DELETE /v2.0/security-groups/e5a5cfd4-c804-4f47-911c-adec530c3e9c => generated 0 bytes in 232 msecs (HTTP/1.1 204) 2 headers in 112 bytes (1 switches on core 0)
2026-06-09 18:02:44.146 6 WARNING neutron.scheduler.dhcp_agent_scheduler [None req-8cc102b2-825c-4674-9280-3adaa9b36cf8 94a1b698b1214082a09a0b65dbcbb2ba 486fc31084ba4d44bf115bdc207d98c0 - - default default] No more DHCP agents
2026-06-09 18:02:44.148 6 WARNING neutron.api.rpc.agentnotifiers.dhcp_rpc_agent_api [None req-8cc102b2-825c-4674-9280-3adaa9b36cf8 94a1b698b1214082a09a0b65dbcbb2ba 486fc31084ba4d44bf115bdc207d98c0 - - default default] Unable to schedule network f10d589d-b8ea-4f78-ad89-d3783b3e23f0: no agents available; will retry on subsequent port and subnet creation events.
2026-06-09 18:02:44.297 7 INFO neutron.plugins.ml2.drivers.ovn.mech_driver.mech_driver [None req-40b5c7e5-3966-49f0-9fc8-a1458837b151 - - - - - -] OVN reports status down for port: 4e60c55f-1ed1-4dc5-b114-95bb094d1436
2026-06-09 18:02:44.331 6 INFO neutron.db.ovn_revision_numbers_db [None req-8cc102b2-825c-4674-9280-3adaa9b36cf8 94a1b698b1214082a09a0b65dbcbb2ba 486fc31084ba4d44bf115bdc207d98c0 - - default default] Successfully bumped revision number for resource 4e60c55f-1ed1-4dc5-b114-95bb094d1436 (type: ports) to 1 [pid: 6|app: 0|req: 1052/1989] 10.0.0.126 () {34 vars in 664 bytes} [Tue Jun 9 18:02:43 2026] POST /v2.0/ports => generated 927 bytes in 463 msecs (HTTP/1.1 201) 4 headers in 162 bytes (1 switches on core 0)
2026-06-09 18:02:44.506 6 INFO neutron_taas.services.taas.taas_plugin [None req-720ac32d-fbcb-4a4b-9af4-d34f487a4308 94a1b698b1214082a09a0b65dbcbb2ba 486fc31084ba4d44bf115bdc207d98c0 - - default default] TaaS: Handle Delete Port: 4e60c55f-1ed1-4dc5-b114-95bb094d1436
2026-06-09 18:02:44.512 6 INFO neutron_taas.services.taas.tap_mirror_plugin [None req-720ac32d-fbcb-4a4b-9af4-d34f487a4308 94a1b698b1214082a09a0b65dbcbb2ba 486fc31084ba4d44bf115bdc207d98c0 - - default default] Tap Mirror: Handle Delete Port: 4e60c55f-1ed1-4dc5-b114-95bb094d1436
2026-06-09 18:02:44.639 7 INFO neutron.plugins.ml2.drivers.ovn.mech_driver.ovsdb.commands [None req-734bf594-ed55-4ec5-a2fc-8fdd105c6d74 - - - - - -] Schedule LRP lrp-05431f93-92dc-4b3e-9f35-2a34bde16802 on gateway 3c548513-e0ee-4b61-98b0-b54cea0c6849 with priority 1
2026-06-09 18:02:44.652 7 INFO neutron.plugins.ml2.drivers.ovn.mech_driver.mech_driver [None req-40b5c7e5-3966-49f0-9fc8-a1458837b151 - - - - - -] OVN reports status up for port: 05431f93-92dc-4b3e-9f35-2a34bde16802 [pid: 6|app: 0|req: 1053/1990] 10.0.0.126 () {32 vars in 719 bytes} [Tue Jun 9 18:02:44 2026] DELETE /v2.0/ports/4e60c55f-1ed1-4dc5-b114-95bb094d1436 => generated 0 bytes in 288 msecs (HTTP/1.1 204) 3 headers in 131 bytes (1 switches on core 0)
2026-06-09 18:02:44.676 7 INFO neutron.plugins.ml2.plugin [None req-40b5c7e5-3966-49f0-9fc8-a1458837b151 - - - - - -] Attempt 1 to provision port 05431f93-92dc-4b3e-9f35-2a34bde16802
2026-06-09 18:02:44.684 6 INFO neutron.pecan_wsgi.hooks.translation [None req-7a7ac4ce-9e6d-4518-b85c-0f0f6b2484b0 94a1b698b1214082a09a0b65dbcbb2ba 486fc31084ba4d44bf115bdc207d98c0 - - default default] GET failed (client error): The resource could not be found. [pid: 6|app: 0|req: 1054/1991] 10.0.0.126 () {32 vars in 716 bytes} [Tue Jun 9 18:02:44 2026] GET /v2.0/ports/4e60c55f-1ed1-4dc5-b114-95bb094d1436 => generated 132 bytes in 19 msecs (HTTP/1.1 404) 4 headers in 164 bytes (1 switches on core 0)
2026-06-09 18:02:44.709 7 INFO neutron.db.ovn_revision_numbers_db [None req-8060a6fd-140d-4bc1-a570-6416b6fe6dce 603f58fa9d934e84bb574c331bcbac01 babe7d56296b482baf77cab732408997 - - default default] Successfully bumped revision number for resource 05431f93-92dc-4b3e-9f35-2a34bde16802 (type: router_ports) to 1
2026-06-09 18:02:44.808 7 INFO neutron.db.ovn_revision_numbers_db [None req-8060a6fd-140d-4bc1-a570-6416b6fe6dce 603f58fa9d934e84bb574c331bcbac01 babe7d56296b482baf77cab732408997 - - default default] Successfully bumped revision number for resource b126ef36-0b42-415c-bb41-e257c2cba3e4 (type: routers) to 2 [pid: 7|app: 0|req: 938/1992] 10.0.0.126 () {34 vars in 668 bytes} [Tue Jun 9 18:02:43 2026] POST /v2.0/routers => generated 935 bytes in 1573 msecs (HTTP/1.1 201) 4 headers in 162 bytes (1 switches on core 0) [pid: 6|app: 0|req: 1055/1993] 10.0.0.126 () {32 vars in 723 bytes} [Tue Jun 9 18:02:44 2026] DELETE /v2.0/subnets/7fb48811-1a53-4833-8af6-9473b1eb632c => generated 0 bytes in 141 msecs (HTTP/1.1 204) 3 headers in 131 bytes (1 switches on core 0)
2026-06-09 18:02:44.946 6 INFO neutron_taas.services.taas.taas_plugin [None req-d170fd26-bcee-4bfb-8aed-c222242f2910 94a1b698b1214082a09a0b65dbcbb2ba 486fc31084ba4d44bf115bdc207d98c0 - - default default] TaaS: Handle Delete Port: 756d16bd-a83b-4431-9bab-e27d64bdcb0f
2026-06-09 18:02:44.949 6 INFO neutron_taas.services.taas.tap_mirror_plugin [None req-d170fd26-bcee-4bfb-8aed-c222242f2910 94a1b698b1214082a09a0b65dbcbb2ba 486fc31084ba4d44bf115bdc207d98c0 - - default default] Tap Mirror: Handle Delete Port: 756d16bd-a83b-4431-9bab-e27d64bdcb0f
2026-06-09 18:02:45.128 6 INFO neutron.services.segments.plugin [-] Segment ea819d6d-43c9-46b8-8350-19d4670e7242 resource provider aggregate not found
2026-06-09 18:02:45.132 6 INFO neutron.services.segments.plugin [-] Segment ea819d6d-43c9-46b8-8350-19d4670e7242 resource provider aggregate not found
2026-06-09 18:02:45.147 6 INFO neutron.services.segments.plugin [-] Segment ea819d6d-43c9-46b8-8350-19d4670e7242 resource provider not found; error: Placement Client Error (4xx): {"errors": [{"status": 404, "title": "Not Found", "detail": "The resource could not be found.\n\n No resource provider with uuid ea819d6d-43c9-46b8-8350-19d4670e7242 found for delete ", "request_id": "req-e8caa777-5971-426f-80d0-cbf37d318197"}]}
2026-06-09 18:02:45.151 6 INFO neutron.services.segments.plugin [-] Segment ea819d6d-43c9-46b8-8350-19d4670e7242 resource provider not found; error: Placement Client Error (4xx): {"errors": [{"status": 404, "title": "Not Found", "detail": "The resource could not be found.\n\n No resource provider with uuid ea819d6d-43c9-46b8-8350-19d4670e7242 found for delete ", "request_id": "req-ca19c92f-bf05-4318-8c60-fef2afd1c47f"}]} [pid: 6|app: 0|req: 1056/1994] 10.0.0.126 () {32 vars in 725 bytes} [Tue Jun 9 18:02:44 2026] DELETE /v2.0/networks/f10d589d-b8ea-4f78-ad89-d3783b3e23f0 => generated 0 bytes in 350 msecs (HTTP/1.1 204) 3 headers in 131 bytes (1 switches on core 0)
2026-06-09 18:02:45.336 7 WARNING neutron.scheduler.dhcp_agent_scheduler [None req-cd80e032-2636-4d4a-a33b-9b48b41539c5 603f58fa9d934e84bb574c331bcbac01 babe7d56296b482baf77cab732408997 - - default default] No more DHCP agents
2026-06-09 18:02:45.337 7 WARNING neutron.api.rpc.agentnotifiers.dhcp_rpc_agent_api [None req-cd80e032-2636-4d4a-a33b-9b48b41539c5 603f58fa9d934e84bb574c331bcbac01 babe7d56296b482baf77cab732408997 - - default default] Unable to schedule network b69f45c2-4ef1-4276-85a5-57a271f213df: no agents available; will retry on subsequent port and subnet creation events.
2026-06-09 18:02:45.495 6 WARNING neutron.scheduler.dhcp_agent_scheduler [None req-a407ca6e-4fff-4412-b6f4-34d2a8a46583 94a1b698b1214082a09a0b65dbcbb2ba 486fc31084ba4d44bf115bdc207d98c0 - - default default] No more DHCP agents
2026-06-09 18:02:45.496 6 WARNING neutron.api.rpc.agentnotifiers.dhcp_rpc_agent_api [None req-a407ca6e-4fff-4412-b6f4-34d2a8a46583 94a1b698b1214082a09a0b65dbcbb2ba 486fc31084ba4d44bf115bdc207d98c0 - - default default] Unable to schedule network 924d6345-e8ce-4c6d-97f6-9d97f7f59fac: no agents available; will retry on subsequent port and subnet creation events.
2026-06-09 18:02:45.502 7 INFO neutron.db.ovn_revision_numbers_db [None req-cd80e032-2636-4d4a-a33b-9b48b41539c5 603f58fa9d934e84bb574c331bcbac01 babe7d56296b482baf77cab732408997 - - default default] Successfully bumped revision number for resource 4a460cc8-88f7-4f0b-bb27-b53fe087fb5d (type: ports) to 1
2026-06-09 18:02:45.560 6 INFO neutron.plugins.ml2.drivers.ovn.mech_driver.mech_driver [None req-f0ef85d9-4533-4e77-9dd0-6e1b2628e314 - - - - - -] OVN reports status down for port: 5527c679-a11a-44da-8995-401ee4779a8b
2026-06-09 18:02:45.625 6 INFO neutron.db.ovn_revision_numbers_db [None req-a407ca6e-4fff-4412-b6f4-34d2a8a46583 94a1b698b1214082a09a0b65dbcbb2ba 486fc31084ba4d44bf115bdc207d98c0 - - default default] Successfully bumped revision number for resource 5527c679-a11a-44da-8995-401ee4779a8b (type: ports) to 1 [pid: 6|app: 0|req: 1057/1995] 10.0.0.126 () {34 vars in 664 bytes} [Tue Jun 9 18:02:45 2026] POST /v2.0/ports => generated 779 bytes in 504 msecs (HTTP/1.1 201) 4 headers in 162 bytes (1 switches on core 0) /var/lib/openstack/lib/python3.12/site-packages/pycadf/identifier.py:70: UserWarning: Invalid uuid: neutron. To ensure interoperability, identifiers should be a valid uuid. warnings.warn(('Invalid uuid: %s. To ensure interoperability, '
2026-06-09 18:02:45.935 6 INFO neutron.plugins.ml2.drivers.ovn.mech_driver.mech_driver [None req-f0ef85d9-4533-4e77-9dd0-6e1b2628e314 - - - - - -] OVN reports status down for port: 5527c679-a11a-44da-8995-401ee4779a8b
2026-06-09 18:02:45.997 6 INFO neutron.db.ovn_revision_numbers_db [None req-1a9bd390-0c70-4a7a-8ac9-fb3608ed02bd 94a1b698b1214082a09a0b65dbcbb2ba 486fc31084ba4d44bf115bdc207d98c0 - - default default] Successfully bumped revision number for resource 5527c679-a11a-44da-8995-401ee4779a8b (type: ports) to 2 [pid: 6|app: 0|req: 1058/1996] 10.0.0.126 () {34 vars in 736 bytes} [Tue Jun 9 18:02:45 2026] PUT /v2.0/ports/5527c679-a11a-44da-8995-401ee4779a8b => generated 752 bytes in 340 msecs (HTTP/1.1 200) 4 headers in 157 bytes (1 switches on core 0) /var/lib/openstack/lib/python3.12/site-packages/pycadf/identifier.py:70: UserWarning: Invalid uuid: neutron. To ensure interoperability, identifiers should be a valid uuid. warnings.warn(('Invalid uuid: %s. To ensure interoperability, '
2026-06-09 18:02:46.182 6 INFO neutron_taas.services.taas.taas_plugin [None req-08e29aa7-7e0a-4149-a0f4-992bac5eb92b 94a1b698b1214082a09a0b65dbcbb2ba 486fc31084ba4d44bf115bdc207d98c0 - - default default] TaaS: Handle Delete Port: 5527c679-a11a-44da-8995-401ee4779a8b
2026-06-09 18:02:46.185 6 INFO neutron_taas.services.taas.tap_mirror_plugin [None req-08e29aa7-7e0a-4149-a0f4-992bac5eb92b 94a1b698b1214082a09a0b65dbcbb2ba 486fc31084ba4d44bf115bdc207d98c0 - - default default] Tap Mirror: Handle Delete Port: 5527c679-a11a-44da-8995-401ee4779a8b
2026-06-09 18:02:46.243 7 WARNING neutron.scheduler.dhcp_agent_scheduler [None req-cd80e032-2636-4d4a-a33b-9b48b41539c5 603f58fa9d934e84bb574c331bcbac01 babe7d56296b482baf77cab732408997 - - default default] No more DHCP agents
