2026-07-29 20:24:38.568 7 INFO neutron.api.v2.resource [None req-f06482b8-b6a1-4859-8fa5-599f8688dcb4 afa2d090a2284b1ebbf40175b42309b0 2ff49990acb54d55be50181a23e1f88b - - default default] show failed (client error): The resource could not be found. [pid: 7|app: 0|req: 1827/3651] 10.0.0.200 () {32 vars in 729 bytes} [Wed Jul 29 20:24:38 2026] GET /v2.0/floatingips/dff6997c-1e7f-4a6d-ba19-b311510f6f32 => generated 144 bytes in 40 msecs (HTTP/1.1 404) 4 headers in 164 bytes (1 switches on core 0) [pid: 8|app: 0|req: 1825/3652] 10.0.0.28 () {34 vars in 989 bytes} [Wed Jul 29 20:24:38 2026] GET /v2.0/ports?device_id=0c7897ec-ddaf-476a-a9ad-4edd1bb31948 => generated 1200 bytes in 90 msecs (HTTP/1.1 200) 4 headers in 158 bytes (1 switches on core 0) [pid: 7|app: 0|req: 1828/3653] 10.0.0.28 () {34 vars in 1039 bytes} [Wed Jul 29 20:24:38 2026] GET /v2.0/security-groups?id=6574a7a7-482c-455d-9a83-4e0bd1efde16&fields=id&fields=name => generated 111 bytes in 46 msecs (HTTP/1.1 200) 4 headers in 157 bytes (1 switches on core 0) [pid: 8|app: 0|req: 1826/3654] 199.204.45.95 () {34 vars in 1079 bytes} [Wed Jul 29 20:24:39 2026] GET /v2.0/ports?tenant_id=2ff49990acb54d55be50181a23e1f88b&device_id=0c7897ec-ddaf-476a-a9ad-4edd1bb31948 => generated 1438 bytes in 38 msecs (HTTP/1.1 200) 4 headers in 158 bytes (1 switches on core 0) [pid: 7|app: 0|req: 1829/3655] 199.204.45.95 () {34 vars in 985 bytes} [Wed Jul 29 20:24:39 2026] GET /v2.0/networks?id=4735e884-2567-4fe5-934c-534e3bb44ce2 => generated 840 bytes in 45 msecs (HTTP/1.1 200) 4 headers in 157 bytes (1 switches on core 0) [pid: 8|app: 0|req: 1827/3656] 199.204.45.95 () {34 vars in 1057 bytes} [Wed Jul 29 20:24:39 2026] GET /v2.0/floatingips?fixed_ip_address=10.2.1.251&port_id=0aac7a7e-f45c-4e3d-84d4-8306db29dfc7 => generated 19 bytes in 19 msecs (HTTP/1.1 200) 4 headers in 156 bytes (1 switches on core 0) [pid: 7|app: 0|req: 1830/3657] 199.204.45.95 () {34 vars in 1103 bytes} [Wed Jul 29 20:24:39 2026] GET /v2.0/floatingips?fixed_ip_address=fd7b%3Af9f7%3Afff%3A4eca%3A%3A229&port_id=0aac7a7e-f45c-4e3d-84d4-8306db29dfc7 => generated 19 bytes in 17 msecs (HTTP/1.1 200) 4 headers in 156 bytes (1 switches on core 0) [pid: 8|app: 0|req: 1828/3658] 199.204.45.95 () {34 vars in 1063 bytes} [Wed Jul 29 20:24:39 2026] GET /v2.0/subnets?id=aa3ad409-d179-4a27-a54b-fccc2f32f3c8&id=b3f8ad0a-5b6d-408d-bd5d-d5ba7a0d094d => generated 1410 bytes in 27 msecs (HTTP/1.1 200) 4 headers in 158 bytes (1 switches on core 0) [pid: 7|app: 0|req: 1831/3659] 199.204.45.95 () {34 vars in 1051 bytes} [Wed Jul 29 20:24:39 2026] GET /v2.0/ports?network_id=4735e884-2567-4fe5-934c-534e3bb44ce2&device_owner=network%3Adhcp => generated 12 bytes in 15 msecs (HTTP/1.1 200) 4 headers in 156 bytes (1 switches on core 0) [pid: 8|app: 0|req: 1829/3660] 199.204.45.95 () {34 vars in 1051 bytes} [Wed Jul 29 20:24:39 2026] GET /v2.0/ports?network_id=4735e884-2567-4fe5-934c-534e3bb44ce2&device_owner=network%3Adhcp => generated 12 bytes in 21 msecs (HTTP/1.1 200) 4 headers in 156 bytes (1 switches on core 0) [pid: 7|app: 0|req: 1832/3661] 199.204.45.95 () {34 vars in 1011 bytes} [Wed Jul 29 20:24:39 2026] GET /v2.0/networks/4735e884-2567-4fe5-934c-534e3bb44ce2?fields=segments => generated 14 bytes in 32 msecs (HTTP/1.1 200) 4 headers in 156 bytes (1 switches on core 0) [pid: 8|app: 0|req: 1830/3662] 199.204.45.95 () {34 vars in 1111 bytes} [Wed Jul 29 20:24:39 2026] GET /v2.0/networks/4735e884-2567-4fe5-934c-534e3bb44ce2?fields=provider%3Aphysical_network&fields=provider%3Anetwork_type => generated 79 bytes in 49 msecs (HTTP/1.1 200) 4 headers in 156 bytes (1 switches on core 0)
2026-07-29 20:24:39.777 7 INFO neutron.plugins.ml2.drivers.ovn.mech_driver.mech_driver [None req-3e13c57a-11fb-460c-9977-94384d0cc946 - - - - - -] OVN reports status down for port: 0aac7a7e-f45c-4e3d-84d4-8306db29dfc7
2026-07-29 20:24:39.907 7 INFO neutron.notifiers.nova [-] Nova event matching ['req-abea7647-ff3f-47ca-b36e-4cfb12284a65'] response: {'server_uuid': '0c7897ec-ddaf-476a-a9ad-4edd1bb31948', 'name': 'network-vif-unplugged', 'status': 'completed', 'tag': '0aac7a7e-f45c-4e3d-84d4-8306db29dfc7', 'code': 200}
2026-07-29 20:24:40.024 7 INFO neutron.db.ovn_revision_numbers_db [None req-3e13c57a-11fb-460c-9977-94384d0cc946 - - - - - -] Successfully bumped revision number for resource 0aac7a7e-f45c-4e3d-84d4-8306db29dfc7 (type: ports) to 6 /var/lib/openstack/lib/python3.12/site-packages/pycadf/identifier.py:70: UserWarning: Invalid uuid: neutron. To ensure interoperability, identifiers should be a valid uuid. warnings.warn(('Invalid uuid: %s. To ensure interoperability, ' [pid: 7|app: 0|req: 1833/3663] 199.204.45.95 () {34 vars in 993 bytes} [Wed Jul 29 20:24:40 2026] GET /v2.0/ports?device_id=0c7897ec-ddaf-476a-a9ad-4edd1bb31948 => generated 1198 bytes in 78 msecs (HTTP/1.1 200) 4 headers in 158 bytes (1 switches on core 0)
2026-07-29 20:24:41.135 8 INFO neutron_taas.services.taas.taas_plugin [req-7c75a58b-aca7-49eb-a391-80c7b8bdfa13 req-e259d4a6-5220-421b-9ae6-96081ab8536e afa2d090a2284b1ebbf40175b42309b0 2ff49990acb54d55be50181a23e1f88b - - default default] TaaS: Handle Delete Port: 0aac7a7e-f45c-4e3d-84d4-8306db29dfc7
2026-07-29 20:24:41.138 8 INFO neutron_taas.services.taas.tap_mirror_plugin [req-7c75a58b-aca7-49eb-a391-80c7b8bdfa13 req-e259d4a6-5220-421b-9ae6-96081ab8536e afa2d090a2284b1ebbf40175b42309b0 2ff49990acb54d55be50181a23e1f88b - - default default] Tap Mirror: Handle Delete Port: 0aac7a7e-f45c-4e3d-84d4-8306db29dfc7 [pid: 8|app: 0|req: 1831/3664] 199.204.45.95 () {36 vars in 996 bytes} [Wed Jul 29 20:24:41 2026] DELETE /v2.0/ports/0aac7a7e-f45c-4e3d-84d4-8306db29dfc7 => generated 0 bytes in 277 msecs (HTTP/1.1 204) 3 headers in 131 bytes (1 switches on core 0)
2026-07-29 20:24:41.319 8 INFO neutron.notifiers.nova [-] Nova event matching ['req-2ad97ea5-2b6d-431c-b90b-1bd5abb43e82'] response: {'server_uuid': '0c7897ec-ddaf-476a-a9ad-4edd1bb31948', 'name': 'network-vif-deleted', 'tag': '0aac7a7e-f45c-4e3d-84d4-8306db29dfc7', 'status': 'completed', 'code': 200}
2026-07-29 20:24:41.937 7 INFO neutron.notifiers.nova [-] Nova event matching ['req-d4c05677-b568-4f2d-9844-613e900a4c48'] response: {'server_uuid': '0c7897ec-ddaf-476a-a9ad-4edd1bb31948', 'name': 'network-vif-unplugged', 'status': 'completed', 'tag': '0aac7a7e-f45c-4e3d-84d4-8306db29dfc7', 'code': 200} [pid: 7|app: 0|req: 1834/3665] 10.0.0.28 () {34 vars in 989 bytes} [Wed Jul 29 20:24:43 2026] GET /v2.0/ports?device_id=0c7897ec-ddaf-476a-a9ad-4edd1bb31948 => generated 12 bytes in 22 msecs (HTTP/1.1 200) 4 headers in 156 bytes (1 switches on core 0) [pid: 8|app: 0|req: 1833/3668] 10.0.0.200 () {32 vars in 750 bytes} [Wed Jul 29 20:24:48 2026] DELETE /v2.0/security-group-rules/cb1805d9-ce86-42ef-8553-065c7f25d548 => generated 0 bytes in 154 msecs (HTTP/1.1 204) 2 headers in 112 bytes (1 switches on core 0)
2026-07-29 20:24:49.164 7 INFO neutron.api.v2.resource [None req-9d359c29-ca15-4380-b6ba-e373a14029cb afa2d090a2284b1ebbf40175b42309b0 2ff49990acb54d55be50181a23e1f88b - - default default] show failed (client error): The resource could not be found. [pid: 7|app: 0|req: 1836/3669] 10.0.0.200 () {32 vars in 747 bytes} [Wed Jul 29 20:24:49 2026] GET /v2.0/security-group-rules/cb1805d9-ce86-42ef-8553-065c7f25d548 => generated 155 bytes in 12 msecs (HTTP/1.1 404) 4 headers in 164 bytes (1 switches on core 0) [pid: 8|app: 0|req: 1834/3670] 10.0.0.200 () {32 vars in 750 bytes} [Wed Jul 29 20:24:49 2026] DELETE /v2.0/security-group-rules/6f4ebeef-432a-4f40-a024-69fdd96d62e0 => generated 0 bytes in 138 msecs (HTTP/1.1 204) 2 headers in 112 bytes (1 switches on core 0)
2026-07-29 20:24:49.323 7 INFO neutron.api.v2.resource [None req-5ceaa3f9-73e5-4e5a-8d08-51578226f0ab afa2d090a2284b1ebbf40175b42309b0 2ff49990acb54d55be50181a23e1f88b - - default default] show failed (client error): The resource could not be found. [pid: 7|app: 0|req: 1837/3671] 10.0.0.200 () {32 vars in 747 bytes} [Wed Jul 29 20:24:49 2026] GET /v2.0/security-group-rules/6f4ebeef-432a-4f40-a024-69fdd96d62e0 => generated 155 bytes in 13 msecs (HTTP/1.1 404) 4 headers in 164 bytes (1 switches on core 0) [pid: 8|app: 0|req: 1835/3672] 10.0.0.200 () {32 vars in 750 bytes} [Wed Jul 29 20:24:49 2026] DELETE /v2.0/security-group-rules/31434c22-2b9a-4ab7-a312-a7c760bad816 => generated 0 bytes in 164 msecs (HTTP/1.1 204) 2 headers in 112 bytes (1 switches on core 0)
2026-07-29 20:24:49.507 7 INFO neutron.api.v2.resource [None req-4a50211a-15aa-4b83-90df-601c490c8fe7 afa2d090a2284b1ebbf40175b42309b0 2ff49990acb54d55be50181a23e1f88b - - default default] show failed (client error): The resource could not be found. [pid: 7|app: 0|req: 1838/3673] 10.0.0.200 () {32 vars in 747 bytes} [Wed Jul 29 20:24:49 2026] GET /v2.0/security-group-rules/31434c22-2b9a-4ab7-a312-a7c760bad816 => generated 155 bytes in 11 msecs (HTTP/1.1 404) 4 headers in 164 bytes (1 switches on core 0) [pid: 8|app: 0|req: 1836/3674] 10.0.0.200 () {32 vars in 750 bytes} [Wed Jul 29 20:24:49 2026] DELETE /v2.0/security-group-rules/9ef980be-7af9-4841-a8d6-4196c5a51798 => generated 0 bytes in 125 msecs (HTTP/1.1 204) 2 headers in 112 bytes (1 switches on core 0)
2026-07-29 20:24:49.654 7 INFO neutron.api.v2.resource [None req-e473e826-e658-4bd8-89aa-6ab12544fb84 afa2d090a2284b1ebbf40175b42309b0 2ff49990acb54d55be50181a23e1f88b - - default default] show failed (client error): The resource could not be found. [pid: 7|app: 0|req: 1839/3675] 10.0.0.200 () {32 vars in 747 bytes} [Wed Jul 29 20:24:49 2026] GET /v2.0/security-group-rules/9ef980be-7af9-4841-a8d6-4196c5a51798 => generated 155 bytes in 13 msecs (HTTP/1.1 404) 4 headers in 164 bytes (1 switches on core 0) [pid: 8|app: 0|req: 1837/3676] 10.0.0.200 () {32 vars in 750 bytes} [Wed Jul 29 20:24:49 2026] DELETE /v2.0/security-group-rules/394fda4f-bf40-4d6b-958d-fe0df30fd2a4 => generated 0 bytes in 107 msecs (HTTP/1.1 204) 2 headers in 112 bytes (1 switches on core 0)
2026-07-29 20:24:49.784 7 INFO neutron.api.v2.resource [None req-719cfaaa-52c6-4404-b327-d6e094e4e3f8 afa2d090a2284b1ebbf40175b42309b0 2ff49990acb54d55be50181a23e1f88b - - default default] show failed (client error): The resource could not be found. [pid: 7|app: 0|req: 1840/3677] 10.0.0.200 () {32 vars in 747 bytes} [Wed Jul 29 20:24:49 2026] GET /v2.0/security-group-rules/394fda4f-bf40-4d6b-958d-fe0df30fd2a4 => generated 155 bytes in 13 msecs (HTTP/1.1 404) 4 headers in 164 bytes (1 switches on core 0) [pid: 8|app: 0|req: 1838/3678] 10.0.0.200 () {32 vars in 750 bytes} [Wed Jul 29 20:24:49 2026] DELETE /v2.0/security-group-rules/5745cb41-51fc-46e6-89bd-b2ca399aa466 => generated 0 bytes in 101 msecs (HTTP/1.1 204) 2 headers in 112 bytes (1 switches on core 0)
2026-07-29 20:24:49.905 7 INFO neutron.api.v2.resource [None req-e53f5de2-2f7e-4a4e-987d-df1b314353c5 afa2d090a2284b1ebbf40175b42309b0 2ff49990acb54d55be50181a23e1f88b - - default default] show failed (client error): The resource could not be found. [pid: 7|app: 0|req: 1841/3679] 10.0.0.200 () {32 vars in 747 bytes} [Wed Jul 29 20:24:49 2026] GET /v2.0/security-group-rules/5745cb41-51fc-46e6-89bd-b2ca399aa466 => generated 155 bytes in 12 msecs (HTTP/1.1 404) 4 headers in 164 bytes (1 switches on core 0) [pid: 8|app: 0|req: 1839/3680] 10.0.0.200 () {32 vars in 750 bytes} [Wed Jul 29 20:24:49 2026] DELETE /v2.0/security-group-rules/88fb2315-1dce-441b-bd26-7f44fed0ff8e => generated 0 bytes in 160 msecs (HTTP/1.1 204) 2 headers in 112 bytes (1 switches on core 0)
2026-07-29 20:24:50.083 7 INFO neutron.api.v2.resource [None req-6e14520d-0e80-4c3f-8b7c-c5024d8a4bf5 afa2d090a2284b1ebbf40175b42309b0 2ff49990acb54d55be50181a23e1f88b - - default default] show failed (client error): The resource could not be found. [pid: 7|app: 0|req: 1842/3681] 10.0.0.200 () {32 vars in 747 bytes} [Wed Jul 29 20:24:50 2026] GET /v2.0/security-group-rules/88fb2315-1dce-441b-bd26-7f44fed0ff8e => generated 155 bytes in 11 msecs (HTTP/1.1 404) 4 headers in 164 bytes (1 switches on core 0) [pid: 8|app: 0|req: 1840/3682] 10.0.0.200 () {32 vars in 750 bytes} [Wed Jul 29 20:24:50 2026] DELETE /v2.0/security-group-rules/e804449a-e6d1-42ec-b1ff-20d4ed6a8fff => generated 0 bytes in 152 msecs (HTTP/1.1 204) 2 headers in 112 bytes (1 switches on core 0)
2026-07-29 20:24:50.255 7 INFO neutron.api.v2.resource [None req-dac4779d-bf90-4e44-8787-5ab21a550e55 afa2d090a2284b1ebbf40175b42309b0 2ff49990acb54d55be50181a23e1f88b - - default default] show failed (client error): The resource could not be found. [pid: 7|app: 0|req: 1843/3683] 10.0.0.200 () {32 vars in 747 bytes} [Wed Jul 29 20:24:50 2026] GET /v2.0/security-group-rules/e804449a-e6d1-42ec-b1ff-20d4ed6a8fff => generated 155 bytes in 11 msecs (HTTP/1.1 404) 4 headers in 164 bytes (1 switches on core 0) [pid: 8|app: 0|req: 1841/3684] 10.0.0.200 () {32 vars in 750 bytes} [Wed Jul 29 20:24:50 2026] DELETE /v2.0/security-group-rules/fe7425fd-8412-41bb-a9c0-63ef74e38bdb => generated 0 bytes in 114 msecs (HTTP/1.1 204) 2 headers in 112 bytes (1 switches on core 0)
2026-07-29 20:24:50.387 7 INFO neutron.api.v2.resource [None req-e65e5aa0-50c0-4750-9305-ddc5a6b9f843 afa2d090a2284b1ebbf40175b42309b0 2ff49990acb54d55be50181a23e1f88b - - default default] show failed (client error): The resource could not be found. [pid: 7|app: 0|req: 1844/3685] 10.0.0.200 () {32 vars in 747 bytes} [Wed Jul 29 20:24:50 2026] GET /v2.0/security-group-rules/fe7425fd-8412-41bb-a9c0-63ef74e38bdb => generated 155 bytes in 9 msecs (HTTP/1.1 404) 4 headers in 164 bytes (1 switches on core 0) [pid: 8|app: 0|req: 1842/3686] 10.0.0.200 () {32 vars in 750 bytes} [Wed Jul 29 20:24:50 2026] DELETE /v2.0/security-group-rules/34d554be-ad4a-4e3b-947f-10c375134141 => generated 0 bytes in 119 msecs (HTTP/1.1 204) 2 headers in 112 bytes (1 switches on core 0)
2026-07-29 20:24:50.528 7 INFO neutron.api.v2.resource [None req-7cdd9871-7544-42e2-b8ee-d94f997a388d afa2d090a2284b1ebbf40175b42309b0 2ff49990acb54d55be50181a23e1f88b - - default default] show failed (client error): The resource could not be found. [pid: 7|app: 0|req: 1845/3687] 10.0.0.200 () {32 vars in 747 bytes} [Wed Jul 29 20:24:50 2026] GET /v2.0/security-group-rules/34d554be-ad4a-4e3b-947f-10c375134141 => generated 155 bytes in 13 msecs (HTTP/1.1 404) 4 headers in 164 bytes (1 switches on core 0) [pid: 8|app: 0|req: 1843/3688] 10.0.0.200 () {32 vars in 750 bytes} [Wed Jul 29 20:24:50 2026] DELETE /v2.0/security-group-rules/b5e1f708-0ee9-4eff-867e-90a63880e9c5 => generated 0 bytes in 101 msecs (HTTP/1.1 204) 2 headers in 112 bytes (1 switches on core 0)
2026-07-29 20:24:50.648 7 INFO neutron.api.v2.resource [None req-3077b65b-966a-4ca1-a9b0-a5f44b87779b afa2d090a2284b1ebbf40175b42309b0 2ff49990acb54d55be50181a23e1f88b - - default default] show failed (client error): The resource could not be found. [pid: 7|app: 0|req: 1846/3689] 10.0.0.200 () {32 vars in 747 bytes} [Wed Jul 29 20:24:50 2026] GET /v2.0/security-group-rules/b5e1f708-0ee9-4eff-867e-90a63880e9c5 => generated 155 bytes in 11 msecs (HTTP/1.1 404) 4 headers in 164 bytes (1 switches on core 0) [pid: 8|app: 0|req: 1844/3690] 10.0.0.200 () {32 vars in 740 bytes} [Wed Jul 29 20:24:50 2026] DELETE /v2.0/security-groups/6574a7a7-482c-455d-9a83-4e0bd1efde16 => generated 0 bytes in 99 msecs (HTTP/1.1 204) 2 headers in 112 bytes (1 switches on core 0)
2026-07-29 20:24:50.770 7 INFO neutron.api.v2.resource [None req-dc3ab35c-d2af-43dc-a68c-ea384f9d6b6c afa2d090a2284b1ebbf40175b42309b0 2ff49990acb54d55be50181a23e1f88b - - default default] show failed (client error): The resource could not be found. [pid: 7|app: 0|req: 1847/3691] 10.0.0.200 () {32 vars in 737 bytes} [Wed Jul 29 20:24:50 2026] GET /v2.0/security-groups/6574a7a7-482c-455d-9a83-4e0bd1efde16 => generated 146 bytes in 15 msecs (HTTP/1.1 404) 4 headers in 164 bytes (1 switches on core 0)
2026-07-29 20:24:51.081 8 INFO neutron_taas.services.taas.taas_plugin [None req-16de852b-01f5-45f5-aa08-a51ee0e3f372 afa2d090a2284b1ebbf40175b42309b0 2ff49990acb54d55be50181a23e1f88b - - default default] TaaS: Handle Delete Port: e8c77b84-5971-4ac4-802d-154eee79e7b0
2026-07-29 20:24:51.084 8 INFO neutron_taas.services.taas.tap_mirror_plugin [None req-16de852b-01f5-45f5-aa08-a51ee0e3f372 afa2d090a2284b1ebbf40175b42309b0 2ff49990acb54d55be50181a23e1f88b - - default default] Tap Mirror: Handle Delete Port: e8c77b84-5971-4ac4-802d-154eee79e7b0 [pid: 8|app: 0|req: 1845/3692] 10.0.0.200 () {34 vars in 789 bytes} [Wed Jul 29 20:24:50 2026] PUT /v2.0/routers/a0c4a67d-86b8-41bb-afde-d5fab547e086/remove_router_interface => generated 309 bytes in 786 msecs (HTTP/1.1 200) 4 headers in 157 bytes (1 switches on core 0)
2026-07-29 20:24:51.706 7 INFO neutron.api.v2.resource [None req-64f8cfd6-b22f-4b30-8110-404aa6fe768f afa2d090a2284b1ebbf40175b42309b0 2ff49990acb54d55be50181a23e1f88b - - default default] remove_router_interface failed (client error): The resource could not be found. [pid: 7|app: 0|req: 1848/3693] 10.0.0.200 () {34 vars in 789 bytes} [Wed Jul 29 20:24:51 2026] PUT /v2.0/routers/a0c4a67d-86b8-41bb-afde-d5fab547e086/remove_router_interface => generated 198 bytes in 99 msecs (HTTP/1.1 404) 4 headers in 164 bytes (1 switches on core 0) /var/lib/openstack/lib/python3.12/site-packages/pycadf/identifier.py:70: UserWarning: Invalid uuid: neutron. To ensure interoperability, identifiers should be a valid uuid. warnings.warn(('Invalid uuid: %s. To ensure interoperability, '
2026-07-29 20:24:51.986 8 INFO neutron_taas.services.taas.taas_plugin [None req-536b599d-0347-4ec0-805c-c8f92f5c3b9d afa2d090a2284b1ebbf40175b42309b0 2ff49990acb54d55be50181a23e1f88b - - default default] TaaS: Handle Delete Port: b5d83141-09f6-4097-a115-4f6a312abef4
2026-07-29 20:24:51.991 8 INFO neutron_taas.services.taas.tap_mirror_plugin [None req-536b599d-0347-4ec0-805c-c8f92f5c3b9d afa2d090a2284b1ebbf40175b42309b0 2ff49990acb54d55be50181a23e1f88b - - default default] Tap Mirror: Handle Delete Port: b5d83141-09f6-4097-a115-4f6a312abef4 [pid: 8|app: 0|req: 1846/3694] 10.0.0.200 () {34 vars in 789 bytes} [Wed Jul 29 20:24:51 2026] PUT /v2.0/routers/a0c4a67d-86b8-41bb-afde-d5fab547e086/remove_router_interface => generated 309 bytes in 794 msecs (HTTP/1.1 200) 4 headers in 157 bytes (1 switches on core 0)
2026-07-29 20:24:52.609 7 INFO neutron.api.v2.resource [None req-0b01d3c8-6e51-43aa-b759-accd5397abef afa2d090a2284b1ebbf40175b42309b0 2ff49990acb54d55be50181a23e1f88b - - default default] remove_router_interface failed (client error): The resource could not be found. [pid: 7|app: 0|req: 1849/3695] 10.0.0.200 () {34 vars in 789 bytes} [Wed Jul 29 20:24:52 2026] PUT /v2.0/routers/a0c4a67d-86b8-41bb-afde-d5fab547e086/remove_router_interface => generated 198 bytes in 100 msecs (HTTP/1.1 404) 4 headers in 164 bytes (1 switches on core 0) /var/lib/openstack/lib/python3.12/site-packages/pycadf/identifier.py:70: UserWarning: Invalid uuid: neutron. To ensure interoperability, identifiers should be a valid uuid. warnings.warn(('Invalid uuid: %s. To ensure interoperability, '
2026-07-29 20:24:52.890 8 INFO neutron_taas.services.taas.taas_plugin [None req-308321c4-a813-4f58-b2d2-f3c76edffbed afa2d090a2284b1ebbf40175b42309b0 2ff49990acb54d55be50181a23e1f88b - - default default] TaaS: Handle Delete Port: 95b4e596-16b5-4cd0-b895-7612c5760fa6
2026-07-29 20:24:52.894 8 INFO neutron_taas.services.taas.tap_mirror_plugin [None req-308321c4-a813-4f58-b2d2-f3c76edffbed afa2d090a2284b1ebbf40175b42309b0 2ff49990acb54d55be50181a23e1f88b - - default default] Tap Mirror: Handle Delete Port: 95b4e596-16b5-4cd0-b895-7612c5760fa6 [pid: 8|app: 0|req: 1847/3696] 10.0.0.200 () {34 vars in 789 bytes} [Wed Jul 29 20:24:52 2026] PUT /v2.0/routers/a0c4a67d-86b8-41bb-afde-d5fab547e086/remove_router_interface => generated 309 bytes in 822 msecs (HTTP/1.1 200) 4 headers in 157 bytes (1 switches on core 0)
2026-07-29 20:24:53.557 7 INFO neutron.api.v2.resource [None req-f3c115f6-ac05-4eb6-9fbe-b313bfed4ee4 afa2d090a2284b1ebbf40175b42309b0 2ff49990acb54d55be50181a23e1f88b - - default default] remove_router_interface failed (client error): The resource could not be found. [pid: 7|app: 0|req: 1850/3697] 10.0.0.200 () {34 vars in 789 bytes} [Wed Jul 29 20:24:53 2026] PUT /v2.0/routers/a0c4a67d-86b8-41bb-afde-d5fab547e086/remove_router_interface => generated 198 bytes in 116 msecs (HTTP/1.1 404) 4 headers in 164 bytes (1 switches on core 0) /var/lib/openstack/lib/python3.12/site-packages/pycadf/identifier.py:70: UserWarning: Invalid uuid: neutron. To ensure interoperability, identifiers should be a valid uuid. warnings.warn(('Invalid uuid: %s. To ensure interoperability, '
2026-07-29 20:24:53.847 8 INFO neutron_taas.services.taas.taas_plugin [None req-9821fa6b-c8d8-4d0a-b741-25380e4e39e4 afa2d090a2284b1ebbf40175b42309b0 2ff49990acb54d55be50181a23e1f88b - - default default] TaaS: Handle Delete Port: 59774fc8-79a7-4636-8e47-e205524aeecd
2026-07-29 20:24:53.851 8 INFO neutron_taas.services.taas.tap_mirror_plugin [None req-9821fa6b-c8d8-4d0a-b741-25380e4e39e4 afa2d090a2284b1ebbf40175b42309b0 2ff49990acb54d55be50181a23e1f88b - - default default] Tap Mirror: Handle Delete Port: 59774fc8-79a7-4636-8e47-e205524aeecd [pid: 8|app: 0|req: 1848/3698] 10.0.0.200 () {32 vars in 724 bytes} [Wed Jul 29 20:24:53 2026] DELETE /v2.0/routers/a0c4a67d-86b8-41bb-afde-d5fab547e086 => generated 0 bytes in 642 msecs (HTTP/1.1 204) 2 headers in 112 bytes (1 switches on core 0)
2026-07-29 20:24:54.225 7 INFO neutron.api.v2.resource [None req-428f034f-4bd2-4844-81cf-740c67b3fec2 afa2d090a2284b1ebbf40175b42309b0 2ff49990acb54d55be50181a23e1f88b - - default default] show failed (client error): The resource could not be found. [pid: 7|app: 0|req: 1851/3699] 10.0.0.200 () {32 vars in 721 bytes} [Wed Jul 29 20:24:54 2026] GET /v2.0/routers/a0c4a67d-86b8-41bb-afde-d5fab547e086 => generated 135 bytes in 16 msecs (HTTP/1.1 404) 4 headers in 164 bytes (1 switches on core 0) [pid: 8|app: 0|req: 1849/3700] 10.0.0.200 () {32 vars in 724 bytes} [Wed Jul 29 20:24:54 2026] DELETE /v2.0/subnets/748afd8d-1d05-4230-bb99-27183b59db44 => generated 0 bytes in 138 msecs (HTTP/1.1 204) 3 headers in 131 bytes (1 switches on core 0)
2026-07-29 20:24:54.396 7 INFO neutron.pecan_wsgi.hooks.translation [None req-2cc3c10c-c33e-418a-a426-5b83b27a32aa afa2d090a2284b1ebbf40175b42309b0 2ff49990acb54d55be50181a23e1f88b - - default default] GET failed (client error): The resource could not be found. [pid: 7|app: 0|req: 1852/3701] 10.0.0.200 () {32 vars in 721 bytes} [Wed Jul 29 20:24:54 2026] GET /v2.0/subnets/748afd8d-1d05-4230-bb99-27183b59db44 => generated 136 bytes in 23 msecs (HTTP/1.1 404) 4 headers in 164 bytes (1 switches on core 0) [pid: 8|app: 0|req: 1850/3702] 10.0.0.200 () {32 vars in 724 bytes} [Wed Jul 29 20:24:54 2026] DELETE /v2.0/subnets/acee18d0-5ef9-4691-ad20-f79c2a7a204a => generated 0 bytes in 166 msecs (HTTP/1.1 204) 3 headers in 131 bytes (1 switches on core 0)
2026-07-29 20:24:54.595 7 INFO neutron.pecan_wsgi.hooks.translation [None req-bc68e6d6-4b1a-46b5-bbae-34f590a3977c afa2d090a2284b1ebbf40175b42309b0 2ff49990acb54d55be50181a23e1f88b - - default default] GET failed (client error): The resource could not be found. [pid: 7|app: 0|req: 1853/3703] 10.0.0.200 () {32 vars in 721 bytes} [Wed Jul 29 20:24:54 2026] GET /v2.0/subnets/acee18d0-5ef9-4691-ad20-f79c2a7a204a => generated 136 bytes in 19 msecs (HTTP/1.1 404) 4 headers in 164 bytes (1 switches on core 0)
2026-07-29 20:24:54.714 8 INFO neutron_taas.services.taas.taas_plugin [None req-3727a928-eb48-4a21-9f18-05822c376e83 afa2d090a2284b1ebbf40175b42309b0 2ff49990acb54d55be50181a23e1f88b - - default default] TaaS: Handle Delete Port: 3d514090-3c40-41e6-bf59-2be5976e44d0
2026-07-29 20:24:54.718 8 INFO neutron_taas.services.taas.tap_mirror_plugin [None req-3727a928-eb48-4a21-9f18-05822c376e83 afa2d090a2284b1ebbf40175b42309b0 2ff49990acb54d55be50181a23e1f88b - - default default] Tap Mirror: Handle Delete Port: 3d514090-3c40-41e6-bf59-2be5976e44d0
2026-07-29 20:24:54.919 8 INFO neutron.services.segments.plugin [-] Segment 84a3baed-4266-4fb1-a73f-c8757f18e831 resource provider aggregate not found [pid: 8|app: 0|req: 1851/3704] 10.0.0.200 () {32 vars in 726 bytes} [Wed Jul 29 20:24:54 2026] DELETE /v2.0/networks/8c6154fe-90cd-4a7d-b29c-1973ba698774 => generated 0 bytes in 320 msecs (HTTP/1.1 204) 3 headers in 131 bytes (1 switches on core 0)
2026-07-29 20:24:54.927 8 INFO neutron.services.segments.plugin [-] Segment 84a3baed-4266-4fb1-a73f-c8757f18e831 resource provider aggregate not found
2026-07-29 20:24:54.936 8 INFO neutron.services.segments.plugin [-] Segment 84a3baed-4266-4fb1-a73f-c8757f18e831 resource provider not found; error: Placement Client Error (4xx): {"errors": [{"status": 404, "title": "Not Found", "detail": "The resource could not be found.\n\n No resource provider with uuid 84a3baed-4266-4fb1-a73f-c8757f18e831 found for delete ", "request_id": "req-580f464d-04d3-43da-8c52-eb66cc3481ae"}]}
2026-07-29 20:24:54.936 7 INFO neutron.pecan_wsgi.hooks.translation [None req-066bd741-8d40-4e2e-a37b-f20407bb6673 afa2d090a2284b1ebbf40175b42309b0 2ff49990acb54d55be50181a23e1f88b - - default default] GET failed (client error): The resource could not be found. [pid: 7|app: 0|req: 1854/3705] 10.0.0.200 () {32 vars in 723 bytes} [Wed Jul 29 20:24:54 2026] GET /v2.0/networks/8c6154fe-90cd-4a7d-b29c-1973ba698774 => generated 138 bytes in 14 msecs (HTTP/1.1 404) 4 headers in 164 bytes (1 switches on core 0)
2026-07-29 20:24:54.940 8 INFO neutron.services.segments.plugin [-] Segment 84a3baed-4266-4fb1-a73f-c8757f18e831 resource provider not found; error: Placement Client Error (4xx): {"errors": [{"status": 404, "title": "Not Found", "detail": "The resource could not be found.\n\n No resource provider with uuid 84a3baed-4266-4fb1-a73f-c8757f18e831 found for delete ", "request_id": "req-9d22e07d-1a36-4ba1-b17d-2d58cb52208c"}]} [pid: 8|app: 0|req: 1852/3706] 10.0.0.200 () {32 vars in 724 bytes} [Wed Jul 29 20:24:54 2026] DELETE /v2.0/subnets/b3f8ad0a-5b6d-408d-bd5d-d5ba7a0d094d => generated 0 bytes in 110 msecs (HTTP/1.1 204) 3 headers in 131 bytes (1 switches on core 0)
2026-07-29 20:24:55.072 7 INFO neutron.pecan_wsgi.hooks.translation [None req-a25b9ba2-c22f-4809-a25a-74a7152de0f1 afa2d090a2284b1ebbf40175b42309b0 2ff49990acb54d55be50181a23e1f88b - - default default] GET failed (client error): The resource could not be found. [pid: 7|app: 0|req: 1855/3707] 10.0.0.200 () {32 vars in 721 bytes} [Wed Jul 29 20:24:55 2026] GET /v2.0/subnets/b3f8ad0a-5b6d-408d-bd5d-d5ba7a0d094d => generated 136 bytes in 16 msecs (HTTP/1.1 404) 4 headers in 164 bytes (1 switches on core 0) [pid: 8|app: 0|req: 1853/3708] 10.0.0.200 () {32 vars in 724 bytes} [Wed Jul 29 20:24:55 2026] DELETE /v2.0/subnets/aa3ad409-d179-4a27-a54b-fccc2f32f3c8 => generated 0 bytes in 153 msecs (HTTP/1.1 204) 3 headers in 131 bytes (1 switches on core 0)
2026-07-29 20:24:55.250 7 INFO neutron.pecan_wsgi.hooks.translation [None req-2c24e98b-5a1b-4da5-a34f-f5655fa3db78 afa2d090a2284b1ebbf40175b42309b0 2ff49990acb54d55be50181a23e1f88b - - default default] GET failed (client error): The resource could not be found. [pid: 7|app: 0|req: 1856/3709] 10.0.0.200 () {32 vars in 721 bytes} [Wed Jul 29 20:24:55 2026] GET /v2.0/subnets/aa3ad409-d179-4a27-a54b-fccc2f32f3c8 => generated 136 bytes in 16 msecs (HTTP/1.1 404) 4 headers in 164 bytes (1 switches on core 0)
2026-07-29 20:24:55.368 8 INFO neutron_taas.services.taas.taas_plugin [None req-16e2d513-3d00-4b25-a87f-fb55d16f65d6 afa2d090a2284b1ebbf40175b42309b0 2ff49990acb54d55be50181a23e1f88b - - default default] TaaS: Handle Delete Port: f7d1bbb5-69d6-43c2-9c41-e6f65a8f7473
2026-07-29 20:24:55.372 8 INFO neutron_taas.services.taas.tap_mirror_plugin [None req-16e2d513-3d00-4b25-a87f-fb55d16f65d6 afa2d090a2284b1ebbf40175b42309b0 2ff49990acb54d55be50181a23e1f88b - - default default] Tap Mirror: Handle Delete Port: f7d1bbb5-69d6-43c2-9c41-e6f65a8f7473 [pid: 8|app: 0|req: 1854/3710] 10.0.0.200 () {32 vars in 726 bytes} [Wed Jul 29 20:24:55 2026] DELETE /v2.0/networks/4735e884-2567-4fe5-934c-534e3bb44ce2 => generated 0 bytes in 327 msecs (HTTP/1.1 204) 3 headers in 131 bytes (1 switches on core 0)
2026-07-29 20:24:55.603 7 INFO neutron.pecan_wsgi.hooks.translation [None req-61767ef7-aa0e-4d05-b0f2-ea304b0045b6 afa2d090a2284b1ebbf40175b42309b0 2ff49990acb54d55be50181a23e1f88b - - default default] GET failed (client error): The resource could not be found. [pid: 7|app: 0|req: 1857/3711] 10.0.0.200 () {32 vars in 723 bytes} [Wed Jul 29 20:24:55 2026] GET /v2.0/networks/4735e884-2567-4fe5-934c-534e3bb44ce2 => generated 138 bytes in 15 msecs (HTTP/1.1 404) 4 headers in 164 bytes (1 switches on core 0) [pid: 8|app: 0|req: 1855/3712] 10.0.0.200 () {32 vars in 724 bytes} [Wed Jul 29 20:24:55 2026] DELETE /v2.0/subnets/69b2b824-1750-40a2-ad6c-4b86bb9f011f => generated 0 bytes in 119 msecs (HTTP/1.1 204) 3 headers in 131 bytes (1 switches on core 0)
2026-07-29 20:24:55.753 7 INFO neutron.pecan_wsgi.hooks.translation [None req-f4300e17-af49-4404-b86a-765af3e8ca77 afa2d090a2284b1ebbf40175b42309b0 2ff49990acb54d55be50181a23e1f88b - - default default] GET failed (client error): The resource could not be found. [pid: 7|app: 0|req: 1858/3713] 10.0.0.200 () {32 vars in 721 bytes} [Wed Jul 29 20:24:55 2026] GET /v2.0/subnets/69b2b824-1750-40a2-ad6c-4b86bb9f011f => generated 136 bytes in 21 msecs (HTTP/1.1 404) 4 headers in 164 bytes (1 switches on core 0) [pid: 8|app: 0|req: 1856/3714] 10.0.0.200 () {32 vars in 724 bytes} [Wed Jul 29 20:24:55 2026] DELETE /v2.0/subnets/40f95b58-12d4-4ecb-be01-05767f4e9965 => generated 0 bytes in 162 msecs (HTTP/1.1 204) 3 headers in 131 bytes (1 switches on core 0)
2026-07-29 20:24:55.945 7 INFO neutron.pecan_wsgi.hooks.translation [None req-be1d5d0d-e8eb-4ac6-a53f-b02415685439 afa2d090a2284b1ebbf40175b42309b0 2ff49990acb54d55be50181a23e1f88b - - default default] GET failed (client error): The resource could not be found. [pid: 7|app: 0|req: 1859/3715] 10.0.0.200 () {32 vars in 721 bytes} [Wed Jul 29 20:24:55 2026] GET /v2.0/subnets/40f95b58-12d4-4ecb-be01-05767f4e9965 => generated 136 bytes in 20 msecs (HTTP/1.1 404) 4 headers in 164 bytes (1 switches on core 0)
2026-07-29 20:24:56.059 8 INFO neutron_taas.services.taas.taas_plugin [None req-559aaaf0-185b-4490-8c2e-01c517e4cbc5 afa2d090a2284b1ebbf40175b42309b0 2ff49990acb54d55be50181a23e1f88b - - default default] TaaS: Handle Delete Port: af8c8653-65e1-4bd7-aa33-c3a1d1b4a1c4
2026-07-29 20:24:56.061 8 INFO neutron_taas.services.taas.tap_mirror_plugin [None req-559aaaf0-185b-4490-8c2e-01c517e4cbc5 afa2d090a2284b1ebbf40175b42309b0 2ff49990acb54d55be50181a23e1f88b - - default default] Tap Mirror: Handle Delete Port: af8c8653-65e1-4bd7-aa33-c3a1d1b4a1c4 [pid: 8|app: 0|req: 1857/3716] 10.0.0.200 () {32 vars in 726 bytes} [Wed Jul 29 20:24:55 2026] DELETE /v2.0/networks/6c60bcfb-6bdc-407d-8e3a-d2b6707c849a => generated 0 bytes in 280 msecs (HTTP/1.1 204) 3 headers in 131 bytes (1 switches on core 0)
2026-07-29 20:24:56.253 7 INFO neutron.pecan_wsgi.hooks.translation [None req-e4f44870-d95e-406b-8921-3f2a3186ec6f afa2d090a2284b1ebbf40175b42309b0 2ff49990acb54d55be50181a23e1f88b - - default default] GET failed (client error): The resource could not be found. [pid: 7|app: 0|req: 1860/3717] 10.0.0.200 () {32 vars in 723 bytes} [Wed Jul 29 20:24:56 2026] GET /v2.0/networks/6c60bcfb-6bdc-407d-8e3a-d2b6707c849a => generated 138 bytes in 18 msecs (HTTP/1.1 404) 4 headers in 164 bytes (1 switches on core 0)
2026-07-29 20:24:56.958 8 INFO neutron.services.segments.plugin [-] Segment cc894ace-e61b-4c67-84d5-ae6dca05dbd6 resource provider aggregate not found
2026-07-29 20:24:56.961 8 INFO neutron.services.segments.plugin [-] Segment cc894ace-e61b-4c67-84d5-ae6dca05dbd6 resource provider aggregate not found
2026-07-29 20:24:56.977 8 INFO neutron.services.segments.plugin [-] Segment cc894ace-e61b-4c67-84d5-ae6dca05dbd6 resource provider not found; error: Placement Client Error (4xx): {"errors": [{"status": 404, "title": "Not Found", "detail": "The resource could not be found.\n\n No resource provider with uuid cc894ace-e61b-4c67-84d5-ae6dca05dbd6 found for delete ", "request_id": "req-03010616-e97e-443a-8d1b-96bdf508169b"}]}
2026-07-29 20:24:56.983 8 INFO neutron.services.segments.plugin [-] Segment cc894ace-e61b-4c67-84d5-ae6dca05dbd6 resource provider not found; error: Placement Client Error (4xx): {"errors": [{"status": 404, "title": "Not Found", "detail": "The resource could not be found.\n\n No resource provider with uuid cc894ace-e61b-4c67-84d5-ae6dca05dbd6 found for delete ", "request_id": "req-cba1ed7f-1240-4916-9e62-3aed5011d8e8"}]}
2026-07-29 20:24:57.000 8 INFO neutron.services.segments.plugin [-] Segment e9ee8060-629c-4c26-a5dc-184974b9605d resource provider aggregate not found
2026-07-29 20:24:57.005 8 INFO neutron.services.segments.plugin [-] Segment e9ee8060-629c-4c26-a5dc-184974b9605d resource provider aggregate not found
2026-07-29 20:24:57.017 8 INFO neutron.services.segments.plugin [-] Segment e9ee8060-629c-4c26-a5dc-184974b9605d resource provider not found; error: Placement Client Error (4xx): {"errors": [{"status": 404, "title": "Not Found", "detail": "The resource could not be found.\n\n No resource provider with uuid e9ee8060-629c-4c26-a5dc-184974b9605d found for delete ", "request_id": "req-2d0cb600-e273-468d-bcf2-8341400bd45f"}]}
2026-07-29 20:24:57.021 8 INFO neutron.services.segments.plugin [-] Segment e9ee8060-629c-4c26-a5dc-184974b9605d resource provider not found; error: Placement Client Error (4xx): {"errors": [{"status": 404, "title": "Not Found", "detail": "The resource could not be found.\n\n No resource provider with uuid e9ee8060-629c-4c26-a5dc-184974b9605d found for delete ", "request_id": "req-84b752e6-c33a-4453-b711-a6c6192b4380"}]} [pid: 8|app: 0|req: 1858/3718] 10.0.0.200 () {32 vars in 774 bytes} [Wed Jul 29 20:24:57 2026] GET /v2.0/security-groups?tenant_id=2ff49990acb54d55be50181a23e1f88b&name=default => generated 2929 bytes in 157 msecs (HTTP/1.1 200) 4 headers in 158 bytes (1 switches on core 0) [pid: 7|app: 0|req: 1861/3719] 10.0.0.200 () {32 vars in 740 bytes} [Wed Jul 29 20:24:58 2026] DELETE /v2.0/security-groups/e82bab84-502b-4eeb-96dc-b1b4bd788e17 => generated 0 bytes in 210 msecs (HTTP/1.1 204) 2 headers in 112 bytes (1 switches on core 0)
2026-07-29 20:24:58.565 8 INFO neutron.db.ovn_revision_numbers_db [None req-6005a0d7-1d5a-4325-aba6-67fcba394736 90f347e6efa84149817552548aec7d47 7a1d2b4d1c934af6bba3df77c30f284a - - default default] Successfully bumped revision number for resource 9366a880-2f1f-4e3a-b7b7-43cc14ca0817 (type: security_groups) to 1
2026-07-29 20:24:58.576 8 INFO neutron.db.ovn_revision_numbers_db [None req-6005a0d7-1d5a-4325-aba6-67fcba394736 90f347e6efa84149817552548aec7d47 7a1d2b4d1c934af6bba3df77c30f284a - - default default] Successfully bumped revision number for resource 0d64bcff-86a5-4f12-8b22-9252563478d0 (type: security_group_rules) to 0
2026-07-29 20:24:58.588 8 INFO neutron.db.ovn_revision_numbers_db [None req-6005a0d7-1d5a-4325-aba6-67fcba394736 90f347e6efa84149817552548aec7d47 7a1d2b4d1c934af6bba3df77c30f284a - - default default] Successfully bumped revision number for resource 6e95d43e-0d98-4af5-9c35-666a72acca60 (type: security_group_rules) to 0
2026-07-29 20:24:58.599 8 INFO neutron.db.ovn_revision_numbers_db [None req-6005a0d7-1d5a-4325-aba6-67fcba394736 90f347e6efa84149817552548aec7d47 7a1d2b4d1c934af6bba3df77c30f284a - - default default] Successfully bumped revision number for resource 90bc64d1-4092-4381-abe6-984ef75d0424 (type: security_group_rules) to 0
2026-07-29 20:24:58.610 8 INFO neutron.db.ovn_revision_numbers_db [None req-6005a0d7-1d5a-4325-aba6-67fcba394736 90f347e6efa84149817552548aec7d47 7a1d2b4d1c934af6bba3df77c30f284a - - default default] Successfully bumped revision number for resource da53eff2-7a6a-46ce-95cc-ca39d39cf928 (type: security_group_rules) to 0 [pid: 8|app: 0|req: 1859/3720] 10.0.0.200 () {32 vars in 774 bytes} [Wed Jul 29 20:24:58 2026] GET /v2.0/security-groups?tenant_id=16dffa49480e45d49b954da717a5e97a&name=default => generated 2929 bytes in 222 msecs (HTTP/1.1 200) 4 headers in 158 bytes (1 switches on core 0) [pid: 7|app: 0|req: 1862/3721] 10.0.0.200 () {32 vars in 740 bytes} [Wed Jul 29 20:24:58 2026] DELETE /v2.0/security-groups/9366a880-2f1f-4e3a-b7b7-43cc14ca0817 => generated 0 bytes in 211 msecs (HTTP/1.1 204) 2 headers in 112 bytes (1 switches on core 0)
2026-07-29 20:24:59.144 8 INFO neutron.db.ovn_revision_numbers_db [None req-f0eae637-a863-49cc-91fc-a97a409d1bf6 90f347e6efa84149817552548aec7d47 7a1d2b4d1c934af6bba3df77c30f284a - - default default] Successfully bumped revision number for resource ff3f158f-ec5a-483e-a10d-88817e66af5f (type: security_groups) to 1
2026-07-29 20:24:59.155 8 INFO neutron.db.ovn_revision_numbers_db [None req-f0eae637-a863-49cc-91fc-a97a409d1bf6 90f347e6efa84149817552548aec7d47 7a1d2b4d1c934af6bba3df77c30f284a - - default default] Successfully bumped revision number for resource 31d510b0-28c3-4f54-bd0b-3fff7271ef2b (type: security_group_rules) to 0
2026-07-29 20:24:59.166 8 INFO neutron.db.ovn_revision_numbers_db [None req-f0eae637-a863-49cc-91fc-a97a409d1bf6 90f347e6efa84149817552548aec7d47 7a1d2b4d1c934af6bba3df77c30f284a - - default default] Successfully bumped revision number for resource 6cbdcacf-690c-44d4-b7a8-a47a5a4fda68 (type: security_group_rules) to 0
2026-07-29 20:24:59.177 8 INFO neutron.db.ovn_revision_numbers_db [None req-f0eae637-a863-49cc-91fc-a97a409d1bf6 90f347e6efa84149817552548aec7d47 7a1d2b4d1c934af6bba3df77c30f284a - - default default] Successfully bumped revision number for resource 85543425-9b2c-449f-a8c8-862304046671 (type: security_group_rules) to 0
2026-07-29 20:24:59.189 8 INFO neutron.db.ovn_revision_numbers_db [None req-f0eae637-a863-49cc-91fc-a97a409d1bf6 90f347e6efa84149817552548aec7d47 7a1d2b4d1c934af6bba3df77c30f284a - - default default] Successfully bumped revision number for resource d5c06744-22fb-42a2-89e1-294a1f46ee1c (type: security_group_rules) to 0 [pid: 8|app: 0|req: 1860/3724] 10.0.0.200 () {32 vars in 774 bytes} [Wed Jul 29 20:24:59 2026] GET /v2.0/security-groups?tenant_id=1c4505595c75454a877ffca3ccaab2bb&name=default => generated 2929 bytes in 221 msecs (HTTP/1.1 200) 4 headers in 158 bytes (1 switches on core 0) [pid: 7|app: 0|req: 1865/3725] 10.0.0.200 () {32 vars in 740 bytes} [Wed Jul 29 20:24:59 2026] DELETE /v2.0/security-groups/ff3f158f-ec5a-483e-a10d-88817e66af5f => generated 0 bytes in 214 msecs (HTTP/1.1 204) 2 headers in 112 bytes (1 switches on core 0)
2026-07-29 20:24:59.777 8 INFO neutron.db.ovn_revision_numbers_db [None req-d8b83268-f815-4e29-a961-2b2f31687952 90f347e6efa84149817552548aec7d47 7a1d2b4d1c934af6bba3df77c30f284a - - default default] Successfully bumped revision number for resource 32d8d893-1492-4d6b-b395-ead1c78e6331 (type: security_groups) to 1
2026-07-29 20:24:59.787 8 INFO neutron.db.ovn_revision_numbers_db [None req-d8b83268-f815-4e29-a961-2b2f31687952 90f347e6efa84149817552548aec7d47 7a1d2b4d1c934af6bba3df77c30f284a - - default default] Successfully bumped revision number for resource 1d06f88d-1c02-4ab7-b7d1-2c2cf65664bc (type: security_group_rules) to 0
2026-07-29 20:24:59.797 8 INFO neutron.db.ovn_revision_numbers_db [None req-d8b83268-f815-4e29-a961-2b2f31687952 90f347e6efa84149817552548aec7d47 7a1d2b4d1c934af6bba3df77c30f284a - - default default] Successfully bumped revision number for resource 30d6bff9-a9e6-4138-9c71-305199348732 (type: security_group_rules) to 0
2026-07-29 20:24:59.810 8 INFO neutron.db.ovn_revision_numbers_db [None req-d8b83268-f815-4e29-a961-2b2f31687952 90f347e6efa84149817552548aec7d47 7a1d2b4d1c934af6bba3df77c30f284a - - default default] Successfully bumped revision number for resource 7b4c6510-d915-4c78-b0c9-042acf264a1f (type: security_group_rules) to 0
2026-07-29 20:24:59.820 8 INFO neutron.db.ovn_revision_numbers_db [None req-d8b83268-f815-4e29-a961-2b2f31687952 90f347e6efa84149817552548aec7d47 7a1d2b4d1c934af6bba3df77c30f284a - - default default] Successfully bumped revision number for resource f1613194-b396-4cdc-9982-67453183a8ab (type: security_group_rules) to 0 [pid: 8|app: 0|req: 1861/3726] 10.0.0.200 () {32 vars in 774 bytes} [Wed Jul 29 20:24:59 2026] GET /v2.0/security-groups?tenant_id=446de4cb88234fc494095618c365f108&name=default => generated 2929 bytes in 214 msecs (HTTP/1.1 200) 4 headers in 158 bytes (1 switches on core 0) [pid: 7|app: 0|req: 1866/3727] 10.0.0.200 () {32 vars in 740 bytes} [Wed Jul 29 20:24:59 2026] DELETE /v2.0/security-groups/32d8d893-1492-4d6b-b395-ead1c78e6331 => generated 0 bytes in 217 msecs (HTTP/1.1 204) 2 headers in 112 bytes (1 switches on core 0)
2026-07-29 20:25:00.345 8 INFO neutron.db.ovn_revision_numbers_db [None req-d4825b49-593e-430d-9deb-fbc6f8b445c1 90f347e6efa84149817552548aec7d47 7a1d2b4d1c934af6bba3df77c30f284a - - default default] Successfully bumped revision number for resource 6de49730-d7e2-4437-8f59-703e78709e07 (type: security_groups) to 1
2026-07-29 20:25:00.354 8 INFO neutron.db.ovn_revision_numbers_db [None req-d4825b49-593e-430d-9deb-fbc6f8b445c1 90f347e6efa84149817552548aec7d47 7a1d2b4d1c934af6bba3df77c30f284a - - default default] Successfully bumped revision number for resource 1e6aa8de-5a66-4c6f-9b1b-5c8607c51cee (type: security_group_rules) to 0
2026-07-29 20:25:00.365 8 INFO neutron.db.ovn_revision_numbers_db [None req-d4825b49-593e-430d-9deb-fbc6f8b445c1 90f347e6efa84149817552548aec7d47 7a1d2b4d1c934af6bba3df77c30f284a - - default default] Successfully bumped revision number for resource 7434aaac-ac2a-4671-82d1-bfa7464d58c3 (type: security_group_rules) to 0
2026-07-29 20:25:00.380 8 INFO neutron.db.ovn_revision_numbers_db [None req-d4825b49-593e-430d-9deb-fbc6f8b445c1 90f347e6efa84149817552548aec7d47 7a1d2b4d1c934af6bba3df77c30f284a - - default default] Successfully bumped revision number for resource 8955f871-6c46-44e2-a9aa-b8a18f04a03f (type: security_group_rules) to 0
2026-07-29 20:25:00.394 8 INFO neutron.db.ovn_revision_numbers_db [None req-d4825b49-593e-430d-9deb-fbc6f8b445c1 90f347e6efa84149817552548aec7d47 7a1d2b4d1c934af6bba3df77c30f284a - - default default] Successfully bumped revision number for resource be307a90-eac4-44c2-9044-6c473825cc25 (type: security_group_rules) to 0 [pid: 8|app: 0|req: 1862/3728] 10.0.0.200 () {32 vars in 774 bytes} [Wed Jul 29 20:25:00 2026] GET /v2.0/security-groups?tenant_id=d6a686c3e8614dea8098aab64ca145b5&name=default => generated 2929 bytes in 196 msecs (HTTP/1.1 200) 4 headers in 158 bytes (1 switches on core 0) [pid: 7|app: 0|req: 1867/3729] 10.0.0.200 () {32 vars in 740 bytes} [Wed Jul 29 20:25:00 2026] DELETE /v2.0/security-groups/6de49730-d7e2-4437-8f59-703e78709e07 => generated 0 bytes in 224 msecs (HTTP/1.1 204) 2 headers in 112 bytes (1 switches on core 0)
2026-07-29 20:25:00.883 8 INFO neutron.db.ovn_revision_numbers_db [None req-27c45930-fe05-4d2c-8892-0355969db8da 90f347e6efa84149817552548aec7d47 7a1d2b4d1c934af6bba3df77c30f284a - - default default] Successfully bumped revision number for resource 1c774a8a-d1c7-4de1-9cd6-f08fe1165379 (type: security_groups) to 1
2026-07-29 20:25:00.897 8 INFO neutron.db.ovn_revision_numbers_db [None req-27c45930-fe05-4d2c-8892-0355969db8da 90f347e6efa84149817552548aec7d47 7a1d2b4d1c934af6bba3df77c30f284a - - default default] Successfully bumped revision number for resource 3607e1e4-55f8-40f5-89c4-310f14ac69d5 (type: security_group_rules) to 0
2026-07-29 20:25:00.908 8 INFO neutron.db.ovn_revision_numbers_db [None req-27c45930-fe05-4d2c-8892-0355969db8da 90f347e6efa84149817552548aec7d47 7a1d2b4d1c934af6bba3df77c30f284a - - default default] Successfully bumped revision number for resource 645b122e-d9d1-4ea7-95c6-314256e4493a (type: security_group_rules) to 0
2026-07-29 20:25:00.917 8 INFO neutron.db.ovn_revision_numbers_db [None req-27c45930-fe05-4d2c-8892-0355969db8da 90f347e6efa84149817552548aec7d47 7a1d2b4d1c934af6bba3df77c30f284a - - default default] Successfully bumped revision number for resource a923e899-9489-451b-92a8-8c4399b39694 (type: security_group_rules) to 0
2026-07-29 20:25:00.927 8 INFO neutron.db.ovn_revision_numbers_db [None req-27c45930-fe05-4d2c-8892-0355969db8da 90f347e6efa84149817552548aec7d47 7a1d2b4d1c934af6bba3df77c30f284a - - default default] Successfully bumped revision number for resource eabac335-51f7-421d-ba79-47c8a066fa15 (type: security_group_rules) to 0 [pid: 8|app: 0|req: 1863/3730] 10.0.0.200 () {32 vars in 774 bytes} [Wed Jul 29 20:25:00 2026] GET /v2.0/security-groups?tenant_id=4596a5e5dc6046a09118bca9148c0fe3&name=default => generated 2929 bytes in 186 msecs (HTTP/1.1 200) 4 headers in 158 bytes (1 switches on core 0) [pid: 7|app: 0|req: 1868/3731] 10.0.0.200 () {32 vars in 740 bytes} [Wed Jul 29 20:25:00 2026] DELETE /v2.0/security-groups/1c774a8a-d1c7-4de1-9cd6-f08fe1165379 => generated 0 bytes in 198 msecs (HTTP/1.1 204) 2 headers in 112 bytes (1 switches on core 0)
2026-07-29 20:25:01.443 8 INFO neutron.db.ovn_revision_numbers_db [None req-a411321e-96ae-46d9-88eb-b126a78855e7 90f347e6efa84149817552548aec7d47 7a1d2b4d1c934af6bba3df77c30f284a - - default default] Successfully bumped revision number for resource 0cef3651-01db-46b6-ba6c-44be713ec467 (type: security_groups) to 1
2026-07-29 20:25:01.456 8 INFO neutron.d