2026-07-29 20:17:54.593 7 INFO neutron.db.ovn_revision_numbers_db [req-e667cd57-68fb-4a0a-9c2a-e620d9cede02 req-e0e2a8ce-7661-4feb-a5bc-e929ee3c8779 995124464d764d5a986aa4d321be8b0b afeafa018b534e63b06705c2149e3452 - - default default] Successfully bumped revision number for resource acd3c4dd-a3fd-4463-8c77-83930ca108c8 (type: ports) to 1 [pid: 7|app: 0|req: 820/1806] 199.204.45.95 () {38 vars in 954 bytes} [Wed Jul 29 20:17:54 2026] POST /v2.0/ports => generated 954 bytes in 595 msecs (HTTP/1.1 201) 4 headers in 162 bytes (1 switches on core 0) /var/lib/openstack/lib/python3.12/site-packages/pycadf/identifier.py:70: UserWarning: Invalid uuid: neutron. To ensure interoperability, identifiers should be a valid uuid. warnings.warn(('Invalid uuid: %s. To ensure interoperability, ' [pid: 7|app: 0|req: 821/1807] 10.0.0.28 () {34 vars in 1039 bytes} [Wed Jul 29 20:17:54 2026] GET /v2.0/security-groups?id=516aa4e7-1b1e-4635-abea-a623a6675690&fields=id&fields=name => generated 114 bytes in 40 msecs (HTTP/1.1 200) 4 headers in 157 bytes (1 switches on core 0)
2026-07-29 20:17:54.713 8 INFO neutron.db.ovn_revision_numbers_db [None req-2432b603-baf0-4730-a5bf-465b654cd1b0 c5c0d67d017d486bb556402511b2fd9f 9856e433aa4447bbb9450377c5693d3b - - default default] Successfully bumped revision number for resource fee3d9b6-02e9-4994-a86b-7fc60abef12d (type: networks) to 1
2026-07-29 20:17:54.869 8 WARNING neutron.scheduler.dhcp_agent_scheduler [None req-2432b603-baf0-4730-a5bf-465b654cd1b0 c5c0d67d017d486bb556402511b2fd9f 9856e433aa4447bbb9450377c5693d3b - - default default] No more DHCP agents
2026-07-29 20:17:54.870 8 WARNING neutron.api.rpc.agentnotifiers.dhcp_rpc_agent_api [None req-2432b603-baf0-4730-a5bf-465b654cd1b0 c5c0d67d017d486bb556402511b2fd9f 9856e433aa4447bbb9450377c5693d3b - - default default] Unable to schedule network fee3d9b6-02e9-4994-a86b-7fc60abef12d: no agents available; will retry on subsequent port and subnet creation events.
2026-07-29 20:17:54.925 8 INFO neutron.plugins.ml2.drivers.ovn.mech_driver.mech_driver [None req-3839ef68-8ee6-448d-95c6-3100da2623cd - - - - - -] OVN reports status down for port: 7d287579-ed91-4252-9f22-f982d5f5e977
2026-07-29 20:17:54.989 8 INFO neutron.db.ovn_revision_numbers_db [None req-2432b603-baf0-4730-a5bf-465b654cd1b0 c5c0d67d017d486bb556402511b2fd9f 9856e433aa4447bbb9450377c5693d3b - - default default] Successfully bumped revision number for resource 7d287579-ed91-4252-9f22-f982d5f5e977 (type: ports) to 1 [pid: 8|app: 0|req: 987/1808] 10.0.0.200 () {34 vars in 670 bytes} [Wed Jul 29 20:17:54 2026] POST /v2.0/networks => generated 654 bytes in 663 msecs (HTTP/1.1 201) 4 headers in 162 bytes (1 switches on core 0)
2026-07-29 20:17:55.061 7 INFO neutron.db.ovn_revision_numbers_db [req-e667cd57-68fb-4a0a-9c2a-e620d9cede02 req-47f2b71e-a171-442a-a4ff-b5ee5b98b680 03247dcabde94730b8c8e6e190f1378b 27e3312a476042f0861f17acb9b9f1de - - 4e55210902db41dc8a063a6bffe5bdec 4e55210902db41dc8a063a6bffe5bdec] Successfully bumped revision number for resource acd3c4dd-a3fd-4463-8c77-83930ca108c8 (type: ports) to 2
2026-07-29 20:17:55.237 8 WARNING neutron.scheduler.dhcp_agent_scheduler [None req-23f93d4c-4146-43c5-8b00-c751e599b57b c5c0d67d017d486bb556402511b2fd9f 9856e433aa4447bbb9450377c5693d3b - - default default] No more DHCP agents
2026-07-29 20:17:55.238 8 WARNING neutron.api.rpc.agentnotifiers.dhcp_rpc_agent_api [None req-23f93d4c-4146-43c5-8b00-c751e599b57b c5c0d67d017d486bb556402511b2fd9f 9856e433aa4447bbb9450377c5693d3b - - default default] Unable to schedule network fee3d9b6-02e9-4994-a86b-7fc60abef12d: no agents available; will retry on subsequent port and subnet creation events.
2026-07-29 20:17:55.278 7 INFO neutron.db.ovn_revision_numbers_db [req-e667cd57-68fb-4a0a-9c2a-e620d9cede02 req-47f2b71e-a171-442a-a4ff-b5ee5b98b680 03247dcabde94730b8c8e6e190f1378b 27e3312a476042f0861f17acb9b9f1de - - 4e55210902db41dc8a063a6bffe5bdec 4e55210902db41dc8a063a6bffe5bdec] Successfully bumped revision number for resource acd3c4dd-a3fd-4463-8c77-83930ca108c8 (type: ports) to 4
2026-07-29 20:17:55.288 8 INFO neutron.db.ovn_revision_numbers_db [None req-23f93d4c-4146-43c5-8b00-c751e599b57b c5c0d67d017d486bb556402511b2fd9f 9856e433aa4447bbb9450377c5693d3b - - default default] Successfully bumped revision number for resource 6d4981d3-6240-4677-8432-39a6e3d344da (type: subnets) to 0 [pid: 7|app: 0|req: 822/1809] 199.204.45.95 () {38 vars in 1027 bytes} [Wed Jul 29 20:17:54 2026] PUT /v2.0/ports/acd3c4dd-a3fd-4463-8c77-83930ca108c8 => generated 1204 bytes in 608 msecs (HTTP/1.1 200) 4 headers in 158 bytes (1 switches on core 0) [pid: 8|app: 0|req: 988/1810] 10.0.0.200 () {34 vars in 669 bytes} [Wed Jul 29 20:17:55 2026] POST /v2.0/subnets => generated 646 bytes in 238 msecs (HTTP/1.1 201) 4 headers in 162 bytes (1 switches on core 0) /var/lib/openstack/lib/python3.12/site-packages/pycadf/identifier.py:70: UserWarning: Invalid uuid: neutron. To ensure interoperability, identifiers should be a valid uuid. warnings.warn(('Invalid uuid: %s. To ensure interoperability, '
2026-07-29 20:17:55.342 7 INFO neutron.notifiers.nova [-] Nova event matching ['req-17bf8fc7-4f7a-46c8-86d1-ec56a3e22975'] response: {'name': 'network-changed', 'server_uuid': 'e5e3dab8-4a68-45d3-a78a-5243470e8315', 'tag': 'acd3c4dd-a3fd-4463-8c77-83930ca108c8', 'status': 'completed', 'code': 200}
2026-07-29 20:17:55.627 7 WARNING neutron.scheduler.dhcp_agent_scheduler [None req-9784562c-69ad-4b47-9d48-0b17660ad25d c5c0d67d017d486bb556402511b2fd9f 9856e433aa4447bbb9450377c5693d3b - - default default] No more DHCP agents
2026-07-29 20:17:55.629 7 WARNING neutron.api.rpc.agentnotifiers.dhcp_rpc_agent_api [None req-9784562c-69ad-4b47-9d48-0b17660ad25d c5c0d67d017d486bb556402511b2fd9f 9856e433aa4447bbb9450377c5693d3b - - default default] Unable to schedule network fee3d9b6-02e9-4994-a86b-7fc60abef12d: no agents available; will retry on subsequent port and subnet creation events.
2026-07-29 20:17:55.731 8 INFO neutron.plugins.ml2.drivers.ovn.mech_driver.mech_driver [None req-3839ef68-8ee6-448d-95c6-3100da2623cd - - - - - -] OVN reports status down for port: ab8be23b-d78c-4377-bcc5-3ae5aed64b71
2026-07-29 20:17:55.791 7 INFO neutron.db.ovn_revision_numbers_db [None req-9784562c-69ad-4b47-9d48-0b17660ad25d c5c0d67d017d486bb556402511b2fd9f 9856e433aa4447bbb9450377c5693d3b - - default default] Successfully bumped revision number for resource ab8be23b-d78c-4377-bcc5-3ae5aed64b71 (type: ports) to 1
2026-07-29 20:17:55.821 8 INFO neutron.db.ovn_revision_numbers_db [None req-6f338d56-81f7-44d6-bfde-48ebf2fe3913 fb0e7c20f74f4383902da71c24575d98 62520f961bb1477fa51a002bb276a7c3 - - default default] Successfully bumped revision number for resource 6b8134d4-f7be-4eae-809b-822c9a46a61d (type: security_groups) to 1
2026-07-29 20:17:55.840 8 INFO neutron.db.ovn_revision_numbers_db [None req-6f338d56-81f7-44d6-bfde-48ebf2fe3913 fb0e7c20f74f4383902da71c24575d98 62520f961bb1477fa51a002bb276a7c3 - - default default] Successfully bumped revision number for resource 52460d6e-228f-4cf2-bf2b-4f45d0669964 (type: security_group_rules) to 0
2026-07-29 20:17:55.865 8 INFO neutron.db.ovn_revision_numbers_db [None req-6f338d56-81f7-44d6-bfde-48ebf2fe3913 fb0e7c20f74f4383902da71c24575d98 62520f961bb1477fa51a002bb276a7c3 - - default default] Successfully bumped revision number for resource 5c0861b5-31af-4c95-b7e4-297535c919f1 (type: security_group_rules) to 0 [pid: 7|app: 0|req: 823/1811] 10.0.0.200 () {34 vars in 665 bytes} [Wed Jul 29 20:17:55 2026] POST /v2.0/ports => generated 966 bytes in 576 msecs (HTTP/1.1 201) 4 headers in 162 bytes (1 switches on core 0) /var/lib/openstack/lib/python3.12/site-packages/pycadf/identifier.py:70: UserWarning: Invalid uuid: neutron. To ensure interoperability, identifiers should be a valid uuid. warnings.warn(('Invalid uuid: %s. To ensure interoperability, '
2026-07-29 20:17:55.889 8 INFO neutron.db.ovn_revision_numbers_db [None req-6f338d56-81f7-44d6-bfde-48ebf2fe3913 fb0e7c20f74f4383902da71c24575d98 62520f961bb1477fa51a002bb276a7c3 - - default default] Successfully bumped revision number for resource ba8c6b39-3269-4022-809f-f5010ef8df78 (type: security_group_rules) to 0
2026-07-29 20:17:55.900 8 INFO neutron.db.ovn_revision_numbers_db [None req-6f338d56-81f7-44d6-bfde-48ebf2fe3913 fb0e7c20f74f4383902da71c24575d98 62520f961bb1477fa51a002bb276a7c3 - - default default] Successfully bumped revision number for resource c3d91b17-51c1-45d0-a4c4-84a67941798f (type: security_group_rules) to 0 [pid: 7|app: 0|req: 824/1812] 10.0.0.28 () {34 vars in 989 bytes} [Wed Jul 29 20:17:55 2026] GET /v2.0/ports?device_id=e5e3dab8-4a68-45d3-a78a-5243470e8315 => generated 969 bytes in 41 msecs (HTTP/1.1 200) 4 headers in 157 bytes (1 switches on core 0) [pid: 7|app: 0|req: 825/1813] 199.204.45.95 () {34 vars in 1079 bytes} [Wed Jul 29 20:17:55 2026] GET /v2.0/ports?tenant_id=afeafa018b534e63b06705c2149e3452&device_id=e5e3dab8-4a68-45d3-a78a-5243470e8315 => generated 1207 bytes in 39 msecs (HTTP/1.1 200) 4 headers in 158 bytes (1 switches on core 0)
2026-07-29 20:17:55.994 8 INFO neutron.db.segments_db [None req-6f338d56-81f7-44d6-bfde-48ebf2fe3913 fb0e7c20f74f4383902da71c24575d98 62520f961bb1477fa51a002bb276a7c3 - - default default] Added segment 6895f07b-9e80-4c30-91d9-d9fec3a5b0e4 of type geneve for network ffb2173e-ca32-481b-a2c1-4c1b500ec708
2026-07-29 20:17:56.124 7 INFO neutron_taas.services.taas.taas_plugin [None req-b033f158-a445-4bca-ae00-9b400a62e5c2 c5c0d67d017d486bb556402511b2fd9f 9856e433aa4447bbb9450377c5693d3b - - default default] TaaS: Handle Delete Port: ab8be23b-d78c-4377-bcc5-3ae5aed64b71
2026-07-29 20:17:56.127 8 INFO neutron.db.ovn_revision_numbers_db [None req-6f338d56-81f7-44d6-bfde-48ebf2fe3913 fb0e7c20f74f4383902da71c24575d98 62520f961bb1477fa51a002bb276a7c3 - - default default] Successfully bumped revision number for resource ffb2173e-ca32-481b-a2c1-4c1b500ec708 (type: networks) to 1
2026-07-29 20:17:56.127 7 INFO neutron_taas.services.taas.tap_mirror_plugin [None req-b033f158-a445-4bca-ae00-9b400a62e5c2 c5c0d67d017d486bb556402511b2fd9f 9856e433aa4447bbb9450377c5693d3b - - default default] Tap Mirror: Handle Delete Port: ab8be23b-d78c-4377-bcc5-3ae5aed64b71 [pid: 7|app: 0|req: 826/1814] 10.0.0.200 () {32 vars in 720 bytes} [Wed Jul 29 20:17:55 2026] DELETE /v2.0/ports/ab8be23b-d78c-4377-bcc5-3ae5aed64b71 => generated 0 bytes in 292 msecs (HTTP/1.1 204) 3 headers in 131 bytes (1 switches on core 0)
2026-07-29 20:17:56.286 8 WARNING neutron.scheduler.dhcp_agent_scheduler [None req-6f338d56-81f7-44d6-bfde-48ebf2fe3913 fb0e7c20f74f4383902da71c24575d98 62520f961bb1477fa51a002bb276a7c3 - - default default] No more DHCP agents
2026-07-29 20:17:56.288 8 WARNING neutron.api.rpc.agentnotifiers.dhcp_rpc_agent_api [None req-6f338d56-81f7-44d6-bfde-48ebf2fe3913 fb0e7c20f74f4383902da71c24575d98 62520f961bb1477fa51a002bb276a7c3 - - default default] Unable to schedule network ffb2173e-ca32-481b-a2c1-4c1b500ec708: no agents available; will retry on subsequent port and subnet creation events. [pid: 7|app: 0|req: 827/1815] 10.0.0.28 () {34 vars in 1039 bytes} [Wed Jul 29 20:17:56 2026] GET /v2.0/security-groups?id=516aa4e7-1b1e-4635-abea-a623a6675690&fields=id&fields=name => generated 114 bytes in 33 msecs (HTTP/1.1 200) 4 headers in 157 bytes (1 switches on core 0)
2026-07-29 20:17:56.348 7 INFO neutron.plugins.ml2.drivers.ovn.mech_driver.mech_driver [None req-1c8c6032-f07c-40b8-8b82-af23c16c62d9 - - - - - -] OVN reports status down for port: 39cd0daa-78b3-495d-9af9-76d4610989da
2026-07-29 20:17:56.353 8 INFO neutron.db.ovn_revision_numbers_db [None req-6f338d56-81f7-44d6-bfde-48ebf2fe3913 fb0e7c20f74f4383902da71c24575d98 62520f961bb1477fa51a002bb276a7c3 - - default default] Successfully bumped revision number for resource 39cd0daa-78b3-495d-9af9-76d4610989da (type: ports) to 1 [pid: 7|app: 0|req: 828/1816] 199.204.45.95 () {34 vars in 1017 bytes} [Wed Jul 29 20:17:56 2026] GET /v2.0/networks?tenant_id=afeafa018b534e63b06705c2149e3452&shared=False => generated 797 bytes in 85 msecs (HTTP/1.1 200) 4 headers in 157 bytes (1 switches on core 0) [pid: 8|app: 0|req: 989/1817] 10.0.0.200 () {34 vars in 670 bytes} [Wed Jul 29 20:17:55 2026] POST /v2.0/networks => generated 748 bytes in 910 msecs (HTTP/1.1 201) 4 headers in 162 bytes (1 switches on core 0)
2026-07-29 20:17:56.395 7 INFO neutron.pecan_wsgi.hooks.translation [None req-9748f7d7-d6d8-4f71-a170-410f33b841e7 c5c0d67d017d486bb556402511b2fd9f 9856e433aa4447bbb9450377c5693d3b - - default default] DELETE failed (client error): The resource could not be found. [pid: 7|app: 0|req: 829/1818] 10.0.0.200 () {32 vars in 720 bytes} [Wed Jul 29 20:17:56 2026] DELETE /v2.0/ports/ab8be23b-d78c-4377-bcc5-3ae5aed64b71 => generated 132 bytes in 22 msecs (HTTP/1.1 404) 4 headers in 164 bytes (1 switches on core 0) [pid: 7|app: 0|req: 830/1819] 199.204.45.95 () {34 vars in 929 bytes} [Wed Jul 29 20:17:56 2026] GET /v2.0/networks?shared=True => generated 791 bytes in 72 msecs (HTTP/1.1 200) 4 headers in 157 bytes (1 switches on core 0)
2026-07-29 20:17:56.486 7 INFO neutron.pecan_wsgi.hooks.translation [None req-28e6d8e7-c9dc-4e52-90da-fc42eb14dbf1 c5c0d67d017d486bb556402511b2fd9f 9856e433aa4447bbb9450377c5693d3b - - default default] GET failed (client error): The resource could not be found. [pid: 7|app: 0|req: 831/1820] 10.0.0.200 () {32 vars in 717 bytes} [Wed Jul 29 20:17:56 2026] GET /v2.0/ports/ab8be23b-d78c-4377-bcc5-3ae5aed64b71 => generated 132 bytes in 14 msecs (HTTP/1.1 404) 4 headers in 164 bytes (1 switches on core 0)
2026-07-29 20:17:56.545 8 WARNING neutron.scheduler.dhcp_agent_scheduler [None req-4da3e838-888b-4dfc-81a3-71367e11ac77 fb0e7c20f74f4383902da71c24575d98 62520f961bb1477fa51a002bb276a7c3 - - default default] No more DHCP agents
2026-07-29 20:17:56.546 8 WARNING neutron.api.rpc.agentnotifiers.dhcp_rpc_agent_api [None req-4da3e838-888b-4dfc-81a3-71367e11ac77 fb0e7c20f74f4383902da71c24575d98 62520f961bb1477fa51a002bb276a7c3 - - default default] Unable to schedule network ffb2173e-ca32-481b-a2c1-4c1b500ec708: no agents available; will retry on subsequent port and subnet creation events. [pid: 7|app: 0|req: 832/1821] 10.0.0.200 () {32 vars in 724 bytes} [Wed Jul 29 20:17:56 2026] DELETE /v2.0/subnets/6d4981d3-6240-4677-8432-39a6e3d344da => generated 0 bytes in 131 msecs (HTTP/1.1 204) 3 headers in 131 bytes (1 switches on core 0)
2026-07-29 20:17:56.833 7 INFO neutron.db.ovn_revision_numbers_db [None req-259f4d47-b172-4822-adfd-144f0277bd04 90f347e6efa84149817552548aec7d47 7a1d2b4d1c934af6bba3df77c30f284a - - default default] Successfully bumped revision number for resource 569c30f7-8588-4ee5-8e61-ee3452914ca3 (type: security_groups) to 1
2026-07-29 20:17:56.845 7 INFO neutron.db.ovn_revision_numbers_db [None req-259f4d47-b172-4822-adfd-144f0277bd04 90f347e6efa84149817552548aec7d47 7a1d2b4d1c934af6bba3df77c30f284a - - default default] Successfully bumped revision number for resource 03e29f84-314d-44e2-ab5c-352be5407a54 (type: security_group_rules) to 0
2026-07-29 20:17:56.857 7 INFO neutron.db.ovn_revision_numbers_db [None req-259f4d47-b172-4822-adfd-144f0277bd04 90f347e6efa84149817552548aec7d47 7a1d2b4d1c934af6bba3df77c30f284a - - default default] Successfully bumped revision number for resource 6913aecc-de54-4bb6-99a2-7f6d3c5e9ae9 (type: security_group_rules) to 0
2026-07-29 20:17:56.867 7 INFO neutron.db.ovn_revision_numbers_db [None req-259f4d47-b172-4822-adfd-144f0277bd04 90f347e6efa84149817552548aec7d47 7a1d2b4d1c934af6bba3df77c30f284a - - default default] Successfully bumped revision number for resource a7ac863f-764d-4c1e-b9c6-c5caa662e251 (type: security_group_rules) to 0
2026-07-29 20:17:56.878 7 INFO neutron.db.ovn_revision_numbers_db [None req-259f4d47-b172-4822-adfd-144f0277bd04 90f347e6efa84149817552548aec7d47 7a1d2b4d1c934af6bba3df77c30f284a - - default default] Successfully bumped revision number for resource c743d108-672f-4242-bd78-143db5671b40 (type: security_group_rules) to 0 [pid: 7|app: 0|req: 833/1822] 10.0.0.200 () {32 vars in 774 bytes} [Wed Jul 29 20:17:56 2026] GET /v2.0/security-groups?tenant_id=f6810b9c06b54f63a8d95878a482bed5&name=default => generated 2925 bytes in 292 msecs (HTTP/1.1 200) 4 headers in 158 bytes (1 switches on core 0)
2026-07-29 20:17:56.971 8 INFO neutron.db.ovn_revision_numbers_db [None req-189d0fe4-7d0e-456c-94b8-fa4b44ef65e1 - - - - - -] Successfully bumped revision number for resource 39cd0daa-78b3-495d-9af9-76d4610989da (type: ports) to 2
2026-07-29 20:17:57.006 8 INFO neutron.db.ovn_revision_numbers_db [None req-189d0fe4-7d0e-456c-94b8-fa4b44ef65e1 - - - - - -] Successfully bumped revision number for resource 229fc1bf-001f-4672-a7b1-3d9a679819ed (type: subnets) to 0 [pid: 8|app: 0|req: 990/1823] 10.0.0.200 () {34 vars in 669 bytes} [Wed Jul 29 20:17:56 2026] POST /v2.0/subnets => generated 644 bytes in 635 msecs (HTTP/1.1 201) 4 headers in 162 bytes (1 switches on core 0)
2026-07-29 20:17:57.038 7 INFO neutron_taas.services.taas.taas_plugin [None req-20b4c40d-105b-4afe-b13a-930d62f138d0 c5c0d67d017d486bb556402511b2fd9f 9856e433aa4447bbb9450377c5693d3b - - default default] TaaS: Handle Delete Port: 7d287579-ed91-4252-9f22-f982d5f5e977
2026-07-29 20:17:57.040 7 INFO neutron_taas.services.taas.tap_mirror_plugin [None req-20b4c40d-105b-4afe-b13a-930d62f138d0 c5c0d67d017d486bb556402511b2fd9f 9856e433aa4447bbb9450377c5693d3b - - default default] Tap Mirror: Handle Delete Port: 7d287579-ed91-4252-9f22-f982d5f5e977
2026-07-29 20:17:57.261 7 INFO neutron.services.segments.plugin [-] Segment c5d82a1f-8017-4634-a656-494ba5794f28 resource provider aggregate not found [pid: 8|app: 0|req: 991/1824] 10.0.0.200 () {32 vars in 740 bytes} [Wed Jul 29 20:17:57 2026] DELETE /v2.0/security-groups/569c30f7-8588-4ee5-8e61-ee3452914ca3 => generated 0 bytes in 246 msecs (HTTP/1.1 204) 2 headers in 112 bytes (1 switches on core 0)
2026-07-29 20:17:57.269 7 INFO neutron.services.segments.plugin [-] Segment c5d82a1f-8017-4634-a656-494ba5794f28 resource provider aggregate not found
2026-07-29 20:17:57.277 8 WARNING neutron.api.v2.base [None req-af0bf0b7-07f4-4859-9d0a-be36a97a4367 fb0e7c20f74f4383902da71c24575d98 62520f961bb1477fa51a002bb276a7c3 - - default default] An exception happened while processing the request body. The exception message is [Invalid input for target_tenant. Reason: 'None' is not a valid string.].: webob.exc.HTTPBadRequest: Invalid input for target_tenant. Reason: 'None' is not a valid string.
2026-07-29 20:17:57.279 8 INFO neutron.api.v2.resource [None req-af0bf0b7-07f4-4859-9d0a-be36a97a4367 fb0e7c20f74f4383902da71c24575d98 62520f961bb1477fa51a002bb276a7c3 - - default default] create failed (client error): Invalid input for target_tenant. Reason: 'None' is not a valid string. [pid: 8|app: 0|req: 992/1825] 10.0.0.200 () {34 vars in 681 bytes} [Wed Jul 29 20:17:57 2026] POST /v2.0/rbac-policies => generated 143 bytes in 13 msecs (HTTP/1.1 400) 4 headers in 166 bytes (1 switches on core 0)
2026-07-29 20:17:57.287 7 INFO neutron.services.segments.plugin [-] Segment c5d82a1f-8017-4634-a656-494ba5794f28 resource provider not found; error: Placement Client Error (4xx): {"errors": [{"status": 404, "title": "Not Found", "detail": "The resource could not be found.\n\n No resource provider with uuid c5d82a1f-8017-4634-a656-494ba5794f28 found for delete ", "request_id": "req-09620ef6-82f1-4c4d-940e-46c7b8198404"}]}
2026-07-29 20:17:57.291 7 INFO neutron.services.segments.plugin [-] Segment c5d82a1f-8017-4634-a656-494ba5794f28 resource provider not found; error: Placement Client Error (4xx): {"errors": [{"status": 404, "title": "Not Found", "detail": "The resource could not be found.\n\n No resource provider with uuid c5d82a1f-8017-4634-a656-494ba5794f28 found for delete ", "request_id": "req-3aec77f9-917f-42c2-a215-830e04e787ba"}]} [pid: 7|app: 0|req: 834/1826] 10.0.0.200 () {32 vars in 726 bytes} [Wed Jul 29 20:17:56 2026] DELETE /v2.0/networks/fee3d9b6-02e9-4994-a86b-7fc60abef12d => generated 0 bytes in 399 msecs (HTTP/1.1 204) 3 headers in 131 bytes (1 switches on core 0)
2026-07-29 20:17:57.452 7 INFO neutron.db.segments_db [None req-375b2ecf-5f9b-4332-bf78-915715ac3f89 c5c0d67d017d486bb556402511b2fd9f 9856e433aa4447bbb9450377c5693d3b - - default default] Added segment f10e476a-c81a-4c1a-a3ed-62df4d17fc7f of type geneve for network bc89d4a1-9938-4fc8-952e-42341d422859
2026-07-29 20:17:57.455 8 INFO neutron_taas.services.taas.taas_plugin [None req-557b7111-f047-476e-a401-c1f41551eacb fb0e7c20f74f4383902da71c24575d98 62520f961bb1477fa51a002bb276a7c3 - - default default] TaaS: Handle Delete Port: 39cd0daa-78b3-495d-9af9-76d4610989da
2026-07-29 20:17:57.458 8 INFO neutron_taas.services.taas.tap_mirror_plugin [None req-557b7111-f047-476e-a401-c1f41551eacb fb0e7c20f74f4383902da71c24575d98 62520f961bb1477fa51a002bb276a7c3 - - default default] Tap Mirror: Handle Delete Port: 39cd0daa-78b3-495d-9af9-76d4610989da
2026-07-29 20:17:57.579 7 INFO neutron.db.ovn_revision_numbers_db [None req-375b2ecf-5f9b-4332-bf78-915715ac3f89 c5c0d67d017d486bb556402511b2fd9f 9856e433aa4447bbb9450377c5693d3b - - default default] Successfully bumped revision number for resource bc89d4a1-9938-4fc8-952e-42341d422859 (type: networks) to 1
2026-07-29 20:17:57.741 8 INFO neutron.services.segments.plugin [-] Segment 6895f07b-9e80-4c30-91d9-d9fec3a5b0e4 resource provider aggregate not found
2026-07-29 20:17:57.744 8 INFO neutron.services.segments.plugin [-] Segment 6895f07b-9e80-4c30-91d9-d9fec3a5b0e4 resource provider aggregate not found
2026-07-29 20:17:57.768 8 INFO neutron.services.segments.plugin [-] Segment 6895f07b-9e80-4c30-91d9-d9fec3a5b0e4 resource provider not found; error: Placement Client Error (4xx): {"errors": [{"status": 404, "title": "Not Found", "detail": "The resource could not be found.\n\n No resource provider with uuid 6895f07b-9e80-4c30-91d9-d9fec3a5b0e4 found for delete ", "request_id": "req-8fbedd70-26b8-4eda-b9d7-74ee245d7d89"}]}
2026-07-29 20:17:57.769 8 INFO neutron.services.segments.plugin [-] Segment 6895f07b-9e80-4c30-91d9-d9fec3a5b0e4 resource provider not found; error: Placement Client Error (4xx): {"errors": [{"status": 404, "title": "Not Found", "detail": "The resource could not be found.\n\n No resource provider with uuid 6895f07b-9e80-4c30-91d9-d9fec3a5b0e4 found for delete ", "request_id": "req-55a88957-de24-4aeb-8913-0dafa20c97d5"}]} [pid: 8|app: 0|req: 993/1827] 10.0.0.200 () {32 vars in 726 bytes} [Wed Jul 29 20:17:57 2026] DELETE /v2.0/networks/ffb2173e-ca32-481b-a2c1-4c1b500ec708 => generated 0 bytes in 497 msecs (HTTP/1.1 204) 3 headers in 131 bytes (1 switches on core 0)
2026-07-29 20:17:57.799 7 WARNING neutron.scheduler.dhcp_agent_scheduler [None req-375b2ecf-5f9b-4332-bf78-915715ac3f89 c5c0d67d017d486bb556402511b2fd9f 9856e433aa4447bbb9450377c5693d3b - - default default] No more DHCP agents
2026-07-29 20:17:57.800 7 WARNING neutron.api.rpc.agentnotifiers.dhcp_rpc_agent_api [None req-375b2ecf-5f9b-4332-bf78-915715ac3f89 c5c0d67d017d486bb556402511b2fd9f 9856e433aa4447bbb9450377c5693d3b - - default default] Unable to schedule network bc89d4a1-9938-4fc8-952e-42341d422859: no agents available; will retry on subsequent port and subnet creation events.
2026-07-29 20:17:57.869 8 INFO neutron.plugins.ml2.drivers.ovn.mech_driver.mech_driver [None req-3839ef68-8ee6-448d-95c6-3100da2623cd - - - - - -] OVN reports status down for port: 3c9bfe28-95ff-4d4d-96a8-6d17631f4857
2026-07-29 20:17:57.893 7 INFO neutron.db.ovn_revision_numbers_db [None req-375b2ecf-5f9b-4332-bf78-915715ac3f89 c5c0d67d017d486bb556402511b2fd9f 9856e433aa4447bbb9450377c5693d3b - - default default] Successfully bumped revision number for resource 3c9bfe28-95ff-4d4d-96a8-6d17631f4857 (type: ports) to 1 [pid: 8|app: 0|req: 994/1828] 10.0.0.28 () {34 vars in 989 bytes} [Wed Jul 29 20:17:57 2026] GET /v2.0/ports?device_id=e5e3dab8-4a68-45d3-a78a-5243470e8315 => generated 969 bytes in 111 msecs (HTTP/1.1 200) 4 headers in 157 bytes (1 switches on core 0) [pid: 7|app: 0|req: 835/1829] 10.0.0.200 () {34 vars in 670 bytes} [Wed Jul 29 20:17:57 2026] POST /v2.0/networks => generated 655 bytes in 591 msecs (HTTP/1.1 201) 4 headers in 162 bytes (1 switches on core 0) [pid: 8|app: 0|req: 995/1830] 199.204.45.95 () {34 vars in 1079 bytes} [Wed Jul 29 20:17:57 2026] GET /v2.0/ports?tenant_id=afeafa018b534e63b06705c2149e3452&device_id=e5e3dab8-4a68-45d3-a78a-5243470e8315 => generated 1207 bytes in 45 msecs (HTTP/1.1 200) 4 headers in 158 bytes (1 switches on core 0) [pid: 8|app: 0|req: 996/1831] 10.0.0.28 () {34 vars in 1039 bytes} [Wed Jul 29 20:17:57 2026] GET /v2.0/security-groups?id=516aa4e7-1b1e-4635-abea-a623a6675690&fields=id&fields=name => generated 114 bytes in 42 msecs (HTTP/1.1 200) 4 headers in 157 bytes (1 switches on core 0)
2026-07-29 20:17:57.986 7 INFO neutron.db.segments_db [None req-48c994c0-68c4-4c87-b5e8-6b739b26a1f3 fb0e7c20f74f4383902da71c24575d98 62520f961bb1477fa51a002bb276a7c3 - - default default] Added segment d7c68e9e-08a5-4497-b2bd-19245f26adf7 of type geneve for network b0f5fd82-84ca-4bde-94ff-8ccc14959efd
2026-07-29 20:17:58.076 7 INFO neutron.db.ovn_revision_numbers_db [None req-48c994c0-68c4-4c87-b5e8-6b739b26a1f3 fb0e7c20f74f4383902da71c24575d98 62520f961bb1477fa51a002bb276a7c3 - - default default] Successfully bumped revision number for resource b0f5fd82-84ca-4bde-94ff-8ccc14959efd (type: networks) to 1
2026-07-29 20:17:58.178 8 WARNING neutron.scheduler.dhcp_agent_scheduler [None req-eb3ae11a-cf73-48cc-bd42-0e9b08970b0c c5c0d67d017d486bb556402511b2fd9f 9856e433aa4447bbb9450377c5693d3b - - default default] No more DHCP agents
2026-07-29 20:17:58.179 8 WARNING neutron.api.rpc.agentnotifiers.dhcp_rpc_agent_api [None req-eb3ae11a-cf73-48cc-bd42-0e9b08970b0c c5c0d67d017d486bb556402511b2fd9f 9856e433aa4447bbb9450377c5693d3b - - default default] Unable to schedule network bc89d4a1-9938-4fc8-952e-42341d422859: no agents available; will retry on subsequent port and subnet creation events.
2026-07-29 20:17:58.194 7 WARNING neutron.scheduler.dhcp_agent_scheduler [None req-48c994c0-68c4-4c87-b5e8-6b739b26a1f3 fb0e7c20f74f4383902da71c24575d98 62520f961bb1477fa51a002bb276a7c3 - - default default] No more DHCP agents
2026-07-29 20:17:58.195 7 WARNING neutron.api.rpc.agentnotifiers.dhcp_rpc_agent_api [None req-48c994c0-68c4-4c87-b5e8-6b739b26a1f3 fb0e7c20f74f4383902da71c24575d98 62520f961bb1477fa51a002bb276a7c3 - - default default] Unable to schedule network b0f5fd82-84ca-4bde-94ff-8ccc14959efd: no agents available; will retry on subsequent port and subnet creation events.
2026-07-29 20:17:58.210 8 INFO neutron.db.ovn_revision_numbers_db [None req-eb3ae11a-cf73-48cc-bd42-0e9b08970b0c c5c0d67d017d486bb556402511b2fd9f 9856e433aa4447bbb9450377c5693d3b - - default default] Successfully bumped revision number for resource e105b583-842f-4215-87f2-5ac800a8f349 (type: subnets) to 0 [pid: 8|app: 0|req: 997/1832] 10.0.0.200 () {34 vars in 669 bytes} [Wed Jul 29 20:17:57 2026] POST /v2.0/subnets => generated 646 bytes in 245 msecs (HTTP/1.1 201) 4 headers in 162 bytes (1 switches on core 0)
2026-07-29 20:17:58.241 8 INFO neutron.plugins.ml2.drivers.ovn.mech_driver.mech_driver [None req-3839ef68-8ee6-448d-95c6-3100da2623cd - - - - - -] OVN reports status down for port: 58870a6f-322f-4ee3-99a8-1809d24f9bb1
2026-07-29 20:17:58.269 7 INFO neutron.db.ovn_revision_numbers_db [None req-48c994c0-68c4-4c87-b5e8-6b739b26a1f3 fb0e7c20f74f4383902da71c24575d98 62520f961bb1477fa51a002bb276a7c3 - - default default] Successfully bumped revision number for resource 58870a6f-322f-4ee3-99a8-1809d24f9bb1 (type: ports) to 1 [pid: 8|app: 0|req: 998/1833] 199.204.45.95 () {34 vars in 1057 bytes} [Wed Jul 29 20:17:58 2026] GET /v2.0/floatingips?fixed_ip_address=10.100.0.8&port_id=acd3c4dd-a3fd-4463-8c77-83930ca108c8 => generated 19 bytes in 50 msecs (HTTP/1.1 200) 4 headers in 156 bytes (1 switches on core 0) [pid: 7|app: 0|req: 836/1834] 10.0.0.200 () {34 vars in 670 bytes} [Wed Jul 29 20:17:57 2026] POST /v2.0/networks => generated 749 bytes in 376 msecs (HTTP/1.1 201) 4 headers in 162 bytes (1 switches on core 0) [pid: 7|app: 0|req: 837/1835] 199.204.45.95 () {34 vars in 983 bytes} [Wed Jul 29 20:17:58 2026] GET /v2.0/subnets?id=12136e6c-6ee5-466f-9fd0-8ce703ac6062 => generated 677 bytes in 25 msecs (HTTP/1.1 200) 4 headers in 157 bytes (1 switches on core 0)
2026-07-29 20:17:58.439 7 WARNING neutron.scheduler.dhcp_agent_scheduler [None req-daf4e1b7-6475-440c-904d-a1517ae0aca1 fb0e7c20f74f4383902da71c24575d98 62520f961bb1477fa51a002bb276a7c3 - - default default] No more DHCP agents
2026-07-29 20:17:58.440 7 WARNING neutron.api.rpc.agentnotifiers.dhcp_rpc_agent_api [None req-daf4e1b7-6475-440c-904d-a1517ae0aca1 fb0e7c20f74f4383902da71c24575d98 62520f961bb1477fa51a002bb276a7c3 - - default default] Unable to schedule network b0f5fd82-84ca-4bde-94ff-8ccc14959efd: no agents available; will retry on subsequent port and subnet creation events.
2026-07-29 20:17:58.572 8 WARNING neutron.scheduler.dhcp_agent_scheduler [None req-7d892c70-13fd-4c94-8c29-1c6ab2f3fb45 c5c0d67d017d486bb556402511b2fd9f 9856e433aa4447bbb9450377c5693d3b - - default default] No more DHCP agents
2026-07-29 20:17:58.573 8 WARNING neutron.api.rpc.agentnotifiers.dhcp_rpc_agent_api [None req-7d892c70-13fd-4c94-8c29-1c6ab2f3fb45 c5c0d67d017d486bb556402511b2fd9f 9856e433aa4447bbb9450377c5693d3b - - default default] Unable to schedule network bc89d4a1-9938-4fc8-952e-42341d422859: no agents available; will retry on subsequent port and subnet creation events.
2026-07-29 20:17:58.652 8 INFO neutron.plugins.ml2.drivers.ovn.mech_driver.mech_driver [None req-3839ef68-8ee6-448d-95c6-3100da2623cd - - - - - -] OVN reports status down for port: db771a14-7b67-4b19-a528-cdb4a61f8a5b
2026-07-29 20:17:58.714 8 INFO neutron.db.ovn_revision_numbers_db [None req-7d892c70-13fd-4c94-8c29-1c6ab2f3fb45 c5c0d67d017d486bb556402511b2fd9f 9856e433aa4447bbb9450377c5693d3b - - default default] Successfully bumped revision number for resource db771a14-7b67-4b19-a528-cdb4a61f8a5b (type: ports) to 1 [pid: 8|app: 0|req: 999/1836] 10.0.0.200 () {34 vars in 665 bytes} [Wed Jul 29 20:17:58 2026] POST /v2.0/ports => generated 928 bytes in 490 msecs (HTTP/1.1 201) 4 headers in 162 bytes (1 switches on core 0) [pid: 8|app: 0|req: 1000/1837] 199.204.45.95 () {34 vars in 1051 bytes} [Wed Jul 29 20:17:58 2026] GET /v2.0/ports?network_id=75944247-5941-4762-93c6-cc20891ab950&device_owner=network%3Adhcp => generated 12 bytes in 17 msecs (HTTP/1.1 200) 4 headers in 156 bytes (1 switches on core 0)
2026-07-29 20:17:58.891 7 INFO neutron.db.ovn_revision_numbers_db [None req-8123adda-0762-449e-b729-5f209b1a4d87 - - - - - -] Successfully bumped revision number for resource 58870a6f-322f-4ee3-99a8-1809d24f9bb1 (type: ports) to 2
2026-07-29 20:17:58.927 8 INFO neutron_taas.services.taas.taas_plugin [None req-c422ee6c-330f-4d46-bd10-086da3f492a7 c5c0d67d017d486bb556402511b2fd9f 9856e433aa4447bbb9450377c5693d3b - - default default] TaaS: Handle Delete Port: db771a14-7b67-4b19-a528-cdb4a61f8a5b
2026-07-29 20:17:58.930 8 INFO neutron_taas.services.taas.tap_mirror_plugin [None req-c422ee6c-330f-4d46-bd10-086da3f492a7 c5c0d67d017d486bb556402511b2fd9f 9856e433aa4447bbb9450377c5693d3b - - default default] Tap Mirror: Handle Delete Port: db771a14-7b67-4b19-a528-cdb4a61f8a5b
2026-07-29 20:17:58.935 7 INFO neutron.db.ovn_revision_numbers_db [None req-8123adda-0762-449e-b729-5f209b1a4d87 - - - - - -] Successfully bumped revision number for resource ffa43fa1-7094-4933-aa68-39598daa27f4 (type: subnets) to 0 [pid: 7|app: 0|req: 838/1838] 10.0.0.200 () {34 vars in 669 bytes} [Wed Jul 29 20:17:58 2026] POST /v2.0/subnets => generated 647 bytes in 636 msecs (HTTP/1.1 201) 4 headers in 162 bytes (1 switches on core 0) [pid: 7|app: 0|req: 839/1839] 199.204.45.95 () {34 vars in 1011 bytes} [Wed Jul 29 20:17:58 2026] GET /v2.0/networks/75944247-5941-4762-93c6-cc20891ab950?fields=segments => generated 14 bytes in 53 msecs (HTTP/1.1 200) 4 headers in 156 bytes (1 switches on core 0)
2026-07-29 20:17:59.010 7 WARNING neutron.api.v2.base [None req-5f7a4306-1b2a-4b08-901a-eb9430921e17 fb0e7c20f74f4383902da71c24575d98 62520f961bb1477fa51a002bb276a7c3 - - default default] An exception happened while processing the request body. The exception message is [Invalid input for target_tenant. Reason: '1234123412341234123412341234123412341234123412341234123412341234123412341234123412341234123412341234123412341234123412341234123412341234123412341234123412341234123412341234123412341234123412341234123412341234123412341234123412341234123412341234123412341234123412341234123412341234123412341234123412341234123412341234123412341234123412341234123412341234123412341234123412341234123412341234123412341234' exceeds maximum length of 255.].: webob.exc.HTTPBadRequest: Invalid input for target_tenant. Reason: '1234123412341234123412341234123412341234123412341234123412341234123412341234123412341234123412341234123412341234123412341234123412341234123412341234123412341234123412341234123412341234123412341234123412341234123412341234123412341234123412341234123412341234123412341234123412341234123412341234123412341234123412341234123412341234123412341234123412341234123412341234123412341234123412341234123412341234' exceeds maximum length of 255.
2026-07-29 20:17:59.011 7 INFO neutron.api.v2.resource [None req-5f7a4306-1b2a-4b08-901a-eb9430921e17 fb0e7c20f74f4383902da71c24575d98 62520f961bb1477fa51a002bb276a7c3 - - default default] create failed (client error): Invalid input for target_tenant. Reason: '1234123412341234123412341234123412341234123412341234123412341234123412341234123412341234123412341234123412341234123412341234123412341234123412341234123412341234123412341234123412341234123412341234123412341234123412341234123412341234123412341234123412341234123412341234123412341234123412341234123412341234123412341234123412341234123412341234123412341234123412341234123412341234123412341234123412341234' exceeds maximum length of 255. [pid: 7|app: 0|req: 840/1840] 10.0.0.200 () {34 vars in 681 bytes} [Wed Jul 29 20:17:59 2026] POST /v2.0/rbac-policies => generated 547 bytes in 7 msecs (HTTP/1.1 400) 4 headers in 166 bytes (1 switches on core 0) [pid: 8|app: 0|req: 1001/1841] 10.0.0.200 () {32 vars in 720 bytes} [Wed Jul 29 20:17:58 2026] DELETE /v2.0/ports/db771a14-7b67-4b19-a528-cdb4a61f8a5b => generated 0 bytes in 275 msecs (HTTP/1.1 204) 3 headers in 131 bytes (1 switches on core 0) [pid: 7|app: 0|req: 841/1842] 199.204.45.95 () {34 vars in 1111 bytes} [Wed Jul 29 20:17:59 2026] GET /v2.0/networks/75944247-5941-4762-93c6-cc20891ab950?fields=provider%3Aphysical_network&fields=provider%3Anetwork_type => generated 79 bytes in 80 msecs (HTTP/1.1 200) 4 headers in 156 bytes (1 switches on core 0) [pid: 7|app: 0|req: 842/1843] 10.0.0.28 () {34 vars in 989 bytes} [Wed Jul 29 20:17:59 2026] GET /v2.0/ports?device_id=e5e3dab8-4a68-45d3-a78a-5243470e8315 => generated 969 bytes in 35 msecs (HTTP/1.1 200) 4 headers in 157 bytes (1 switches on core 0)
2026-07-29 20:17:59.144 7 INFO neutron.pecan_wsgi.hooks.translation [None req-281b6829-8577-4f60-9bd2-c373e6223b51 c5c0d67d017d486bb556402511b2fd9f 9856e433aa4447bbb9450377c5693d3b - - default default] GET failed (client error): The resource could not be found. [pid: 7|app: 0|req: 843/1844] 10.0.0.200 () {32 vars in 717 bytes} [Wed Jul 29 20:17:59 2026] GET /v2.0/ports/db771a14-7b67-4b19-a528-cdb4a61f8a5b => generated 132 bytes in 14 msecs (HTTP/1.1 404) 4 headers in 164 bytes (1 switches on core 0) [pid: 7|app: 0|req: 844/1845] 10.0.0.28 () {34 vars in 1039 bytes} [Wed Jul 29 20:17:59 2026] GET /v2.0/security-groups?id=516aa4e7-1b1e-4635-abea-a623a6675690&fields=id&fields=name => generated 114 bytes in 40 msecs (HTTP/1.1 200) 4 headers in 157 bytes (1 switches on core 0)
2026-07-29 20:17:59.207 8 INFO neutron_taas.services.taas.taas_plugin [None req-c1374134-b5c3-4465-ae02-238c9297e3d8 fb0e7c20f74f4383902da71c24575d98 62520f961bb1477fa51a002bb276a7c3 - - default default] TaaS: Handle Delete Port: 58870a6f-322f-4ee3-99a8-1809d24f9bb1
2026-07-29 20:17:59.210 8 INFO neutron_taas.services.taas.tap_mirror_plugin [None req-c1374134-b5c3-4465-ae02-238c9297e3d8 fb0e7c20f74f4383902da71c24575d98 62520f961bb1477fa51a002bb276a7c3 - - default default] Tap Mirror: Handle Delete Port: 58870a6f-322f-4ee3-99a8-1809d24f9bb1 [pid: 7|app: 0|req: 845/1846] 10.0.0.200 () {32 vars in 724 bytes} [Wed Jul 29 20:17:59 2026] DELETE /v2.0/subnets/e105b583-842f-4215-87f2-5ac800a8f349 => generated 0 bytes in 129 msecs (HTTP/1.1 204) 3 headers in 131 bytes (1 switches on core 0)
2026-07-29 20:17:59.493 7 INFO neutron_taas.services.taas.taas_plugin [None req-a97415a6-5723-4065-ac9a-2aed73da9df4 c5c0d67d017d486bb556402511b2fd9f 9856e433aa4447bbb9450377c5693d3b - - default default] TaaS: Handle Delete Port: 3c9bfe28-95ff-4d4d-96a8-6d17631f4857
2026-07-29 20:17:59.497 7 INFO neutron_taas.services.taas.tap_mirror_plugin [None req-a97415a6-5723-4065-ac9a-2aed73da9df4 c5c0d67d017d486bb556402511b2fd9f 9856e433aa4447bbb9450377c5693d3b - - default default] Tap Mirror: Handle Delete Port: 3c9bfe28-95ff-4d4d-96a8-6d17631f4857 [pid: 8|app: 0|req: 1002/1849] 10.0.0.200 () {32 vars in 726 bytes} [Wed Jul 29 20:17:59 2026] DELETE /v2.0/networks/b0f5fd82-84ca-4bde-94ff-8ccc14959efd => generated 0 bytes in 545 msecs (HTTP/1.1 204) 3 headers in 131 bytes (1 switches on core 0)
2026-07-29 20:17:59.738 8 INFO neutron.db.segments_db [None req-8144590f-c526-4375-ac45-2e159c9c6818 fb0e7c20f74f4383902da71c24575d98 62520f961bb1477fa51a002bb276a7c3 - - default default] Added segment 101c2643-c5eb-41eb-91c3-1418204fb5f3 of type geneve for network 7ef12d31-d546-45ab-929d-81821bdb0d7a
2026-07-29 20:17:59.763 7 INFO neutron.services.segments.plugin [-] Segment f10e476a-c81a-4c1a-a3ed-62df4d17fc7f resource provider aggregate not found
2026-07-29 20:17:59.764 7 INFO neutron.services.segments.plugin [-] Segment f10e476a-c81a-4c1a-a3ed-62df4d17fc7f resource provider aggregate not found
2026-07-29 20:17:59.789 7 INFO neutron.services.segments.plugin [-] Segment f10e476a-c81a-4c1a-a3ed-62df4d17fc7f resource provider not found; error: Placement Client Error (4xx): {"errors": [{"status": 404, "title": "Not Found", "detail": "The resource could not be found.\n\n No resource provider with uuid f10e476a-c81a-4c1a-a3ed-62df4d17fc7f found for delete ", "request_id": "req-b5f7700d-27e1-4ee4-8896-4eb3e6227bce"}]}
2026-07-29 20:17:59.791 7 INFO neutron.services.segments.plugin [-] Segment f10e476a-c81a-4c1a-a3ed-62df4d17fc7f resource provider not found; error: Placement Client Error (4xx): {"errors": [{"status": 404, "title": "Not Found", "detail": "The resource could not be found.\n\n No resource provider with uuid f10e476a-c81a-4c1a-a3ed-62df4d17fc7f found for delete ", "request_id": "req-59291249-8136-479c-a768-008907ba728b"}]}
2026-07-29 20:17:59.799 8 INFO neutron.services.segments.plugin [-] Segment d7c68e9e-08a5-4497-b2bd-19245f26adf7 resource provider aggregate not found
2026-07-29 20:17:59.801 8 INFO neutron.services.segments.plugin [-] Segment d7c68e9e-08a5-4497-b2bd-19245f26adf7 resource provider aggregate not found
2026-07-29 20:17:59.821 8 INFO neutron.services.segments.plugin [-] Segment d7c68e9e-08a5-4497-b2bd-19245f26adf7 resource provider not found; error: Placement Client Error (4xx): {"errors": [{"status": 404, "title": "Not Found", "detail": "The resource could not be found.\n\n No resource provider with uuid d7c68e9e-08a5-4497-b2bd-19245f26adf7 found for delete ", "request_id": "req-898d0a4e-6b62-4706-b8cf-2139f7f0d859"}]}
2026-07-29 20:17:59.825 8 INFO neutron.services.segments.plugin [-] Segment d7c68e9e-08a5-4497-b2bd-19245f26adf7 resource provider not found; error: Placement Client Error (4xx): {"errors": [{"status": 404, "title": "Not Found", "detail": "The resource could not be found.\n\n No resource provider with uuid d7c68e9e-08a5-4497-b2bd-19245f26adf7 found for delete ", "request_id": "req-7da87d2f-b703-4d75-8e04-8515962a3460"}]} [pid: 7|app: 0|req: 848/1850] 10.0.0.200 () {32 vars in 726 bytes} [Wed Jul 29 20:17:59 2026] DELETE /v2.0/networks/bc89d4a1-9938-4fc8-952e-42341d422859 => generated 0 bytes in 512 msecs (HTTP/1.1 204) 3 headers in 131 bytes (1 switches on core 0)
2026-07-29 20:17:59.893 8 INFO neutron.db.ovn_revision_numbers_db [None req-8144590f-c526-4375-ac45-2e159c9c6818 fb0e7c20f74f4383902da71c24575d98 62520f961bb1477fa51a002bb276a7c3 - - default default] Successfully bumped revision number for resource 7ef12d31-d546-45ab-929d-81821bdb0d7a (type: networks) to 1
2026-07-29 20:18:00.065 8 WARNING neutron.scheduler.dhcp_agent_scheduler [None req-8144590f-c526-4375-ac45-2e159c9c6818 fb0e7c20f74f4383902da71c24575d98 62520f961bb1477fa51a002bb276a7c3 - - default default] No more DHCP agents
2026-07-29 20:18:00.066 7 WARNING neutron.scheduler.dhcp_agent_scheduler [None req-8d7c7449-9e2b-4a7e-8197-c626216a3b5a c5c0d67d017d486bb556402511b2fd9f 9856e433aa4447bbb9450377c5693d3b - - default default] No more DHCP agents
2026-07-29 20:18:00.068 8 WARNING neutron.api.rpc.agentnotifiers.dhcp_rpc_agent_api [None req-8144590f-c526-4375-ac45-2e159c9c6818 fb0e7c20f74f4383902da71c24575d98 62520f961bb1477fa51a002bb276a7c3 - - default default] Unable to schedule network 7ef12d31-d546-45ab-929d-81821bdb0d7a: no agents available; will retry on subsequent port and subnet creation events.
2026-07-29 20:18:00.069 7 WARNING neutron.api.rpc.agentnotifiers.dhcp_rpc_agent_api [None req-8d7c7449-9e2b-4a7e-8197-c626216a3b5a c5c0d67d017d486bb556402511b2fd9f 9856e433aa4447bbb9450377c5693d3b - - default default] Unable to schedule network 9015f570-9d23-43eb-a792-e5dca3303950: no agents available; will retry on subsequent port and subnet creation events.
2026-07-29 20:18:00.134 8 INFO neutron.plugins.ml2.drivers.ovn.mech_driver.mech_driver [None req-3839ef68-8ee6-448d-95c6-3100da2623cd - - - - - -] OVN reports status down for port: 7fa923f2-43e1-4078-8224-719ffee0d8ec
2026-07-29 20:18:00.205 7 INFO neutron.db.ovn_revision_numbers_db [None req-8d7c7449-9e2b-4a7e-8197-c626216a3b5a c5c0d67d017d486bb556402511b2fd9f 9856e433aa4447bbb9450377c5693d3b - - default default] Successfully bumped revision number for resource 6fbd281a-ab7d-4142-8607-d9afb284ff84 (type: ports) to 1
2026-07-29 20:18:00.244 8 INFO neutron.db.ovn_revision_numbers_db [None req-8144590f-c526-4375-ac45-2e159c9c6818 fb0e7c20f74f4383902da71c24575d98 62520f961bb1477fa51a002bb276a7c3 - - default default] Successfully bumped revision number for resource 7fa923f2-43e1-4078-8224-719ffee0d8ec (type: ports) to 1 [pid: 7|app: 0|req: 849/1851] 10.0.0.200 () {34 vars in 665 bytes} [Wed Jul 29 20:17:59 2026] POST /v2.0/ports => generated 778 bytes in 419 msecs (HTTP/1.1 201) 4 headers in 162 bytes (1 switches on core 0) /var/lib/openstack/lib/python3.12/site-packages/pycadf/identifier.py:70: UserWarning: Invalid uuid: neutron. To ensure interoperability, identifiers should be a valid uuid. warnings.warn(('Invalid uuid: %s. To ensure interoperability, '
2026-07-29 20:18:00.294 8 INFO neutron.plugins.ml2.drivers.ovn.mech_driver.mech_driver [None req-3839ef68-8ee6-448d-95c6-3100da2623cd - - - - - -] OVN reports status down for port: 6fbd281a-ab7d-4142-8607-d9afb284ff84 [pid: 8|app: 0|req: 1003/1852] 10.0.0.200 () {34 vars in 670 bytes} [Wed Jul 29 20:17:59 2026] POST /v2.0/networks => generated 748 bytes in 681 msecs (HTTP/1.1 201) 4 headers in 162 bytes (1 switches on core 0) [pid: 7|app: 0|req: 850/1853] 10.0.0.28 () {34 vars in 989 bytes} [Wed Jul 29 20:18:00 2026] GET /v2.0/ports?device_id=e5e3dab8-4a68-45d3-a78a-5243470e8315 => generated 969 bytes in 68 msecs (HTTP/1.1 200) 4 headers in 157 bytes (1 switches on core 0)
2026-07-29 20:18:00.466 7 WARNING neutron.scheduler.dhcp_agent_scheduler [None req-c7745731-d928-4fcd-88f8-5c87c47f7248 fb0e7c20f74f4383902da71c24575d98 62520f961bb1477fa51a002bb276a7c3 - - default default] No more DHCP agents
2026-07-29 20:18:00.467 7 WARNING neutron.api.rpc.agentnotifiers.dhcp_rpc_agent_api [None req-c7745731-d928-4fcd-88f8-5c87c47f7248 fb0e7c20f74f4383902da71c24575d98 62520f961bb1477fa51a002bb276a7c3 - - default default] Unable to schedule network 7ef12d31-d546-45ab-929d-81821bdb0d7a: no agents available; will retry on subsequent port and subnet creation events.
2026-07-29 20:18:00.600 8 INFO neutron.plugins.ml2.drivers.ovn.mech_driver.mech_driver [None req-3839ef68-8ee6-448d-95c6-3100da2623cd - - - - - -] OVN reports status down for port: 6fbd281a-ab7d-4142-8607-d9afb284ff84
2026-07-29 20:18:00.651 8 INFO neutron.db.ovn_revision_numbers_db [None req-0c0ba738-907a-4712-b31c-58cdf958b8f0 c5c0d67d017d486bb556402511b2fd9f 9856e433aa4447bbb9450377c5693d3b - - default default] Successfully bumped revision number for resource 6fbd281a-ab7d-4142-8607-d9afb284ff84 (type: ports) to 2 [pid: 8|app: 0|req: 1004/1854] 10.0.0.200 () {34 vars in 737 bytes} [Wed Jul 29 20:18:00 2026] PUT /v2.0/ports/6fbd281a-ab7d-4142-8607-d9afb284ff84 => generated 752 bytes in 409 msecs (HTTP/1.1 200) 4 headers in 157 bytes (1 switches on core 0) /var/lib/openstack/lib/python3.12/site-packages/pycadf/identifier.py:70: UserWarning: Invalid uuid: neutron. To ensure interoperability, identifiers should be a valid uuid. warnings.warn(('Invalid uuid: %s. To ensure interoperability, ' [pid: 8|app: 0|req: 1005/1855] 10.0.0.28 () {34 vars in 1039 bytes} [Wed Jul 29 20:18:00 2026] GET /v2.0/security-groups?id=516aa4e7-1b1e-4635-abea-a623a6675690&fields=id&fields=name => generated 114 bytes in 24 msecs (HTTP/1.1 200) 4 headers in 157 bytes (1 switches on core 0)
2026-07-29 20:18:00.925 7 INFO neutron.db.ovn_revision_numbers_db [None req-7512e482-2b17-4d0c-908d-1e523777e8fe - - - - - -] Successfully bumped revision number for resource 7fa923f2-43e1-4078-8224-719ffee0d8ec (type: ports) to 2
2026-07-29 20:18:00.956 7 INFO neutron.db.ovn_revision_numbers_db [None req-7512e482-2b17-4d0c-908d-1e523777e8fe - - - - - -] Successfully bumped revision number for resource ca4e3166-b308-443d-82d3-83bdff935f99 (type: subnets) to 0 [pid: 7|app: 0|req: 851/1856] 10.0.0.200 () {34 vars in 669 bytes} [Wed Jul 29 20:18:00 2026] POST /v2.0/subnets => generated 647 bytes in 651 msecs (HTTP/1.1 201) 4 headers in 162 bytes (1 switches on core 0)
2026-07-29 20:18:00.979 8 INFO neutron.db.ovn_revision_numbers_db [None req-ae6d51dd-67d9-4325-90c1-e2ac81d1348e 90f347e6efa84149817552548aec7d47 7a1d2b4d1c934af6bba3df77c30f284a - - default default] Successfully bumped revision number for resource 767aae54-a53f-4fc0-9396-db28b560e519 (type: security_groups) to 1
2026-07-29 20:18:00.989 8 INFO neutron.db.ovn_revision_numbers_db [None req-ae6d51dd-67d9-4325-90c1-e2ac81d1348e 90f347e6efa84149817552548aec7d47 7a1d2b4d1c934af6bba3df77c30f284a - - default default] Successfully bumped revision number for resource 5bcaeeb7-f093-4af9-be1c-3b4c4a533a1d (type: security_group_rules) to 0
2026-07-29 20:18:00.998 8 INFO neutron.db.ovn_revision_numbers_db [None req-ae6d51dd-67d9-4325-90c1-e2ac81d1348e 90f347e6efa84149817552548aec7d47 7a1d2b4d1c934af6bba3df77c30f284a - - default default] Successfully bumped revision number for resource 68486f31-616f-4a03-896b-d24143eedd94 (type: security_group_rules) to 0
2026-07-29 20:18:01.008 8 INFO neutron.db.ovn_revision_numbers_db [None req-ae6d51dd-67d9-4325-90c1-e2ac81d1348e 90f347e6efa84149817552548aec7d47 7a1d2b4d1c934af6bba3df77c30f284a - - default default] Successfully bumped revision number for resource adb14130-5e35-48c7-9c9c-d168c68f3adf (type: security_group_rules) to 0
2026-07-29 20:18:01.017 8 INFO neutron.db.ovn_revision_numbers_db [None req-ae6d51dd-67d9-4325-90c1-e2ac81d1348e 90f347e6efa84149817552548aec7d47 7a1d2b4d1c934af6bba3df77c30f284a - - default default] Successfully bumped revision number for resource fdd7c34a-2335-464e-8787-c751a90f4b3b (type: security_group_rules) to 0 [pid: 8|app: 0|req: 1006/1857] 10.0.0.200 () {32 vars in 774 bytes} [Wed Jul 29 20:18:00 2026] GET /v2.0/security-groups?tenant_id=0ca9d745694149258e0b710084cbc901&name=default => generated 2925 bytes in 311 msecs (HTTP/1.1 200) 4 headers in 158 bytes (1 switches on core 0)
2026-07-29 20:18:01.094 7 INFO neutron_taas.services.taas.taas_plugin [None req-fae96361-bada-44d9-8147-0750aaf7c14b c5c0d67d017d486bb556402511b2fd9f 9856e433aa4447bbb9450377c5693d3b - - default default] TaaS: Handle Delete Port: 6fbd281a-ab7d-4142-8607-d9afb284ff84
2026-07-29 20:18:01.097 7 INFO neutron_taas.services.taas.tap_mirror_plugin [None req-fae96361-bada-44d9-8147-0750aaf7c14b c5c0d67d017d486bb556402511b2fd9f 9856e433aa4447bbb9450377c5693d3b - - default default] Tap Mirror: Handle Delete Port: 6fbd281a-ab7d-4142-8607-d9afb284ff84 [pid: 7|app: 0|req: 852/1858] 10.0.0.200 () {32 vars in 720 bytes} [Wed Jul 29 20:18:00 2026] DELETE /v2.0/ports/6fbd281a-ab7d-4142-8607-d9afb284ff84 => generated 0 bytes in 228 msecs (HTTP/1.1 204) 3 headers in 131 bytes (1 switches on core 0) [pid: 8|app: 0|req: 1007/1859] 10.0.0.200 () {34 vars in 681 bytes} [Wed Jul 29 20:18:01 2026] POST /v2.0/rbac-policies => generated 324 bytes in 240 msecs (HTTP/1.1 201) 4 headers in 162 bytes (1 switches on core 0) [pid: 8|app: 0|req: 1008/1860] 10.0.0.200 () {32 vars in 643 bytes} [Wed Jul 29 20:18:01 2026] GET /v2.0/ports => generated 1537 bytes in 46 msecs (HTTP/1.1 200) 4 headers in 158 bytes (1 switches on core 0)
