2026-07-29 20:20:11.120 8 INFO neutron.api.v2.resource [None req-c87f37a5-7e37-409c-90b2-0df2b0971980 e92ba7f4a5004478996425970392f046 93d6da454ae64dd2bfd7b208bfb0f5b0 - - default default] delete failed (client error): The resource could not be found. [pid: 8|app: 0|req: 1388/2803] 10.0.0.200 () {32 vars in 744 bytes} [Wed Jul 29 20:20:11 2026] DELETE /v2.0/vpn/ipsecpolicies/936fcb23-3320-4519-8888-c5a4f2ac3ccd => generated 145 bytes in 15 msecs (HTTP/1.1 404) 4 headers in 164 bytes (1 switches on core 0) [pid: 7|app: 0|req: 1416/2804] 10.0.0.200 () {34 vars in 788 bytes} [Wed Jul 29 20:20:11 2026] PUT /v2.0/floatingips/a2e37b34-d61e-45e9-9b15-118cda4a10a2/tags/black.or.white => generated 4 bytes in 52 msecs (HTTP/1.1 201) 4 headers in 160 bytes (1 switches on core 0) [pid: 7|app: 0|req: 1417/2805] 10.0.0.200 () {32 vars in 739 bytes} [Wed Jul 29 20:20:11 2026] GET /v2.0/floatingips/a2e37b34-d61e-45e9-9b15-118cda4a10a2/tags => generated 52 bytes in 35 msecs (HTTP/1.1 200) 4 headers in 156 bytes (1 switches on core 0)
2026-07-29 20:20:11.200 8 INFO neutron.db.segments_db [None req-2993f527-ed36-403c-8e62-0c95460c4772 e92ba7f4a5004478996425970392f046 93d6da454ae64dd2bfd7b208bfb0f5b0 - - default default] Added segment b686cdd1-b57c-476d-ad89-44f0c6dd792d of type geneve for network 8f1cfa59-77cb-4fbe-9e16-693a978d65e4 [pid: 7|app: 0|req: 1418/2806] 10.0.0.200 () {34 vars in 759 bytes} [Wed Jul 29 20:20:11 2026] PUT /v2.0/floatingips/a2e37b34-d61e-45e9-9b15-118cda4a10a2/tags => generated 37 bytes in 44 msecs (HTTP/1.1 200) 4 headers in 156 bytes (1 switches on core 0) [pid: 7|app: 0|req: 1419/2807] 10.0.0.200 () {32 vars in 739 bytes} [Wed Jul 29 20:20:11 2026] GET /v2.0/floatingips/a2e37b34-d61e-45e9-9b15-118cda4a10a2/tags => generated 37 bytes in 41 msecs (HTTP/1.1 200) 4 headers in 156 bytes (1 switches on core 0)
2026-07-29 20:20:11.292 8 INFO neutron.db.ovn_revision_numbers_db [None req-2993f527-ed36-403c-8e62-0c95460c4772 e92ba7f4a5004478996425970392f046 93d6da454ae64dd2bfd7b208bfb0f5b0 - - default default] Successfully bumped revision number for resource 8f1cfa59-77cb-4fbe-9e16-693a978d65e4 (type: networks) to 1 [pid: 7|app: 0|req: 1420/2808] 10.0.0.200 () {32 vars in 747 bytes} [Wed Jul 29 20:20:11 2026] GET /v2.0/floatingips/a2e37b34-d61e-45e9-9b15-118cda4a10a2/tags/red => generated 0 bytes in 36 msecs (HTTP/1.1 204) 2 headers in 112 bytes (1 switches on core 0)
2026-07-29 20:20:11.369 7 INFO neutron.api.v2.resource [None req-6dd1b1e3-f0f6-4875-a751-93e1a7f04fde 3afe2d50a46a4c6d8c3e5b5f9620d364 e922ed8758c04547be8949e024351872 - - default default] show failed (client error): The resource could not be found. [pid: 7|app: 0|req: 1421/2809] 10.0.0.200 () {32 vars in 751 bytes} [Wed Jul 29 20:20:11 2026] GET /v2.0/floatingips/a2e37b34-d61e-45e9-9b15-118cda4a10a2/tags/green => generated 99 bytes in 48 msecs (HTTP/1.1 404) 4 headers in 163 bytes (1 switches on core 0) [pid: 7|app: 0|req: 1422/2810] 10.0.0.200 () {32 vars in 750 bytes} [Wed Jul 29 20:20:11 2026] DELETE /v2.0/floatingips/a2e37b34-d61e-45e9-9b15-118cda4a10a2/tags/red => generated 0 bytes in 62 msecs (HTTP/1.1 204) 2 headers in 112 bytes (1 switches on core 0) [pid: 7|app: 0|req: 1423/2811] 10.0.0.200 () {32 vars in 739 bytes} [Wed Jul 29 20:20:11 2026] GET /v2.0/floatingips/a2e37b34-d61e-45e9-9b15-118cda4a10a2/tags => generated 30 bytes in 38 msecs (HTTP/1.1 200) 4 headers in 156 bytes (1 switches on core 0)
2026-07-29 20:20:11.504 8 WARNING neutron.scheduler.dhcp_agent_scheduler [None req-2993f527-ed36-403c-8e62-0c95460c4772 e92ba7f4a5004478996425970392f046 93d6da454ae64dd2bfd7b208bfb0f5b0 - - default default] No more DHCP agents
2026-07-29 20:20:11.505 8 WARNING neutron.api.rpc.agentnotifiers.dhcp_rpc_agent_api [None req-2993f527-ed36-403c-8e62-0c95460c4772 e92ba7f4a5004478996425970392f046 93d6da454ae64dd2bfd7b208bfb0f5b0 - - default default] Unable to schedule network 8f1cfa59-77cb-4fbe-9e16-693a978d65e4: no agents available; will retry on subsequent port and subnet creation events.
2026-07-29 20:20:11.550 7 INFO neutron.api.v2.resource [None req-fab25d63-8d2a-4ae8-8340-0cc87601757a 3afe2d50a46a4c6d8c3e5b5f9620d364 e922ed8758c04547be8949e024351872 - - default default] delete failed (client error): The resource could not be found. [pid: 7|app: 0|req: 1424/2812] 10.0.0.200 () {32 vars in 754 bytes} [Wed Jul 29 20:20:11 2026] DELETE /v2.0/floatingips/a2e37b34-d61e-45e9-9b15-118cda4a10a2/tags/green => generated 99 bytes in 61 msecs (HTTP/1.1 404) 4 headers in 163 bytes (1 switches on core 0)
2026-07-29 20:20:11.579 8 INFO neutron.plugins.ml2.drivers.ovn.mech_driver.mech_driver [None req-ca539a59-2c56-402c-9fbc-d1c784872fbe - - - - - -] OVN reports status down for port: 176a027f-654b-4845-a1a3-d1e4a2c9ea7d [pid: 7|app: 0|req: 1425/2813] 10.0.0.200 () {32 vars in 742 bytes} [Wed Jul 29 20:20:11 2026] DELETE /v2.0/floatingips/a2e37b34-d61e-45e9-9b15-118cda4a10a2/tags => generated 0 bytes in 64 msecs (HTTP/1.1 204) 2 headers in 112 bytes (1 switches on core 0)
2026-07-29 20:20:11.637 8 INFO neutron.db.ovn_revision_numbers_db [None req-2993f527-ed36-403c-8e62-0c95460c4772 e92ba7f4a5004478996425970392f046 93d6da454ae64dd2bfd7b208bfb0f5b0 - - default default] Successfully bumped revision number for resource 176a027f-654b-4845-a1a3-d1e4a2c9ea7d (type: ports) to 1 [pid: 7|app: 0|req: 1426/2814] 10.0.0.200 () {32 vars in 739 bytes} [Wed Jul 29 20:20:11 2026] GET /v2.0/floatingips/a2e37b34-d61e-45e9-9b15-118cda4a10a2/tags => generated 12 bytes in 31 msecs (HTTP/1.1 200) 4 headers in 156 bytes (1 switches on core 0) [pid: 8|app: 0|req: 1389/2815] 10.0.0.200 () {34 vars in 670 bytes} [Wed Jul 29 20:20:11 2026] POST /v2.0/networks => generated 651 bytes in 543 msecs (HTTP/1.1 201) 4 headers in 162 bytes (1 switches on core 0)
2026-07-29 20:20:11.768 7 INFO neutron_taas.services.taas.taas_plugin [None req-e0068e8d-55bc-4642-a9ff-e5a86f83e118 3afe2d50a46a4c6d8c3e5b5f9620d364 e922ed8758c04547be8949e024351872 - - default default] TaaS: Handle Delete Port: ec5b0cb7-1523-423e-8c3d-ff2e16063461
2026-07-29 20:20:11.770 7 INFO neutron_taas.services.taas.tap_mirror_plugin [None req-e0068e8d-55bc-4642-a9ff-e5a86f83e118 3afe2d50a46a4c6d8c3e5b5f9620d364 e922ed8758c04547be8949e024351872 - - default default] Tap Mirror: Handle Delete Port: ec5b0cb7-1523-423e-8c3d-ff2e16063461
2026-07-29 20:20:11.873 8 WARNING neutron.scheduler.dhcp_agent_scheduler [None req-76be6e78-8400-4b44-bbd1-3c03c59723c1 e92ba7f4a5004478996425970392f046 93d6da454ae64dd2bfd7b208bfb0f5b0 - - default default] No more DHCP agents
2026-07-29 20:20:11.874 8 WARNING neutron.api.rpc.agentnotifiers.dhcp_rpc_agent_api [None req-76be6e78-8400-4b44-bbd1-3c03c59723c1 e92ba7f4a5004478996425970392f046 93d6da454ae64dd2bfd7b208bfb0f5b0 - - default default] Unable to schedule network 8f1cfa59-77cb-4fbe-9e16-693a978d65e4: no agents available; will retry on subsequent port and subnet creation events. [pid: 7|app: 0|req: 1427/2816] 10.0.0.200 () {32 vars in 732 bytes} [Wed Jul 29 20:20:11 2026] DELETE /v2.0/floatingips/a2e37b34-d61e-45e9-9b15-118cda4a10a2 => generated 0 bytes in 233 msecs (HTTP/1.1 204) 2 headers in 112 bytes (1 switches on core 0)
2026-07-29 20:20:12.267 8 INFO neutron.db.ovn_revision_numbers_db [None req-842b9a75-a77f-47a4-9936-2f8ac340d491 - - - - - -] Successfully bumped revision number for resource 176a027f-654b-4845-a1a3-d1e4a2c9ea7d (type: ports) to 2
2026-07-29 20:20:12.309 8 INFO neutron.db.ovn_revision_numbers_db [None req-842b9a75-a77f-47a4-9936-2f8ac340d491 - - - - - -] Successfully bumped revision number for resource 7a1693d0-ae00-486f-a867-6ea86904ef31 (type: subnets) to 0 [pid: 8|app: 0|req: 1390/2817] 10.0.0.200 () {34 vars in 669 bytes} [Wed Jul 29 20:20:11 2026] POST /v2.0/subnets => generated 629 bytes in 649 msecs (HTTP/1.1 201) 4 headers in 162 bytes (1 switches on core 0)
2026-07-29 20:20:12.845 8 INFO neutron.db.ovn_revision_numbers_db [None req-d96b7fdc-d37a-4e0a-9403-3ad289e6390e 90f347e6efa84149817552548aec7d47 7a1d2b4d1c934af6bba3df77c30f284a - - default default] Successfully bumped revision number for resource b1af1a8e-579d-45a4-9c91-3940e528578e (type: security_groups) to 1
2026-07-29 20:20:12.856 8 INFO neutron.db.ovn_revision_numbers_db [None req-d96b7fdc-d37a-4e0a-9403-3ad289e6390e 90f347e6efa84149817552548aec7d47 7a1d2b4d1c934af6bba3df77c30f284a - - default default] Successfully bumped revision number for resource 136d3f05-0f6a-4103-8d45-074881e8f737 (type: security_group_rules) to 0
2026-07-29 20:20:12.865 8 INFO neutron.db.ovn_revision_numbers_db [None req-d96b7fdc-d37a-4e0a-9403-3ad289e6390e 90f347e6efa84149817552548aec7d47 7a1d2b4d1c934af6bba3df77c30f284a - - default default] Successfully bumped revision number for resource 47ce06ae-7efa-4cb3-b4f6-3f4e81465773 (type: security_group_rules) to 0
2026-07-29 20:20:12.874 8 INFO neutron.db.ovn_revision_numbers_db [None req-d96b7fdc-d37a-4e0a-9403-3ad289e6390e 90f347e6efa84149817552548aec7d47 7a1d2b4d1c934af6bba3df77c30f284a - - default default] Successfully bumped revision number for resource 62545e74-f3b0-4026-b46b-6becbc29eb97 (type: security_group_rules) to 0
2026-07-29 20:20:12.886 8 INFO neutron.db.ovn_revision_numbers_db [None req-d96b7fdc-d37a-4e0a-9403-3ad289e6390e 90f347e6efa84149817552548aec7d47 7a1d2b4d1c934af6bba3df77c30f284a - - default default] Successfully bumped revision number for resource 62adcfb2-1259-44dd-9250-1ad3939b1362 (type: security_group_rules) to 0 [pid: 8|app: 0|req: 1391/2818] 10.0.0.200 () {32 vars in 774 bytes} [Wed Jul 29 20:20:12 2026] GET /v2.0/security-groups?tenant_id=80b200c220d247a487f41e165561c562&name=default => generated 2929 bytes in 413 msecs (HTTP/1.1 200) 4 headers in 158 bytes (1 switches on core 0) [pid: 8|app: 0|req: 1392/2819] 10.0.0.200 () {32 vars in 740 bytes} [Wed Jul 29 20:20:12 2026] DELETE /v2.0/security-groups/b1af1a8e-579d-45a4-9c91-3940e528578e => generated 0 bytes in 249 msecs (HTTP/1.1 204) 2 headers in 112 bytes (1 switches on core 0)
2026-07-29 20:20:13.324 7 WARNING neutron.scheduler.dhcp_agent_scheduler [None req-bcb6155d-76b6-43ea-923f-816d800ae103 e92ba7f4a5004478996425970392f046 93d6da454ae64dd2bfd7b208bfb0f5b0 - - default default] No more DHCP agents
2026-07-29 20:20:13.325 7 WARNING neutron.api.rpc.agentnotifiers.dhcp_rpc_agent_api [None req-bcb6155d-76b6-43ea-923f-816d800ae103 e92ba7f4a5004478996425970392f046 93d6da454ae64dd2bfd7b208bfb0f5b0 - - default default] Unable to schedule network 55faef0a-7092-416e-a92c-2e39dc5f0123: no agents available; will retry on subsequent port and subnet creation events.
2026-07-29 20:20:13.432 8 INFO neutron.db.ovn_revision_numbers_db [None req-f3346781-827c-4b76-a747-957a1d5fe24f 90f347e6efa84149817552548aec7d47 7a1d2b4d1c934af6bba3df77c30f284a - - default default] Successfully bumped revision number for resource 90cae212-2c7b-4769-8d0e-32d71e1c2271 (type: security_groups) to 1
2026-07-29 20:20:13.456 8 INFO neutron.db.ovn_revision_numbers_db [None req-f3346781-827c-4b76-a747-957a1d5fe24f 90f347e6efa84149817552548aec7d47 7a1d2b4d1c934af6bba3df77c30f284a - - default default] Successfully bumped revision number for resource 2ca7ae03-d130-469b-ba9c-dba67e9797a3 (type: security_group_rules) to 0
2026-07-29 20:20:13.468 7 INFO neutron.plugins.ml2.drivers.ovn.mech_driver.mech_driver [None req-e74a79fc-2f70-47f4-a791-3ac21da34ee1 - - - - - -] OVN reports status down for port: 5844c946-dbde-4eba-83a1-facd9fc9d016
2026-07-29 20:20:13.476 8 INFO neutron.db.ovn_revision_numbers_db [None req-f3346781-827c-4b76-a747-957a1d5fe24f 90f347e6efa84149817552548aec7d47 7a1d2b4d1c934af6bba3df77c30f284a - - default default] Successfully bumped revision number for resource 5988569e-c523-4270-87b2-7cffca43f9a3 (type: security_group_rules) to 0
2026-07-29 20:20:13.488 8 INFO neutron.db.ovn_revision_numbers_db [None req-f3346781-827c-4b76-a747-957a1d5fe24f 90f347e6efa84149817552548aec7d47 7a1d2b4d1c934af6bba3df77c30f284a - - default default] Successfully bumped revision number for resource 87ba2f74-1378-46af-80fb-7bcfd1a5aeac (type: security_group_rules) to 0
2026-07-29 20:20:13.500 8 INFO neutron.db.ovn_revision_numbers_db [None req-f3346781-827c-4b76-a747-957a1d5fe24f 90f347e6efa84149817552548aec7d47 7a1d2b4d1c934af6bba3df77c30f284a - - default default] Successfully bumped revision number for resource e2061b73-7f7d-45bd-b0f8-067aa181ffd4 (type: security_group_rules) to 0
2026-07-29 20:20:13.535 7 INFO neutron.db.ovn_revision_numbers_db [None req-bcb6155d-76b6-43ea-923f-816d800ae103 e92ba7f4a5004478996425970392f046 93d6da454ae64dd2bfd7b208bfb0f5b0 - - default default] Successfully bumped revision number for resource 5844c946-dbde-4eba-83a1-facd9fc9d016 (type: ports) to 1 [pid: 8|app: 0|req: 1393/2820] 10.0.0.200 () {32 vars in 774 bytes} [Wed Jul 29 20:20:13 2026] GET /v2.0/security-groups?tenant_id=e922ed8758c04547be8949e024351872&name=default => generated 2929 bytes in 232 msecs (HTTP/1.1 200) 4 headers in 158 bytes (1 switches on core 0) [pid: 8|app: 0|req: 1394/2821] 10.0.0.200 () {32 vars in 740 bytes} [Wed Jul 29 20:20:13 2026] DELETE /v2.0/security-groups/90cae212-2c7b-4769-8d0e-32d71e1c2271 => generated 0 bytes in 208 msecs (HTTP/1.1 204) 2 headers in 112 bytes (1 switches on core 0)
2026-07-29 20:20:14.077 7 INFO neutron.plugins.ml2.drivers.ovn.mech_driver.ovsdb.commands [None req-b2c355ee-c8ff-48e8-ac07-97d65a6427ee - - - - - -] Schedule LRP lrp-5844c946-dbde-4eba-83a1-facd9fc9d016 on gateway d0cf9335-53cd-4cda-b030-e0ab575d5020 with priority 1
2026-07-29 20:20:14.110 7 INFO neutron.plugins.ml2.drivers.ovn.mech_driver.mech_driver [None req-e74a79fc-2f70-47f4-a791-3ac21da34ee1 - - - - - -] OVN reports status up for port: 5844c946-dbde-4eba-83a1-facd9fc9d016
2026-07-29 20:20:14.130 7 INFO neutron.plugins.ml2.plugin [None req-e74a79fc-2f70-47f4-a791-3ac21da34ee1 - - - - - -] Attempt 1 to provision port 5844c946-dbde-4eba-83a1-facd9fc9d016
2026-07-29 20:20:14.155 7 INFO neutron.db.ovn_revision_numbers_db [None req-bcb6155d-76b6-43ea-923f-816d800ae103 e92ba7f4a5004478996425970392f046 93d6da454ae64dd2bfd7b208bfb0f5b0 - - default default] Successfully bumped revision number for resource 5844c946-dbde-4eba-83a1-facd9fc9d016 (type: router_ports) to 1
2026-07-29 20:20:14.247 7 INFO neutron.db.ovn_revision_numbers_db [None req-bcb6155d-76b6-43ea-923f-816d800ae103 e92ba7f4a5004478996425970392f046 93d6da454ae64dd2bfd7b208bfb0f5b0 - - default default] Successfully bumped revision number for resource ac07a2ec-a3f7-42af-aa23-61baacd64890 (type: routers) to 2 [pid: 7|app: 0|req: 1428/2824] 10.0.0.200 () {34 vars in 669 bytes} [Wed Jul 29 20:20:12 2026] POST /v2.0/routers => generated 936 bytes in 1939 msecs (HTTP/1.1 201) 4 headers in 162 bytes (1 switches on core 0)
2026-07-29 20:20:14.798 8 WARNING neutron.scheduler.dhcp_agent_scheduler [None req-1fb914cd-ada6-4a01-b46c-a8fa1799f8cf e92ba7f4a5004478996425970392f046 93d6da454ae64dd2bfd7b208bfb0f5b0 - - default default] No more DHCP agents
2026-07-29 20:20:14.799 8 WARNING neutron.api.rpc.agentnotifiers.dhcp_rpc_agent_api [None req-1fb914cd-ada6-4a01-b46c-a8fa1799f8cf e92ba7f4a5004478996425970392f046 93d6da454ae64dd2bfd7b208bfb0f5b0 - - default default] Unable to schedule network 8f1cfa59-77cb-4fbe-9e16-693a978d65e4: no agents available; will retry on subsequent port and subnet creation events.
2026-07-29 20:20:14.917 8 INFO neutron.plugins.ml2.drivers.ovn.mech_driver.mech_driver [None req-ca539a59-2c56-402c-9fbc-d1c784872fbe - - - - - -] OVN reports status down for port: 81ffa3e1-f91d-40e8-838a-6796218d54ab
2026-07-29 20:20:14.970 8 INFO neutron.db.ovn_revision_numbers_db [None req-1fb914cd-ada6-4a01-b46c-a8fa1799f8cf e92ba7f4a5004478996425970392f046 93d6da454ae64dd2bfd7b208bfb0f5b0 - - default default] Successfully bumped revision number for resource 81ffa3e1-f91d-40e8-838a-6796218d54ab (type: ports) to 1
2026-07-29 20:20:15.592 8 INFO neutron.plugins.ml2.drivers.ovn.mech_driver.mech_driver [None req-ca539a59-2c56-402c-9fbc-d1c784872fbe - - - - - -] OVN reports status up for port: 81ffa3e1-f91d-40e8-838a-6796218d54ab
2026-07-29 20:20:15.613 8 INFO neutron.plugins.ml2.plugin [None req-ca539a59-2c56-402c-9fbc-d1c784872fbe - - - - - -] Attempt 1 to provision port 81ffa3e1-f91d-40e8-838a-6796218d54ab
2026-07-29 20:20:15.704 8 WARNING neutron.scheduler.dhcp_agent_scheduler [None req-1fb914cd-ada6-4a01-b46c-a8fa1799f8cf e92ba7f4a5004478996425970392f046 93d6da454ae64dd2bfd7b208bfb0f5b0 - - default default] No more DHCP agents
2026-07-29 20:20:15.707 8 WARNING neutron.api.rpc.agentnotifiers.dhcp_rpc_agent_api [None req-1fb914cd-ada6-4a01-b46c-a8fa1799f8cf e92ba7f4a5004478996425970392f046 93d6da454ae64dd2bfd7b208bfb0f5b0 - - default default] Unable to schedule network 8f1cfa59-77cb-4fbe-9e16-693a978d65e4: no agents available; will retry on subsequent port and subnet creation events.
2026-07-29 20:20:16.173 8 INFO neutron.db.ovn_revision_numbers_db [None req-ca539a59-2c56-402c-9fbc-d1c784872fbe - - - - - -] Successfully bumped revision number for resource 81ffa3e1-f91d-40e8-838a-6796218d54ab (type: ports) to 2
2026-07-29 20:20:16.357 8 INFO neutron.db.ovn_revision_numbers_db [None req-1fb914cd-ada6-4a01-b46c-a8fa1799f8cf e92ba7f4a5004478996425970392f046 93d6da454ae64dd2bfd7b208bfb0f5b0 - - default default] Successfully bumped revision number for resource 81ffa3e1-f91d-40e8-838a-6796218d54ab (type: router_ports) to 1 [pid: 8|app: 0|req: 1397/2825] 10.0.0.200 () {34 vars in 783 bytes} [Wed Jul 29 20:20:14 2026] PUT /v2.0/routers/ac07a2ec-a3f7-42af-aa23-61baacd64890/add_router_interface => generated 309 bytes in 2093 msecs (HTTP/1.1 200) 4 headers in 157 bytes (1 switches on core 0)
2026-07-29 20:20:16.824 7 WARNING neutron.scheduler.dhcp_agent_scheduler [None req-bc2d913c-5e25-4013-bf96-d2fd360b5df6 - - - - - -] No more DHCP agents
2026-07-29 20:20:16.825 7 WARNING neutron.api.rpc.agentnotifiers.dhcp_rpc_agent_api [None req-bc2d913c-5e25-4013-bf96-d2fd360b5df6 - - - - - -] Unable to schedule network 55faef0a-7092-416e-a92c-2e39dc5f0123: no agents available; will retry on subsequent port and subnet creation events.
2026-07-29 20:20:16.971 7 INFO neutron.db.ovn_revision_numbers_db [None req-bc2d913c-5e25-4013-bf96-d2fd360b5df6 - - - - - -] Successfully bumped revision number for resource af479b89-f89f-4fa0-ad58-1c8a3a00bc03 (type: ports) to 1
2026-07-29 20:20:17.220 8 INFO neutron.db.ovn_revision_numbers_db [None req-901e9790-045f-4994-b28f-bb6c17f006c9 4e8e447ad3824f358398062290f3662e f8624ea296ab42af91642bc454cb12f2 - - default default] Successfully bumped revision number for resource 849bd562-03ef-4102-b417-eedca7b1df8b (type: security_groups) to 1
2026-07-29 20:20:17.226 7 INFO neutron.db.ovn_revision_numbers_db [None req-bc2d913c-5e25-4013-bf96-d2fd360b5df6 - - - - - -] Successfully bumped revision number for resource af479b89-f89f-4fa0-ad58-1c8a3a00bc03 (type: ports) to 3
2026-07-29 20:20:17.232 8 INFO neutron.db.ovn_revision_numbers_db [None req-901e9790-045f-4994-b28f-bb6c17f006c9 4e8e447ad3824f358398062290f3662e f8624ea296ab42af91642bc454cb12f2 - - default default] Successfully bumped revision number for resource 2805a5a0-0438-4c73-9b6c-70894fe960fb (type: security_group_rules) to 0
2026-07-29 20:20:17.242 8 INFO neutron.db.ovn_revision_numbers_db [None req-901e9790-045f-4994-b28f-bb6c17f006c9 4e8e447ad3824f358398062290f3662e f8624ea296ab42af91642bc454cb12f2 - - default default] Successfully bumped revision number for resource 2b2a4b02-e9cd-4bed-aae2-f9cc932a645c (type: security_group_rules) to 0
2026-07-29 20:20:17.252 8 INFO neutron.db.ovn_revision_numbers_db [None req-901e9790-045f-4994-b28f-bb6c17f006c9 4e8e447ad3824f358398062290f3662e f8624ea296ab42af91642bc454cb12f2 - - default default] Successfully bumped revision number for resource 908cf63f-f75a-48bc-af41-ee7a8368f8b3 (type: security_group_rules) to 0
2026-07-29 20:20:17.264 8 INFO neutron.db.ovn_revision_numbers_db [None req-901e9790-045f-4994-b28f-bb6c17f006c9 4e8e447ad3824f358398062290f3662e f8624ea296ab42af91642bc454cb12f2 - - default default] Successfully bumped revision number for resource bb9b173e-e6d1-4c73-bdff-d1ab39cd2562 (type: security_group_rules) to 0
2026-07-29 20:20:17.291 7 INFO neutron.db.segments_db [None req-bc2d913c-5e25-4013-bf96-d2fd360b5df6 - - - - - -] Added segment afc73e9b-a338-4dd1-b9aa-2ab821fb79ca of type geneve for network 80e38ed8-bfa5-45a5-9182-07b92450bc76
2026-07-29 20:20:17.325 8 INFO neutron.db.segments_db [None req-901e9790-045f-4994-b28f-bb6c17f006c9 4e8e447ad3824f358398062290f3662e f8624ea296ab42af91642bc454cb12f2 - - default default] Added segment 6b2fa123-b702-435a-a942-a5caba85e908 of type geneve for network 07129a46-7745-44fb-926b-525e978318ae
2026-07-29 20:20:17.421 7 INFO neutron.db.ovn_revision_numbers_db [None req-96314a5f-c456-4c6e-9700-6f4dd8309053 - - - - - -] Successfully bumped revision number for resource 80e38ed8-bfa5-45a5-9182-07b92450bc76 (type: networks) to 1
2026-07-29 20:20:17.447 8 INFO neutron.db.ovn_revision_numbers_db [None req-901e9790-045f-4994-b28f-bb6c17f006c9 4e8e447ad3824f358398062290f3662e f8624ea296ab42af91642bc454cb12f2 - - default default] Successfully bumped revision number for resource 07129a46-7745-44fb-926b-525e978318ae (type: networks) to 1
2026-07-29 20:20:17.573 7 WARNING neutron.scheduler.dhcp_agent_scheduler [None req-96314a5f-c456-4c6e-9700-6f4dd8309053 - - - - - -] No more DHCP agents
2026-07-29 20:20:17.574 7 WARNING neutron.api.rpc.agentnotifiers.dhcp_rpc_agent_api [None req-96314a5f-c456-4c6e-9700-6f4dd8309053 - - - - - -] Unable to schedule network 80e38ed8-bfa5-45a5-9182-07b92450bc76: no agents available; will retry on subsequent port and subnet creation events.
2026-07-29 20:20:17.644 8 WARNING neutron.scheduler.dhcp_agent_scheduler [None req-901e9790-045f-4994-b28f-bb6c17f006c9 4e8e447ad3824f358398062290f3662e f8624ea296ab42af91642bc454cb12f2 - - default default] No more DHCP agents
2026-07-29 20:20:17.645 8 WARNING neutron.api.rpc.agentnotifiers.dhcp_rpc_agent_api [None req-901e9790-045f-4994-b28f-bb6c17f006c9 4e8e447ad3824f358398062290f3662e f8624ea296ab42af91642bc454cb12f2 - - default default] Unable to schedule network 07129a46-7745-44fb-926b-525e978318ae: no agents available; will retry on subsequent port and subnet creation events.
2026-07-29 20:20:17.650 7 INFO neutron.db.ovn_revision_numbers_db [None req-96314a5f-c456-4c6e-9700-6f4dd8309053 - - - - - -] Successfully bumped revision number for resource da469167-d113-47c6-9e0a-b82a3fc1485f (type: ports) to 1
2026-07-29 20:20:17.729 8 INFO neutron.db.ovn_revision_numbers_db [None req-901e9790-045f-4994-b28f-bb6c17f006c9 4e8e447ad3824f358398062290f3662e f8624ea296ab42af91642bc454cb12f2 - - default default] Successfully bumped revision number for resource 89500f66-18c4-4b73-98e3-17ec7e3d738b (type: ports) to 1 [pid: 8|app: 0|req: 1398/2826] 10.0.0.200 () {34 vars in 670 bytes} [Wed Jul 29 20:20:16 2026] POST /v2.0/networks => generated 650 bytes in 820 msecs (HTTP/1.1 201) 4 headers in 162 bytes (1 switches on core 0)
2026-07-29 20:20:17.797 7 WARNING neutron.scheduler.dhcp_agent_scheduler [None req-96314a5f-c456-4c6e-9700-6f4dd8309053 - - - - - -] No more DHCP agents
2026-07-29 20:20:17.799 7 WARNING neutron.api.rpc.agentnotifiers.dhcp_rpc_agent_api [None req-96314a5f-c456-4c6e-9700-6f4dd8309053 - - - - - -] Unable to schedule network 80e38ed8-bfa5-45a5-9182-07b92450bc76: no agents available; will retry on subsequent port and subnet creation events. [pid: 8|app: 0|req: 1399/2827] 10.0.0.200 () {34 vars in 753 bytes} [Wed Jul 29 20:20:17 2026] PUT /v2.0/networks/07129a46-7745-44fb-926b-525e978318ae/tags => generated 25 bytes in 55 msecs (HTTP/1.1 200) 4 headers in 156 bytes (1 switches on core 0)
2026-07-29 20:20:17.819 7 INFO neutron.db.ovn_revision_numbers_db [None req-96314a5f-c456-4c6e-9700-6f4dd8309053 - - - - - -] Successfully bumped revision number for resource 119b7a1a-d222-49d4-b89e-49ccc69647d6 (type: subnets) to 0 [pid: 8|app: 0|req: 1400/2828] 10.0.0.200 () {32 vars in 733 bytes} [Wed Jul 29 20:20:17 2026] GET /v2.0/networks/07129a46-7745-44fb-926b-525e978318ae/tags => generated 25 bytes in 41 msecs (HTTP/1.1 200) 4 headers in 156 bytes (1 switches on core 0) [pid: 8|app: 0|req: 1401/2829] 10.0.0.200 () {34 vars in 764 bytes} [Wed Jul 29 20:20:17 2026] PUT /v2.0/networks/07129a46-7745-44fb-926b-525e978318ae/tags/green => generated 4 bytes in 67 msecs (HTTP/1.1 201) 4 headers in 160 bytes (1 switches on core 0) [pid: 8|app: 0|req: 1402/2830] 10.0.0.200 () {32 vars in 733 bytes} [Wed Jul 29 20:20:17 2026] GET /v2.0/networks/07129a46-7745-44fb-926b-525e978318ae/tags => generated 34 bytes in 46 msecs (HTTP/1.1 200) 4 headers in 156 bytes (1 switches on core 0) [pid: 8|app: 0|req: 1403/2831] 10.0.0.200 () {34 vars in 760 bytes} [Wed Jul 29 20:20:17 2026] PUT /v2.0/networks/07129a46-7745-44fb-926b-525e978318ae/tags/red => generated 4 bytes in 56 msecs (HTTP/1.1 201) 4 headers in 160 bytes (1 switches on core 0) [pid: 8|app: 0|req: 1404/2832] 10.0.0.200 () {32 vars in 733 bytes} [Wed Jul 29 20:20:18 2026] GET /v2.0/networks/07129a46-7745-44fb-926b-525e978318ae/tags => generated 34 bytes in 40 msecs (HTTP/1.1 200) 4 headers in 156 bytes (1 switches on core 0) [pid: 8|app: 0|req: 1405/2833] 10.0.0.200 () {34 vars in 782 bytes} [Wed Jul 29 20:20:18 2026] PUT /v2.0/networks/07129a46-7745-44fb-926b-525e978318ae/tags/black.or.white => generated 4 bytes in 85 msecs (HTTP/1.1 201) 4 headers in 160 bytes (1 switches on core 0)
2026-07-29 20:20:18.179 7 WARNING neutron.scheduler.dhcp_agent_scheduler [None req-96314a5f-c456-4c6e-9700-6f4dd8309053 - - - - - -] No more DHCP agents
2026-07-29 20:20:18.180 7 WARNING neutron.api.rpc.agentnotifiers.dhcp_rpc_agent_api [None req-96314a5f-c456-4c6e-9700-6f4dd8309053 - - - - - -] Unable to schedule network 80e38ed8-bfa5-45a5-9182-07b92450bc76: no agents available; will retry on subsequent port and subnet creation events. [pid: 8|app: 0|req: 1406/2834] 10.0.0.200 () {32 vars in 733 bytes} [Wed Jul 29 20:20:18 2026] GET /v2.0/networks/07129a46-7745-44fb-926b-525e978318ae/tags => generated 52 bytes in 42 msecs (HTTP/1.1 200) 4 headers in 156 bytes (1 switches on core 0)
2026-07-29 20:20:18.303 7 INFO neutron.db.ovn_revision_numbers_db [None req-96314a5f-c456-4c6e-9700-6f4dd8309053 - - - - - -] Successfully bumped revision number for resource fca008ad-59b8-41ec-8639-5e2fad9ed5dd (type: ports) to 1 [pid: 8|app: 0|req: 1407/2835] 10.0.0.200 () {34 vars in 753 bytes} [Wed Jul 29 20:20:18 2026] PUT /v2.0/networks/07129a46-7745-44fb-926b-525e978318ae/tags => generated 37 bytes in 77 msecs (HTTP/1.1 200) 4 headers in 156 bytes (1 switches on core 0) [pid: 8|app: 0|req: 1408/2836] 10.0.0.200 () {32 vars in 733 bytes} [Wed Jul 29 20:20:18 2026] GET /v2.0/networks/07129a46-7745-44fb-926b-525e978318ae/tags => generated 37 bytes in 38 msecs (HTTP/1.1 200) 4 headers in 156 bytes (1 switches on core 0) [pid: 8|app: 0|req: 1409/2837] 10.0.0.200 () {32 vars in 741 bytes} [Wed Jul 29 20:20:18 2026] GET /v2.0/networks/07129a46-7745-44fb-926b-525e978318ae/tags/red => generated 0 bytes in 49 msecs (HTTP/1.1 204) 2 headers in 112 bytes (1 switches on core 0)
2026-07-29 20:20:18.451 8 INFO neutron.api.v2.resource [None req-fcee4b12-0f02-4c76-a89b-e1bda7d64dda 4e8e447ad3824f358398062290f3662e f8624ea296ab42af91642bc454cb12f2 - - default default] show failed (client error): The resource could not be found. [pid: 8|app: 0|req: 1410/2838] 10.0.0.200 () {32 vars in 745 bytes} [Wed Jul 29 20:20:18 2026] GET /v2.0/networks/07129a46-7745-44fb-926b-525e978318ae/tags/green => generated 99 bytes in 46 msecs (HTTP/1.1 404) 4 headers in 163 bytes (1 switches on core 0) [pid: 8|app: 0|req: 1411/2839] 10.0.0.200 () {32 vars in 744 bytes} [Wed Jul 29 20:20:18 2026] DELETE /v2.0/networks/07129a46-7745-44fb-926b-525e978318ae/tags/red => generated 0 bytes in 76 msecs (HTTP/1.1 204) 2 headers in 112 bytes (1 switches on core 0) [pid: 8|app: 0|req: 1412/2840] 10.0.0.200 () {32 vars in 733 bytes} [Wed Jul 29 20:20:18 2026] GET /v2.0/networks/07129a46-7745-44fb-926b-525e978318ae/tags => generated 30 bytes in 45 msecs (HTTP/1.1 200) 4 headers in 156 bytes (1 switches on core 0)
2026-07-29 20:20:18.635 8 INFO neutron.api.v2.resource [None req-f742e7eb-444c-4404-b4e9-af0d494a1417 4e8e447ad3824f358398062290f3662e f8624ea296ab42af91642bc454cb12f2 - - default default] delete failed (client error): The resource could not be found. [pid: 8|app: 0|req: 1413/2841] 10.0.0.200 () {32 vars in 748 bytes} [Wed Jul 29 20:20:18 2026] DELETE /v2.0/networks/07129a46-7745-44fb-926b-525e978318ae/tags/green => generated 99 bytes in 48 msecs (HTTP/1.1 404) 4 headers in 163 bytes (1 switches on core 0) [pid: 8|app: 0|req: 1414/2842] 10.0.0.200 () {32 vars in 736 bytes} [Wed Jul 29 20:20:18 2026] DELETE /v2.0/networks/07129a46-7745-44fb-926b-525e978318ae/tags => generated 0 bytes in 65 msecs (HTTP/1.1 204) 2 headers in 112 bytes (1 switches on core 0) [pid: 8|app: 0|req: 1415/2843] 10.0.0.200 () {32 vars in 733 bytes} [Wed Jul 29 20:20:18 2026] GET /v2.0/networks/07129a46-7745-44fb-926b-525e978318ae/tags => generated 12 bytes in 55 msecs (HTTP/1.1 200) 4 headers in 156 bytes (1 switches on core 0)
2026-07-29 20:20:18.824 7 WARNING neutron.plugins.ml2.drivers.ovn.mech_driver.ovsdb.ovn_client [None req-e74a79fc-2f70-47f4-a791-3ac21da34ee1 - - - - - -] No hosting information found for port 5844c946-dbde-4eba-83a1-facd9fc9d016: RuntimeError: No hosting information found for port 5844c946-dbde-4eba-83a1-facd9fc9d016
2026-07-29 20:20:18.825 7 INFO neutron.plugins.ml2.drivers.ovn.mech_driver.mech_driver [None req-e74a79fc-2f70-47f4-a791-3ac21da34ee1 - - - - - -] OVN reports status down for port: 89500f66-18c4-4b73-98e3-17ec7e3d738b
2026-07-29 20:20:18.901 8 INFO neutron_taas.services.taas.taas_plugin [None req-0708ea13-d6a5-4568-818a-9677a50d3628 4e8e447ad3824f358398062290f3662e f8624ea296ab42af91642bc454cb12f2 - - default default] TaaS: Handle Delete Port: 89500f66-18c4-4b73-98e3-17ec7e3d738b
2026-07-29 20:20:18.910 8 INFO neutron_taas.services.taas.tap_mirror_plugin [None req-0708ea13-d6a5-4568-818a-9677a50d3628 4e8e447ad3824f358398062290f3662e f8624ea296ab42af91642bc454cb12f2 - - default default] Tap Mirror: Handle Delete Port: 89500f66-18c4-4b73-98e3-17ec7e3d738b
2026-07-29 20:20:19.004 7 WARNING neutron.scheduler.dhcp_agent_scheduler [None req-96314a5f-c456-4c6e-9700-6f4dd8309053 - - - - - -] No more DHCP agents
2026-07-29 20:20:19.005 7 WARNING neutron.api.rpc.agentnotifiers.dhcp_rpc_agent_api [None req-96314a5f-c456-4c6e-9700-6f4dd8309053 - - - - - -] Unable to schedule network 80e38ed8-bfa5-45a5-9182-07b92450bc76: no agents available; will retry on subsequent port and subnet creation events.
2026-07-29 20:20:19.154 8 INFO neutron.services.segments.plugin [-] Segment 6b2fa123-b702-435a-a942-a5caba85e908 resource provider aggregate not found
2026-07-29 20:20:19.160 8 INFO neutron.services.segments.plugin [-] Segment 6b2fa123-b702-435a-a942-a5caba85e908 resource provider aggregate not found
2026-07-29 20:20:19.182 8 INFO neutron.services.segments.plugin [-] Segment 6b2fa123-b702-435a-a942-a5caba85e908 resource provider not found; error: Placement Client Error (4xx): {"errors": [{"status": 404, "title": "Not Found", "detail": "The resource could not be found.\n\n No resource provider with uuid 6b2fa123-b702-435a-a942-a5caba85e908 found for delete ", "request_id": "req-440c9ac5-feff-47e4-af46-8b10eff4b259"}]}
2026-07-29 20:20:19.183 8 INFO neutron.services.segments.plugin [-] Segment 6b2fa123-b702-435a-a942-a5caba85e908 resource provider not found; error: Placement Client Error (4xx): {"errors": [{"status": 404, "title": "Not Found", "detail": "The resource could not be found.\n\n No resource provider with uuid 6b2fa123-b702-435a-a942-a5caba85e908 found for delete ", "request_id": "req-8e5e2804-a893-41bd-ad80-75af4198b10d"}]} [pid: 8|app: 0|req: 1416/2844] 10.0.0.200 () {32 vars in 726 bytes} [Wed Jul 29 20:20:18 2026] DELETE /v2.0/networks/07129a46-7745-44fb-926b-525e978318ae => generated 0 bytes in 444 msecs (HTTP/1.1 204) 3 headers in 131 bytes (1 switches on core 0)
2026-07-29 20:20:19.445 7 INFO neutron.db.ovn_revision_numbers_db [None req-96314a5f-c456-4c6e-9700-6f4dd8309053 - - - - - -] Successfully bumped revision number for resource fca008ad-59b8-41ec-8639-5e2fad9ed5dd (type: router_ports) to 1
2026-07-29 20:20:19.661 7 WARNING neutron.scheduler.dhcp_agent_scheduler [None req-96314a5f-c456-4c6e-9700-6f4dd8309053 - - - - - -] No more DHCP agents
2026-07-29 20:20:19.663 7 WARNING neutron.api.rpc.agentnotifiers.dhcp_rpc_agent_api [None req-96314a5f-c456-4c6e-9700-6f4dd8309053 - - - - - -] Unable to schedule network 80e38ed8-bfa5-45a5-9182-07b92450bc76: no agents available; will retry on subsequent port and subnet creation events.
2026-07-29 20:20:19.766 7 INFO neutron.plugins.ml2.drivers.ovn.mech_driver.mech_driver [None req-e74a79fc-2f70-47f4-a791-3ac21da34ee1 - - - - - -] OVN reports status down for port: 17144138-7e68-4b89-be41-83bbed1cd8ad
2026-07-29 20:20:19.822 7 INFO neutron.db.ovn_revision_numbers_db [None req-96314a5f-c456-4c6e-9700-6f4dd8309053 - - - - - -] Successfully bumped revision number for resource 17144138-7e68-4b89-be41-83bbed1cd8ad (type: ports) to 1
2026-07-29 20:20:20.077 7 INFO neutron.db.ovn_revision_numbers_db [None req-96314a5f-c456-4c6e-9700-6f4dd8309053 - - - - - -] Successfully bumped revision number for resource 17144138-7e68-4b89-be41-83bbed1cd8ad (type: ports) to 3
2026-07-29 20:20:20.254 8 INFO neutron.db.ovn_revision_numbers_db [None req-ad8ae7d1-5f23-4b83-854d-255d59bf795d afa2d090a2284b1ebbf40175b42309b0 2ff49990acb54d55be50181a23e1f88b - - default default] Successfully bumped revision number for resource e82bab84-502b-4eeb-96dc-b1b4bd788e17 (type: security_groups) to 1
2026-07-29 20:20:20.266 8 INFO neutron.db.ovn_revision_numbers_db [None req-ad8ae7d1-5f23-4b83-854d-255d59bf795d afa2d090a2284b1ebbf40175b42309b0 2ff49990acb54d55be50181a23e1f88b - - default default] Successfully bumped revision number for resource 79a1b03a-9787-4b67-957d-34781dc21f13 (type: security_group_rules) to 0
2026-07-29 20:20:20.278 8 INFO neutron.db.ovn_revision_numbers_db [None req-ad8ae7d1-5f23-4b83-854d-255d59bf795d afa2d090a2284b1ebbf40175b42309b0 2ff49990acb54d55be50181a23e1f88b - - default default] Successfully bumped revision number for resource f0ef2d8b-712e-4f64-ad09-a08f7af762d0 (type: security_group_rules) to 0 [pid: 7|app: 0|req: 1429/2845] 10.0.0.200 () {34 vars in 685 bytes} [Wed Jul 29 20:20:16 2026] POST /v2.0/vpn/vpnservices => generated 458 bytes in 3907 msecs (HTTP/1.1 201) 4 headers in 162 bytes (1 switches on core 0)
2026-07-29 20:20:20.291 8 INFO neutron.db.ovn_revision_numbers_db [None req-ad8ae7d1-5f23-4b83-854d-255d59bf795d afa2d090a2284b1ebbf40175b42309b0 2ff49990acb54d55be50181a23e1f88b - - default default] Successfully bumped revision number for resource f162e172-447d-4fa8-ae47-ff1956730e9b (type: security_group_rules) to 0
2026-07-29 20:20:20.303 8 INFO neutron.db.ovn_revision_numbers_db [None req-ad8ae7d1-5f23-4b83-854d-255d59bf795d afa2d090a2284b1ebbf40175b42309b0 2ff49990acb54d55be50181a23e1f88b - - default default] Successfully bumped revision number for resource fddb8131-82df-4c24-971b-49531ef35e49 (type: security_group_rules) to 0
2026-07-29 20:20:20.397 8 INFO neutron.db.segments_db [None req-ad8ae7d1-5f23-4b83-854d-255d59bf795d afa2d090a2284b1ebbf40175b42309b0 2ff49990acb54d55be50181a23e1f88b - - default default] Added segment e9ee8060-629c-4c26-a5dc-184974b9605d of type geneve for network 6c60bcfb-6bdc-407d-8e3a-d2b6707c849a
2026-07-29 20:20:20.450 7 INFO neutron.db.ovn_revision_numbers_db [None req-91699c8a-8441-47a0-a0ef-369d936d3f8f 90f347e6efa84149817552548aec7d47 7a1d2b4d1c934af6bba3df77c30f284a - - default default] Successfully bumped revision number for resource 50cb10ab-168d-4ab1-8632-09aff968ceb8 (type: security_groups) to 1
2026-07-29 20:20:20.465 7 INFO neutron.db.ovn_revision_numbers_db [None req-91699c8a-8441-47a0-a0ef-369d936d3f8f 90f347e6efa84149817552548aec7d47 7a1d2b4d1c934af6bba3df77c30f284a - - default default] Successfully bumped revision number for resource 1e361904-e20d-40f0-a9db-2866ac11284f (type: security_group_rules) to 0
2026-07-29 20:20:20.484 7 INFO neutron.db.ovn_revision_numbers_db [None req-91699c8a-8441-47a0-a0ef-369d936d3f8f 90f347e6efa84149817552548aec7d47 7a1d2b4d1c934af6bba3df77c30f284a - - default default] Successfully bumped revision number for resource 2675f566-82cd-4560-bebc-579698e140e6 (type: security_group_rules) to 0
2026-07-29 20:20:20.525 7 INFO neutron.db.ovn_revision_numbers_db [None req-91699c8a-8441-47a0-a0ef-369d936d3f8f 90f347e6efa84149817552548aec7d47 7a1d2b4d1c934af6bba3df77c30f284a - - default default] Successfully bumped revision number for resource 3c4fc2da-7837-4c11-9c00-e87f02cca8f1 (type: security_group_rules) to 0
2026-07-29 20:20:20.533 8 INFO neutron.db.ovn_revision_numbers_db [None req-ad8ae7d1-5f23-4b83-854d-255d59bf795d afa2d090a2284b1ebbf40175b42309b0 2ff49990acb54d55be50181a23e1f88b - - default default] Successfully bumped revision number for resource 6c60bcfb-6bdc-407d-8e3a-d2b6707c849a (type: networks) to 1
2026-07-29 20:20:20.537 7 INFO neutron.db.ovn_revision_numbers_db [None req-91699c8a-8441-47a0-a0ef-369d936d3f8f 90f347e6efa84149817552548aec7d47 7a1d2b4d1c934af6bba3df77c30f284a - - default default] Successfully bumped revision number for resource 62d9a118-5764-431b-bbab-b8a2d625ce01 (type: security_group_rules) to 0 [pid: 7|app: 0|req: 1430/2846] 10.0.0.200 () {32 vars in 774 bytes} [Wed Jul 29 20:20:20 2026] GET /v2.0/security-groups?tenant_id=3a82380e3d924b15b2ce9c4c91a91364&name=default => generated 2929 bytes in 298 msecs (HTTP/1.1 200) 4 headers in 158 bytes (1 switches on core 0) [pid: 7|app: 0|req: 1431/2847] 10.0.0.200 () {32 vars in 663 bytes} [Wed Jul 29 20:20:20 2026] GET /v2.0/vpn/vpnservices => generated 1305 bytes in 9 msecs (HTTP/1.1 200) 4 headers in 158 bytes (1 switches on core 0)
2026-07-29 20:20:20.690 8 WARNING neutron.scheduler.dhcp_agent_scheduler [None req-ad8ae7d1-5f23-4b83-854d-255d59bf795d afa2d090a2284b1ebbf40175b42309b0 2ff49990acb54d55be50181a23e1f88b - - default default] No more DHCP agents
2026-07-29 20:20:20.692 8 WARNING neutron.api.rpc.agentnotifiers.dhcp_rpc_agent_api [None req-ad8ae7d1-5f23-4b83-854d-255d59bf795d afa2d090a2284b1ebbf40175b42309b0 2ff49990acb54d55be50181a23e1f88b - - default default] Unable to schedule network 6c60bcfb-6bdc-407d-8e3a-d2b6707c849a: no agents available; will retry on subsequent port and subnet creation events.
2026-07-29 20:20:20.799 8 INFO neutron.db.ovn_revision_numbers_db [None req-ad8ae7d1-5f23-4b83-854d-255d59bf795d afa2d090a2284b1ebbf40175b42309b0 2ff49990acb54d55be50181a23e1f88b - - default default] Successfully bumped revision number for resource af8c8653-65e1-4bd7-aa33-c3a1d1b4a1c4 (type: ports) to 1 [pid: 7|app: 0|req: 1432/2848] 10.0.0.200 () {32 vars in 740 bytes} [Wed Jul 29 20:20:20 2026] DELETE /v2.0/security-groups/50cb10ab-168d-4ab1-8632-09aff968ceb8 => generated 0 bytes in 216 msecs (HTTP/1.1 204) 2 headers in 112 bytes (1 switches on core 0) [pid: 8|app: 0|req: 1417/2849] 10.0.0.200 () {34 vars in 670 bytes} [Wed Jul 29 20:20:19 2026] POST /v2.0/networks => generated 659 bytes in 890 msecs (HTTP/1.1 201) 4 headers in 162 bytes (1 switches on core 0)
2026-07-29 20:20:20.999 8 WARNING neutron.scheduler.dhcp_agent_scheduler [None req-e6b7354b-68df-4b72-99bf-ec60383bd1d3 afa2d090a2284b1ebbf40175b42309b0 2ff49990acb54d55be50181a23e1f88b - - default default] No more DHCP agents
2026-07-29 20:20:21.000 8 WARNING neutron.api.rpc.agentnotifiers.dhcp_rpc_agent_api [None req-e6b7354b-68df-4b72-99bf-ec60383bd1d3 afa2d090a2284b1ebbf40175b42309b0 2ff49990acb54d55be50181a23e1f88b - - default default] Unable to schedule network 6c60bcfb-6bdc-407d-8e3a-d2b6707c849a: no agents available; will retry on subsequent port and subnet creation events.
2026-07-29 20:20:21.055 7 INFO neutron_taas.services.taas.taas_plugin [None req-683ff1aa-d58f-44b4-8aa9-a4e07dc20acb e92ba7f4a5004478996425970392f046 93d6da454ae64dd2bfd7b208bfb0f5b0 - - default default] TaaS: Handle Delete Port: af479b89-f89f-4fa0-ad58-1c8a3a00bc03
2026-07-29 20:20:21.058 7 INFO neutron_taas.services.taas.tap_mirror_plugin [None req-683ff1aa-d58f-44b4-8aa9-a4e07dc20acb e92ba7f4a5004478996425970392f046 93d6da454ae64dd2bfd7b208bfb0f5b0 - - default default] Tap Mirror: Handle Delete Port: af479b89-f89f-4fa0-ad58-1c8a3a00bc03
2026-07-29 20:20:21.329 7 INFO neutron_taas.services.taas.taas_plugin [None req-c5e877f8-3855-4c7f-80d6-5fa60573789e - - - - - -] TaaS: Handle Delete Port: 17144138-7e68-4b89-be41-83bbed1cd8ad
2026-07-29 20:20:21.331 7 INFO neutron_taas.services.taas.tap_mirror_plugin [None req-c5e877f8-3855-4c7f-80d6-5fa60573789e - - - - - -] Tap Mirror: Handle Delete Port: 17144138-7e68-4b89-be41-83bbed1cd8ad
2026-07-29 20:20:21.769 7 INFO neutron_taas.services.taas.taas_plugin [None req-6021828a-f3bf-4e0d-a362-b11964d0fb8d - - - - - -] TaaS: Handle Delete Port: fca008ad-59b8-41ec-8639-5e2fad9ed5dd
2026-07-29 20:20:21.772 7 INFO neutron_taas.services.taas.tap_mirror_plugin [None req-6021828a-f3bf-4e0d-a362-b11964d0fb8d - - - - - -] Tap Mirror: Handle Delete Port: fca008ad-59b8-41ec-8639-5e2fad9ed5dd
2026-07-29 20:20:21.804 8 WARNING neutron.plugins.ml2.drivers.ovn.mech_driver.ovsdb.ovn_client [None req-9fc6357e-4351-4c87-8825-26fe1f94a7a1 - - - - - -] No hosting information found for port 81ffa3e1-f91d-40e8-838a-6796218d54ab: RuntimeError: No hosting information found for port 81ffa3e1-f91d-40e8-838a-6796218d54ab
2026-07-29 20:20:22.055 8 INFO neutron.db.ovn_revision_numbers_db [None req-9fc6357e-4351-4c87-8825-26fe1f94a7a1 - - - - - -] Successfully bumped revision number for resource 81ffa3e1-f91d-40e8-838a-6796218d54ab (type: router_ports) to 2
2026-07-29 20:20:22.056 8 INFO neutron.plugins.ml2.drivers.ovn.mech_driver.mech_driver [None req-9fc6357e-4351-4c87-8825-26fe1f94a7a1 - - - - - -] OVN reports status down for port: af479b89-f89f-4fa0-ad58-1c8a3a00bc03
2026-07-29 20:20:22.075 8 INFO neutron.plugins.ml2.drivers.ovn.mech_driver.mech_driver [None req-9fc6357e-4351-4c87-8825-26fe1f94a7a1 - - - - - -] OVN reports status down for port: da469167-d113-47c6-9e0a-b82a3fc1485f
2026-07-29 20:20:22.193 8 INFO neutron.db.ovn_revision_numbers_db [None req-04000d77-1d2a-41dd-9c46-53a94f3dbd4e - - - - - -] Successfully bumped revision number for resource af8c8653-65e1-4bd7-aa33-c3a1d1b4a1c4 (type: ports) to 2
2026-07-29 20:20:22.195 8 INFO neutron.plugins.ml2.drivers.ovn.mech_driver.mech_driver [None req-9fc6357e-4351-4c87-8825-26fe1f94a7a1 - - - - - -] OVN reports status down for port: fca008ad-59b8-41ec-8639-5e2fad9ed5dd
2026-07-29 20:20:22.206 8 INFO neutron.plugins.ml2.drivers.ovn.mech_driver.mech_driver [None req-9fc6357e-4351-4c87-8825-26fe1f94a7a1 - - - - - -] OVN reports status up for port: fca008ad-59b8-41ec-8639-5e2fad9ed5dd
2026-07-29 20:20:22.264 8 INFO neutron.plugins.ml2.drivers.ovn.mech_driver.mech_driver [None req-9fc6357e-4351-4c87-8825-26fe1f94a7a1 - - - - - -] OVN reports status down for port: af8c8653-65e1-4bd7-aa33-c3a1d1b4a1c4
2026-07-29 20:20:22.277 8 INFO neutron.db.ovn_revision_numbers_db [None req-04000d77-1d2a-41dd-9c46-53a94f3dbd4e - - - - - -] Successfully bumped revision number for resource 40f95b58-12d4-4ecb-be01-05767f4e9965 (type: subnets) to 0 [pid: 8|app: 0|req: 1418/2850] 10.0.0.200 () {34 vars in 669 bytes} [Wed Jul 29 20:20:20 2026] POST /v2.0/subnets => generated 658 bytes in 1472 msecs (HTTP/1.1 201) 4 headers in 162 bytes (1 switches on core 0) [pid: 8|app: 0|req: 1419/2851] 10.0.0.200 () {32 vars in 774 bytes} [Wed Jul 29 20:20:22 2026] GET /v2.0/security-groups?tenant_id=f8624ea296ab42af91642bc454cb12f2&name=default => generated 2929 bytes in 50 msecs (HTTP/1.1 200) 4 headers in 158 bytes (1 switches on core 0) [pid: 8|app: 0|req: 1420/2852] 10.0.0.200 () {32 vars in 722 bytes} [Wed Jul 29 20:20:22 2026] GET /v2.0/subnetpools?name=shared-default-subnetpool-v6 => generated 19 bytes in 179 msecs (HTTP/1.1 200) 4 headers in 156 bytes (1 switches on core 0)
2026-07-29 20:20:22.725 7 INFO neutron_taas.services.taas.taas_plugin [None req-6021828a-f3bf-4e0d-a362-b11964d0fb8d - - - - - -] TaaS: Handle Delete Port: da469167-d113-47c6-9e0a-b82a3fc1485f
2026-07-29 20:20:22.729 7 INFO neutron_taas.services.taas.tap_mirror_plugin [None req-6021828a-f3bf-4e0d-a362-b11964d0fb8d - - - - - -] Tap Mirror: Handle Delete Port: da469167-d113-47c6-9e0a-b82a3fc1485f [pid: 8|app: 0|req: 1421/2853] 10.0.0.200 () {32 vars in 740 bytes} [Wed Jul 29 20:20:22 2026] DELETE /v2.0/security-groups/849bd562-03ef-4102-b417-eedca7b1df8b => generated 0 bytes in 248 msecs (HTTP/1.1 204) 2 headers in 112 bytes (1 switches on core 0)
2026-07-29 20:20:22.930 7 INFO neutron.services.segments.plugin [-] Segment afc73e9b-a338-4dd1-b9aa-2ab821fb79ca resource provider aggregate not found
2026-07-29 20:20:22.937 7 INFO neutron.services.segments.plugin [-] Segment afc73e9b-a338-4dd1-b9aa-2ab821fb79ca resource provider aggregate not found
2026-07-29 20:20:22.956 7 INFO neutron.services.segments.plugin [-] Segment afc73e9b-a338-4dd1-b9aa-2ab821fb79ca resource provider not found; error: Placement Client Error (4xx): {"errors": [{"status": 404, "title": "Not Found", "detail": "The resource could not be found.\n\n No resource provider with uuid afc73e9b-a338-4dd1-b9aa-2ab821fb79ca found for delete ", "request_id": "req-83dee61a-fcd3-46f2-9ce4-6bd8f0daeb6e"}]}
2026-07-29 20:20:22.960 7 INFO neutron.services.segments.plugin [-] Segment afc73e9b-a338-4dd1-b9aa-2ab821fb79ca resource provider not found; error: Placement Client Error (4xx): {"errors": [{"status": 404, "title": "Not Found", "detail": "The resource could not be found.\n\n No resource provider with uuid afc73e9b-a338-4dd1-b9aa-2ab821fb79ca found for delete ", "request_id": "req-53d44627-5beb-4efc-8f99-4bdb22e8fd83"}]}
2026-07-29 20:20:22.981 8 WARNING neutron.scheduler.dhcp_agent_scheduler [None req-1e3678d1-e57d-43a3-865e-6a266548f947 afa2d090a2284b1ebbf40175b42309b0 2ff49990acb54d55be50181a23e1f88b - - default default] No more DHCP agents
2026-07-29 20:20:22.982 8 WARNING neutron.api.rpc.agentnotifiers.dhcp_rpc_agent_api [None req-1e3678d1-e57d-43a3-865e-6a266548f947 afa2d090a2284b1ebbf40175b42309b0 2ff49990acb54d55be50181a23e1f88b - - default default] Unable to schedule network 6c60bcfb-6bdc-407d-8e3a-d2b6707c849a: no agents available; will retry on subsequent port and subnet creation events. [pid: 7|app: 0|req: 1433/2854] 10.0.0.200 () {32 vars in 740 bytes} [Wed Jul 29 20:20:20 2026] DELETE /v2.0/vpn/vpnservices/23bd762a-6f2c-4a8d-99d0-78667b0b1569 => generated 0 bytes in 2187 msecs (HTTP/1.1 204) 2 headers in 112 bytes (1 switches on core 0) /var/lib/openstack/lib/python3.12/site-packages/pycadf/identifier.py:70: UserWarning: Invalid uuid: neutron. To ensure interoperability, identifiers should be a valid uuid. warnings.warn(('Invalid uuid: %s. To ensure interoperability, ' [pid: 7|app: 0|req: 1434/2855] 10.0.0.200 () {32 vars in 663 bytes} [Wed Jul 29 20:20:22 2026] GET /v2.0/vpn/vpnservices => generated 861 bytes in 10 msecs (HTTP/1.1 200) 4 headers in 157 bytes (1 switches on core 0)
2026-07-29 20:20:23.010 8 INFO neutron.db.ovn_revision_numbers_db [None req-1e3678d1-e57d-43a3-865e-6a266548f947 afa2d090a2284b1ebbf40175b42309b0 2ff49990acb54d55be50181a23e1f88b - - default default] Successfully bumped revision number for resource 69b2b824-1750-40a2-ad6c-4b86bb9f011f (type: subnets) to 0 [pid: 8|app: 0|req: 1422/2856] 10.0.0.200 () {34 vars in 669 bytes} [Wed Jul 29 20:20:22 2026] POST /v2.0/subnets => generated 731 bytes in 245 msecs (HTTP/1.1 201) 4 headers in 162 bytes (1 switches on core 0)
2026-07-29 20:20:23.067 7 INFO neutron.api.v2.resource [None req-aee490c8-d124-4507-a9ad-b1e396594c67 e92ba7f4a5004478996425970392f046 93d6da454ae64dd2bfd7b208bfb0f5b0 - - default default] create failed (client error): The server could not comply with the request since it is either malformed or otherwise incorrect. [pid: 7|app: 0|req: 1435/2857] 10.0.0.200 () {34 vars in 707 bytes} [Wed Jul 29 20:20:23 2026] POST /v2.0/vpn/ipsec-site-connections => generated 127 bytes in 54 msecs (HTTP/1.1 400) 4 headers in 166 bytes (1 switches on core 0)
2026-07-29 20:20:23.101 8 INFO neutron.db.segments_db [None req-e87c8fb7-8a3b-46a3-b515-da662639a1bc afa2d090a2284b1ebbf40175b42309b0 2ff49990acb54d55be50181a23e1f88b - - default default] Added segment cc894ace-e61b-4c67-84d5-ae6dca05dbd6 of type geneve for network 4735e884-2567-4fe5-934c-534e3bb44ce2
2026-07-29 20:20:23.134 7 INFO neutron.api.v2.resource [None req-aab72a06-e8ce-4713-b728-11cdb92af4e8 e92ba7f4a5004478996425970392f046 93d6da454ae64dd2bfd7b208bfb0f5b0 - - default default] create failed (client error): The server could not comply with the request since it is either malformed or otherwise incorrect. [pid: 7|app: 0|req: 1436/2858] 10.0.0.200 () {34 vars in 707 bytes} [Wed Jul 29 20:20:23 2026] POST /v2.0/vpn/ipsec-site-connections => generated 136 bytes in 55 msecs (HTTP/1.1 400) 4 headers in 166 bytes (1 switches on core 0)
2026-07-29 20:20:23.148 7 WARNING neutron.api.v2.base [None req-2cc5f5af-9984-4ae4-b019-801e37113ded e92ba7f4a5004478996425970392f046 93d6da454ae64dd2bfd7b208bfb0f5b0 - - default default] An exception happened while processing the request body. The exception message is [Invalid input for dpd. Reason: '59' is not a dictionary.].: webob.exc.HTTPBadRequest: Invalid input for dpd. Reason: '59' is not a dictionary.
