2026-06-10 11:39:26.525 8 WARNING neutron.api.rpc.agentnotifiers.dhcp_rpc_agent_api [None req-a78e92e3-1e90-4295-8cf7-b2db31a7d095 f8dd925edb18406c8eaa915643fa8ccd 834bb372534544c5a5588bd0aa7c185e - - default default] Unable to schedule network f9baa1e6-4f46-49be-8ca6-b539615caf5c: no agents available; will retry on subsequent port and subnet creation events.
2026-06-10 11:39:26.703 8 INFO neutron.db.ovn_revision_numbers_db [None req-a78e92e3-1e90-4295-8cf7-b2db31a7d095 f8dd925edb18406c8eaa915643fa8ccd 834bb372534544c5a5588bd0aa7c185e - - default default] Successfully bumped revision number for resource 7be253a0-cec0-474e-acb8-c9cfb3326d7e (type: ports) to 1 [pid: 8|app: 0|req: 581/1142] 10.0.0.72 () {34 vars in 664 bytes} [Wed Jun 10 11:39:26 2026] POST /v2.0/ports => generated 966 bytes in 503 msecs (HTTP/1.1 201) 4 headers in 162 bytes (1 switches on core 0) /var/lib/openstack/lib/python3.12/site-packages/pycadf/identifier.py:70: UserWarning: Invalid uuid: neutron. To ensure interoperability, identifiers should be a valid uuid. warnings.warn(('Invalid uuid: %s. To ensure interoperability, ' [pid: 8|app: 0|req: 582/1143] 199.204.45.113 () {34 vars in 1058 bytes} [Wed Jun 10 11:39:26 2026] GET /v2.0/floatingips?fixed_ip_address=10.100.0.3&port_id=a85979df-5bc8-4235-a123-54f3318294d6 => generated 860 bytes in 46 msecs (HTTP/1.1 200) 4 headers in 157 bytes (1 switches on core 0) [pid: 8|app: 0|req: 583/1144] 10.0.0.88 () {34 vars in 1039 bytes} [Wed Jun 10 11:39:26 2026] GET /v2.0/security-groups?id=a32b3283-cc56-4412-b984-6d1b5bfa4c1f&fields=id&fields=name => generated 113 bytes in 26 msecs (HTTP/1.1 200) 4 headers in 157 bytes (1 switches on core 0)
2026-06-10 11:39:26.976 8 INFO neutron_taas.services.taas.taas_plugin [None req-4081ff16-f34f-4c61-95a9-42bea941719e f8dd925edb18406c8eaa915643fa8ccd 834bb372534544c5a5588bd0aa7c185e - - default default] TaaS: Handle Delete Port: 7be253a0-cec0-474e-acb8-c9cfb3326d7e
2026-06-10 11:39:26.979 8 INFO neutron_taas.services.taas.tap_mirror_plugin [None req-4081ff16-f34f-4c61-95a9-42bea941719e f8dd925edb18406c8eaa915643fa8ccd 834bb372534544c5a5588bd0aa7c185e - - default default] Tap Mirror: Handle Delete Port: 7be253a0-cec0-474e-acb8-c9cfb3326d7e [pid: 8|app: 0|req: 584/1145] 10.0.0.72 () {32 vars in 719 bytes} [Wed Jun 10 11:39:26 2026] DELETE /v2.0/ports/7be253a0-cec0-474e-acb8-c9cfb3326d7e => generated 0 bytes in 330 msecs (HTTP/1.1 204) 3 headers in 131 bytes (1 switches on core 0)
2026-06-10 11:39:27.143 7 INFO neutron.plugins.ml2.drivers.ovn.mech_driver.mech_driver [None req-1876e185-0930-46d0-a3c4-b2065bb29c1f - - - - - -] OVN reports status down for port: a85979df-5bc8-4235-a123-54f3318294d6 [pid: 8|app: 0|req: 585/1146] 199.204.45.113 () {34 vars in 984 bytes} [Wed Jun 10 11:39:27 2026] GET /v2.0/subnets?id=7b212e1f-2d79-481d-9855-86048726f7fc => generated 688 bytes in 36 msecs (HTTP/1.1 200) 4 headers in 157 bytes (1 switches on core 0)
2026-06-10 11:39:27.397 7 INFO neutron.notifiers.nova [-] Nova event matching ['req-36507f63-5993-44e3-8235-c70a018de71d'] response: {'server_uuid': 'fd077555-aaa3-4b41-9052-e3c1f6c57b17', 'name': 'network-vif-unplugged', 'status': 'completed', 'tag': 'a85979df-5bc8-4235-a123-54f3318294d6', 'code': 200}
2026-06-10 11:39:27.403 7 WARNING neutron.scheduler.dhcp_agent_scheduler [None req-87dfd71c-4c37-4a36-a716-76f43f7dce50 1c91307dfba449d898d6e8a9646dba10 509dbb054035441ba3a86dbe8b2babcf - - default default] No more DHCP agents
2026-06-10 11:39:27.408 7 WARNING neutron.api.rpc.agentnotifiers.dhcp_rpc_agent_api [None req-87dfd71c-4c37-4a36-a716-76f43f7dce50 1c91307dfba449d898d6e8a9646dba10 509dbb054035441ba3a86dbe8b2babcf - - default default] Unable to schedule network 14c5a442-f2f8-463b-a9ed-7c7542ba7763: no agents available; will retry on subsequent port and subnet creation events.
2026-06-10 11:39:27.550 8 INFO neutron.db.ovn_revision_numbers_db [None req-32ea40ca-0a4a-41ac-afd1-8f26ea829017 2f1b4648ce0c4394bded245bf2bc1a3f 76a1df13c07c4e6084813254a78fde93 - - default default] Successfully bumped revision number for resource 2cd5b6ae-aec9-4f31-b075-92a8af3fa8a9 (type: security_groups) to 1
2026-06-10 11:39:27.564 8 INFO neutron.db.ovn_revision_numbers_db [None req-32ea40ca-0a4a-41ac-afd1-8f26ea829017 2f1b4648ce0c4394bded245bf2bc1a3f 76a1df13c07c4e6084813254a78fde93 - - default default] Successfully bumped revision number for resource 72c9a521-9c8c-40c6-8a1c-faf1910b2858 (type: security_group_rules) to 0
2026-06-10 11:39:27.574 8 INFO neutron.db.ovn_revision_numbers_db [None req-32ea40ca-0a4a-41ac-afd1-8f26ea829017 2f1b4648ce0c4394bded245bf2bc1a3f 76a1df13c07c4e6084813254a78fde93 - - default default] Successfully bumped revision number for resource b973c0ff-7f92-49f7-a628-52cdb1d6f04b (type: security_group_rules) to 0
2026-06-10 11:39:27.585 8 INFO neutron.db.ovn_revision_numbers_db [None req-32ea40ca-0a4a-41ac-afd1-8f26ea829017 2f1b4648ce0c4394bded245bf2bc1a3f 76a1df13c07c4e6084813254a78fde93 - - default default] Successfully bumped revision number for resource da60836b-40d3-4b77-83b1-cbf59e324148 (type: security_group_rules) to 0
2026-06-10 11:39:27.603 8 INFO neutron.db.ovn_revision_numbers_db [None req-32ea40ca-0a4a-41ac-afd1-8f26ea829017 2f1b4648ce0c4394bded245bf2bc1a3f 76a1df13c07c4e6084813254a78fde93 - - default default] Successfully bumped revision number for resource ea5b7fcb-c92c-42e3-9979-4b80fcddb9c0 (type: security_group_rules) to 0
2026-06-10 11:39:27.671 8 INFO neutron.db.segments_db [None req-32ea40ca-0a4a-41ac-afd1-8f26ea829017 2f1b4648ce0c4394bded245bf2bc1a3f 76a1df13c07c4e6084813254a78fde93 - - default default] Added segment 1f16a805-55d5-43a2-a098-2584379ed231 of type geneve for network 98f3d925-8e0f-4763-8fe7-e50c6508d0bd
2026-06-10 11:39:27.700 7 INFO neutron.db.ovn_revision_numbers_db [None req-1876e185-0930-46d0-a3c4-b2065bb29c1f - - - - - -] Successfully bumped revision number for resource a85979df-5bc8-4235-a123-54f3318294d6 (type: ports) to 6
2026-06-10 11:39:27.788 8 INFO neutron.db.ovn_revision_numbers_db [None req-32ea40ca-0a4a-41ac-afd1-8f26ea829017 2f1b4648ce0c4394bded245bf2bc1a3f 76a1df13c07c4e6084813254a78fde93 - - default default] Successfully bumped revision number for resource 98f3d925-8e0f-4763-8fe7-e50c6508d0bd (type: networks) to 1
2026-06-10 11:39:27.976 8 WARNING neutron.scheduler.dhcp_agent_scheduler [None req-32ea40ca-0a4a-41ac-afd1-8f26ea829017 2f1b4648ce0c4394bded245bf2bc1a3f 76a1df13c07c4e6084813254a78fde93 - - default default] No more DHCP agents
2026-06-10 11:39:27.979 8 WARNING neutron.api.rpc.agentnotifiers.dhcp_rpc_agent_api [None req-32ea40ca-0a4a-41ac-afd1-8f26ea829017 2f1b4648ce0c4394bded245bf2bc1a3f 76a1df13c07c4e6084813254a78fde93 - - default default] Unable to schedule network 98f3d925-8e0f-4763-8fe7-e50c6508d0bd: no agents available; will retry on subsequent port and subnet creation events.
2026-06-10 11:39:28.021 7 INFO neutron.db.ovn_revision_numbers_db [None req-87dfd71c-4c37-4a36-a716-76f43f7dce50 1c91307dfba449d898d6e8a9646dba10 509dbb054035441ba3a86dbe8b2babcf - - default default] Successfully bumped revision number for resource 14b9228e-5c4b-43cf-9415-20bf3f9fb10a (type: router_ports) to 1 [pid: 7|app: 0|req: 562/1147] 10.0.0.72 () {34 vars in 782 bytes} [Wed Jun 10 11:39:25 2026] PUT /v2.0/routers/b1373525-5454-408b-8e89-bc9ed8edba2b/add_router_interface => generated 309 bytes in 2982 msecs (HTTP/1.1 200) 4 headers in 157 bytes (1 switches on core 0) /var/lib/openstack/lib/python3.12/site-packages/pycadf/identifier.py:70: UserWarning: Invalid uuid: neutron. To ensure interoperability, identifiers should be a valid uuid. warnings.warn(('Invalid uuid: %s. To ensure interoperability, '
2026-06-10 11:39:28.056 7 INFO neutron.pecan_wsgi.hooks.translation [None req-f0937bf3-8c2c-47b6-b763-ebfd16ab3a8e f8dd925edb18406c8eaa915643fa8ccd 834bb372534544c5a5588bd0aa7c185e - - default default] DELETE failed (client error): The resource could not be found. [pid: 7|app: 0|req: 563/1148] 10.0.0.72 () {32 vars in 719 bytes} [Wed Jun 10 11:39:28 2026] DELETE /v2.0/ports/7be253a0-cec0-474e-acb8-c9cfb3326d7e => generated 132 bytes in 27 msecs (HTTP/1.1 404) 4 headers in 164 bytes (1 switches on core 0) [pid: 7|app: 0|req: 564/1149] 199.204.45.113 () {34 vars in 1052 bytes} [Wed Jun 10 11:39:28 2026] GET /v2.0/ports?network_id=c8ac2051-9e87-40f7-817f-b22c8d7c1acb&device_owner=network%3Adhcp => generated 12 bytes in 20 msecs (HTTP/1.1 200) 4 headers in 156 bytes (1 switches on core 0)
2026-06-10 11:39:28.142 8 INFO neutron.db.ovn_revision_numbers_db [None req-32ea40ca-0a4a-41ac-afd1-8f26ea829017 2f1b4648ce0c4394bded245bf2bc1a3f 76a1df13c07c4e6084813254a78fde93 - - default default] Successfully bumped revision number for resource 030f0eed-72be-4e7b-ae91-bfed860df591 (type: ports) to 1
2026-06-10 11:39:28.148 7 INFO neutron.plugins.ml2.drivers.ovn.mech_driver.mech_driver [None req-eb558cd8-e428-4442-837a-79981b77b3c2 - - - - - -] OVN reports status down for port: 030f0eed-72be-4e7b-ae91-bfed860df591 [pid: 8|app: 0|req: 586/1150] 10.0.0.72 () {34 vars in 670 bytes} [Wed Jun 10 11:39:27 2026] POST /v2.0/networks => generated 765 bytes in 992 msecs (HTTP/1.1 201) 4 headers in 162 bytes (1 switches on core 0) [pid: 7|app: 0|req: 565/1151] 10.0.0.88 () {34 vars in 989 bytes} [Wed Jun 10 11:39:28 2026] GET /v2.0/ports?device_id=fd077555-aaa3-4b41-9052-e3c1f6c57b17 => generated 969 bytes in 98 msecs (HTTP/1.1 200) 4 headers in 157 bytes (1 switches on core 0)
2026-06-10 11:39:28.212 7 INFO neutron.pecan_wsgi.hooks.translation [None req-58981ee0-e806-4db0-85d7-f7ac68a8afee f8dd925edb18406c8eaa915643fa8ccd 834bb372534544c5a5588bd0aa7c185e - - default default] GET failed (client error): The resource could not be found. [pid: 7|app: 0|req: 566/1152] 10.0.0.72 () {32 vars in 716 bytes} [Wed Jun 10 11:39:28 2026] GET /v2.0/ports/7be253a0-cec0-474e-acb8-c9cfb3326d7e => generated 132 bytes in 36 msecs (HTTP/1.1 404) 4 headers in 164 bytes (1 switches on core 0) [pid: 7|app: 0|req: 567/1153] 199.204.45.113 () {34 vars in 1012 bytes} [Wed Jun 10 11:39:28 2026] GET /v2.0/networks/c8ac2051-9e87-40f7-817f-b22c8d7c1acb?fields=segments => generated 14 bytes in 59 msecs (HTTP/1.1 200) 4 headers in 156 bytes (1 switches on core 0)
2026-06-10 11:39:28.385 7 WARNING neutron.scheduler.dhcp_agent_scheduler [None req-b7755f15-eae8-419b-9e02-4485d9546a39 2f1b4648ce0c4394bded245bf2bc1a3f 76a1df13c07c4e6084813254a78fde93 - - default default] No more DHCP agents
2026-06-10 11:39:28.386 7 WARNING neutron.api.rpc.agentnotifiers.dhcp_rpc_agent_api [None req-b7755f15-eae8-419b-9e02-4485d9546a39 2f1b4648ce0c4394bded245bf2bc1a3f 76a1df13c07c4e6084813254a78fde93 - - default default] Unable to schedule network 98f3d925-8e0f-4763-8fe7-e50c6508d0bd: no agents available; will retry on subsequent port and subnet creation events.
2026-06-10 11:39:28.455 8 WARNING neutron.scheduler.dhcp_agent_scheduler [None req-92228903-0b05-45b2-a408-ce0187305b2f 1c91307dfba449d898d6e8a9646dba10 509dbb054035441ba3a86dbe8b2babcf - - default default] No more DHCP agents
2026-06-10 11:39:28.457 8 WARNING neutron.api.rpc.agentnotifiers.dhcp_rpc_agent_api [None req-92228903-0b05-45b2-a408-ce0187305b2f 1c91307dfba449d898d6e8a9646dba10 509dbb054035441ba3a86dbe8b2babcf - - default default] Unable to schedule network 14c5a442-f2f8-463b-a9ed-7c7542ba7763: no agents available; will retry on subsequent port and subnet creation events.
2026-06-10 11:39:28.623 8 INFO neutron.db.ovn_revision_numbers_db [None req-92228903-0b05-45b2-a408-ce0187305b2f 1c91307dfba449d898d6e8a9646dba10 509dbb054035441ba3a86dbe8b2babcf - - default default] Successfully bumped revision number for resource bbf0d9d7-9d01-48c2-bbeb-7e06934a93b6 (type: ports) to 1 [pid: 8|app: 0|req: 587/1154] 10.0.0.72 () {34 vars in 664 bytes} [Wed Jun 10 11:39:28 2026] POST /v2.0/ports => generated 959 bytes in 504 msecs (HTTP/1.1 201) 4 headers in 162 bytes (1 switches on core 0) /var/lib/openstack/lib/python3.12/site-packages/pycadf/identifier.py:70: UserWarning: Invalid uuid: neutron. To ensure interoperability, identifiers should be a valid uuid. warnings.warn(('Invalid uuid: %s. To ensure interoperability, ' [pid: 8|app: 0|req: 588/1155] 10.0.0.88 () {34 vars in 1039 bytes} [Wed Jun 10 11:39:28 2026] GET /v2.0/security-groups?id=a32b3283-cc56-4412-b984-6d1b5bfa4c1f&fields=id&fields=name => generated 113 bytes in 28 msecs (HTTP/1.1 200) 4 headers in 157 bytes (1 switches on core 0)
2026-06-10 11:39:28.803 7 INFO neutron.db.ovn_revision_numbers_db [None req-2a2cf560-935a-4a95-bf9a-a086172b2648 - - - - - -] Successfully bumped revision number for resource 030f0eed-72be-4e7b-ae91-bfed860df591 (type: ports) to 2
2026-06-10 11:39:28.836 7 INFO neutron.db.ovn_revision_numbers_db [None req-2a2cf560-935a-4a95-bf9a-a086172b2648 - - - - - -] Successfully bumped revision number for resource ff91daca-e9c7-4538-b092-33b17854a975 (type: subnets) to 0 [pid: 7|app: 0|req: 568/1156] 10.0.0.72 () {34 vars in 668 bytes} [Wed Jun 10 11:39:28 2026] POST /v2.0/subnets => generated 690 bytes in 576 msecs (HTTP/1.1 201) 4 headers in 162 bytes (1 switches on core 0) [pid: 8|app: 0|req: 589/1157] 10.0.0.72 () {32 vars in 723 bytes} [Wed Jun 10 11:39:28 2026] DELETE /v2.0/subnets/ea13f90b-a374-43e9-941e-b59f124cbda9 => generated 0 bytes in 149 msecs (HTTP/1.1 204) 3 headers in 131 bytes (1 switches on core 0) [pid: 7|app: 0|req: 569/1158] 199.204.45.113 () {34 vars in 1112 bytes} [Wed Jun 10 11:39:28 2026] GET /v2.0/networks/c8ac2051-9e87-40f7-817f-b22c8d7c1acb?fields=provider%3Aphysical_network&fields=provider%3Anetwork_type => generated 79 bytes in 36 msecs (HTTP/1.1 200) 4 headers in 156 bytes (1 switches on core 0) [pid: 8|app: 0|req: 590/1159] 199.204.45.113 () {34 vars in 994 bytes} [Wed Jun 10 11:39:28 2026] GET /v2.0/ports?device_id=fd077555-aaa3-4b41-9052-e3c1f6c57b17 => generated 969 bytes in 69 msecs (HTTP/1.1 200) 4 headers in 157 bytes (1 switches on core 0)
2026-06-10 11:39:29.216 7 WARNING neutron.scheduler.dhcp_agent_scheduler [None req-bbcbab63-0e25-461f-99fc-5a21dc78fcab 1c91307dfba449d898d6e8a9646dba10 509dbb054035441ba3a86dbe8b2babcf - - default default] No more DHCP agents
2026-06-10 11:39:29.217 7 WARNING neutron.api.rpc.agentnotifiers.dhcp_rpc_agent_api [None req-bbcbab63-0e25-461f-99fc-5a21dc78fcab 1c91307dfba449d898d6e8a9646dba10 509dbb054035441ba3a86dbe8b2babcf - - default default] Unable to schedule network 14c5a442-f2f8-463b-a9ed-7c7542ba7763: no agents available; will retry on subsequent port and subnet creation events.
2026-06-10 11:39:29.330 7 INFO neutron.plugins.ml2.drivers.ovn.mech_driver.mech_driver [None req-eb558cd8-e428-4442-837a-79981b77b3c2 - - - - - -] OVN reports status down for port: de87d66a-0ca5-46ea-ba3c-e4ac5eaf33bc
2026-06-10 11:39:29.384 8 WARNING neutron.scheduler.dhcp_agent_scheduler [None req-8fd8585a-8152-4c2c-9125-f31e9f59fce4 2f1b4648ce0c4394bded245bf2bc1a3f 76a1df13c07c4e6084813254a78fde93 - - default default] No more DHCP agents
2026-06-10 11:39:29.385 8 WARNING neutron.api.rpc.agentnotifiers.dhcp_rpc_agent_api [None req-8fd8585a-8152-4c2c-9125-f31e9f59fce4 2f1b4648ce0c4394bded245bf2bc1a3f 76a1df13c07c4e6084813254a78fde93 - - default default] Unable to schedule network 2b9297cf-8e91-40af-b827-3a5d05697c1d: no agents available; will retry on subsequent port and subnet creation events.
2026-06-10 11:39:29.386 7 INFO neutron.db.ovn_revision_numbers_db [None req-bbcbab63-0e25-461f-99fc-5a21dc78fcab 1c91307dfba449d898d6e8a9646dba10 509dbb054035441ba3a86dbe8b2babcf - - default default] Successfully bumped revision number for resource de87d66a-0ca5-46ea-ba3c-e4ac5eaf33bc (type: ports) to 1
2026-06-10 11:39:29.450 7 INFO neutron.notifiers.nova [-] Nova event matching ['req-b5e5b146-2da8-4c5c-9ef2-80c6ffd08c07'] response: {'server_uuid': 'fd077555-aaa3-4b41-9052-e3c1f6c57b17', 'name': 'network-vif-unplugged', 'status': 'completed', 'tag': 'a85979df-5bc8-4235-a123-54f3318294d6', 'code': 200} [pid: 7|app: 0|req: 570/1160] 10.0.0.72 () {34 vars in 664 bytes} [Wed Jun 10 11:39:28 2026] POST /v2.0/ports => generated 955 bytes in 618 msecs (HTTP/1.1 201) 4 headers in 162 bytes (1 switches on core 0) /var/lib/openstack/lib/python3.12/site-packages/pycadf/identifier.py:70: UserWarning: Invalid uuid: neutron. To ensure interoperability, identifiers should be a valid uuid. warnings.warn(('Invalid uuid: %s. To ensure interoperability, '
2026-06-10 11:39:29.530 8 INFO neutron.db.ovn_revision_numbers_db [None req-8fd8585a-8152-4c2c-9125-f31e9f59fce4 2f1b4648ce0c4394bded245bf2bc1a3f 76a1df13c07c4e6084813254a78fde93 - - default default] Successfully bumped revision number for resource 7b0ad613-120f-4b48-9bac-4cff4975a97b (type: ports) to 1
2026-06-10 11:39:29.640 7 INFO neutron_taas.services.taas.taas_plugin [None req-e72617a1-2a9e-4549-ab1d-f744d8f1e3dd f8dd925edb18406c8eaa915643fa8ccd 834bb372534544c5a5588bd0aa7c185e - - default default] TaaS: Handle Delete Port: e46d6776-e2e3-4767-9e21-983571db9b93
2026-06-10 11:39:29.645 7 INFO neutron_taas.services.taas.tap_mirror_plugin [None req-e72617a1-2a9e-4549-ab1d-f744d8f1e3dd f8dd925edb18406c8eaa915643fa8ccd 834bb372534544c5a5588bd0aa7c185e - - default default] Tap Mirror: Handle Delete Port: e46d6776-e2e3-4767-9e21-983571db9b93
2026-06-10 11:39:29.834 7 INFO neutron.services.segments.plugin [-] Segment fbf95e16-e647-4e26-a424-acf10d3aa486 resource provider aggregate not found
2026-06-10 11:39:29.845 7 INFO neutron.services.segments.plugin [-] Segment fbf95e16-e647-4e26-a424-acf10d3aa486 resource provider aggregate not found
2026-06-10 11:39:29.854 7 INFO neutron.services.segments.plugin [-] Segment fbf95e16-e647-4e26-a424-acf10d3aa486 resource provider not found; error: Placement Client Error (4xx): {"errors": [{"status": 404, "title": "Not Found", "detail": "The resource could not be found.\n\n No resource provider with uuid fbf95e16-e647-4e26-a424-acf10d3aa486 found for delete ", "request_id": "req-1a64e8f5-4b53-42b8-88ca-7326163d7e7b"}]}
2026-06-10 11:39:29.870 7 INFO neutron.services.segments.plugin [-] Segment fbf95e16-e647-4e26-a424-acf10d3aa486 resource provider not found; error: Placement Client Error (4xx): {"errors": [{"status": 404, "title": "Not Found", "detail": "The resource could not be found.\n\n No resource provider with uuid fbf95e16-e647-4e26-a424-acf10d3aa486 found for delete ", "request_id": "req-4664223a-1f4d-4d15-8f3a-0bb799793844"}]} [pid: 7|app: 0|req: 571/1161] 10.0.0.72 () {32 vars in 725 bytes} [Wed Jun 10 11:39:29 2026] DELETE /v2.0/networks/f9baa1e6-4f46-49be-8ca6-b539615caf5c => generated 0 bytes in 385 msecs (HTTP/1.1 204) 3 headers in 131 bytes (1 switches on core 0)
2026-06-10 11:39:30.070 7 INFO neutron_taas.services.taas.taas_plugin [req-01cce4b5-f201-4c42-911c-54b07e0b5fa6 req-9a9b8607-2eaa-4894-891d-0abf45c2637e 0ef4dd8939544aa0b2f01232a9f52f1e 9039592f37cd4c2b88203d22808d430f - - default default] TaaS: Handle Delete Port: a85979df-5bc8-4235-a123-54f3318294d6
2026-06-10 11:39:30.074 7 INFO neutron_taas.services.taas.tap_mirror_plugin [req-01cce4b5-f201-4c42-911c-54b07e0b5fa6 req-9a9b8607-2eaa-4894-891d-0abf45c2637e 0ef4dd8939544aa0b2f01232a9f52f1e 9039592f37cd4c2b88203d22808d430f - - default default] Tap Mirror: Handle Delete Port: a85979df-5bc8-4235-a123-54f3318294d6
2026-06-10 11:39:30.194 8 INFO neutron.plugins.ml2.drivers.ovn.mech_driver.ovsdb.commands [None req-2b500a30-859b-433b-a62b-6f26176e78d2 - - - - - -] Schedule LRP lrp-7b0ad613-120f-4b48-9bac-4cff4975a97b on gateway a6ffd54c-63e1-417e-931a-838c8deeee5a with priority 1
2026-06-10 11:39:30.212 8 WARNING neutron.plugins.ml2.drivers.ovn.mech_driver.ovsdb.ovn_client [None req-68a586ff-23bf-47e9-a2ec-49640f27878f - - - - - -] No hosting information found for port 616c85aa-0499-462e-97f0-39d7b09ffbde: RuntimeError: No hosting information found for port 616c85aa-0499-462e-97f0-39d7b09ffbde
2026-06-10 11:39:30.255 7 INFO neutron.plugins.ml2.drivers.ovn.mech_driver.ovsdb.ovsdb_monitor [None req-906117cd-b672-4f62-8df9-38b47e4388cb - - - - - -] Router 2f729b6a-e257-4c08-b7da-f4da9c406759 is bound to host instance
2026-06-10 11:39:30.259 8 INFO neutron.plugins.ml2.drivers.ovn.mech_driver.mech_driver [None req-68a586ff-23bf-47e9-a2ec-49640f27878f - - - - - -] OVN reports status down for port: 14b9228e-5c4b-43cf-9415-20bf3f9fb10a
2026-06-10 11:39:30.347 7 INFO neutron.db.l3_db [req-01cce4b5-f201-4c42-911c-54b07e0b5fa6 req-9a9b8607-2eaa-4894-891d-0abf45c2637e 0ef4dd8939544aa0b2f01232a9f52f1e 9039592f37cd4c2b88203d22808d430f - - default default] Floating IP 4b2ce7b7-af0e-492a-9d21-6a6e593c5ff6 disassociated. External IP: 10.96.250.201, port: a85979df-5bc8-4235-a123-54f3318294d6.
2026-06-10 11:39:30.354 8 INFO neutron.db.ovn_revision_numbers_db [None req-8fd8585a-8152-4c2c-9125-f31e9f59fce4 2f1b4648ce0c4394bded245bf2bc1a3f 76a1df13c07c4e6084813254a78fde93 - - default default] Successfully bumped revision number for resource 7b0ad613-120f-4b48-9bac-4cff4975a97b (type: router_ports) to 1
2026-06-10 11:39:30.407 8 WARNING neutron.plugins.ml2.drivers.ovn.mech_driver.ovsdb.ovn_client [None req-68a586ff-23bf-47e9-a2ec-49640f27878f - - - - - -] Logical_Switch_Port %s host information not removed, the port state is up
2026-06-10 11:39:30.408 8 INFO neutron.plugins.ml2.drivers.ovn.mech_driver.mech_driver [None req-68a586ff-23bf-47e9-a2ec-49640f27878f - - - - - -] OVN reports status down for port: 7be253a0-cec0-474e-acb8-c9cfb3326d7e
2026-06-10 11:39:30.437 8 INFO neutron.plugins.ml2.drivers.ovn.mech_driver.mech_driver [None req-68a586ff-23bf-47e9-a2ec-49640f27878f - - - - - -] OVN reports status up for port: 14b9228e-5c4b-43cf-9415-20bf3f9fb10a
2026-06-10 11:39:30.472 8 INFO neutron.plugins.ml2.plugin [None req-68a586ff-23bf-47e9-a2ec-49640f27878f - - - - - -] Attempt 1 to provision port 14b9228e-5c4b-43cf-9415-20bf3f9fb10a
2026-06-10 11:39:30.497 8 INFO neutron.db.ovn_revision_numbers_db [None req-8fd8585a-8152-4c2c-9125-f31e9f59fce4 2f1b4648ce0c4394bded245bf2bc1a3f 76a1df13c07c4e6084813254a78fde93 - - default default] Successfully bumped revision number for resource 2f729b6a-e257-4c08-b7da-f4da9c406759 (type: routers) to 2 [pid: 8|app: 0|req: 591/1162] 10.0.0.72 () {34 vars in 668 bytes} [Wed Jun 10 11:39:28 2026] POST /v2.0/routers => generated 968 bytes in 1602 msecs (HTTP/1.1 201) 4 headers in 162 bytes (1 switches on core 0) /var/lib/openstack/lib/python3.12/site-packages/pycadf/identifier.py:70: UserWarning: Invalid uuid: neutron. To ensure interoperability, identifiers should be a valid uuid. warnings.warn(('Invalid uuid: %s. To ensure interoperability, ' [pid: 7|app: 0|req: 572/1163] 199.204.45.113 () {36 vars in 997 bytes} [Wed Jun 10 11:39:29 2026] DELETE /v2.0/ports/a85979df-5bc8-4235-a123-54f3318294d6 => generated 0 bytes in 731 msecs (HTTP/1.1 204) 3 headers in 131 bytes (1 switches on core 0) [pid: 7|app: 0|req: 573/1164] 10.0.0.88 () {34 vars in 989 bytes} [Wed Jun 10 11:39:30 2026] GET /v2.0/ports?device_id=fd077555-aaa3-4b41-9052-e3c1f6c57b17 => generated 12 bytes in 22 msecs (HTTP/1.1 200) 4 headers in 156 bytes (1 switches on core 0)
2026-06-10 11:39:30.754 7 INFO neutron.db.segments_db [None req-b335c94d-7d0f-48a7-b4aa-2af34bfcd5cc f8dd925edb18406c8eaa915643fa8ccd 834bb372534544c5a5588bd0aa7c185e - - default default] Added segment 1fe3704d-35b0-4739-a21d-af08483a9b29 of type geneve for network a1751c7a-6e3d-43e0-82c1-9c7a0bebb190
2026-06-10 11:39:30.927 7 INFO neutron.db.ovn_revision_numbers_db [None req-b335c94d-7d0f-48a7-b4aa-2af34bfcd5cc f8dd925edb18406c8eaa915643fa8ccd 834bb372534544c5a5588bd0aa7c185e - - default default] Successfully bumped revision number for resource a1751c7a-6e3d-43e0-82c1-9c7a0bebb190 (type: networks) to 1
2026-06-10 11:39:31.004 8 WARNING neutron.scheduler.dhcp_agent_scheduler [None req-e7af0448-4da8-47b8-93db-4e9826aef71a 1c91307dfba449d898d6e8a9646dba10 509dbb054035441ba3a86dbe8b2babcf - - default default] No more DHCP agents
2026-06-10 11:39:31.009 8 WARNING neutron.api.rpc.agentnotifiers.dhcp_rpc_agent_api [None req-e7af0448-4da8-47b8-93db-4e9826aef71a 1c91307dfba449d898d6e8a9646dba10 509dbb054035441ba3a86dbe8b2babcf - - default default] Unable to schedule network 2b9297cf-8e91-40af-b827-3a5d05697c1d: no agents available; will retry on subsequent port and subnet creation events.
2026-06-10 11:39:31.310 7 WARNING neutron.scheduler.dhcp_agent_scheduler [None req-b335c94d-7d0f-48a7-b4aa-2af34bfcd5cc f8dd925edb18406c8eaa915643fa8ccd 834bb372534544c5a5588bd0aa7c185e - - default default] No more DHCP agents
2026-06-10 11:39:31.315 7 WARNING neutron.api.rpc.agentnotifiers.dhcp_rpc_agent_api [None req-b335c94d-7d0f-48a7-b4aa-2af34bfcd5cc f8dd925edb18406c8eaa915643fa8ccd 834bb372534544c5a5588bd0aa7c185e - - default default] Unable to schedule network a1751c7a-6e3d-43e0-82c1-9c7a0bebb190: no agents available; will retry on subsequent port and subnet creation events.
2026-06-10 11:39:31.323 8 INFO neutron.db.ovn_revision_numbers_db [None req-68a586ff-23bf-47e9-a2ec-49640f27878f - - - - - -] Successfully bumped revision number for resource 14b9228e-5c4b-43cf-9415-20bf3f9fb10a (type: ports) to 2
2026-06-10 11:39:31.430 7 INFO neutron.plugins.ml2.drivers.ovn.mech_driver.mech_driver [None req-eb558cd8-e428-4442-837a-79981b77b3c2 - - - - - -] OVN reports status down for port: c19b71d6-3a98-4d7e-bffa-85a532347eef
2026-06-10 11:39:31.555 7 INFO neutron.notifiers.nova [-] Nova event matching ['req-44dfb3c2-9698-4a89-aa76-9aa290cb0ed3'] response: {'server_uuid': 'fd077555-aaa3-4b41-9052-e3c1f6c57b17', 'name': 'network-vif-deleted', 'tag': 'a85979df-5bc8-4235-a123-54f3318294d6', 'status': 'completed', 'code': 200}
2026-06-10 11:39:31.559 7 INFO neutron.db.ovn_revision_numbers_db [None req-b335c94d-7d0f-48a7-b4aa-2af34bfcd5cc f8dd925edb18406c8eaa915643fa8ccd 834bb372534544c5a5588bd0aa7c185e - - default default] Successfully bumped revision number for resource c19b71d6-3a98-4d7e-bffa-85a532347eef (type: ports) to 1 [pid: 7|app: 0|req: 574/1165] 10.0.0.72 () {34 vars in 669 bytes} [Wed Jun 10 11:39:30 2026] POST /v2.0/networks => generated 655 bytes in 1041 msecs (HTTP/1.1 201) 4 headers in 162 bytes (1 switches on core 0)
2026-06-10 11:39:31.822 7 INFO neutron.db.ovn_revision_numbers_db [None req-13f01e26-90e1-447e-8940-8317efb598e7 - - - - - -] Successfully bumped revision number for resource 7b0ad613-120f-4b48-9bac-4cff4975a97b (type: ports) to 4
2026-06-10 11:39:32.151 8 INFO neutron.db.ovn_revision_numbers_db [None req-e7af0448-4da8-47b8-93db-4e9826aef71a 1c91307dfba449d898d6e8a9646dba10 509dbb054035441ba3a86dbe8b2babcf - - default default] Successfully bumped revision number for resource 7a4d13ee-f38f-4f5a-9932-7baec25c2feb (type: floatingips) to 1
2026-06-10 11:39:32.153 8 INFO neutron.db.l3_db [None req-e7af0448-4da8-47b8-93db-4e9826aef71a 1c91307dfba449d898d6e8a9646dba10 509dbb054035441ba3a86dbe8b2babcf - - default default] Floating IP 7a4d13ee-f38f-4f5a-9932-7baec25c2feb associated. External IP: 10.96.250.212, port: de87d66a-0ca5-46ea-ba3c-e4ac5eaf33bc. [pid: 8|app: 0|req: 592/1166] 10.0.0.72 () {34 vars in 676 bytes} [Wed Jun 10 11:39:30 2026] POST /v2.0/floatingips => generated 842 bytes in 1685 msecs (HTTP/1.1 201) 4 headers in 162 bytes (1 switches on core 0)
2026-06-10 11:39:32.409 8 WARNING neutron.scheduler.dhcp_agent_scheduler [None req-f3cdd746-b0f5-4d31-a288-e76561b7d7a5 f8dd925edb18406c8eaa915643fa8ccd 834bb372534544c5a5588bd0aa7c185e - - default default] No more DHCP agents
2026-06-10 11:39:32.411 8 WARNING neutron.api.rpc.agentnotifiers.dhcp_rpc_agent_api [None req-f3cdd746-b0f5-4d31-a288-e76561b7d7a5 f8dd925edb18406c8eaa915643fa8ccd 834bb372534544c5a5588bd0aa7c185e - - default default] Unable to schedule network a1751c7a-6e3d-43e0-82c1-9c7a0bebb190: no agents available; will retry on subsequent port and subnet creation events.
2026-06-10 11:39:32.453 8 INFO neutron.db.ovn_revision_numbers_db [None req-f3cdd746-b0f5-4d31-a288-e76561b7d7a5 f8dd925edb18406c8eaa915643fa8ccd 834bb372534544c5a5588bd0aa7c185e - - default default] Successfully bumped revision number for resource a101845c-ec37-4e15-884d-5f3f9677b968 (type: subnets) to 0 [pid: 8|app: 0|req: 593/1167] 10.0.0.72 () {34 vars in 668 bytes} [Wed Jun 10 11:39:32 2026] POST /v2.0/subnets => generated 646 bytes in 264 msecs (HTTP/1.1 201) 4 headers in 162 bytes (1 switches on core 0) [pid: 8|app: 0|req: 594/1168] 10.0.0.88 () {34 vars in 989 bytes} [Wed Jun 10 11:39:32 2026] GET /v2.0/ports?device_id=fd077555-aaa3-4b41-9052-e3c1f6c57b17 => generated 12 bytes in 19 msecs (HTTP/1.1 200) 4 headers in 156 bytes (1 switches on core 0)
2026-06-10 11:39:32.506 7 INFO neutron.db.ovn_revision_numbers_db [None req-13f01e26-90e1-447e-8940-8317efb598e7 - - - - - -] Successfully bumped revision number for resource 7b0ad613-120f-4b48-9bac-4cff4975a97b (type: ports) to 5
2026-06-10 11:39:32.580 7 WARNING neutron.scheduler.dhcp_agent_scheduler [None req-e3fba544-56b6-4eec-83b1-80fbc26ebcd0 2f1b4648ce0c4394bded245bf2bc1a3f 76a1df13c07c4e6084813254a78fde93 - - default default] No more DHCP agents
2026-06-10 11:39:32.582 7 WARNING neutron.api.rpc.agentnotifiers.dhcp_rpc_agent_api [None req-e3fba544-56b6-4eec-83b1-80fbc26ebcd0 2f1b4648ce0c4394bded245bf2bc1a3f 76a1df13c07c4e6084813254a78fde93 - - default default] Unable to schedule network 98f3d925-8e0f-4763-8fe7-e50c6508d0bd: no agents available; will retry on subsequent port and subnet creation events.
2026-06-10 11:39:32.650 8 INFO neutron.db.ovn_revision_numbers_db [None req-45ec607a-99c5-4070-b80d-21a1d75bcdcb 1c91307dfba449d898d6e8a9646dba10 509dbb054035441ba3a86dbe8b2babcf - - default default] Successfully bumped revision number for resource 7a4d13ee-f38f-4f5a-9932-7baec25c2feb (type: floatingips) to 2
2026-06-10 11:39:32.698 8 INFO neutron.db.l3_db [None req-45ec607a-99c5-4070-b80d-21a1d75bcdcb 1c91307dfba449d898d6e8a9646dba10 509dbb054035441ba3a86dbe8b2babcf - - default default] Floating IP 7a4d13ee-f38f-4f5a-9932-7baec25c2feb disassociated. External IP: 10.96.250.212, port: de87d66a-0ca5-46ea-ba3c-e4ac5eaf33bc. [pid: 8|app: 0|req: 595/1169] 10.0.0.72 () {34 vars in 748 bytes} [Wed Jun 10 11:39:32 2026] PUT /v2.0/floatingips/7a4d13ee-f38f-4f5a-9932-7baec25c2feb => generated 554 bytes in 237 msecs (HTTP/1.1 200) 4 headers in 157 bytes (1 switches on core 0)
2026-06-10 11:39:32.776 7 INFO neutron.db.ovn_revision_numbers_db [None req-e3fba544-56b6-4eec-83b1-80fbc26ebcd0 2f1b4648ce0c4394bded245bf2bc1a3f 76a1df13c07c4e6084813254a78fde93 - - default default] Successfully bumped revision number for resource 18e586d6-cb33-49da-9c92-c00bd3524bf7 (type: ports) to 1
2026-06-10 11:39:33.007 8 WARNING neutron.scheduler.dhcp_agent_scheduler [None req-81a1619f-1cbc-49e4-ac0e-f3f4b6eda07b f8dd925edb18406c8eaa915643fa8ccd 834bb372534544c5a5588bd0aa7c185e - - default default] No more DHCP agents
2026-06-10 11:39:33.009 8 WARNING neutron.api.rpc.agentnotifiers.dhcp_rpc_agent_api [None req-81a1619f-1cbc-49e4-ac0e-f3f4b6eda07b f8dd925edb18406c8eaa915643fa8ccd 834bb372534544c5a5588bd0aa7c185e - - default default] Unable to schedule network a1751c7a-6e3d-43e0-82c1-9c7a0bebb190: no agents available; will retry on subsequent port and subnet creation events.
2026-06-10 11:39:33.137 7 INFO neutron.plugins.ml2.drivers.ovn.mech_driver.mech_driver [None req-eb558cd8-e428-4442-837a-79981b77b3c2 - - - - - -] OVN reports status down for port: 43dd3abf-d2fc-4681-b0be-340b077ffcec
2026-06-10 11:39:33.155 8 INFO neutron.db.ovn_revision_numbers_db [None req-81a1619f-1cbc-49e4-ac0e-f3f4b6eda07b f8dd925edb18406c8eaa915643fa8ccd 834bb372534544c5a5588bd0aa7c185e - - default default] Successfully bumped revision number for resource 43dd3abf-d2fc-4681-b0be-340b077ffcec (type: ports) to 1 [pid: 8|app: 0|req: 596/1170] 10.0.0.72 () {34 vars in 664 bytes} [Wed Jun 10 11:39:32 2026] POST /v2.0/ports => generated 928 bytes in 452 msecs (HTTP/1.1 201) 4 headers in 162 bytes (1 switches on core 0)
2026-06-10 11:39:33.285 8 INFO neutron_taas.services.taas.taas_plugin [None req-3c24f7e2-4174-4ef5-a734-5c8f86f7f8d2 1c91307dfba449d898d6e8a9646dba10 509dbb054035441ba3a86dbe8b2babcf - - default default] TaaS: Handle Delete Port: f847c8ab-0e70-4ef0-bd24-f9c3552738bd
2026-06-10 11:39:33.287 8 INFO neutron_taas.services.taas.tap_mirror_plugin [None req-3c24f7e2-4174-4ef5-a734-5c8f86f7f8d2 1c91307dfba449d898d6e8a9646dba10 509dbb054035441ba3a86dbe8b2babcf - - default default] Tap Mirror: Handle Delete Port: f847c8ab-0e70-4ef0-bd24-f9c3552738bd [pid: 8|app: 0|req: 597/1171] 10.0.0.72 () {32 vars in 731 bytes} [Wed Jun 10 11:39:33 2026] DELETE /v2.0/floatingips/7a4d13ee-f38f-4f5a-9932-7baec25c2feb => generated 0 bytes in 210 msecs (HTTP/1.1 204) 2 headers in 112 bytes (1 switches on core 0)
2026-06-10 11:39:33.546 7 WARNING neutron.scheduler.dhcp_agent_scheduler [None req-e3fba544-56b6-4eec-83b1-80fbc26ebcd0 2f1b4648ce0c4394bded245bf2bc1a3f 76a1df13c07c4e6084813254a78fde93 - - default default] No more DHCP agents
2026-06-10 11:39:33.547 7 WARNING neutron.api.rpc.agentnotifiers.dhcp_rpc_agent_api [None req-e3fba544-56b6-4eec-83b1-80fbc26ebcd0 2f1b4648ce0c4394bded245bf2bc1a3f 76a1df13c07c4e6084813254a78fde93 - - default default] Unable to schedule network 98f3d925-8e0f-4763-8fe7-e50c6508d0bd: no agents available; will retry on subsequent port and subnet creation events.
2026-06-10 11:39:33.602 8 INFO neutron_taas.services.taas.taas_plugin [None req-83a6d910-3c53-42f2-9671-557f564499dc f8dd925edb18406c8eaa915643fa8ccd 834bb372534544c5a5588bd0aa7c185e - - default default] TaaS: Handle Delete Port: 43dd3abf-d2fc-4681-b0be-340b077ffcec
2026-06-10 11:39:33.605 8 INFO neutron_taas.services.taas.tap_mirror_plugin [None req-83a6d910-3c53-42f2-9671-557f564499dc f8dd925edb18406c8eaa915643fa8ccd 834bb372534544c5a5588bd0aa7c185e - - default default] Tap Mirror: Handle Delete Port: 43dd3abf-d2fc-4681-b0be-340b077ffcec [pid: 8|app: 0|req: 598/1172] 10.0.0.72 () {32 vars in 719 bytes} [Wed Jun 10 11:39:33 2026] DELETE /v2.0/ports/43dd3abf-d2fc-4681-b0be-340b077ffcec => generated 0 bytes in 338 msecs (HTTP/1.1 204) 3 headers in 131 bytes (1 switches on core 0)
2026-06-10 11:39:33.985 7 INFO neutron.db.ovn_revision_numbers_db [None req-e3fba544-56b6-4eec-83b1-80fbc26ebcd0 2f1b4648ce0c4394bded245bf2bc1a3f 76a1df13c07c4e6084813254a78fde93 - - default default] Successfully bumped revision number for resource 18e586d6-cb33-49da-9c92-c00bd3524bf7 (type: router_ports) to 1 [pid: 7|app: 0|req: 575/1173] 10.0.0.72 () {34 vars in 782 bytes} [Wed Jun 10 11:39:31 2026] PUT /v2.0/routers/2f729b6a-e257-4c08-b7da-f4da9c406759/add_router_interface => generated 309 bytes in 2305 msecs (HTTP/1.1 200) 4 headers in 157 bytes (1 switches on core 0) [pid: 7|app: 0|req: 576/1174] 10.0.0.88 () {34 vars in 989 bytes} [Wed Jun 10 11:39:33 2026] GET /v2.0/ports?device_id=fd077555-aaa3-4b41-9052-e3c1f6c57b17 => generated 12 bytes in 27 msecs (HTTP/1.1 200) 4 headers in 156 bytes (1 switches on core 0)
2026-06-10 11:39:34.032 8 WARNING neutron.scheduler.dhcp_agent_scheduler [None req-deddd5d0-795d-4003-9425-3603c51a31ec 1c91307dfba449d898d6e8a9646dba10 509dbb054035441ba3a86dbe8b2babcf - - default default] No more DHCP agents
2026-06-10 11:39:34.041 8 WARNING neutron.api.rpc.agentnotifiers.dhcp_rpc_agent_api [None req-deddd5d0-795d-4003-9425-3603c51a31ec 1c91307dfba449d898d6e8a9646dba10 509dbb054035441ba3a86dbe8b2babcf - - default default] Unable to schedule network 2b9297cf-8e91-40af-b827-3a5d05697c1d: no agents available; will retry on subsequent port and subnet creation events.
2026-06-10 11:39:34.054 7 INFO neutron.pecan_wsgi.hooks.translation [None req-5c16aa90-01a7-4006-8a8d-fb5dff9ffe64 f8dd925edb18406c8eaa915643fa8ccd 834bb372534544c5a5588bd0aa7c185e - - default default] GET failed (client error): The resource could not be found. [pid: 7|app: 0|req: 577/1175] 10.0.0.72 () {32 vars in 716 bytes} [Wed Jun 10 11:39:34 2026] GET /v2.0/ports/43dd3abf-d2fc-4681-b0be-340b077ffcec => generated 132 bytes in 41 msecs (HTTP/1.1 404) 4 headers in 164 bytes (1 switches on core 0) [pid: 7|app: 0|req: 578/1176] 10.0.0.72 () {32 vars in 723 bytes} [Wed Jun 10 11:39:34 2026] DELETE /v2.0/subnets/a101845c-ec37-4e15-884d-5f3f9677b968 => generated 0 bytes in 226 msecs (HTTP/1.1 204) 3 headers in 131 bytes (1 switches on core 0)
2026-06-10 11:39:34.434 7 INFO neutron_taas.services.taas.taas_plugin [None req-8bec41ac-7722-4505-95ab-824a8e06bdad f8dd925edb18406c8eaa915643fa8ccd 834bb372534544c5a5588bd0aa7c185e - - default default] TaaS: Handle Delete Port: c19b71d6-3a98-4d7e-bffa-85a532347eef
2026-06-10 11:39:34.437 7 INFO neutron_taas.services.taas.tap_mirror_plugin [None req-8bec41ac-7722-4505-95ab-824a8e06bdad f8dd925edb18406c8eaa915643fa8ccd 834bb372534544c5a5588bd0aa7c185e - - default default] Tap Mirror: Handle Delete Port: c19b71d6-3a98-4d7e-bffa-85a532347eef
2026-06-10 11:39:34.640 7 INFO neutron.services.segments.plugin [-] Segment 1fe3704d-35b0-4739-a21d-af08483a9b29 resource provider aggregate not found
2026-06-10 11:39:34.645 7 INFO neutron.services.segments.plugin [-] Segment 1fe3704d-35b0-4739-a21d-af08483a9b29 resource provider aggregate not found
2026-06-10 11:39:34.660 7 INFO neutron.services.segments.plugin [-] Segment 1fe3704d-35b0-4739-a21d-af08483a9b29 resource provider not found; error: Placement Client Error (4xx): {"errors": [{"status": 404, "title": "Not Found", "detail": "The resource could not be found.\n\n No resource provider with uuid 1fe3704d-35b0-4739-a21d-af08483a9b29 found for delete ", "request_id": "req-6ec0daa3-4220-43f6-92f0-e9bd5a6eaaa6"}]}
2026-06-10 11:39:34.663 7 INFO neutron.services.segments.plugin [-] Segment 1fe3704d-35b0-4739-a21d-af08483a9b29 resource provider not found; error: Placement Client Error (4xx): {"errors": [{"status": 404, "title": "Not Found", "detail": "The resource could not be found.\n\n No resource provider with uuid 1fe3704d-35b0-4739-a21d-af08483a9b29 found for delete ", "request_id": "req-95498f14-0c17-403a-a849-b88447b0a7e0"}]} [pid: 7|app: 0|req: 579/1177] 10.0.0.72 () {32 vars in 725 bytes} [Wed Jun 10 11:39:34 2026] DELETE /v2.0/networks/a1751c7a-6e3d-43e0-82c1-9c7a0bebb190 => generated 0 bytes in 408 msecs (HTTP/1.1 204) 3 headers in 131 bytes (1 switches on core 0)
2026-06-10 11:39:34.879 7 INFO neutron.db.ovn_revision_numbers_db [None req-4113bf77-dd57-410f-9270-4d0eb59510a9 042e21bf4acf44f7a48b775d1ca412e9 4d8ab9bd4650484e8b81993b0719a87b - - default default] Successfully bumped revision number for resource 4fe0f55f-b8ca-436f-8a05-e31b6026e917 (type: security_groups) to 1
2026-06-10 11:39:34.894 7 INFO neutron.db.ovn_revision_numbers_db [None req-4113bf77-dd57-410f-9270-4d0eb59510a9 042e21bf4acf44f7a48b775d1ca412e9 4d8ab9bd4650484e8b81993b0719a87b - - default default] Successfully bumped revision number for resource c39006ff-c56f-40d9-8066-305eb54e8042 (type: security_group_rules) to 0
2026-06-10 11:39:34.909 7 INFO neutron.db.ovn_revision_numbers_db [None req-4113bf77-dd57-410f-9270-4d0eb59510a9 042e21bf4acf44f7a48b775d1ca412e9 4d8ab9bd4650484e8b81993b0719a87b - - default default] Successfully bumped revision number for resource fef00da1-648d-4f94-a217-056773cab4f3 (type: security_group_rules) to 0 [pid: 7|app: 0|req: 580/1178] 10.0.0.72 () {34 vars in 684 bytes} [Wed Jun 10 11:39:34 2026] POST /v2.0/security-groups => generated 1661 bytes in 252 msecs (HTTP/1.1 201) 4 headers in 163 bytes (1 switches on core 0) /var/lib/openstack/lib/python3.12/site-packages/pycadf/identifier.py:70: UserWarning: Invalid uuid: neutron. To ensure interoperability, identifiers should be a valid uuid. warnings.warn(('Invalid uuid: %s. To ensure interoperability, '
2026-06-10 11:39:34.980 8 INFO neutron.db.ovn_revision_numbers_db [None req-deddd5d0-795d-4003-9425-3603c51a31ec 1c91307dfba449d898d6e8a9646dba10 509dbb054035441ba3a86dbe8b2babcf - - default default] Successfully bumped revision number for resource 78d1fb32-9056-4769-91c9-6c37b0b0b350 (type: floatingips) to 1
2026-06-10 11:39:34.981 8 INFO neutron.db.l3_db [None req-deddd5d0-795d-4003-9425-3603c51a31ec 1c91307dfba449d898d6e8a9646dba10 509dbb054035441ba3a86dbe8b2babcf - - default default] Floating IP 78d1fb32-9056-4769-91c9-6c37b0b0b350 associated. External IP: 10.96.250.211, port: bbf0d9d7-9d01-48c2-bbeb-7e06934a93b6. [pid: 8|app: 0|req: 599/1179] 10.0.0.72 () {34 vars in 676 bytes} [Wed Jun 10 11:39:33 2026] POST /v2.0/floatingips => generated 843 bytes in 1296 msecs (HTTP/1.1 201) 4 headers in 162 bytes (1 switches on core 0)
2026-06-10 11:39:35.197 8 INFO neutron.db.ovn_revision_numbers_db [None req-cf7cb5e8-6bf9-4ad1-b369-9f4836f8702b 042e21bf4acf44f7a48b775d1ca412e9 4d8ab9bd4650484e8b81993b0719a87b - - default default] Successfully bumped revision number for resource 489aef10-de28-4eb4-bee4-c045c46fc863 (type: security_group_rules) to 0 [pid: 8|app: 0|req: 600/1180] 10.0.0.72 () {34 vars in 694 bytes} [Wed Jun 10 11:39:35 2026] POST /v2.0/security-group-rules => generated 597 bytes in 200 msecs (HTTP/1.1 201) 4 headers in 162 bytes (1 switches on core 0)
2026-06-10 11:39:35.264 7 WARNING neutron.scheduler.dhcp_agent_scheduler [None req-b103ed97-b7ab-42b5-bf85-51c4fb3081d8 f8dd925edb18406c8eaa915643fa8ccd 834bb372534544c5a5588bd0aa7c185e - - default default] No more DHCP agents
2026-06-10 11:39:35.265 7 WARNING neutron.api.rpc.agentnotifiers.dhcp_rpc_agent_api [None req-b103ed97-b7ab-42b5-bf85-51c4fb3081d8 f8dd925edb18406c8eaa915643fa8ccd 834bb372534544c5a5588bd0aa7c185e - - default default] Unable to schedule network 2146fb13-4790-4a26-a16a-f60c65d424d2: no agents available; will retry on subsequent port and subnet creation events. [pid: 8|app: 0|req: 601/1181] 10.0.0.72 () {32 vars in 728 bytes} [Wed Jun 10 11:39:35 2026] GET /v2.0/floatingips/78d1fb32-9056-4769-91c9-6c37b0b0b350 => generated 845 bytes in 39 msecs (HTTP/1.1 200) 4 headers in 157 bytes (1 switches on core 0)
2026-06-10 11:39:35.325 7 INFO neutron.plugins.ml2.drivers.ovn.mech_driver.mech_driver [None req-eb558cd8-e428-4442-837a-79981b77b3c2 - - - - - -] OVN reports status down for port: 7e7bc9dd-cdb4-493a-9467-b349f473cff5
2026-06-10 11:39:35.390 7 INFO neutron.db.ovn_revision_numbers_db [None req-b103ed97-b7ab-42b5-bf85-51c4fb3081d8 f8dd925edb18406c8eaa915643fa8ccd 834bb372534544c5a5588bd0aa7c185e - - default default] Successfully bumped revision number for resource 7e7bc9dd-cdb4-493a-9467-b349f473cff5 (type: ports) to 1 [pid: 8|app: 0|req: 602/1182] 10.0.0.72 () {32 vars in 739 bytes} [Wed Jun 10 11:39:35 2026] DELETE /v2.0/security-groups/a32b3283-cc56-4412-b984-6d1b5bfa4c1f => generated 0 bytes in 142 msecs (HTTP/1.1 204) 2 headers in 112 bytes (1 switches on core 0) [pid: 7|app: 0|req: 581/1183] 10.0.0.72 () {34 vars in 664 bytes} [Wed Jun 10 11:39:34 2026] POST /v2.0/ports => generated 779 bytes in 532 msecs (HTTP/1.1 201) 4 headers in 162 bytes (1 switches on core 0) /var/lib/openstack/lib/python3.12/site-packages/pycadf/identifier.py:70: UserWarning: Invalid uuid: neutron. To ensure interoperability, identifiers should be a valid uuid. warnings.warn(('Invalid uuid: %s. To ensure interoperability, '
2026-06-10 11:39:35.542 8 INFO neutron.db.ovn_revision_numbers_db [None req-85d25610-4d22-4b56-90a3-4c122388861a 042e21bf4acf44f7a48b775d1ca412e9 4d8ab9bd4650484e8b81993b0719a87b - - default default] Successfully bumped revision number for resource 6f8ae4f7-5936-4796-b5c2-3c2b3146a6a4 (type: security_group_rules) to 0 [pid: 8|app: 0|req: 603/1184] 10.0.0.72 () {34 vars in 694 bytes} [Wed Jun 10 11:39:35 2026] POST /v2.0/security-group-rules => generated 602 bytes in 158 msecs (HTTP/1.1 201) 4 headers in 162 bytes (1 switches on core 0) [pid: 7|app: 0|req: 582/1185] 10.0.0.72 () {32 vars in 654 bytes} [Wed Jun 10 11:39:35 2026] GET /v2.0/floatingips => generated 848 bytes in 81 msecs (HTTP/1.1 200) 4 headers in 157 bytes (1 switches on core 0)
2026-06-10 11:39:35.587 8 INFO neutron.api.v2.resource [None req-0e91e364-1694-486e-a052-32b69cfa5091 0ef4dd8939544aa0b2f01232a9f52f1e 9039592f37cd4c2b88203d22808d430f - - default default] show failed (client error): The resource could not be found. [pid: 8|app: 0|req: 604/1186] 10.0.0.72 () {32 vars in 736 bytes} [Wed Jun 10 11:39:35 2026] GET /v2.0/security-groups/a32b3283-cc56-4412-b984-6d1b5bfa4c1f => generated 146 bytes in 11 msecs (HTTP/1.1 404) 4 headers in 164 bytes (1 switches on core 0)
2026-06-10 11:39:35.803 7 INFO neutron.plugins.ml2.drivers.ovn.mech_driver.mech_driver [None req-eb558cd8-e428-4442-837a-79981b77b3c2 - - - - - -] OVN reports status down for port: 7e7bc9dd-cdb4-493a-9467-b349f473cff5
2026-06-10 11:39:35.821 8 WARNING neutron.scheduler.dhcp_agent_scheduler [None req-c1a23859-4505-4c63-90fb-3501c4113796 042e21bf4acf44f7a48b775d1ca412e9 4d8ab9bd4650484e8b81993b0719a87b - - default default] No more DHCP agents
2026-06-10 11:39:35.822 8 WARNING neutron.api.rpc.agentnotifiers.dhcp_rpc_agent_api [None req-c1a23859-4505-4c63-90fb-3501c4113796 042e21bf4acf44f7a48b775d1ca412e9 4d8ab9bd4650484e8b81993b0719a87b - - default default] Unable to schedule network 2b9297cf-8e91-40af-b827-3a5d05697c1d: no agents available; will retry on subsequent port and subnet creation events.
2026-06-10 11:39:35.860 7 INFO neutron.db.ovn_revision_numbers_db [None req-a8ba9173-d160-4d84-b0a7-ef79200a8a5d f8dd925edb18406c8eaa915643fa8ccd 834bb372534544c5a5588bd0aa7c185e - - default default] Successfully bumped revision number for resource 7e7bc9dd-cdb4-493a-9467-b349f473cff5 (type: ports) to 2 [pid: 7|app: 0|req: 583/1187] 10.0.0.72 () {34 vars in 736 bytes} [Wed Jun 10 11:39:35 2026] PUT /v2.0/ports/7e7bc9dd-cdb4-493a-9467-b349f473cff5 => generated 752 bytes in 317 msecs (HTTP/1.1 200) 4 headers in 157 bytes (1 switches on core 0) /var/lib/openstack/lib/python3.12/site-packages/pycadf/identifier.py:70: UserWarning: Invalid uuid: neutron. To ensure interoperability, identifiers should be a valid uuid. warnings.warn(('Invalid uuid: %s. To ensure interoperability, '
2026-06-10 11:39:36.520 7 INFO neutron.db.ovn_revision_numbers_db [None req-057dc179-576d-44c9-97be-86de2f728f22 1c91307dfba449d898d6e8a9646dba10 509dbb054035441ba3a86dbe8b2babcf - - default default] Successfully bumped revision number for resource 78d1fb32-9056-4769-91c9-6c37b0b0b350 (type: floatingips) to 2
2026-06-10 11:39:36.573 8 WARNING neutron.plugins.ml2.drivers.ovn.mech_driver.ovsdb.ovn_client [None req-616dc138-0af5-4422-b842-25967c192955 - - - - - -] No hosting information found for port 14b9228e-5c4b-43cf-9415-20bf3f9fb10a: RuntimeError: No hosting information found for port 14b9228e-5c4b-43cf-9415-20bf3f9fb10a
2026-06-10 11:39:36.623 7 INFO neutron.db.l3_db [None req-057dc179-576d-44c9-97be-86de2f728f22 1c91307dfba449d898d6e8a9646dba10 509dbb054035441ba3a86dbe8b2babcf - - default default] Floating IP 78d1fb32-9056-4769-91c9-6c37b0b0b350 associated. External IP: 10.96.250.211, port: bbf0d9d7-9d01-48c2-bbeb-7e06934a93b6. [pid: 7|app: 0|req: 584/1188] 10.0.0.72 () {34 vars in 748 bytes} [Wed Jun 10 11:39:35 2026] PUT /v2.0/floatingips/78d1fb32-9056-4769-91c9-6c37b0b0b350 => generated 844 bytes in 781 msecs (HTTP/1.1 200) 4 headers in 157 bytes (1 switches on core 0) /var/lib/openstack/lib/python3.12/site-packages/pycadf/identifier.py:70: UserWarning: Invalid uuid: neutron. To ensure interoperability, identifiers should be a valid uuid. warnings.warn(('Invalid uuid: %s. To ensure interoperability, '
2026-06-10 11:39:36.703 8 INFO neutron.db.ovn_revision_numbers_db [None req-616dc138-0af5-4422-b842-25967c192955 - - - - - -] Successfully bumped revision number for resource 14b9228e-5c4b-43cf-9415-20bf3f9fb10a (type: router_ports) to 2
2026-06-10 11:39:36.703 8 INFO neutron.plugins.ml2.drivers.ovn.mech_driver.mech_driver [None req-616dc138-0af5-4422-b842-25967c192955 - - - - - -] OVN reports status down for port: bbf0d9d7-9d01-48c2-bbeb-7e06934a93b6 [pid: 8|app: 0|req: 605/1189] 10.0.0.72 () {34 vars in 675 bytes} [Wed Jun 10 11:39:35 2026] POST /v2.0/floatingips => generated 552 bytes in 1190 msecs (HTTP/1.1 201) 4 headers in 162 bytes (1 switches on core 0)
2026-06-10 11:39:36.782 7 INFO neutron_taas.services.taas.taas_plugin [None req-865f1476-8e24-445c-bc49-bbdcb9d0e047 0ef4dd8939544aa0b2f01232a9f52f1e 9039592f37cd4c2b88203d22808d430f - - default default] TaaS: Handle Delete Port: 742ab848-5f54-44f4-abab-e5746a895d3b
2026-06-10 11:39:36.785 7 INFO neutron_taas.services.taas.tap_mirror_plugin [None req-865f1476-8e24-445c-bc49-bbdcb9d0e047 0ef4dd8939544aa0b2f01232a9f52f1e 9039592f37cd4c2b88203d22808d430f - - default default] Tap Mirror: Handle Delete Port: 742ab848-5f54-44f4-abab-e5746a895d3b
2026-06-10 11:39:36.816 8 INFO neutron.plugins.ml2.drivers.ovn.mech_driver.mech_driver [None req-616dc138-0af5-4422-b842-25967c192955 - - - - - -] OVN reports status down for port: 7b0ad613-120f-4b48-9bac-4cff4975a97b [pid: 7|app: 0|req: 585/1190] 10.0.0.72 () {32 vars in 731 bytes} [Wed Jun 10 11:39:36 2026] DELETE /v2.0/floatingips/4b2ce7b7-af0e-492a-9d21-6a6e593c5ff6 => generated 0 bytes in 309 msecs (HTTP/1.1 204) 2 headers in 112 bytes (1 switches on core 0)
2026-06-10 11:39:37.088 8 INFO neutron_taas.services.taas.taas_plugin [None req-ba5349b0-f063-4042-934a-3ed4e3306f97 f8dd925edb18406c8eaa915643fa8ccd 834bb372534544c5a5588bd0aa7c185e - - default default] TaaS: Handle Delete Port: 7e7bc9dd-cdb4-493a-9467-b349f473cff5
2026-06-10 11:39:37.097 8 INFO neutron_taas.services.taas.tap_mirror_plugin [None req-ba5349b0-f063-4042-934a-3ed4e3306f97 f8dd925edb18406c8eaa915643fa8ccd 834bb372534544c5a5588bd0aa7c185e - - default default] Tap Mirror: Handle Delete Port: 7e7bc9dd-cdb4-493a-9467-b349f473cff5
