2026-06-10 11:40:13.376 8 INFO neutron_taas.services.taas.taas_plugin [None req-cca694ac-1ca2-4128-baf4-b38f630e82a6 a2d43e48c5a7472ab3b56263e94b16fb b18a37c538a647f28f72af8d455d47dc - - default default] TaaS: Handle Delete Port: 96d8a6cf-d46a-4855-b644-935f6c3f9b4a
2026-06-10 11:40:13.379 8 INFO neutron_taas.services.taas.tap_mirror_plugin [None req-cca694ac-1ca2-4128-baf4-b38f630e82a6 a2d43e48c5a7472ab3b56263e94b16fb b18a37c538a647f28f72af8d455d47dc - - default default] Tap Mirror: Handle Delete Port: 96d8a6cf-d46a-4855-b644-935f6c3f9b4a
2026-06-10 11:40:13.423 7 INFO neutron.db.ovn_revision_numbers_db [None req-3183d11e-3ba1-4b67-86a1-11b628d51280 9986a44232a44ea3854655914842db63 bda526bcb2bb4f5f837fb23af100c0fa - - default default] Successfully bumped revision number for resource d2a7b90b-8232-45ba-8c41-5546ec78954c (type: ports) to 1 [pid: 7|app: 0|req: 724/1455] 10.0.0.72 () {34 vars in 669 bytes} [Wed Jun 10 11:40:12 2026] POST /v2.0/networks => generated 649 bytes in 950 msecs (HTTP/1.1 201) 4 headers in 162 bytes (1 switches on core 0) [pid: 7|app: 0|req: 725/1456] 199.204.45.113 () {34 vars in 1112 bytes} [Wed Jun 10 11:40:13 2026] GET /v2.0/networks/98f3d925-8e0f-4763-8fe7-e50c6508d0bd?fields=provider%3Aphysical_network&fields=provider%3Anetwork_type => generated 79 bytes in 41 msecs (HTTP/1.1 200) 4 headers in 156 bytes (1 switches on core 0) [pid: 7|app: 0|req: 726/1457] 10.0.0.88 () {34 vars in 989 bytes} [Wed Jun 10 11:40:13 2026] GET /v2.0/ports?device_id=cd480b11-e353-4453-bfba-5204468a2569 => generated 975 bytes in 37 msecs (HTTP/1.1 200) 4 headers in 157 bytes (1 switches on core 0) [pid: 8|app: 0|req: 732/1458] 10.0.0.72 () {32 vars in 725 bytes} [Wed Jun 10 11:40:13 2026] DELETE /v2.0/networks/5bb955b1-a388-41a8-bf76-6795a83f7682 => generated 0 bytes in 339 msecs (HTTP/1.1 204) 3 headers in 131 bytes (1 switches on core 0) [pid: 8|app: 0|req: 733/1459] 10.0.0.88 () {34 vars in 1039 bytes} [Wed Jun 10 11:40:13 2026] GET /v2.0/security-groups?id=4fe0f55f-b8ca-436f-8a05-e31b6026e917&fields=id&fields=name => generated 114 bytes in 37 msecs (HTTP/1.1 200) 4 headers in 157 bytes (1 switches on core 0)
2026-06-10 11:40:13.661 7 INFO neutron.db.segments_db [None req-9d89a864-a3ff-492f-b4f5-3600077e4815 9986a44232a44ea3854655914842db63 bda526bcb2bb4f5f837fb23af100c0fa - - default default] Added segment 5e48df77-684f-497a-941d-45862f5b44cc of type geneve for network 1b33ad0b-33ce-444d-93f4-f7d811aec443
2026-06-10 11:40:13.756 7 INFO neutron.db.ovn_revision_numbers_db [None req-9d89a864-a3ff-492f-b4f5-3600077e4815 9986a44232a44ea3854655914842db63 bda526bcb2bb4f5f837fb23af100c0fa - - default default] Successfully bumped revision number for resource 1b33ad0b-33ce-444d-93f4-f7d811aec443 (type: networks) to 1
2026-06-10 11:40:13.938 7 WARNING neutron.scheduler.dhcp_agent_scheduler [None req-9d89a864-a3ff-492f-b4f5-3600077e4815 9986a44232a44ea3854655914842db63 bda526bcb2bb4f5f837fb23af100c0fa - - default default] No more DHCP agents
2026-06-10 11:40:13.939 7 WARNING neutron.api.rpc.agentnotifiers.dhcp_rpc_agent_api [None req-9d89a864-a3ff-492f-b4f5-3600077e4815 9986a44232a44ea3854655914842db63 bda526bcb2bb4f5f837fb23af100c0fa - - default default] Unable to schedule network 1b33ad0b-33ce-444d-93f4-f7d811aec443: no agents available; will retry on subsequent port and subnet creation events.
2026-06-10 11:40:13.983 7 INFO neutron.plugins.ml2.drivers.ovn.mech_driver.mech_driver [None req-1b18ed6b-28a5-489f-9d42-552cfc2ec8d6 - - - - - -] OVN reports status down for port: 11b1a20f-bbf7-41fa-b63a-162549c1e4f6
2026-06-10 11:40:14.043 7 INFO neutron.db.ovn_revision_numbers_db [None req-9d89a864-a3ff-492f-b4f5-3600077e4815 9986a44232a44ea3854655914842db63 bda526bcb2bb4f5f837fb23af100c0fa - - default default] Successfully bumped revision number for resource 11b1a20f-bbf7-41fa-b63a-162549c1e4f6 (type: ports) to 1 [pid: 7|app: 0|req: 727/1460] 10.0.0.72 () {34 vars in 669 bytes} [Wed Jun 10 11:40:13 2026] POST /v2.0/networks => generated 647 bytes in 534 msecs (HTTP/1.1 201) 4 headers in 162 bytes (1 switches on core 0) [pid: 8|app: 0|req: 734/1461] 10.0.0.72 () {32 vars in 773 bytes} [Wed Jun 10 11:40:14 2026] GET /v2.0/security-groups?tenant_id=b18a37c538a647f28f72af8d455d47dc&name=default => generated 2925 bytes in 153 msecs (HTTP/1.1 200) 4 headers in 158 bytes (1 switches on core 0)
2026-06-10 11:40:14.339 7 WARNING neutron.scheduler.dhcp_agent_scheduler [None req-39d39d3d-05a4-4c92-b9fe-d25e3cd5f05b 9986a44232a44ea3854655914842db63 bda526bcb2bb4f5f837fb23af100c0fa - - default default] No more DHCP agents
2026-06-10 11:40:14.341 7 WARNING neutron.api.rpc.agentnotifiers.dhcp_rpc_agent_api [None req-39d39d3d-05a4-4c92-b9fe-d25e3cd5f05b 9986a44232a44ea3854655914842db63 bda526bcb2bb4f5f837fb23af100c0fa - - default default] Unable to schedule network fff5615b-981d-48f8-b6b1-c206109eef5d: no agents available; will retry on subsequent port and subnet creation events.
2026-06-10 11:40:14.457 8 INFO neutron.services.segments.plugin [-] Segment ca543941-94ef-4143-840b-f84271faf651 resource provider aggregate not found
2026-06-10 11:40:14.462 8 INFO neutron.services.segments.plugin [-] Segment ca543941-94ef-4143-840b-f84271faf651 resource provider aggregate not found
2026-06-10 11:40:14.476 8 INFO neutron.services.segments.plugin [-] Segment ca543941-94ef-4143-840b-f84271faf651 resource provider not found; error: Placement Client Error (4xx): {"errors": [{"status": 404, "title": "Not Found", "detail": "The resource could not be found.\n\n No resource provider with uuid ca543941-94ef-4143-840b-f84271faf651 found for delete ", "request_id": "req-64dfb998-c731-4062-b9d9-bbb8990a9397"}]}
2026-06-10 11:40:14.479 8 INFO neutron.services.segments.plugin [-] Segment ca543941-94ef-4143-840b-f84271faf651 resource provider not found; error: Placement Client Error (4xx): {"errors": [{"status": 404, "title": "Not Found", "detail": "The resource could not be found.\n\n No resource provider with uuid ca543941-94ef-4143-840b-f84271faf651 found for delete ", "request_id": "req-08b8bd00-b64a-4e13-a55a-39ebafbaa892"}]}
2026-06-10 11:40:14.492 8 INFO neutron.services.segments.plugin [-] Segment 672689cc-8136-48ef-a532-24ab775a0776 resource provider aggregate not found [pid: 8|app: 0|req: 735/1462] 10.0.0.72 () {32 vars in 739 bytes} [Wed Jun 10 11:40:14 2026] DELETE /v2.0/security-groups/6b1f3771-8b58-4a3f-9c1f-0e0c038d56e7 => generated 0 bytes in 269 msecs (HTTP/1.1 204) 2 headers in 112 bytes (1 switches on core 0)
2026-06-10 11:40:14.501 8 INFO neutron.services.segments.plugin [-] Segment 672689cc-8136-48ef-a532-24ab775a0776 resource provider aggregate not found
2026-06-10 11:40:14.512 8 INFO neutron.services.segments.plugin [-] Segment 672689cc-8136-48ef-a532-24ab775a0776 resource provider not found; error: Placement Client Error (4xx): {"errors": [{"status": 404, "title": "Not Found", "detail": "The resource could not be found.\n\n No resource provider with uuid 672689cc-8136-48ef-a532-24ab775a0776 found for delete ", "request_id": "req-1f9c1f9f-a4e2-445d-9bf2-82c7e4f3415e"}]}
2026-06-10 11:40:14.522 8 INFO neutron.services.segments.plugin [-] Segment 672689cc-8136-48ef-a532-24ab775a0776 resource provider not found; error: Placement Client Error (4xx): {"errors": [{"status": 404, "title": "Not Found", "detail": "The resource could not be found.\n\n No resource provider with uuid 672689cc-8136-48ef-a532-24ab775a0776 found for delete ", "request_id": "req-45a95024-dbf9-4e00-8357-6f28f385661f"}]}
2026-06-10 11:40:14.528 8 INFO neutron.services.segments.plugin [-] Segment 17dad135-566a-4006-a7c9-88c8fd70e662 resource provider aggregate not found
2026-06-10 11:40:14.534 8 INFO neutron.services.segments.plugin [-] Segment 17dad135-566a-4006-a7c9-88c8fd70e662 resource provider aggregate not found
2026-06-10 11:40:14.543 8 INFO neutron.services.segments.plugin [-] Segment 17dad135-566a-4006-a7c9-88c8fd70e662 resource provider not found; error: Placement Client Error (4xx): {"errors": [{"status": 404, "title": "Not Found", "detail": "The resource could not be found.\n\n No resource provider with uuid 17dad135-566a-4006-a7c9-88c8fd70e662 found for delete ", "request_id": "req-8614f3ff-70f5-46b9-87da-7dfea2440abe"}]}
2026-06-10 11:40:14.546 8 INFO neutron.services.segments.plugin [-] Segment 17dad135-566a-4006-a7c9-88c8fd70e662 resource provider not found; error: Placement Client Error (4xx): {"errors": [{"status": 404, "title": "Not Found", "detail": "The resource could not be found.\n\n No resource provider with uuid 17dad135-566a-4006-a7c9-88c8fd70e662 found for delete ", "request_id": "req-79fe5799-cfdb-445d-bfde-6f2b95468694"}]} [pid: 8|app: 0|req: 736/1463] 10.0.0.88 () {34 vars in 989 bytes} [Wed Jun 10 11:40:14 2026] GET /v2.0/ports?device_id=cd480b11-e353-4453-bfba-5204468a2569 => generated 975 bytes in 82 msecs (HTTP/1.1 200) 4 headers in 157 bytes (1 switches on core 0)
2026-06-10 11:40:14.764 7 INFO neutron.db.ovn_revision_numbers_db [None req-af647408-474c-4467-b52f-1b2ebcc82f52 - - - - - -] Successfully bumped revision number for resource d2a7b90b-8232-45ba-8c41-5546ec78954c (type: ports) to 2
2026-06-10 11:40:14.797 7 INFO neutron.db.ovn_revision_numbers_db [None req-af647408-474c-4467-b52f-1b2ebcc82f52 - - - - - -] Successfully bumped revision number for resource fb1968d3-e7d6-4e79-b50a-c6513122a473 (type: subnets) to 0 [pid: 8|app: 0|req: 737/1464] 10.0.0.88 () {34 vars in 1039 bytes} [Wed Jun 10 11:40:14 2026] GET /v2.0/security-groups?id=4fe0f55f-b8ca-436f-8a05-e31b6026e917&fields=id&fields=name => generated 114 bytes in 26 msecs (HTTP/1.1 200) 4 headers in 157 bytes (1 switches on core 0) [pid: 7|app: 0|req: 728/1465] 10.0.0.72 () {34 vars in 668 bytes} [Wed Jun 10 11:40:14 2026] POST /v2.0/subnets => generated 626 bytes in 704 msecs (HTTP/1.1 201) 4 headers in 162 bytes (1 switches on core 0)
2026-06-10 11:40:15.002 8 WARNING neutron.scheduler.dhcp_agent_scheduler [None req-f1539aec-92f4-4885-81aa-bdbf8111f4cf 9986a44232a44ea3854655914842db63 bda526bcb2bb4f5f837fb23af100c0fa - - default default] No more DHCP agents
2026-06-10 11:40:15.004 8 WARNING neutron.api.rpc.agentnotifiers.dhcp_rpc_agent_api [None req-f1539aec-92f4-4885-81aa-bdbf8111f4cf 9986a44232a44ea3854655914842db63 bda526bcb2bb4f5f837fb23af100c0fa - - default default] Unable to schedule network 1b33ad0b-33ce-444d-93f4-f7d811aec443: no agents available; will retry on subsequent port and subnet creation events.
2026-06-10 11:40:15.464 8 INFO neutron.db.ovn_revision_numbers_db [None req-fb555f30-5087-40d2-b5c0-c641f5d78f85 - - - - - -] Successfully bumped revision number for resource 11b1a20f-bbf7-41fa-b63a-162549c1e4f6 (type: ports) to 2
2026-06-10 11:40:15.493 8 INFO neutron.db.ovn_revision_numbers_db [None req-fb555f30-5087-40d2-b5c0-c641f5d78f85 - - - - - -] Successfully bumped revision number for resource b438ddde-5514-44c3-9c90-c98a7107c370 (type: subnets) to 0 [pid: 8|app: 0|req: 738/1466] 10.0.0.72 () {34 vars in 668 bytes} [Wed Jun 10 11:40:14 2026] POST /v2.0/subnets => generated 626 bytes in 687 msecs (HTTP/1.1 201) 4 headers in 162 bytes (1 switches on core 0)
2026-06-10 11:40:15.655 7 INFO neutron.db.ovn_revision_numbers_db [None req-4744c28e-5071-4b2b-846b-eee179419591 9986a44232a44ea3854655914842db63 bda526bcb2bb4f5f837fb23af100c0fa - - default default] Successfully bumped revision number for resource 0c9b1a3d-398a-4a3d-9101-4587feb35417 (type: routers) to 1 [pid: 7|app: 0|req: 729/1467] 10.0.0.72 () {34 vars in 668 bytes} [Wed Jun 10 11:40:15 2026] POST /v2.0/routers => generated 603 bytes in 179 msecs (HTTP/1.1 201) 4 headers in 162 bytes (1 switches on core 0)
2026-06-10 11:40:15.710 7 INFO neutron.plugins.ml2.drivers.ovn.mech_driver.mech_driver [None req-1b18ed6b-28a5-489f-9d42-552cfc2ec8d6 - - - - - -] OVN reports status down for port: 087ced24-6f47-412f-a198-81451778b58e
2026-06-10 11:40:15.887 7 INFO neutron.notifiers.nova [-] Nova event matching ['req-3cd2ba92-9591-4a75-a761-cd6019e29238'] response: {'server_uuid': 'cd480b11-e353-4453-bfba-5204468a2569', 'name': 'network-vif-unplugged', 'status': 'completed', 'tag': '087ced24-6f47-412f-a198-81451778b58e', 'code': 200} [pid: 7|app: 0|req: 730/1468] 10.0.0.88 () {34 vars in 989 bytes} [Wed Jun 10 11:40:15 2026] GET /v2.0/ports?device_id=cd480b11-e353-4453-bfba-5204468a2569 => generated 973 bytes in 161 msecs (HTTP/1.1 200) 4 headers in 157 bytes (1 switches on core 0)
2026-06-10 11:40:16.073 8 WARNING neutron.scheduler.dhcp_agent_scheduler [None req-d54e8acb-4a3d-4466-838f-93aa842cbdaa 9986a44232a44ea3854655914842db63 bda526bcb2bb4f5f837fb23af100c0fa - - default default] No more DHCP agents
2026-06-10 11:40:16.077 8 WARNING neutron.api.rpc.agentnotifiers.dhcp_rpc_agent_api [None req-d54e8acb-4a3d-4466-838f-93aa842cbdaa 9986a44232a44ea3854655914842db63 bda526bcb2bb4f5f837fb23af100c0fa - - default default] Unable to schedule network fff5615b-981d-48f8-b6b1-c206109eef5d: no agents available; will retry on subsequent port and subnet creation events. [pid: 7|app: 0|req: 731/1469] 10.0.0.88 () {34 vars in 1039 bytes} [Wed Jun 10 11:40:16 2026] GET /v2.0/security-groups?id=4fe0f55f-b8ca-436f-8a05-e31b6026e917&fields=id&fields=name => generated 114 bytes in 54 msecs (HTTP/1.1 200) 4 headers in 157 bytes (1 switches on core 0)
2026-06-10 11:40:16.100 7 INFO neutron.db.ovn_revision_numbers_db [None req-1b18ed6b-28a5-489f-9d42-552cfc2ec8d6 - - - - - -] Successfully bumped revision number for resource 087ced24-6f47-412f-a198-81451778b58e (type: ports) to 6
2026-06-10 11:40:16.220 7 INFO neutron.plugins.ml2.drivers.ovn.mech_driver.mech_driver [None req-d8eb4350-e6bf-4f44-8752-2ebbd35838db - - - - - -] OVN reports status down for port: 302765f6-6650-4ed6-82e3-2ed69f6516c5
2026-06-10 11:40:16.241 8 INFO neutron.db.ovn_revision_numbers_db [None req-d54e8acb-4a3d-4466-838f-93aa842cbdaa 9986a44232a44ea3854655914842db63 bda526bcb2bb4f5f837fb23af100c0fa - - default default] Successfully bumped revision number for resource 302765f6-6650-4ed6-82e3-2ed69f6516c5 (type: ports) to 1 [pid: 7|app: 0|req: 732/1470] 10.0.0.72 () {32 vars in 622 bytes} [Wed Jun 10 11:40:16 2026] GET / => generated 151 bytes in 3 msecs (HTTP/1.1 200) 3 headers in 91 bytes (1 switches on core 0) /var/lib/openstack/lib/python3.12/site-packages/pycadf/identifier.py:70: UserWarning: Invalid uuid: neutron. To ensure interoperability, identifiers should be a valid uuid. warnings.warn(('Invalid uuid: %s. To ensure interoperability, ' [pid: 7|app: 0|req: 733/1471] 10.0.0.72 () {32 vars in 632 bytes} [Wed Jun 10 11:40:16 2026] GET /v2.0/ => generated 632 bytes in 157 msecs (HTTP/1.1 200) 4 headers in 157 bytes (1 switches on core 0)
2026-06-10 11:40:16.754 7 INFO neutron.plugins.ml2.drivers.ovn.mech_driver.mech_driver [None req-d8eb4350-e6bf-4f44-8752-2ebbd35838db - - - - - -] OVN reports status up for port: 302765f6-6650-4ed6-82e3-2ed69f6516c5
2026-06-10 11:40:16.769 7 INFO neutron.plugins.ml2.plugin [None req-d8eb4350-e6bf-4f44-8752-2ebbd35838db - - - - - -] Attempt 1 to provision port 302765f6-6650-4ed6-82e3-2ed69f6516c5
2026-06-10 11:40:16.813 8 WARNING neutron.scheduler.dhcp_agent_scheduler [None req-d54e8acb-4a3d-4466-838f-93aa842cbdaa 9986a44232a44ea3854655914842db63 bda526bcb2bb4f5f837fb23af100c0fa - - default default] No more DHCP agents
2026-06-10 11:40:16.814 8 WARNING neutron.api.rpc.agentnotifiers.dhcp_rpc_agent_api [None req-d54e8acb-4a3d-4466-838f-93aa842cbdaa 9986a44232a44ea3854655914842db63 bda526bcb2bb4f5f837fb23af100c0fa - - default default] Unable to schedule network fff5615b-981d-48f8-b6b1-c206109eef5d: no agents available; will retry on subsequent port and subnet creation events.
2026-06-10 11:40:17.001 8 INFO neutron.db.ovn_revision_numbers_db [None req-d54e8acb-4a3d-4466-838f-93aa842cbdaa 9986a44232a44ea3854655914842db63 bda526bcb2bb4f5f837fb23af100c0fa - - default default] Successfully bumped revision number for resource 302765f6-6650-4ed6-82e3-2ed69f6516c5 (type: router_ports) to 1 [pid: 8|app: 0|req: 739/1472] 10.0.0.72 () {34 vars in 782 bytes} [Wed Jun 10 11:40:15 2026] PUT /v2.0/routers/0c9b1a3d-398a-4a3d-9101-4587feb35417/add_router_interface => generated 309 bytes in 1304 msecs (HTTP/1.1 200) 4 headers in 157 bytes (1 switches on core 0) [pid: 8|app: 0|req: 740/1473] 10.0.0.72 () {32 vars in 716 bytes} [Wed Jun 10 11:40:17 2026] GET /v2.0/ports/302765f6-6650-4ed6-82e3-2ed69f6516c5 => generated 943 bytes in 71 msecs (HTTP/1.1 200) 4 headers in 157 bytes (1 switches on core 0)
2026-06-10 11:40:17.334 7 INFO neutron.db.ovn_revision_numbers_db [None req-d8eb4350-e6bf-4f44-8752-2ebbd35838db - - - - - -] Successfully bumped revision number for resource 302765f6-6650-4ed6-82e3-2ed69f6516c5 (type: ports) to 2
2026-06-10 11:40:17.365 7 INFO neutron.db.ovn_revision_numbers_db [None req-1c529149-ef3d-44a3-920d-1923ec4a047d 2f1b4648ce0c4394bded245bf2bc1a3f 76a1df13c07c4e6084813254a78fde93 - - default default] Successfully bumped revision number for resource fc428607-e82b-4b92-a6ea-a4c5311f6dac (type: security_groups) to 1
2026-06-10 11:40:17.387 7 INFO neutron.db.ovn_revision_numbers_db [None req-1c529149-ef3d-44a3-920d-1923ec4a047d 2f1b4648ce0c4394bded245bf2bc1a3f 76a1df13c07c4e6084813254a78fde93 - - default default] Successfully bumped revision number for resource 35b8ba9e-ce3c-4bba-9497-852ef6fbaeec (type: security_group_rules) to 0
2026-06-10 11:40:17.410 7 INFO neutron.db.ovn_revision_numbers_db [None req-1c529149-ef3d-44a3-920d-1923ec4a047d 2f1b4648ce0c4394bded245bf2bc1a3f 76a1df13c07c4e6084813254a78fde93 - - default default] Successfully bumped revision number for resource 774eebd8-6c3f-4789-be83-e3dfc934ab8a (type: security_group_rules) to 0
2026-06-10 11:40:17.430 7 INFO neutron.db.ovn_revision_numbers_db [None req-1c529149-ef3d-44a3-920d-1923ec4a047d 2f1b4648ce0c4394bded245bf2bc1a3f 76a1df13c07c4e6084813254a78fde93 - - default default] Successfully bumped revision number for resource d2ddc143-6300-40fd-b1b3-f00e4746646d (type: security_group_rules) to 0
2026-06-10 11:40:17.453 7 INFO neutron.db.ovn_revision_numbers_db [None req-1c529149-ef3d-44a3-920d-1923ec4a047d 2f1b4648ce0c4394bded245bf2bc1a3f 76a1df13c07c4e6084813254a78fde93 - - default default] Successfully bumped revision number for resource f62cde15-76ad-4e72-92ba-8cb9f002133d (type: security_group_rules) to 0 [pid: 7|app: 0|req: 734/1474] 10.0.0.72 () {32 vars in 773 bytes} [Wed Jun 10 11:40:16 2026] GET /v2.0/security-groups?tenant_id=5f3dc3b62c404c6b819d8344ffc50ee5&name=default => generated 2925 bytes in 539 msecs (HTTP/1.1 200) 4 headers in 158 bytes (1 switches on core 0) [pid: 7|app: 0|req: 735/1475] 10.0.0.88 () {34 vars in 989 bytes} [Wed Jun 10 11:40:17 2026] GET /v2.0/ports?device_id=cd480b11-e353-4453-bfba-5204468a2569 => generated 973 bytes in 52 msecs (HTTP/1.1 200) 4 headers in 157 bytes (1 switches on core 0)
2026-06-10 11:40:17.581 8 WARNING neutron.scheduler.dhcp_agent_scheduler [None req-11780224-274d-40d5-9dc1-1ff3de102828 9986a44232a44ea3854655914842db63 bda526bcb2bb4f5f837fb23af100c0fa - - default default] No more DHCP agents
2026-06-10 11:40:17.582 8 WARNING neutron.api.rpc.agentnotifiers.dhcp_rpc_agent_api [None req-11780224-274d-40d5-9dc1-1ff3de102828 9986a44232a44ea3854655914842db63 bda526bcb2bb4f5f837fb23af100c0fa - - default default] Unable to schedule network 1b33ad0b-33ce-444d-93f4-f7d811aec443: no agents available; will retry on subsequent port and subnet creation events.
2026-06-10 11:40:17.798 8 INFO neutron.plugins.ml2.drivers.ovn.mech_driver.mech_driver [None req-20897052-4d6e-49d6-8188-63545651a64f - - - - - -] OVN reports status down for port: 087e4f85-b18a-4936-8036-a2b467171fef
2026-06-10 11:40:17.863 8 INFO neutron.db.ovn_revision_numbers_db [None req-11780224-274d-40d5-9dc1-1ff3de102828 9986a44232a44ea3854655914842db63 bda526bcb2bb4f5f837fb23af100c0fa - - default default] Successfully bumped revision number for resource 087e4f85-b18a-4936-8036-a2b467171fef (type: ports) to 1 [pid: 7|app: 0|req: 736/1476] 10.0.0.72 () {32 vars in 739 bytes} [Wed Jun 10 11:40:17 2026] DELETE /v2.0/security-groups/fc428607-e82b-4b92-a6ea-a4c5311f6dac => generated 0 bytes in 344 msecs (HTTP/1.1 204) 2 headers in 112 bytes (1 switches on core 0) [pid: 7|app: 0|req: 737/1477] 10.0.0.88 () {34 vars in 1039 bytes} [Wed Jun 10 11:40:17 2026] GET /v2.0/security-groups?id=4fe0f55f-b8ca-436f-8a05-e31b6026e917&fields=id&fields=name => generated 114 bytes in 30 msecs (HTTP/1.1 200) 4 headers in 157 bytes (1 switches on core 0)
2026-06-10 11:40:17.933 7 INFO neutron.notifiers.nova [-] Nova event matching ['req-58af1ed3-133b-424d-b108-f01750bf27ad'] response: {'server_uuid': 'cd480b11-e353-4453-bfba-5204468a2569', 'name': 'network-vif-unplugged', 'status': 'completed', 'tag': '087ced24-6f47-412f-a198-81451778b58e', 'code': 200}
2026-06-10 11:40:18.519 8 INFO neutron.plugins.ml2.drivers.ovn.mech_driver.mech_driver [None req-20897052-4d6e-49d6-8188-63545651a64f - - - - - -] OVN reports status up for port: 087e4f85-b18a-4936-8036-a2b467171fef
2026-06-10 11:40:18.558 8 INFO neutron.plugins.ml2.plugin [None req-20897052-4d6e-49d6-8188-63545651a64f - - - - - -] Attempt 1 to provision port 087e4f85-b18a-4936-8036-a2b467171fef
2026-06-10 11:40:18.649 8 WARNING neutron.scheduler.dhcp_agent_scheduler [None req-11780224-274d-40d5-9dc1-1ff3de102828 9986a44232a44ea3854655914842db63 bda526bcb2bb4f5f837fb23af100c0fa - - default default] No more DHCP agents
2026-06-10 11:40:18.652 8 WARNING neutron.api.rpc.agentnotifiers.dhcp_rpc_agent_api [None req-11780224-274d-40d5-9dc1-1ff3de102828 9986a44232a44ea3854655914842db63 bda526bcb2bb4f5f837fb23af100c0fa - - default default] Unable to schedule network 1b33ad0b-33ce-444d-93f4-f7d811aec443: no agents available; will retry on subsequent port and subnet creation events.
2026-06-10 11:40:19.016 8 INFO neutron.db.ovn_revision_numbers_db [None req-11780224-274d-40d5-9dc1-1ff3de102828 9986a44232a44ea3854655914842db63 bda526bcb2bb4f5f837fb23af100c0fa - - default default] Successfully bumped revision number for resource 087e4f85-b18a-4936-8036-a2b467171fef (type: router_ports) to 1 [pid: 8|app: 0|req: 741/1478] 10.0.0.72 () {34 vars in 782 bytes} [Wed Jun 10 11:40:17 2026] PUT /v2.0/routers/0c9b1a3d-398a-4a3d-9101-4587feb35417/add_router_interface => generated 309 bytes in 1936 msecs (HTTP/1.1 200) 4 headers in 157 bytes (1 switches on core 0) [pid: 7|app: 0|req: 738/1479] 10.0.0.88 () {34 vars in 989 bytes} [Wed Jun 10 11:40:19 2026] GET /v2.0/ports?device_id=cd480b11-e353-4453-bfba-5204468a2569 => generated 973 bytes in 36 msecs (HTTP/1.1 200) 4 headers in 157 bytes (1 switches on core 0) [pid: 7|app: 0|req: 739/1480] 10.0.0.88 () {34 vars in 1039 bytes} [Wed Jun 10 11:40:19 2026] GET /v2.0/security-groups?id=4fe0f55f-b8ca-436f-8a05-e31b6026e917&fields=id&fields=name => generated 114 bytes in 48 msecs (HTTP/1.1 200) 4 headers in 157 bytes (1 switches on core 0) [pid: 8|app: 0|req: 742/1481] 10.0.0.72 () {32 vars in 716 bytes} [Wed Jun 10 11:40:19 2026] GET /v2.0/ports/087e4f85-b18a-4936-8036-a2b467171fef => generated 943 bytes in 77 msecs (HTTP/1.1 200) 4 headers in 157 bytes (1 switches on core 0) [pid: 7|app: 0|req: 740/1482] 10.0.0.72 () {32 vars in 716 bytes} [Wed Jun 10 11:40:19 2026] GET /v2.0/ports/087e4f85-b18a-4936-8036-a2b467171fef => generated 943 bytes in 99 msecs (HTTP/1.1 200) 4 headers in 157 bytes (1 switches on core 0)
2026-06-10 11:40:19.281 8 INFO neutron.db.ovn_revision_numbers_db [None req-20897052-4d6e-49d6-8188-63545651a64f - - - - - -] Successfully bumped revision number for resource 087e4f85-b18a-4936-8036-a2b467171fef (type: ports) to 2
2026-06-10 11:40:19.642 8 INFO neutron_taas.services.taas.taas_plugin [None req-d825428f-42c5-429f-86c5-acf986bd01b4 9986a44232a44ea3854655914842db63 bda526bcb2bb4f5f837fb23af100c0fa - - default default] TaaS: Handle Delete Port: 087e4f85-b18a-4936-8036-a2b467171fef
2026-06-10 11:40:19.644 8 INFO neutron_taas.services.taas.tap_mirror_plugin [None req-d825428f-42c5-429f-86c5-acf986bd01b4 9986a44232a44ea3854655914842db63 bda526bcb2bb4f5f837fb23af100c0fa - - default default] Tap Mirror: Handle Delete Port: 087e4f85-b18a-4936-8036-a2b467171fef [pid: 8|app: 0|req: 743/1483] 10.0.0.72 () {34 vars in 788 bytes} [Wed Jun 10 11:40:19 2026] PUT /v2.0/routers/0c9b1a3d-398a-4a3d-9101-4587feb35417/remove_router_interface => generated 309 bytes in 801 msecs (HTTP/1.1 200) 4 headers in 157 bytes (1 switches on core 0) [pid: 7|app: 0|req: 741/1484] 10.0.0.72 () {32 vars in 716 bytes} [Wed Jun 10 11:40:20 2026] GET /v2.0/ports/302765f6-6650-4ed6-82e3-2ed69f6516c5 => generated 943 bytes in 86 msecs (HTTP/1.1 200) 4 headers in 157 bytes (1 switches on core 0) /var/lib/openstack/lib/python3.12/site-packages/pycadf/identifier.py:70: UserWarning: Invalid uuid: neutron. To ensure interoperability, identifiers should be a valid uuid. warnings.warn(('Invalid uuid: %s. To ensure interoperability, ' [pid: 7|app: 0|req: 742/1485] 10.0.0.88 () {34 vars in 989 bytes} [Wed Jun 10 11:40:20 2026] GET /v2.0/ports?device_id=cd480b11-e353-4453-bfba-5204468a2569 => generated 973 bytes in 49 msecs (HTTP/1.1 200) 4 headers in 157 bytes (1 switches on core 0) [pid: 7|app: 0|req: 743/1486] 10.0.0.88 () {34 vars in 1039 bytes} [Wed Jun 10 11:40:20 2026] GET /v2.0/security-groups?id=4fe0f55f-b8ca-436f-8a05-e31b6026e917&fields=id&fields=name => generated 114 bytes in 30 msecs (HTTP/1.1 200) 4 headers in 157 bytes (1 switches on core 0)
2026-06-10 11:40:20.436 8 INFO neutron_taas.services.taas.taas_plugin [None req-297871c0-1dd8-4fff-bc39-50ab83c670f7 9986a44232a44ea3854655914842db63 bda526bcb2bb4f5f837fb23af100c0fa - - default default] TaaS: Handle Delete Port: 302765f6-6650-4ed6-82e3-2ed69f6516c5
2026-06-10 11:40:20.440 8 INFO neutron_taas.services.taas.tap_mirror_plugin [None req-297871c0-1dd8-4fff-bc39-50ab83c670f7 9986a44232a44ea3854655914842db63 bda526bcb2bb4f5f837fb23af100c0fa - - default default] Tap Mirror: Handle Delete Port: 302765f6-6650-4ed6-82e3-2ed69f6516c5 [pid: 8|app: 0|req: 744/1487] 10.0.0.72 () {34 vars in 788 bytes} [Wed Jun 10 11:40:20 2026] PUT /v2.0/routers/0c9b1a3d-398a-4a3d-9101-4587feb35417/remove_router_interface => generated 309 bytes in 705 msecs (HTTP/1.1 200) 4 headers in 157 bytes (1 switches on core 0) [pid: 7|app: 0|req: 744/1488] 10.0.0.72 () {32 vars in 735 bytes} [Wed Jun 10 11:40:20 2026] GET /v2.0/ports?device_id=0c9b1a3d-398a-4a3d-9101-4587feb35417 => generated 12 bytes in 27 msecs (HTTP/1.1 200) 4 headers in 156 bytes (1 switches on core 0) /var/lib/openstack/lib/python3.12/site-packages/pycadf/identifier.py:70: UserWarning: Invalid uuid: neutron. To ensure interoperability, identifiers should be a valid uuid. warnings.warn(('Invalid uuid: %s. To ensure interoperability, ' [pid: 8|app: 0|req: 745/1489] 10.0.0.72 () {32 vars in 723 bytes} [Wed Jun 10 11:40:20 2026] DELETE /v2.0/routers/0c9b1a3d-398a-4a3d-9101-4587feb35417 => generated 0 bytes in 192 msecs (HTTP/1.1 204) 2 headers in 112 bytes (1 switches on core 0) [pid: 7|app: 0|req: 745/1490] 10.0.0.72 () {32 vars in 723 bytes} [Wed Jun 10 11:40:21 2026] DELETE /v2.0/subnets/b438ddde-5514-44c3-9c90-c98a7107c370 => generated 0 bytes in 191 msecs (HTTP/1.1 204) 3 headers in 131 bytes (1 switches on core 0) [pid: 7|app: 0|req: 746/1491] 10.0.0.88 () {34 vars in 989 bytes} [Wed Jun 10 11:40:21 2026] GET /v2.0/ports?device_id=cd480b11-e353-4453-bfba-5204468a2569 => generated 973 bytes in 74 msecs (HTTP/1.1 200) 4 headers in 157 bytes (1 switches on core 0) [pid: 8|app: 0|req: 746/1492] 10.0.0.72 () {32 vars in 723 bytes} [Wed Jun 10 11:40:21 2026] DELETE /v2.0/subnets/fb1968d3-e7d6-4e79-b50a-c6513122a473 => generated 0 bytes in 214 msecs (HTTP/1.1 204) 3 headers in 131 bytes (1 switches on core 0) [pid: 7|app: 0|req: 747/1493] 10.0.0.88 () {34 vars in 1039 bytes} [Wed Jun 10 11:40:21 2026] GET /v2.0/security-groups?id=4fe0f55f-b8ca-436f-8a05-e31b6026e917&fields=id&fields=name => generated 114 bytes in 36 msecs (HTTP/1.1 200) 4 headers in 157 bytes (1 switches on core 0)
2026-06-10 11:40:21.612 8 INFO neutron_taas.services.taas.taas_plugin [None req-f4cfbe71-a331-46c4-9cd8-0131cc9e3984 9986a44232a44ea3854655914842db63 bda526bcb2bb4f5f837fb23af100c0fa - - default default] TaaS: Handle Delete Port: 11b1a20f-bbf7-41fa-b63a-162549c1e4f6
2026-06-10 11:40:21.615 8 INFO neutron_taas.services.taas.tap_mirror_plugin [None req-f4cfbe71-a331-46c4-9cd8-0131cc9e3984 9986a44232a44ea3854655914842db63 bda526bcb2bb4f5f837fb23af100c0fa - - default default] Tap Mirror: Handle Delete Port: 11b1a20f-bbf7-41fa-b63a-162549c1e4f6
2026-06-10 11:40:21.825 8 INFO neutron.services.segments.plugin [-] Segment 5e48df77-684f-497a-941d-45862f5b44cc resource provider aggregate not found
2026-06-10 11:40:21.828 8 INFO neutron.services.segments.plugin [-] Segment 5e48df77-684f-497a-941d-45862f5b44cc resource provider aggregate not found
2026-06-10 11:40:21.853 8 INFO neutron.services.segments.plugin [-] Segment 5e48df77-684f-497a-941d-45862f5b44cc resource provider not found; error: Placement Client Error (4xx): {"errors": [{"status": 404, "title": "Not Found", "detail": "The resource could not be found.\n\n No resource provider with uuid 5e48df77-684f-497a-941d-45862f5b44cc found for delete ", "request_id": "req-315b4e28-f6af-4181-85ca-264c4638a234"}]}
2026-06-10 11:40:21.853 8 INFO neutron.services.segments.plugin [-] Segment 5e48df77-684f-497a-941d-45862f5b44cc resource provider not found; error: Placement Client Error (4xx): {"errors": [{"status": 404, "title": "Not Found", "detail": "The resource could not be found.\n\n No resource provider with uuid 5e48df77-684f-497a-941d-45862f5b44cc found for delete ", "request_id": "req-a2cc3e1b-82b0-46b0-ad9c-1079cea77be7"}]} [pid: 8|app: 0|req: 747/1494] 10.0.0.72 () {32 vars in 725 bytes} [Wed Jun 10 11:40:21 2026] DELETE /v2.0/networks/1b33ad0b-33ce-444d-93f4-f7d811aec443 => generated 0 bytes in 399 msecs (HTTP/1.1 204) 3 headers in 131 bytes (1 switches on core 0)
2026-06-10 11:40:22.006 7 INFO neutron_taas.services.taas.taas_plugin [None req-dc93ad89-937d-47ce-a736-dc5171798638 9986a44232a44ea3854655914842db63 bda526bcb2bb4f5f837fb23af100c0fa - - default default] TaaS: Handle Delete Port: d2a7b90b-8232-45ba-8c41-5546ec78954c
2026-06-10 11:40:22.009 7 INFO neutron_taas.services.taas.tap_mirror_plugin [None req-dc93ad89-937d-47ce-a736-dc5171798638 9986a44232a44ea3854655914842db63 bda526bcb2bb4f5f837fb23af100c0fa - - default default] Tap Mirror: Handle Delete Port: d2a7b90b-8232-45ba-8c41-5546ec78954c
2026-06-10 11:40:22.255 7 INFO neutron.services.segments.plugin [-] Segment afe63d2c-26a2-4732-94a7-e5964bca9cd7 resource provider aggregate not found
2026-06-10 11:40:22.259 7 INFO neutron.services.segments.plugin [-] Segment afe63d2c-26a2-4732-94a7-e5964bca9cd7 resource provider aggregate not found
2026-06-10 11:40:22.276 7 INFO neutron.services.segments.plugin [-] Segment afe63d2c-26a2-4732-94a7-e5964bca9cd7 resource provider not found; error: Placement Client Error (4xx): {"errors": [{"status": 404, "title": "Not Found", "detail": "The resource could not be found.\n\n No resource provider with uuid afe63d2c-26a2-4732-94a7-e5964bca9cd7 found for delete ", "request_id": "req-d724df7b-0b47-419b-9393-5e9a64922a54"}]}
2026-06-10 11:40:22.279 7 INFO neutron.services.segments.plugin [-] Segment afe63d2c-26a2-4732-94a7-e5964bca9cd7 resource provider not found; error: Placement Client Error (4xx): {"errors": [{"status": 404, "title": "Not Found", "detail": "The resource could not be found.\n\n No resource provider with uuid afe63d2c-26a2-4732-94a7-e5964bca9cd7 found for delete ", "request_id": "req-efffaa48-0683-48a2-9b0f-fd48cd72209b"}]} [pid: 7|app: 0|req: 748/1495] 10.0.0.72 () {32 vars in 725 bytes} [Wed Jun 10 11:40:21 2026] DELETE /v2.0/networks/fff5615b-981d-48f8-b6b1-c206109eef5d => generated 0 bytes in 424 msecs (HTTP/1.1 204) 3 headers in 131 bytes (1 switches on core 0)
2026-06-10 11:40:22.416 8 INFO neutron.db.segments_db [None req-25617174-958f-4e4a-920b-7fff2a6ac716 9986a44232a44ea3854655914842db63 bda526bcb2bb4f5f837fb23af100c0fa - - default default] Added segment dac0dbb1-cb08-4b96-8d1f-412e3d2ee4be of type geneve for network a0ad04b1-762c-44c2-b0ed-00b008c58c6c
2026-06-10 11:40:22.547 8 INFO neutron.db.ovn_revision_numbers_db [None req-25617174-958f-4e4a-920b-7fff2a6ac716 9986a44232a44ea3854655914842db63 bda526bcb2bb4f5f837fb23af100c0fa - - default default] Successfully bumped revision number for resource a0ad04b1-762c-44c2-b0ed-00b008c58c6c (type: networks) to 1 [pid: 7|app: 0|req: 749/1496] 10.0.0.88 () {34 vars in 989 bytes} [Wed Jun 10 11:40:22 2026] GET /v2.0/ports?device_id=cd480b11-e353-4453-bfba-5204468a2569 => generated 973 bytes in 58 msecs (HTTP/1.1 200) 4 headers in 157 bytes (1 switches on core 0)
2026-06-10 11:40:22.624 7 WARNING neutron.plugins.ml2.drivers.ovn.mech_driver.ovsdb.ovn_client [None req-cd09aa47-4e74-4cdc-b6d3-d72eec8f6e59 - - - - - -] No port found with ID 302765f6-6650-4ed6-82e3-2ed69f6516c5: RuntimeError: No port found with ID 302765f6-6650-4ed6-82e3-2ed69f6516c5
2026-06-10 11:40:22.662 7 INFO neutron.plugins.ml2.drivers.ovn.mech_driver.mech_driver [None req-cd09aa47-4e74-4cdc-b6d3-d72eec8f6e59 - - - - - -] OVN reports status up for port: 087ced24-6f47-412f-a198-81451778b58e [pid: 7|app: 0|req: 750/1497] 10.0.0.88 () {34 vars in 1039 bytes} [Wed Jun 10 11:40:22 2026] GET /v2.0/security-groups?id=4fe0f55f-b8ca-436f-8a05-e31b6026e917&fields=id&fields=name => generated 114 bytes in 58 msecs (HTTP/1.1 200) 4 headers in 157 bytes (1 switches on core 0)
2026-06-10 11:40:22.685 7 INFO neutron.plugins.ml2.plugin [None req-cd09aa47-4e74-4cdc-b6d3-d72eec8f6e59 - - - - - -] Attempt 1 to provision port 087ced24-6f47-412f-a198-81451778b58e
2026-06-10 11:40:22.734 8 WARNING neutron.scheduler.dhcp_agent_scheduler [None req-25617174-958f-4e4a-920b-7fff2a6ac716 9986a44232a44ea3854655914842db63 bda526bcb2bb4f5f837fb23af100c0fa - - default default] No more DHCP agents
2026-06-10 11:40:22.735 8 WARNING neutron.api.rpc.agentnotifiers.dhcp_rpc_agent_api [None req-25617174-958f-4e4a-920b-7fff2a6ac716 9986a44232a44ea3854655914842db63 bda526bcb2bb4f5f837fb23af100c0fa - - default default] Unable to schedule network a0ad04b1-762c-44c2-b0ed-00b008c58c6c: no agents available; will retry on subsequent port and subnet creation events.
2026-06-10 11:40:22.825 8 INFO neutron.db.ovn_revision_numbers_db [None req-25617174-958f-4e4a-920b-7fff2a6ac716 9986a44232a44ea3854655914842db63 bda526bcb2bb4f5f837fb23af100c0fa - - default default] Successfully bumped revision number for resource 5b346641-c509-4540-9a0d-d1a3e561f3e0 (type: ports) to 1
2026-06-10 11:40:22.837 7 INFO neutron.notifiers.nova [-] Nova event matching ['req-d524df49-5dc4-434e-905f-b5415efc1863'] response: {'server_uuid': 'cd480b11-e353-4453-bfba-5204468a2569', 'name': 'network-vif-plugged', 'status': 'completed', 'tag': '087ced24-6f47-412f-a198-81451778b58e', 'code': 200} [pid: 8|app: 0|req: 748/1498] 10.0.0.72 () {34 vars in 669 bytes} [Wed Jun 10 11:40:22 2026] POST /v2.0/networks => generated 648 bytes in 537 msecs (HTTP/1.1 201) 4 headers in 162 bytes (1 switches on core 0)
2026-06-10 11:40:23.019 7 INFO neutron.db.ovn_revision_numbers_db [None req-cd09aa47-4e74-4cdc-b6d3-d72eec8f6e59 - - - - - -] Successfully bumped revision number for resource 087ced24-6f47-412f-a198-81451778b58e (type: ports) to 7
2026-06-10 11:40:23.189 7 INFO neutron.plugins.ml2.drivers.ovn.mech_driver.mech_driver [None req-58d66d08-6625-4688-8ff3-71c9fe9a2f2a - - - - - -] OVN reports status down for port: 5b346641-c509-4540-9a0d-d1a3e561f3e0
2026-06-10 11:40:23.242 7 WARNING neutron.scheduler.dhcp_agent_scheduler [None req-341aa636-0181-4eed-bf0a-8111fa208d09 9986a44232a44ea3854655914842db63 bda526bcb2bb4f5f837fb23af100c0fa - - default default] No more DHCP agents
2026-06-10 11:40:23.245 7 WARNING neutron.api.rpc.agentnotifiers.dhcp_rpc_agent_api [None req-341aa636-0181-4eed-bf0a-8111fa208d09 9986a44232a44ea3854655914842db63 bda526bcb2bb4f5f837fb23af100c0fa - - default default] Unable to schedule network a0ad04b1-762c-44c2-b0ed-00b008c58c6c: no agents available; will retry on subsequent port and subnet creation events.
2026-06-10 11:40:23.664 8 INFO neutron.db.ovn_revision_numbers_db [None req-c23de53f-d2a2-4d98-910a-66ee4daa7571 2f1b4648ce0c4394bded245bf2bc1a3f 76a1df13c07c4e6084813254a78fde93 - - default default] Successfully bumped revision number for resource e8deba1e-68ee-4fbc-bf21-d69cf4fb2ac5 (type: security_groups) to 1
2026-06-10 11:40:23.676 8 INFO neutron.db.ovn_revision_numbers_db [None req-c23de53f-d2a2-4d98-910a-66ee4daa7571 2f1b4648ce0c4394bded245bf2bc1a3f 76a1df13c07c4e6084813254a78fde93 - - default default] Successfully bumped revision number for resource 20dedd1e-90f5-4c09-b5ed-4a1f223ce6c5 (type: security_group_rules) to 0
2026-06-10 11:40:23.688 8 INFO neutron.db.ovn_revision_numbers_db [None req-c23de53f-d2a2-4d98-910a-66ee4daa7571 2f1b4648ce0c4394bded245bf2bc1a3f 76a1df13c07c4e6084813254a78fde93 - - default default] Successfully bumped revision number for resource 93d28374-bb47-4d03-a53f-43bcb7448ab1 (type: security_group_rules) to 0
2026-06-10 11:40:23.698 8 INFO neutron.db.ovn_revision_numbers_db [None req-c23de53f-d2a2-4d98-910a-66ee4daa7571 2f1b4648ce0c4394bded245bf2bc1a3f 76a1df13c07c4e6084813254a78fde93 - - default default] Successfully bumped revision number for resource bb34b0ea-257e-410a-856e-56a472a7caa6 (type: security_group_rules) to 0
2026-06-10 11:40:23.725 8 INFO neutron.db.ovn_revision_numbers_db [None req-c23de53f-d2a2-4d98-910a-66ee4daa7571 2f1b4648ce0c4394bded245bf2bc1a3f 76a1df13c07c4e6084813254a78fde93 - - default default] Successfully bumped revision number for resource d3daea6a-b306-4622-81f4-5752a1c78f89 (type: security_group_rules) to 0 [pid: 8|app: 0|req: 749/1499] 10.0.0.72 () {32 vars in 773 bytes} [Wed Jun 10 11:40:23 2026] GET /v2.0/security-groups?tenant_id=612b6acbddaf4e659efc99dbe551336f&name=default => generated 2925 bytes in 404 msecs (HTTP/1.1 200) 4 headers in 158 bytes (1 switches on core 0)
2026-06-10 11:40:23.853 7 INFO neutron.db.ovn_revision_numbers_db [None req-b34c2d7f-15c2-4c04-8ca6-2474c67da316 - - - - - -] Successfully bumped revision number for resource 5b346641-c509-4540-9a0d-d1a3e561f3e0 (type: ports) to 2
2026-06-10 11:40:23.894 7 INFO neutron.db.ovn_revision_numbers_db [None req-b34c2d7f-15c2-4c04-8ca6-2474c67da316 - - - - - -] Successfully bumped revision number for resource 67e40e42-664b-429d-b17d-73edde2aa728 (type: subnets) to 0 [pid: 7|app: 0|req: 751/1500] 10.0.0.72 () {34 vars in 668 bytes} [Wed Jun 10 11:40:22 2026] POST /v2.0/subnets => generated 626 bytes in 1070 msecs (HTTP/1.1 201) 4 headers in 162 bytes (1 switches on core 0) /var/lib/openstack/lib/python3.12/site-packages/pycadf/identifier.py:70: UserWarning: Invalid uuid: neutron. To ensure interoperability, identifiers should be a valid uuid. warnings.warn(('Invalid uuid: %s. To ensure interoperability, ' [pid: 8|app: 0|req: 750/1501] 10.0.0.72 () {32 vars in 739 bytes} [Wed Jun 10 11:40:23 2026] DELETE /v2.0/security-groups/e8deba1e-68ee-4fbc-bf21-d69cf4fb2ac5 => generated 0 bytes in 241 msecs (HTTP/1.1 204) 2 headers in 112 bytes (1 switches on core 0)
2026-06-10 11:40:24.089 7 INFO neutron.db.ovn_revision_numbers_db [None req-c1c70ae3-2195-4ec3-845c-99df197ff31e 9986a44232a44ea3854655914842db63 bda526bcb2bb4f5f837fb23af100c0fa - - default default] Successfully bumped revision number for resource 6d117346-e53d-468f-9765-0b518aa184a6 (type: routers) to 1 [pid: 7|app: 0|req: 752/1502] 10.0.0.72 () {34 vars in 668 bytes} [Wed Jun 10 11:40:23 2026] POST /v2.0/routers => generated 601 bytes in 184 msecs (HTTP/1.1 201) 4 headers in 162 bytes (1 switches on core 0)
2026-06-10 11:40:24.318 7 INFO neutron.db.ovn_revision_numbers_db [None req-7392847d-20ca-42a1-9d9c-3d108b54bb38 2f1b4648ce0c4394bded245bf2bc1a3f 76a1df13c07c4e6084813254a78fde93 - - default default] Successfully bumped revision number for resource 8d3bbd6b-4e02-449c-a8db-9a12e3cedd19 (type: security_groups) to 1
2026-06-10 11:40:24.330 7 INFO neutron.db.ovn_revision_numbers_db [None req-7392847d-20ca-42a1-9d9c-3d108b54bb38 2f1b4648ce0c4394bded245bf2bc1a3f 76a1df13c07c4e6084813254a78fde93 - - default default] Successfully bumped revision number for resource 0b9e4e3e-7a51-4aa7-a498-22b2cf9bcf33 (type: security_group_rules) to 0
2026-06-10 11:40:24.342 7 INFO neutron.db.ovn_revision_numbers_db [None req-7392847d-20ca-42a1-9d9c-3d108b54bb38 2f1b4648ce0c4394bded245bf2bc1a3f 76a1df13c07c4e6084813254a78fde93 - - default default] Successfully bumped revision number for resource 5d7d7f22-2f4d-44da-bc42-d659721e622e (type: security_group_rules) to 0
2026-06-10 11:40:24.353 7 INFO neutron.db.ovn_revision_numbers_db [None req-7392847d-20ca-42a1-9d9c-3d108b54bb38 2f1b4648ce0c4394bded245bf2bc1a3f 76a1df13c07c4e6084813254a78fde93 - - default default] Successfully bumped revision number for resource a3c558e7-420d-4d41-bc4c-4faaa43033e9 (type: security_group_rules) to 0
2026-06-10 11:40:24.365 7 INFO neutron.db.ovn_revision_numbers_db [None req-7392847d-20ca-42a1-9d9c-3d108b54bb38 2f1b4648ce0c4394bded245bf2bc1a3f 76a1df13c07c4e6084813254a78fde93 - - default default] Successfully bumped revision number for resource f3024e14-8ad9-42ac-a7c1-de89635688e6 (type: security_group_rules) to 0 [pid: 7|app: 0|req: 753/1503] 10.0.0.72 () {32 vars in 773 bytes} [Wed Jun 10 11:40:24 2026] GET /v2.0/security-groups?tenant_id=ed30100f4f3841fdb17ef66c2eb0efa9&name=default => generated 2925 bytes in 275 msecs (HTTP/1.1 200) 4 headers in 158 bytes (1 switches on core 0)
2026-06-10 11:40:24.417 8 WARNING neutron.scheduler.dhcp_agent_scheduler [None req-7dc1148e-e7b0-4468-b40d-6adf8011f250 9986a44232a44ea3854655914842db63 bda526bcb2bb4f5f837fb23af100c0fa - - default default] No more DHCP agents
2026-06-10 11:40:24.418 8 WARNING neutron.api.rpc.agentnotifiers.dhcp_rpc_agent_api [None req-7dc1148e-e7b0-4468-b40d-6adf8011f250 9986a44232a44ea3854655914842db63 bda526bcb2bb4f5f837fb23af100c0fa - - default default] Unable to schedule network a0ad04b1-762c-44c2-b0ed-00b008c58c6c: no agents available; will retry on subsequent port and subnet creation events.
2026-06-10 11:40:24.606 8 INFO neutron.db.ovn_revision_numbers_db [None req-7dc1148e-e7b0-4468-b40d-6adf8011f250 9986a44232a44ea3854655914842db63 bda526bcb2bb4f5f837fb23af100c0fa - - default default] Successfully bumped revision number for resource 3feca682-7f71-48c4-bb99-10af1484230b (type: ports) to 1 [pid: 8|app: 0|req: 751/1504] 10.0.0.72 () {34 vars in 664 bytes} [Wed Jun 10 11:40:24 2026] POST /v2.0/ports => generated 951 bytes in 556 msecs (HTTP/1.1 201) 4 headers in 162 bytes (1 switches on core 0) /var/lib/openstack/lib/python3.12/site-packages/pycadf/identifier.py:70: UserWarning: Invalid uuid: neutron. To ensure interoperability, identifiers should be a valid uuid. warnings.warn(('Invalid uuid: %s. To ensure interoperability, ' [pid: 7|app: 0|req: 754/1505] 10.0.0.72 () {32 vars in 739 bytes} [Wed Jun 10 11:40:24 2026] DELETE /v2.0/security-groups/8d3bbd6b-4e02-449c-a8db-9a12e3cedd19 => generated 0 bytes in 304 msecs (HTTP/1.1 204) 2 headers in 112 bytes (1 switches on core 0)
2026-06-10 11:40:24.807 8 WARNING neutron.plugins.ml2.drivers.ovn.mech_driver.ovsdb.ovn_client [None req-da3135f2-24a6-404d-9749-515d40a42dde - - - - - -] No port found with ID 087e4f85-b18a-4936-8036-a2b467171fef: RuntimeError: No port found with ID 087e4f85-b18a-4936-8036-a2b467171fef
2026-06-10 11:40:24.837 8 INFO neutron.plugins.ml2.drivers.ovn.mech_driver.mech_driver [None req-da3135f2-24a6-404d-9749-515d40a42dde - - - - - -] OVN reports status down for port: 3feca682-7f71-48c4-bb99-10af1484230b
2026-06-10 11:40:24.878 7 INFO neutron.notifiers.nova [-] Nova event matching ['req-32d8134c-7c74-448a-aa6e-2ed666997844'] response: {'server_uuid': 'cd480b11-e353-4453-bfba-5204468a2569', 'name': 'network-vif-plugged', 'status': 'completed', 'tag': '087ced24-6f47-412f-a198-81451778b58e', 'code': 200}
2026-06-10 11:40:25.242 8 INFO neutron.plugins.ml2.drivers.ovn.mech_driver.mech_driver [None req-da3135f2-24a6-404d-9749-515d40a42dde - - - - - -] OVN reports status up for port: 3feca682-7f71-48c4-bb99-10af1484230b
2026-06-10 11:40:25.270 8 INFO neutron.plugins.ml2.plugin [None req-da3135f2-24a6-404d-9749-515d40a42dde - - - - - -] Attempt 1 to provision port 3feca682-7f71-48c4-bb99-10af1484230b
2026-06-10 11:40:25.296 8 INFO neutron.db.ovn_revision_numbers_db [None req-e71e89d0-3a91-4659-b61e-48b605302494 9986a44232a44ea3854655914842db63 bda526bcb2bb4f5f837fb23af100c0fa - - default default] Successfully bumped revision number for resource 3feca682-7f71-48c4-bb99-10af1484230b (type: ports) to 2
2026-06-10 11:40:25.501 7 INFO neutron.db.ovn_revision_numbers_db [None req-0aad8409-b7e1-4ecb-aefa-80377a6d9c14 2f1b4648ce0c4394bded245bf2bc1a3f 76a1df13c07c4e6084813254a78fde93 - - default default] Successfully bumped revision number for resource 1874b2f9-6033-4c4d-950e-a3fc2267ce01 (type: security_groups) to 1
2026-06-10 11:40:25.515 7 INFO neutron.db.ovn_revision_numbers_db [None req-0aad8409-b7e1-4ecb-aefa-80377a6d9c14 2f1b4648ce0c4394bded245bf2bc1a3f 76a1df13c07c4e6084813254a78fde93 - - default default] Successfully bumped revision number for resource 170a49c7-9463-40d8-b712-17436925c830 (type: security_group_rules) to 0
2026-06-10 11:40:25.531 7 INFO neutron.db.ovn_revision_numbers_db [None req-0aad8409-b7e1-4ecb-aefa-80377a6d9c14 2f1b4648ce0c4394bded245bf2bc1a3f 76a1df13c07c4e6084813254a78fde93 - - default default] Successfully bumped revision number for resource 186b2555-f7e6-4b47-96d2-a673157d76a3 (type: security_group_rules) to 0
2026-06-10 11:40:25.544 7 INFO neutron.db.ovn_revision_numbers_db [None req-0aad8409-b7e1-4ecb-aefa-80377a6d9c14 2f1b4648ce0c4394bded245bf2bc1a3f 76a1df13c07c4e6084813254a78fde93 - - default default] Successfully bumped revision number for resource 927890ff-ba67-4797-8492-6cd956dbffba (type: security_group_rules) to 0
2026-06-10 11:40:25.561 7 INFO neutron.db.ovn_revision_numbers_db [None req-0aad8409-b7e1-4ecb-aefa-80377a6d9c14 2f1b4648ce0c4394bded245bf2bc1a3f 76a1df13c07c4e6084813254a78fde93 - - default default] Successfully bumped revision number for resource d1f3d182-f368-4a14-8ad3-13b0ff400d17 (type: security_group_rules) to 0 [pid: 7|app: 0|req: 755/1506] 10.0.0.72 () {32 vars in 773 bytes} [Wed Jun 10 11:40:25 2026] GET /v2.0/security-groups?tenant_id=ea5d33ea9301470d8c76f39670240425&name=default => generated 2925 bytes in 360 msecs (HTTP/1.1 200) 4 headers in 158 bytes (1 switches on core 0) [pid: 7|app: 0|req: 756/1507] 10.0.0.72 () {32 vars in 739 bytes} [Wed Jun 10 11:40:25 2026] DELETE /v2.0/security-groups/1874b2f9-6033-4c4d-950e-a3fc2267ce01 => generated 0 bytes in 232 msecs (HTTP/1.1 204) 2 headers in 112 bytes (1 switches on core 0)
2026-06-10 11:40:26.040 8 INFO neutron.db.ovn_revision_numbers_db [None req-da3135f2-24a6-404d-9749-515d40a42dde - - - - - -] Successfully bumped revision number for resource 3feca682-7f71-48c4-bb99-10af1484230b (type: ports) to 3
2026-06-10 11:40:26.401 8 WARNING neutron.scheduler.dhcp_agent_scheduler [None req-e71e89d0-3a91-4659-b61e-48b605302494 9986a44232a44ea3854655914842db63 bda526bcb2bb4f5f837fb23af100c0fa - - default default] No more DHCP agents
2026-06-10 11:40:26.402 8 WARNING neutron.api.rpc.agentnotifiers.dhcp_rpc_agent_api [None req-e71e89d0-3a91-4659-b61e-48b605302494 9986a44232a44ea3854655914842db63 bda526bcb2bb4f5f837fb23af100c0fa - - default default] Unable to schedule network a0ad04b1-762c-44c2-b0ed-00b008c58c6c: no agents available; will retry on subsequent port and subnet creation events.
2026-06-10 11:40:26.643 8 INFO neutron.db.ovn_revision_numbers_db [None req-e71e89d0-3a91-4659-b61e-48b605302494 9986a44232a44ea3854655914842db63 bda526bcb2bb4f5f837fb23af100c0fa - - default default] Successfully bumped revision number for resource 3feca682-7f71-48c4-bb99-10af1484230b (type: router_ports) to 3 [pid: 8|app: 0|req: 752/1510] 10.0.0.72 () {34 vars in 782 bytes} [Wed Jun 10 11:40:24 2026] PUT /v2.0/routers/6d117346-e53d-468f-9765-0b518aa184a6/add_router_interface => generated 309 bytes in 1967 msecs (HTTP/1.1 200) 4 headers in 157 bytes (1 switches on core 0) [pid: 7|app: 0|req: 759/1511] 10.0.0.72 () {32 vars in 716 bytes} [Wed Jun 10 11:40:26 2026] GET /v2.0/ports/3feca682-7f71-48c4-bb99-10af1484230b => generated 1013 bytes in 40 msecs (HTTP/1.1 200) 4 headers in 158 bytes (1 switches on core 0) /var/lib/openstack/lib/python3.12/site-packages/pycadf/identifier.py:70: UserWarning: Invalid uuid: neutron. To ensure interoperability, identifiers should be a valid uuid. warnings.warn(('Invalid uuid: %s. To ensure interoperability, '
2026-06-10 11:40:26.963 8 INFO neutron_taas.services.taas.taas_plugin [None req-99b6a565-3a33-408b-8d9d-3d45088a9c1d 9986a44232a44ea3854655914842db63 bda526bcb2bb4f5f837fb23af100c0fa - - default default] TaaS: Handle Delete Port: 3feca682-7f71-48c4-bb99-10af1484230b
2026-06-10 11:40:26.967 8 INFO neutron_taas.services.taas.tap_mirror_plugin [None req-99b6a565-3a33-408b-8d9d-3d45088a9c1d 9986a44232a44ea3854655914842db63 bda526bcb2bb4f5f837fb23af100c0fa - - default default] Tap Mirror: Handle Delete Port: 3feca682-7f71-48c4-bb99-10af1484230b [pid: 8|app: 0|req: 753/1512] 10.0.0.72 () {34 vars in 788 bytes} [Wed Jun 10 11:40:26 2026] PUT /v2.0/routers/6d117346-e53d-468f-9765-0b518aa184a6/remove_router_interface => generated 309 bytes in 633 msecs (HTTP/1.1 200) 4 headers in 157 bytes (1 switches on core 0) /var/lib/openstack/lib/python3.12/site-packages/pycadf/identifier.py:70: UserWarning: Invalid uuid: neutron. To ensure interoperability, identifiers should be a valid uuid. warnings.warn(('Invalid uuid: %s. To ensure interoperability, '
