2026-06-10 11:42:08.860 8 WARNING neutron.scheduler.dhcp_agent_scheduler [None req-af56ac46-beff-4bbf-add7-4c3086bd9b99 1b7c059fd13d4bca895b3eec172b9070 f7a9371456e941df94276f8140bc8300 - - default default] No more DHCP agents
2026-06-10 11:42:08.861 8 WARNING neutron.api.rpc.agentnotifiers.dhcp_rpc_agent_api [None req-af56ac46-beff-4bbf-add7-4c3086bd9b99 1b7c059fd13d4bca895b3eec172b9070 f7a9371456e941df94276f8140bc8300 - - default default] Unable to schedule network be5171c3-6e58-4c77-8126-097091a7c571: no agents available; will retry on subsequent port and subnet creation events.
2026-06-10 11:42:08.900 7 INFO neutron.db.ovn_revision_numbers_db [None req-7fce9da0-4522-498a-a801-bb75c3d2b148 cd17f2b882104fc4af982864e1490dfa fe416fe63a9d431f971f9397f75c6caa - - default default] Successfully bumped revision number for resource 04e3397e-5a97-4eee-b8fd-f4c5992c8d2a (type: security_group_rules) to 0
2026-06-10 11:42:08.931 7 INFO neutron.plugins.ml2.drivers.ovn.mech_driver.mech_driver [None req-864c72d7-e2aa-4fd2-8ea4-1c3e948b7454 - - - - - -] OVN reports status down for port: 1b0aaad9-5ba4-49dc-9d3e-01c909958b2b
2026-06-10 11:42:08.953 8 WARNING neutron.plugins.ml2.drivers.ovn.mech_driver.ovsdb.ovn_client [None req-ec4df1b3-70ec-4cd6-98fe-c211a67e184b - - - - - -] No hosting information found for port 0f99eabc-70ba-493b-9864-e5a7ff0af559: RuntimeError: No hosting information found for port 0f99eabc-70ba-493b-9864-e5a7ff0af559 [pid: 7|app: 0|req: 1089/2295] 10.0.0.72 () {34 vars in 694 bytes} [Wed Jun 10 11:42:08 2026] POST /v2.0/security-group-rules => generated 597 bytes in 219 msecs (HTTP/1.1 201) 4 headers in 162 bytes (1 switches on core 0)
2026-06-10 11:42:08.987 8 INFO neutron.db.ovn_revision_numbers_db [None req-af56ac46-beff-4bbf-add7-4c3086bd9b99 1b7c059fd13d4bca895b3eec172b9070 f7a9371456e941df94276f8140bc8300 - - default default] Successfully bumped revision number for resource 1b0aaad9-5ba4-49dc-9d3e-01c909958b2b (type: ports) to 1 [pid: 8|app: 0|req: 1207/2296] 10.0.0.72 () {34 vars in 669 bytes} [Wed Jun 10 11:42:08 2026] POST /v2.0/networks => generated 651 bytes in 544 msecs (HTTP/1.1 201) 4 headers in 162 bytes (1 switches on core 0)
2026-06-10 11:42:09.084 8 INFO neutron.db.ovn_revision_numbers_db [None req-ec4df1b3-70ec-4cd6-98fe-c211a67e184b - - - - - -] Successfully bumped revision number for resource 0f99eabc-70ba-493b-9864-e5a7ff0af559 (type: router_ports) to 2
2026-06-10 11:42:09.084 8 INFO neutron.plugins.ml2.drivers.ovn.mech_driver.mech_driver [None req-ec4df1b3-70ec-4cd6-98fe-c211a67e184b - - - - - -] OVN reports status down for port: e27ac25e-7371-4326-bb28-32ecb98ff591
2026-06-10 11:42:09.219 7 INFO neutron.db.ovn_revision_numbers_db [None req-47f0fa6d-5cd6-484f-8c33-60fc44334862 cd17f2b882104fc4af982864e1490dfa fe416fe63a9d431f971f9397f75c6caa - - default default] Successfully bumped revision number for resource 0a09dcbf-a864-4e10-9537-116c5476243b (type: security_group_rules) to 0
2026-06-10 11:42:09.228 8 WARNING neutron.plugins.ml2.drivers.ovn.mech_driver.ovsdb.ovn_client [None req-ec4df1b3-70ec-4cd6-98fe-c211a67e184b - - - - - -] Logical_Switch_Port %s host information not removed, the port state is up [pid: 7|app: 0|req: 1090/2297] 10.0.0.72 () {34 vars in 694 bytes} [Wed Jun 10 11:42:08 2026] POST /v2.0/security-group-rules => generated 597 bytes in 281 msecs (HTTP/1.1 201) 4 headers in 162 bytes (1 switches on core 0)
2026-06-10 11:42:09.308 8 INFO neutron.plugins.ml2.drivers.ovn.mech_driver.mech_driver [None req-ec4df1b3-70ec-4cd6-98fe-c211a67e184b - - - - - -] OVN reports status up for port: e27ac25e-7371-4326-bb28-32ecb98ff591
2026-06-10 11:42:09.330 8 INFO neutron.plugins.ml2.plugin [None req-ec4df1b3-70ec-4cd6-98fe-c211a67e184b - - - - - -] Attempt 1 to provision port e27ac25e-7371-4326-bb28-32ecb98ff591
2026-06-10 11:42:09.376 8 WARNING neutron.scheduler.dhcp_agent_scheduler [None req-52707fdc-1e5d-4b09-b0c7-a139572c1ee8 1b7c059fd13d4bca895b3eec172b9070 f7a9371456e941df94276f8140bc8300 - - default default] No more DHCP agents
2026-06-10 11:42:09.379 8 WARNING neutron.api.rpc.agentnotifiers.dhcp_rpc_agent_api [None req-52707fdc-1e5d-4b09-b0c7-a139572c1ee8 1b7c059fd13d4bca895b3eec172b9070 f7a9371456e941df94276f8140bc8300 - - default default] Unable to schedule network be5171c3-6e58-4c77-8126-097091a7c571: no agents available; will retry on subsequent port and subnet creation events.
2026-06-10 11:42:09.449 7 INFO neutron.db.ovn_revision_numbers_db [None req-c4e55c99-8b65-48b2-9006-2233e3aa1fd5 cd17f2b882104fc4af982864e1490dfa fe416fe63a9d431f971f9397f75c6caa - - default default] Successfully bumped revision number for resource c0f9457f-80ba-4c5f-ab8b-45f698eca87f (type: security_group_rules) to 0 [pid: 7|app: 0|req: 1091/2298] 10.0.0.72 () {34 vars in 694 bytes} [Wed Jun 10 11:42:09 2026] POST /v2.0/security-group-rules => generated 597 bytes in 211 msecs (HTTP/1.1 201) 4 headers in 162 bytes (1 switches on core 0)
2026-06-10 11:42:09.670 7 INFO neutron.db.ovn_revision_numbers_db [None req-6b288e69-fea0-4467-9cad-08391c428a1d cd17f2b882104fc4af982864e1490dfa fe416fe63a9d431f971f9397f75c6caa - - default default] Successfully bumped revision number for resource 9f2afbda-88df-43e3-8460-2ba1fedeff0a (type: security_group_rules) to 0 [pid: 7|app: 0|req: 1092/2299] 10.0.0.72 () {34 vars in 694 bytes} [Wed Jun 10 11:42:09 2026] POST /v2.0/security-group-rules => generated 599 bytes in 235 msecs (HTTP/1.1 201) 4 headers in 162 bytes (1 switches on core 0)
2026-06-10 11:42:09.895 7 INFO neutron.db.ovn_revision_numbers_db [None req-46b11da4-dec5-4733-b9f9-ba5df12f5715 cd17f2b882104fc4af982864e1490dfa fe416fe63a9d431f971f9397f75c6caa - - default default] Successfully bumped revision number for resource 6e4fb6bb-a750-4df7-809f-24d7f59d9579 (type: security_group_rules) to 0 [pid: 7|app: 0|req: 1093/2300] 10.0.0.72 () {34 vars in 694 bytes} [Wed Jun 10 11:42:09 2026] POST /v2.0/security-group-rules => generated 601 bytes in 192 msecs (HTTP/1.1 201) 4 headers in 162 bytes (1 switches on core 0)
2026-06-10 11:42:10.101 7 INFO neutron.db.ovn_revision_numbers_db [None req-1f87e11a-0afd-4c2d-8f69-96f42d39f638 cd17f2b882104fc4af982864e1490dfa fe416fe63a9d431f971f9397f75c6caa - - default default] Successfully bumped revision number for resource 9097f70a-33de-4c19-b590-c87a1548f4eb (type: security_group_rules) to 0 [pid: 7|app: 0|req: 1094/2301] 10.0.0.72 () {34 vars in 694 bytes} [Wed Jun 10 11:42:09 2026] POST /v2.0/security-group-rules => generated 597 bytes in 204 msecs (HTTP/1.1 201) 4 headers in 162 bytes (1 switches on core 0) [pid: 7|app: 0|req: 1095/2302] 10.0.0.88 () {34 vars in 1095 bytes} [Wed Jun 10 11:42:10 2026] GET /v2.0/security-groups?name=tempest-lb_member_SG-1094497677&fields=id&tenant_id=fe416fe63a9d431f971f9397f75c6caa => generated 69 bytes in 35 msecs (HTTP/1.1 200) 4 headers in 156 bytes (1 switches on core 0) [pid: 7|app: 0|req: 1096/2303] 10.0.0.88 () {34 vars in 981 bytes} [Wed Jun 10 11:42:10 2026] GET /v2.0/networks?id=9ed99d5f-2b52-47ed-9fab-0d724c5d6d3f => generated 743 bytes in 41 msecs (HTTP/1.1 200) 4 headers in 157 bytes (1 switches on core 0) [pid: 7|app: 0|req: 1097/2304] 10.0.0.88 () {34 vars in 964 bytes} [Wed Jun 10 11:42:10 2026] GET /v2.0/quotas/fe416fe63a9d431f971f9397f75c6caa => generated 292 bytes in 18 msecs (HTTP/1.1 200) 4 headers in 157 bytes (1 switches on core 0) [pid: 7|app: 0|req: 1098/2305] 10.0.0.88 () {34 vars in 1001 bytes} [Wed Jun 10 11:42:10 2026] GET /v2.0/ports?tenant_id=fe416fe63a9d431f971f9397f75c6caa&fields=id => generated 287 bytes in 214 msecs (HTTP/1.1 200) 4 headers in 157 bytes (1 switches on core 0)
2026-06-10 11:42:10.761 8 INFO neutron.db.ovn_revision_numbers_db [None req-ec4df1b3-70ec-4cd6-98fe-c211a67e184b - - - - - -] Successfully bumped revision number for resource e27ac25e-7371-4326-bb28-32ecb98ff591 (type: ports) to 2
2026-06-10 11:42:10.976 8 INFO neutron.db.ovn_revision_numbers_db [None req-e301206b-d336-42e6-a32d-574e37b9667a - - - - - -] Successfully bumped revision number for resource 1b0aaad9-5ba4-49dc-9d3e-01c909958b2b (type: ports) to 2
2026-06-10 11:42:11.026 8 INFO neutron.db.ovn_revision_numbers_db [None req-e301206b-d336-42e6-a32d-574e37b9667a - - - - - -] Successfully bumped revision number for resource 6b6c305c-d69a-45df-adfa-17061ce60fa3 (type: subnets) to 0 [pid: 8|app: 0|req: 1208/2306] 10.0.0.72 () {34 vars in 668 bytes} [Wed Jun 10 11:42:09 2026] POST /v2.0/subnets => generated 629 bytes in 2020 msecs (HTTP/1.1 201) 4 headers in 162 bytes (1 switches on core 0) [pid: 8|app: 0|req: 1209/2307] 10.0.0.88 () {34 vars in 1007 bytes} [Wed Jun 10 11:42:11 2026] GET /v2.0/networks/9ed99d5f-2b52-47ed-9fab-0d724c5d6d3f?fields=segments => generated 14 bytes in 48 msecs (HTTP/1.1 200) 4 headers in 156 bytes (1 switches on core 0)
2026-06-10 11:42:11.215 7 INFO neutron.db.ovn_revision_numbers_db [None req-c0143f53-a0b4-4da9-8314-222716a69475 f49dea911a0f430885768d3af7607298 06b98f5163324e968953c476257e9391 - - default default] Successfully bumped revision number for resource 7fb7982b-f85a-45ce-be62-b5ac553ccf4b (type: security_groups) to 1
2026-06-10 11:42:11.265 7 INFO neutron.db.ovn_revision_numbers_db [None req-c0143f53-a0b4-4da9-8314-222716a69475 f49dea911a0f430885768d3af7607298 06b98f5163324e968953c476257e9391 - - default default] Successfully bumped revision number for resource 0a13d5c3-5299-4a87-a3e1-cbaed3d68c1d (type: security_group_rules) to 0
2026-06-10 11:42:11.301 7 INFO neutron.db.ovn_revision_numbers_db [None req-c0143f53-a0b4-4da9-8314-222716a69475 f49dea911a0f430885768d3af7607298 06b98f5163324e968953c476257e9391 - - default default] Successfully bumped revision number for resource 2a4fef9f-2ed0-45a7-af0c-bd202e299189 (type: security_group_rules) to 0
2026-06-10 11:42:11.342 7 INFO neutron.db.ovn_revision_numbers_db [None req-c0143f53-a0b4-4da9-8314-222716a69475 f49dea911a0f430885768d3af7607298 06b98f5163324e968953c476257e9391 - - default default] Successfully bumped revision number for resource 38859984-e3b7-448c-ad30-4e0b6a8653cf (type: security_group_rules) to 0
2026-06-10 11:42:11.356 7 INFO neutron.db.ovn_revision_numbers_db [None req-c0143f53-a0b4-4da9-8314-222716a69475 f49dea911a0f430885768d3af7607298 06b98f5163324e968953c476257e9391 - - default default] Successfully bumped revision number for resource 5d606987-08ff-44ee-86d1-d1352119538c (type: security_group_rules) to 0
2026-06-10 11:42:11.448 7 INFO neutron.db.segments_db [None req-c0143f53-a0b4-4da9-8314-222716a69475 f49dea911a0f430885768d3af7607298 06b98f5163324e968953c476257e9391 - - default default] Added segment aa44fdcd-c0a5-47ae-aefa-8ac3ce9f82ea of type geneve for network c5d71578-8a47-4b40-94cf-ddad3551d478
2026-06-10 11:42:11.530 8 WARNING neutron.scheduler.dhcp_agent_scheduler [None req-5edee186-360e-4476-9838-c63c6a7b3add 1b7c059fd13d4bca895b3eec172b9070 f7a9371456e941df94276f8140bc8300 - - default default] No more DHCP agents
2026-06-10 11:42:11.531 8 WARNING neutron.api.rpc.agentnotifiers.dhcp_rpc_agent_api [None req-5edee186-360e-4476-9838-c63c6a7b3add 1b7c059fd13d4bca895b3eec172b9070 f7a9371456e941df94276f8140bc8300 - - default default] Unable to schedule network 2b9297cf-8e91-40af-b827-3a5d05697c1d: no agents available; will retry on subsequent port and subnet creation events.
2026-06-10 11:42:11.603 7 INFO neutron.db.ovn_revision_numbers_db [None req-c0143f53-a0b4-4da9-8314-222716a69475 f49dea911a0f430885768d3af7607298 06b98f5163324e968953c476257e9391 - - default default] Successfully bumped revision number for resource c5d71578-8a47-4b40-94cf-ddad3551d478 (type: networks) to 1
2026-06-10 11:42:11.628 7 INFO neutron.plugins.ml2.drivers.ovn.mech_driver.mech_driver [None req-864c72d7-e2aa-4fd2-8ea4-1c3e948b7454 - - - - - -] OVN reports status down for port: 2e9b976c-792d-4ec5-84eb-09cd727c8d81
2026-06-10 11:42:11.662 8 INFO neutron.db.ovn_revision_numbers_db [None req-5edee186-360e-4476-9838-c63c6a7b3add 1b7c059fd13d4bca895b3eec172b9070 f7a9371456e941df94276f8140bc8300 - - default default] Successfully bumped revision number for resource 2e9b976c-792d-4ec5-84eb-09cd727c8d81 (type: ports) to 1
2026-06-10 11:42:11.830 7 WARNING neutron.scheduler.dhcp_agent_scheduler [None req-c0143f53-a0b4-4da9-8314-222716a69475 f49dea911a0f430885768d3af7607298 06b98f5163324e968953c476257e9391 - - default default] No more DHCP agents
2026-06-10 11:42:11.831 7 WARNING neutron.api.rpc.agentnotifiers.dhcp_rpc_agent_api [None req-c0143f53-a0b4-4da9-8314-222716a69475 f49dea911a0f430885768d3af7607298 06b98f5163324e968953c476257e9391 - - default default] Unable to schedule network c5d71578-8a47-4b40-94cf-ddad3551d478: no agents available; will retry on subsequent port and subnet creation events.
2026-06-10 11:42:11.910 7 INFO neutron.db.ovn_revision_numbers_db [None req-c0143f53-a0b4-4da9-8314-222716a69475 f49dea911a0f430885768d3af7607298 06b98f5163324e968953c476257e9391 - - default default] Successfully bumped revision number for resource ac58e74a-3650-4fdf-a4c0-e3ff65b9ac9e (type: ports) to 1 [pid: 7|app: 0|req: 1099/2310] 10.0.0.72 () {34 vars in 669 bytes} [Wed Jun 10 11:42:10 2026] POST /v2.0/networks => generated 651 bytes in 1228 msecs (HTTP/1.1 201) 4 headers in 162 bytes (1 switches on core 0) [pid: 7|app: 0|req: 1100/2311] 10.0.0.88 () {34 vars in 1107 bytes} [Wed Jun 10 11:42:11 2026] GET /v2.0/networks/9ed99d5f-2b52-47ed-9fab-0d724c5d6d3f?fields=provider%3Aphysical_network&fields=provider%3Anetwork_type => generated 79 bytes in 39 msecs (HTTP/1.1 200) 4 headers in 156 bytes (1 switches on core 0)
2026-06-10 11:42:12.303 8 INFO neutron.plugins.ml2.drivers.ovn.mech_driver.ovsdb.commands [None req-2b500a30-859b-433b-a62b-6f26176e78d2 - - - - - -] Schedule LRP lrp-2e9b976c-792d-4ec5-84eb-09cd727c8d81 on gateway a6ffd54c-63e1-417e-931a-838c8deeee5a with priority 1
2026-06-10 11:42:12.332 7 INFO neutron.plugins.ml2.drivers.ovn.mech_driver.mech_driver [None req-864c72d7-e2aa-4fd2-8ea4-1c3e948b7454 - - - - - -] OVN reports status up for port: 2e9b976c-792d-4ec5-84eb-09cd727c8d81
2026-06-10 11:42:12.459 8 INFO neutron.db.ovn_revision_numbers_db [None req-5edee186-360e-4476-9838-c63c6a7b3add 1b7c059fd13d4bca895b3eec172b9070 f7a9371456e941df94276f8140bc8300 - - default default] Successfully bumped revision number for resource 2e9b976c-792d-4ec5-84eb-09cd727c8d81 (type: router_ports) to 1
2026-06-10 11:42:12.459 7 INFO neutron.db.ovn_revision_numbers_db [None req-eede4ad7-8ac1-4b1b-8821-5abe7142372f ba68fe34adce4ca3a77c1da6009ed07e 66ab0ce94cd844ff9888c3de30ca4dcc - - default default] Successfully bumped revision number for resource 0179d932-7eb3-477a-843b-a2f876c70c19 (type: security_groups) to 1
2026-06-10 11:42:12.462 7 INFO neutron.plugins.ml2.plugin [None req-864c72d7-e2aa-4fd2-8ea4-1c3e948b7454 - - - - - -] Attempt 1 to provision port 2e9b976c-792d-4ec5-84eb-09cd727c8d81
2026-06-10 11:42:12.518 7 INFO neutron.db.ovn_revision_numbers_db [None req-eede4ad7-8ac1-4b1b-8821-5abe7142372f ba68fe34adce4ca3a77c1da6009ed07e 66ab0ce94cd844ff9888c3de30ca4dcc - - default default] Successfully bumped revision number for resource 652d1561-38f4-4bd2-a4bf-9af450297012 (type: security_group_rules) to 0
2026-06-10 11:42:12.557 8 INFO neutron.db.ovn_revision_numbers_db [None req-5edee186-360e-4476-9838-c63c6a7b3add 1b7c059fd13d4bca895b3eec172b9070 f7a9371456e941df94276f8140bc8300 - - default default] Successfully bumped revision number for resource ba60fca6-a6e8-4f3c-8871-0346250a9148 (type: routers) to 2
2026-06-10 11:42:12.567 7 INFO neutron.db.ovn_revision_numbers_db [None req-eede4ad7-8ac1-4b1b-8821-5abe7142372f ba68fe34adce4ca3a77c1da6009ed07e 66ab0ce94cd844ff9888c3de30ca4dcc - - default default] Successfully bumped revision number for resource 948cdd3c-f0e0-4e51-aec6-44a26aad25e6 (type: security_group_rules) to 0 [pid: 8|app: 0|req: 1212/2312] 10.0.0.72 () {34 vars in 668 bytes} [Wed Jun 10 11:42:11 2026] POST /v2.0/routers => generated 937 bytes in 1486 msecs (HTTP/1.1 201) 4 headers in 162 bytes (1 switches on core 0)
2026-06-10 11:42:12.594 7 INFO neutron.db.ovn_revision_numbers_db [None req-eede4ad7-8ac1-4b1b-8821-5abe7142372f ba68fe34adce4ca3a77c1da6009ed07e 66ab0ce94cd844ff9888c3de30ca4dcc - - default default] Successfully bumped revision number for resource a72b24d3-6354-4018-bcaa-3e51e7e0c0cc (type: security_group_rules) to 0
2026-06-10 11:42:12.643 7 INFO neutron.db.ovn_revision_numbers_db [None req-eede4ad7-8ac1-4b1b-8821-5abe7142372f ba68fe34adce4ca3a77c1da6009ed07e 66ab0ce94cd844ff9888c3de30ca4dcc - - default default] Successfully bumped revision number for resource b22149dd-f710-4ac1-9a83-a9515173a1e8 (type: security_group_rules) to 0
2026-06-10 11:42:12.686 8 INFO neutron.db.segments_db [None req-5f8b2ec6-27f6-4a95-909f-065ae65d7bbf f49dea911a0f430885768d3af7607298 06b98f5163324e968953c476257e9391 - - default default] Added segment d1eeeabd-c836-41a7-be4e-6dc5c820c119 of type geneve for network 723849cd-9f61-4f6b-a4fb-588d5c1db979
2026-06-10 11:42:12.725 7 INFO neutron.db.segments_db [None req-eede4ad7-8ac1-4b1b-8821-5abe7142372f ba68fe34adce4ca3a77c1da6009ed07e 66ab0ce94cd844ff9888c3de30ca4dcc - - default default] Added segment 90e57f25-be3b-4399-8059-dd409c85bee7 of type geneve for network 535bb1d9-6a57-4f18-be12-ca88e8af65a8
2026-06-10 11:42:12.838 8 INFO neutron.db.ovn_revision_numbers_db [None req-5f8b2ec6-27f6-4a95-909f-065ae65d7bbf f49dea911a0f430885768d3af7607298 06b98f5163324e968953c476257e9391 - - default default] Successfully bumped revision number for resource 723849cd-9f61-4f6b-a4fb-588d5c1db979 (type: networks) to 1
2026-06-10 11:42:12.998 7 INFO neutron.db.ovn_revision_numbers_db [None req-eede4ad7-8ac1-4b1b-8821-5abe7142372f ba68fe34adce4ca3a77c1da6009ed07e 66ab0ce94cd844ff9888c3de30ca4dcc - - default default] Successfully bumped revision number for resource 535bb1d9-6a57-4f18-be12-ca88e8af65a8 (type: networks) to 1
2026-06-10 11:42:13.083 8 WARNING neutron.scheduler.dhcp_agent_scheduler [None req-5f8b2ec6-27f6-4a95-909f-065ae65d7bbf f49dea911a0f430885768d3af7607298 06b98f5163324e968953c476257e9391 - - default default] No more DHCP agents
2026-06-10 11:42:13.084 8 WARNING neutron.api.rpc.agentnotifiers.dhcp_rpc_agent_api [None req-5f8b2ec6-27f6-4a95-909f-065ae65d7bbf f49dea911a0f430885768d3af7607298 06b98f5163324e968953c476257e9391 - - default default] Unable to schedule network 723849cd-9f61-4f6b-a4fb-588d5c1db979: no agents available; will retry on subsequent port and subnet creation events.
2026-06-10 11:42:13.335 8 INFO neutron.db.ovn_revision_numbers_db [None req-5f8b2ec6-27f6-4a95-909f-065ae65d7bbf f49dea911a0f430885768d3af7607298 06b98f5163324e968953c476257e9391 - - default default] Successfully bumped revision number for resource ac15f5e1-4e92-4edb-b4b8-bad857263550 (type: ports) to 1
2026-06-10 11:42:13.343 7 WARNING neutron.scheduler.dhcp_agent_scheduler [None req-eede4ad7-8ac1-4b1b-8821-5abe7142372f ba68fe34adce4ca3a77c1da6009ed07e 66ab0ce94cd844ff9888c3de30ca4dcc - - default default] No more DHCP agents
2026-06-10 11:42:13.345 7 WARNING neutron.api.rpc.agentnotifiers.dhcp_rpc_agent_api [None req-eede4ad7-8ac1-4b1b-8821-5abe7142372f ba68fe34adce4ca3a77c1da6009ed07e 66ab0ce94cd844ff9888c3de30ca4dcc - - default default] Unable to schedule network 535bb1d9-6a57-4f18-be12-ca88e8af65a8: no agents available; will retry on subsequent port and subnet creation events. [pid: 8|app: 0|req: 1213/2313] 10.0.0.72 () {34 vars in 669 bytes} [Wed Jun 10 11:42:12 2026] POST /v2.0/networks => generated 651 bytes in 895 msecs (HTTP/1.1 201) 4 headers in 162 bytes (1 switches on core 0) [pid: 8|app: 0|req: 1214/2314] 10.0.0.88 () {34 vars in 989 bytes} [Wed Jun 10 11:42:13 2026] GET /v2.0/ports?device_id=ee4ea35c-dba9-4091-ae10-33943902bc21 => generated 12 bytes in 21 msecs (HTTP/1.1 200) 4 headers in 156 bytes (1 switches on core 0)
2026-06-10 11:42:13.571 7 INFO neutron.db.ovn_revision_numbers_db [None req-eede4ad7-8ac1-4b1b-8821-5abe7142372f ba68fe34adce4ca3a77c1da6009ed07e 66ab0ce94cd844ff9888c3de30ca4dcc - - default default] Successfully bumped revision number for resource 053ecb41-af84-4de4-a23e-970df6513c73 (type: ports) to 1 [pid: 7|app: 0|req: 1101/2315] 10.0.0.72 () {34 vars in 670 bytes} [Wed Jun 10 11:42:11 2026] POST /v2.0/networks => generated 651 bytes in 1665 msecs (HTTP/1.1 201) 4 headers in 162 bytes (1 switches on core 0)
2026-06-10 11:42:13.765 7 INFO neutron.db.segments_db [None req-6e37e46b-7ac0-45d8-b164-c2e3892668e0 f49dea911a0f430885768d3af7607298 06b98f5163324e968953c476257e9391 - - default default] Added segment 05beabe1-d969-437e-be4f-321eed963900 of type geneve for network 240fd53d-65fc-4b58-9ca5-8a18eaaeb947
2026-06-10 11:42:13.946 7 INFO neutron.db.ovn_revision_numbers_db [None req-6e37e46b-7ac0-45d8-b164-c2e3892668e0 f49dea911a0f430885768d3af7607298 06b98f5163324e968953c476257e9391 - - default default] Successfully bumped revision number for resource 240fd53d-65fc-4b58-9ca5-8a18eaaeb947 (type: networks) to 1
2026-06-10 11:42:14.047 8 WARNING neutron.scheduler.dhcp_agent_scheduler [None req-c048c64a-d28a-4bbf-b483-98db3c6a41d1 1b7c059fd13d4bca895b3eec172b9070 f7a9371456e941df94276f8140bc8300 - - default default] No more DHCP agents
2026-06-10 11:42:14.049 8 WARNING neutron.api.rpc.agentnotifiers.dhcp_rpc_agent_api [None req-c048c64a-d28a-4bbf-b483-98db3c6a41d1 1b7c059fd13d4bca895b3eec172b9070 f7a9371456e941df94276f8140bc8300 - - default default] Unable to schedule network be5171c3-6e58-4c77-8126-097091a7c571: no agents available; will retry on subsequent port and subnet creation events.
2026-06-10 11:42:14.145 7 WARNING neutron.scheduler.dhcp_agent_scheduler [None req-6e37e46b-7ac0-45d8-b164-c2e3892668e0 f49dea911a0f430885768d3af7607298 06b98f5163324e968953c476257e9391 - - default default] No more DHCP agents
2026-06-10 11:42:14.147 7 WARNING neutron.api.rpc.agentnotifiers.dhcp_rpc_agent_api [None req-6e37e46b-7ac0-45d8-b164-c2e3892668e0 f49dea911a0f430885768d3af7607298 06b98f5163324e968953c476257e9391 - - default default] Unable to schedule network 240fd53d-65fc-4b58-9ca5-8a18eaaeb947: no agents available; will retry on subsequent port and subnet creation events.
2026-06-10 11:42:14.335 8 INFO neutron.db.ovn_revision_numbers_db [None req-c048c64a-d28a-4bbf-b483-98db3c6a41d1 1b7c059fd13d4bca895b3eec172b9070 f7a9371456e941df94276f8140bc8300 - - default default] Successfully bumped revision number for resource 59711759-b762-4c77-bb55-751a6b0553dd (type: ports) to 1
2026-06-10 11:42:14.370 7 INFO neutron.db.ovn_revision_numbers_db [None req-6e37e46b-7ac0-45d8-b164-c2e3892668e0 f49dea911a0f430885768d3af7607298 06b98f5163324e968953c476257e9391 - - default default] Successfully bumped revision number for resource a572e757-753a-488b-bb13-3c4b0df6bfc8 (type: ports) to 1 [pid: 7|app: 0|req: 1102/2316] 10.0.0.72 () {34 vars in 669 bytes} [Wed Jun 10 11:42:13 2026] POST /v2.0/networks => generated 651 bytes in 827 msecs (HTTP/1.1 201) 4 headers in 162 bytes (1 switches on core 0)
2026-06-10 11:42:15.166 8 WARNING neutron.scheduler.dhcp_agent_scheduler [None req-c048c64a-d28a-4bbf-b483-98db3c6a41d1 1b7c059fd13d4bca895b3eec172b9070 f7a9371456e941df94276f8140bc8300 - - default default] No more DHCP agents
2026-06-10 11:42:15.168 8 WARNING neutron.api.rpc.agentnotifiers.dhcp_rpc_agent_api [None req-c048c64a-d28a-4bbf-b483-98db3c6a41d1 1b7c059fd13d4bca895b3eec172b9070 f7a9371456e941df94276f8140bc8300 - - default default] Unable to schedule network be5171c3-6e58-4c77-8126-097091a7c571: no agents available; will retry on subsequent port and subnet creation events.
2026-06-10 11:42:15.321 7 WARNING neutron.scheduler.dhcp_agent_scheduler [None req-38a5ce4e-0708-4027-9e2d-9a0f9e6922a4 ba68fe34adce4ca3a77c1da6009ed07e 66ab0ce94cd844ff9888c3de30ca4dcc - - default default] No more DHCP agents
2026-06-10 11:42:15.323 7 WARNING neutron.api.rpc.agentnotifiers.dhcp_rpc_agent_api [None req-38a5ce4e-0708-4027-9e2d-9a0f9e6922a4 ba68fe34adce4ca3a77c1da6009ed07e 66ab0ce94cd844ff9888c3de30ca4dcc - - default default] Unable to schedule network 2b9297cf-8e91-40af-b827-3a5d05697c1d: no agents available; will retry on subsequent port and subnet creation events.
2026-06-10 11:42:15.511 7 INFO neutron.db.ovn_revision_numbers_db [None req-38a5ce4e-0708-4027-9e2d-9a0f9e6922a4 ba68fe34adce4ca3a77c1da6009ed07e 66ab0ce94cd844ff9888c3de30ca4dcc - - default default] Successfully bumped revision number for resource 09f4e944-ed66-4c9a-ada8-b17ed4d2f5f6 (type: ports) to 1
2026-06-10 11:42:15.554 8 INFO neutron.db.ovn_revision_numbers_db [None req-c048c64a-d28a-4bbf-b483-98db3c6a41d1 1b7c059fd13d4bca895b3eec172b9070 f7a9371456e941df94276f8140bc8300 - - default default] Successfully bumped revision number for resource 59711759-b762-4c77-bb55-751a6b0553dd (type: router_ports) to 1 [pid: 8|app: 0|req: 1215/2317] 10.0.0.72 () {34 vars in 782 bytes} [Wed Jun 10 11:42:13 2026] PUT /v2.0/routers/ba60fca6-a6e8-4f3c-8871-0346250a9148/add_router_interface => generated 309 bytes in 2057 msecs (HTTP/1.1 200) 4 headers in 157 bytes (1 switches on core 0)
2026-06-10 11:42:15.742 8 INFO neutron.db.segments_db [None req-7b9361d6-2991-41b3-b0d8-947da0e99037 f49dea911a0f430885768d3af7607298 06b98f5163324e968953c476257e9391 - - default default] Added segment 8a762263-32a9-4494-b17b-b6c5c59b0894 of type geneve for network 0d8674d9-751b-463b-b27c-926a1cd5a776
2026-06-10 11:42:15.967 8 INFO neutron.db.ovn_revision_numbers_db [None req-7b9361d6-2991-41b3-b0d8-947da0e99037 f49dea911a0f430885768d3af7607298 06b98f5163324e968953c476257e9391 - - default default] Successfully bumped revision number for resource 0d8674d9-751b-463b-b27c-926a1cd5a776 (type: networks) to 1
2026-06-10 11:42:16.179 8 WARNING neutron.scheduler.dhcp_agent_scheduler [None req-7b9361d6-2991-41b3-b0d8-947da0e99037 f49dea911a0f430885768d3af7607298 06b98f5163324e968953c476257e9391 - - default default] No more DHCP agents
2026-06-10 11:42:16.181 8 WARNING neutron.api.rpc.agentnotifiers.dhcp_rpc_agent_api [None req-7b9361d6-2991-41b3-b0d8-947da0e99037 f49dea911a0f430885768d3af7607298 06b98f5163324e968953c476257e9391 - - default default] Unable to schedule network 0d8674d9-751b-463b-b27c-926a1cd5a776: no agents available; will retry on subsequent port and subnet creation events.
2026-06-10 11:42:16.192 7 INFO neutron.plugins.ml2.drivers.ovn.mech_driver.ovsdb.commands [None req-ae545180-4658-4191-b0ae-ff833f5f4d49 - - - - - -] Schedule LRP lrp-09f4e944-ed66-4c9a-ada8-b17ed4d2f5f6 on gateway a6ffd54c-63e1-417e-931a-838c8deeee5a with priority 1
2026-06-10 11:42:16.220 7 INFO neutron.plugins.ml2.drivers.ovn.mech_driver.ovsdb.ovsdb_monitor [None req-80f20bb1-eead-4ac9-a571-50c3ee828f79 - - - - - -] Router c80f3a96-d669-416a-ab6b-90d371ae65dd is bound to host instance
2026-06-10 11:42:16.408 8 INFO neutron.db.ovn_revision_numbers_db [None req-7b9361d6-2991-41b3-b0d8-947da0e99037 f49dea911a0f430885768d3af7607298 06b98f5163324e968953c476257e9391 - - default default] Successfully bumped revision number for resource dbf4a126-926d-4e34-87f5-70983fc71110 (type: ports) to 1
2026-06-10 11:42:16.444 7 INFO neutron.db.ovn_revision_numbers_db [None req-38a5ce4e-0708-4027-9e2d-9a0f9e6922a4 ba68fe34adce4ca3a77c1da6009ed07e 66ab0ce94cd844ff9888c3de30ca4dcc - - default default] Successfully bumped revision number for resource 09f4e944-ed66-4c9a-ada8-b17ed4d2f5f6 (type: router_ports) to 1
2026-06-10 11:42:16.475 8 WARNING neutron.plugins.ml2.drivers.ovn.mech_driver.ovsdb.ovn_client [None req-c6cedb3a-1a22-489f-afa1-41963129c0ac - - - - - -] No hosting information found for port e27ac25e-7371-4326-bb28-32ecb98ff591: RuntimeError: No hosting information found for port e27ac25e-7371-4326-bb28-32ecb98ff591 [pid: 8|app: 0|req: 1216/2318] 10.0.0.72 () {34 vars in 669 bytes} [Wed Jun 10 11:42:15 2026] POST /v2.0/networks => generated 650 bytes in 925 msecs (HTTP/1.1 201) 4 headers in 162 bytes (1 switches on core 0)
2026-06-10 11:42:16.590 7 INFO neutron.db.ovn_revision_numbers_db [None req-38a5ce4e-0708-4027-9e2d-9a0f9e6922a4 ba68fe34adce4ca3a77c1da6009ed07e 66ab0ce94cd844ff9888c3de30ca4dcc - - default default] Successfully bumped revision number for resource c80f3a96-d669-416a-ab6b-90d371ae65dd (type: routers) to 2
2026-06-10 11:42:16.656 8 INFO neutron.db.ovn_revision_numbers_db [None req-c6cedb3a-1a22-489f-afa1-41963129c0ac - - - - - -] Successfully bumped revision number for resource e27ac25e-7371-4326-bb28-32ecb98ff591 (type: router_ports) to 2
2026-06-10 11:42:16.657 8 INFO neutron.plugins.ml2.drivers.ovn.mech_driver.mech_driver [None req-c6cedb3a-1a22-489f-afa1-41963129c0ac - - - - - -] OVN reports status down for port: dd4bfc7e-8b1b-4db0-822d-bd8a38586d34 [pid: 7|app: 0|req: 1103/2319] 10.0.0.72 () {34 vars in 668 bytes} [Wed Jun 10 11:42:14 2026] POST /v2.0/routers => generated 955 bytes in 2182 msecs (HTTP/1.1 201) 4 headers in 162 bytes (1 switches on core 0)
2026-06-10 11:42:16.836 8 WARNING neutron.plugins.ml2.drivers.ovn.mech_driver.ovsdb.ovn_client [None req-c6cedb3a-1a22-489f-afa1-41963129c0ac - - - - - -] Logical_Switch_Port %s host information not removed, the port state is up
2026-06-10 11:42:16.837 8 INFO neutron.plugins.ml2.drivers.ovn.mech_driver.mech_driver [None req-c6cedb3a-1a22-489f-afa1-41963129c0ac - - - - - -] OVN reports status up for port: dd4bfc7e-8b1b-4db0-822d-bd8a38586d34
2026-06-10 11:42:16.911 7 INFO neutron.db.segments_db [None req-8dd52816-081b-467f-9fe2-b148b7ba1639 f49dea911a0f430885768d3af7607298 06b98f5163324e968953c476257e9391 - - default default] Added segment c471282f-8c84-4f19-ac58-ec5f77137551 of type geneve for network 57a8212b-2d92-48ac-a900-5d485e72eef4
2026-06-10 11:42:16.914 8 INFO neutron.plugins.ml2.plugin [None req-c6cedb3a-1a22-489f-afa1-41963129c0ac - - - - - -] Attempt 1 to provision port dd4bfc7e-8b1b-4db0-822d-bd8a38586d34
2026-06-10 11:42:17.240 7 INFO neutron.db.ovn_revision_numbers_db [None req-8dd52816-081b-467f-9fe2-b148b7ba1639 f49dea911a0f430885768d3af7607298 06b98f5163324e968953c476257e9391 - - default default] Successfully bumped revision number for resource 57a8212b-2d92-48ac-a900-5d485e72eef4 (type: networks) to 1
2026-06-10 11:42:17.459 7 INFO neutron.db.ovn_revision_numbers_db [None req-84bfc986-9b37-4f90-a6a9-861d4baeca84 - - - - - -] Successfully bumped revision number for resource 09f4e944-ed66-4c9a-ada8-b17ed4d2f5f6 (type: ports) to 4
2026-06-10 11:42:17.625 7 WARNING neutron.scheduler.dhcp_agent_scheduler [None req-8dd52816-081b-467f-9fe2-b148b7ba1639 f49dea911a0f430885768d3af7607298 06b98f5163324e968953c476257e9391 - - default default] No more DHCP agents
2026-06-10 11:42:17.633 7 WARNING neutron.api.rpc.agentnotifiers.dhcp_rpc_agent_api [None req-8dd52816-081b-467f-9fe2-b148b7ba1639 f49dea911a0f430885768d3af7607298 06b98f5163324e968953c476257e9391 - - default default] Unable to schedule network 57a8212b-2d92-48ac-a900-5d485e72eef4: no agents available; will retry on subsequent port and subnet creation events.
2026-06-10 11:42:17.664 8 WARNING neutron.scheduler.dhcp_agent_scheduler [None req-ccd38ec8-f9d8-4870-bb46-d280b292aa13 - - - - - -] No more DHCP agents
2026-06-10 11:42:17.671 8 WARNING neutron.api.rpc.agentnotifiers.dhcp_rpc_agent_api [None req-ccd38ec8-f9d8-4870-bb46-d280b292aa13 - - - - - -] Unable to schedule network 2b9297cf-8e91-40af-b827-3a5d05697c1d: no agents available; will retry on subsequent port and subnet creation events.
2026-06-10 11:42:17.824 8 INFO neutron.db.ovn_revision_numbers_db [None req-c6cedb3a-1a22-489f-afa1-41963129c0ac - - - - - -] Successfully bumped revision number for resource dd4bfc7e-8b1b-4db0-822d-bd8a38586d34 (type: ports) to 2
2026-06-10 11:42:17.885 7 WARNING neutron.plugins.ml2.drivers.ovn.mech_driver.ovsdb.ovn_client [None req-864c72d7-e2aa-4fd2-8ea4-1c3e948b7454 - - - - - -] No hosting information found for port 2e9b976c-792d-4ec5-84eb-09cd727c8d81: RuntimeError: No hosting information found for port 2e9b976c-792d-4ec5-84eb-09cd727c8d81
2026-06-10 11:42:17.890 7 INFO neutron.plugins.ml2.drivers.ovn.mech_driver.mech_driver [None req-864c72d7-e2aa-4fd2-8ea4-1c3e948b7454 - - - - - -] OVN reports status down for port: ac15f5e1-4e92-4edb-b4b8-bad857263550
2026-06-10 11:42:17.928 7 INFO neutron.db.ovn_revision_numbers_db [None req-8dd52816-081b-467f-9fe2-b148b7ba1639 f49dea911a0f430885768d3af7607298 06b98f5163324e968953c476257e9391 - - default default] Successfully bumped revision number for resource 0639c970-45ac-44a5-9cce-f409d56bb06a (type: ports) to 1
2026-06-10 11:42:17.963 8 INFO neutron.db.ovn_revision_numbers_db [None req-ccd38ec8-f9d8-4870-bb46-d280b292aa13 - - - - - -] Successfully bumped revision number for resource bed7066f-a517-4f3e-949f-27df1d551e13 (type: ports) to 1 [pid: 7|app: 0|req: 1104/2320] 10.0.0.72 () {34 vars in 669 bytes} [Wed Jun 10 11:42:16 2026] POST /v2.0/networks => generated 651 bytes in 1351 msecs (HTTP/1.1 201) 4 headers in 162 bytes (1 switches on core 0)
2026-06-10 11:42:18.127 7 INFO neutron.plugins.ml2.drivers.ovn.mech_driver.mech_driver [None req-864c72d7-e2aa-4fd2-8ea4-1c3e948b7454 - - - - - -] OVN reports status down for port: a572e757-753a-488b-bb13-3c4b0df6bfc8 [pid: 7|app: 0|req: 1105/2321] 199.204.45.113 () {34 vars in 986 bytes} [Wed Jun 10 11:42:18 2026] GET /v2.0/networks?id=9ed99d5f-2b52-47ed-9fab-0d724c5d6d3f => generated 743 bytes in 190 msecs (HTTP/1.1 200) 4 headers in 157 bytes (1 switches on core 0) [pid: 7|app: 0|req: 1106/2322] 10.0.0.72 () {32 vars in 775 bytes} [Wed Jun 10 11:42:18 2026] GET /v2.0/subnets?project_id=66ab0ce94cd844ff9888c3de30ca4dcc&cidr=10.100.0.0%2F28 => generated 14 bytes in 81 msecs (HTTP/1.1 200) 4 headers in 156 bytes (1 switches on core 0)
2026-06-10 11:42:18.319 7 INFO neutron.db.ovn_revision_numbers_db [None req-84bfc986-9b37-4f90-a6a9-861d4baeca84 - - - - - -] Successfully bumped revision number for resource 09f4e944-ed66-4c9a-ada8-b17ed4d2f5f6 (type: ports) to 5
2026-06-10 11:42:18.348 7 INFO neutron.plugins.ml2.drivers.ovn.mech_driver.mech_driver [None req-864c72d7-e2aa-4fd2-8ea4-1c3e948b7454 - - - - - -] OVN reports status down for port: 59711759-b762-4c77-bb55-751a6b0553dd
2026-06-10 11:42:18.364 8 INFO neutron.db.ovn_revision_numbers_db [None req-ccd38ec8-f9d8-4870-bb46-d280b292aa13 - - - - - -] Successfully bumped revision number for resource bed7066f-a517-4f3e-949f-27df1d551e13 (type: ports) to 3
2026-06-10 11:42:18.425 8 INFO neutron.db.segments_db [None req-ccd38ec8-f9d8-4870-bb46-d280b292aa13 - - - - - -] Added segment b6fd4b0e-939c-4362-9202-0349a4d8a4fe of type geneve for network e44902e9-a661-49af-8f88-93a6bde6d7cd [pid: 7|app: 0|req: 1107/2323] 10.0.0.72 () {34 vars in 752 bytes} [Wed Jun 10 11:42:18 2026] PUT /v2.0/networks/c5d71578-8a47-4b40-94cf-ddad3551d478/tags => generated 17 bytes in 234 msecs (HTTP/1.1 200) 4 headers in 156 bytes (1 switches on core 0)
2026-06-10 11:42:18.593 7 WARNING neutron.plugins.ml2.drivers.ovn.mech_driver.ovsdb.ovn_client [None req-864c72d7-e2aa-4fd2-8ea4-1c3e948b7454 - - - - - -] Logical_Switch_Port %s host information not removed, the port state is up
2026-06-10 11:42:18.593 7 INFO neutron.plugins.ml2.drivers.ovn.mech_driver.mech_driver [None req-864c72d7-e2aa-4fd2-8ea4-1c3e948b7454 - - - - - -] OVN reports status up for port: 59711759-b762-4c77-bb55-751a6b0553dd [pid: 7|app: 0|req: 1108/2324] 199.204.45.113 () {34 vars in 1050 bytes} [Wed Jun 10 11:42:18 2026] GET /v2.0/security-groups?fields=id&fields=name&tenant_id=fe416fe63a9d431f971f9397f75c6caa => generated 179 bytes in 96 msecs (HTTP/1.1 200) 4 headers in 157 bytes (1 switches on core 0)
2026-06-10 11:42:18.645 7 INFO neutron.plugins.ml2.plugin [None req-864c72d7-e2aa-4fd2-8ea4-1c3e948b7454 - - - - - -] Attempt 1 to provision port 59711759-b762-4c77-bb55-751a6b0553dd
2026-06-10 11:42:18.700 8 INFO neutron.db.ovn_revision_numbers_db [None req-3d741797-a06a-4979-9816-de467ed7f97e - - - - - -] Successfully bumped revision number for resource e44902e9-a661-49af-8f88-93a6bde6d7cd (type: networks) to 1 [pid: 7|app: 0|req: 1109/2325] 10.0.0.72 () {32 vars in 693 bytes} [Wed Jun 10 11:42:18 2026] GET /v2.0/networks?router%3Aexternal=True => generated 791 bytes in 91 msecs (HTTP/1.1 200) 4 headers in 157 bytes (1 switches on core 0) [pid: 7|app: 0|req: 1110/2326] 10.0.0.72 () {34 vars in 752 bytes} [Wed Jun 10 11:42:18 2026] PUT /v2.0/networks/723849cd-9f61-4f6b-a4fb-588d5c1db979/tags => generated 25 bytes in 155 msecs (HTTP/1.1 200) 4 headers in 156 bytes (1 switches on core 0) [pid: 7|app: 0|req: 1111/2327] 10.0.0.88 () {34 vars in 989 bytes} [Wed Jun 10 11:42:18 2026] GET /v2.0/ports?device_id=ee4ea35c-dba9-4091-ae10-33943902bc21 => generated 12 bytes in 16 msecs (HTTP/1.1 200) 4 headers in 156 bytes (1 switches on core 0)
2026-06-10 11:42:18.944 8 WARNING neutron.scheduler.dhcp_agent_scheduler [None req-3d741797-a06a-4979-9816-de467ed7f97e - - - - - -] No more DHCP agents
2026-06-10 11:42:18.946 8 WARNING neutron.api.rpc.agentnotifiers.dhcp_rpc_agent_api [None req-3d741797-a06a-4979-9816-de467ed7f97e - - - - - -] Unable to schedule network e44902e9-a661-49af-8f88-93a6bde6d7cd: no agents available; will retry on subsequent port and subnet creation events.
2026-06-10 11:42:19.122 8 INFO neutron.db.ovn_revision_numbers_db [None req-3d741797-a06a-4979-9816-de467ed7f97e - - - - - -] Successfully bumped revision number for resource 823617f4-07cd-4f63-8fdb-e8211ae8925d (type: ports) to 1
2026-06-10 11:42:19.348 8 WARNING neutron.scheduler.dhcp_agent_scheduler [None req-3d741797-a06a-4979-9816-de467ed7f97e - - - - - -] No more DHCP agents
2026-06-10 11:42:19.350 8 WARNING neutron.api.rpc.agentnotifiers.dhcp_rpc_agent_api [None req-3d741797-a06a-4979-9816-de467ed7f97e - - - - - -] Unable to schedule network e44902e9-a661-49af-8f88-93a6bde6d7cd: no agents available; will retry on subsequent port and subnet creation events.
2026-06-10 11:42:19.434 8 INFO neutron.db.ovn_revision_numbers_db [None req-3d741797-a06a-4979-9816-de467ed7f97e - - - - - -] Successfully bumped revision number for resource 3750cf1b-b8c2-410b-ba35-6407fd47690a (type: subnets) to 0
2026-06-10 11:42:19.508 7 INFO neutron.db.ovn_revision_numbers_db [None req-864c72d7-e2aa-4fd2-8ea4-1c3e948b7454 - - - - - -] Successfully bumped revision number for resource 59711759-b762-4c77-bb55-751a6b0553dd (type: ports) to 2
2026-06-10 11:42:19.622 7 WARNING neutron.scheduler.dhcp_agent_scheduler [req-1666dd1f-d1d9-4deb-8958-91ac60853b01 req-e6348113-3c21-4190-ba2b-3d449e89199d cd17f2b882104fc4af982864e1490dfa fe416fe63a9d431f971f9397f75c6caa - - default default] No more DHCP agents
2026-06-10 11:42:19.624 7 WARNING neutron.api.rpc.agentnotifiers.dhcp_rpc_agent_api [req-1666dd1f-d1d9-4deb-8958-91ac60853b01 req-e6348113-3c21-4190-ba2b-3d449e89199d cd17f2b882104fc4af982864e1490dfa fe416fe63a9d431f971f9397f75c6caa - - default default] Unable to schedule network 9ed99d5f-2b52-47ed-9fab-0d724c5d6d3f: no agents available; will retry on subsequent port and subnet creation events.
2026-06-10 11:42:19.826 7 INFO neutron.db.ovn_revision_numbers_db [req-1666dd1f-d1d9-4deb-8958-91ac60853b01 req-e6348113-3c21-4190-ba2b-3d449e89199d cd17f2b882104fc4af982864e1490dfa fe416fe63a9d431f971f9397f75c6caa - - default default] Successfully bumped revision number for resource 8cd12b53-9da1-47e0-9ac7-561302d26f1b (type: ports) to 1
2026-06-10 11:42:19.843 8 WARNING neutron.scheduler.dhcp_agent_scheduler [None req-3d741797-a06a-4979-9816-de467ed7f97e - - - - - -] No more DHCP agents
2026-06-10 11:42:19.845 8 WARNING neutron.api.rpc.agentnotifiers.dhcp_rpc_agent_api [None req-3d741797-a06a-4979-9816-de467ed7f97e - - - - - -] Unable to schedule network e44902e9-a661-49af-8f88-93a6bde6d7cd: no agents available; will retry on subsequent port and subnet creation events. [pid: 7|app: 0|req: 1112/2328] 199.204.45.113 () {38 vars in 955 bytes} [Wed Jun 10 11:42:18 2026] POST /v2.0/ports => generated 1179 bytes in 993 msecs (HTTP/1.1 201) 4 headers in 163 bytes (1 switches on core 0) /var/lib/openstack/lib/python3.12/site-packages/pycadf/identifier.py:70: UserWarning: Invalid uuid: neutron. To ensure interoperability, identifiers should be a valid uuid. warnings.warn(('Invalid uuid: %s. To ensure interoperability, ' [pid: 7|app: 0|req: 1113/2329] 10.0.0.72 () {32 vars in 783 bytes} [Wed Jun 10 11:42:19 2026] GET /v2.0/subnets?network_id=2b9297cf-8e91-40af-b827-3a5d05697c1d&cidr=10.100.0.0%2F28 => generated 14 bytes in 22 msecs (HTTP/1.1 200) 4 headers in 156 bytes (1 switches on core 0) [pid: 7|app: 0|req: 1114/2330] 10.0.0.72 () {34 vars in 752 bytes} [Wed Jun 10 11:42:19 2026] PUT /v2.0/networks/240fd53d-65fc-4b58-9ca5-8a18eaaeb947/tags => generated 34 bytes in 129 msecs (HTTP/1.1 200) 4 headers in 156 bytes (1 switches on core 0)
2026-06-10 11:42:20.067 8 INFO neutron.db.ovn_revision_numbers_db [None req-3d741797-a06a-4979-9816-de467ed7f97e - - - - - -] Successfully bumped revision number for resource af399061-e017-4698-b822-c6141386cf25 (type: ports) to 1
2026-06-10 11:42:20.587 7 INFO neutron.db.ovn_revision_numbers_db [req-1666dd1f-d1d9-4deb-8958-91ac60853b01 req-73bb02d9-b061-42a7-b765-201f338f76ff 01a2ee73c4ef472d947e71fd00292bc9 d5f7724c7cd44438982c9f77ee3ac395 - - 5f0181109b284ac9be8689e3f40de6de 5f0181109b284ac9be8689e3f40de6de] Successfully bumped revision number for resource 8cd12b53-9da1-47e0-9ac7-561302d26f1b (type: ports) to 2
2026-06-10 11:42:20.861 8 WARNING neutron.scheduler.dhcp_agent_scheduler [None req-3d741797-a06a-4979-9816-de467ed7f97e - - - - - -] No more DHCP agents
2026-06-10 11:42:20.863 8 WARNING neutron.api.rpc.agentnotifiers.dhcp_rpc_agent_api [None req-3d741797-a06a-4979-9816-de467ed7f97e - - - - - -] Unable to schedule network e44902e9-a661-49af-8f88-93a6bde6d7cd: no agents available; will retry on subsequent port and subnet creation events.
2026-06-10 11:42:21.074 7 INFO neutron.db.ovn_revision_numbers_db [req-1666dd1f-d1d9-4deb-8958-91ac60853b01 req-73bb02d9-b061-42a7-b765-201f338f76ff 01a2ee73c4ef472d947e71fd00292bc9 d5f7724c7cd44438982c9f77ee3ac395 - - 5f0181109b284ac9be8689e3f40de6de 5f0181109b284ac9be8689e3f40de6de] Successfully bumped revision number for resource 8cd12b53-9da1-47e0-9ac7-561302d26f1b (type: ports) to 4 [pid: 7|app: 0|req: 1115/2331] 199.204.45.113 () {38 vars in 1028 bytes} [Wed Jun 10 11:42:20 2026] PUT /v2.0/ports/8cd12b53-9da1-47e0-9ac7-561302d26f1b => generated 1429 bytes in 1067 msecs (HTTP/1.1 200) 4 headers in 158 bytes (1 switches on core 0) /var/lib/openstack/lib/python3.12/site-packages/pycadf/identifier.py:70: UserWarning: Invalid uuid: neutron. To ensure interoperability, identifiers should be a valid uuid. warnings.warn(('Invalid uuid: %s. To ensure interoperability, '
2026-06-10 11:42:21.158 7 INFO neutron.notifiers.nova [-] Nova event matching ['req-da920518-ff65-49e3-bdd9-f2a9b5d7c0cf'] response: {'name': 'network-changed', 'server_uuid': 'ee4ea35c-dba9-4091-ae10-33943902bc21', 'tag': '8cd12b53-9da1-47e0-9ac7-561302d26f1b', 'status': 'completed', 'code': 200}
2026-06-10 11:42:21.422 7 WARNING neutron.scheduler.dhcp_agent_scheduler [None req-cd561b54-1dd1-43c5-917b-e625e16ed7a0 ba68fe34adce4ca3a77c1da6009ed07e 66ab0ce94cd844ff9888c3de30ca4dcc - - default default] No more DHCP agents
2026-06-10 11:42:21.426 7 WARNING neutron.api.rpc.agentnotifiers.dhcp_rpc_agent_api [None req-cd561b54-1dd1-43c5-917b-e625e16ed7a0 ba68fe34adce4ca3a77c1da6009ed07e 66ab0ce94cd844ff9888c3de30ca4dcc - - default default] Unable to schedule network 535bb1d9-6a57-4f18-be12-ca88e8af65a8: no agents available; will retry on subsequent port and subnet creation events.
2026-06-10 11:42:21.501 8 INFO neutron.db.ovn_revision_numbers_db [None req-3d741797-a06a-4979-9816-de467ed7f97e - - - - - -] Successfully bumped revision number for resource af399061-e017-4698-b822-c6141386cf25 (type: router_ports) to 1
2026-06-10 11:42:21.853 8 WARNING neutron.scheduler.dhcp_agent_scheduler [None req-3d741797-a06a-4979-9816-de467ed7f97e - - - - - -] No more DHCP agents
2026-06-10 11:42:21.855 8 WARNING neutron.api.rpc.agentnotifiers.dhcp_rpc_agent_api [None req-3d741797-a06a-4979-9816-de467ed7f97e - - - - - -] Unable to schedule network e44902e9-a661-49af-8f88-93a6bde6d7cd: no agents available; will retry on subsequent port and subnet creation events.
2026-06-10 11:42:22.076 7 INFO neutron.db.ovn_revision_numbers_db [None req-6ef1dbbb-f1fc-4477-8166-9b7222da8f32 - - - - - -] Successfully bumped revision number for resource 053ecb41-af84-4de4-a23e-970df6513c73 (type: ports) to 2
2026-06-10 11:42:22.113 8 INFO neutron.db.ovn_revision_numbers_db [None req-3d741797-a06a-4979-9816-de467ed7f97e - - - - - -] Successfully bumped revision number for resource 2dbbbbf0-4fe3-4a14-b77f-e76d8aa58a5a (type: ports) to 1
2026-06-10 11:42:22.134 7 INFO neutron.db.ovn_revision_numbers_db [None req-6ef1dbbb-f1fc-4477-8166-9b7222da8f32 - - - - - -] Successfully bumped revision number for resource d76af01a-70b3-4398-8fd4-41385fca503e (type: subnets) to 0 [pid: 7|app: 0|req: 1116/2332] 10.0.0.72 () {34 vars in 668 bytes} [Wed Jun 10 11:42:21 2026] POST /v2.0/subnets => generated 656 bytes in 1095 msecs (HTTP/1.1 201) 4 headers in 162 bytes (1 switches on core 0) [pid: 7|app: 0|req: 1117/2333] 10.0.0.72 () {34 vars in 752 bytes} [Wed Jun 10 11:42:22 2026] PUT /v2.0/networks/0d8674d9-751b-463b-b27c-926a1cd5a776/tags => generated 19 bytes in 110 msecs (HTTP/1.1 200) 4 headers in 156 bytes (1 switches on core 0) [pid: 7|app: 0|req: 1118/2334] 199.204.45.113 () {34 vars in 1080 bytes} [Wed Jun 10 11:42:22 2026] GET /v2.0/ports?tenant_id=fe416fe63a9d431f971f9397f75c6caa&device_id=ee4ea35c-dba9-4091-ae10-33943902bc21 => generated 1432 bytes in 31 msecs (HTTP/1.1 200) 4 headers in 158 bytes (1 switches on core 0)
2026-06-10 11:42:22.489 8 INFO neutron.db.ovn_revision_numbers_db [None req-3d741797-a06a-4979-9816-de467ed7f97e - - - - - -] Successfully bumped revision number for resource 2dbbbbf0-4fe3-4a14-b77f-e76d8aa58a5a (type: ports) to 3 [pid: 8|app: 0|req: 1217/2335] 10.0.0.72 () {34 vars in 684 bytes} [Wed Jun 10 11:42:16 2026] POST /v2.0/vpn/vpnservices => generated 459 bytes in 6354 msecs (HTTP/1.1 201) 4 headers in 162 bytes (1 switches on core 0)
2026-06-10 11:42:22.914 7 WARNING neutron.scheduler.dhcp_agent_scheduler [None req-15d20171-268f-4dec-acc4-4f5b2002abc2 ba68fe34adce4ca3a77c1da6009ed07e 66ab0ce94cd844ff9888c3de30ca4dcc - - default default] No more DHCP agents
2026-06-10 11:42:22.915 7 WARNING neutron.api.rpc.agentnotifiers.dhcp_rpc_agent_api [None req-15d20171-268f-4dec-acc4-4f5b2002abc2 ba68fe34adce4ca3a77c1da6009ed07e 66ab0ce94cd844ff9888c3de30ca4dcc - - default default] Unable to schedule network 535bb1d9-6a57-4f18-be12-ca88e8af65a8: no agents available; will retry on subsequent port and subnet creation events. [pid: 8|app: 0|req: 1218/2336] 10.0.0.72 () {32 vars in 665 bytes} [Wed Jun 10 11:42:22 2026] GET /v2.0/networks?tags=red => generated 1989 bytes in 81 msecs (HTTP/1.1 200) 4 headers in 158 bytes (1 switches on core 0) [pid: 8|app: 0|req: 1219/2337] 199.204.45.113 () {34 vars in 1018 bytes} [Wed Jun 10 11:42:22 2026] GET /v2.0/networks?tenant_id=fe416fe63a9d431f971f9397f75c6caa&shared=False => generated 2499 bytes in 57 msecs (HTTP/1.1 200) 4 headers in 158 bytes (1 switches on core 0) [pid: 8|app: 0|req: 1220/2338] 10.0.0.72 () {32 vars in 662 bytes} [Wed Jun 10 11:42:22 2026] GET /v2.0/vpn/vpnservices => generated 1306 bytes in 8 msecs (HTTP/1.1 200) 4 headers in 158 bytes (1 switches on core 0)
2026-06-10 11:42:23.079 7 INFO neutron.db.ovn_revision_numbers_db [None req-15d20171-268f-4dec-acc4-4f5b2002abc2 ba68fe34adce4ca3a77c1da6009ed07e 66ab0ce94cd844ff9888c3de30ca4dcc - - default default] Successfully bumped revision number for resource 866e9019-f471-4691-b85c-be9ae4858a75 (type: ports) to 1 [pid: 8|app: 0|req: 1221/2339] 10.0.0.72 () {32 vars in 679 bytes} [Wed Jun 10 11:42:22 2026] GET /v2.0/networks?tags=red%2Cblue => generated 1338 bytes in 112 msecs (HTTP/1.1 200) 4 headers in 158 bytes (1 switches on core 0) [pid: 8|app: 0|req: 1222/2340] 199.204.45.113 () {34 vars in 930 bytes} [Wed Jun 10 11:42:23 2026] GET /v2.0/networks?shared=True => generated 791 bytes in 60 msecs (HTTP/1.1 200) 4 headers in 157 bytes (1 switches on core 0)
2026-06-10 11:42:23.374 8 WARNING neutron.plugins.ml2.drivers.ovn.mech_driver.ovsdb.ovn_client [None req-7ec662e4-4a58-4209-aeb3-080cbd284371 - - - - - -] No hosting information found for port dd4bfc7e-8b1b-4db0-822d-bd8a38586d34: RuntimeError: No hosting information found for port dd4bfc7e-8b1b-4db0-822d-bd8a38586d34
2026-06-10 11:42:23.721 8 INFO neutron_taas.services.taas.taas_plugin [None req-b3204a22-60d6-4fb9-b122-bdc715f45281 1b7c059fd13d4bca895b3eec172b9070 f7a9371456e941df94276f8140bc8300 - - default default] TaaS: Handle Delete Port: bed7066f-a517-4f3e-949f-27df1d551e13
2026-06-10 11:42:23.723 8 INFO neutron_taas.services.taas.tap_mirror_plugin [None req-b3204a22-60d6-4fb9-b122-bdc715f45281 1b7c059fd13d4bca895b3eec172b9070 f7a9371456e941df94276f8140bc8300 - - default default] Tap Mirror: Handle Delete Port: bed7066f-a517-4f3e-949f-27df1d551e13
2026-06-10 11:42:23.731 8 INFO neutron.db.ovn_revision_numbers_db [None req-7ec662e4-4a58-4209-aeb3-080cbd284371 - - - - - -] Successfully bumped revision number for resource dd4bfc7e-8b1b-4db0-822d-bd8a38586d34 (type: router_ports) to 2
2026-06-10 11:42:23.824 8 INFO neutron.plugins.ml2.drivers.ovn.mech_driver.mech_driver [None req-7ec662e4-4a58-4209-aeb3-080cbd284371 - - - - - -] OVN reports status down for port: ac58e74a-3650-4fdf-a4c0-e3ff65b9ac9e
2026-06-10 11:42:24.009 7 WARNING neutron.scheduler.dhcp_agent_scheduler [None req-15d20171-268f-4dec-acc4-4f5b2002abc2 ba68fe34adce4ca3a77c1da6009ed07e 66ab0ce94cd844ff9888c3de30ca4dcc - - default default] No more DHCP agents
2026-06-10 11:42:24.011 7 WARNING neutron.api.rpc.agentnotifiers.dhcp_rpc_agent_api [None req-15d20171-268f-4dec-acc4-4f5b2002abc2 ba68fe34adce4ca3a77c1da6009ed07e 66ab0ce94cd844ff9888c3de30ca4dcc - - default default] Unable to schedule network 535bb1d9-6a57-4f18-be12-ca88e8af65a8: no agents available; will retry on subsequent port and subnet creation events.
