2026-05-10 02:07:03.788 7 INFO neutron.db.ovn_revision_numbers_db [None req-fb043687-7df1-44b8-a2d2-c5ae04ffeeeb a8191c58d87340188dafb597f06e9b43 d4f5705cef4b43b08f281f71b863c16b - - default default] Successfully bumped revision number for resource 9a1e2827-3089-406d-8e74-a6b7328c14ea (type: networks) to 1 [pid: 8|app: 0|req: 1080/2111] 10.0.0.175 () {34 vars in 789 bytes} [Sun May 10 02:07:02 2026] PUT /v2.0/routers/d49d4b91-9d37-4258-aa92-9d5b34d4e49a/remove_router_interface => generated 310 bytes in 1330 msecs (HTTP/1.1 200) 4 headers in 157 bytes (1 switches on core 0) /var/lib/openstack/lib/python3.12/site-packages/pycadf/identifier.py:70: UserWarning: Invalid uuid: neutron. To ensure interoperability, identifiers should be a valid uuid. warnings.warn(('Invalid uuid: %s. To ensure interoperability, ' [pid: 8|app: 0|req: 1081/2112] 10.0.0.214 () {34 vars in 990 bytes} [Sun May 10 02:07:03 2026] GET /v2.0/ports?device_id=ff0f9557-7feb-4b1e-bce0-79c6955b73f6 => generated 969 bytes in 48 msecs (HTTP/1.1 200) 4 headers in 157 bytes (1 switches on core 0)
2026-05-10 02:07:03.948 7 WARNING neutron.scheduler.dhcp_agent_scheduler [None req-fb043687-7df1-44b8-a2d2-c5ae04ffeeeb a8191c58d87340188dafb597f06e9b43 d4f5705cef4b43b08f281f71b863c16b - - default default] No more DHCP agents
2026-05-10 02:07:03.949 7 WARNING neutron.api.rpc.agentnotifiers.dhcp_rpc_agent_api [None req-fb043687-7df1-44b8-a2d2-c5ae04ffeeeb a8191c58d87340188dafb597f06e9b43 d4f5705cef4b43b08f281f71b863c16b - - default default] Unable to schedule network 9a1e2827-3089-406d-8e74-a6b7328c14ea: no agents available; will retry on subsequent port and subnet creation events.
2026-05-10 02:07:04.008 8 INFO neutron.plugins.ml2.drivers.ovn.mech_driver.mech_driver [None req-1f8da5a5-0138-4d42-8ae1-d466a0367b44 - - - - - -] OVN reports status down for port: fb24f0d2-8766-4c03-855c-4a661389f69c
2026-05-10 02:07:04.018 7 INFO neutron.db.ovn_revision_numbers_db [None req-fb043687-7df1-44b8-a2d2-c5ae04ffeeeb a8191c58d87340188dafb597f06e9b43 d4f5705cef4b43b08f281f71b863c16b - - default default] Successfully bumped revision number for resource fb24f0d2-8766-4c03-855c-4a661389f69c (type: ports) to 1 [pid: 7|app: 0|req: 1032/2113] 10.0.0.175 () {34 vars in 671 bytes} [Sun May 10 02:07:03 2026] POST /v2.0/networks => generated 782 bytes in 837 msecs (HTTP/1.1 201) 4 headers in 162 bytes (1 switches on core 0) [pid: 7|app: 0|req: 1033/2114] 10.0.0.214 () {34 vars in 1040 bytes} [Sun May 10 02:07:04 2026] GET /v2.0/security-groups?id=c00b85f7-13c6-4347-beb8-72306df8cf55&fields=id&fields=name => generated 112 bytes in 25 msecs (HTTP/1.1 200) 4 headers in 157 bytes (1 switches on core 0)
2026-05-10 02:07:04.156 7 WARNING neutron.scheduler.dhcp_agent_scheduler [None req-ae885207-60f6-46d8-89b3-401e6349aab8 a8191c58d87340188dafb597f06e9b43 d4f5705cef4b43b08f281f71b863c16b - - default default] No more DHCP agents
2026-05-10 02:07:04.157 7 WARNING neutron.api.rpc.agentnotifiers.dhcp_rpc_agent_api [None req-ae885207-60f6-46d8-89b3-401e6349aab8 a8191c58d87340188dafb597f06e9b43 d4f5705cef4b43b08f281f71b863c16b - - default default] Unable to schedule network 9a1e2827-3089-406d-8e74-a6b7328c14ea: no agents available; will retry on subsequent port and subnet creation events.
2026-05-10 02:07:04.177 8 INFO neutron_taas.services.taas.taas_plugin [None req-9c9cb7b0-caea-4b25-8b0c-4aef4cce0b41 d096bcddc8e94dff997508555d8c77cb 6ca365d6e1e14805bf1de3dcf3d153d6 - - default default] TaaS: Handle Delete Port: 80ebab51-c61e-4ea8-941c-2f10291ab0d6
2026-05-10 02:07:04.179 8 INFO neutron_taas.services.taas.tap_mirror_plugin [None req-9c9cb7b0-caea-4b25-8b0c-4aef4cce0b41 d096bcddc8e94dff997508555d8c77cb 6ca365d6e1e14805bf1de3dcf3d153d6 - - default default] Tap Mirror: Handle Delete Port: 80ebab51-c61e-4ea8-941c-2f10291ab0d6 [pid: 8|app: 0|req: 1082/2115] 10.0.0.175 () {32 vars in 724 bytes} [Sun May 10 02:07:03 2026] DELETE /v2.0/routers/d49d4b91-9d37-4258-aa92-9d5b34d4e49a => generated 0 bytes in 610 msecs (HTTP/1.1 204) 2 headers in 112 bytes (1 switches on core 0)
2026-05-10 02:07:04.614 7 INFO neutron.db.ovn_revision_numbers_db [None req-ae885207-60f6-46d8-89b3-401e6349aab8 a8191c58d87340188dafb597f06e9b43 d4f5705cef4b43b08f281f71b863c16b - - default default] Successfully bumped revision number for resource fb24f0d2-8766-4c03-855c-4a661389f69c (type: ports) to 2
2026-05-10 02:07:04.648 7 INFO neutron.db.ovn_revision_numbers_db [None req-ae885207-60f6-46d8-89b3-401e6349aab8 a8191c58d87340188dafb597f06e9b43 d4f5705cef4b43b08f281f71b863c16b - - default default] Successfully bumped revision number for resource 06b9ff79-ce0e-4ba2-a009-9e812215e1b8 (type: subnets) to 0 [pid: 8|app: 0|req: 1083/2116] 10.0.0.175 () {32 vars in 724 bytes} [Sun May 10 02:07:04 2026] DELETE /v2.0/subnets/608262e8-aa0c-45d0-97cc-701d641d1dde => generated 0 bytes in 169 msecs (HTTP/1.1 204) 3 headers in 131 bytes (1 switches on core 0) [pid: 7|app: 0|req: 1034/2117] 10.0.0.175 () {34 vars in 669 bytes} [Sun May 10 02:07:04 2026] POST /v2.0/subnets => generated 688 bytes in 602 msecs (HTTP/1.1 201) 4 headers in 162 bytes (1 switches on core 0)
2026-05-10 02:07:04.780 8 INFO neutron_taas.services.taas.taas_plugin [None req-23b5961f-5359-4e76-ace0-878ceb97bed5 d096bcddc8e94dff997508555d8c77cb 6ca365d6e1e14805bf1de3dcf3d153d6 - - default default] TaaS: Handle Delete Port: 4d34d75f-c278-46d5-808d-23e30bff4d38
2026-05-10 02:07:04.783 8 INFO neutron_taas.services.taas.tap_mirror_plugin [None req-23b5961f-5359-4e76-ace0-878ceb97bed5 d096bcddc8e94dff997508555d8c77cb 6ca365d6e1e14805bf1de3dcf3d153d6 - - default default] Tap Mirror: Handle Delete Port: 4d34d75f-c278-46d5-808d-23e30bff4d38
2026-05-10 02:07:04.962 8 INFO neutron.services.segments.plugin [-] Segment 80c1b9d6-dfb6-4501-8f75-80c8976bb208 resource provider aggregate not found
2026-05-10 02:07:04.968 8 INFO neutron.services.segments.plugin [-] Segment 80c1b9d6-dfb6-4501-8f75-80c8976bb208 resource provider aggregate not found
2026-05-10 02:07:04.987 8 INFO neutron.services.segments.plugin [-] Segment 80c1b9d6-dfb6-4501-8f75-80c8976bb208 resource provider not found; error: Placement Client Error (4xx): {"errors": [{"status": 404, "title": "Not Found", "detail": "The resource could not be found.\n\n No resource provider with uuid 80c1b9d6-dfb6-4501-8f75-80c8976bb208 found for delete ", "request_id": "req-4400081f-4ae6-4187-b390-506e1dbd6bba"}]}
2026-05-10 02:07:04.990 8 INFO neutron.services.segments.plugin [-] Segment 80c1b9d6-dfb6-4501-8f75-80c8976bb208 resource provider not found; error: Placement Client Error (4xx): {"errors": [{"status": 404, "title": "Not Found", "detail": "The resource could not be found.\n\n No resource provider with uuid 80c1b9d6-dfb6-4501-8f75-80c8976bb208 found for delete ", "request_id": "req-1ac1c505-81b2-4181-8627-a3b33dd586f6"}]} [pid: 8|app: 0|req: 1084/2118] 10.0.0.175 () {32 vars in 726 bytes} [Sun May 10 02:07:04 2026] DELETE /v2.0/networks/fc0fda1a-f5d2-4d0d-ad4c-cce7195857a0 => generated 0 bytes in 347 msecs (HTTP/1.1 204) 3 headers in 131 bytes (1 switches on core 0)
2026-05-10 02:07:05.072 7 WARNING neutron.scheduler.dhcp_agent_scheduler [None req-a816fa92-9798-4f98-9dce-05a55492ff2b a8191c58d87340188dafb597f06e9b43 d4f5705cef4b43b08f281f71b863c16b - - default default] No more DHCP agents
2026-05-10 02:07:05.073 7 WARNING neutron.api.rpc.agentnotifiers.dhcp_rpc_agent_api [None req-a816fa92-9798-4f98-9dce-05a55492ff2b a8191c58d87340188dafb597f06e9b43 d4f5705cef4b43b08f281f71b863c16b - - default default] Unable to schedule network 963bd1e2-48be-49f0-92e2-5d7fb44cb219: no agents available; will retry on subsequent port and subnet creation events.
2026-05-10 02:07:05.205 8 INFO neutron.plugins.ml2.drivers.ovn.mech_driver.mech_driver [None req-1f8da5a5-0138-4d42-8ae1-d466a0367b44 - - - - - -] OVN reports status down for port: 1a395c70-dbe2-4326-80d8-b4c38aa496f0
2026-05-10 02:07:05.218 7 INFO neutron.db.ovn_revision_numbers_db [None req-a816fa92-9798-4f98-9dce-05a55492ff2b a8191c58d87340188dafb597f06e9b43 d4f5705cef4b43b08f281f71b863c16b - - default default] Successfully bumped revision number for resource 1a395c70-dbe2-4326-80d8-b4c38aa496f0 (type: ports) to 1 [pid: 8|app: 0|req: 1085/2119] 10.0.0.214 () {34 vars in 990 bytes} [Sun May 10 02:07:05 2026] GET /v2.0/ports?device_id=ff0f9557-7feb-4b1e-bce0-79c6955b73f6 => generated 969 bytes in 107 msecs (HTTP/1.1 200) 4 headers in 157 bytes (1 switches on core 0) [pid: 8|app: 0|req: 1086/2120] 10.0.0.214 () {34 vars in 1040 bytes} [Sun May 10 02:07:05 2026] GET /v2.0/security-groups?id=c00b85f7-13c6-4347-beb8-72306df8cf55&fields=id&fields=name => generated 112 bytes in 44 msecs (HTTP/1.1 200) 4 headers in 157 bytes (1 switches on core 0)
2026-05-10 02:07:05.774 8 WARNING neutron.db.securitygroups_db [None req-b89bab9c-46f8-4579-b7c9-fbfceaa5d544 a8191c58d87340188dafb597f06e9b43 d4f5705cef4b43b08f281f71b863c16b - - default default] project_id key not found in filters, using tenant_id instead. This support has been deprecated and will be removed in a future release.
2026-05-10 02:07:05.913 7 INFO neutron.plugins.ml2.drivers.ovn.mech_driver.ovsdb.ovsdb_monitor [None req-307ae62b-6a0b-4d0e-a6a2-39d24abc44f8 - - - - - -] Router b179da22-de77-4689-918e-232a20bad179 is bound to host instance
2026-05-10 02:07:05.920 8 INFO neutron.plugins.ml2.drivers.ovn.mech_driver.mech_driver [None req-1f8da5a5-0138-4d42-8ae1-d466a0367b44 - - - - - -] OVN reports status up for port: 1a395c70-dbe2-4326-80d8-b4c38aa496f0
2026-05-10 02:07:05.941 7 INFO neutron.db.ovn_revision_numbers_db [None req-a816fa92-9798-4f98-9dce-05a55492ff2b a8191c58d87340188dafb597f06e9b43 d4f5705cef4b43b08f281f71b863c16b - - default default] Successfully bumped revision number for resource 1a395c70-dbe2-4326-80d8-b4c38aa496f0 (type: router_ports) to 1
2026-05-10 02:07:05.944 8 INFO neutron.plugins.ml2.plugin [None req-1f8da5a5-0138-4d42-8ae1-d466a0367b44 - - - - - -] Attempt 1 to provision port 1a395c70-dbe2-4326-80d8-b4c38aa496f0
2026-05-10 02:07:05.970 8 INFO neutron.db.ovn_revision_numbers_db [None req-b89bab9c-46f8-4579-b7c9-fbfceaa5d544 a8191c58d87340188dafb597f06e9b43 d4f5705cef4b43b08f281f71b863c16b - - default default] Successfully bumped revision number for resource 4ef7d066-7523-4c20-bf2c-a82805bd647a (type: security_groups) to 1
2026-05-10 02:07:05.993 8 INFO neutron.db.ovn_revision_numbers_db [None req-b89bab9c-46f8-4579-b7c9-fbfceaa5d544 a8191c58d87340188dafb597f06e9b43 d4f5705cef4b43b08f281f71b863c16b - - default default] Successfully bumped revision number for resource 780383f4-a0b8-4ab6-85fe-fb6e04465b12 (type: security_group_rules) to 0
2026-05-10 02:07:06.010 8 INFO neutron.db.ovn_revision_numbers_db [None req-b89bab9c-46f8-4579-b7c9-fbfceaa5d544 a8191c58d87340188dafb597f06e9b43 d4f5705cef4b43b08f281f71b863c16b - - default default] Successfully bumped revision number for resource 8ddd4069-cd92-4d31-b8e3-d5e35aeac947 (type: security_group_rules) to 0
2026-05-10 02:07:06.033 8 INFO neutron.db.ovn_revision_numbers_db [None req-b89bab9c-46f8-4579-b7c9-fbfceaa5d544 a8191c58d87340188dafb597f06e9b43 d4f5705cef4b43b08f281f71b863c16b - - default default] Successfully bumped revision number for resource ce27f3ef-b59a-4cc2-bc17-3624ebafdc53 (type: security_group_rules) to 0
2026-05-10 02:07:06.048 8 INFO neutron.db.ovn_revision_numbers_db [None req-b89bab9c-46f8-4579-b7c9-fbfceaa5d544 a8191c58d87340188dafb597f06e9b43 d4f5705cef4b43b08f281f71b863c16b - - default default] Successfully bumped revision number for resource eca49f33-b578-44bc-9475-8e3a57a6bc56 (type: security_group_rules) to 0
2026-05-10 02:07:06.071 7 INFO neutron.db.ovn_revision_numbers_db [None req-a816fa92-9798-4f98-9dce-05a55492ff2b a8191c58d87340188dafb597f06e9b43 d4f5705cef4b43b08f281f71b863c16b - - default default] Successfully bumped revision number for resource b179da22-de77-4689-918e-232a20bad179 (type: routers) to 2 [pid: 8|app: 0|req: 1087/2121] 10.0.0.175 () {32 vars in 774 bytes} [Sun May 10 02:07:05 2026] GET /v2.0/security-groups?tenant_id=44f46a5c32c3469998bb9644176bd142&name=default => generated 2925 bytes in 402 msecs (HTTP/1.1 200) 4 headers in 158 bytes (1 switches on core 0) [pid: 7|app: 0|req: 1035/2122] 10.0.0.175 () {34 vars in 669 bytes} [Sun May 10 02:07:04 2026] POST /v2.0/routers => generated 987 bytes in 1430 msecs (HTTP/1.1 201) 4 headers in 162 bytes (1 switches on core 0)
2026-05-10 02:07:06.240 7 WARNING neutron.plugins.ml2.drivers.ovn.mech_driver.ovsdb.ovn_client [None req-29450bc1-ad0e-40a5-88e4-1312c8861b73 - - - - - -] No port found with ID 2a1c9d55-5700-4aba-9cbb-8d3ad399c064: RuntimeError: No port found with ID 2a1c9d55-5700-4aba-9cbb-8d3ad399c064
2026-05-10 02:07:06.277 7 INFO neutron.plugins.ml2.drivers.ovn.mech_driver.mech_driver [None req-29450bc1-ad0e-40a5-88e4-1312c8861b73 - - - - - -] OVN reports status down for port: 062dd5b3-2a54-481e-a4d1-5919b8000abe [pid: 8|app: 0|req: 1088/2123] 10.0.0.175 () {32 vars in 740 bytes} [Sun May 10 02:07:06 2026] DELETE /v2.0/security-groups/4ef7d066-7523-4c20-bf2c-a82805bd647a => generated 0 bytes in 194 msecs (HTTP/1.1 204) 2 headers in 112 bytes (1 switches on core 0)
2026-05-10 02:07:06.341 7 INFO neutron.plugins.ml2.drivers.ovn.mech_driver.mech_driver [None req-29450bc1-ad0e-40a5-88e4-1312c8861b73 - - - - - -] OVN reports status down for port: 60bedcab-08c8-4772-aab1-aedf10c8f557
2026-05-10 02:07:06.395 7 INFO neutron.plugins.ml2.drivers.ovn.mech_driver.mech_driver [None req-29450bc1-ad0e-40a5-88e4-1312c8861b73 - - - - - -] OVN reports status up for port: 60bedcab-08c8-4772-aab1-aedf10c8f557 [pid: 8|app: 0|req: 1089/2124] 10.0.0.214 () {34 vars in 990 bytes} [Sun May 10 02:07:06 2026] GET /v2.0/ports?device_id=ff0f9557-7feb-4b1e-bce0-79c6955b73f6 => generated 969 bytes in 39 msecs (HTTP/1.1 200) 4 headers in 157 bytes (1 switches on core 0)
2026-05-10 02:07:06.416 8 WARNING neutron.db.securitygroups_db [None req-46f1ace3-afcc-4078-9eff-f018b56a47b6 a8191c58d87340188dafb597f06e9b43 d4f5705cef4b43b08f281f71b863c16b - - default default] project_id key not found in filters, using tenant_id instead. This support has been deprecated and will be removed in a future release. [pid: 8|app: 0|req: 1090/2125] 10.0.0.175 () {32 vars in 774 bytes} [Sun May 10 02:07:06 2026] GET /v2.0/security-groups?tenant_id=6ca365d6e1e14805bf1de3dcf3d153d6&name=default => generated 2925 bytes in 32 msecs (HTTP/1.1 200) 4 headers in 158 bytes (1 switches on core 0)
2026-05-10 02:07:06.462 7 INFO neutron.plugins.ml2.drivers.ovn.mech_driver.mech_driver [None req-29450bc1-ad0e-40a5-88e4-1312c8861b73 - - - - - -] OVN reports status up for port: 9acd50fc-36f2-4bac-b692-7f33b58d78d7 [pid: 8|app: 0|req: 1091/2126] 10.0.0.214 () {34 vars in 1040 bytes} [Sun May 10 02:07:06 2026] GET /v2.0/security-groups?id=c00b85f7-13c6-4347-beb8-72306df8cf55&fields=id&fields=name => generated 112 bytes in 40 msecs (HTTP/1.1 200) 4 headers in 157 bytes (1 switches on core 0)
2026-05-10 02:07:06.504 7 INFO neutron.plugins.ml2.plugin [None req-29450bc1-ad0e-40a5-88e4-1312c8861b73 - - - - - -] Attempt 1 to provision port 9acd50fc-36f2-4bac-b692-7f33b58d78d7 [pid: 8|app: 0|req: 1092/2127] 10.0.0.175 () {32 vars in 740 bytes} [Sun May 10 02:07:06 2026] DELETE /v2.0/security-groups/0ff3932d-3345-4313-ba12-20b60c75deb4 => generated 0 bytes in 181 msecs (HTTP/1.1 204) 2 headers in 112 bytes (1 switches on core 0)
2026-05-10 02:07:06.799 7 INFO neutron.notifiers.nova [-] Nova event matching ['req-6d0f3bad-a56b-4553-b321-44d4a7728319'] response: {'server_uuid': 'ff0f9557-7feb-4b1e-bce0-79c6955b73f6', 'name': 'network-vif-plugged', 'status': 'completed', 'tag': '9acd50fc-36f2-4bac-b692-7f33b58d78d7', 'code': 200}
2026-05-10 02:07:07.257 7 INFO neutron.db.ovn_revision_numbers_db [None req-29450bc1-ad0e-40a5-88e4-1312c8861b73 - - - - - -] Successfully bumped revision number for resource 9acd50fc-36f2-4bac-b692-7f33b58d78d7 (type: ports) to 5
2026-05-10 02:07:07.380 7 WARNING neutron.scheduler.dhcp_agent_scheduler [None req-b9d9b72b-1d9f-4a10-8e6e-dc4abfa7aceb a8191c58d87340188dafb597f06e9b43 d4f5705cef4b43b08f281f71b863c16b - - default default] No more DHCP agents
2026-05-10 02:07:07.383 7 WARNING neutron.api.rpc.agentnotifiers.dhcp_rpc_agent_api [None req-b9d9b72b-1d9f-4a10-8e6e-dc4abfa7aceb a8191c58d87340188dafb597f06e9b43 d4f5705cef4b43b08f281f71b863c16b - - default default] Unable to schedule network 9a1e2827-3089-406d-8e74-a6b7328c14ea: no agents available; will retry on subsequent port and subnet creation events. [pid: 8|app: 0|req: 1093/2128] 10.0.0.214 () {34 vars in 990 bytes} [Sun May 10 02:07:07 2026] GET /v2.0/ports?device_id=ff0f9557-7feb-4b1e-bce0-79c6955b73f6 => generated 971 bytes in 37 msecs (HTTP/1.1 200) 4 headers in 157 bytes (1 switches on core 0) [pid: 8|app: 0|req: 1094/2129] 10.0.0.214 () {34 vars in 1040 bytes} [Sun May 10 02:07:07 2026] GET /v2.0/security-groups?id=c00b85f7-13c6-4347-beb8-72306df8cf55&fields=id&fields=name => generated 112 bytes in 29 msecs (HTTP/1.1 200) 4 headers in 157 bytes (1 switches on core 0)
2026-05-10 02:07:07.689 7 INFO neutron.plugins.ml2.drivers.ovn.mech_driver.mech_driver [None req-1a17fe1b-5687-4a2e-8b6d-8de8b7c7dcc4 - - - - - -] OVN reports status down for port: 11564032-a915-47c8-9d4a-52c3a11a3551
2026-05-10 02:07:07.770 7 INFO neutron.db.ovn_revision_numbers_db [None req-b9d9b72b-1d9f-4a10-8e6e-dc4abfa7aceb a8191c58d87340188dafb597f06e9b43 d4f5705cef4b43b08f281f71b863c16b - - default default] Successfully bumped revision number for resource 11564032-a915-47c8-9d4a-52c3a11a3551 (type: ports) to 1
2026-05-10 02:07:08.079 7 INFO neutron.db.ovn_revision_numbers_db [None req-32d40f92-fb24-448a-8815-4420b56566a2 - - - - - -] Successfully bumped revision number for resource 1a395c70-dbe2-4326-80d8-b4c38aa496f0 (type: ports) to 4
2026-05-10 02:07:08.681 7 INFO neutron.db.ovn_revision_numbers_db [None req-32d40f92-fb24-448a-8815-4420b56566a2 - - - - - -] Successfully bumped revision number for resource 1a395c70-dbe2-4326-80d8-b4c38aa496f0 (type: ports) to 5 [pid: 8|app: 0|req: 1095/2130] 10.0.0.214 () {34 vars in 990 bytes} [Sun May 10 02:07:08 2026] GET /v2.0/ports?device_id=ff0f9557-7feb-4b1e-bce0-79c6955b73f6 => generated 971 bytes in 33 msecs (HTTP/1.1 200) 4 headers in 157 bytes (1 switches on core 0) [pid: 8|app: 0|req: 1096/2131] 10.0.0.214 () {34 vars in 1040 bytes} [Sun May 10 02:07:08 2026] GET /v2.0/security-groups?id=c00b85f7-13c6-4347-beb8-72306df8cf55&fields=id&fields=name => generated 112 bytes in 40 msecs (HTTP/1.1 200) 4 headers in 157 bytes (1 switches on core 0)
2026-05-10 02:07:08.828 7 INFO neutron.plugins.ml2.drivers.ovn.mech_driver.mech_driver [None req-1a17fe1b-5687-4a2e-8b6d-8de8b7c7dcc4 - - - - - -] OVN reports status up for port: 11564032-a915-47c8-9d4a-52c3a11a3551
2026-05-10 02:07:08.856 7 INFO neutron.notifiers.nova [-] Nova event matching ['req-d86fbc7c-a0ce-4b08-9450-13c5a0b8e9c0'] response: {'server_uuid': 'ff0f9557-7feb-4b1e-bce0-79c6955b73f6', 'name': 'network-vif-plugged', 'status': 'completed', 'tag': '9acd50fc-36f2-4bac-b692-7f33b58d78d7', 'code': 200}
2026-05-10 02:07:08.870 7 INFO neutron.plugins.ml2.plugin [None req-1a17fe1b-5687-4a2e-8b6d-8de8b7c7dcc4 - - - - - -] Attempt 1 to provision port 11564032-a915-47c8-9d4a-52c3a11a3551 [pid: 8|app: 0|req: 1097/2132] 10.0.0.214 () {34 vars in 990 bytes} [Sun May 10 02:07:08 2026] GET /v2.0/ports?device_id=ff0f9557-7feb-4b1e-bce0-79c6955b73f6 => generated 971 bytes in 47 msecs (HTTP/1.1 200) 4 headers in 157 bytes (1 switches on core 0) [pid: 8|app: 0|req: 1098/2133] 10.0.0.214 () {34 vars in 1040 bytes} [Sun May 10 02:07:08 2026] GET /v2.0/security-groups?id=c00b85f7-13c6-4347-beb8-72306df8cf55&fields=id&fields=name => generated 112 bytes in 54 msecs (HTTP/1.1 200) 4 headers in 157 bytes (1 switches on core 0)
2026-05-10 02:07:09.018 7 WARNING neutron.scheduler.dhcp_agent_scheduler [None req-b9d9b72b-1d9f-4a10-8e6e-dc4abfa7aceb a8191c58d87340188dafb597f06e9b43 d4f5705cef4b43b08f281f71b863c16b - - default default] No more DHCP agents
2026-05-10 02:07:09.022 7 WARNING neutron.api.rpc.agentnotifiers.dhcp_rpc_agent_api [None req-b9d9b72b-1d9f-4a10-8e6e-dc4abfa7aceb a8191c58d87340188dafb597f06e9b43 d4f5705cef4b43b08f281f71b863c16b - - default default] Unable to schedule network 9a1e2827-3089-406d-8e74-a6b7328c14ea: no agents available; will retry on subsequent port and subnet creation events. [pid: 8|app: 0|req: 1099/2134] 10.0.0.175 () {32 vars in 736 bytes} [Sun May 10 02:07:09 2026] GET /v2.0/ports?device_id=ff0f9557-7feb-4b1e-bce0-79c6955b73f6 => generated 1232 bytes in 70 msecs (HTTP/1.1 200) 4 headers in 158 bytes (1 switches on core 0)
2026-05-10 02:07:09.358 8 WARNING neutron.scheduler.dhcp_agent_scheduler [None req-519111b7-d2f1-4fe8-aedc-c1d304ceb376 37f69e2753824f53a647f2d7f260c865 c912ba9581f543839e2c48463c12b5ab - - default default] No more DHCP agents
2026-05-10 02:07:09.360 8 WARNING neutron.api.rpc.agentnotifiers.dhcp_rpc_agent_api [None req-519111b7-d2f1-4fe8-aedc-c1d304ceb376 37f69e2753824f53a647f2d7f260c865 c912ba9581f543839e2c48463c12b5ab - - default default] Unable to schedule network 963bd1e2-48be-49f0-92e2-5d7fb44cb219: no agents available; will retry on subsequent port and subnet creation events.
2026-05-10 02:07:09.509 7 INFO neutron.db.ovn_revision_numbers_db [None req-1a17fe1b-5687-4a2e-8b6d-8de8b7c7dcc4 - - - - - -] Successfully bumped revision number for resource 11564032-a915-47c8-9d4a-52c3a11a3551 (type: ports) to 2
2026-05-10 02:07:09.806 7 INFO neutron.db.ovn_revision_numbers_db [None req-b9d9b72b-1d9f-4a10-8e6e-dc4abfa7aceb a8191c58d87340188dafb597f06e9b43 d4f5705cef4b43b08f281f71b863c16b - - default default] Successfully bumped revision number for resource 11564032-a915-47c8-9d4a-52c3a11a3551 (type: router_ports) to 1 [pid: 7|app: 0|req: 1036/2135] 10.0.0.175 () {34 vars in 783 bytes} [Sun May 10 02:07:06 2026] PUT /v2.0/routers/b179da22-de77-4689-918e-232a20bad179/add_router_interface => generated 310 bytes in 3703 msecs (HTTP/1.1 200) 4 headers in 157 bytes (1 switches on core 0)
2026-05-10 02:07:09.839 8 INFO neutron.common.ovn.utils [None req-1f8da5a5-0138-4d42-8ae1-d466a0367b44 - - - - - -] HA Chassis Group neutron-9a1e2827-3089-406d-8e74-a6b7328c14ea synchronized; highest priority chassis b08de041-0fc6-4eb9-9996-dc1045af3f88
2026-05-10 02:07:10.312 8 INFO neutron.db.ovn_revision_numbers_db [None req-519111b7-d2f1-4fe8-aedc-c1d304ceb376 37f69e2753824f53a647f2d7f260c865 c912ba9581f543839e2c48463c12b5ab - - default default] Successfully bumped revision number for resource ddf1ce9c-f76d-4399-9cae-c58865857195 (type: floatingips) to 1
2026-05-10 02:07:10.313 8 INFO neutron.db.l3_db [None req-519111b7-d2f1-4fe8-aedc-c1d304ceb376 37f69e2753824f53a647f2d7f260c865 c912ba9581f543839e2c48463c12b5ab - - default default] Floating IP ddf1ce9c-f76d-4399-9cae-c58865857195 associated. External IP: 10.96.250.216, port: 9acd50fc-36f2-4bac-b692-7f33b58d78d7. [pid: 8|app: 0|req: 1100/2136] 10.0.0.175 () {34 vars in 677 bytes} [Sun May 10 02:07:09 2026] POST /v2.0/floatingips => generated 855 bytes in 1257 msecs (HTTP/1.1 201) 4 headers in 162 bytes (1 switches on core 0) /var/lib/openstack/lib/python3.12/site-packages/pycadf/identifier.py:70: UserWarning: Invalid uuid: neutron. To ensure interoperability, identifiers should be a valid uuid. warnings.warn(('Invalid uuid: %s. To ensure interoperability, '
2026-05-10 02:07:10.394 8 INFO neutron.notifiers.nova [-] Nova event matching ['req-5a138c6e-7438-4ac4-b990-d1ed9605c8b5'] response: {'name': 'network-changed', 'server_uuid': 'ff0f9557-7feb-4b1e-bce0-79c6955b73f6', 'tag': '9acd50fc-36f2-4bac-b692-7f33b58d78d7', 'status': 'completed', 'code': 200} [pid: 7|app: 0|req: 1037/2137] 10.0.0.175 () {32 vars in 729 bytes} [Sun May 10 02:07:10 2026] GET /v2.0/floatingips/ddf1ce9c-f76d-4399-9cae-c58865857195 => generated 857 bytes in 48 msecs (HTTP/1.1 200) 4 headers in 157 bytes (1 switches on core 0) [pid: 8|app: 0|req: 1101/2138] 199.204.45.248 () {34 vars in 1080 bytes} [Sun May 10 02:07:10 2026] GET /v2.0/ports?tenant_id=c912ba9581f543839e2c48463c12b5ab&device_id=ff0f9557-7feb-4b1e-bce0-79c6955b73f6 => generated 1232 bytes in 41 msecs (HTTP/1.1 200) 4 headers in 158 bytes (1 switches on core 0) [pid: 7|app: 0|req: 1038/2139] 199.204.45.248 () {34 vars in 986 bytes} [Sun May 10 02:07:10 2026] GET /v2.0/networks?id=7a3c8a8e-2391-491c-b207-db77b3154f5c => generated 798 bytes in 59 msecs (HTTP/1.1 200) 4 headers in 157 bytes (1 switches on core 0) [pid: 8|app: 0|req: 1102/2140] 199.204.45.248 () {34 vars in 1058 bytes} [Sun May 10 02:07:11 2026] GET /v2.0/floatingips?fixed_ip_address=10.100.0.3&port_id=9acd50fc-36f2-4bac-b692-7f33b58d78d7 => generated 860 bytes in 35 msecs (HTTP/1.1 200) 4 headers in 157 bytes (1 switches on core 0) [pid: 7|app: 0|req: 1039/2141] 199.204.45.248 () {34 vars in 984 bytes} [Sun May 10 02:07:11 2026] GET /v2.0/subnets?id=8237ec4d-266f-4c7e-8ce5-1703e895bcb7 => generated 677 bytes in 28 msecs (HTTP/1.1 200) 4 headers in 157 bytes (1 switches on core 0) [pid: 8|app: 0|req: 1103/2142] 199.204.45.248 () {34 vars in 1052 bytes} [Sun May 10 02:07:11 2026] GET /v2.0/ports?network_id=7a3c8a8e-2391-491c-b207-db77b3154f5c&device_owner=network%3Adhcp => generated 12 bytes in 18 msecs (HTTP/1.1 200) 4 headers in 156 bytes (1 switches on core 0) [pid: 7|app: 0|req: 1040/2143] 199.204.45.248 () {34 vars in 1012 bytes} [Sun May 10 02:07:11 2026] GET /v2.0/networks/7a3c8a8e-2391-491c-b207-db77b3154f5c?fields=segments => generated 14 bytes in 41 msecs (HTTP/1.1 200) 4 headers in 156 bytes (1 switches on core 0) [pid: 8|app: 0|req: 1104/2144] 199.204.45.248 () {34 vars in 1112 bytes} [Sun May 10 02:07:11 2026] GET /v2.0/networks/7a3c8a8e-2391-491c-b207-db77b3154f5c?fields=provider%3Aphysical_network&fields=provider%3Anetwork_type => generated 79 bytes in 43 msecs (HTTP/1.1 200) 4 headers in 156 bytes (1 switches on core 0) [pid: 7|app: 0|req: 1041/2145] 10.0.0.214 () {34 vars in 982 bytes} [Sun May 10 02:07:12 2026] GET /v2.0/networks?id=9a1e2827-3089-406d-8e74-a6b7328c14ea => generated 711 bytes in 50 msecs (HTTP/1.1 200) 4 headers in 157 bytes (1 switches on core 0) [pid: 8|app: 0|req: 1105/2146] 10.0.0.214 () {34 vars in 965 bytes} [Sun May 10 02:07:12 2026] GET /v2.0/quotas/9388508abb0d47d5ac1c41429b689b79 => generated 292 bytes in 8 msecs (HTTP/1.1 200) 4 headers in 157 bytes (1 switches on core 0) [pid: 7|app: 0|req: 1042/2147] 10.0.0.214 () {34 vars in 1002 bytes} [Sun May 10 02:07:12 2026] GET /v2.0/ports?tenant_id=9388508abb0d47d5ac1c41429b689b79&fields=id => generated 103 bytes in 70 msecs (HTTP/1.1 200) 4 headers in 157 bytes (1 switches on core 0) [pid: 8|app: 0|req: 1106/2148] 10.0.0.214 () {34 vars in 1008 bytes} [Sun May 10 02:07:12 2026] GET /v2.0/networks/9a1e2827-3089-406d-8e74-a6b7328c14ea?fields=segments => generated 14 bytes in 38 msecs (HTTP/1.1 200) 4 headers in 156 bytes (1 switches on core 0) [pid: 7|app: 0|req: 1043/2149] 10.0.0.214 () {34 vars in 1108 bytes} [Sun May 10 02:07:12 2026] GET /v2.0/networks/9a1e2827-3089-406d-8e74-a6b7328c14ea?fields=provider%3Aphysical_network&fields=provider%3Anetwork_type => generated 79 bytes in 44 msecs (HTTP/1.1 200) 4 headers in 156 bytes (1 switches on core 0) [pid: 8|app: 0|req: 1107/2150] 10.0.0.214 () {34 vars in 990 bytes} [Sun May 10 02:07:12 2026] GET /v2.0/ports?device_id=30b1af97-d7da-445e-9b5b-3d69936a4317 => generated 12 bytes in 20 msecs (HTTP/1.1 200) 4 headers in 156 bytes (1 switches on core 0) [pid: 7|app: 0|req: 1044/2151] 10.0.0.214 () {34 vars in 990 bytes} [Sun May 10 02:07:13 2026] GET /v2.0/ports?device_id=30b1af97-d7da-445e-9b5b-3d69936a4317 => generated 12 bytes in 38 msecs (HTTP/1.1 200) 4 headers in 156 bytes (1 switches on core 0)
2026-05-10 02:07:14.567 7 WARNING neutron.plugins.ml2.drivers.ovn.mech_driver.ovsdb.ovn_client [None req-acd27db4-1788-4c34-a57b-3c04f61f00a2 - - - - - -] No hosting information found for port 11564032-a915-47c8-9d4a-52c3a11a3551: RuntimeError: No hosting information found for port 11564032-a915-47c8-9d4a-52c3a11a3551
2026-05-10 02:07:14.629 7 INFO neutron.db.ovn_revision_numbers_db [None req-acd27db4-1788-4c34-a57b-3c04f61f00a2 - - - - - -] Successfully bumped revision number for resource 11564032-a915-47c8-9d4a-52c3a11a3551 (type: router_ports) to 2 [pid: 8|app: 0|req: 1108/2152] 10.0.0.214 () {34 vars in 990 bytes} [Sun May 10 02:07:14 2026] GET /v2.0/ports?device_id=30b1af97-d7da-445e-9b5b-3d69936a4317 => generated 12 bytes in 22 msecs (HTTP/1.1 200) 4 headers in 156 bytes (1 switches on core 0) /var/lib/openstack/lib/python3.12/site-packages/pycadf/identifier.py:70: UserWarning: Invalid uuid: neutron. To ensure interoperability, identifiers should be a valid uuid. warnings.warn(('Invalid uuid: %s. To ensure interoperability, ' [pid: 8|app: 0|req: 1109/2153] 10.0.0.214 () {34 vars in 990 bytes} [Sun May 10 02:07:15 2026] GET /v2.0/ports?device_id=30b1af97-d7da-445e-9b5b-3d69936a4317 => generated 12 bytes in 18 msecs (HTTP/1.1 200) 4 headers in 156 bytes (1 switches on core 0)
2026-05-10 02:07:15.966 7 INFO neutron.db.ovn_revision_numbers_db [None req-c9991c4c-2d8d-4c86-bc20-f51e9bf491a9 a7d3cdaaea7d4cb1993e761e58070fd7 0b5fdaf6287343928e44a2591f17d41c - - default default] Successfully bumped revision number for resource 80eb5871-971c-4078-a1ca-aabac5847e7d (type: security_groups) to 1
2026-05-10 02:07:15.980 7 INFO neutron.db.ovn_revision_numbers_db [None req-c9991c4c-2d8d-4c86-bc20-f51e9bf491a9 a7d3cdaaea7d4cb1993e761e58070fd7 0b5fdaf6287343928e44a2591f17d41c - - default default] Successfully bumped revision number for resource 2baac06f-b7f2-4e53-8330-cfdf29cf269d (type: security_group_rules) to 0
2026-05-10 02:07:15.990 7 INFO neutron.db.ovn_revision_numbers_db [None req-c9991c4c-2d8d-4c86-bc20-f51e9bf491a9 a7d3cdaaea7d4cb1993e761e58070fd7 0b5fdaf6287343928e44a2591f17d41c - - default default] Successfully bumped revision number for resource 85fffb56-bf02-4432-b27d-c54288d591c2 (type: security_group_rules) to 0
2026-05-10 02:07:16.004 7 INFO neutron.db.ovn_revision_numbers_db [None req-c9991c4c-2d8d-4c86-bc20-f51e9bf491a9 a7d3cdaaea7d4cb1993e761e58070fd7 0b5fdaf6287343928e44a2591f17d41c - - default default] Successfully bumped revision number for resource a0f4bb05-2d7a-45ee-8146-5253a8b53c44 (type: security_group_rules) to 0
2026-05-10 02:07:16.015 7 INFO neutron.db.ovn_revision_numbers_db [None req-c9991c4c-2d8d-4c86-bc20-f51e9bf491a9 a7d3cdaaea7d4cb1993e761e58070fd7 0b5fdaf6287343928e44a2591f17d41c - - default default] Successfully bumped revision number for resource eefa8229-0223-4c9c-86c6-cc8e08e91796 (type: security_group_rules) to 0
2026-05-10 02:07:16.096 7 INFO neutron.db.segments_db [None req-c9991c4c-2d8d-4c86-bc20-f51e9bf491a9 a7d3cdaaea7d4cb1993e761e58070fd7 0b5fdaf6287343928e44a2591f17d41c - - default default] Added segment 18baf4ac-8652-4043-89a0-4cd28d39e21c of type geneve for network d61fc24f-4226-4662-836c-641f7111336f
2026-05-10 02:07:16.211 7 INFO neutron.db.ovn_revision_numbers_db [None req-c9991c4c-2d8d-4c86-bc20-f51e9bf491a9 a7d3cdaaea7d4cb1993e761e58070fd7 0b5fdaf6287343928e44a2591f17d41c - - default default] Successfully bumped revision number for resource d61fc24f-4226-4662-836c-641f7111336f (type: networks) to 1
2026-05-10 02:07:16.356 7 WARNING neutron.scheduler.dhcp_agent_scheduler [None req-c9991c4c-2d8d-4c86-bc20-f51e9bf491a9 a7d3cdaaea7d4cb1993e761e58070fd7 0b5fdaf6287343928e44a2591f17d41c - - default default] No more DHCP agents
2026-05-10 02:07:16.357 7 WARNING neutron.api.rpc.agentnotifiers.dhcp_rpc_agent_api [None req-c9991c4c-2d8d-4c86-bc20-f51e9bf491a9 a7d3cdaaea7d4cb1993e761e58070fd7 0b5fdaf6287343928e44a2591f17d41c - - default default] Unable to schedule network d61fc24f-4226-4662-836c-641f7111336f: no agents available; will retry on subsequent port and subnet creation events.
2026-05-10 02:07:16.410 8 INFO neutron.plugins.ml2.drivers.ovn.mech_driver.mech_driver [None req-1f8da5a5-0138-4d42-8ae1-d466a0367b44 - - - - - -] OVN reports status down for port: c3eb6922-901f-41f1-8547-bf88fc804b16
2026-05-10 02:07:16.433 7 INFO neutron.db.ovn_revision_numbers_db [None req-c9991c4c-2d8d-4c86-bc20-f51e9bf491a9 a7d3cdaaea7d4cb1993e761e58070fd7 0b5fdaf6287343928e44a2591f17d41c - - default default] Successfully bumped revision number for resource c3eb6922-901f-41f1-8547-bf88fc804b16 (type: ports) to 1 [pid: 7|app: 0|req: 1045/2154] 10.0.0.175 () {34 vars in 670 bytes} [Sun May 10 02:07:15 2026] POST /v2.0/networks => generated 677 bytes in 753 msecs (HTTP/1.1 201) 4 headers in 162 bytes (1 switches on core 0)
2026-05-10 02:07:16.671 8 WARNING neutron.scheduler.dhcp_agent_scheduler [None req-8ff56ce3-5d9f-4369-96d4-9751764549f7 a7d3cdaaea7d4cb1993e761e58070fd7 0b5fdaf6287343928e44a2591f17d41c - - default default] No more DHCP agents
2026-05-10 02:07:16.672 8 WARNING neutron.api.rpc.agentnotifiers.dhcp_rpc_agent_api [None req-8ff56ce3-5d9f-4369-96d4-9751764549f7 a7d3cdaaea7d4cb1993e761e58070fd7 0b5fdaf6287343928e44a2591f17d41c - - default default] Unable to schedule network d61fc24f-4226-4662-836c-641f7111336f: no agents available; will retry on subsequent port and subnet creation events. [pid: 7|app: 0|req: 1046/2155] 199.204.45.248 () {34 vars in 986 bytes} [Sun May 10 02:07:16 2026] GET /v2.0/networks?id=9a1e2827-3089-406d-8e74-a6b7328c14ea => generated 711 bytes in 49 msecs (HTTP/1.1 200) 4 headers in 157 bytes (1 switches on core 0)
2026-05-10 02:07:17.092 8 INFO neutron.db.ovn_revision_numbers_db [None req-8ff56ce3-5d9f-4369-96d4-9751764549f7 a7d3cdaaea7d4cb1993e761e58070fd7 0b5fdaf6287343928e44a2591f17d41c - - default default] Successfully bumped revision number for resource c3eb6922-901f-41f1-8547-bf88fc804b16 (type: ports) to 2
2026-05-10 02:07:17.123 7 WARNING neutron.scheduler.dhcp_agent_scheduler [req-7b0147e3-2b86-47f2-a82f-757a419e5c50 req-beb42159-a2e6-4ba5-b893-d5ac93fc3ff4 f824da18b3774cbbb45229a749d18415 9388508abb0d47d5ac1c41429b689b79 - - default default] No more DHCP agents
2026-05-10 02:07:17.123 8 INFO neutron.db.ovn_revision_numbers_db [None req-8ff56ce3-5d9f-4369-96d4-9751764549f7 a7d3cdaaea7d4cb1993e761e58070fd7 0b5fdaf6287343928e44a2591f17d41c - - default default] Successfully bumped revision number for resource 7fd84437-b4ec-43bf-97a0-bf2c87e43056 (type: subnets) to 0
2026-05-10 02:07:17.124 7 WARNING neutron.api.rpc.agentnotifiers.dhcp_rpc_agent_api [req-7b0147e3-2b86-47f2-a82f-757a419e5c50 req-beb42159-a2e6-4ba5-b893-d5ac93fc3ff4 f824da18b3774cbbb45229a749d18415 9388508abb0d47d5ac1c41429b689b79 - - default default] Unable to schedule network 9a1e2827-3089-406d-8e74-a6b7328c14ea: no agents available; will retry on subsequent port and subnet creation events. [pid: 8|app: 0|req: 1110/2156] 10.0.0.175 () {34 vars in 669 bytes} [Sun May 10 02:07:16 2026] POST /v2.0/subnets => generated 657 bytes in 684 msecs (HTTP/1.1 201) 4 headers in 162 bytes (1 switches on core 0) [pid: 8|app: 0|req: 1111/2157] 10.0.0.214 () {34 vars in 990 bytes} [Sun May 10 02:07:17 2026] GET /v2.0/ports?device_id=30b1af97-d7da-445e-9b5b-3d69936a4317 => generated 961 bytes in 70 msecs (HTTP/1.1 200) 4 headers in 157 bytes (1 switches on core 0)
2026-05-10 02:07:17.245 8 INFO neutron.plugins.ml2.drivers.ovn.mech_driver.mech_driver [None req-1f8da5a5-0138-4d42-8ae1-d466a0367b44 - - - - - -] OVN reports status down for port: eb8ebc14-0e7f-4d82-921a-f3d74bf6b81d
2026-05-10 02:07:17.275 7 INFO neutron.db.ovn_revision_numbers_db [req-7b0147e3-2b86-47f2-a82f-757a419e5c50 req-beb42159-a2e6-4ba5-b893-d5ac93fc3ff4 f824da18b3774cbbb45229a749d18415 9388508abb0d47d5ac1c41429b689b79 - - default default] Successfully bumped revision number for resource eb8ebc14-0e7f-4d82-921a-f3d74bf6b81d (type: ports) to 1 [pid: 7|app: 0|req: 1047/2158] 199.204.45.248 () {38 vars in 955 bytes} [Sun May 10 02:07:16 2026] POST /v2.0/ports => generated 958 bytes in 461 msecs (HTTP/1.1 201) 4 headers in 162 bytes (1 switches on core 0) [pid: 8|app: 0|req: 1112/2159] 10.0.0.175 () {32 vars in 722 bytes} [Sun May 10 02:07:17 2026] GET /v2.0/subnetpools?name=shared-default-subnetpool-v6 => generated 19 bytes in 83 msecs (HTTP/1.1 200) 4 headers in 156 bytes (1 switches on core 0) /var/lib/openstack/lib/python3.12/site-packages/pycadf/identifier.py:70: UserWarning: Invalid uuid: neutron. To ensure interoperability, identifiers should be a valid uuid. warnings.warn(('Invalid uuid: %s. To ensure interoperability, ' [pid: 7|app: 0|req: 1048/2160] 10.0.0.214 () {34 vars in 1040 bytes} [Sun May 10 02:07:17 2026] GET /v2.0/security-groups?id=4767a70a-fd85-4a82-8753-3250120f692d&fields=id&fields=name => generated 88 bytes in 25 msecs (HTTP/1.1 200) 4 headers in 156 bytes (1 switches on core 0)
2026-05-10 02:07:17.519 8 WARNING neutron.scheduler.dhcp_agent_scheduler [None req-fd921829-4581-46f8-bf2c-470ea5112c2f a7d3cdaaea7d4cb1993e761e58070fd7 0b5fdaf6287343928e44a2591f17d41c - - default default] No more DHCP agents
2026-05-10 02:07:17.521 8 WARNING neutron.api.rpc.agentnotifiers.dhcp_rpc_agent_api [None req-fd921829-4581-46f8-bf2c-470ea5112c2f a7d3cdaaea7d4cb1993e761e58070fd7 0b5fdaf6287343928e44a2591f17d41c - - default default] Unable to schedule network d61fc24f-4226-4662-836c-641f7111336f: no agents available; will retry on subsequent port and subnet creation events.
2026-05-10 02:07:17.565 8 INFO neutron.db.ovn_revision_numbers_db [None req-fd921829-4581-46f8-bf2c-470ea5112c2f a7d3cdaaea7d4cb1993e761e58070fd7 0b5fdaf6287343928e44a2591f17d41c - - default default] Successfully bumped revision number for resource ad466f07-a057-4f40-bffe-ffd2efc33930 (type: subnets) to 0 [pid: 8|app: 0|req: 1113/2161] 10.0.0.175 () {34 vars in 669 bytes} [Sun May 10 02:07:17 2026] POST /v2.0/subnets => generated 732 bytes in 284 msecs (HTTP/1.1 201) 4 headers in 162 bytes (1 switches on core 0)
2026-05-10 02:07:17.675 7 INFO neutron.db.ovn_revision_numbers_db [req-7b0147e3-2b86-47f2-a82f-757a419e5c50 req-8830ea22-ecce-42c9-8c0f-a1ae91520922 58ae01764a314181b5bdbecc1dd0a50c 508b7813cfb84e3dbbc59379931f44d6 - - e8689c6511964c5b9ae78a524d91f574 e8689c6511964c5b9ae78a524d91f574] Successfully bumped revision number for resource eb8ebc14-0e7f-4d82-921a-f3d74bf6b81d (type: ports) to 2
2026-05-10 02:07:17.683 8 INFO neutron.db.segments_db [None req-4af19359-3788-4fba-94e6-3411d8956bba a7d3cdaaea7d4cb1993e761e58070fd7 0b5fdaf6287343928e44a2591f17d41c - - default default] Added segment aaad0b86-c24a-48e5-80d3-74401924082e of type geneve for network 7e73a549-e24a-449d-8dbe-71f426642c80
2026-05-10 02:07:17.810 8 INFO neutron.db.ovn_revision_numbers_db [None req-4af19359-3788-4fba-94e6-3411d8956bba a7d3cdaaea7d4cb1993e761e58070fd7 0b5fdaf6287343928e44a2591f17d41c - - default default] Successfully bumped revision number for resource 7e73a549-e24a-449d-8dbe-71f426642c80 (type: networks) to 1
2026-05-10 02:07:17.913 7 INFO neutron.db.ovn_revision_numbers_db [req-7b0147e3-2b86-47f2-a82f-757a419e5c50 req-8830ea22-ecce-42c9-8c0f-a1ae91520922 58ae01764a314181b5bdbecc1dd0a50c 508b7813cfb84e3dbbc59379931f44d6 - - e8689c6511964c5b9ae78a524d91f574 e8689c6511964c5b9ae78a524d91f574] Successfully bumped revision number for resource eb8ebc14-0e7f-4d82-921a-f3d74bf6b81d (type: ports) to 4 [pid: 7|app: 0|req: 1049/2164] 199.204.45.248 () {38 vars in 1028 bytes} [Sun May 10 02:07:17 2026] PUT /v2.0/ports/eb8ebc14-0e7f-4d82-921a-f3d74bf6b81d => generated 1231 bytes in 608 msecs (HTTP/1.1 200) 4 headers in 158 bytes (1 switches on core 0)
2026-05-10 02:07:17.943 8 WARNING neutron.scheduler.dhcp_agent_scheduler [None req-4af19359-3788-4fba-94e6-3411d8956bba a7d3cdaaea7d4cb1993e761e58070fd7 0b5fdaf6287343928e44a2591f17d41c - - default default] No more DHCP agents
2026-05-10 02:07:17.944 8 WARNING neutron.api.rpc.agentnotifiers.dhcp_rpc_agent_api [None req-4af19359-3788-4fba-94e6-3411d8956bba a7d3cdaaea7d4cb1993e761e58070fd7 0b5fdaf6287343928e44a2591f17d41c - - default default] Unable to schedule network 7e73a549-e24a-449d-8dbe-71f426642c80: no agents available; will retry on subsequent port and subnet creation events.
2026-05-10 02:07:17.969 7 INFO neutron.notifiers.nova [-] Nova event matching ['req-601bcdd4-b963-40db-b2f9-2ac5db66c754'] response: {'name': 'network-changed', 'server_uuid': '30b1af97-d7da-445e-9b5b-3d69936a4317', 'tag': 'eb8ebc14-0e7f-4d82-921a-f3d74bf6b81d', 'status': 'completed', 'code': 200}
2026-05-10 02:07:17.999 8 INFO neutron.plugins.ml2.drivers.ovn.mech_driver.mech_driver [None req-1f8da5a5-0138-4d42-8ae1-d466a0367b44 - - - - - -] OVN reports status down for port: 5915ba40-0d9e-4a58-ba32-c04c9cd132af
2026-05-10 02:07:18.059 8 INFO neutron.db.ovn_revision_numbers_db [None req-4af19359-3788-4fba-94e6-3411d8956bba a7d3cdaaea7d4cb1993e761e58070fd7 0b5fdaf6287343928e44a2591f17d41c - - default default] Successfully bumped revision number for resource 5915ba40-0d9e-4a58-ba32-c04c9cd132af (type: ports) to 1 [pid: 8|app: 0|req: 1116/2165] 10.0.0.175 () {34 vars in 670 bytes} [Sun May 10 02:07:17 2026] POST /v2.0/networks => generated 676 bytes in 510 msecs (HTTP/1.1 201) 4 headers in 162 bytes (1 switches on core 0) /var/lib/openstack/lib/python3.12/site-packages/pycadf/identifier.py:70: UserWarning: Invalid uuid: neutron. To ensure interoperability, identifiers should be a valid uuid. warnings.warn(('Invalid uuid: %s. To ensure interoperability, '
2026-05-10 02:07:18.284 7 WARNING neutron.scheduler.dhcp_agent_scheduler [None req-7e994574-4073-4d10-bbf3-29a5557df6a8 a7d3cdaaea7d4cb1993e761e58070fd7 0b5fdaf6287343928e44a2591f17d41c - - default default] No more DHCP agents
2026-05-10 02:07:18.285 7 WARNING neutron.api.rpc.agentnotifiers.dhcp_rpc_agent_api [None req-7e994574-4073-4d10-bbf3-29a5557df6a8 a7d3cdaaea7d4cb1993e761e58070fd7 0b5fdaf6287343928e44a2591f17d41c - - default default] Unable to schedule network 7e73a549-e24a-449d-8dbe-71f426642c80: no agents available; will retry on subsequent port and subnet creation events. [pid: 8|app: 0|req: 1117/2166] 10.0.0.214 () {34 vars in 990 bytes} [Sun May 10 02:07:18 2026] GET /v2.0/ports?device_id=30b1af97-d7da-445e-9b5b-3d69936a4317 => generated 973 bytes in 36 msecs (HTTP/1.1 200) 4 headers in 157 bytes (1 switches on core 0) [pid: 8|app: 0|req: 1118/2167] 10.0.0.214 () {34 vars in 1040 bytes} [Sun May 10 02:07:18 2026] GET /v2.0/security-groups?id=4767a70a-fd85-4a82-8753-3250120f692d&fields=id&fields=name => generated 88 bytes in 28 msecs (HTTP/1.1 200) 4 headers in 156 bytes (1 switches on core 0) [pid: 8|app: 0|req: 1119/2168] 199.204.45.248 () {34 vars in 1080 bytes} [Sun May 10 02:07:18 2026] GET /v2.0/ports?tenant_id=9388508abb0d47d5ac1c41429b689b79&device_id=30b1af97-d7da-445e-9b5b-3d69936a4317 => generated 1234 bytes in 51 msecs (HTTP/1.1 200) 4 headers in 158 bytes (1 switches on core 0) [pid: 8|app: 0|req: 1120/2169] 199.204.45.248 () {34 vars in 1018 bytes} [Sun May 10 02:07:18 2026] GET /v2.0/networks?tenant_id=9388508abb0d47d5ac1c41429b689b79&shared=False => generated 810 bytes in 44 msecs (HTTP/1.1 200) 4 headers in 157 bytes (1 switches on core 0) [pid: 8|app: 0|req: 1121/2170] 199.204.45.248 () {34 vars in 930 bytes} [Sun May 10 02:07:18 2026] GET /v2.0/networks?shared=True => generated 791 bytes in 42 msecs (HTTP/1.1 200) 4 headers in 157 bytes (1 switches on core 0)
2026-05-10 02:07:18.726 7 INFO neutron.db.ovn_revision_numbers_db [None req-7e994574-4073-4d10-bbf3-29a5557df6a8 a7d3cdaaea7d4cb1993e761e58070fd7 0b5fdaf6287343928e44a2591f17d41c - - default default] Successfully bumped revision number for resource 5915ba40-0d9e-4a58-ba32-c04c9cd132af (type: ports) to 2
2026-05-10 02:07:18.760 7 INFO neutron.db.ovn_revision_numbers_db [None req-7e994574-4073-4d10-bbf3-29a5557df6a8 a7d3cdaaea7d4cb1993e761e58070fd7 0b5fdaf6287343928e44a2591f17d41c - - default default] Successfully bumped revision number for resource b7e88f2f-35b8-4a05-a3a7-7f1fc6892f3e (type: subnets) to 0 [pid: 7|app: 0|req: 1050/2171] 10.0.0.175 () {34 vars in 669 bytes} [Sun May 10 02:07:18 2026] POST /v2.0/subnets => generated 655 bytes in 668 msecs (HTTP/1.1 201) 4 headers in 162 bytes (1 switches on core 0) [pid: 7|app: 0|req: 1051/2172] 10.0.0.128 () {34 vars in 990 bytes} [Sun May 10 02:07:18 2026] GET /v2.0/ports?device_id=ff0f9557-7feb-4b1e-bce0-79c6955b73f6 => generated 1232 bytes in 33 msecs (HTTP/1.1 200) 4 headers in 158 bytes (1 switches on core 0) [pid: 7|app: 0|req: 1052/2173] 10.0.0.128 () {34 vars in 1040 bytes} [Sun May 10 02:07:18 2026] GET /v2.0/security-groups?id=c00b85f7-13c6-4347-beb8-72306df8cf55&fields=id&fields=name => generated 112 bytes in 28 msecs (HTTP/1.1 200) 4 headers in 157 bytes (1 switches on core 0)
2026-05-10 02:07:19.035 8 WARNING neutron.scheduler.dhcp_agent_scheduler [None req-7ad126d9-68ae-483a-8994-c6eccac77163 a7d3cdaaea7d4cb1993e761e58070fd7 0b5fdaf6287343928e44a2591f17d41c - - default default] No more DHCP agents
2026-05-10 02:07:19.036 8 WARNING neutron.api.rpc.agentnotifiers.dhcp_rpc_agent_api [None req-7ad126d9-68ae-483a-8994-c6eccac77163 a7d3cdaaea7d4cb1993e761e58070fd7 0b5fdaf6287343928e44a2591f17d41c - - default default] Unable to schedule network 7e73a549-e24a-449d-8dbe-71f426642c80: no agents available; will retry on subsequent port and subnet creation events.
2026-05-10 02:07:19.058 8 INFO neutron.db.ovn_revision_numbers_db [None req-7ad126d9-68ae-483a-8994-c6eccac77163 a7d3cdaaea7d4cb1993e761e58070fd7 0b5fdaf6287343928e44a2591f17d41c - - default default] Successfully bumped revision number for resource ee0e2de3-a271-4564-98eb-154acf314400 (type: subnets) to 0 [pid: 8|app: 0|req: 1122/2174] 10.0.0.175 () {34 vars in 669 bytes} [Sun May 10 02:07:18 2026] POST /v2.0/subnets => generated 726 bytes in 294 msecs (HTTP/1.1 201) 4 headers in 162 bytes (1 switches on core 0)
2026-05-10 02:07:19.165 7 INFO neutron.db.segments_db [None req-46179bb4-178d-44af-a915-f9a7df321661 a7d3cdaaea7d4cb1993e761e58070fd7 0b5fdaf6287343928e44a2591f17d41c - - default default] Added segment 8d5aa4fc-29be-411f-8833-b3e4710cd2c3 of type geneve for network c2b639c5-4fbd-4ed0-b254-ad3e11e16061
2026-05-10 02:07:19.262 7 INFO neutron.db.ovn_revision_numbers_db [None req-46179bb4-178d-44af-a915-f9a7df321661 a7d3cdaaea7d4cb1993e761e58070fd7 0b5fdaf6287343928e44a2591f17d41c - - default default] Successfully bumped revision number for resource c2b639c5-4fbd-4ed0-b254-ad3e11e16061 (type: networks) to 1
2026-05-10 02:07:19.402 7 WARNING neutron.scheduler.dhcp_agent_scheduler [None req-46179bb4-178d-44af-a915-f9a7df321661 a7d3cdaaea7d4cb1993e761e58070fd7 0b5fdaf6287343928e44a2591f17d41c - - default default] No more DHCP agents
2026-05-10 02:07:19.403 7 WARNING neutron.api.rpc.agentnotifiers.dhcp_rpc_agent_api [None req-46179bb4-178d-44af-a915-f9a7df321661 a7d3cdaaea7d4cb1993e761e58070fd7 0b5fdaf6287343928e44a2591f17d41c - - default default] Unable to schedule network c2b639c5-4fbd-4ed0-b254-ad3e11e16061: no agents available; will retry on subsequent port and subnet creation events.
2026-05-10 02:07:19.450 7 INFO neutron.plugins.ml2.drivers.ovn.mech_driver.mech_driver [None req-acd27db4-1788-4c34-a57b-3c04f61f00a2 - - - - - -] OVN reports status down for port: 1d46b0c6-21cd-4f3c-9648-d210a602bd9d
2026-05-10 02:07:19.489 7 INFO neutron.db.ovn_revision_numbers_db [None req-46179bb4-178d-44af-a915-f9a7df321661 a7d3cdaaea7d4cb1993e761e58070fd7 0b5fdaf6287343928e44a2591f17d41c - - default default] Successfully bumped revision number for resource 1d46b0c6-21cd-4f3c-9648-d210a602bd9d (type: ports) to 1 [pid: 7|app: 0|req: 1053/2175] 10.0.0.175 () {34 vars in 670 bytes} [Sun May 10 02:07:19 2026] POST /v2.0/networks => generated 676 bytes in 441 msecs (HTTP/1.1 201) 4 headers in 162 bytes (1 switches on core 0) [pid: 7|app: 0|req: 1054/2176] 199.204.45.248 () {34 vars in 1080 bytes} [Sun May 10 02:07:19 2026] GET /v2.0/ports?tenant_id=9388508abb0d47d5ac1c41429b689b79&device_id=30b1af97-d7da-445e-9b5b-3d69936a4317 => generated 1234 bytes in 38 msecs (HTTP/1.1 200) 4 headers in 158 bytes (1 switches on core 0)
2026-05-10 02:07:19.700 8 WARNING neutron.scheduler.dhcp_agent_scheduler [None req-2fc4ead0-8112-4a58-b9cd-7c558b079e83 a7d3cdaaea7d4cb1993e761e58070fd7 0b5fdaf6287343928e44a2591f17d41c - - default default] No more DHCP agents
