2026-05-10 02:06:01.910 8 INFO neutron.plugins.ml2.drivers.ovn.mech_driver.mech_driver [None req-c993f60f-eba2-4608-b0ac-08c63d3eaa15 - - - - - -] OVN reports status down for port: 6dae529e-3bdb-4e67-8094-8cbf8df6582c
2026-05-10 02:06:01.940 7 INFO neutron.db.ovn_revision_numbers_db [None req-c07098b1-12fe-4685-be4c-3d04cd512a2a d3a02614c50749c583752f004b49041b 6e6d6372fbe94ae9b93fd7cf0fa037b4 - - default default] Successfully bumped revision number for resource 6dae529e-3bdb-4e67-8094-8cbf8df6582c (type: ports) to 1 [pid: 7|app: 0|req: 785/1651] 10.0.0.175 () {34 vars in 670 bytes} [Sun May 10 02:06:01 2026] POST /v2.0/networks => generated 670 bytes in 530 msecs (HTTP/1.1 201) 4 headers in 162 bytes (1 switches on core 0)
2026-05-10 02:06:02.149 8 WARNING neutron.db.securitygroups_db [None req-f31573e8-6ffc-4f89-a2b5-e9f903666ee9 a8191c58d87340188dafb597f06e9b43 d4f5705cef4b43b08f281f71b863c16b - - default default] project_id key not found in filters, using tenant_id instead. This support has been deprecated and will be removed in a future release.
2026-05-10 02:06:02.159 7 WARNING neutron.scheduler.dhcp_agent_scheduler [None req-17fa02b9-fd94-4190-9168-ae8ef190137c d3a02614c50749c583752f004b49041b 6e6d6372fbe94ae9b93fd7cf0fa037b4 - - default default] No more DHCP agents
2026-05-10 02:06:02.161 7 WARNING neutron.api.rpc.agentnotifiers.dhcp_rpc_agent_api [None req-17fa02b9-fd94-4190-9168-ae8ef190137c d3a02614c50749c583752f004b49041b 6e6d6372fbe94ae9b93fd7cf0fa037b4 - - default default] Unable to schedule network 07382523-556a-4eff-9afc-b5b5f0764913: no agents available; will retry on subsequent port and subnet creation events.
2026-05-10 02:06:02.301 8 INFO neutron.db.ovn_revision_numbers_db [None req-f31573e8-6ffc-4f89-a2b5-e9f903666ee9 a8191c58d87340188dafb597f06e9b43 d4f5705cef4b43b08f281f71b863c16b - - default default] Successfully bumped revision number for resource c6df7378-ecc8-440e-b7b1-2419e763fc2c (type: security_groups) to 1
2026-05-10 02:06:02.315 8 INFO neutron.db.ovn_revision_numbers_db [None req-f31573e8-6ffc-4f89-a2b5-e9f903666ee9 a8191c58d87340188dafb597f06e9b43 d4f5705cef4b43b08f281f71b863c16b - - default default] Successfully bumped revision number for resource 68456753-223a-4664-88b7-88860302be2e (type: security_group_rules) to 0
2026-05-10 02:06:02.338 8 INFO neutron.db.ovn_revision_numbers_db [None req-f31573e8-6ffc-4f89-a2b5-e9f903666ee9 a8191c58d87340188dafb597f06e9b43 d4f5705cef4b43b08f281f71b863c16b - - default default] Successfully bumped revision number for resource 9d9db6ee-e5ab-4693-a071-093ee7f4bd2f (type: security_group_rules) to 0
2026-05-10 02:06:02.352 8 INFO neutron.db.ovn_revision_numbers_db [None req-f31573e8-6ffc-4f89-a2b5-e9f903666ee9 a8191c58d87340188dafb597f06e9b43 d4f5705cef4b43b08f281f71b863c16b - - default default] Successfully bumped revision number for resource aae08fb8-2c37-4d18-b873-9b81bf3a90af (type: security_group_rules) to 0
2026-05-10 02:06:02.364 8 INFO neutron.db.ovn_revision_numbers_db [None req-f31573e8-6ffc-4f89-a2b5-e9f903666ee9 a8191c58d87340188dafb597f06e9b43 d4f5705cef4b43b08f281f71b863c16b - - default default] Successfully bumped revision number for resource e39544c2-8654-4cb2-8818-698cd86399bd (type: security_group_rules) to 0 [pid: 8|app: 0|req: 867/1652] 10.0.0.175 () {32 vars in 774 bytes} [Sun May 10 02:06:01 2026] GET /v2.0/security-groups?tenant_id=1523c2ec677b4f74962d7497d4b4f20f&name=default => generated 2925 bytes in 433 msecs (HTTP/1.1 200) 4 headers in 158 bytes (1 switches on core 0) [pid: 8|app: 0|req: 870/1655] 10.0.0.175 () {32 vars in 740 bytes} [Sun May 10 02:06:02 2026] DELETE /v2.0/security-groups/c6df7378-ecc8-440e-b7b1-2419e763fc2c => generated 0 bytes in 198 msecs (HTTP/1.1 204) 2 headers in 112 bytes (1 switches on core 0)
2026-05-10 02:06:02.619 7 INFO neutron.db.ovn_revision_numbers_db [None req-17fa02b9-fd94-4190-9168-ae8ef190137c d3a02614c50749c583752f004b49041b 6e6d6372fbe94ae9b93fd7cf0fa037b4 - - default default] Successfully bumped revision number for resource 6dae529e-3bdb-4e67-8094-8cbf8df6582c (type: ports) to 2
2026-05-10 02:06:02.654 7 INFO neutron.db.ovn_revision_numbers_db [None req-17fa02b9-fd94-4190-9168-ae8ef190137c d3a02614c50749c583752f004b49041b 6e6d6372fbe94ae9b93fd7cf0fa037b4 - - default default] Successfully bumped revision number for resource 755bed79-bb12-4d6e-818c-cccf6d15e2fc (type: subnets) to 0 [pid: 7|app: 0|req: 786/1656] 10.0.0.175 () {34 vars in 669 bytes} [Sun May 10 02:06:01 2026] POST /v2.0/subnets => generated 629 bytes in 693 msecs (HTTP/1.1 201) 4 headers in 162 bytes (1 switches on core 0)
2026-05-10 02:06:02.699 8 WARNING neutron.db.securitygroups_db [None req-9fd3446c-7479-484b-8eed-ed949c631004 a8191c58d87340188dafb597f06e9b43 d4f5705cef4b43b08f281f71b863c16b - - default default] project_id key not found in filters, using tenant_id instead. This support has been deprecated and will be removed in a future release.
2026-05-10 02:06:02.759 7 INFO neutron.db.segments_db [None req-d6670842-d7c7-4a49-b716-52b897394a52 d3a02614c50749c583752f004b49041b 6e6d6372fbe94ae9b93fd7cf0fa037b4 - - default default] Added segment 61d75a34-5ddf-40ee-9dee-73c4a45a1466 of type geneve for network b7ba5a05-c3ee-4a83-9956-34e15cfc329b
2026-05-10 02:06:02.810 8 INFO neutron.db.ovn_revision_numbers_db [None req-9fd3446c-7479-484b-8eed-ed949c631004 a8191c58d87340188dafb597f06e9b43 d4f5705cef4b43b08f281f71b863c16b - - default default] Successfully bumped revision number for resource 29670b38-6bcb-4cdd-b092-30598d58771d (type: security_groups) to 1
2026-05-10 02:06:02.827 8 INFO neutron.db.ovn_revision_numbers_db [None req-9fd3446c-7479-484b-8eed-ed949c631004 a8191c58d87340188dafb597f06e9b43 d4f5705cef4b43b08f281f71b863c16b - - default default] Successfully bumped revision number for resource 13dd63c3-5ee4-4e23-84c2-9803c496e26a (type: security_group_rules) to 0
2026-05-10 02:06:02.838 8 INFO neutron.db.ovn_revision_numbers_db [None req-9fd3446c-7479-484b-8eed-ed949c631004 a8191c58d87340188dafb597f06e9b43 d4f5705cef4b43b08f281f71b863c16b - - default default] Successfully bumped revision number for resource 2bd6749f-f360-449f-9d66-91f05440ea0b (type: security_group_rules) to 0
2026-05-10 02:06:02.848 8 INFO neutron.db.ovn_revision_numbers_db [None req-9fd3446c-7479-484b-8eed-ed949c631004 a8191c58d87340188dafb597f06e9b43 d4f5705cef4b43b08f281f71b863c16b - - default default] Successfully bumped revision number for resource 464c86eb-a01c-42bc-a049-cfa6f452ef2a (type: security_group_rules) to 0
2026-05-10 02:06:02.864 8 INFO neutron.db.ovn_revision_numbers_db [None req-9fd3446c-7479-484b-8eed-ed949c631004 a8191c58d87340188dafb597f06e9b43 d4f5705cef4b43b08f281f71b863c16b - - default default] Successfully bumped revision number for resource 59dde010-fd90-494f-ae9e-9c3958727703 (type: security_group_rules) to 0
2026-05-10 02:06:02.890 7 INFO neutron.db.ovn_revision_numbers_db [None req-d6670842-d7c7-4a49-b716-52b897394a52 d3a02614c50749c583752f004b49041b 6e6d6372fbe94ae9b93fd7cf0fa037b4 - - default default] Successfully bumped revision number for resource b7ba5a05-c3ee-4a83-9956-34e15cfc329b (type: networks) to 1 [pid: 8|app: 0|req: 871/1657] 10.0.0.175 () {32 vars in 774 bytes} [Sun May 10 02:06:02 2026] GET /v2.0/security-groups?tenant_id=8c61cc97dd7844d2b05e932aaf4d206f&name=default => generated 2925 bytes in 288 msecs (HTTP/1.1 200) 4 headers in 158 bytes (1 switches on core 0)
2026-05-10 02:06:03.078 7 WARNING neutron.scheduler.dhcp_agent_scheduler [None req-d6670842-d7c7-4a49-b716-52b897394a52 d3a02614c50749c583752f004b49041b 6e6d6372fbe94ae9b93fd7cf0fa037b4 - - default default] No more DHCP agents
2026-05-10 02:06:03.079 7 WARNING neutron.api.rpc.agentnotifiers.dhcp_rpc_agent_api [None req-d6670842-d7c7-4a49-b716-52b897394a52 d3a02614c50749c583752f004b49041b 6e6d6372fbe94ae9b93fd7cf0fa037b4 - - default default] Unable to schedule network b7ba5a05-c3ee-4a83-9956-34e15cfc329b: no agents available; will retry on subsequent port and subnet creation events. [pid: 8|app: 0|req: 872/1658] 10.0.0.175 () {32 vars in 740 bytes} [Sun May 10 02:06:02 2026] DELETE /v2.0/security-groups/29670b38-6bcb-4cdd-b092-30598d58771d => generated 0 bytes in 181 msecs (HTTP/1.1 204) 2 headers in 112 bytes (1 switches on core 0)
2026-05-10 02:06:03.132 7 INFO neutron.plugins.ml2.drivers.ovn.mech_driver.mech_driver [None req-46a622cc-66cc-4c70-a55d-f7efb0ab7a64 - - - - - -] OVN reports status down for port: 4da87910-3d1c-473a-8012-3bb6acd9232e
2026-05-10 02:06:03.189 8 WARNING neutron.db.securitygroups_db [None req-8e5bb60f-e239-4dd6-92ae-d6fe1a894e29 a8191c58d87340188dafb597f06e9b43 d4f5705cef4b43b08f281f71b863c16b - - default default] project_id key not found in filters, using tenant_id instead. This support has been deprecated and will be removed in a future release.
2026-05-10 02:06:03.206 7 INFO neutron.db.ovn_revision_numbers_db [None req-d6670842-d7c7-4a49-b716-52b897394a52 d3a02614c50749c583752f004b49041b 6e6d6372fbe94ae9b93fd7cf0fa037b4 - - default default] Successfully bumped revision number for resource 4da87910-3d1c-473a-8012-3bb6acd9232e (type: ports) to 1 [pid: 7|app: 0|req: 787/1659] 10.0.0.175 () {34 vars in 670 bytes} [Sun May 10 02:06:02 2026] POST /v2.0/networks => generated 670 bytes in 567 msecs (HTTP/1.1 201) 4 headers in 162 bytes (1 switches on core 0)
2026-05-10 02:06:03.291 8 INFO neutron.db.ovn_revision_numbers_db [None req-8e5bb60f-e239-4dd6-92ae-d6fe1a894e29 a8191c58d87340188dafb597f06e9b43 d4f5705cef4b43b08f281f71b863c16b - - default default] Successfully bumped revision number for resource 5b76563b-b12d-44e5-ac2d-b6190d46b631 (type: security_groups) to 1
2026-05-10 02:06:03.302 8 INFO neutron.db.ovn_revision_numbers_db [None req-8e5bb60f-e239-4dd6-92ae-d6fe1a894e29 a8191c58d87340188dafb597f06e9b43 d4f5705cef4b43b08f281f71b863c16b - - default default] Successfully bumped revision number for resource 6266a55c-220a-4cf1-800e-4965aa5c1590 (type: security_group_rules) to 0
2026-05-10 02:06:03.313 8 INFO neutron.db.ovn_revision_numbers_db [None req-8e5bb60f-e239-4dd6-92ae-d6fe1a894e29 a8191c58d87340188dafb597f06e9b43 d4f5705cef4b43b08f281f71b863c16b - - default default] Successfully bumped revision number for resource 80730885-5453-4f77-9123-363cfe0d0cb1 (type: security_group_rules) to 0
2026-05-10 02:06:03.334 8 INFO neutron.db.ovn_revision_numbers_db [None req-8e5bb60f-e239-4dd6-92ae-d6fe1a894e29 a8191c58d87340188dafb597f06e9b43 d4f5705cef4b43b08f281f71b863c16b - - default default] Successfully bumped revision number for resource 951c39ef-f267-4ef2-8689-14c68803709d (type: security_group_rules) to 0
2026-05-10 02:06:03.348 8 INFO neutron.db.ovn_revision_numbers_db [None req-8e5bb60f-e239-4dd6-92ae-d6fe1a894e29 a8191c58d87340188dafb597f06e9b43 d4f5705cef4b43b08f281f71b863c16b - - default default] Successfully bumped revision number for resource 9533b254-e020-47a7-a707-22b98976cf31 (type: security_group_rules) to 0 [pid: 8|app: 0|req: 873/1660] 10.0.0.175 () {32 vars in 774 bytes} [Sun May 10 02:06:03 2026] GET /v2.0/security-groups?tenant_id=2ceca37da85542a59916efcea585ead9&name=default => generated 2925 bytes in 198 msecs (HTTP/1.1 200) 4 headers in 158 bytes (1 switches on core 0)
2026-05-10 02:06:03.453 7 WARNING neutron.scheduler.dhcp_agent_scheduler [None req-575276c7-99ad-4efc-9870-f4282560e2ae d3a02614c50749c583752f004b49041b 6e6d6372fbe94ae9b93fd7cf0fa037b4 - - default default] No more DHCP agents
2026-05-10 02:06:03.456 7 WARNING neutron.api.rpc.agentnotifiers.dhcp_rpc_agent_api [None req-575276c7-99ad-4efc-9870-f4282560e2ae d3a02614c50749c583752f004b49041b 6e6d6372fbe94ae9b93fd7cf0fa037b4 - - default default] Unable to schedule network b7ba5a05-c3ee-4a83-9956-34e15cfc329b: no agents available; will retry on subsequent port and subnet creation events. [pid: 8|app: 0|req: 874/1661] 10.0.0.175 () {32 vars in 740 bytes} [Sun May 10 02:06:03 2026] DELETE /v2.0/security-groups/5b76563b-b12d-44e5-ac2d-b6190d46b631 => generated 0 bytes in 154 msecs (HTTP/1.1 204) 2 headers in 112 bytes (1 switches on core 0)
2026-05-10 02:06:03.907 8 WARNING neutron.db.securitygroups_db [None req-22a2db16-1091-454e-b178-f8b14a4802ec a8191c58d87340188dafb597f06e9b43 d4f5705cef4b43b08f281f71b863c16b - - default default] project_id key not found in filters, using tenant_id instead. This support has been deprecated and will be removed in a future release.
2026-05-10 02:06:03.936 7 INFO neutron.db.ovn_revision_numbers_db [None req-575276c7-99ad-4efc-9870-f4282560e2ae d3a02614c50749c583752f004b49041b 6e6d6372fbe94ae9b93fd7cf0fa037b4 - - default default] Successfully bumped revision number for resource 4da87910-3d1c-473a-8012-3bb6acd9232e (type: ports) to 2
2026-05-10 02:06:03.968 7 INFO neutron.db.ovn_revision_numbers_db [None req-575276c7-99ad-4efc-9870-f4282560e2ae d3a02614c50749c583752f004b49041b 6e6d6372fbe94ae9b93fd7cf0fa037b4 - - default default] Successfully bumped revision number for resource 4e92199e-50d4-47f6-9afe-1ee937427c53 (type: subnets) to 0 [pid: 7|app: 0|req: 788/1662] 10.0.0.175 () {34 vars in 669 bytes} [Sun May 10 02:06:03 2026] POST /v2.0/subnets => generated 629 bytes in 741 msecs (HTTP/1.1 201) 4 headers in 162 bytes (1 switches on core 0)
2026-05-10 02:06:04.014 8 INFO neutron.db.ovn_revision_numbers_db [None req-22a2db16-1091-454e-b178-f8b14a4802ec a8191c58d87340188dafb597f06e9b43 d4f5705cef4b43b08f281f71b863c16b - - default default] Successfully bumped revision number for resource d925d6a9-aa2d-4b04-8067-d81622290c2a (type: security_groups) to 1
2026-05-10 02:06:04.023 8 INFO neutron.db.ovn_revision_numbers_db [None req-22a2db16-1091-454e-b178-f8b14a4802ec a8191c58d87340188dafb597f06e9b43 d4f5705cef4b43b08f281f71b863c16b - - default default] Successfully bumped revision number for resource 0b79eed1-694e-4fc2-bae1-a27e9f3a0ed9 (type: security_group_rules) to 0
2026-05-10 02:06:04.033 8 INFO neutron.db.ovn_revision_numbers_db [None req-22a2db16-1091-454e-b178-f8b14a4802ec a8191c58d87340188dafb597f06e9b43 d4f5705cef4b43b08f281f71b863c16b - - default default] Successfully bumped revision number for resource 663bd280-1b27-48e9-9093-b31ec306c988 (type: security_group_rules) to 0
2026-05-10 02:06:04.042 8 INFO neutron.db.ovn_revision_numbers_db [None req-22a2db16-1091-454e-b178-f8b14a4802ec a8191c58d87340188dafb597f06e9b43 d4f5705cef4b43b08f281f71b863c16b - - default default] Successfully bumped revision number for resource 6e3a6adc-a1b3-440f-a041-3eb7f116b439 (type: security_group_rules) to 0
2026-05-10 02:06:04.051 8 INFO neutron.db.ovn_revision_numbers_db [None req-22a2db16-1091-454e-b178-f8b14a4802ec a8191c58d87340188dafb597f06e9b43 d4f5705cef4b43b08f281f71b863c16b - - default default] Successfully bumped revision number for resource cd326e40-28b5-4e08-bb74-d6d05fead044 (type: security_group_rules) to 0
2026-05-10 02:06:04.078 7 INFO neutron.db.segments_db [None req-c2f6a318-2785-4e24-95be-2e5a88437dd0 d3a02614c50749c583752f004b49041b 6e6d6372fbe94ae9b93fd7cf0fa037b4 - - default default] Added segment 2a3470bc-8d19-44c6-9640-6b1f60c183ac of type geneve for network 09128409-abac-4b54-85e2-5fde8f21ee85 [pid: 8|app: 0|req: 875/1663] 10.0.0.175 () {32 vars in 774 bytes} [Sun May 10 02:06:03 2026] GET /v2.0/security-groups?tenant_id=6c40680802154a1dae1032c4294f5bb6&name=default => generated 2925 bytes in 301 msecs (HTTP/1.1 200) 4 headers in 158 bytes (1 switches on core 0)
2026-05-10 02:06:04.195 7 INFO neutron.db.ovn_revision_numbers_db [None req-c2f6a318-2785-4e24-95be-2e5a88437dd0 d3a02614c50749c583752f004b49041b 6e6d6372fbe94ae9b93fd7cf0fa037b4 - - default default] Successfully bumped revision number for resource 09128409-abac-4b54-85e2-5fde8f21ee85 (type: networks) to 1 [pid: 8|app: 0|req: 876/1664] 10.0.0.175 () {32 vars in 740 bytes} [Sun May 10 02:06:04 2026] DELETE /v2.0/security-groups/d925d6a9-aa2d-4b04-8067-d81622290c2a => generated 0 bytes in 164 msecs (HTTP/1.1 204) 2 headers in 112 bytes (1 switches on core 0)
2026-05-10 02:06:04.339 7 WARNING neutron.scheduler.dhcp_agent_scheduler [None req-c2f6a318-2785-4e24-95be-2e5a88437dd0 d3a02614c50749c583752f004b49041b 6e6d6372fbe94ae9b93fd7cf0fa037b4 - - default default] No more DHCP agents
2026-05-10 02:06:04.341 7 WARNING neutron.api.rpc.agentnotifiers.dhcp_rpc_agent_api [None req-c2f6a318-2785-4e24-95be-2e5a88437dd0 d3a02614c50749c583752f004b49041b 6e6d6372fbe94ae9b93fd7cf0fa037b4 - - default default] Unable to schedule network 09128409-abac-4b54-85e2-5fde8f21ee85: no agents available; will retry on subsequent port and subnet creation events.
2026-05-10 02:06:04.397 8 INFO neutron.plugins.ml2.drivers.ovn.mech_driver.mech_driver [None req-c993f60f-eba2-4608-b0ac-08c63d3eaa15 - - - - - -] OVN reports status down for port: bf17ca81-13c8-4e35-95c8-3ee5f93f496c
2026-05-10 02:06:04.425 7 INFO neutron.db.ovn_revision_numbers_db [None req-c2f6a318-2785-4e24-95be-2e5a88437dd0 d3a02614c50749c583752f004b49041b 6e6d6372fbe94ae9b93fd7cf0fa037b4 - - default default] Successfully bumped revision number for resource bf17ca81-13c8-4e35-95c8-3ee5f93f496c (type: ports) to 1 [pid: 7|app: 0|req: 789/1665] 10.0.0.175 () {34 vars in 670 bytes} [Sun May 10 02:06:03 2026] POST /v2.0/networks => generated 670 bytes in 461 msecs (HTTP/1.1 201) 4 headers in 162 bytes (1 switches on core 0)
2026-05-10 02:06:04.618 8 INFO neutron.db.ovn_revision_numbers_db [None req-a2d9efc3-8aa1-4382-8b4b-ab49b4f65e5c fdea9c123f99452ab9b6235275f3f694 7337b99acb15491696db8bd3307d4924 - - default default] Successfully bumped revision number for resource e7e05bbf-62ff-43de-8198-7cd797655445 (type: security_groups) to 1
2026-05-10 02:06:04.628 8 INFO neutron.db.ovn_revision_numbers_db [None req-a2d9efc3-8aa1-4382-8b4b-ab49b4f65e5c fdea9c123f99452ab9b6235275f3f694 7337b99acb15491696db8bd3307d4924 - - default default] Successfully bumped revision number for resource ca951641-2151-43e3-bade-2145fa25cdfc (type: security_group_rules) to 0
2026-05-10 02:06:04.633 7 WARNING neutron.scheduler.dhcp_agent_scheduler [None req-882b1085-b97e-48fc-9224-f38a67ca8ba6 d3a02614c50749c583752f004b49041b 6e6d6372fbe94ae9b93fd7cf0fa037b4 - - default default] No more DHCP agents
2026-05-10 02:06:04.634 7 WARNING neutron.api.rpc.agentnotifiers.dhcp_rpc_agent_api [None req-882b1085-b97e-48fc-9224-f38a67ca8ba6 d3a02614c50749c583752f004b49041b 6e6d6372fbe94ae9b93fd7cf0fa037b4 - - default default] Unable to schedule network 09128409-abac-4b54-85e2-5fde8f21ee85: no agents available; will retry on subsequent port and subnet creation events.
2026-05-10 02:06:04.639 8 INFO neutron.db.ovn_revision_numbers_db [None req-a2d9efc3-8aa1-4382-8b4b-ab49b4f65e5c fdea9c123f99452ab9b6235275f3f694 7337b99acb15491696db8bd3307d4924 - - default default] Successfully bumped revision number for resource e385653f-e878-4778-8116-d354c14fefbf (type: security_group_rules) to 0
2026-05-10 02:06:04.648 8 INFO neutron.db.ovn_revision_numbers_db [None req-a2d9efc3-8aa1-4382-8b4b-ab49b4f65e5c fdea9c123f99452ab9b6235275f3f694 7337b99acb15491696db8bd3307d4924 - - default default] Successfully bumped revision number for resource f5a72679-a9f1-489d-a4eb-5192e56c743f (type: security_group_rules) to 0
2026-05-10 02:06:04.659 8 INFO neutron.db.ovn_revision_numbers_db [None req-a2d9efc3-8aa1-4382-8b4b-ab49b4f65e5c fdea9c123f99452ab9b6235275f3f694 7337b99acb15491696db8bd3307d4924 - - default default] Successfully bumped revision number for resource feffe469-6ccc-4b37-8e13-02e6ee4c69a5 (type: security_group_rules) to 0
2026-05-10 02:06:04.739 8 INFO neutron.db.segments_db [None req-a2d9efc3-8aa1-4382-8b4b-ab49b4f65e5c fdea9c123f99452ab9b6235275f3f694 7337b99acb15491696db8bd3307d4924 - - default default] Added segment 8b8fa482-bd7e-43f0-9496-2fde62df82c9 of type geneve for network d7b9fd27-5d2b-4020-85a3-485dc552dff2
2026-05-10 02:06:04.828 8 INFO neutron.db.segments_db [None req-a2d9efc3-8aa1-4382-8b4b-ab49b4f65e5c fdea9c123f99452ab9b6235275f3f694 7337b99acb15491696db8bd3307d4924 - - default default] Added segment cc2b5187-d267-4333-a70d-e8fc07e95194 of type geneve for network a8f2d70e-4ec2-40ad-957a-726c9fe408e3
2026-05-10 02:06:04.949 8 INFO neutron.db.ovn_revision_numbers_db [None req-a2d9efc3-8aa1-4382-8b4b-ab49b4f65e5c fdea9c123f99452ab9b6235275f3f694 7337b99acb15491696db8bd3307d4924 - - default default] Successfully bumped revision number for resource d7b9fd27-5d2b-4020-85a3-485dc552dff2 (type: networks) to 1
2026-05-10 02:06:05.040 7 INFO neutron.db.ovn_revision_numbers_db [None req-882b1085-b97e-48fc-9224-f38a67ca8ba6 d3a02614c50749c583752f004b49041b 6e6d6372fbe94ae9b93fd7cf0fa037b4 - - default default] Successfully bumped revision number for resource bf17ca81-13c8-4e35-95c8-3ee5f93f496c (type: ports) to 2
2026-05-10 02:06:05.072 7 INFO neutron.db.ovn_revision_numbers_db [None req-882b1085-b97e-48fc-9224-f38a67ca8ba6 d3a02614c50749c583752f004b49041b 6e6d6372fbe94ae9b93fd7cf0fa037b4 - - default default] Successfully bumped revision number for resource 93f5874d-7fbd-4c8c-ad0a-047f3345e9fb (type: subnets) to 0 [pid: 7|app: 0|req: 790/1666] 10.0.0.175 () {34 vars in 669 bytes} [Sun May 10 02:06:04 2026] POST /v2.0/subnets => generated 629 bytes in 631 msecs (HTTP/1.1 201) 4 headers in 162 bytes (1 switches on core 0)
2026-05-10 02:06:05.130 8 WARNING neutron.scheduler.dhcp_agent_scheduler [None req-a2d9efc3-8aa1-4382-8b4b-ab49b4f65e5c fdea9c123f99452ab9b6235275f3f694 7337b99acb15491696db8bd3307d4924 - - default default] No more DHCP agents
2026-05-10 02:06:05.131 8 WARNING neutron.api.rpc.agentnotifiers.dhcp_rpc_agent_api [None req-a2d9efc3-8aa1-4382-8b4b-ab49b4f65e5c fdea9c123f99452ab9b6235275f3f694 7337b99acb15491696db8bd3307d4924 - - default default] Unable to schedule network d7b9fd27-5d2b-4020-85a3-485dc552dff2: no agents available; will retry on subsequent port and subnet creation events. [pid: 7|app: 0|req: 791/1667] 10.0.0.175 () {34 vars in 751 bytes} [Sun May 10 02:06:05 2026] PUT /v2.0/subnets/25f0cd02-a87f-41b4-a815-b602da0d848d/tags => generated 17 bytes in 58 msecs (HTTP/1.1 200) 4 headers in 156 bytes (1 switches on core 0)
2026-05-10 02:06:05.194 8 INFO neutron.plugins.ml2.drivers.ovn.mech_driver.mech_driver [None req-c993f60f-eba2-4608-b0ac-08c63d3eaa15 - - - - - -] OVN reports status down for port: 26ca325f-6db5-4b81-a8a6-6f787392ec7f [pid: 7|app: 0|req: 792/1668] 10.0.0.175 () {34 vars in 751 bytes} [Sun May 10 02:06:05 2026] PUT /v2.0/subnets/152d6c97-7652-4ce2-b480-098858f84d20/tags => generated 25 bytes in 54 msecs (HTTP/1.1 200) 4 headers in 156 bytes (1 switches on core 0)
2026-05-10 02:06:05.257 8 INFO neutron.db.ovn_revision_numbers_db [None req-a2d9efc3-8aa1-4382-8b4b-ab49b4f65e5c fdea9c123f99452ab9b6235275f3f694 7337b99acb15491696db8bd3307d4924 - - default default] Successfully bumped revision number for resource 26ca325f-6db5-4b81-a8a6-6f787392ec7f (type: ports) to 1 [pid: 7|app: 0|req: 793/1669] 10.0.0.175 () {34 vars in 751 bytes} [Sun May 10 02:06:05 2026] PUT /v2.0/subnets/755bed79-bb12-4d6e-818c-cccf6d15e2fc/tags => generated 34 bytes in 50 msecs (HTTP/1.1 200) 4 headers in 156 bytes (1 switches on core 0) [pid: 7|app: 0|req: 794/1670] 10.0.0.175 () {34 vars in 751 bytes} [Sun May 10 02:06:05 2026] PUT /v2.0/subnets/4e92199e-50d4-47f6-9afe-1ee937427c53/tags => generated 19 bytes in 36 msecs (HTTP/1.1 200) 4 headers in 156 bytes (1 switches on core 0)
2026-05-10 02:06:05.342 8 INFO neutron.db.ovn_revision_numbers_db [None req-a2d9efc3-8aa1-4382-8b4b-ab49b4f65e5c fdea9c123f99452ab9b6235275f3f694 7337b99acb15491696db8bd3307d4924 - - default default] Successfully bumped revision number for resource a8f2d70e-4ec2-40ad-957a-726c9fe408e3 (type: networks) to 1 [pid: 7|app: 0|req: 795/1671] 10.0.0.175 () {32 vars in 664 bytes} [Sun May 10 02:06:05 2026] GET /v2.0/subnets?tags=red => generated 1904 bytes in 61 msecs (HTTP/1.1 200) 4 headers in 158 bytes (1 switches on core 0) [pid: 7|app: 0|req: 796/1672] 10.0.0.175 () {32 vars in 678 bytes} [Sun May 10 02:06:05 2026] GET /v2.0/subnets?tags=red%2Cblue => generated 1283 bytes in 39 msecs (HTTP/1.1 200) 4 headers in 158 bytes (1 switches on core 0) [pid: 7|app: 0|req: 797/1673] 10.0.0.175 () {32 vars in 674 bytes} [Sun May 10 02:06:05 2026] GET /v2.0/subnets?tags-any=blue => generated 1283 bytes in 44 msecs (HTTP/1.1 200) 4 headers in 158 bytes (1 switches on core 0)
2026-05-10 02:06:05.495 8 WARNING neutron.scheduler.dhcp_agent_scheduler [None req-a2d9efc3-8aa1-4382-8b4b-ab49b4f65e5c fdea9c123f99452ab9b6235275f3f694 7337b99acb15491696db8bd3307d4924 - - default default] No more DHCP agents
2026-05-10 02:06:05.496 8 WARNING neutron.api.rpc.agentnotifiers.dhcp_rpc_agent_api [None req-a2d9efc3-8aa1-4382-8b4b-ab49b4f65e5c fdea9c123f99452ab9b6235275f3f694 7337b99acb15491696db8bd3307d4924 - - default default] Unable to schedule network a8f2d70e-4ec2-40ad-957a-726c9fe408e3: no agents available; will retry on subsequent port and subnet creation events. [pid: 7|app: 0|req: 798/1674] 10.0.0.175 () {32 vars in 686 bytes} [Sun May 10 02:06:05 2026] GET /v2.0/subnets?tags-any=red%2Cblue => generated 1904 bytes in 32 msecs (HTTP/1.1 200) 4 headers in 158 bytes (1 switches on core 0)
2026-05-10 02:06:05.574 8 INFO neutron.db.ovn_revision_numbers_db [None req-a2d9efc3-8aa1-4382-8b4b-ab49b4f65e5c fdea9c123f99452ab9b6235275f3f694 7337b99acb15491696db8bd3307d4924 - - default default] Successfully bumped revision number for resource cf4d0878-9b70-4cd9-a752-e804774266ea (type: ports) to 1
2026-05-10 02:06:05.577 7 INFO neutron.plugins.ml2.drivers.ovn.mech_driver.mech_driver [None req-46a622cc-66cc-4c70-a55d-f7efb0ab7a64 - - - - - -] OVN reports status down for port: cf4d0878-9b70-4cd9-a752-e804774266ea [pid: 7|app: 0|req: 799/1675] 10.0.0.175 () {32 vars in 672 bytes} [Sun May 10 02:06:05 2026] GET /v2.0/subnets?not-tags=red => generated 1894 bytes in 78 msecs (HTTP/1.1 200) 4 headers in 158 bytes (1 switches on core 0) [pid: 8|app: 0|req: 877/1676] 10.0.0.175 () {34 vars in 670 bytes} [Sun May 10 02:06:04 2026] POST /v2.0/networks => generated 1321 bytes in 1194 msecs (HTTP/1.1 201) 4 headers in 163 bytes (1 switches on core 0) [pid: 7|app: 0|req: 800/1677] 10.0.0.175 () {32 vars in 686 bytes} [Sun May 10 02:06:05 2026] GET /v2.0/subnets?not-tags=red%2Cblue => generated 2515 bytes in 85 msecs (HTTP/1.1 200) 4 headers in 158 bytes (1 switches on core 0) [pid: 8|app: 0|req: 878/1678] 10.0.0.175 () {32 vars in 649 bytes} [Sun May 10 02:06:05 2026] GET /v2.0/networks => generated 1970 bytes in 71 msecs (HTTP/1.1 200) 4 headers in 158 bytes (1 switches on core 0) [pid: 7|app: 0|req: 801/1679] 10.0.0.175 () {32 vars in 682 bytes} [Sun May 10 02:06:05 2026] GET /v2.0/subnets?not-tags-any=blue => generated 2515 bytes in 72 msecs (HTTP/1.1 200) 4 headers in 158 bytes (1 switches on core 0) [pid: 7|app: 0|req: 802/1680] 10.0.0.175 () {32 vars in 694 bytes} [Sun May 10 02:06:05 2026] GET /v2.0/subnets?not-tags-any=red%2Cblue => generated 1894 bytes in 27 msecs (HTTP/1.1 200) 4 headers in 158 bytes (1 switches on core 0)
2026-05-10 02:06:05.797 8 INFO neutron_taas.services.taas.taas_plugin [None req-b130db09-2c3e-43b6-918a-02489d3728bb fdea9c123f99452ab9b6235275f3f694 7337b99acb15491696db8bd3307d4924 - - default default] TaaS: Handle Delete Port: 26ca325f-6db5-4b81-a8a6-6f787392ec7f
2026-05-10 02:06:05.800 8 INFO neutron_taas.services.taas.tap_mirror_plugin [None req-b130db09-2c3e-43b6-918a-02489d3728bb fdea9c123f99452ab9b6235275f3f694 7337b99acb15491696db8bd3307d4924 - - default default] Tap Mirror: Handle Delete Port: 26ca325f-6db5-4b81-a8a6-6f787392ec7f [pid: 7|app: 0|req: 803/1681] 10.0.0.175 () {32 vars in 724 bytes} [Sun May 10 02:06:05 2026] DELETE /v2.0/subnets/25f0cd02-a87f-41b4-a815-b602da0d848d => generated 0 bytes in 177 msecs (HTTP/1.1 204) 3 headers in 131 bytes (1 switches on core 0)
2026-05-10 02:06:05.990 8 INFO neutron.services.segments.plugin [-] Segment 8b8fa482-bd7e-43f0-9496-2fde62df82c9 resource provider aggregate not found
2026-05-10 02:06:05.994 8 INFO neutron.services.segments.plugin [-] Segment 8b8fa482-bd7e-43f0-9496-2fde62df82c9 resource provider aggregate not found
2026-05-10 02:06:06.017 8 INFO neutron.services.segments.plugin [-] Segment 8b8fa482-bd7e-43f0-9496-2fde62df82c9 resource provider not found; error: Placement Client Error (4xx): {"errors": [{"status": 404, "title": "Not Found", "detail": "The resource could not be found.\n\n No resource provider with uuid 8b8fa482-bd7e-43f0-9496-2fde62df82c9 found for delete ", "request_id": "req-101a7855-b164-4a7f-a5da-1419dc1b1dca"}]}
2026-05-10 02:06:06.019 8 INFO neutron.services.segments.plugin [-] Segment 8b8fa482-bd7e-43f0-9496-2fde62df82c9 resource provider not found; error: Placement Client Error (4xx): {"errors": [{"status": 404, "title": "Not Found", "detail": "The resource could not be found.\n\n No resource provider with uuid 8b8fa482-bd7e-43f0-9496-2fde62df82c9 found for delete ", "request_id": "req-d864e829-733a-463a-b9a7-de7856ae6054"}]} [pid: 8|app: 0|req: 879/1682] 10.0.0.175 () {32 vars in 726 bytes} [Sun May 10 02:06:05 2026] DELETE /v2.0/networks/d7b9fd27-5d2b-4020-85a3-485dc552dff2 => generated 0 bytes in 380 msecs (HTTP/1.1 204) 3 headers in 131 bytes (1 switches on core 0) [pid: 8|app: 0|req: 880/1683] 10.0.0.175 () {32 vars in 724 bytes} [Sun May 10 02:06:06 2026] DELETE /v2.0/subnets/152d6c97-7652-4ce2-b480-098858f84d20 => generated 0 bytes in 159 msecs (HTTP/1.1 204) 3 headers in 131 bytes (1 switches on core 0)
2026-05-10 02:06:06.235 7 INFO neutron.db.ovn_revision_numbers_db [None req-b4ed3d48-722f-4023-9663-d5dbce740265 92a0daca41c941b0b74f505b042e7ee7 5c1d850c955b440a98ef51aa8c83e3cf - - default default] Successfully bumped revision number for resource 2ae70d77-f993-440f-b722-d98087822c2d (type: security_groups) to 1
2026-05-10 02:06:06.248 7 INFO neutron.db.ovn_revision_numbers_db [None req-b4ed3d48-722f-4023-9663-d5dbce740265 92a0daca41c941b0b74f505b042e7ee7 5c1d850c955b440a98ef51aa8c83e3cf - - default default] Successfully bumped revision number for resource 39c31b4c-351d-4ccb-a0b1-7b150509b923 (type: security_group_rules) to 0
2026-05-10 02:06:06.262 7 INFO neutron.db.ovn_revision_numbers_db [None req-b4ed3d48-722f-4023-9663-d5dbce740265 92a0daca41c941b0b74f505b042e7ee7 5c1d850c955b440a98ef51aa8c83e3cf - - default default] Successfully bumped revision number for resource 77b2ea81-e320-40e0-b608-111154d2d75b (type: security_group_rules) to 0
2026-05-10 02:06:06.276 7 INFO neutron.db.ovn_revision_numbers_db [None req-b4ed3d48-722f-4023-9663-d5dbce740265 92a0daca41c941b0b74f505b042e7ee7 5c1d850c955b440a98ef51aa8c83e3cf - - default default] Successfully bumped revision number for resource a2ddcbea-e705-45a1-8378-da228edfac79 (type: security_group_rules) to 0
2026-05-10 02:06:06.293 7 INFO neutron.db.ovn_revision_numbers_db [None req-b4ed3d48-722f-4023-9663-d5dbce740265 92a0daca41c941b0b74f505b042e7ee7 5c1d850c955b440a98ef51aa8c83e3cf - - default default] Successfully bumped revision number for resource eab116e2-a968-4e0a-a38c-5eec022d610d (type: security_group_rules) to 0
2026-05-10 02:06:06.330 8 INFO neutron_taas.services.taas.taas_plugin [None req-cb1ea5c2-1ef5-457b-8413-6226751923f1 fdea9c123f99452ab9b6235275f3f694 7337b99acb15491696db8bd3307d4924 - - default default] TaaS: Handle Delete Port: cf4d0878-9b70-4cd9-a752-e804774266ea
2026-05-10 02:06:06.333 8 INFO neutron_taas.services.taas.tap_mirror_plugin [None req-cb1ea5c2-1ef5-457b-8413-6226751923f1 fdea9c123f99452ab9b6235275f3f694 7337b99acb15491696db8bd3307d4924 - - default default] Tap Mirror: Handle Delete Port: cf4d0878-9b70-4cd9-a752-e804774266ea
2026-05-10 02:06:06.384 7 INFO neutron.db.segments_db [None req-b4ed3d48-722f-4023-9663-d5dbce740265 92a0daca41c941b0b74f505b042e7ee7 5c1d850c955b440a98ef51aa8c83e3cf - - default default] Added segment d720dcf8-abde-4490-addd-3703714865e1 of type geneve for network 6d1c41bb-ac28-41ae-8485-2bb1de1a0373
2026-05-10 02:06:06.509 7 INFO neutron.db.segments_db [None req-b4ed3d48-722f-4023-9663-d5dbce740265 92a0daca41c941b0b74f505b042e7ee7 5c1d850c955b440a98ef51aa8c83e3cf - - default default] Added segment 7ae58a2b-3483-45b4-8d7e-aca824626fd5 of type geneve for network 4a962afd-6dcf-46cb-b501-454aca69181b [pid: 8|app: 0|req: 881/1684] 10.0.0.175 () {32 vars in 726 bytes} [Sun May 10 02:06:06 2026] DELETE /v2.0/networks/a8f2d70e-4ec2-40ad-957a-726c9fe408e3 => generated 0 bytes in 310 msecs (HTTP/1.1 204) 3 headers in 131 bytes (1 switches on core 0)
2026-05-10 02:06:06.646 7 INFO neutron.db.ovn_revision_numbers_db [None req-b4ed3d48-722f-4023-9663-d5dbce740265 92a0daca41c941b0b74f505b042e7ee7 5c1d850c955b440a98ef51aa8c83e3cf - - default default] Successfully bumped revision number for resource 6d1c41bb-ac28-41ae-8485-2bb1de1a0373 (type: networks) to 1
2026-05-10 02:06:06.790 7 WARNING neutron.scheduler.dhcp_agent_scheduler [None req-b4ed3d48-722f-4023-9663-d5dbce740265 92a0daca41c941b0b74f505b042e7ee7 5c1d850c955b440a98ef51aa8c83e3cf - - default default] No more DHCP agents
2026-05-10 02:06:06.791 7 WARNING neutron.api.rpc.agentnotifiers.dhcp_rpc_agent_api [None req-b4ed3d48-722f-4023-9663-d5dbce740265 92a0daca41c941b0b74f505b042e7ee7 5c1d850c955b440a98ef51aa8c83e3cf - - default default] Unable to schedule network 6d1c41bb-ac28-41ae-8485-2bb1de1a0373: no agents available; will retry on subsequent port and subnet creation events.
2026-05-10 02:06:06.837 7 INFO neutron.plugins.ml2.drivers.ovn.mech_driver.mech_driver [None req-46a622cc-66cc-4c70-a55d-f7efb0ab7a64 - - - - - -] OVN reports status down for port: 1830c26b-fc1d-4697-a19b-a302a28957c9
2026-05-10 02:06:06.887 7 INFO neutron.db.ovn_revision_numbers_db [None req-b4ed3d48-722f-4023-9663-d5dbce740265 92a0daca41c941b0b74f505b042e7ee7 5c1d850c955b440a98ef51aa8c83e3cf - - default default] Successfully bumped revision number for resource 1830c26b-fc1d-4697-a19b-a302a28957c9 (type: ports) to 1
2026-05-10 02:06:06.984 7 INFO neutron.db.ovn_revision_numbers_db [None req-b4ed3d48-722f-4023-9663-d5dbce740265 92a0daca41c941b0b74f505b042e7ee7 5c1d850c955b440a98ef51aa8c83e3cf - - default default] Successfully bumped revision number for resource 4a962afd-6dcf-46cb-b501-454aca69181b (type: networks) to 1 [pid: 8|app: 0|req: 882/1685] 10.0.0.175 () {32 vars in 724 bytes} [Sun May 10 02:06:06 2026] DELETE /v2.0/subnets/755bed79-bb12-4d6e-818c-cccf6d15e2fc => generated 0 bytes in 619 msecs (HTTP/1.1 204) 3 headers in 131 bytes (1 switches on core 0)
2026-05-10 02:06:07.162 7 WARNING neutron.scheduler.dhcp_agent_scheduler [None req-b4ed3d48-722f-4023-9663-d5dbce740265 92a0daca41c941b0b74f505b042e7ee7 5c1d850c955b440a98ef51aa8c83e3cf - - default default] No more DHCP agents
2026-05-10 02:06:07.163 7 WARNING neutron.api.rpc.agentnotifiers.dhcp_rpc_agent_api [None req-b4ed3d48-722f-4023-9663-d5dbce740265 92a0daca41c941b0b74f505b042e7ee7 5c1d850c955b440a98ef51aa8c83e3cf - - default default] Unable to schedule network 4a962afd-6dcf-46cb-b501-454aca69181b: no agents available; will retry on subsequent port and subnet creation events. [pid: 8|app: 0|req: 883/1686] 10.0.0.175 () {32 vars in 649 bytes} [Sun May 10 02:06:07 2026] GET /v2.0/networks => generated 689 bytes in 61 msecs (HTTP/1.1 200) 4 headers in 157 bytes (1 switches on core 0)
2026-05-10 02:06:07.223 8 INFO neutron.plugins.ml2.drivers.ovn.mech_driver.mech_driver [None req-c993f60f-eba2-4608-b0ac-08c63d3eaa15 - - - - - -] OVN reports status down for port: 878d1f05-12fb-4c9e-a079-b7ec6e79efdb
2026-05-10 02:06:07.230 7 INFO neutron.db.ovn_revision_numbers_db [None req-b4ed3d48-722f-4023-9663-d5dbce740265 92a0daca41c941b0b74f505b042e7ee7 5c1d850c955b440a98ef51aa8c83e3cf - - default default] Successfully bumped revision number for resource 878d1f05-12fb-4c9e-a079-b7ec6e79efdb (type: ports) to 1 [pid: 7|app: 0|req: 804/1687] 10.0.0.175 () {34 vars in 670 bytes} [Sun May 10 02:06:05 2026] POST /v2.0/networks => generated 1322 bytes in 1288 msecs (HTTP/1.1 201) 4 headers in 163 bytes (1 switches on core 0)
2026-05-10 02:06:07.303 8 WARNING neutron.db.securitygroups_db [None req-5cab354d-4924-4518-bfbf-434a79cc3909 a8191c58d87340188dafb597f06e9b43 d4f5705cef4b43b08f281f71b863c16b - - default default] project_id key not found in filters, using tenant_id instead. This support has been deprecated and will be removed in a future release.
2026-05-10 02:06:07.404 8 INFO neutron.db.ovn_revision_numbers_db [None req-5cab354d-4924-4518-bfbf-434a79cc3909 a8191c58d87340188dafb597f06e9b43 d4f5705cef4b43b08f281f71b863c16b - - default default] Successfully bumped revision number for resource 3c8df887-ea2a-4e27-896d-068776d4cd4b (type: security_groups) to 1
2026-05-10 02:06:07.417 8 INFO neutron.db.ovn_revision_numbers_db [None req-5cab354d-4924-4518-bfbf-434a79cc3909 a8191c58d87340188dafb597f06e9b43 d4f5705cef4b43b08f281f71b863c16b - - default default] Successfully bumped revision number for resource 09414419-404e-48e2-9d9a-fed79cde311b (type: security_group_rules) to 0
2026-05-10 02:06:07.429 8 INFO neutron.db.ovn_revision_numbers_db [None req-5cab354d-4924-4518-bfbf-434a79cc3909 a8191c58d87340188dafb597f06e9b43 d4f5705cef4b43b08f281f71b863c16b - - default default] Successfully bumped revision number for resource 2b5c8bd4-535c-493e-994f-c464c13e94e1 (type: security_group_rules) to 0 [pid: 7|app: 0|req: 805/1688] 10.0.0.175 () {32 vars in 724 bytes} [Sun May 10 02:06:07 2026] DELETE /v2.0/subnets/4e92199e-50d4-47f6-9afe-1ee937427c53 => generated 0 bytes in 181 msecs (HTTP/1.1 204) 3 headers in 131 bytes (1 switches on core 0)
2026-05-10 02:06:07.442 8 INFO neutron.db.ovn_revision_numbers_db [None req-5cab354d-4924-4518-bfbf-434a79cc3909 a8191c58d87340188dafb597f06e9b43 d4f5705cef4b43b08f281f71b863c16b - - default default] Successfully bumped revision number for resource 49556113-e131-4372-adb6-143dd53ff0af (type: security_group_rules) to 0
2026-05-10 02:06:07.453 8 INFO neutron.db.ovn_revision_numbers_db [None req-5cab354d-4924-4518-bfbf-434a79cc3909 a8191c58d87340188dafb597f06e9b43 d4f5705cef4b43b08f281f71b863c16b - - default default] Successfully bumped revision number for resource c09b5ed6-c549-4750-8aa7-d44a091fa5a4 (type: security_group_rules) to 0 [pid: 8|app: 0|req: 884/1689] 10.0.0.175 () {32 vars in 774 bytes} [Sun May 10 02:06:07 2026] GET /v2.0/security-groups?tenant_id=58943c8f4e1245bea2092a09331d7726&name=default => generated 2925 bytes in 278 msecs (HTTP/1.1 200) 4 headers in 158 bytes (1 switches on core 0)
2026-05-10 02:06:07.513 7 INFO neutron.db.segments_db [None req-2409e55b-a3ab-4a1f-b34c-55f561735245 fdea9c123f99452ab9b6235275f3f694 7337b99acb15491696db8bd3307d4924 - - default default] Added segment 2c2a8118-a75e-4e3c-a88f-a5f8fd9c6c29 of type geneve for network 4e53aa4b-9b66-4bd3-a90e-65d3e20486d8 [pid: 8|app: 0|req: 885/1690] 10.0.0.175 () {32 vars in 649 bytes} [Sun May 10 02:06:07 2026] GET /v2.0/networks => generated 1971 bytes in 55 msecs (HTTP/1.1 200) 4 headers in 158 bytes (1 switches on core 0)
2026-05-10 02:06:07.607 7 INFO neutron.db.ovn_revision_numbers_db [None req-2409e55b-a3ab-4a1f-b34c-55f561735245 fdea9c123f99452ab9b6235275f3f694 7337b99acb15491696db8bd3307d4924 - - default default] Successfully bumped revision number for resource 4e53aa4b-9b66-4bd3-a90e-65d3e20486d8 (type: networks) to 1 [pid: 8|app: 0|req: 886/1691] 10.0.0.175 () {32 vars in 724 bytes} [Sun May 10 02:06:07 2026] DELETE /v2.0/subnets/93f5874d-7fbd-4c8c-ad0a-047f3345e9fb => generated 0 bytes in 168 msecs (HTTP/1.1 204) 3 headers in 131 bytes (1 switches on core 0)
2026-05-10 02:06:07.781 7 WARNING neutron.scheduler.dhcp_agent_scheduler [None req-2409e55b-a3ab-4a1f-b34c-55f561735245 fdea9c123f99452ab9b6235275f3f694 7337b99acb15491696db8bd3307d4924 - - default default] No more DHCP agents
2026-05-10 02:06:07.783 7 WARNING neutron.api.rpc.agentnotifiers.dhcp_rpc_agent_api [None req-2409e55b-a3ab-4a1f-b34c-55f561735245 fdea9c123f99452ab9b6235275f3f694 7337b99acb15491696db8bd3307d4924 - - default default] Unable to schedule network 4e53aa4b-9b66-4bd3-a90e-65d3e20486d8: no agents available; will retry on subsequent port and subnet creation events.
2026-05-10 02:06:07.843 7 INFO neutron.plugins.ml2.drivers.ovn.mech_driver.mech_driver [None req-46a622cc-66cc-4c70-a55d-f7efb0ab7a64 - - - - - -] OVN reports status down for port: c70d3e5a-07dc-4284-b079-3f647342ae26 [pid: 8|app: 0|req: 887/1692] 10.0.0.175 () {32 vars in 740 bytes} [Sun May 10 02:06:07 2026] DELETE /v2.0/security-groups/3c8df887-ea2a-4e27-896d-068776d4cd4b => generated 0 bytes in 160 msecs (HTTP/1.1 204) 2 headers in 112 bytes (1 switches on core 0)
2026-05-10 02:06:07.911 7 INFO neutron.db.ovn_revision_numbers_db [None req-2409e55b-a3ab-4a1f-b34c-55f561735245 fdea9c123f99452ab9b6235275f3f694 7337b99acb15491696db8bd3307d4924 - - default default] Successfully bumped revision number for resource c70d3e5a-07dc-4284-b079-3f647342ae26 (type: ports) to 1 [pid: 7|app: 0|req: 806/1693] 10.0.0.175 () {34 vars in 670 bytes} [Sun May 10 02:06:07 2026] POST /v2.0/networks => generated 687 bytes in 514 msecs (HTTP/1.1 201) 4 headers in 162 bytes (1 switches on core 0)
2026-05-10 02:06:07.987 8 INFO neutron_taas.services.taas.taas_plugin [None req-b23a52d4-6dd8-48f8-b6f2-542309b0984c 92a0daca41c941b0b74f505b042e7ee7 5c1d850c955b440a98ef51aa8c83e3cf - - default default] TaaS: Handle Delete Port: 1830c26b-fc1d-4697-a19b-a302a28957c9
2026-05-10 02:06:07.990 8 INFO neutron_taas.services.taas.tap_mirror_plugin [None req-b23a52d4-6dd8-48f8-b6f2-542309b0984c 92a0daca41c941b0b74f505b042e7ee7 5c1d850c955b440a98ef51aa8c83e3cf - - default default] Tap Mirror: Handle Delete Port: 1830c26b-fc1d-4697-a19b-a302a28957c9
2026-05-10 02:06:08.039 8 INFO neutron.services.segments.plugin [-] Segment cc2b5187-d267-4333-a70d-e8fc07e95194 resource provider aggregate not found
2026-05-10 02:06:08.042 8 INFO neutron.services.segments.plugin [-] Segment cc2b5187-d267-4333-a70d-e8fc07e95194 resource provider aggregate not found
2026-05-10 02:06:08.063 8 INFO neutron.services.segments.plugin [-] Segment cc2b5187-d267-4333-a70d-e8fc07e95194 resource provider not found; error: Placement Client Error (4xx): {"errors": [{"status": 404, "title": "Not Found", "detail": "The resource could not be found.\n\n No resource provider with uuid cc2b5187-d267-4333-a70d-e8fc07e95194 found for delete ", "request_id": "req-f446db96-5946-4195-b99b-f8f2dd3b71ff"}]}
2026-05-10 02:06:08.063 8 INFO neutron.services.segments.plugin [-] Segment cc2b5187-d267-4333-a70d-e8fc07e95194 resource provider not found; error: Placement Client Error (4xx): {"errors": [{"status": 404, "title": "Not Found", "detail": "The resource could not be found.\n\n No resource provider with uuid cc2b5187-d267-4333-a70d-e8fc07e95194 found for delete ", "request_id": "req-86fa524e-38cc-451e-a585-4ba79da74f73"}]}
2026-05-10 02:06:08.078 7 INFO neutron_taas.services.taas.taas_plugin [None req-cfdde1ac-8d63-4205-8213-edc359ab3576 d3a02614c50749c583752f004b49041b 6e6d6372fbe94ae9b93fd7cf0fa037b4 - - default default] TaaS: Handle Delete Port: d85e8599-2520-4379-bc48-ec26dbeb5414
2026-05-10 02:06:08.080 7 INFO neutron_taas.services.taas.tap_mirror_plugin [None req-cfdde1ac-8d63-4205-8213-edc359ab3576 d3a02614c50749c583752f004b49041b 6e6d6372fbe94ae9b93fd7cf0fa037b4 - - default default] Tap Mirror: Handle Delete Port: d85e8599-2520-4379-bc48-ec26dbeb5414 [pid: 8|app: 0|req: 888/1694] 10.0.0.175 () {32 vars in 726 bytes} [Sun May 10 02:06:07 2026] DELETE /v2.0/networks/6d1c41bb-ac28-41ae-8485-2bb1de1a0373 => generated 0 bytes in 342 msecs (HTTP/1.1 204) 3 headers in 131 bytes (1 switches on core 0)
2026-05-10 02:06:08.272 7 INFO neutron.services.segments.plugin [-] Segment cd1d8d5a-121d-4aa2-9495-4dcac8a20688 resource provider aggregate not found
2026-05-10 02:06:08.277 7 INFO neutron.services.segments.plugin [-] Segment cd1d8d5a-121d-4aa2-9495-4dcac8a20688 resource provider aggregate not found
2026-05-10 02:06:08.292 7 INFO neutron.services.segments.plugin [-] Segment cd1d8d5a-121d-4aa2-9495-4dcac8a20688 resource provider not found; error: Placement Client Error (4xx): {"errors": [{"status": 404, "title": "Not Found", "detail": "The resource could not be found.\n\n No resource provider with uuid cd1d8d5a-121d-4aa2-9495-4dcac8a20688 found for delete ", "request_id": "req-1f5725da-a9d8-4932-ab64-65565129f4be"}]}
2026-05-10 02:06:08.292 7 INFO neutron.services.segments.plugin [-] Segment cd1d8d5a-121d-4aa2-9495-4dcac8a20688 resource provider not found; error: Placement Client Error (4xx): {"errors": [{"status": 404, "title": "Not Found", "detail": "The resource could not be found.\n\n No resource provider with uuid cd1d8d5a-121d-4aa2-9495-4dcac8a20688 found for delete ", "request_id": "req-b2fb7b36-fa61-4197-838e-a259aae01ceb"}]}
2026-05-10 02:06:08.314 8 INFO neutron.db.segments_db [None req-6b0ab0bf-67c3-4ccf-862d-ae9ac4c7e992 fdea9c123f99452ab9b6235275f3f694 7337b99acb15491696db8bd3307d4924 - - default default] Added segment 505e3786-3090-4b1c-92b7-b81ac32f655e of type geneve for network fc5629f1-3dc8-4f81-817a-e04a0f12b343 [pid: 7|app: 0|req: 807/1695] 10.0.0.175 () {32 vars in 726 bytes} [Sun May 10 02:06:07 2026] DELETE /v2.0/networks/ba106ff3-6b38-4761-8d9d-6cf43d501438 => generated 0 bytes in 380 msecs (HTTP/1.1 204) 3 headers in 131 bytes (1 switches on core 0)
2026-05-10 02:06:08.431 8 INFO neutron.db.ovn_revision_numbers_db [None req-6b0ab0bf-67c3-4ccf-862d-ae9ac4c7e992 fdea9c123f99452ab9b6235275f3f694 7337b99acb15491696db8bd3307d4924 - - default default] Successfully bumped revision number for resource fc5629f1-3dc8-4f81-817a-e04a0f12b343 (type: networks) to 1
2026-05-10 02:06:08.450 7 INFO neutron_taas.services.taas.taas_plugin [None req-ab1851b2-89e4-461f-8772-1c81135467a8 92a0daca41c941b0b74f505b042e7ee7 5c1d850c955b440a98ef51aa8c83e3cf - - default default] TaaS: Handle Delete Port: 878d1f05-12fb-4c9e-a079-b7ec6e79efdb
2026-05-10 02:06:08.453 7 INFO neutron_taas.services.taas.tap_mirror_plugin [None req-ab1851b2-89e4-461f-8772-1c81135467a8 92a0daca41c941b0b74f505b042e7ee7 5c1d850c955b440a98ef51aa8c83e3cf - - default default] Tap Mirror: Handle Delete Port: 878d1f05-12fb-4c9e-a079-b7ec6e79efdb
2026-05-10 02:06:08.612 8 WARNING neutron.scheduler.dhcp_agent_scheduler [None req-6b0ab0bf-67c3-4ccf-862d-ae9ac4c7e992 fdea9c123f99452ab9b6235275f3f694 7337b99acb15491696db8bd3307d4924 - - default default] No more DHCP agents
2026-05-10 02:06:08.614 8 WARNING neutron.api.rpc.agentnotifiers.dhcp_rpc_agent_api [None req-6b0ab0bf-67c3-4ccf-862d-ae9ac4c7e992 fdea9c123f99452ab9b6235275f3f694 7337b99acb15491696db8bd3307d4924 - - default default] Unable to schedule network fc5629f1-3dc8-4f81-817a-e04a0f12b343: no agents available; will retry on subsequent port and subnet creation events.
2026-05-10 02:06:08.681 8 INFO neutron.plugins.ml2.drivers.ovn.mech_driver.mech_driver [None req-c993f60f-eba2-4608-b0ac-08c63d3eaa15 - - - - - -] OVN reports status down for port: ed6e8df3-6a7a-4d1a-bacc-b7eb2d6d0e70 [pid: 7|app: 0|req: 808/1696] 10.0.0.175 () {32 vars in 726 bytes} [Sun May 10 02:06:08 2026] DELETE /v2.0/networks/4a962afd-6dcf-46cb-b501-454aca69181b => generated 0 bytes in 394 msecs (HTTP/1.1 204) 3 headers in 131 bytes (1 switches on core 0)
2026-05-10 02:06:08.773 8 INFO neutron.db.ovn_revision_numbers_db [None req-6b0ab0bf-67c3-4ccf-862d-ae9ac4c7e992 fdea9c123f99452ab9b6235275f3f694 7337b99acb15491696db8bd3307d4924 - - default default] Successfully bumped revision number for resource ed6e8df3-6a7a-4d1a-bacc-b7eb2d6d0e70 (type: ports) to 1 [pid: 8|app: 0|req: 889/1697] 10.0.0.175 () {34 vars in 670 bytes} [Sun May 10 02:06:08 2026] POST /v2.0/networks => generated 688 bytes in 589 msecs (HTTP/1.1 201) 4 headers in 162 bytes (1 switches on core 0)
2026-05-10 02:06:08.829 7 INFO neutron_taas.services.taas.taas_plugin [None req-ab083142-2851-4931-8f40-91e079db6d5d d3a02614c50749c583752f004b49041b 6e6d6372fbe94ae9b93fd7cf0fa037b4 - - default default] TaaS: Handle Delete Port: 84c08550-3630-46a0-b5d6-78eacff43640
2026-05-10 02:06:08.831 7 INFO neutron_taas.services.taas.tap_mirror_plugin [None req-ab083142-2851-4931-8f40-91e079db6d5d d3a02614c50749c583752f004b49041b 6e6d6372fbe94ae9b93fd7cf0fa037b4 - - default default] Tap Mirror: Handle Delete Port: 84c08550-3630-46a0-b5d6-78eacff43640 [pid: 8|app: 0|req: 890/1698] 10.0.0.175 () {32 vars in 649 bytes} [Sun May 10 02:06:08 2026] GET /v2.0/networks => generated 689 bytes in 45 msecs (HTTP/1.1 200) 4 headers in 157 bytes (1 switches on core 0) [pid: 7|app: 0|req: 809/1699] 10.0.0.175 () {32 vars in 726 bytes} [Sun May 10 02:06:08 2026] DELETE /v2.0/networks/9a9a7326-5482-42b1-90ec-212036c9e3b0 => generated 0 bytes in 286 msecs (HTTP/1.1 204) 3 headers in 131 bytes (1 switches on core 0)
2026-05-10 02:06:09.107 7 INFO neutron.db.segments_db [None req-d6e9fae1-056f-4f9c-ad98-2fd82a2c7350 92a0daca41c941b0b74f505b042e7ee7 5c1d850c955b440a98ef51aa8c83e3cf - - default default] Added segment eccaf419-ab5a-466e-bbf8-08d4c3268c9d of type geneve for network a06b6e7a-25c2-4bac-b7b6-c0c1e2379272
2026-05-10 02:06:09.250 7 INFO neutron.db.ovn_revision_numbers_db [None req-d6e9fae1-056f-4f9c-ad98-2fd82a2c7350 92a0daca41c941b0b74f505b042e7ee7 5c1d850c955b440a98ef51aa8c83e3cf - - default default] Successfully bumped revision number for resource a06b6e7a-25c2-4bac-b7b6-c0c1e2379272 (type: networks) to 1
2026-05-10 02:06:09.299 8 WARNING neutron.scheduler.dhcp_agent_scheduler [None req-9b0addcf-4737-4512-b44a-fdafb5c8656a fdea9c123f99452ab9b6235275f3f694 7337b99acb15491696db8bd3307d4924 - - default default] No more DHCP agents
2026-05-10 02:06:09.301 8 WARNING neutron.api.rpc.agentnotifiers.dhcp_rpc_agent_api [None req-9b0addcf-4737-4512-b44a-fdafb5c8656a fdea9c123f99452ab9b6235275f3f694 7337b99acb15491696db8bd3307d4924 - - default default] Unable to schedule network 4e53aa4b-9b66-4bd3-a90e-65d3e20486d8: no agents available; will retry on subsequent port and subnet creation events.
