2026-05-10 02:06:38.733 7 INFO neutron.db.ovn_revision_numbers_db [None req-2adfbece-b24f-45d9-994d-713c675dc6b3 a8191c58d87340188dafb597f06e9b43 d4f5705cef4b43b08f281f71b863c16b - - default default] Successfully bumped revision number for resource ce458f20-439e-4081-aad2-17c29de1a9c8 (type: security_group_rules) to 0 [pid: 7|app: 0|req: 926/1926] 10.0.0.175 () {32 vars in 774 bytes} [Sun May 10 02:06:38 2026] GET /v2.0/security-groups?tenant_id=a32e0dc22437432e84b4dee6d8210b5a&name=default => generated 2925 bytes in 323 msecs (HTTP/1.1 200) 4 headers in 158 bytes (1 switches on core 0) [pid: 8|app: 0|req: 1001/1927] 10.0.0.175 () {32 vars in 717 bytes} [Sun May 10 02:06:38 2026] GET /v2.0/ports/cc63e278-903b-4e1b-93bd-612f88ac15d2 => generated 943 bytes in 75 msecs (HTTP/1.1 200) 4 headers in 157 bytes (1 switches on core 0)
2026-05-10 02:06:38.887 8 INFO neutron.db.ovn_revision_numbers_db [None req-bd9cffda-320a-4f71-b238-21a92f21e7c2 - - - - - -] Successfully bumped revision number for resource cc63e278-903b-4e1b-93bd-612f88ac15d2 (type: ports) to 2 [pid: 7|app: 0|req: 927/1928] 10.0.0.175 () {32 vars in 740 bytes} [Sun May 10 02:06:38 2026] DELETE /v2.0/security-groups/b04a4ced-422f-4329-9e67-fd83d064821c => generated 0 bytes in 245 msecs (HTTP/1.1 204) 2 headers in 112 bytes (1 switches on core 0)
2026-05-10 02:06:39.214 8 INFO neutron_taas.services.taas.taas_plugin [None req-f0e03e81-c563-403c-afaa-34a569e394d7 25c7dad3f3d745c3bb51525fdd8c59fb f8959f4ab7c24bc88c97e43daf41007c - - default default] TaaS: Handle Delete Port: cc63e278-903b-4e1b-93bd-612f88ac15d2
2026-05-10 02:06:39.217 8 INFO neutron_taas.services.taas.tap_mirror_plugin [None req-f0e03e81-c563-403c-afaa-34a569e394d7 25c7dad3f3d745c3bb51525fdd8c59fb f8959f4ab7c24bc88c97e43daf41007c - - default default] Tap Mirror: Handle Delete Port: cc63e278-903b-4e1b-93bd-612f88ac15d2
2026-05-10 02:06:39.443 7 INFO neutron.db.ovn_revision_numbers_db [None req-522c9025-b0b7-4d1d-8397-b00fe23b505e ca637247bea24217914eaea86feee60a 44006042591f4367aec0d0ab22ea00fe - - default default] Successfully bumped revision number for resource 64382160-87c4-4980-bd0b-4482fa262b36 (type: security_groups) to 1
2026-05-10 02:06:39.468 7 INFO neutron.db.ovn_revision_numbers_db [None req-522c9025-b0b7-4d1d-8397-b00fe23b505e ca637247bea24217914eaea86feee60a 44006042591f4367aec0d0ab22ea00fe - - default default] Successfully bumped revision number for resource 0b2d362e-0a59-4817-bb57-08d027637811 (type: security_group_rules) to 0
2026-05-10 02:06:39.483 7 INFO neutron.db.ovn_revision_numbers_db [None req-522c9025-b0b7-4d1d-8397-b00fe23b505e ca637247bea24217914eaea86feee60a 44006042591f4367aec0d0ab22ea00fe - - default default] Successfully bumped revision number for resource 0ce0efd6-e36d-43da-ac5e-9fcd2981f40a (type: security_group_rules) to 0
2026-05-10 02:06:39.495 7 INFO neutron.db.ovn_revision_numbers_db [None req-522c9025-b0b7-4d1d-8397-b00fe23b505e ca637247bea24217914eaea86feee60a 44006042591f4367aec0d0ab22ea00fe - - default default] Successfully bumped revision number for resource 1935baf8-2bbb-4c7d-bdd4-5168e67321be (type: security_group_rules) to 0
2026-05-10 02:06:39.519 7 INFO neutron.db.ovn_revision_numbers_db [None req-522c9025-b0b7-4d1d-8397-b00fe23b505e ca637247bea24217914eaea86feee60a 44006042591f4367aec0d0ab22ea00fe - - default default] Successfully bumped revision number for resource b8d79a6b-8e3e-4231-9d83-d4bbec906951 (type: security_group_rules) to 0 [pid: 8|app: 0|req: 1002/1929] 10.0.0.175 () {34 vars in 789 bytes} [Sun May 10 02:06:38 2026] PUT /v2.0/routers/cfa373d2-eae3-40a8-bad3-aa7bbe05d79f/remove_router_interface => generated 310 bytes in 792 msecs (HTTP/1.1 200) 4 headers in 157 bytes (1 switches on core 0) /var/lib/openstack/lib/python3.12/site-packages/pycadf/identifier.py:70: UserWarning: Invalid uuid: neutron. To ensure interoperability, identifiers should be a valid uuid. warnings.warn(('Invalid uuid: %s. To ensure interoperability, '
2026-05-10 02:06:39.615 7 INFO neutron.db.segments_db [None req-522c9025-b0b7-4d1d-8397-b00fe23b505e ca637247bea24217914eaea86feee60a 44006042591f4367aec0d0ab22ea00fe - - default default] Added segment a75b16ae-7f29-48b6-ac25-8631178a23c6 of type geneve for network 2678f447-2367-4682-837c-ead52d5e0865 [pid: 8|app: 0|req: 1003/1930] 10.0.0.175 () {32 vars in 736 bytes} [Sun May 10 02:06:39 2026] GET /v2.0/ports?device_id=cfa373d2-eae3-40a8-bad3-aa7bbe05d79f => generated 12 bytes in 28 msecs (HTTP/1.1 200) 4 headers in 156 bytes (1 switches on core 0)
2026-05-10 02:06:39.739 7 INFO neutron.db.ovn_revision_numbers_db [None req-522c9025-b0b7-4d1d-8397-b00fe23b505e ca637247bea24217914eaea86feee60a 44006042591f4367aec0d0ab22ea00fe - - default default] Successfully bumped revision number for resource 2678f447-2367-4682-837c-ead52d5e0865 (type: networks) to 1 [pid: 8|app: 0|req: 1004/1931] 10.0.0.175 () {32 vars in 724 bytes} [Sun May 10 02:06:39 2026] DELETE /v2.0/routers/cfa373d2-eae3-40a8-bad3-aa7bbe05d79f => generated 0 bytes in 159 msecs (HTTP/1.1 204) 2 headers in 112 bytes (1 switches on core 0)
2026-05-10 02:06:39.928 7 WARNING neutron.scheduler.dhcp_agent_scheduler [None req-522c9025-b0b7-4d1d-8397-b00fe23b505e ca637247bea24217914eaea86feee60a 44006042591f4367aec0d0ab22ea00fe - - default default] No more DHCP agents
2026-05-10 02:06:39.929 7 WARNING neutron.api.rpc.agentnotifiers.dhcp_rpc_agent_api [None req-522c9025-b0b7-4d1d-8397-b00fe23b505e ca637247bea24217914eaea86feee60a 44006042591f4367aec0d0ab22ea00fe - - default default] Unable to schedule network 2678f447-2367-4682-837c-ead52d5e0865: no agents available; will retry on subsequent port and subnet creation events. [pid: 8|app: 0|req: 1005/1932] 10.0.0.175 () {32 vars in 724 bytes} [Sun May 10 02:06:39 2026] DELETE /v2.0/subnets/12c6d6d4-4a9e-49ba-8b56-2dc56b9d741e => generated 0 bytes in 150 msecs (HTTP/1.1 204) 3 headers in 131 bytes (1 switches on core 0)
2026-05-10 02:06:40.007 7 INFO neutron.db.ovn_revision_numbers_db [None req-522c9025-b0b7-4d1d-8397-b00fe23b505e ca637247bea24217914eaea86feee60a 44006042591f4367aec0d0ab22ea00fe - - default default] Successfully bumped revision number for resource 20872c35-22a1-427e-8985-068e913509c0 (type: ports) to 1 [pid: 7|app: 0|req: 928/1933] 10.0.0.175 () {34 vars in 670 bytes} [Sun May 10 02:06:39 2026] POST /v2.0/networks => generated 669 bytes in 916 msecs (HTTP/1.1 201) 4 headers in 162 bytes (1 switches on core 0)
2026-05-10 02:06:40.097 8 INFO neutron_taas.services.taas.taas_plugin [None req-a2b00133-d7d4-45e4-84ae-ea0ff8d0d53d 25c7dad3f3d745c3bb51525fdd8c59fb f8959f4ab7c24bc88c97e43daf41007c - - default default] TaaS: Handle Delete Port: 2b346ce4-c8b5-4825-a752-95ca3f772f14
2026-05-10 02:06:40.101 8 INFO neutron_taas.services.taas.tap_mirror_plugin [None req-a2b00133-d7d4-45e4-84ae-ea0ff8d0d53d 25c7dad3f3d745c3bb51525fdd8c59fb f8959f4ab7c24bc88c97e43daf41007c - - default default] Tap Mirror: Handle Delete Port: 2b346ce4-c8b5-4825-a752-95ca3f772f14
2026-05-10 02:06:40.160 7 INFO neutron.db.segments_db [None req-7af64f92-d9b1-4aa1-b35b-085336719844 ca637247bea24217914eaea86feee60a 44006042591f4367aec0d0ab22ea00fe - - default default] Added segment 34704915-f64d-45f5-b385-10243f5a1ea2 of type geneve for network d7c3643d-9417-426b-aed3-9d050f0f3afb
2026-05-10 02:06:40.283 7 INFO neutron.db.ovn_revision_numbers_db [None req-7af64f92-d9b1-4aa1-b35b-085336719844 ca637247bea24217914eaea86feee60a 44006042591f4367aec0d0ab22ea00fe - - default default] Successfully bumped revision number for resource d7c3643d-9417-426b-aed3-9d050f0f3afb (type: networks) to 1
2026-05-10 02:06:40.303 8 INFO neutron.services.segments.plugin [-] Segment c57633c5-ca17-425a-a374-8bf6904c6f6c resource provider aggregate not found
2026-05-10 02:06:40.307 8 INFO neutron.services.segments.plugin [-] Segment c57633c5-ca17-425a-a374-8bf6904c6f6c resource provider aggregate not found
2026-05-10 02:06:40.321 8 INFO neutron.services.segments.plugin [-] Segment c57633c5-ca17-425a-a374-8bf6904c6f6c resource provider not found; error: Placement Client Error (4xx): {"errors": [{"status": 404, "title": "Not Found", "detail": "The resource could not be found.\n\n No resource provider with uuid c57633c5-ca17-425a-a374-8bf6904c6f6c found for delete ", "request_id": "req-ca8f0d82-33c6-4cad-9c54-0077c0a61849"}]}
2026-05-10 02:06:40.328 8 INFO neutron.services.segments.plugin [-] Segment c57633c5-ca17-425a-a374-8bf6904c6f6c resource provider not found; error: Placement Client Error (4xx): {"errors": [{"status": 404, "title": "Not Found", "detail": "The resource could not be found.\n\n No resource provider with uuid c57633c5-ca17-425a-a374-8bf6904c6f6c found for delete ", "request_id": "req-12e7cd98-229b-4530-bc19-2121e3e53de9"}]} [pid: 8|app: 0|req: 1006/1934] 10.0.0.175 () {32 vars in 726 bytes} [Sun May 10 02:06:39 2026] DELETE /v2.0/networks/a50d1a65-12d4-4e10-a827-be3ea31e7d34 => generated 0 bytes in 400 msecs (HTTP/1.1 204) 3 headers in 131 bytes (1 switches on core 0)
2026-05-10 02:06:40.477 7 WARNING neutron.scheduler.dhcp_agent_scheduler [None req-7af64f92-d9b1-4aa1-b35b-085336719844 ca637247bea24217914eaea86feee60a 44006042591f4367aec0d0ab22ea00fe - - default default] No more DHCP agents
2026-05-10 02:06:40.478 7 WARNING neutron.api.rpc.agentnotifiers.dhcp_rpc_agent_api [None req-7af64f92-d9b1-4aa1-b35b-085336719844 ca637247bea24217914eaea86feee60a 44006042591f4367aec0d0ab22ea00fe - - default default] Unable to schedule network d7c3643d-9417-426b-aed3-9d050f0f3afb: no agents available; will retry on subsequent port and subnet creation events.
2026-05-10 02:06:40.547 7 INFO neutron.db.ovn_revision_numbers_db [None req-7af64f92-d9b1-4aa1-b35b-085336719844 ca637247bea24217914eaea86feee60a 44006042591f4367aec0d0ab22ea00fe - - default default] Successfully bumped revision number for resource f4f43a0f-6a8c-43e0-b7d1-0c008718b339 (type: ports) to 1 [pid: 7|app: 0|req: 929/1935] 10.0.0.175 () {34 vars in 670 bytes} [Sun May 10 02:06:40 2026] POST /v2.0/networks => generated 670 bytes in 531 msecs (HTTP/1.1 201) 4 headers in 162 bytes (1 switches on core 0) [pid: 7|app: 0|req: 930/1936] 10.0.0.175 () {34 vars in 753 bytes} [Sun May 10 02:06:40 2026] PUT /v2.0/networks/2678f447-2367-4682-837c-ead52d5e0865/tags => generated 25 bytes in 54 msecs (HTTP/1.1 200) 4 headers in 156 bytes (1 switches on core 0)
2026-05-10 02:06:40.906 7 INFO neutron.db.ovn_revision_numbers_db [None req-199b0ea4-44cc-4982-b771-d9d1b806c7cf 37f69e2753824f53a647f2d7f260c865 c912ba9581f543839e2c48463c12b5ab - - default default] Successfully bumped revision number for resource 3446f65f-531d-4c04-a44f-b09edfa872ce (type: security_groups) to 1
2026-05-10 02:06:40.916 7 INFO neutron.db.ovn_revision_numbers_db [None req-199b0ea4-44cc-4982-b771-d9d1b806c7cf 37f69e2753824f53a647f2d7f260c865 c912ba9581f543839e2c48463c12b5ab - - default default] Successfully bumped revision number for resource 0fa3b2e4-45d4-4d40-993c-5c6280db9b2a (type: security_group_rules) to 0
2026-05-10 02:06:40.930 7 INFO neutron.db.ovn_revision_numbers_db [None req-199b0ea4-44cc-4982-b771-d9d1b806c7cf 37f69e2753824f53a647f2d7f260c865 c912ba9581f543839e2c48463c12b5ab - - default default] Successfully bumped revision number for resource 948623b3-8170-4a62-8b86-c0be4e1e24b8 (type: security_group_rules) to 0
2026-05-10 02:06:40.940 7 INFO neutron.db.ovn_revision_numbers_db [None req-199b0ea4-44cc-4982-b771-d9d1b806c7cf 37f69e2753824f53a647f2d7f260c865 c912ba9581f543839e2c48463c12b5ab - - default default] Successfully bumped revision number for resource 9b5db9a4-b186-4248-9d70-53770b1a46a2 (type: security_group_rules) to 0
2026-05-10 02:06:40.950 7 INFO neutron.db.ovn_revision_numbers_db [None req-199b0ea4-44cc-4982-b771-d9d1b806c7cf 37f69e2753824f53a647f2d7f260c865 c912ba9581f543839e2c48463c12b5ab - - default default] Successfully bumped revision number for resource e2a46eea-35b1-4878-976c-e4438cb95e0e (type: security_group_rules) to 0
2026-05-10 02:06:41.055 7 INFO neutron.db.segments_db [None req-199b0ea4-44cc-4982-b771-d9d1b806c7cf 37f69e2753824f53a647f2d7f260c865 c912ba9581f543839e2c48463c12b5ab - - default default] Added segment 6d0e42ee-27c7-4378-af5c-0714237a4131 of type geneve for network 7a3c8a8e-2391-491c-b207-db77b3154f5c
2026-05-10 02:06:41.173 7 INFO neutron.db.ovn_revision_numbers_db [None req-199b0ea4-44cc-4982-b771-d9d1b806c7cf 37f69e2753824f53a647f2d7f260c865 c912ba9581f543839e2c48463c12b5ab - - default default] Successfully bumped revision number for resource 7a3c8a8e-2391-491c-b207-db77b3154f5c (type: networks) to 1
2026-05-10 02:06:41.286 8 WARNING neutron.scheduler.dhcp_agent_scheduler [None req-cf7eeed0-1f17-4cf9-8208-fba417e9042b 25c7dad3f3d745c3bb51525fdd8c59fb f8959f4ab7c24bc88c97e43daf41007c - - default default] No more DHCP agents
2026-05-10 02:06:41.289 8 WARNING neutron.api.rpc.agentnotifiers.dhcp_rpc_agent_api [None req-cf7eeed0-1f17-4cf9-8208-fba417e9042b 25c7dad3f3d745c3bb51525fdd8c59fb f8959f4ab7c24bc88c97e43daf41007c - - default default] Unable to schedule network 963bd1e2-48be-49f0-92e2-5d7fb44cb219: no agents available; will retry on subsequent port and subnet creation events.
2026-05-10 02:06:41.324 7 WARNING neutron.scheduler.dhcp_agent_scheduler [None req-199b0ea4-44cc-4982-b771-d9d1b806c7cf 37f69e2753824f53a647f2d7f260c865 c912ba9581f543839e2c48463c12b5ab - - default default] No more DHCP agents
2026-05-10 02:06:41.325 7 WARNING neutron.api.rpc.agentnotifiers.dhcp_rpc_agent_api [None req-199b0ea4-44cc-4982-b771-d9d1b806c7cf 37f69e2753824f53a647f2d7f260c865 c912ba9581f543839e2c48463c12b5ab - - default default] Unable to schedule network 7a3c8a8e-2391-491c-b207-db77b3154f5c: no agents available; will retry on subsequent port and subnet creation events.
2026-05-10 02:06:41.374 7 INFO neutron.plugins.ml2.drivers.ovn.mech_driver.mech_driver [None req-a751af24-3943-40c4-b8af-f0fd8ab7dcc3 - - - - - -] OVN reports status down for port: 2bbacb2f-365f-4b83-b4d4-34c2422655cf
2026-05-10 02:06:41.449 7 INFO neutron.db.ovn_revision_numbers_db [None req-199b0ea4-44cc-4982-b771-d9d1b806c7cf 37f69e2753824f53a647f2d7f260c865 c912ba9581f543839e2c48463c12b5ab - - default default] Successfully bumped revision number for resource 2bbacb2f-365f-4b83-b4d4-34c2422655cf (type: ports) to 1
2026-05-10 02:06:41.458 8 INFO neutron.db.ovn_revision_numbers_db [None req-cf7eeed0-1f17-4cf9-8208-fba417e9042b 25c7dad3f3d745c3bb51525fdd8c59fb f8959f4ab7c24bc88c97e43daf41007c - - default default] Successfully bumped revision number for resource 1a0c5f8f-dab4-41ac-baed-19fbee0f4b3c (type: ports) to 1 [pid: 7|app: 0|req: 931/1937] 10.0.0.175 () {34 vars in 671 bytes} [Sun May 10 02:06:40 2026] POST /v2.0/networks => generated 671 bytes in 874 msecs (HTTP/1.1 201) 4 headers in 162 bytes (1 switches on core 0)
2026-05-10 02:06:41.510 7 INFO neutron.plugins.ml2.drivers.ovn.mech_driver.mech_driver [None req-a751af24-3943-40c4-b8af-f0fd8ab7dcc3 - - - - - -] OVN reports status down for port: 1a0c5f8f-dab4-41ac-baed-19fbee0f4b3c [pid: 7|app: 0|req: 932/1938] 10.0.0.175 () {32 vars in 733 bytes} [Sun May 10 02:06:41 2026] GET /v2.0/networks/2678f447-2367-4682-837c-ead52d5e0865/tags => generated 25 bytes in 87 msecs (HTTP/1.1 200) 4 headers in 156 bytes (1 switches on core 0) [pid: 7|app: 0|req: 933/1939] 10.0.0.212 () {28 vars in 585 bytes} [Sun May 10 02:06:41 2026] GET /v2.0/networks => generated 4535 bytes in 237 msecs (HTTP/1.1 200) 4 headers in 158 bytes (1 switches on core 0)
2026-05-10 02:06:42.113 8 INFO neutron.db.ovn_revision_numbers_db [None req-cf7eeed0-1f17-4cf9-8208-fba417e9042b 25c7dad3f3d745c3bb51525fdd8c59fb f8959f4ab7c24bc88c97e43daf41007c - - default default] Successfully bumped revision number for resource 1a0c5f8f-dab4-41ac-baed-19fbee0f4b3c (type: router_ports) to 1
2026-05-10 02:06:42.117 7 INFO neutron.plugins.ml2.drivers.ovn.mech_driver.mech_driver [None req-a751af24-3943-40c4-b8af-f0fd8ab7dcc3 - - - - - -] OVN reports status up for port: 1a0c5f8f-dab4-41ac-baed-19fbee0f4b3c
2026-05-10 02:06:42.142 7 INFO neutron.plugins.ml2.plugin [None req-a751af24-3943-40c4-b8af-f0fd8ab7dcc3 - - - - - -] Attempt 1 to provision port 1a0c5f8f-dab4-41ac-baed-19fbee0f4b3c
2026-05-10 02:06:42.168 8 INFO neutron.db.ovn_revision_numbers_db [None req-cf7eeed0-1f17-4cf9-8208-fba417e9042b 25c7dad3f3d745c3bb51525fdd8c59fb f8959f4ab7c24bc88c97e43daf41007c - - default default] Successfully bumped revision number for resource f5651503-a617-43c5-aad1-aa79f4f74db9 (type: routers) to 2 [pid: 8|app: 0|req: 1007/1940] 10.0.0.175 () {34 vars in 669 bytes} [Sun May 10 02:06:40 2026] POST /v2.0/routers => generated 969 bytes in 1828 msecs (HTTP/1.1 201) 4 headers in 162 bytes (1 switches on core 0) [pid: 8|app: 0|req: 1008/1941] 10.0.0.175 () {34 vars in 753 bytes} [Sun May 10 02:06:42 2026] PUT /v2.0/networks/d7c3643d-9417-426b-aed3-9d050f0f3afb/tags => generated 17 bytes in 58 msecs (HTTP/1.1 200) 4 headers in 156 bytes (1 switches on core 0)
2026-05-10 02:06:42.292 7 WARNING neutron.scheduler.dhcp_agent_scheduler [None req-3c992194-a848-4b2d-96dd-92a722978bdf 37f69e2753824f53a647f2d7f260c865 c912ba9581f543839e2c48463c12b5ab - - default default] No more DHCP agents
2026-05-10 02:06:42.294 7 WARNING neutron.api.rpc.agentnotifiers.dhcp_rpc_agent_api [None req-3c992194-a848-4b2d-96dd-92a722978bdf 37f69e2753824f53a647f2d7f260c865 c912ba9581f543839e2c48463c12b5ab - - default default] Unable to schedule network 963bd1e2-48be-49f0-92e2-5d7fb44cb219: no agents available; will retry on subsequent port and subnet creation events. [pid: 8|app: 0|req: 1009/1942] 10.0.0.212 () {28 vars in 579 bytes} [Sun May 10 02:06:42 2026] GET /v2.0/ports => generated 9847 bytes in 67 msecs (HTTP/1.1 200) 4 headers in 158 bytes (1 switches on core 0)
2026-05-10 02:06:42.424 7 INFO neutron.db.ovn_revision_numbers_db [None req-3c992194-a848-4b2d-96dd-92a722978bdf 37f69e2753824f53a647f2d7f260c865 c912ba9581f543839e2c48463c12b5ab - - default default] Successfully bumped revision number for resource 2eac7b45-4cbe-41fe-b6af-f7005073e045 (type: ports) to 1
2026-05-10 02:06:42.486 8 INFO neutron.db.ovn_revision_numbers_db [None req-e3fa760f-12f4-4745-bb22-b3d1d6170266 d34ded7727824433845452413f65525f 45845a74e1a54f7bac3f036f918ce7d9 - - default default] Successfully bumped revision number for resource 1b8e02b7-9c24-43fb-bda0-ae4e1bce8c61 (type: security_groups) to 1
2026-05-10 02:06:42.497 8 INFO neutron.db.ovn_revision_numbers_db [None req-e3fa760f-12f4-4745-bb22-b3d1d6170266 d34ded7727824433845452413f65525f 45845a74e1a54f7bac3f036f918ce7d9 - - default default] Successfully bumped revision number for resource 13685b9b-20bd-405d-a65f-cd82976602ac (type: security_group_rules) to 0
2026-05-10 02:06:42.509 8 INFO neutron.db.ovn_revision_numbers_db [None req-e3fa760f-12f4-4745-bb22-b3d1d6170266 d34ded7727824433845452413f65525f 45845a74e1a54f7bac3f036f918ce7d9 - - default default] Successfully bumped revision number for resource 2198dc02-65c7-4385-ab90-a205e3e180d3 (type: security_group_rules) to 0
2026-05-10 02:06:42.520 8 INFO neutron.db.ovn_revision_numbers_db [None req-e3fa760f-12f4-4745-bb22-b3d1d6170266 d34ded7727824433845452413f65525f 45845a74e1a54f7bac3f036f918ce7d9 - - default default] Successfully bumped revision number for resource 81405cdc-e0f6-4dec-9189-9bbef9a276cd (type: security_group_rules) to 0
2026-05-10 02:06:42.531 8 INFO neutron.db.ovn_revision_numbers_db [None req-e3fa760f-12f4-4745-bb22-b3d1d6170266 d34ded7727824433845452413f65525f 45845a74e1a54f7bac3f036f918ce7d9 - - default default] Successfully bumped revision number for resource a78301b0-dfa5-496a-a57a-f333ed3f0095 (type: security_group_rules) to 0
2026-05-10 02:06:42.635 8 INFO neutron.db.ovn_revision_numbers_db [None req-e3fa760f-12f4-4745-bb22-b3d1d6170266 d34ded7727824433845452413f65525f 45845a74e1a54f7bac3f036f918ce7d9 - - default default] Successfully bumped revision number for resource b064c87e-1c38-4617-8aef-7f04539762ea (type: security_groups) to 1
2026-05-10 02:06:42.645 8 INFO neutron.db.ovn_revision_numbers_db [None req-e3fa760f-12f4-4745-bb22-b3d1d6170266 d34ded7727824433845452413f65525f 45845a74e1a54f7bac3f036f918ce7d9 - - default default] Successfully bumped revision number for resource 8d906763-d895-4308-ad91-dc5dba52d834 (type: security_group_rules) to 0
2026-05-10 02:06:42.656 8 INFO neutron.db.ovn_revision_numbers_db [None req-e3fa760f-12f4-4745-bb22-b3d1d6170266 d34ded7727824433845452413f65525f 45845a74e1a54f7bac3f036f918ce7d9 - - default default] Successfully bumped revision number for resource 9f28a2bb-eaef-4a67-b4ee-7de60c405bee (type: security_group_rules) to 0 [pid: 8|app: 0|req: 1010/1943] 10.0.0.175 () {34 vars in 684 bytes} [Sun May 10 02:06:42 2026] POST /v2.0/security-groups => generated 1601 bytes in 382 msecs (HTTP/1.1 201) 4 headers in 163 bytes (1 switches on core 0) [pid: 8|app: 0|req: 1011/1944] 10.0.0.175 () {32 vars in 721 bytes} [Sun May 10 02:06:42 2026] GET /v2.0/routers/f5651503-a617-43c5-aad1-aa79f4f74db9 => generated 975 bytes in 63 msecs (HTTP/1.1 200) 4 headers in 157 bytes (1 switches on core 0) [pid: 8|app: 0|req: 1012/1945] 10.0.0.175 () {32 vars in 733 bytes} [Sun May 10 02:06:42 2026] GET /v2.0/networks/d7c3643d-9417-426b-aed3-9d050f0f3afb/tags => generated 17 bytes in 40 msecs (HTTP/1.1 200) 4 headers in 156 bytes (1 switches on core 0) [pid: 8|app: 0|req: 1013/1946] 10.0.0.212 () {28 vars in 583 bytes} [Sun May 10 02:06:42 2026] GET /v2.0/subnets => generated 1308 bytes in 31 msecs (HTTP/1.1 200) 4 headers in 158 bytes (1 switches on core 0)
2026-05-10 02:06:42.852 8 WARNING tagging [None req-acd7c30d-87ac-41fc-aa37-362336f6dce3 d34ded7727824433845452413f65525f 45845a74e1a54f7bac3f036f918ce7d9 - - default default] project_id key not found in request, using tenant_id instead. This support has been deprecated and will be removed in a future release. [pid: 8|app: 0|req: 1014/1947] 10.0.0.175 () {34 vars in 767 bytes} [Sun May 10 02:06:42 2026] PUT /v2.0/security-groups/b064c87e-1c38-4617-8aef-7f04539762ea/tags => generated 25 bytes in 52 msecs (HTTP/1.1 200) 4 headers in 156 bytes (1 switches on core 0)
2026-05-10 02:06:42.963 8 INFO neutron.plugins.ml2.drivers.ovn.mech_driver.ovsdb.ovsdb_monitor [None req-bcdc494f-53c2-4f0b-9a57-1233e61ab023 - - - - - -] Router b6680518-b4b5-40f9-8480-3660451af7f0 is bound to host instance
2026-05-10 02:06:42.974 7 INFO neutron.db.ovn_revision_numbers_db [None req-3c992194-a848-4b2d-96dd-92a722978bdf 37f69e2753824f53a647f2d7f260c865 c912ba9581f543839e2c48463c12b5ab - - default default] Successfully bumped revision number for resource 2eac7b45-4cbe-41fe-b6af-f7005073e045 (type: router_ports) to 1
2026-05-10 02:06:43.043 7 INFO neutron.db.ovn_revision_numbers_db [None req-3c992194-a848-4b2d-96dd-92a722978bdf 37f69e2753824f53a647f2d7f260c865 c912ba9581f543839e2c48463c12b5ab - - default default] Successfully bumped revision number for resource b6680518-b4b5-40f9-8480-3660451af7f0 (type: routers) to 2 [pid: 7|app: 0|req: 934/1948] 10.0.0.175 () {34 vars in 669 bytes} [Sun May 10 02:06:41 2026] POST /v2.0/routers => generated 975 bytes in 1239 msecs (HTTP/1.1 201) 4 headers in 162 bytes (1 switches on core 0) [pid: 8|app: 0|req: 1015/1949] 10.0.0.175 () {32 vars in 647 bytes} [Sun May 10 02:06:42 2026] GET /v2.0/routers => generated 978 bytes in 181 msecs (HTTP/1.1 200) 4 headers in 157 bytes (1 switches on core 0) [pid: 8|app: 0|req: 1016/1950] 10.0.0.212 () {28 vars in 591 bytes} [Sun May 10 02:06:43 2026] GET /v2.0/subnetpools => generated 19 bytes in 23 msecs (HTTP/1.1 200) 4 headers in 156 bytes (1 switches on core 0) [pid: 7|app: 0|req: 935/1951] 10.0.0.175 () {34 vars in 753 bytes} [Sun May 10 02:06:43 2026] PUT /v2.0/networks/d7c3643d-9417-426b-aed3-9d050f0f3afb/tags => generated 12 bytes in 60 msecs (HTTP/1.1 200) 4 headers in 156 bytes (1 switches on core 0)
2026-05-10 02:06:43.137 8 WARNING tagging [None req-a115f711-bd29-41f5-9c8c-38e83ff73c23 d34ded7727824433845452413f65525f 45845a74e1a54f7bac3f036f918ce7d9 - - default default] project_id key not found in request, using tenant_id instead. This support has been deprecated and will be removed in a future release. [pid: 8|app: 0|req: 1017/1952] 10.0.0.175 () {32 vars in 747 bytes} [Sun May 10 02:06:43 2026] GET /v2.0/security-groups/b064c87e-1c38-4617-8aef-7f04539762ea/tags => generated 25 bytes in 70 msecs (HTTP/1.1 200) 4 headers in 156 bytes (1 switches on core 0)
2026-05-10 02:06:43.202 8 WARNING neutron.plugins.ml2.drivers.ovn.mech_driver.ovsdb.ovn_client [None req-1f8da5a5-0138-4d42-8ae1-d466a0367b44 - - - - - -] No port found with ID cc63e278-903b-4e1b-93bd-612f88ac15d2: RuntimeError: No port found with ID cc63e278-903b-4e1b-93bd-612f88ac15d2
2026-05-10 02:06:43.239 8 INFO neutron.plugins.ml2.drivers.ovn.mech_driver.mech_driver [None req-1f8da5a5-0138-4d42-8ae1-d466a0367b44 - - - - - -] OVN reports status down for port: 20872c35-22a1-427e-8985-068e913509c0 [pid: 8|app: 0|req: 1018/1953] 10.0.0.175 () {32 vars in 776 bytes} [Sun May 10 02:06:43 2026] GET /v2.0/subnets?project_id=c912ba9581f543839e2c48463c12b5ab&cidr=10.100.0.0%2F28 => generated 14 bytes in 137 msecs (HTTP/1.1 200) 4 headers in 156 bytes (1 switches on core 0) [pid: 8|app: 0|req: 1019/1954] 10.0.0.212 () {28 vars in 591 bytes} [Sun May 10 02:06:43 2026] GET /v2.0/floatingips => generated 19 bytes in 60 msecs (HTTP/1.1 200) 4 headers in 156 bytes (1 switches on core 0)
2026-05-10 02:06:43.427 8 INFO neutron.plugins.ml2.drivers.ovn.mech_driver.mech_driver [None req-1f8da5a5-0138-4d42-8ae1-d466a0367b44 - - - - - -] OVN reports status down for port: f4f43a0f-6a8c-43e0-b7d1-0c008718b339 [pid: 8|app: 0|req: 1020/1955] 10.0.0.175 () {32 vars in 733 bytes} [Sun May 10 02:06:43 2026] GET /v2.0/networks/d7c3643d-9417-426b-aed3-9d050f0f3afb/tags => generated 12 bytes in 117 msecs (HTTP/1.1 200) 4 headers in 156 bytes (1 switches on core 0)
2026-05-10 02:06:43.484 7 INFO neutron.db.ovn_revision_numbers_db [None req-a8a422f4-7603-406b-96a6-85030a33ac0a 25c7dad3f3d745c3bb51525fdd8c59fb f8959f4ab7c24bc88c97e43daf41007c - - default default] Successfully bumped revision number for resource f5651503-a617-43c5-aad1-aa79f4f74db9 (type: routers) to 3 [pid: 7|app: 0|req: 936/1956] 10.0.0.175 () {34 vars in 741 bytes} [Sun May 10 02:06:43 2026] PUT /v2.0/routers/f5651503-a617-43c5-aad1-aa79f4f74db9 => generated 982 bytes in 367 msecs (HTTP/1.1 200) 4 headers in 157 bytes (1 switches on core 0) [pid: 7|app: 0|req: 937/1957] 10.0.0.175 () {32 vars in 694 bytes} [Sun May 10 02:06:43 2026] GET /v2.0/networks?router%3Aexternal=True => generated 791 bytes in 44 msecs (HTTP/1.1 200) 4 headers in 157 bytes (1 switches on core 0)
2026-05-10 02:06:43.535 8 WARNING tagging [None req-980b632a-05b0-40f5-8252-6ca9bdd424dd d34ded7727824433845452413f65525f 45845a74e1a54f7bac3f036f918ce7d9 - - default default] project_id key not found in request, using tenant_id instead. This support has been deprecated and will be removed in a future release. [pid: 7|app: 0|req: 938/1958] 10.0.0.212 () {28 vars in 599 bytes} [Sun May 10 02:06:43 2026] GET /v2.0/security-groups => generated 30611 bytes in 36 msecs (HTTP/1.1 200) 4 headers in 159 bytes (1 switches on core 0)
2026-05-10 02:06:43.598 8 INFO neutron.plugins.ml2.drivers.ovn.mech_driver.mech_driver [None req-1f8da5a5-0138-4d42-8ae1-d466a0367b44 - - - - - -] OVN reports status down for port: 2eac7b45-4cbe-41fe-b6af-f7005073e045 [pid: 7|app: 0|req: 939/1959] 10.0.0.175 () {32 vars in 733 bytes} [Sun May 10 02:06:43 2026] GET /v2.0/networks/2678f447-2367-4682-837c-ead52d5e0865/tags => generated 25 bytes in 36 msecs (HTTP/1.1 200) 4 headers in 156 bytes (1 switches on core 0) [pid: 8|app: 0|req: 1021/1960] 10.0.0.175 () {34 vars in 778 bytes} [Sun May 10 02:06:43 2026] PUT /v2.0/security-groups/b064c87e-1c38-4617-8aef-7f04539762ea/tags/green => generated 4 bytes in 159 msecs (HTTP/1.1 201) 4 headers in 160 bytes (1 switches on core 0) [pid: 7|app: 0|req: 940/1961] 10.0.0.175 () {32 vars in 721 bytes} [Sun May 10 02:06:43 2026] GET /v2.0/routers/f5651503-a617-43c5-aad1-aa79f4f74db9 => generated 982 bytes in 64 msecs (HTTP/1.1 200) 4 headers in 157 bytes (1 switches on core 0) [pid: 8|app: 0|req: 1022/1962] 10.0.0.175 () {32 vars in 784 bytes} [Sun May 10 02:06:43 2026] GET /v2.0/subnets?network_id=963bd1e2-48be-49f0-92e2-5d7fb44cb219&cidr=10.100.0.0%2F28 => generated 14 bytes in 57 msecs (HTTP/1.1 200) 4 headers in 156 bytes (1 switches on core 0) [pid: 7|app: 0|req: 941/1963] 10.0.0.212 () {28 vars in 583 bytes} [Sun May 10 02:06:43 2026] GET /v2.0/subnets => generated 1308 bytes in 29 msecs (HTTP/1.1 200) 4 headers in 158 bytes (1 switches on core 0)
2026-05-10 02:06:43.723 7 WARNING tagging [None req-5e29c124-f8ab-459f-9c28-29634b897d18 d34ded7727824433845452413f65525f 45845a74e1a54f7bac3f036f918ce7d9 - - default default] project_id key not found in request, using tenant_id instead. This support has been deprecated and will be removed in a future release. [pid: 7|app: 0|req: 942/1964] 10.0.0.175 () {32 vars in 747 bytes} [Sun May 10 02:06:43 2026] GET /v2.0/security-groups/b064c87e-1c38-4617-8aef-7f04539762ea/tags => generated 34 bytes in 39 msecs (HTTP/1.1 200) 4 headers in 156 bytes (1 switches on core 0)
2026-05-10 02:06:43.742 8 WARNING neutron.plugins.ml2.drivers.ovn.mech_driver.ovsdb.ovn_client [None req-1f8da5a5-0138-4d42-8ae1-d466a0367b44 - - - - - -] Logical_Switch_Port 2eac7b45-4cbe-41fe-b6af-f7005073e045 host information not removed, the port state is up
2026-05-10 02:06:43.742 8 INFO neutron.plugins.ml2.drivers.ovn.mech_driver.mech_driver [None req-1f8da5a5-0138-4d42-8ae1-d466a0367b44 - - - - - -] OVN reports status up for port: 2eac7b45-4cbe-41fe-b6af-f7005073e045 [pid: 7|app: 0|req: 943/1965] 10.0.0.175 () {32 vars in 736 bytes} [Sun May 10 02:06:43 2026] GET /v2.0/ports?device_id=f5651503-a617-43c5-aad1-aa79f4f74db9 => generated 12 bytes in 16 msecs (HTTP/1.1 200) 4 headers in 156 bytes (1 switches on core 0)
2026-05-10 02:06:43.784 8 INFO neutron.plugins.ml2.plugin [None req-1f8da5a5-0138-4d42-8ae1-d466a0367b44 - - - - - -] Attempt 1 to provision port 2eac7b45-4cbe-41fe-b6af-f7005073e045
2026-05-10 02:06:43.934 7 WARNING neutron.scheduler.dhcp_agent_scheduler [None req-4ddf498b-b967-4412-914e-b97ae97cb955 37f69e2753824f53a647f2d7f260c865 c912ba9581f543839e2c48463c12b5ab - - default default] No more DHCP agents
2026-05-10 02:06:43.936 7 WARNING neutron.api.rpc.agentnotifiers.dhcp_rpc_agent_api [None req-4ddf498b-b967-4412-914e-b97ae97cb955 37f69e2753824f53a647f2d7f260c865 c912ba9581f543839e2c48463c12b5ab - - default default] Unable to schedule network 7a3c8a8e-2391-491c-b207-db77b3154f5c: no agents available; will retry on subsequent port and subnet creation events.
2026-05-10 02:06:44.000 8 INFO neutron_taas.services.taas.taas_plugin [None req-7f776ed1-1b68-4dd2-8b3f-f4459da13661 ca637247bea24217914eaea86feee60a 44006042591f4367aec0d0ab22ea00fe - - default default] TaaS: Handle Delete Port: 20872c35-22a1-427e-8985-068e913509c0
2026-05-10 02:06:44.010 8 INFO neutron_taas.services.taas.tap_mirror_plugin [None req-7f776ed1-1b68-4dd2-8b3f-f4459da13661 ca637247bea24217914eaea86feee60a 44006042591f4367aec0d0ab22ea00fe - - default default] Tap Mirror: Handle Delete Port: 20872c35-22a1-427e-8985-068e913509c0
2026-05-10 02:06:44.309 8 INFO neutron.services.segments.plugin [-] Segment a75b16ae-7f29-48b6-ac25-8631178a23c6 resource provider aggregate not found
2026-05-10 02:06:44.322 8 INFO neutron.services.segments.plugin [-] Segment a75b16ae-7f29-48b6-ac25-8631178a23c6 resource provider aggregate not found
2026-05-10 02:06:44.332 8 INFO neutron.services.segments.plugin [-] Segment a75b16ae-7f29-48b6-ac25-8631178a23c6 resource provider not found; error: Placement Client Error (4xx): {"errors": [{"status": 404, "title": "Not Found", "detail": "The resource could not be found.\n\n No resource provider with uuid a75b16ae-7f29-48b6-ac25-8631178a23c6 found for delete ", "request_id": "req-45015bf6-9931-43f3-b8c4-e0016ab20f28"}]}
2026-05-10 02:06:44.349 8 INFO neutron.services.segments.plugin [-] Segment a75b16ae-7f29-48b6-ac25-8631178a23c6 resource provider not found; error: Placement Client Error (4xx): {"errors": [{"status": 404, "title": "Not Found", "detail": "The resource could not be found.\n\n No resource provider with uuid a75b16ae-7f29-48b6-ac25-8631178a23c6 found for delete ", "request_id": "req-6562752e-07f0-418c-ab28-b254c31cb9d9"}]}
2026-05-10 02:06:44.355 7 INFO neutron.db.ovn_revision_numbers_db [None req-4ddf498b-b967-4412-914e-b97ae97cb955 37f69e2753824f53a647f2d7f260c865 c912ba9581f543839e2c48463c12b5ab - - default default] Successfully bumped revision number for resource 2bbacb2f-365f-4b83-b4d4-34c2422655cf (type: ports) to 2
2026-05-10 02:06:44.387 7 INFO neutron.db.ovn_revision_numbers_db [None req-4ddf498b-b967-4412-914e-b97ae97cb955 37f69e2753824f53a647f2d7f260c865 c912ba9581f543839e2c48463c12b5ab - - default default] Successfully bumped revision number for resource 8237ec4d-266f-4c7e-8ce5-1703e895bcb7 (type: subnets) to 0 [pid: 7|app: 0|req: 944/1966] 10.0.0.175 () {34 vars in 669 bytes} [Sun May 10 02:06:43 2026] POST /v2.0/subnets => generated 656 bytes in 646 msecs (HTTP/1.1 201) 4 headers in 162 bytes (1 switches on core 0) [pid: 8|app: 0|req: 1023/1967] 10.0.0.175 () {32 vars in 726 bytes} [Sun May 10 02:06:43 2026] DELETE /v2.0/networks/2678f447-2367-4682-837c-ead52d5e0865 => generated 0 bytes in 725 msecs (HTTP/1.1 204) 3 headers in 131 bytes (1 switches on core 0) [pid: 7|app: 0|req: 945/1968] 10.0.0.212 () {28 vars in 583 bytes} [Sun May 10 02:06:44 2026] GET /v2.0/routers => generated 1980 bytes in 61 msecs (HTTP/1.1 200) 4 headers in 158 bytes (1 switches on core 0)
2026-05-10 02:06:44.473 8 WARNING tagging [None req-591e2d23-56f1-4dbc-8fd7-f0a9eb6922ca d34ded7727824433845452413f65525f 45845a74e1a54f7bac3f036f918ce7d9 - - default default] project_id key not found in request, using tenant_id instead. This support has been deprecated and will be removed in a future release. [pid: 8|app: 0|req: 1024/1969] 10.0.0.175 () {34 vars in 774 bytes} [Sun May 10 02:06:44 2026] PUT /v2.0/security-groups/b064c87e-1c38-4617-8aef-7f04539762ea/tags/red => generated 4 bytes in 109 msecs (HTTP/1.1 201) 4 headers in 160 bytes (1 switches on core 0)
2026-05-10 02:06:44.560 8 INFO neutron.db.ovn_revision_numbers_db [None req-32f687ea-8244-4f8d-aae4-8903df428608 - - - - - -] Successfully bumped revision number for resource 2eac7b45-4cbe-41fe-b6af-f7005073e045 (type: ports) to 4
2026-05-10 02:06:44.765 7 INFO neutron_taas.services.taas.taas_plugin [None req-8f38370f-4184-4faf-92ec-b729e765f648 25c7dad3f3d745c3bb51525fdd8c59fb f8959f4ab7c24bc88c97e43daf41007c - - default default] TaaS: Handle Delete Port: 1a0c5f8f-dab4-41ac-baed-19fbee0f4b3c
2026-05-10 02:06:44.769 7 INFO neutron_taas.services.taas.tap_mirror_plugin [None req-8f38370f-4184-4faf-92ec-b729e765f648 25c7dad3f3d745c3bb51525fdd8c59fb f8959f4ab7c24bc88c97e43daf41007c - - default default] Tap Mirror: Handle Delete Port: 1a0c5f8f-dab4-41ac-baed-19fbee0f4b3c
2026-05-10 02:06:45.139 8 INFO neutron.db.ovn_revision_numbers_db [None req-32f687ea-8244-4f8d-aae4-8903df428608 - - - - - -] Successfully bumped revision number for resource 2eac7b45-4cbe-41fe-b6af-f7005073e045 (type: ports) to 5 [pid: 7|app: 0|req: 946/1970] 10.0.0.175 () {32 vars in 724 bytes} [Sun May 10 02:06:44 2026] DELETE /v2.0/routers/f5651503-a617-43c5-aad1-aa79f4f74db9 => generated 0 bytes in 715 msecs (HTTP/1.1 204) 2 headers in 112 bytes (1 switches on core 0)
2026-05-10 02:06:45.290 7 INFO neutron_taas.services.taas.taas_plugin [None req-014e8874-4c22-40e4-a006-746c7a73835b ca637247bea24217914eaea86feee60a 44006042591f4367aec0d0ab22ea00fe - - default default] TaaS: Handle Delete Port: f4f43a0f-6a8c-43e0-b7d1-0c008718b339
2026-05-10 02:06:45.293 7 INFO neutron_taas.services.taas.tap_mirror_plugin [None req-014e8874-4c22-40e4-a006-746c7a73835b ca637247bea24217914eaea86feee60a 44006042591f4367aec0d0ab22ea00fe - - default default] Tap Mirror: Handle Delete Port: f4f43a0f-6a8c-43e0-b7d1-0c008718b339
2026-05-10 02:06:45.370 8 WARNING neutron.scheduler.dhcp_agent_scheduler [None req-52025500-3557-45cf-af9b-509b809041c4 37f69e2753824f53a647f2d7f260c865 c912ba9581f543839e2c48463c12b5ab - - default default] No more DHCP agents
2026-05-10 02:06:45.372 8 WARNING neutron.api.rpc.agentnotifiers.dhcp_rpc_agent_api [None req-52025500-3557-45cf-af9b-509b809041c4 37f69e2753824f53a647f2d7f260c865 c912ba9581f543839e2c48463c12b5ab - - default default] Unable to schedule network 7a3c8a8e-2391-491c-b207-db77b3154f5c: no agents available; will retry on subsequent port and subnet creation events.
2026-05-10 02:06:45.441 7 INFO neutron.services.segments.plugin [-] Segment 34704915-f64d-45f5-b385-10243f5a1ea2 resource provider aggregate not found
2026-05-10 02:06:45.443 7 INFO neutron.services.segments.plugin [-] Segment 34704915-f64d-45f5-b385-10243f5a1ea2 resource provider aggregate not found
2026-05-10 02:06:45.463 7 INFO neutron.services.segments.plugin [-] Segment 34704915-f64d-45f5-b385-10243f5a1ea2 resource provider not found; error: Placement Client Error (4xx): {"errors": [{"status": 404, "title": "Not Found", "detail": "The resource could not be found.\n\n No resource provider with uuid 34704915-f64d-45f5-b385-10243f5a1ea2 found for delete ", "request_id": "req-ad71634f-4033-4943-b7bf-63d98a4a028d"}]}
2026-05-10 02:06:45.464 7 INFO neutron.services.segments.plugin [-] Segment 34704915-f64d-45f5-b385-10243f5a1ea2 resource provider not found; error: Placement Client Error (4xx): {"errors": [{"status": 404, "title": "Not Found", "detail": "The resource could not be found.\n\n No resource provider with uuid 34704915-f64d-45f5-b385-10243f5a1ea2 found for delete ", "request_id": "req-1a2e0eb4-977f-4660-a13e-5829c8d0bd5a"}]} [pid: 7|app: 0|req: 947/1971] 10.0.0.175 () {32 vars in 726 bytes} [Sun May 10 02:06:45 2026] DELETE /v2.0/networks/d7c3643d-9417-426b-aed3-9d050f0f3afb => generated 0 bytes in 310 msecs (HTTP/1.1 204) 3 headers in 131 bytes (1 switches on core 0) [pid: 7|app: 0|req: 948/1972] 10.0.0.212 () {28 vars in 624 bytes} [Sun May 10 02:06:45 2026] GET /v2.0/agents?binary=ovn-controller => generated 416 bytes in 11 msecs (HTTP/1.1 200) 4 headers in 157 bytes (1 switches on core 0)
2026-05-10 02:06:45.516 8 INFO neutron.db.ovn_revision_numbers_db [None req-52025500-3557-45cf-af9b-509b809041c4 37f69e2753824f53a647f2d7f260c865 c912ba9581f543839e2c48463c12b5ab - - default default] Successfully bumped revision number for resource 25b17244-1c27-49dc-bbc4-1a852a278c01 (type: ports) to 1
2026-05-10 02:06:45.520 7 WARNING tagging [None req-343999d9-71a2-44c8-bad4-6dc4c3b07aa5 d34ded7727824433845452413f65525f 45845a74e1a54f7bac3f036f918ce7d9 - - default default] project_id key not found in request, using tenant_id instead. This support has been deprecated and will be removed in a future release. [pid: 7|app: 0|req: 949/1973] 10.0.0.175 () {32 vars in 747 bytes} [Sun May 10 02:06:45 2026] GET /v2.0/security-groups/b064c87e-1c38-4617-8aef-7f04539762ea/tags => generated 34 bytes in 24 msecs (HTTP/1.1 200) 4 headers in 156 bytes (1 switches on core 0) [pid: 7|app: 0|req: 950/1974] 10.0.0.175 () {32 vars in 736 bytes} [Sun May 10 02:06:45 2026] GET /v2.0/ports?device_id=f5651503-a617-43c5-aad1-aa79f4f74db9 => generated 12 bytes in 15 msecs (HTTP/1.1 200) 4 headers in 156 bytes (1 switches on core 0) [pid: 7|app: 0|req: 951/1975] 10.0.0.212 () {28 vars in 619 bytes} [Sun May 10 02:06:45 2026] GET /v2.0/network-ip-availabilities => generated 2615 bytes in 14 msecs (HTTP/1.1 200) 4 headers in 158 bytes (1 switches on core 0)
2026-05-10 02:06:45.582 7 WARNING tagging [None req-5a34f67c-23e5-4b84-83ef-9ecc48830d3b d34ded7727824433845452413f65525f 45845a74e1a54f7bac3f036f918ce7d9 - - default default] project_id key not found in request, using tenant_id instead. This support has been deprecated and will be removed in a future release. [pid: 7|app: 0|req: 952/1976] 10.0.0.175 () {34 vars in 796 bytes} [Sun May 10 02:06:45 2026] PUT /v2.0/security-groups/b064c87e-1c38-4617-8aef-7f04539762ea/tags/black.or.white => generated 4 bytes in 53 msecs (HTTP/1.1 201) 4 headers in 160 bytes (1 switches on core 0)
2026-05-10 02:06:45.627 7 INFO neutron.api.v2.resource [None req-26aee7b4-5f7f-4234-b524-928669c4b5ae 25c7dad3f3d745c3bb51525fdd8c59fb f8959f4ab7c24bc88c97e43daf41007c - - default default] delete failed (client error): The resource could not be found. [pid: 7|app: 0|req: 953/1977] 10.0.0.175 () {32 vars in 724 bytes} [Sun May 10 02:06:45 2026] DELETE /v2.0/routers/f5651503-a617-43c5-aad1-aa79f4f74db9 => generated 135 bytes in 16 msecs (HTTP/1.1 404) 4 headers in 164 bytes (1 switches on core 0) [pid: 7|app: 0|req: 954/1978] 10.0.0.212 () {28 vars in 581 bytes} [Sun May 10 02:06:45 2026] GET /v2.0/agents => generated 1214 bytes in 12 msecs (HTTP/1.1 200) 4 headers in 158 bytes (1 switches on core 0)
2026-05-10 02:06:45.660 7 WARNING tagging [None req-6393f77f-cc2e-404b-86a8-174e34ef176f d34ded7727824433845452413f65525f 45845a74e1a54f7bac3f036f918ce7d9 - - default default] project_id key not found in request, using tenant_id instead. This support has been deprecated and will be removed in a future release. [pid: 7|app: 0|req: 955/1979] 10.0.0.175 () {32 vars in 747 bytes} [Sun May 10 02:06:45 2026] GET /v2.0/security-groups/b064c87e-1c38-4617-8aef-7f04539762ea/tags => generated 52 bytes in 26 msecs (HTTP/1.1 200) 4 headers in 156 bytes (1 switches on core 0) [pid: 7|app: 0|req: 956/1980] 10.0.0.175 () {32 vars in 736 bytes} [Sun May 10 02:06:45 2026] GET /v2.0/ports?device_id=cfa373d2-eae3-40a8-bad3-aa7bbe05d79f => generated 12 bytes in 13 msecs (HTTP/1.1 200) 4 headers in 156 bytes (1 switches on core 0)
2026-05-10 02:06:45.704 7 WARNING tagging [None req-7d9d32a6-298e-4cfc-af39-678537c39314 d34ded7727824433845452413f65525f 45845a74e1a54f7bac3f036f918ce7d9 - - default default] project_id key not found in request, using tenant_id instead. This support has been deprecated and will be removed in a future release. [pid: 7|app: 0|req: 957/1981] 10.0.0.175 () {34 vars in 767 bytes} [Sun May 10 02:06:45 2026] PUT /v2.0/security-groups/b064c87e-1c38-4617-8aef-7f04539762ea/tags => generated 37 bytes in 43 msecs (HTTP/1.1 200) 4 headers in 156 bytes (1 switches on core 0)
2026-05-10 02:06:45.741 7 INFO neutron.api.v2.resource [None req-aea1e02f-60be-4c1a-a866-9819d96cd48e 25c7dad3f3d745c3bb51525fdd8c59fb f8959f4ab7c24bc88c97e43daf41007c - - default default] delete failed (client error): The resource could not be found. [pid: 7|app: 0|req: 958/1982] 10.0.0.175 () {32 vars in 724 bytes} [Sun May 10 02:06:45 2026] DELETE /v2.0/routers/cfa373d2-eae3-40a8-bad3-aa7bbe05d79f => generated 135 bytes in 16 msecs (HTTP/1.1 404) 4 headers in 164 bytes (1 switches on core 0)
2026-05-10 02:06:45.761 7 WARNING tagging [None req-631a91a2-a3bc-4227-be66-05db4d5a3083 d34ded7727824433845452413f65525f 45845a74e1a54f7bac3f036f918ce7d9 - - default default] project_id key not found in request, using tenant_id instead. This support has been deprecated and will be removed in a future release. [pid: 7|app: 0|req: 959/1983] 10.0.0.175 () {32 vars in 747 bytes} [Sun May 10 02:06:45 2026] GET /v2.0/security-groups/b064c87e-1c38-4617-8aef-7f04539762ea/tags => generated 37 bytes in 29 msecs (HTTP/1.1 200) 4 headers in 156 bytes (1 switches on core 0)
2026-05-10 02:06:45.783 7 INFO neutron.pecan_wsgi.hooks.translation [None req-10b05912-6395-498b-94d2-3d48ee7a9032 25c7dad3f3d745c3bb51525fdd8c59fb f8959f4ab7c24bc88c97e43daf41007c - - default default] DELETE failed (client error): The resource could not be found. [pid: 7|app: 0|req: 960/1984] 10.0.0.175 () {32 vars in 724 bytes} [Sun May 10 02:06:45 2026] DELETE /v2.0/subnets/12c6d6d4-4a9e-49ba-8b56-2dc56b9d741e => generated 136 bytes in 12 msecs (HTTP/1.1 404) 4 headers in 164 bytes (1 switches on core 0)
2026-05-10 02:06:45.801 7 WARNING tagging [None req-8995dbcf-96cc-47b6-9dae-cc287581f8f3 d34ded7727824433845452413f65525f 45845a74e1a54f7bac3f036f918ce7d9 - - default default] project_id key not found in request, using tenant_id instead. This support has been deprecated and will be removed in a future release. [pid: 7|app: 0|req: 961/1985] 10.0.0.175 () {32 vars in 755 bytes} [Sun May 10 02:06:45 2026] GET /v2.0/security-groups/b064c87e-1c38-4617-8aef-7f04539762ea/tags/red => generated 0 bytes in 27 msecs (HTTP/1.1 204) 2 headers in 112 bytes (1 switches on core 0) [pid: 7|app: 0|req: 962/1986] 10.0.0.175 () {32 vars in 736 bytes} [Sun May 10 02:06:45 2026] GET /v2.0/ports?device_id=bc59d8fa-41d4-4c51-b109-f46a8069ca2c => generated 12 bytes in 14 msecs (HTTP/1.1 200) 4 headers in 156 bytes (1 switches on core 0)
2026-05-10 02:06:45.852 7 WARNING tagging [None req-44f2b026-0faf-451d-a984-76ed45f584cb d34ded7727824433845452413f65525f 45845a74e1a54f7bac3f036f918ce7d9 - - default default] project_id key not found in request, using tenant_id instead. This support has been deprecated and will be removed in a future release.
2026-05-10 02:06:45.860 7 INFO neutron.api.v2.resource [None req-44f2b026-0faf-451d-a984-76ed45f584cb d34ded7727824433845452413f65525f 45845a74e1a54f7bac3f036f918ce7d9 - - default default] show failed (client error): The resource could not be found. [pid: 7|app: 0|req: 963/1987] 10.0.0.175 () {32 vars in 759 bytes} [Sun May 10 02:06:45 2026] GET /v2.0/security-groups/b064c87e-1c38-4617-8aef-7f04539762ea/tags/green => generated 99 bytes in 34 msecs (HTTP/1.1 404) 4 headers in 163 bytes (1 switches on core 0)
2026-05-10 02:06:45.881 7 INFO neutron.api.v2.resource [None req-eb6bdbf6-552d-4c59-8e97-3e956005a09a 25c7dad3f3d745c3bb51525fdd8c59fb f8959f4ab7c24bc88c97e43daf41007c - - default default] delete failed (client error): The resource could not be found. [pid: 7|app: 0|req: 964/1988] 10.0.0.175 () {32 vars in 724 bytes} [Sun May 10 02:06:45 2026] DELETE /v2.0/routers/bc59d8fa-41d4-4c51-b109-f46a8069ca2c => generated 135 bytes in 20 msecs (HTTP/1.1 404) 4 headers in 164 bytes (1 switches on core 0)
2026-05-10 02:06:45.899 7 WARNING tagging [None req-9a59dc00-7996-433f-b3f1-3eefa7d89bff d34ded7727824433845452413f65525f 45845a74e1a54f7bac3f036f918ce7d9 - - default default] project_id key not found in request, using tenant_id instead. This support has been deprecated and will be removed in a future release. [pid: 7|app: 0|req: 965/1989] 10.0.0.175 () {32 vars in 758 bytes} [Sun May 10 02:06:45 2026] DELETE /v2.0/security-groups/b064c87e-1c38-4617-8aef-7f04539762ea/tags/red => generated 0 bytes in 48 msecs (HTTP/1.1 204) 2 headers in 112 bytes (1 switches on core 0)
2026-05-10 02:06:45.942 7 INFO neutron.pecan_wsgi.hooks.translation [None req-2dd23332-9a5b-4ed6-ac8b-00300e751164 25c7dad3f3d745c3bb51525fdd8c59fb f8959f4ab7c24bc88c97e43daf41007c - - default default] DELETE failed (client error): The resource could not be found. [pid: 7|app: 0|req: 966/1990] 10.0.0.175 () {32 vars in 724 bytes} [Sun May 10 02:06:45 2026] DELETE /v2.0/subnets/62c48d2b-2f43-4d64-93a0-6e6056869b3f => generated 136 bytes in 15 msecs (HTTP/1.1 404) 4 headers in 164 bytes (1 switches on core 0)
2026-05-10 02:06:45.965 7 WARNING tagging [None req-84c9d299-989a-40ef-a4d4-cf32949626f2 d34ded7727824433845452413f65525f 45845a74e1a54f7bac3f036f918ce7d9 - - default default] project_id key not found in request, using tenant_id instead. This support has been deprecated and will be removed in a future release. [pid: 7|app: 0|req: 967/1991] 10.0.0.175 () {32 vars in 747 bytes} [Sun May 10 02:06:45 2026] GET /v2.0/security-groups/b064c87e-1c38-4617-8aef-7f04539762ea/tags => generated 30 bytes in 30 msecs (HTTP/1.1 200) 4 headers in 156 bytes (1 switches on core 0) [pid: 7|app: 0|req: 968/1992] 10.0.0.175 () {32 vars in 736 bytes} [Sun May 10 02:06:45 2026] GET /v2.0/ports?device_id=93a87c60-ebb8-4ad3-a5b0-759cc1265a51 => generated 12 bytes in 23 msecs (HTTP/1.1 200) 4 headers in 156 bytes (1 switches on core 0)
2026-05-10 02:06:46.019 7 WARNING tagging [None req-54e78cb2-cdd9-4803-ac4a-f849b7dd1532 d34ded7727824433845452413f65525f 45845a74e1a54f7bac3f036f918ce7d9 - - default default] project_id key not found in request, using tenant_id instead. This support has been deprecated and will be removed in a future release.
2026-05-10 02:06:46.033 7 INFO neutron.api.v2.resource [None req-54e78cb2-cdd9-4803-ac4a-f849b7dd1532 d34ded7727824433845452413f65525f 45845a74e1a54f7bac3f036f918ce7d9 - - default default] delete failed (client error): The resource could not be found. [pid: 7|app: 0|req: 969/1993] 10.0.0.175 () {32 vars in 762 bytes} [Sun May 10 02:06:45 2026] DELETE /v2.0/security-groups/b064c87e-1c38-4617-8aef-7f04539762ea/tags/green => generated 99 bytes in 34 msecs (HTTP/1.1 404) 4 headers in 163 bytes (1 switches on core 0)
2026-05-10 02:06:46.049 7 INFO neutron.api.v2.resource [None req-8fc980d7-c38a-4e26-891d-6c8c1a8ec63a 25c7dad3f3d745c3bb51525fdd8c59fb f8959f4ab7c24bc88c97e43daf41007c - - default default] delete failed (client error): The resource could not be found. [pid: 7|app: 0|req: 970/1994] 10.0.0.175 () {32 vars in 724 bytes} [Sun May 10 02:06:46 2026] DELETE /v2.0/routers/93a87c60-ebb8-4ad3-a5b0-759cc1265a51 => generated 135 bytes in 15 msecs (HTTP/1.1 404) 4 headers in 164 bytes (1 switches on core 0)
2026-05-10 02:06:46.065 7 WARNING tagging [None req-6cf93516-b3e7-4496-bfff-43b4d5afe85d d34ded7727824433845452413f65525f 45845a74e1a54f7bac3f036f918ce7d9 - - default default] project_id key not found in request, using tenant_id instead. This support has been deprecated and will be removed in a future release. [pid: 7|app: 0|req: 971/1995] 10.0.0.175 () {32 vars in 750 bytes} [Sun May 10 02:06:46 2026] DELETE /v2.0/security-groups/b064c87e-1c38-4617-8aef-7f04539762ea/tags => generated 0 bytes in 40 msecs (HTTP/1.1 204) 2 headers in 112 bytes (1 switches on core 0)
