Jul 31 05:46:28.777059 np0000187753 devstack@neutron-api.service[101455]: WARNING neutron.quota.resource_registry [None req-70601724-a82b-4fe0-a57b-54d12cc8e386 None None] subnetpool is already registered
Jul 31 05:46:28.779467 np0000187753 devstack@neutron-api.service[101455]: INFO neutron.quota.resource_registry [None req-70601724-a82b-4fe0-a57b-54d12cc8e386 None None] Creating instance of CountableResource for resource:router_route
Jul 31 05:46:28.779569 np0000187753 devstack@neutron-api.service[101455]: WARNING neutron.quota.resource_registry [None req-70601724-a82b-4fe0-a57b-54d12cc8e386 None None] router_route is already registered
Jul 31 05:46:28.779712 np0000187753 devstack@neutron-api.service[101455]: DEBUG neutron.api.v2.resource_helper [None req-70601724-a82b-4fe0-a57b-54d12cc8e386 None None] Service L3_ROUTER_NAT assigned prefix: {{(pid=101455) build_resource_info /opt/stack/neutron/neutron/api/v2/resource_helper.py:77}}
Jul 31 05:46:28.780107 np0000187753 devstack@neutron-api.service[101455]: DEBUG neutron.api.v2.resource_helper [None req-70601724-a82b-4fe0-a57b-54d12cc8e386 None None] Service FLAVORS assigned prefix: {{(pid=101455) build_resource_info /opt/stack/neutron/neutron/api/v2/resource_helper.py:77}}
Jul 31 05:46:28.781004 np0000187753 devstack@neutron-api.service[101455]: DEBUG neutron.api.v2.resource_helper [None req-70601724-a82b-4fe0-a57b-54d12cc8e386 None None] Service L3_ROUTER_NAT assigned prefix: {{(pid=101455) build_resource_info /opt/stack/neutron/neutron/api/v2/resource_helper.py:77}}
Jul 31 05:46:28.781408 np0000187753 devstack@neutron-api.service[101455]: DEBUG neutron.api.v2.resource_helper [None req-70601724-a82b-4fe0-a57b-54d12cc8e386 None None] Service L3_ROUTER_NAT assigned prefix: {{(pid=101455) build_resource_info /opt/stack/neutron/neutron/api/v2/resource_helper.py:77}}
Jul 31 05:46:28.781554 np0000187753 devstack@neutron-api.service[101455]: INFO neutron.quota.resource_registry [None req-70601724-a82b-4fe0-a57b-54d12cc8e386 None None] Creating instance of TrackedResource for resource:router
Jul 31 05:46:28.781651 np0000187753 devstack@neutron-api.service[101455]: WARNING neutron.quota.resource_registry [None req-70601724-a82b-4fe0-a57b-54d12cc8e386 None None] router is already registered
Jul 31 05:46:28.782043 np0000187753 devstack@neutron-api.service[101455]: INFO neutron.quota.resource_registry [None req-70601724-a82b-4fe0-a57b-54d12cc8e386 None None] Creating instance of TrackedResource for resource:floatingip
Jul 31 05:46:28.782176 np0000187753 devstack@neutron-api.service[101455]: WARNING neutron.quota.resource_registry [None req-70601724-a82b-4fe0-a57b-54d12cc8e386 None None] floatingip is already registered
Jul 31 05:46:28.784920 np0000187753 devstack@neutron-api.service[101455]: INFO neutron.quota.resource_registry [None req-70601724-a82b-4fe0-a57b-54d12cc8e386 None None] Creating instance of CountableResource for resource:rbac_policy
Jul 31 05:46:28.784920 np0000187753 devstack@neutron-api.service[101455]: WARNING neutron.quota.resource_registry [None req-70601724-a82b-4fe0-a57b-54d12cc8e386 None None] rbac_policy is already registered
Jul 31 05:46:28.784920 np0000187753 devstack@neutron-api.service[101455]: INFO neutron.quota.resource_registry [None req-70601724-a82b-4fe0-a57b-54d12cc8e386 None None] Creating instance of TrackedResource for resource:security_group
Jul 31 05:46:28.784920 np0000187753 devstack@neutron-api.service[101455]: WARNING neutron.quota.resource_registry [None req-70601724-a82b-4fe0-a57b-54d12cc8e386 None None] security_group is already registered
Jul 31 05:46:28.785107 np0000187753 devstack@neutron-api.service[101457]: INFO ovsdbapp.backend.ovs_idl.vlog [None req-ee509191-3511-44d9-be63-b36d957df2bb None None] ssl:199.204.45.138:6641: connected
Jul 31 05:46:28.785188 np0000187753 devstack@neutron-api.service[101455]: INFO neutron.quota.resource_registry [None req-70601724-a82b-4fe0-a57b-54d12cc8e386 None None] Creating instance of TrackedResource for resource:security_group_rule
Jul 31 05:46:28.785188 np0000187753 devstack@neutron-api.service[101455]: WARNING neutron.quota.resource_registry [None req-70601724-a82b-4fe0-a57b-54d12cc8e386 None None] security_group_rule is already registered
Jul 31 05:46:28.785355 np0000187753 devstack@neutron-api.service[101455]: DEBUG neutron.api.v2.resource_helper [None req-70601724-a82b-4fe0-a57b-54d12cc8e386 None None] Service CORE assigned prefix: {{(pid=101455) build_resource_info /opt/stack/neutron/neutron/api/v2/resource_helper.py:77}}
Jul 31 05:46:28.785488 np0000187753 devstack@neutron-api.service[101455]: INFO neutron.quota.resource_registry [None req-70601724-a82b-4fe0-a57b-54d12cc8e386 None None] Creating instance of TrackedResource for resource:subnetpool
Jul 31 05:46:28.785585 np0000187753 devstack@neutron-api.service[101455]: WARNING neutron.quota.resource_registry [None req-70601724-a82b-4fe0-a57b-54d12cc8e386 None None] subnetpool is already registered
Jul 31 05:46:28.785961 np0000187753 devstack@neutron-api.service[101455]: DEBUG neutron.api.v2.resource_helper [None req-70601724-a82b-4fe0-a57b-54d12cc8e386 None None] Service CORE assigned prefix: {{(pid=101455) build_resource_info /opt/stack/neutron/neutron/api/v2/resource_helper.py:77}}
Jul 31 05:46:28.786076 np0000187753 devstack@neutron-api.service[101455]: INFO neutron.quota.resource_registry [None req-70601724-a82b-4fe0-a57b-54d12cc8e386 None None] Creating instance of TrackedResource for resource:subnetpool
Jul 31 05:46:28.786172 np0000187753 devstack@neutron-api.service[101455]: WARNING neutron.quota.resource_registry [None req-70601724-a82b-4fe0-a57b-54d12cc8e386 None None] subnetpool is already registered
Jul 31 05:46:28.786580 np0000187753 devstack@neutron-api.service[101455]: DEBUG neutron.api.extensions [None req-70601724-a82b-4fe0-a57b-54d12cc8e386 None None] Extended resource: extensions {{(pid=101455) __init__ /opt/stack/neutron/neutron/api/extensions.py:156}}
Jul 31 05:46:28.787365 np0000187753 devstack@neutron-api.service[101455]: DEBUG neutron.api.extensions [None req-70601724-a82b-4fe0-a57b-54d12cc8e386 None None] Extended resource: address-groups {{(pid=101455) __init__ /opt/stack/neutron/neutron/api/extensions.py:156}}
Jul 31 05:46:28.788120 np0000187753 devstack@neutron-api.service[101455]: DEBUG neutron.api.extensions [None req-70601724-a82b-4fe0-a57b-54d12cc8e386 None None] Extended resource: address-scopes {{(pid=101455) __init__ /opt/stack/neutron/neutron/api/extensions.py:156}}
Jul 31 05:46:28.788671 np0000187753 devstack@neutron-api.service[101455]: DEBUG neutron.api.extensions [None req-70601724-a82b-4fe0-a57b-54d12cc8e386 None None] Extended resource: agents {{(pid=101455) __init__ /opt/stack/neutron/neutron/api/extensions.py:156}}
Jul 31 05:46:28.789141 np0000187753 devstack@neutron-api.service[101455]: DEBUG neutron.api.extensions [None req-70601724-a82b-4fe0-a57b-54d12cc8e386 None None] Extended resource: auto-allocated-topology {{(pid=101455) __init__ /opt/stack/neutron/neutron/api/extensions.py:156}}
Jul 31 05:46:28.789779 np0000187753 devstack@neutron-api.service[101455]: DEBUG neutron.api.extensions [None req-70601724-a82b-4fe0-a57b-54d12cc8e386 None None] Extended resource: availability_zones {{(pid=101455) __init__ /opt/stack/neutron/neutron/api/extensions.py:156}}
Jul 31 05:46:28.790304 np0000187753 devstack@neutron-api.service[101455]: DEBUG neutron.api.extensions [None req-70601724-a82b-4fe0-a57b-54d12cc8e386 None None] Extended resource: dhcp-networks {{(pid=101455) __init__ /opt/stack/neutron/neutron/api/extensions.py:156}}
Jul 31 05:46:28.790937 np0000187753 devstack@neutron-api.service[101455]: DEBUG neutron.api.extensions [None req-70601724-a82b-4fe0-a57b-54d12cc8e386 None None] Extended resource: dhcp-agents {{(pid=101455) __init__ /opt/stack/neutron/neutron/api/extensions.py:156}}
Jul 31 05:46:28.791618 np0000187753 devstack@neutron-api.service[101455]: DEBUG neutron.api.extensions [None req-70601724-a82b-4fe0-a57b-54d12cc8e386 None None] Extended resource: routers {{(pid=101455) __init__ /opt/stack/neutron/neutron/api/extensions.py:156}}
Jul 31 05:46:28.792643 np0000187753 devstack@neutron-api.service[101455]: DEBUG neutron.api.extensions [None req-70601724-a82b-4fe0-a57b-54d12cc8e386 None None] Extended resource: flavors {{(pid=101455) __init__ /opt/stack/neutron/neutron/api/extensions.py:156}}
Jul 31 05:46:28.793087 np0000187753 devstack@neutron-api.service[101455]: DEBUG neutron.api.extensions [None req-70601724-a82b-4fe0-a57b-54d12cc8e386 None None] Extended resource: service_profiles {{(pid=101455) __init__ /opt/stack/neutron/neutron/api/extensions.py:156}}
Jul 31 05:46:28.793681 np0000187753 devstack@neutron-api.service[101455]: DEBUG neutron.api.extensions [None req-70601724-a82b-4fe0-a57b-54d12cc8e386 None None] Extended resource: next_providers {{(pid=101455) __init__ /opt/stack/neutron/neutron/api/extensions.py:156}}
Jul 31 05:46:28.794323 np0000187753 devstack@neutron-api.service[101455]: DEBUG neutron.api.extensions [None req-70601724-a82b-4fe0-a57b-54d12cc8e386 None None] Extended resource: service_profiles {{(pid=101455) __init__ /opt/stack/neutron/neutron/api/extensions.py:156}}
Jul 31 05:46:28.794982 np0000187753 devstack@neutron-api.service[101455]: DEBUG neutron.api.extensions [None req-70601724-a82b-4fe0-a57b-54d12cc8e386 None None] Extended resource: floatingip-pools {{(pid=101455) __init__ /opt/stack/neutron/neutron/api/extensions.py:156}}
Jul 31 05:46:28.795587 np0000187753 devstack@neutron-api.service[101455]: DEBUG neutron.api.extensions [None req-70601724-a82b-4fe0-a57b-54d12cc8e386 None None] Extended resource: routers {{(pid=101455) __init__ /opt/stack/neutron/neutron/api/extensions.py:156}}
Jul 31 05:46:28.796543 np0000187753 devstack@neutron-api.service[101455]: DEBUG neutron.api.extensions [None req-70601724-a82b-4fe0-a57b-54d12cc8e386 None None] Extended resource: floatingips {{(pid=101455) __init__ /opt/stack/neutron/neutron/api/extensions.py:156}}
Jul 31 05:46:28.797082 np0000187753 devstack@neutron-api.service[101455]: DEBUG neutron.api.extensions [None req-70601724-a82b-4fe0-a57b-54d12cc8e386 None None] Extended resource: l3-routers {{(pid=101455) __init__ /opt/stack/neutron/neutron/api/extensions.py:156}}
Jul 31 05:46:28.797732 np0000187753 devstack@neutron-api.service[101455]: DEBUG neutron.api.extensions [None req-70601724-a82b-4fe0-a57b-54d12cc8e386 None None] Extended resource: l3-agents {{(pid=101455) __init__ /opt/stack/neutron/neutron/api/extensions.py:156}}
Jul 31 05:46:28.798358 np0000187753 devstack@neutron-api.service[101455]: DEBUG neutron.api.extensions [None req-70601724-a82b-4fe0-a57b-54d12cc8e386 None None] Extended resource: network-ip-availabilities {{(pid=101455) __init__ /opt/stack/neutron/neutron/api/extensions.py:156}}
Jul 31 05:46:28.798933 np0000187753 devstack@neutron-api.service[101455]: DEBUG neutron.api.extensions [None req-70601724-a82b-4fe0-a57b-54d12cc8e386 None None] Extended resource: network-ip-availabilities {{(pid=101455) __init__ /opt/stack/neutron/neutron/api/extensions.py:156}}
Jul 31 05:46:28.799536 np0000187753 devstack@neutron-api.service[101455]: DEBUG neutron.api.extensions [None req-70601724-a82b-4fe0-a57b-54d12cc8e386 None None] Extended resource: bindings {{(pid=101455) __init__ /opt/stack/neutron/neutron/api/extensions.py:156}}
Jul 31 05:46:28.800277 np0000187753 devstack@neutron-api.service[101455]: DEBUG neutron.api.extensions [None req-70601724-a82b-4fe0-a57b-54d12cc8e386 None None] Extended resource: quotas {{(pid=101455) __init__ /opt/stack/neutron/neutron/api/extensions.py:156}}
Jul 31 05:46:28.800979 np0000187753 devstack@neutron-api.service[101455]: DEBUG neutron.api.extensions [None req-70601724-a82b-4fe0-a57b-54d12cc8e386 None None] Extended resource: quotas {{(pid=101455) __init__ /opt/stack/neutron/neutron/api/extensions.py:156}}
Jul 31 05:46:28.801754 np0000187753 devstack@neutron-api.service[101455]: DEBUG neutron.api.extensions [None req-70601724-a82b-4fe0-a57b-54d12cc8e386 None None] Extended resource: rbac-policies {{(pid=101455) __init__ /opt/stack/neutron/neutron/api/extensions.py:156}}
Jul 31 05:46:28.802199 np0000187753 devstack@neutron-api.service[101455]: DEBUG neutron.api.extensions [None req-70601724-a82b-4fe0-a57b-54d12cc8e386 None None] Extended resource: default-security-group-rules {{(pid=101455) __init__ /opt/stack/neutron/neutron/api/extensions.py:156}}
Jul 31 05:46:28.802776 np0000187753 devstack@neutron-api.service[101455]: DEBUG neutron.api.extensions [None req-70601724-a82b-4fe0-a57b-54d12cc8e386 None None] Extended resource: security-groups-default-statefulness {{(pid=101455) __init__ /opt/stack/neutron/neutron/api/extensions.py:156}}
Jul 31 05:46:28.803386 np0000187753 devstack@neutron-api.service[101455]: DEBUG neutron.api.extensions [None req-70601724-a82b-4fe0-a57b-54d12cc8e386 None None] Extended resource: security-groups {{(pid=101455) __init__ /opt/stack/neutron/neutron/api/extensions.py:156}}
Jul 31 05:46:28.804834 np0000187753 devstack@neutron-api.service[101455]: DEBUG neutron.api.extensions [None req-70601724-a82b-4fe0-a57b-54d12cc8e386 None None] Extended resource: security-group-rules {{(pid=101455) __init__ /opt/stack/neutron/neutron/api/extensions.py:156}}
Jul 31 05:46:28.805463 np0000187753 devstack@neutron-api.service[101455]: DEBUG neutron.api.extensions [None req-70601724-a82b-4fe0-a57b-54d12cc8e386 None None] Extended resource: service-providers {{(pid=101455) __init__ /opt/stack/neutron/neutron/api/extensions.py:156}}
Jul 31 05:46:28.806020 np0000187753 devstack@neutron-api.service[101455]: DEBUG neutron.api.extensions [None req-70601724-a82b-4fe0-a57b-54d12cc8e386 None None] Extended resource: subnetpools {{(pid=101455) __init__ /opt/stack/neutron/neutron/api/extensions.py:156}}
Jul 31 05:46:28.806921 np0000187753 devstack@neutron-api.service[101455]: DEBUG neutron.api.extensions [None req-70601724-a82b-4fe0-a57b-54d12cc8e386 None None] Extended resource: subnetpools {{(pid=101455) __init__ /opt/stack/neutron/neutron/api/extensions.py:156}}
Jul 31 05:46:28.807542 np0000187753 devstack@neutron-api.service[101455]: DEBUG neutron.api.extensions [None req-70601724-a82b-4fe0-a57b-54d12cc8e386 None None] Extended resource: tags {{(pid=101455) __init__ /opt/stack/neutron/neutron/api/extensions.py:156}}
Jul 31 05:46:28.808596 np0000187753 devstack@neutron-api.service[101455]: DEBUG neutron.api.extensions [None req-70601724-a82b-4fe0-a57b-54d12cc8e386 None None] Extended resource: tags {{(pid=101455) __init__ /opt/stack/neutron/neutron/api/extensions.py:156}}
Jul 31 05:46:28.809334 np0000187753 devstack@neutron-api.service[101455]: DEBUG neutron.api.extensions [None req-70601724-a82b-4fe0-a57b-54d12cc8e386 None None] Extended resource: tags {{(pid=101455) __init__ /opt/stack/neutron/neutron/api/extensions.py:156}}
Jul 31 05:46:28.810218 np0000187753 devstack@neutron-api.service[101455]: DEBUG neutron.api.extensions [None req-70601724-a82b-4fe0-a57b-54d12cc8e386 None None] Extended resource: tags {{(pid=101455) __init__ /opt/stack/neutron/neutron/api/extensions.py:156}}
Jul 31 05:46:28.810994 np0000187753 devstack@neutron-api.service[101455]: DEBUG neutron.api.extensions [None req-70601724-a82b-4fe0-a57b-54d12cc8e386 None None] Extended resource: tags {{(pid=101455) __init__ /opt/stack/neutron/neutron/api/extensions.py:156}}
Jul 31 05:46:28.811832 np0000187753 devstack@neutron-api.service[101455]: DEBUG neutron.api.extensions [None req-70601724-a82b-4fe0-a57b-54d12cc8e386 None None] Extended resource: tags {{(pid=101455) __init__ /opt/stack/neutron/neutron/api/extensions.py:156}}
Jul 31 05:46:28.812603 np0000187753 devstack@neutron-api.service[101455]: DEBUG neutron.api.extensions [None req-70601724-a82b-4fe0-a57b-54d12cc8e386 None None] Extended resource: tags {{(pid=101455) __init__ /opt/stack/neutron/neutron/api/extensions.py:156}}
Jul 31 05:46:28.813515 np0000187753 devstack@neutron-api.service[101455]: DEBUG neutron.api.extensions [None req-70601724-a82b-4fe0-a57b-54d12cc8e386 None None] Extended resource: tags {{(pid=101455) __init__ /opt/stack/neutron/neutron/api/extensions.py:156}}
Jul 31 05:46:28.814298 np0000187753 devstack@neutron-api.service[101455]: DEBUG neutron.api.extensions [None req-70601724-a82b-4fe0-a57b-54d12cc8e386 None None] Extended resource: tags {{(pid=101455) __init__ /opt/stack/neutron/neutron/api/extensions.py:156}}
Jul 31 05:46:28.815008 np0000187753 devstack@neutron-api.service[101455]: DEBUG neutron.api.extensions [None req-70601724-a82b-4fe0-a57b-54d12cc8e386 None None] Extended resource: tags {{(pid=101455) __init__ /opt/stack/neutron/neutron/api/extensions.py:156}}
Jul 31 05:46:28.827194 np0000187753 devstack@neutron-api.service[101455]: DEBUG neutron_lib.callbacks.manager [None req-70601724-a82b-4fe0-a57b-54d12cc8e386 None None] Publish callbacks ['neutron.plugins.ml2.drivers.ovn.mech_driver.mech_driver.OVNMechanismDriver.pre_fork_initialize-254933'] for process (None), before_spawn {{(pid=101455) _notify_loop /opt/stack/data/venv/lib/python3.12/site-packages/neutron_lib/callbacks/manager.py:184}}
Jul 31 05:46:28.827666 np0000187753 devstack@neutron-api.service[101455]: DEBUG oslo_concurrency.processutils [None req-70601724-a82b-4fe0-a57b-54d12cc8e386 None None] Running cmd (subprocess): ovsdb-client transact ssl:199.204.45.138:6641 --timeout 180 -p /opt/stack/data/CA/int-ca/private/devstack-cert.key -c /opt/stack/data/CA/int-ca/devstack-cert.crt -C /opt/stack/data/CA/int-ca/ca-chain.pem ["OVN_Northbound", {"op": "wait", "timeout": 0, "table": "Port_Group", "where": [["name", "==", "neutron_pg_drop"]], "until": "==", "rows": []}, {"op": "insert", "table": "ACL", "row": {"action": "drop", "direction": "to-lport", "match": "outport == @neutron_pg_drop && ip", "priority": 1001}, "uuid-name": "droptoport"}, {"op": "insert", "table": "ACL", "row": {"action": "drop", "direction": "from-lport", "match": "inport == @neutron_pg_drop && ip", "priority": 1001}, "uuid-name": "dropfromport"}, {"op": "insert", "table": "Port_Group", "row": {"name": "neutron_pg_drop", "acls": ["set", [["named-uuid", "droptoport"], ["named-uuid", "dropfromport"]]]}}] {{(pid=101455) execute /opt/stack/data/venv/lib/python3.12/site-packages/oslo_concurrency/processutils.py:440}}
Jul 31 05:46:28.834937 np0000187753 devstack@neutron-api.service[101456]: DEBUG neutron.common.ovn.hash_ring_manager [None req-3707c71b-3494-45d2-b881-1595d31bc050 None None] Disallow caching, nodes 3<4 {{(pid=101456) _wait_startup_before_caching /opt/stack/neutron/neutron/common/ovn/hash_ring_manager.py:79}}
Jul 31 05:46:28.844906 np0000187753 devstack@neutron-api.service[101456]: DEBUG neutron.common.ovn.hash_ring_manager [None req-3707c71b-3494-45d2-b881-1595d31bc050 None None] Hash Ring loaded. 3 active nodes. 0 offline nodes {{(pid=101456) _load_hash_ring /opt/stack/neutron/neutron/common/ovn/hash_ring_manager.py:110}}
Jul 31 05:46:28.852308 np0000187753 devstack@neutron-api.service[101457]: DEBUG neutron.common.ovn.hash_ring_manager [None req-ee509191-3511-44d9-be63-b36d957df2bb None None] Disallow caching, nodes 3<4 {{(pid=101457) _wait_startup_before_caching /opt/stack/neutron/neutron/common/ovn/hash_ring_manager.py:79}}
Jul 31 05:46:28.860658 np0000187753 devstack@neutron-api.service[101456]: DEBUG neutron.common.ovn.hash_ring_manager [None req-3707c71b-3494-45d2-b881-1595d31bc050 None None] Hash Ring loaded. 3 active nodes. 0 offline nodes {{(pid=101456) _load_hash_ring /opt/stack/neutron/neutron/common/ovn/hash_ring_manager.py:110}}
Jul 31 05:46:28.860658 np0000187753 devstack@neutron-api.service[101456]: DEBUG neutron.plugins.ml2.drivers.ovn.mech_driver.ovsdb.ovsdb_monitor [None req-3707c71b-3494-45d2-b881-1595d31bc050 None None] Hash Ring: Node 116765d41b965fdc84b4cf46d01789b9 (host: np0000187753) handling event "create" for row b5b40d88-b024-4d0e-9b2c-fd10397c5cf9 (table: ACL) {{(pid=101456) notify /opt/stack/neutron/neutron/plugins/ml2/drivers/ovn/mech_driver/ovsdb/ovsdb_monitor.py:1013}}
Jul 31 05:46:28.861958 np0000187753 devstack@neutron-api.service[101457]: DEBUG neutron.common.ovn.hash_ring_manager [None req-ee509191-3511-44d9-be63-b36d957df2bb None None] Hash Ring loaded. 3 active nodes. 0 offline nodes {{(pid=101457) _load_hash_ring /opt/stack/neutron/neutron/common/ovn/hash_ring_manager.py:110}}
Jul 31 05:46:28.867146 np0000187753 devstack@neutron-api.service[101456]: DEBUG neutron.common.ovn.hash_ring_manager [None req-3707c71b-3494-45d2-b881-1595d31bc050 None None] Hash Ring loaded. 3 active nodes. 0 offline nodes {{(pid=101456) _load_hash_ring /opt/stack/neutron/neutron/common/ovn/hash_ring_manager.py:110}}
Jul 31 05:46:28.874324 np0000187753 devstack@neutron-api.service[101457]: DEBUG neutron.common.ovn.hash_ring_manager [None req-ee509191-3511-44d9-be63-b36d957df2bb None None] Hash Ring loaded. 3 active nodes. 0 offline nodes {{(pid=101457) _load_hash_ring /opt/stack/neutron/neutron/common/ovn/hash_ring_manager.py:110}}
Jul 31 05:46:28.877303 np0000187753 devstack@neutron-api.service[101456]: DEBUG neutron.common.ovn.hash_ring_manager [None req-3707c71b-3494-45d2-b881-1595d31bc050 None None] Hash Ring loaded. 3 active nodes. 0 offline nodes {{(pid=101456) _load_hash_ring /opt/stack/neutron/neutron/common/ovn/hash_ring_manager.py:110}}
Jul 31 05:46:28.881888 np0000187753 devstack@neutron-api.service[101455]: DEBUG oslo_concurrency.processutils [None req-70601724-a82b-4fe0-a57b-54d12cc8e386 None None] CMD "ovsdb-client transact ssl:199.204.45.138:6641 --timeout 180 -p /opt/stack/data/CA/int-ca/private/devstack-cert.key -c /opt/stack/data/CA/int-ca/devstack-cert.crt -C /opt/stack/data/CA/int-ca/ca-chain.pem ["OVN_Northbound", {"op": "wait", "timeout": 0, "table": "Port_Group", "where": [["name", "==", "neutron_pg_drop"]], "until": "==", "rows": []}, {"op": "insert", "table": "ACL", "row": {"action": "drop", "direction": "to-lport", "match": "outport == @neutron_pg_drop && ip", "priority": 1001}, "uuid-name": "droptoport"}, {"op": "insert", "table": "ACL", "row": {"action": "drop", "direction": "from-lport", "match": "inport == @neutron_pg_drop && ip", "priority": 1001}, "uuid-name": "dropfromport"}, {"op": "insert", "table": "Port_Group", "row": {"name": "neutron_pg_drop", "acls": ["set", [["named-uuid", "droptoport"], ["named-uuid", "dropfromport"]]]}}]" returned: 0 in 0.054s {{(pid=101455) execute /opt/stack/data/venv/lib/python3.12/site-packages/oslo_concurrency/processutils.py:468}}
Jul 31 05:46:28.883488 np0000187753 devstack@neutron-api.service[101457]: DEBUG neutron.common.ovn.hash_ring_manager [None req-ee509191-3511-44d9-be63-b36d957df2bb None None] Hash Ring loaded. 3 active nodes. 0 offline nodes {{(pid=101457) _load_hash_ring /opt/stack/neutron/neutron/common/ovn/hash_ring_manager.py:110}}
Jul 31 05:46:28.883488 np0000187753 devstack@neutron-api.service[101457]: DEBUG neutron.plugins.ml2.drivers.ovn.mech_driver.ovsdb.ovsdb_monitor [None req-ee509191-3511-44d9-be63-b36d957df2bb None None] Hash Ring: Node 764d4a14e2f658f8ac4751a04a6030cd (host: np0000187753) handling event "create" for row c47300da-4919-49b6-98a7-09367ae9b9d8 (table: ACL) {{(pid=101457) notify /opt/stack/neutron/neutron/plugins/ml2/drivers/ovn/mech_driver/ovsdb/ovsdb_monitor.py:1013}}
Jul 31 05:46:28.888165 np0000187753 devstack@neutron-api.service[101455]: DEBUG neutron_lib.callbacks.manager [None req-70601724-a82b-4fe0-a57b-54d12cc8e386 None None] Publish callbacks ['neutron.plugins.ml2.drivers.ovn.mech_driver.mech_driver.OVNMechanismDriver.post_fork_initialize-254781', 'neutron.services.pvlan.drivers.ovn.driver._initialize_pvlan_pg_drop-8719834591032', 'neutron.services.ovn_l3.plugin.OVNL3RouterPlugin._post_fork_initialize-1756118'] for process (None), after_init {{(pid=101455) _notify_loop /opt/stack/data/venv/lib/python3.12/site-packages/neutron_lib/callbacks/manager.py:184}}
Jul 31 05:46:28.892619 np0000187753 devstack@neutron-api.service[101456]: DEBUG neutron.common.ovn.hash_ring_manager [None req-3707c71b-3494-45d2-b881-1595d31bc050 None None] Hash Ring loaded. 3 active nodes. 0 offline nodes {{(pid=101456) _load_hash_ring /opt/stack/neutron/neutron/common/ovn/hash_ring_manager.py:110}}
Jul 31 05:46:28.892619 np0000187753 devstack@neutron-api.service[101456]: DEBUG neutron.plugins.ml2.drivers.ovn.mech_driver.ovsdb.ovsdb_monitor [None req-3707c71b-3494-45d2-b881-1595d31bc050 None None] Hash Ring: Node 116765d41b965fdc84b4cf46d01789b9 (host: np0000187753) handling event "create" for row 00d7d2b4-fb84-4d74-bb7c-b0a87705f3a8 (table: Connection) {{(pid=101456) notify /opt/stack/neutron/neutron/plugins/ml2/drivers/ovn/mech_driver/ovsdb/ovsdb_monitor.py:1013}}
Jul 31 05:46:28.892733 np0000187753 devstack@neutron-api.service[101455]: DEBUG oslo_concurrency.lockutils [None req-70601724-a82b-4fe0-a57b-54d12cc8e386 None None] Acquiring lock "singleton_lock" {{(pid=101455) lock /opt/stack/data/venv/lib/python3.12/site-packages/oslo_concurrency/lockutils.py:396}}
Jul 31 05:46:28.892733 np0000187753 devstack@neutron-api.service[101455]: DEBUG oslo_concurrency.lockutils [None req-70601724-a82b-4fe0-a57b-54d12cc8e386 None None] Acquired lock "singleton_lock" {{(pid=101455) lock /opt/stack/data/venv/lib/python3.12/site-packages/oslo_concurrency/lockutils.py:399}}
Jul 31 05:46:28.892733 np0000187753 devstack@neutron-api.service[101455]: DEBUG oslo_concurrency.lockutils [None req-70601724-a82b-4fe0-a57b-54d12cc8e386 None None] Releasing lock "singleton_lock" {{(pid=101455) lock /opt/stack/data/venv/lib/python3.12/site-packages/oslo_concurrency/lockutils.py:419}}
Jul 31 05:46:28.897899 np0000187753 devstack@neutron-api.service[101457]: DEBUG neutron.common.ovn.hash_ring_manager [None req-ee509191-3511-44d9-be63-b36d957df2bb None None] Hash Ring loaded. 3 active nodes. 0 offline nodes {{(pid=101457) _load_hash_ring /opt/stack/neutron/neutron/common/ovn/hash_ring_manager.py:110}}
Jul 31 05:46:28.898037 np0000187753 devstack@neutron-api.service[101457]: DEBUG neutron.plugins.ml2.drivers.ovn.mech_driver.ovsdb.ovsdb_monitor [None req-ee509191-3511-44d9-be63-b36d957df2bb None None] Hash Ring: Node 764d4a14e2f658f8ac4751a04a6030cd (host: np0000187753) handling event "create" for row f5cbc4f4-f397-4ef5-8538-d79ad70e1238 (table: ACL) {{(pid=101457) notify /opt/stack/neutron/neutron/plugins/ml2/drivers/ovn/mech_driver/ovsdb/ovsdb_monitor.py:1013}}
Jul 31 05:46:28.898238 np0000187753 devstack@neutron-api.service[101456]: DEBUG neutron.common.ovn.hash_ring_manager [None req-3707c71b-3494-45d2-b881-1595d31bc050 None None] Hash Ring loaded. 3 active nodes. 0 offline nodes {{(pid=101456) _load_hash_ring /opt/stack/neutron/neutron/common/ovn/hash_ring_manager.py:110}}
Jul 31 05:46:28.898464 np0000187753 devstack@neutron-api.service[101456]: DEBUG neutron.plugins.ml2.drivers.ovn.mech_driver.ovsdb.ovsdb_monitor [None req-3707c71b-3494-45d2-b881-1595d31bc050 None None] Hash Ring: Node 116765d41b965fdc84b4cf46d01789b9 (host: np0000187753) handling event "create" for row 6122a6fe-84f3-4134-855c-d7baae13d51b (table: NB_Global) {{(pid=101456) notify /opt/stack/neutron/neutron/plugins/ml2/drivers/ovn/mech_driver/ovsdb/ovsdb_monitor.py:1013}}
Jul 31 05:46:28.899639 np0000187753 devstack@neutron-api.service[101455]: DEBUG neutron.plugins.ml2.drivers.ovn.mech_driver.mech_driver [None req-70601724-a82b-4fe0-a57b-54d12cc8e386 None None] Hash Ring setup using WSGI start time 2026-07-31 05:46:21+00:00 {{(pid=101455) _init_hash_ring /opt/stack/neutron/neutron/plugins/ml2/drivers/ovn/mech_driver/mech_driver.py:404}}
Jul 31 05:46:28.906150 np0000187753 devstack@neutron-api.service[101456]: DEBUG neutron.common.ovn.hash_ring_manager [None req-3707c71b-3494-45d2-b881-1595d31bc050 None None] Hash Ring loaded. 3 active nodes. 0 offline nodes {{(pid=101456) _load_hash_ring /opt/stack/neutron/neutron/common/ovn/hash_ring_manager.py:110}}
Jul 31 05:46:28.908147 np0000187753 devstack@neutron-api.service[101455]: INFO neutron.db.ovn_hash_ring_db [None req-70601724-a82b-4fe0-a57b-54d12cc8e386 None None] Nodes from host "np0000187753" and group "mechanism_driver" removed from the Hash Ring created at 2026-07-31 05:46:21+00:00
Jul 31 05:46:28.908244 np0000187753 devstack@neutron-api.service[101457]: DEBUG neutron.common.ovn.hash_ring_manager [None req-ee509191-3511-44d9-be63-b36d957df2bb None None] Hash Ring loaded. 3 active nodes. 0 offline nodes {{(pid=101457) _load_hash_ring /opt/stack/neutron/neutron/common/ovn/hash_ring_manager.py:110}}
Jul 31 05:46:28.911567 np0000187753 devstack@neutron-api.service[101455]: INFO neutron.db.ovn_hash_ring_db [None req-70601724-a82b-4fe0-a57b-54d12cc8e386 None None] Node cafe456ba5005ded9790fc1acd471201 from host "np0000187753" and group "mechanism_driver" added to the Hash Ring
Jul 31 05:46:28.911808 np0000187753 devstack@neutron-api.service[101456]: DEBUG neutron.common.ovn.hash_ring_manager [None req-3707c71b-3494-45d2-b881-1595d31bc050 None None] Hash Ring loaded. 3 active nodes. 0 offline nodes {{(pid=101456) _load_hash_ring /opt/stack/neutron/neutron/common/ovn/hash_ring_manager.py:110}}
Jul 31 05:46:28.912013 np0000187753 devstack@neutron-api.service[101456]: DEBUG neutron.plugins.ml2.drivers.ovn.mech_driver.ovsdb.ovsdb_monitor [None req-3707c71b-3494-45d2-b881-1595d31bc050 None None] Hash Ring: Node 116765d41b965fdc84b4cf46d01789b9 (host: np0000187753) handling event "create" for row 8fb9e684-884f-437a-8d94-1cd921f7740b (table: Port_Group) {{(pid=101456) notify /opt/stack/neutron/neutron/plugins/ml2/drivers/ovn/mech_driver/ovsdb/ovsdb_monitor.py:1013}}
Jul 31 05:46:28.919430 np0000187753 devstack@neutron-api.service[101457]: DEBUG neutron.common.ovn.hash_ring_manager [None req-ee509191-3511-44d9-be63-b36d957df2bb None None] Hash Ring loaded. 3 active nodes. 0 offline nodes {{(pid=101457) _load_hash_ring /opt/stack/neutron/neutron/common/ovn/hash_ring_manager.py:110}}
Jul 31 05:46:28.920376 np0000187753 devstack@neutron-api.service[101456]: DEBUG neutron.common.ovn.hash_ring_manager [None req-3707c71b-3494-45d2-b881-1595d31bc050 None None] Hash Ring loaded. 3 active nodes. 0 offline nodes {{(pid=101456) _load_hash_ring /opt/stack/neutron/neutron/common/ovn/hash_ring_manager.py:110}}
Jul 31 05:46:28.921119 np0000187753 devstack@neutron-api.service[101456]: DEBUG neutron.plugins.ml2.drivers.ovn.mech_driver.ovsdb.ovsdb_monitor [None req-3707c71b-3494-45d2-b881-1595d31bc050 None None] Hash Ring: Node 116765d41b965fdc84b4cf46d01789b9 (host: np0000187753) handling event "create" for row c77ef374-b637-44c5-981d-4e8808486eeb (table: SSL) {{(pid=101456) notify /opt/stack/neutron/neutron/plugins/ml2/drivers/ovn/mech_driver/ovsdb/ovsdb_monitor.py:1013}}
Jul 31 05:46:28.924675 np0000187753 devstack@neutron-api.service[101456]: INFO neutron.plugins.ml2.drivers.ovn.mech_driver.ovsdb.impl_idl_ovn [None req-3707c71b-3494-45d2-b881-1595d31bc050 None None] Getting OvsdbSbOvnIdl for WorkerService with retry
Jul 31 05:46:28.927027 np0000187753 devstack@neutron-api.service[101455]: DEBUG neutron.plugins.ml2.drivers.ovn.mech_driver.mech_driver [None req-70601724-a82b-4fe0-a57b-54d12cc8e386 None None] Hash Ring setup, this worker has detected 4 OVN hash ring registers in the database {{(pid=101455) _init_hash_ring /opt/stack/neutron/neutron/plugins/ml2/drivers/ovn/mech_driver/mech_driver.py:414}}
Jul 31 05:46:28.927962 np0000187753 devstack@neutron-api.service[101457]: DEBUG neutron.common.ovn.hash_ring_manager [None req-ee509191-3511-44d9-be63-b36d957df2bb None None] Hash Ring loaded. 3 active nodes. 0 offline nodes {{(pid=101457) _load_hash_ring /opt/stack/neutron/neutron/common/ovn/hash_ring_manager.py:110}}
Jul 31 05:46:28.928235 np0000187753 devstack@neutron-api.service[101457]: DEBUG neutron.plugins.ml2.drivers.ovn.mech_driver.ovsdb.ovsdb_monitor [None req-ee509191-3511-44d9-be63-b36d957df2bb None None] Hash Ring: Node 764d4a14e2f658f8ac4751a04a6030cd (host: np0000187753) handling event "create" for row 3dc0b1db-f1b7-4df6-be8d-946cf9afb7f9 (table: Port_Group) {{(pid=101457) notify /opt/stack/neutron/neutron/plugins/ml2/drivers/ovn/mech_driver/ovsdb/ovsdb_monitor.py:1013}}
Jul 31 05:46:28.934711 np0000187753 devstack@neutron-api.service[101455]: DEBUG neutron.plugins.ml2.drivers.ovn.mech_driver.ovsdb.maintenance [None req-70601724-a82b-4fe0-a57b-54d12cc8e386 None None] Periodic task found: HashRingHealthCheckPeriodics.touch_hash_ring_node {{(pid=101455) add_periodics /opt/stack/neutron/neutron/plugins/ml2/drivers/ovn/mech_driver/ovsdb/maintenance.py:146}}
Jul 31 05:46:28.935948 np0000187753 devstack@neutron-api.service[101455]: INFO neutron.plugins.ml2.drivers.ovn.mech_driver.mech_driver [None req-70601724-a82b-4fe0-a57b-54d12cc8e386 None None] Hash Ring probing thread for node cafe456ba5005ded9790fc1acd471201 has started
Jul 31 05:46:28.936617 np0000187753 devstack@neutron-api.service[101455]: INFO neutron.plugins.ml2.drivers.ovn.mech_driver.ovsdb.impl_idl_ovn [None req-70601724-a82b-4fe0-a57b-54d12cc8e386 None None] Getting OvsdbNbOvnIdl for WorkerService with retry
Jul 31 05:46:28.945763 np0000187753 devstack@neutron-api.service[101457]: DEBUG neutron.common.ovn.hash_ring_manager [None req-ee509191-3511-44d9-be63-b36d957df2bb None None] Hash Ring loaded. 4 active nodes. 0 offline nodes {{(pid=101457) _load_hash_ring /opt/stack/neutron/neutron/common/ovn/hash_ring_manager.py:110}}
Jul 31 05:46:28.949402 np0000187753 devstack@neutron-api.service[101457]: DEBUG neutron.common.ovn.hash_ring_manager [None req-ee509191-3511-44d9-be63-b36d957df2bb None None] Allow caching, nodes 4>=4 {{(pid=101457) _wait_startup_before_caching /opt/stack/neutron/neutron/common/ovn/hash_ring_manager.py:71}}
Jul 31 05:46:28.950674 np0000187753 devstack@neutron-api.service[101457]: INFO neutron.plugins.ml2.drivers.ovn.mech_driver.ovsdb.impl_idl_ovn [None req-ee509191-3511-44d9-be63-b36d957df2bb None None] Getting OvsdbSbOvnIdl for WorkerService with retry
Jul 31 05:46:28.973663 np0000187753 devstack@neutron-api.service[101456]: DEBUG ovsdbapp.backend.ovs_idl [None req-3707c71b-3494-45d2-b881-1595d31bc050 None None] Created lookup_table index Chassis.name {{(pid=101456) autocreate_indices /opt/stack/data/venv/lib/python3.12/site-packages/ovsdbapp/backend/ovs_idl/__init__.py:87}}
Jul 31 05:46:28.973830 np0000187753 devstack@neutron-api.service[101456]: DEBUG ovsdbapp.backend.ovs_idl [None req-3707c71b-3494-45d2-b881-1595d31bc050 None None] Created lookup_table index Port_Binding.logical_port {{(pid=101456) autocreate_indices /opt/stack/data/venv/lib/python3.12/site-packages/ovsdbapp/backend/ovs_idl/__init__.py:87}}
Jul 31 05:46:28.974042 np0000187753 devstack@neutron-api.service[101456]: DEBUG ovsdbapp.backend.ovs_idl [None req-3707c71b-3494-45d2-b881-1595d31bc050 None None] Created schema index Chassis_Private.name {{(pid=101456) autocreate_indices /opt/stack/data/venv/lib/python3.12/site-packages/ovsdbapp/backend/ovs_idl/__init__.py:106}}
Jul 31 05:46:28.974267 np0000187753 devstack@neutron-api.service[101456]: DEBUG ovsdbapp.backend.ovs_idl [None req-3707c71b-3494-45d2-b881-1595d31bc050 None None] Created schema index Datapath_Binding.tunnel_key {{(pid=101456) autocreate_indices /opt/stack/data/venv/lib/python3.12/site-packages/ovsdbapp/backend/ovs_idl/__init__.py:106}}
Jul 31 05:46:28.977808 np0000187753 devstack@neutron-api.service[101456]: INFO ovsdbapp.backend.ovs_idl.vlog [None req-3707c71b-3494-45d2-b881-1595d31bc050 None None] ssl:199.204.45.138:6642: connecting...
Jul 31 05:46:28.981714 np0000187753 devstack@neutron-api.service[101456]: INFO ovsdbapp.backend.ovs_idl.vlog [None req-3707c71b-3494-45d2-b881-1595d31bc050 None None] ssl:199.204.45.138:6642: connected
Jul 31 05:46:28.985329 np0000187753 devstack@neutron-api.service[101455]: DEBUG ovsdbapp.backend.ovs_idl [None req-70601724-a82b-4fe0-a57b-54d12cc8e386 None None] Created lookup_table index Logical_Switch.name {{(pid=101455) autocreate_indices /opt/stack/data/venv/lib/python3.12/site-packages/ovsdbapp/backend/ovs_idl/__init__.py:87}}
Jul 31 05:46:28.985329 np0000187753 devstack@neutron-api.service[101455]: DEBUG ovsdbapp.backend.ovs_idl [None req-70601724-a82b-4fe0-a57b-54d12cc8e386 None None] Created lookup_table index Logical_Router.name {{(pid=101455) autocreate_indices /opt/stack/data/venv/lib/python3.12/site-packages/ovsdbapp/backend/ovs_idl/__init__.py:87}}
Jul 31 05:46:28.985329 np0000187753 devstack@neutron-api.service[101455]: DEBUG ovsdbapp.backend.ovs_idl [None req-70601724-a82b-4fe0-a57b-54d12cc8e386 None None] Created lookup_table index Load_Balancer.name {{(pid=101455) autocreate_indices /opt/stack/data/venv/lib/python3.12/site-packages/ovsdbapp/backend/ovs_idl/__init__.py:87}}
Jul 31 05:46:28.985329 np0000187753 devstack@neutron-api.service[101455]: DEBUG ovsdbapp.backend.ovs_idl [None req-70601724-a82b-4fe0-a57b-54d12cc8e386 None None] Created schema index Copp.name {{(pid=101455) autocreate_indices /opt/stack/data/venv/lib/python3.12/site-packages/ovsdbapp/backend/ovs_idl/__init__.py:106}}
Jul 31 05:46:28.985329 np0000187753 devstack@neutron-api.service[101455]: DEBUG ovsdbapp.backend.ovs_idl [None req-70601724-a82b-4fe0-a57b-54d12cc8e386 None None] Created schema index Meter.name {{(pid=101455) autocreate_indices /opt/stack/data/venv/lib/python3.12/site-packages/ovsdbapp/backend/ovs_idl/__init__.py:106}}
Jul 31 05:46:28.985329 np0000187753 devstack@neutron-api.service[101455]: DEBUG ovsdbapp.backend.ovs_idl [None req-70601724-a82b-4fe0-a57b-54d12cc8e386 None None] Created schema index Load_Balancer_Group.name {{(pid=101455) autocreate_indices /opt/stack/data/venv/lib/python3.12/site-packages/ovsdbapp/backend/ovs_idl/__init__.py:106}}
Jul 31 05:46:28.985631 np0000187753 devstack@neutron-api.service[101455]: DEBUG ovsdbapp.backend.ovs_idl [None req-70601724-a82b-4fe0-a57b-54d12cc8e386 None None] Created schema index HA_Chassis_Group.name {{(pid=101455) autocreate_indices /opt/stack/data/venv/lib/python3.12/site-packages/ovsdbapp/backend/ovs_idl/__init__.py:106}}
Jul 31 05:46:28.985631 np0000187753 devstack@neutron-api.service[101455]: DEBUG ovsdbapp.backend.ovs_idl [None req-70601724-a82b-4fe0-a57b-54d12cc8e386 None None] Created schema index Address_Set.name {{(pid=101455) autocreate_indices /opt/stack/data/venv/lib/python3.12/site-packages/ovsdbapp/backend/ovs_idl/__init__.py:106}}
Jul 31 05:46:28.985631 np0000187753 devstack@neutron-api.service[101455]: DEBUG ovsdbapp.backend.ovs_idl [None req-70601724-a82b-4fe0-a57b-54d12cc8e386 None None] Created schema index Connection.target {{(pid=101455) autocreate_indices /opt/stack/data/venv/lib/python3.12/site-packages/ovsdbapp/backend/ovs_idl/__init__.py:106}}
Jul 31 05:46:28.985886 np0000187753 devstack@neutron-api.service[101455]: DEBUG ovsdbapp.backend.ovs_idl [None req-70601724-a82b-4fe0-a57b-54d12cc8e386 None None] Created schema index Gateway_Chassis.name {{(pid=101455) autocreate_indices /opt/stack/data/venv/lib/python3.12/site-packages/ovsdbapp/backend/ovs_idl/__init__.py:106}}
Jul 31 05:46:28.985886 np0000187753 devstack@neutron-api.service[101455]: DEBUG ovsdbapp.backend.ovs_idl [None req-70601724-a82b-4fe0-a57b-54d12cc8e386 None None] Created schema index Mirror.name {{(pid=101455) autocreate_indices /opt/stack/data/venv/lib/python3.12/site-packages/ovsdbapp/backend/ovs_idl/__init__.py:106}}
Jul 31 05:46:28.985886 np0000187753 devstack@neutron-api.service[101455]: DEBUG ovsdbapp.backend.ovs_idl [None req-70601724-a82b-4fe0-a57b-54d12cc8e386 None None] Created schema index Chassis_Template_Var.chassis {{(pid=101455) autocreate_indices /opt/stack/data/venv/lib/python3.12/site-packages/ovsdbapp/backend/ovs_idl/__init__.py:106}}
Jul 31 05:46:28.986572 np0000187753 devstack@neutron-api.service[101455]: DEBUG ovsdbapp.backend.ovs_idl [None req-70601724-a82b-4fe0-a57b-54d12cc8e386 None None] Created schema index Logical_Router_Port.name {{(pid=101455) autocreate_indices /opt/stack/data/venv/lib/python3.12/site-packages/ovsdbapp/backend/ovs_idl/__init__.py:106}}
Jul 31 05:46:28.986572 np0000187753 devstack@neutron-api.service[101455]: DEBUG ovsdbapp.backend.ovs_idl [None req-70601724-a82b-4fe0-a57b-54d12cc8e386 None None] Created schema index Port_Group.name {{(pid=101455) autocreate_indices /opt/stack/data/venv/lib/python3.12/site-packages/ovsdbapp/backend/ovs_idl/__init__.py:106}}
Jul 31 05:46:28.986572 np0000187753 devstack@neutron-api.service[101455]: DEBUG ovsdbapp.backend.ovs_idl [None req-70601724-a82b-4fe0-a57b-54d12cc8e386 None None] Created schema index Logical_Switch_Port.name {{(pid=101455) autocreate_indices /opt/stack/data/venv/lib/python3.12/site-packages/ovsdbapp/backend/ovs_idl/__init__.py:106}}
Jul 31 05:46:28.988883 np0000187753 devstack@neutron-api.service[101455]: INFO ovsdbapp.backend.ovs_idl.vlog [None req-70601724-a82b-4fe0-a57b-54d12cc8e386 None None] ssl:199.204.45.138:6641: connecting...
Jul 31 05:46:28.994133 np0000187753 devstack@neutron-api.service[101457]: DEBUG ovsdbapp.backend.ovs_idl [None req-ee509191-3511-44d9-be63-b36d957df2bb None None] Created lookup_table index Chassis.name {{(pid=101457) autocreate_indices /opt/stack/data/venv/lib/python3.12/site-packages/ovsdbapp/backend/ovs_idl/__init__.py:87}}
Jul 31 05:46:28.994397 np0000187753 devstack@neutron-api.service[101455]: INFO ovsdbapp.backend.ovs_idl.vlog [None req-70601724-a82b-4fe0-a57b-54d12cc8e386 None None] ssl:199.204.45.138:6641: connected
Jul 31 05:46:28.994492 np0000187753 devstack@neutron-api.service[101457]: DEBUG ovsdbapp.backend.ovs_idl [None req-ee509191-3511-44d9-be63-b36d957df2bb None None] Created lookup_table index Port_Binding.logical_port {{(pid=101457) autocreate_indices /opt/stack/data/venv/lib/python3.12/site-packages/ovsdbapp/backend/ovs_idl/__init__.py:87}}
Jul 31 05:46:28.994774 np0000187753 devstack@neutron-api.service[101457]: DEBUG ovsdbapp.backend.ovs_idl [None req-ee509191-3511-44d9-be63-b36d957df2bb None None] Created schema index Chassis_Private.name {{(pid=101457) autocreate_indices /opt/stack/data/venv/lib/python3.12/site-packages/ovsdbapp/backend/ovs_idl/__init__.py:106}}
Jul 31 05:46:28.994916 np0000187753 devstack@neutron-api.service[101457]: DEBUG ovsdbapp.backend.ovs_idl [None req-ee509191-3511-44d9-be63-b36d957df2bb None None] Created schema index Datapath_Binding.tunnel_key {{(pid=101457) autocreate_indices /opt/stack/data/venv/lib/python3.12/site-packages/ovsdbapp/backend/ovs_idl/__init__.py:106}}
Jul 31 05:46:28.998430 np0000187753 devstack@neutron-api.service[101457]: INFO ovsdbapp.backend.ovs_idl.vlog [None req-ee509191-3511-44d9-be63-b36d957df2bb None None] ssl:199.204.45.138:6642: connecting...
Jul 31 05:46:29.005149 np0000187753 devstack@neutron-api.service[101457]: INFO ovsdbapp.backend.ovs_idl.vlog [None req-ee509191-3511-44d9-be63-b36d957df2bb None None] ssl:199.204.45.138:6642: connected
Jul 31 05:46:29.009013 np0000187753 devstack@neutron-api.service[101456]: DEBUG neutron.common.ovn.hash_ring_manager [None req-3707c71b-3494-45d2-b881-1595d31bc050 None None] Allow caching, nodes 4>=4 {{(pid=101456) _wait_startup_before_caching /opt/stack/neutron/neutron/common/ovn/hash_ring_manager.py:71}}
Jul 31 05:46:29.014826 np0000187753 devstack@neutron-api.service[101456]: DEBUG neutron.common.ovn.hash_ring_manager [None req-3707c71b-3494-45d2-b881-1595d31bc050 None None] Hash Ring loaded. 4 active nodes. 0 offline nodes {{(pid=101456) _load_hash_ring /opt/stack/neutron/neutron/common/ovn/hash_ring_manager.py:110}}
Jul 31 05:46:29.015591 np0000187753 devstack@neutron-api.service[101456]: DEBUG ovsdbapp.backend.ovs_idl.event [None req-3707c71b-3494-45d2-b881-1595d31bc050 None None] Matched CREATE: ChassisAgentWriteEvent(events=('create', 'update'), table='Chassis_Private', conditions=None, old_conditions=None), priority=20 to row=Chassis_Private(uuid=ce76ea89-d13b-4937-aa37-9fe08f52b199, chassis=dc0b27d4-0d53-4e72-8ffb-9614ba83c7f7, external_ids={'neutron:ovn-bridge': 'br-int', 'neutron:ovn-neutron-agent-id': 'e6530d79-cfaf-5ab6-b7b5-0b46ac8a3360', 'neutron:ovn-neutron-agent-sb-cfg': '0'}, name='cc9f9d09-d4ea-401c-86d0-527994b6adad', nb_cfg=0, nb_cfg_timestamp=0) old= {{(pid=101456) matches /opt/stack/data/venv/lib/python3.12/site-packages/ovsdbapp/backend/ovs_idl/event.py:55}}
Jul 31 05:46:29.016854 np0000187753 devstack@neutron-api.service[101456]: DEBUG ovsdbapp.backend.ovs_idl.event [None req-3707c71b-3494-45d2-b881-1595d31bc050 None None] Matched CREATE: ChassisOVNAgentWriteEvent(events=('create', 'update'), table='Chassis_Private', conditions=None, old_conditions=None), priority=20 to row=Chassis_Private(uuid=ce76ea89-d13b-4937-aa37-9fe08f52b199, chassis=dc0b27d4-0d53-4e72-8ffb-9614ba83c7f7, external_ids={'neutron:ovn-bridge': 'br-int', 'neutron:ovn-neutron-agent-id': 'e6530d79-cfaf-5ab6-b7b5-0b46ac8a3360', 'neutron:ovn-neutron-agent-sb-cfg': '0'}, name='cc9f9d09-d4ea-401c-86d0-527994b6adad', nb_cfg=0, nb_cfg_timestamp=0) old= {{(pid=101456) matches /opt/stack/data/venv/lib/python3.12/site-packages/ovsdbapp/backend/ovs_idl/event.py:55}}
Jul 31 05:46:29.017359 np0000187753 devstack@neutron-api.service[101456]: DEBUG neutron.plugins.ml2.drivers.ovn.mech_driver.ovsdb.ovsdb_monitor [None req-3707c71b-3494-45d2-b881-1595d31bc050 None None] Hash Ring: Node 116765d41b965fdc84b4cf46d01789b9 (host: np0000187753) handling event "create" for row ce76ea89-d13b-4937-aa37-9fe08f52b199 (table: Chassis_Private) {{(pid=101456) notify /opt/stack/neutron/neutron/plugins/ml2/drivers/ovn/mech_driver/ovsdb/ovsdb_monitor.py:1013}}
Jul 31 05:46:29.017568 np0000187753 devstack@neutron-api.service[101456]: DEBUG neutron.plugins.ml2.drivers.ovn.mech_driver.ovsdb.ovsdb_monitor [None req-3707c71b-3494-45d2-b881-1595d31bc050 None None] Hash Ring: Node 116765d41b965fdc84b4cf46d01789b9 (host: np0000187753) handling event "create" for row be7f9722-60bf-475e-a7e1-6ecb4444448c (table: Encap) {{(pid=101456) notify /opt/stack/neutron/neutron/plugins/ml2/drivers/ovn/mech_driver/ovsdb/ovsdb_monitor.py:1013}}
Jul 31 05:46:29.019640 np0000187753 devstack@neutron-api.service[101456]: INFO neutron.plugins.ml2.drivers.ovn.mech_driver.mech_driver [None req-3707c71b-3494-45d2-b881-1595d31bc050 None None] WorkerService process has finished the post initialization
Jul 31 05:46:29.020588 np0000187753 devstack@neutron-api.service[101456]: DEBUG oslo_concurrency.processutils [None req-3707c71b-3494-45d2-b881-1595d31bc050 None None] Running cmd (subprocess): ovsdb-client transact ssl:199.204.45.138:6641 --timeout 180 -p /opt/stack/data/CA/int-ca/private/devstack-cert.key -c /opt/stack/data/CA/int-ca/devstack-cert.crt -C /opt/stack/data/CA/int-ca/ca-chain.pem ["OVN_Northbound", {"op": "wait", "timeout": 0, "table": "Port_Group", "where": [["name", "==", "pvlan_pg_drop"]], "until": "==", "rows": []}, {"op": "insert", "table": "ACL", "row": {"action": "drop", "direction": "to-lport", "match": "outport == @pvlan_pg_drop && ip", "priority": 1010}, "uuid-name": "pvlandroptoport"}, {"op": "insert", "table": "ACL", "row": {"action": "drop", "direction": "from-lport", "match": "inport == @pvlan_pg_drop && ip", "priority": 1010}, "uuid-name": "pvlandropfromport"}, {"op": "insert", "table": "Port_Group", "row": {"name": "pvlan_pg_drop", "acls": ["set", [["named-uuid", "pvlandroptoport"], ["named-uuid", "pvlandropfromport"]]]}}] {{(pid=101456) execute /opt/stack/data/venv/lib/python3.12/site-packages/oslo_concurrency/processutils.py:440}}
Jul 31 05:46:29.028566 np0000187753 devstack@neutron-api.service[101455]: DEBUG neutron.common.ovn.hash_ring_manager [None req-70601724-a82b-4fe0-a57b-54d12cc8e386 None None] Allow caching, nodes 4>=4 {{(pid=101455) _wait_startup_before_caching /opt/stack/neutron/neutron/common/ovn/hash_ring_manager.py:71}}
Jul 31 05:46:29.034900 np0000187753 devstack@neutron-api.service[101457]: DEBUG neutron.common.ovn.hash_ring_manager [None req-ee509191-3511-44d9-be63-b36d957df2bb None None] Allow caching, nodes 4>=4 {{(pid=101457) _wait_startup_before_caching /opt/stack/neutron/neutron/common/ovn/hash_ring_manager.py:71}}
Jul 31 05:46:29.035318 np0000187753 devstack@neutron-api.service[101455]: DEBUG neutron.common.ovn.hash_ring_manager [None req-70601724-a82b-4fe0-a57b-54d12cc8e386 None None] Hash Ring loaded. 4 active nodes. 0 offline nodes {{(pid=101455) _load_hash_ring /opt/stack/neutron/neutron/common/ovn/hash_ring_manager.py:110}}
Jul 31 05:46:29.035854 np0000187753 devstack@neutron-api.service[101455]: DEBUG neutron.plugins.ml2.drivers.ovn.mech_driver.ovsdb.ovsdb_monitor [None req-70601724-a82b-4fe0-a57b-54d12cc8e386 None None] Hash Ring: Node cafe456ba5005ded9790fc1acd471201 (host: np0000187753) handling event "create" for row c77ef374-b637-44c5-981d-4e8808486eeb (table: SSL) {{(pid=101455) notify /opt/stack/neutron/neutron/plugins/ml2/drivers/ovn/mech_driver/ovsdb/ovsdb_monitor.py:1013}}
Jul 31 05:46:29.037148 np0000187753 devstack@neutron-api.service[101455]: INFO neutron.plugins.ml2.drivers.ovn.mech_driver.ovsdb.impl_idl_ovn [None req-70601724-a82b-4fe0-a57b-54d12cc8e386 None None] Getting OvsdbSbOvnIdl for WorkerService with retry
Jul 31 05:46:29.038667 np0000187753 devstack@neutron-api.service[101457]: DEBUG neutron.common.ovn.hash_ring_manager [None req-ee509191-3511-44d9-be63-b36d957df2bb None None] Hash Ring loaded. 4 active nodes. 0 offline nodes {{(pid=101457) _load_hash_ring /opt/stack/neutron/neutron/common/ovn/hash_ring_manager.py:110}}
