2026-05-05 18:12:41.980 8 INFO neutron_taas.services.taas.taas_plugin [None req-63c83be2-cb05-462f-a272-6dbabeccb2e9 b4859a6ce4db44e0978a780ad5b2de0d 247d2a9a1bd94b5188c44f57fd425b5c - - default default] TaaS: Handle Delete Port: e9ba0ebe-29b2-4329-8c10-53dd2e0d747d
2026-05-05 18:12:41.983 8 INFO neutron_taas.services.taas.tap_mirror_plugin [None req-63c83be2-cb05-462f-a272-6dbabeccb2e9 b4859a6ce4db44e0978a780ad5b2de0d 247d2a9a1bd94b5188c44f57fd425b5c - - default default] Tap Mirror: Handle Delete Port: e9ba0ebe-29b2-4329-8c10-53dd2e0d747d /var/lib/openstack/lib/python3.12/site-packages/pycadf/identifier.py:70: UserWarning: Invalid uuid: neutron. To ensure interoperability, identifiers should be a valid uuid. warnings.warn(('Invalid uuid: %s. To ensure interoperability, ' [pid: 8|app: 0|req: 763/1485] 10.0.0.25 () {32 vars in 719 bytes} [Tue May 5 18:12:41 2026] DELETE /v2.0/ports/e9ba0ebe-29b2-4329-8c10-53dd2e0d747d => generated 0 bytes in 309 msecs (HTTP/1.1 204) 3 headers in 131 bytes (1 switches on core 0) [pid: 7|app: 0|req: 723/1486] 199.19.213.228 () {34 vars in 1080 bytes} [Tue May 5 18:12:42 2026] GET /v2.0/ports?tenant_id=f093b4401ea14128b153e9a5b6628ef8&device_id=463e4b90-ccf1-4eda-99ae-af89b5f5aee9 => generated 1211 bytes in 59 msecs (HTTP/1.1 200) 4 headers in 158 bytes (1 switches on core 0)
2026-05-05 18:12:42.180 8 INFO neutron.pecan_wsgi.hooks.translation [None req-ac738142-c132-4012-b852-7cde1372f610 b4859a6ce4db44e0978a780ad5b2de0d 247d2a9a1bd94b5188c44f57fd425b5c - - default default] DELETE failed (client error): The resource could not be found. [pid: 8|app: 0|req: 764/1487] 10.0.0.25 () {32 vars in 719 bytes} [Tue May 5 18:12:42 2026] DELETE /v2.0/ports/e9ba0ebe-29b2-4329-8c10-53dd2e0d747d => generated 132 bytes in 16 msecs (HTTP/1.1 404) 4 headers in 164 bytes (1 switches on core 0) [pid: 7|app: 0|req: 724/1488] 199.19.213.228 () {34 vars in 1060 bytes} [Tue May 5 18:12:42 2026] GET /v2.0/floatingips?fixed_ip_address=10.100.0.12&port_id=f13f0a05-4ce6-4e97-a21a-bee158abaaad => generated 19 bytes in 25 msecs (HTTP/1.1 200) 4 headers in 156 bytes (1 switches on core 0)
2026-05-05 18:12:42.205 8 INFO neutron.pecan_wsgi.hooks.translation [None req-49d48142-3a9c-491f-b65c-915e354dfb2d b4859a6ce4db44e0978a780ad5b2de0d 247d2a9a1bd94b5188c44f57fd425b5c - - default default] GET failed (client error): The resource could not be found. [pid: 8|app: 0|req: 765/1489] 10.0.0.25 () {32 vars in 716 bytes} [Tue May 5 18:12:42 2026] GET /v2.0/ports/e9ba0ebe-29b2-4329-8c10-53dd2e0d747d => generated 132 bytes in 19 msecs (HTTP/1.1 404) 4 headers in 164 bytes (1 switches on core 0) [pid: 7|app: 0|req: 725/1490] 199.19.213.228 () {34 vars in 984 bytes} [Tue May 5 18:12:42 2026] GET /v2.0/subnets?id=7f7b31c4-4a27-46d5-bdd0-23cf49b408ef => generated 695 bytes in 28 msecs (HTTP/1.1 200) 4 headers in 157 bytes (1 switches on core 0) [pid: 7|app: 0|req: 726/1491] 199.19.213.228 () {34 vars in 1052 bytes} [Tue May 5 18:12:42 2026] GET /v2.0/ports?network_id=da27ebc2-bc87-403c-9b8b-46521d8bec92&device_owner=network%3Adhcp => generated 12 bytes in 27 msecs (HTTP/1.1 200) 4 headers in 156 bytes (1 switches on core 0) [pid: 7|app: 0|req: 727/1492] 199.19.213.228 () {34 vars in 1012 bytes} [Tue May 5 18:12:42 2026] GET /v2.0/networks/da27ebc2-bc87-403c-9b8b-46521d8bec92?fields=segments => generated 14 bytes in 84 msecs (HTTP/1.1 200) 4 headers in 156 bytes (1 switches on core 0) [pid: 8|app: 0|req: 766/1493] 10.0.0.25 () {32 vars in 723 bytes} [Tue May 5 18:12:42 2026] DELETE /v2.0/subnets/4a996eaf-e5ec-4a42-a603-ed6078e361d2 => generated 0 bytes in 174 msecs (HTTP/1.1 204) 3 headers in 131 bytes (1 switches on core 0) [pid: 7|app: 0|req: 728/1494] 199.19.213.228 () {34 vars in 1112 bytes} [Tue May 5 18:12:42 2026] GET /v2.0/networks/da27ebc2-bc87-403c-9b8b-46521d8bec92?fields=provider%3Aphysical_network&fields=provider%3Anetwork_type => generated 79 bytes in 58 msecs (HTTP/1.1 200) 4 headers in 156 bytes (1 switches on core 0)
2026-05-05 18:12:42.530 8 INFO neutron_taas.services.taas.taas_plugin [None req-f9aa55cf-1a0e-4fec-bf23-188729704590 b4859a6ce4db44e0978a780ad5b2de0d 247d2a9a1bd94b5188c44f57fd425b5c - - default default] TaaS: Handle Delete Port: 11e59012-eee8-445b-a78b-172e85431419
2026-05-05 18:12:42.533 8 INFO neutron_taas.services.taas.tap_mirror_plugin [None req-f9aa55cf-1a0e-4fec-bf23-188729704590 b4859a6ce4db44e0978a780ad5b2de0d 247d2a9a1bd94b5188c44f57fd425b5c - - default default] Tap Mirror: Handle Delete Port: 11e59012-eee8-445b-a78b-172e85431419 [pid: 7|app: 0|req: 729/1495] 10.0.0.41 () {34 vars in 989 bytes} [Tue May 5 18:12:42 2026] GET /v2.0/ports?device_id=463e4b90-ccf1-4eda-99ae-af89b5f5aee9 => generated 973 bytes in 86 msecs (HTTP/1.1 200) 4 headers in 157 bytes (1 switches on core 0) [pid: 7|app: 0|req: 730/1496] 10.0.0.41 () {34 vars in 1039 bytes} [Tue May 5 18:12:42 2026] GET /v2.0/security-groups?id=e7a52be0-d7b5-46e4-938b-f71df70aa699&fields=id&fields=name => generated 88 bytes in 53 msecs (HTTP/1.1 200) 4 headers in 156 bytes (1 switches on core 0)
2026-05-05 18:12:42.741 8 INFO neutron.services.segments.plugin [-] Segment 2d192da2-2038-45b5-a00a-4accefe4528a resource provider aggregate not found
2026-05-05 18:12:42.746 8 INFO neutron.services.segments.plugin [-] Segment 2d192da2-2038-45b5-a00a-4accefe4528a resource provider aggregate not found
2026-05-05 18:12:42.759 8 INFO neutron.services.segments.plugin [-] Segment 2d192da2-2038-45b5-a00a-4accefe4528a resource provider not found; error: Placement Client Error (4xx): {"errors": [{"status": 404, "title": "Not Found", "detail": "The resource could not be found.\n\n No resource provider with uuid 2d192da2-2038-45b5-a00a-4accefe4528a found for delete ", "request_id": "req-a4d08a01-c51e-45b4-8c5e-4a7ff4a414e4"}]}
2026-05-05 18:12:42.765 8 INFO neutron.services.segments.plugin [-] Segment 2d192da2-2038-45b5-a00a-4accefe4528a resource provider not found; error: Placement Client Error (4xx): {"errors": [{"status": 404, "title": "Not Found", "detail": "The resource could not be found.\n\n No resource provider with uuid 2d192da2-2038-45b5-a00a-4accefe4528a found for delete ", "request_id": "req-b8bf8bb1-907d-41c0-8253-877e02fb5535"}]} [pid: 8|app: 0|req: 767/1497] 10.0.0.25 () {32 vars in 725 bytes} [Tue May 5 18:12:42 2026] DELETE /v2.0/networks/d62b3ae0-60d6-4dba-8a99-57594a5a5309 => generated 0 bytes in 409 msecs (HTTP/1.1 204) 3 headers in 131 bytes (1 switches on core 0)
2026-05-05 18:12:42.899 7 INFO neutron.db.segments_db [None req-2de6dc51-6cc1-4073-a52d-b7dcb023b246 b4859a6ce4db44e0978a780ad5b2de0d 247d2a9a1bd94b5188c44f57fd425b5c - - default default] Added segment ebae55ab-357f-4f4c-ac6f-886df09fc81e of type geneve for network f6ee5a17-e8b2-4e24-b053-581f928ad77f
2026-05-05 18:12:43.015 7 INFO neutron.db.ovn_revision_numbers_db [None req-2de6dc51-6cc1-4073-a52d-b7dcb023b246 b4859a6ce4db44e0978a780ad5b2de0d 247d2a9a1bd94b5188c44f57fd425b5c - - default default] Successfully bumped revision number for resource f6ee5a17-e8b2-4e24-b053-581f928ad77f (type: networks) to 1
2026-05-05 18:12:43.175 7 WARNING neutron.scheduler.dhcp_agent_scheduler [None req-2de6dc51-6cc1-4073-a52d-b7dcb023b246 b4859a6ce4db44e0978a780ad5b2de0d 247d2a9a1bd94b5188c44f57fd425b5c - - default default] No more DHCP agents
2026-05-05 18:12:43.177 7 WARNING neutron.api.rpc.agentnotifiers.dhcp_rpc_agent_api [None req-2de6dc51-6cc1-4073-a52d-b7dcb023b246 b4859a6ce4db44e0978a780ad5b2de0d 247d2a9a1bd94b5188c44f57fd425b5c - - default default] Unable to schedule network f6ee5a17-e8b2-4e24-b053-581f928ad77f: no agents available; will retry on subsequent port and subnet creation events.
2026-05-05 18:12:43.253 8 INFO neutron.plugins.ml2.drivers.ovn.mech_driver.mech_driver [None req-e6f1fe4d-db50-4f9c-ab07-0f4c5d7842df - - - - - -] OVN reports status down for port: dd6c7731-6c20-4cac-bf17-3f8d2c2afece
2026-05-05 18:12:43.266 7 INFO neutron.db.ovn_revision_numbers_db [None req-2de6dc51-6cc1-4073-a52d-b7dcb023b246 b4859a6ce4db44e0978a780ad5b2de0d 247d2a9a1bd94b5188c44f57fd425b5c - - default default] Successfully bumped revision number for resource dd6c7731-6c20-4cac-bf17-3f8d2c2afece (type: ports) to 1 [pid: 7|app: 0|req: 731/1498] 10.0.0.25 () {34 vars in 669 bytes} [Tue May 5 18:12:42 2026] POST /v2.0/networks => generated 674 bytes in 487 msecs (HTTP/1.1 201) 4 headers in 162 bytes (1 switches on core 0) [pid: 8|app: 0|req: 768/1499] 10.0.0.129 () {28 vars in 585 bytes} [Tue May 5 18:12:43 2026] GET /v2.0/networks => generated 4599 bytes in 182 msecs (HTTP/1.1 200) 4 headers in 158 bytes (1 switches on core 0) [pid: 8|app: 0|req: 769/1500] 10.0.0.129 () {28 vars in 599 bytes} [Tue May 5 18:12:43 2026] GET /v2.0/security-groups => generated 23205 bytes in 39 msecs (HTTP/1.1 200) 4 headers in 159 bytes (1 switches on core 0)
2026-05-05 18:12:43.487 7 WARNING neutron.scheduler.dhcp_agent_scheduler [None req-2a99af72-ede3-4252-9bd4-053364b825f8 b4859a6ce4db44e0978a780ad5b2de0d 247d2a9a1bd94b5188c44f57fd425b5c - - default default] No more DHCP agents
2026-05-05 18:12:43.488 7 WARNING neutron.api.rpc.agentnotifiers.dhcp_rpc_agent_api [None req-2a99af72-ede3-4252-9bd4-053364b825f8 b4859a6ce4db44e0978a780ad5b2de0d 247d2a9a1bd94b5188c44f57fd425b5c - - default default] Unable to schedule network f6ee5a17-e8b2-4e24-b053-581f928ad77f: no agents available; will retry on subsequent port and subnet creation events.
2026-05-05 18:12:43.523 7 INFO neutron.db.ovn_revision_numbers_db [None req-2a99af72-ede3-4252-9bd4-053364b825f8 b4859a6ce4db44e0978a780ad5b2de0d 247d2a9a1bd94b5188c44f57fd425b5c - - default default] Successfully bumped revision number for resource f7411c0b-27f8-41ce-b203-dcef11779316 (type: subnets) to 0 [pid: 7|app: 0|req: 732/1501] 10.0.0.25 () {34 vars in 668 bytes} [Tue May 5 18:12:43 2026] POST /v2.0/subnets => generated 646 bytes in 240 msecs (HTTP/1.1 201) 4 headers in 162 bytes (1 switches on core 0) [pid: 8|app: 0|req: 770/1502] 10.0.0.129 () {28 vars in 583 bytes} [Tue May 5 18:12:43 2026] GET /v2.0/routers => generated 979 bytes in 52 msecs (HTTP/1.1 200) 4 headers in 157 bytes (1 switches on core 0) [pid: 8|app: 0|req: 771/1503] 10.0.0.129 () {28 vars in 624 bytes} [Tue May 5 18:12:43 2026] GET /v2.0/agents?binary=ovn-controller => generated 416 bytes in 16 msecs (HTTP/1.1 200) 4 headers in 157 bytes (1 switches on core 0) [pid: 8|app: 0|req: 772/1504] 10.0.0.129 () {28 vars in 619 bytes} [Tue May 5 18:12:43 2026] GET /v2.0/network-ip-availabilities => generated 2324 bytes in 13 msecs (HTTP/1.1 200) 4 headers in 158 bytes (1 switches on core 0) [pid: 8|app: 0|req: 773/1505] 10.0.0.129 () {28 vars in 583 bytes} [Tue May 5 18:12:43 2026] GET /v2.0/subnets => generated 2644 bytes in 31 msecs (HTTP/1.1 200) 4 headers in 158 bytes (1 switches on core 0) [pid: 8|app: 0|req: 774/1506] 10.0.0.129 () {28 vars in 591 bytes} [Tue May 5 18:12:43 2026] GET /v2.0/subnetpools => generated 19 bytes in 7 msecs (HTTP/1.1 200) 4 headers in 156 bytes (1 switches on core 0) [pid: 8|app: 0|req: 775/1507] 10.0.0.129 () {28 vars in 591 bytes} [Tue May 5 18:12:43 2026] GET /v2.0/floatingips => generated 19 bytes in 17 msecs (HTTP/1.1 200) 4 headers in 156 bytes (1 switches on core 0) [pid: 8|app: 0|req: 776/1508] 10.0.0.129 () {28 vars in 583 bytes} [Tue May 5 18:12:43 2026] GET /v2.0/subnets => generated 2644 bytes in 31 msecs (HTTP/1.1 200) 4 headers in 158 bytes (1 switches on core 0) [pid: 8|app: 0|req: 777/1509] 10.0.0.129 () {28 vars in 581 bytes} [Tue May 5 18:12:43 2026] GET /v2.0/agents => generated 1214 bytes in 11 msecs (HTTP/1.1 200) 4 headers in 158 bytes (1 switches on core 0) [pid: 8|app: 0|req: 778/1510] 10.0.0.129 () {28 vars in 579 bytes} [Tue May 5 18:12:43 2026] GET /v2.0/ports => generated 12238 bytes in 63 msecs (HTTP/1.1 200) 4 headers in 159 bytes (1 switches on core 0)
2026-05-05 18:12:43.799 7 WARNING neutron.scheduler.dhcp_agent_scheduler [None req-ce9ddee1-7a53-47e1-930e-f1cc4d6d36b7 b4859a6ce4db44e0978a780ad5b2de0d 247d2a9a1bd94b5188c44f57fd425b5c - - default default] No more DHCP agents
2026-05-05 18:12:43.801 7 WARNING neutron.api.rpc.agentnotifiers.dhcp_rpc_agent_api [None req-ce9ddee1-7a53-47e1-930e-f1cc4d6d36b7 b4859a6ce4db44e0978a780ad5b2de0d 247d2a9a1bd94b5188c44f57fd425b5c - - default default] Unable to schedule network f6ee5a17-e8b2-4e24-b053-581f928ad77f: no agents available; will retry on subsequent port and subnet creation events. [pid: 8|app: 0|req: 779/1511] 10.0.0.41 () {34 vars in 989 bytes} [Tue May 5 18:12:43 2026] GET /v2.0/ports?device_id=463e4b90-ccf1-4eda-99ae-af89b5f5aee9 => generated 973 bytes in 38 msecs (HTTP/1.1 200) 4 headers in 157 bytes (1 switches on core 0) [pid: 8|app: 0|req: 780/1512] 10.0.0.41 () {34 vars in 1039 bytes} [Tue May 5 18:12:43 2026] GET /v2.0/security-groups?id=e7a52be0-d7b5-46e4-938b-f71df70aa699&fields=id&fields=name => generated 88 bytes in 36 msecs (HTTP/1.1 200) 4 headers in 156 bytes (1 switches on core 0)
2026-05-05 18:12:43.895 7 INFO neutron.plugins.ml2.drivers.ovn.mech_driver.mech_driver [None req-9b5df353-7a7a-4c9d-a649-499aa35dbd8c - - - - - -] OVN reports status down for port: adbdad6d-2322-4328-a56d-7a9031c99a1f
2026-05-05 18:12:43.937 7 INFO neutron.db.ovn_revision_numbers_db [None req-ce9ddee1-7a53-47e1-930e-f1cc4d6d36b7 b4859a6ce4db44e0978a780ad5b2de0d 247d2a9a1bd94b5188c44f57fd425b5c - - default default] Successfully bumped revision number for resource adbdad6d-2322-4328-a56d-7a9031c99a1f (type: ports) to 1 [pid: 7|app: 0|req: 733/1513] 10.0.0.25 () {34 vars in 664 bytes} [Tue May 5 18:12:43 2026] POST /v2.0/ports => generated 927 bytes in 427 msecs (HTTP/1.1 201) 4 headers in 162 bytes (1 switches on core 0)
2026-05-05 18:12:44.160 8 INFO neutron_taas.services.taas.taas_plugin [None req-8dad043b-0a73-45a3-935c-1029ccb295a0 b4859a6ce4db44e0978a780ad5b2de0d 247d2a9a1bd94b5188c44f57fd425b5c - - default default] TaaS: Handle Delete Port: adbdad6d-2322-4328-a56d-7a9031c99a1f
2026-05-05 18:12:44.164 8 INFO neutron_taas.services.taas.tap_mirror_plugin [None req-8dad043b-0a73-45a3-935c-1029ccb295a0 b4859a6ce4db44e0978a780ad5b2de0d 247d2a9a1bd94b5188c44f57fd425b5c - - default default] Tap Mirror: Handle Delete Port: adbdad6d-2322-4328-a56d-7a9031c99a1f
2026-05-05 18:12:44.320 7 INFO neutron.db.ovn_revision_numbers_db [None req-0e8ab46e-fecf-4df4-8d23-85b43dd06bf3 5070859b914c42c3831975849e95d647 e199110985b84ca28da52ad2275ed6ec - - default default] Successfully bumped revision number for resource 585ef3d4-4453-422d-9f3d-c13453fbfa22 (type: security_groups) to 1 [pid: 8|app: 0|req: 781/1514] 10.0.0.25 () {32 vars in 719 bytes} [Tue May 5 18:12:43 2026] DELETE /v2.0/ports/adbdad6d-2322-4328-a56d-7a9031c99a1f => generated 0 bytes in 342 msecs (HTTP/1.1 204) 3 headers in 131 bytes (1 switches on core 0)
2026-05-05 18:12:44.332 7 INFO neutron.db.ovn_revision_numbers_db [None req-0e8ab46e-fecf-4df4-8d23-85b43dd06bf3 5070859b914c42c3831975849e95d647 e199110985b84ca28da52ad2275ed6ec - - default default] Successfully bumped revision number for resource 08dd7dfd-e03e-4404-b9c0-3b91f119151e (type: security_group_rules) to 0
2026-05-05 18:12:44.341 8 INFO neutron.pecan_wsgi.hooks.translation [None req-33c7f9a2-9520-495d-9229-6ad7e7e8d37e b4859a6ce4db44e0978a780ad5b2de0d 247d2a9a1bd94b5188c44f57fd425b5c - - default default] GET failed (client error): The resource could not be found. [pid: 8|app: 0|req: 782/1515] 10.0.0.25 () {32 vars in 716 bytes} [Tue May 5 18:12:44 2026] GET /v2.0/ports/adbdad6d-2322-4328-a56d-7a9031c99a1f => generated 132 bytes in 16 msecs (HTTP/1.1 404) 4 headers in 164 bytes (1 switches on core 0)
2026-05-05 18:12:44.350 7 INFO neutron.db.ovn_revision_numbers_db [None req-0e8ab46e-fecf-4df4-8d23-85b43dd06bf3 5070859b914c42c3831975849e95d647 e199110985b84ca28da52ad2275ed6ec - - default default] Successfully bumped revision number for resource ad095423-d189-4d4c-ac02-6a555d542f78 (type: security_group_rules) to 0
2026-05-05 18:12:44.369 7 INFO neutron.db.ovn_revision_numbers_db [None req-0e8ab46e-fecf-4df4-8d23-85b43dd06bf3 5070859b914c42c3831975849e95d647 e199110985b84ca28da52ad2275ed6ec - - default default] Successfully bumped revision number for resource eddd00d3-0a55-4a69-b400-786d23a6020f (type: security_group_rules) to 0
2026-05-05 18:12:44.384 7 INFO neutron.db.ovn_revision_numbers_db [None req-0e8ab46e-fecf-4df4-8d23-85b43dd06bf3 5070859b914c42c3831975849e95d647 e199110985b84ca28da52ad2275ed6ec - - default default] Successfully bumped revision number for resource efa55cbc-3466-492e-bf6d-34acbb490881 (type: security_group_rules) to 0 [pid: 7|app: 0|req: 734/1516] 10.0.0.25 () {32 vars in 773 bytes} [Tue May 5 18:12:43 2026] GET /v2.0/security-groups?tenant_id=f12b738b33e849b8861eb573c95c68eb&name=default => generated 2925 bytes in 423 msecs (HTTP/1.1 200) 4 headers in 158 bytes (1 switches on core 0) [pid: 8|app: 0|req: 783/1517] 10.0.0.25 () {32 vars in 723 bytes} [Tue May 5 18:12:44 2026] DELETE /v2.0/subnets/f7411c0b-27f8-41ce-b203-dcef11779316 => generated 0 bytes in 155 msecs (HTTP/1.1 204) 3 headers in 131 bytes (1 switches on core 0)
2026-05-05 18:12:44.649 8 INFO neutron_taas.services.taas.taas_plugin [None req-d058cf42-513c-4b57-a415-ec57ad133178 b4859a6ce4db44e0978a780ad5b2de0d 247d2a9a1bd94b5188c44f57fd425b5c - - default default] TaaS: Handle Delete Port: dd6c7731-6c20-4cac-bf17-3f8d2c2afece
2026-05-05 18:12:44.652 8 INFO neutron_taas.services.taas.tap_mirror_plugin [None req-d058cf42-513c-4b57-a415-ec57ad133178 b4859a6ce4db44e0978a780ad5b2de0d 247d2a9a1bd94b5188c44f57fd425b5c - - default default] Tap Mirror: Handle Delete Port: dd6c7731-6c20-4cac-bf17-3f8d2c2afece [pid: 7|app: 0|req: 735/1518] 10.0.0.25 () {32 vars in 739 bytes} [Tue May 5 18:12:44 2026] DELETE /v2.0/security-groups/585ef3d4-4453-422d-9f3d-c13453fbfa22 => generated 0 bytes in 228 msecs (HTTP/1.1 204) 2 headers in 112 bytes (1 switches on core 0)
2026-05-05 18:12:44.861 8 INFO neutron.services.segments.plugin [-] Segment ebae55ab-357f-4f4c-ac6f-886df09fc81e resource provider aggregate not found
2026-05-05 18:12:44.865 8 INFO neutron.services.segments.plugin [-] Segment ebae55ab-357f-4f4c-ac6f-886df09fc81e resource provider aggregate not found
2026-05-05 18:12:44.881 8 INFO neutron.services.segments.plugin [-] Segment ebae55ab-357f-4f4c-ac6f-886df09fc81e resource provider not found; error: Placement Client Error (4xx): {"errors": [{"status": 404, "title": "Not Found", "detail": "The resource could not be found.\n\n No resource provider with uuid ebae55ab-357f-4f4c-ac6f-886df09fc81e found for delete ", "request_id": "req-04647f79-084a-47ed-95e3-84175ed65365"}]}
2026-05-05 18:12:44.883 8 INFO neutron.services.segments.plugin [-] Segment ebae55ab-357f-4f4c-ac6f-886df09fc81e resource provider not found; error: Placement Client Error (4xx): {"errors": [{"status": 404, "title": "Not Found", "detail": "The resource could not be found.\n\n No resource provider with uuid ebae55ab-357f-4f4c-ac6f-886df09fc81e found for delete ", "request_id": "req-1966375f-4b43-4cc3-a42a-fcaba8603c73"}]} [pid: 8|app: 0|req: 784/1521] 10.0.0.25 () {32 vars in 725 bytes} [Tue May 5 18:12:44 2026] DELETE /v2.0/networks/f6ee5a17-e8b2-4e24-b053-581f928ad77f => generated 0 bytes in 417 msecs (HTTP/1.1 204) 3 headers in 131 bytes (1 switches on core 0) [pid: 7|app: 0|req: 738/1522] 10.0.0.41 () {34 vars in 989 bytes} [Tue May 5 18:12:44 2026] GET /v2.0/ports?device_id=463e4b90-ccf1-4eda-99ae-af89b5f5aee9 => generated 973 bytes in 36 msecs (HTTP/1.1 200) 4 headers in 157 bytes (1 switches on core 0) [pid: 7|app: 0|req: 739/1523] 10.0.0.41 () {34 vars in 1039 bytes} [Tue May 5 18:12:44 2026] GET /v2.0/security-groups?id=e7a52be0-d7b5-46e4-938b-f71df70aa699&fields=id&fields=name => generated 88 bytes in 41 msecs (HTTP/1.1 200) 4 headers in 156 bytes (1 switches on core 0)
2026-05-05 18:12:45.108 7 INFO neutron.plugins.ml2.drivers.ovn.mech_driver.mech_driver [None req-9b5df353-7a7a-4c9d-a649-499aa35dbd8c - - - - - -] OVN reports status up for port: f13f0a05-4ce6-4e97-a21a-bee158abaaad
2026-05-05 18:12:45.125 7 INFO neutron.plugins.ml2.plugin [None req-9b5df353-7a7a-4c9d-a649-499aa35dbd8c - - - - - -] Attempt 1 to provision port f13f0a05-4ce6-4e97-a21a-bee158abaaad
2026-05-05 18:12:45.264 8 WARNING neutron.scheduler.dhcp_agent_scheduler [None req-d55a4a4c-176b-40fe-abed-84955acfc389 b4859a6ce4db44e0978a780ad5b2de0d 247d2a9a1bd94b5188c44f57fd425b5c - - default default] No more DHCP agents
2026-05-05 18:12:45.266 8 WARNING neutron.api.rpc.agentnotifiers.dhcp_rpc_agent_api [None req-d55a4a4c-176b-40fe-abed-84955acfc389 b4859a6ce4db44e0978a780ad5b2de0d 247d2a9a1bd94b5188c44f57fd425b5c - - default default] Unable to schedule network 623f44ab-503c-46f0-889d-04e2e13c64b3: no agents available; will retry on subsequent port and subnet creation events.
2026-05-05 18:12:45.287 7 INFO neutron.notifiers.nova [-] Nova event matching ['req-50daae64-7915-4ed4-997d-73d6d8680165'] response: {'server_uuid': '463e4b90-ccf1-4eda-99ae-af89b5f5aee9', 'name': 'network-vif-plugged', 'status': 'completed', 'tag': 'f13f0a05-4ce6-4e97-a21a-bee158abaaad', 'code': 200}
2026-05-05 18:12:45.368 8 INFO neutron.db.ovn_revision_numbers_db [None req-d55a4a4c-176b-40fe-abed-84955acfc389 b4859a6ce4db44e0978a780ad5b2de0d 247d2a9a1bd94b5188c44f57fd425b5c - - default default] Successfully bumped revision number for resource fbe41c9e-ce8a-49f4-bc04-ee2721d73146 (type: ports) to 1 [pid: 8|app: 0|req: 785/1524] 10.0.0.25 () {34 vars in 664 bytes} [Tue May 5 18:12:44 2026] POST /v2.0/ports => generated 779 bytes in 476 msecs (HTTP/1.1 201) 4 headers in 162 bytes (1 switches on core 0) /var/lib/openstack/lib/python3.12/site-packages/pycadf/identifier.py:70: UserWarning: Invalid uuid: neutron. To ensure interoperability, identifiers should be a valid uuid. warnings.warn(('Invalid uuid: %s. To ensure interoperability, '
2026-05-05 18:12:45.460 7 INFO neutron.db.ovn_revision_numbers_db [None req-9b5df353-7a7a-4c9d-a649-499aa35dbd8c - - - - - -] Successfully bumped revision number for resource f13f0a05-4ce6-4e97-a21a-bee158abaaad (type: ports) to 5
2026-05-05 18:12:45.602 7 INFO neutron.plugins.ml2.drivers.ovn.mech_driver.mech_driver [None req-513c399e-0d6e-41e2-84c4-4e3a72608f64 - - - - - -] OVN reports status down for port: fbe41c9e-ce8a-49f4-bc04-ee2721d73146
2026-05-05 18:12:45.674 8 INFO neutron.db.ovn_revision_numbers_db [None req-365a7958-7f9e-44af-bf32-eb1c165f4979 b4859a6ce4db44e0978a780ad5b2de0d 247d2a9a1bd94b5188c44f57fd425b5c - - default default] Successfully bumped revision number for resource fbe41c9e-ce8a-49f4-bc04-ee2721d73146 (type: ports) to 2 [pid: 8|app: 0|req: 786/1525] 10.0.0.25 () {34 vars in 736 bytes} [Tue May 5 18:12:45 2026] PUT /v2.0/ports/fbe41c9e-ce8a-49f4-bc04-ee2721d73146 => generated 752 bytes in 304 msecs (HTTP/1.1 200) 4 headers in 157 bytes (1 switches on core 0) /var/lib/openstack/lib/python3.12/site-packages/pycadf/identifier.py:70: UserWarning: Invalid uuid: neutron. To ensure interoperability, identifiers should be a valid uuid. warnings.warn(('Invalid uuid: %s. To ensure interoperability, '
2026-05-05 18:12:45.782 7 INFO neutron.db.ovn_revision_numbers_db [None req-263418d7-5256-4b96-b58d-76cb2eef773e 92b9d19f86fc481d8c9cd06717aafd18 21f7e52ea8d344a099af113309a25969 - - default default] Successfully bumped revision number for resource 61c4b27e-4c39-4650-bc39-10072c744f82 (type: security_groups) to 1
2026-05-05 18:12:45.787 7 INFO neutron.plugins.ml2.drivers.ovn.mech_driver.mech_driver [None req-513c399e-0d6e-41e2-84c4-4e3a72608f64 - - - - - -] OVN reports status down for port: fbe41c9e-ce8a-49f4-bc04-ee2721d73146
2026-05-05 18:12:45.811 7 INFO neutron.db.ovn_revision_numbers_db [None req-263418d7-5256-4b96-b58d-76cb2eef773e 92b9d19f86fc481d8c9cd06717aafd18 21f7e52ea8d344a099af113309a25969 - - default default] Successfully bumped revision number for resource 30077ae2-d121-4238-954c-f3708749f204 (type: security_group_rules) to 0
2026-05-05 18:12:45.832 7 INFO neutron.db.ovn_revision_numbers_db [None req-263418d7-5256-4b96-b58d-76cb2eef773e 92b9d19f86fc481d8c9cd06717aafd18 21f7e52ea8d344a099af113309a25969 - - default default] Successfully bumped revision number for resource 61d97bc9-7d1f-43fe-b5dc-f094e7106efc (type: security_group_rules) to 0
2026-05-05 18:12:45.852 7 INFO neutron.db.ovn_revision_numbers_db [None req-263418d7-5256-4b96-b58d-76cb2eef773e 92b9d19f86fc481d8c9cd06717aafd18 21f7e52ea8d344a099af113309a25969 - - default default] Successfully bumped revision number for resource 85d7d876-d98e-4af1-ac6d-c5928c3b1e6e (type: security_group_rules) to 0
2026-05-05 18:12:45.874 8 INFO neutron_taas.services.taas.taas_plugin [None req-3037bcc5-70b3-4898-aff9-ee72b98b8c0a b4859a6ce4db44e0978a780ad5b2de0d 247d2a9a1bd94b5188c44f57fd425b5c - - default default] TaaS: Handle Delete Port: fbe41c9e-ce8a-49f4-bc04-ee2721d73146
2026-05-05 18:12:45.877 7 INFO neutron.db.ovn_revision_numbers_db [None req-263418d7-5256-4b96-b58d-76cb2eef773e 92b9d19f86fc481d8c9cd06717aafd18 21f7e52ea8d344a099af113309a25969 - - default default] Successfully bumped revision number for resource b21d9508-3ac4-420a-ba61-06be151f5b7c (type: security_group_rules) to 0
2026-05-05 18:12:45.878 8 INFO neutron_taas.services.taas.tap_mirror_plugin [None req-3037bcc5-70b3-4898-aff9-ee72b98b8c0a b4859a6ce4db44e0978a780ad5b2de0d 247d2a9a1bd94b5188c44f57fd425b5c - - default default] Tap Mirror: Handle Delete Port: fbe41c9e-ce8a-49f4-bc04-ee2721d73146
2026-05-05 18:12:45.967 7 INFO neutron.db.segments_db [None req-263418d7-5256-4b96-b58d-76cb2eef773e 92b9d19f86fc481d8c9cd06717aafd18 21f7e52ea8d344a099af113309a25969 - - default default] Added segment 471deb10-e6ab-4feb-b3f6-6f1ecfa02431 of type geneve for network 9dd72bd2-e2e8-4dfb-8187-bd4037a7ee16 [pid: 8|app: 0|req: 787/1526] 10.0.0.25 () {32 vars in 719 bytes} [Tue May 5 18:12:45 2026] DELETE /v2.0/ports/fbe41c9e-ce8a-49f4-bc04-ee2721d73146 => generated 0 bytes in 271 msecs (HTTP/1.1 204) 3 headers in 131 bytes (1 switches on core 0) [pid: 8|app: 0|req: 788/1527] 10.0.0.25 () {32 vars in 642 bytes} [Tue May 5 18:12:46 2026] GET /v2.0/ports => generated 1537 bytes in 47 msecs (HTTP/1.1 200) 4 headers in 158 bytes (1 switches on core 0)
2026-05-05 18:12:46.093 7 INFO neutron.db.ovn_revision_numbers_db [None req-263418d7-5256-4b96-b58d-76cb2eef773e 92b9d19f86fc481d8c9cd06717aafd18 21f7e52ea8d344a099af113309a25969 - - default default] Successfully bumped revision number for resource 9dd72bd2-e2e8-4dfb-8187-bd4037a7ee16 (type: networks) to 1
2026-05-05 18:12:46.111 8 INFO neutron.pecan_wsgi.hooks.translation [None req-30de22d0-6b01-4e3a-baa1-9fbbabb0dbc8 b4859a6ce4db44e0978a780ad5b2de0d 247d2a9a1bd94b5188c44f57fd425b5c - - default default] GET failed (client error): The resource could not be found. [pid: 8|app: 0|req: 789/1528] 10.0.0.25 () {32 vars in 716 bytes} [Tue May 5 18:12:46 2026] GET /v2.0/ports/fbe41c9e-ce8a-49f4-bc04-ee2721d73146 => generated 132 bytes in 50 msecs (HTTP/1.1 404) 4 headers in 164 bytes (1 switches on core 0) [pid: 8|app: 0|req: 790/1529] 10.0.0.41 () {34 vars in 989 bytes} [Tue May 5 18:12:46 2026] GET /v2.0/ports?device_id=463e4b90-ccf1-4eda-99ae-af89b5f5aee9 => generated 975 bytes in 109 msecs (HTTP/1.1 200) 4 headers in 157 bytes (1 switches on core 0) [pid: 8|app: 0|req: 791/1530] 10.0.0.25 () {32 vars in 642 bytes} [Tue May 5 18:12:46 2026] GET /v2.0/ports => generated 1537 bytes in 35 msecs (HTTP/1.1 200) 4 headers in 158 bytes (1 switches on core 0)
2026-05-05 18:12:46.273 7 WARNING neutron.scheduler.dhcp_agent_scheduler [None req-263418d7-5256-4b96-b58d-76cb2eef773e 92b9d19f86fc481d8c9cd06717aafd18 21f7e52ea8d344a099af113309a25969 - - default default] No more DHCP agents
2026-05-05 18:12:46.276 7 WARNING neutron.api.rpc.agentnotifiers.dhcp_rpc_agent_api [None req-263418d7-5256-4b96-b58d-76cb2eef773e 92b9d19f86fc481d8c9cd06717aafd18 21f7e52ea8d344a099af113309a25969 - - default default] Unable to schedule network 9dd72bd2-e2e8-4dfb-8187-bd4037a7ee16: no agents available; will retry on subsequent port and subnet creation events. [pid: 8|app: 0|req: 792/1531] 10.0.0.41 () {34 vars in 1039 bytes} [Tue May 5 18:12:46 2026] GET /v2.0/security-groups?id=e7a52be0-d7b5-46e4-938b-f71df70aa699&fields=id&fields=name => generated 88 bytes in 47 msecs (HTTP/1.1 200) 4 headers in 156 bytes (1 switches on core 0)
2026-05-05 18:12:46.353 7 INFO neutron.plugins.ml2.drivers.ovn.mech_driver.mech_driver [None req-513c399e-0d6e-41e2-84c4-4e3a72608f64 - - - - - -] OVN reports status down for port: 4b168ef6-4901-47cd-8dae-744eb230d8b5 [pid: 8|app: 0|req: 793/1532] 10.0.0.25 () {32 vars in 716 bytes} [Tue May 5 18:12:46 2026] GET /v2.0/ports/7b172b55-d443-4832-ba7d-fab3fc86b942 => generated 778 bytes in 63 msecs (HTTP/1.1 200) 4 headers in 157 bytes (1 switches on core 0)
2026-05-05 18:12:46.391 8 INFO neutron.pecan_wsgi.hooks.translation [None req-f653c70a-f285-4bfa-9fd5-109b00407dce b4859a6ce4db44e0978a780ad5b2de0d 247d2a9a1bd94b5188c44f57fd425b5c - - default default] DELETE failed (client error): The resource could not be found. [pid: 8|app: 0|req: 794/1533] 10.0.0.25 () {32 vars in 719 bytes} [Tue May 5 18:12:46 2026] DELETE /v2.0/ports/adbdad6d-2322-4328-a56d-7a9031c99a1f => generated 132 bytes in 17 msecs (HTTP/1.1 404) 4 headers in 164 bytes (1 switches on core 0)
2026-05-05 18:12:46.408 8 INFO neutron.pecan_wsgi.hooks.translation [None req-0ae2b0a5-8020-4cd6-98fa-d5b955d63530 b4859a6ce4db44e0978a780ad5b2de0d 247d2a9a1bd94b5188c44f57fd425b5c - - default default] DELETE failed (client error): The resource could not be found. [pid: 8|app: 0|req: 795/1534] 10.0.0.25 () {32 vars in 723 bytes} [Tue May 5 18:12:46 2026] DELETE /v2.0/subnets/f7411c0b-27f8-41ce-b203-dcef11779316 => generated 136 bytes in 13 msecs (HTTP/1.1 404) 4 headers in 164 bytes (1 switches on core 0)
2026-05-05 18:12:46.414 7 INFO neutron.db.ovn_revision_numbers_db [None req-263418d7-5256-4b96-b58d-76cb2eef773e 92b9d19f86fc481d8c9cd06717aafd18 21f7e52ea8d344a099af113309a25969 - - default default] Successfully bumped revision number for resource 4b168ef6-4901-47cd-8dae-744eb230d8b5 (type: ports) to 1
2026-05-05 18:12:46.426 8 INFO neutron.pecan_wsgi.hooks.translation [None req-94ea27f7-c610-4280-a1b3-4862af2e9e5b b4859a6ce4db44e0978a780ad5b2de0d 247d2a9a1bd94b5188c44f57fd425b5c - - default default] DELETE failed (client error): The resource could not be found. [pid: 8|app: 0|req: 796/1535] 10.0.0.25 () {32 vars in 723 bytes} [Tue May 5 18:12:46 2026] DELETE /v2.0/subnets/4a996eaf-e5ec-4a42-a603-ed6078e361d2 => generated 136 bytes in 13 msecs (HTTP/1.1 404) 4 headers in 164 bytes (1 switches on core 0) [pid: 7|app: 0|req: 740/1536] 10.0.0.25 () {34 vars in 669 bytes} [Tue May 5 18:12:45 2026] POST /v2.0/networks => generated 669 bytes in 1186 msecs (HTTP/1.1 201) 4 headers in 162 bytes (1 switches on core 0) /var/lib/openstack/lib/python3.12/site-packages/pycadf/identifier.py:70: UserWarning: Invalid uuid: neutron. To ensure interoperability, identifiers should be a valid uuid. warnings.warn(('Invalid uuid: %s. To ensure interoperability, '
2026-05-05 18:12:46.581 8 INFO neutron_taas.services.taas.taas_plugin [None req-5175ede7-8242-4c2b-b232-f45fe736d84d b4859a6ce4db44e0978a780ad5b2de0d 247d2a9a1bd94b5188c44f57fd425b5c - - default default] TaaS: Handle Delete Port: 7b172b55-d443-4832-ba7d-fab3fc86b942
2026-05-05 18:12:46.587 8 INFO neutron_taas.services.taas.tap_mirror_plugin [None req-5175ede7-8242-4c2b-b232-f45fe736d84d b4859a6ce4db44e0978a780ad5b2de0d 247d2a9a1bd94b5188c44f57fd425b5c - - default default] Tap Mirror: Handle Delete Port: 7b172b55-d443-4832-ba7d-fab3fc86b942
2026-05-05 18:12:46.595 7 INFO neutron.db.segments_db [None req-f9d7efda-1983-423a-b8cb-ae154d3bc9dc 92b9d19f86fc481d8c9cd06717aafd18 21f7e52ea8d344a099af113309a25969 - - default default] Added segment 9dd0e1b2-5cfb-4fc4-bfd4-d6c169969bd2 of type geneve for network 84ddfe0c-64ea-49c1-91b2-7194e0cc78e5 [pid: 8|app: 0|req: 797/1537] 10.0.0.25 () {32 vars in 719 bytes} [Tue May 5 18:12:46 2026] DELETE /v2.0/ports/7b172b55-d443-4832-ba7d-fab3fc86b942 => generated 0 bytes in 309 msecs (HTTP/1.1 204) 3 headers in 131 bytes (1 switches on core 0)
2026-05-05 18:12:46.764 7 INFO neutron.db.ovn_revision_numbers_db [None req-f9d7efda-1983-423a-b8cb-ae154d3bc9dc 92b9d19f86fc481d8c9cd06717aafd18 21f7e52ea8d344a099af113309a25969 - - default default] Successfully bumped revision number for resource 84ddfe0c-64ea-49c1-91b2-7194e0cc78e5 (type: networks) to 1
2026-05-05 18:12:46.872 8 INFO neutron_taas.services.taas.taas_plugin [None req-d2ca9404-5fbb-4d60-a06e-8807f1565c4f b4859a6ce4db44e0978a780ad5b2de0d 247d2a9a1bd94b5188c44f57fd425b5c - - default default] TaaS: Handle Delete Port: 060f12ed-063c-4643-b759-8e15e2a472fc
2026-05-05 18:12:46.875 8 INFO neutron_taas.services.taas.tap_mirror_plugin [None req-d2ca9404-5fbb-4d60-a06e-8807f1565c4f b4859a6ce4db44e0978a780ad5b2de0d 247d2a9a1bd94b5188c44f57fd425b5c - - default default] Tap Mirror: Handle Delete Port: 060f12ed-063c-4643-b759-8e15e2a472fc
2026-05-05 18:12:46.987 7 WARNING neutron.scheduler.dhcp_agent_scheduler [None req-f9d7efda-1983-423a-b8cb-ae154d3bc9dc 92b9d19f86fc481d8c9cd06717aafd18 21f7e52ea8d344a099af113309a25969 - - default default] No more DHCP agents
2026-05-05 18:12:46.989 7 WARNING neutron.api.rpc.agentnotifiers.dhcp_rpc_agent_api [None req-f9d7efda-1983-423a-b8cb-ae154d3bc9dc 92b9d19f86fc481d8c9cd06717aafd18 21f7e52ea8d344a099af113309a25969 - - default default] Unable to schedule network 84ddfe0c-64ea-49c1-91b2-7194e0cc78e5: no agents available; will retry on subsequent port and subnet creation events.
2026-05-05 18:12:47.057 7 INFO neutron.plugins.ml2.drivers.ovn.mech_driver.mech_driver [None req-513c399e-0d6e-41e2-84c4-4e3a72608f64 - - - - - -] OVN reports status down for port: 37daee47-0e64-4e8e-9796-f8dd4f92f621
2026-05-05 18:12:47.102 8 INFO neutron.services.segments.plugin [-] Segment c424c9d6-7514-4a37-b6e0-3d2a450366f4 resource provider aggregate not found
2026-05-05 18:12:47.108 8 INFO neutron.services.segments.plugin [-] Segment c424c9d6-7514-4a37-b6e0-3d2a450366f4 resource provider aggregate not found
2026-05-05 18:12:47.113 7 INFO neutron.db.ovn_revision_numbers_db [None req-f9d7efda-1983-423a-b8cb-ae154d3bc9dc 92b9d19f86fc481d8c9cd06717aafd18 21f7e52ea8d344a099af113309a25969 - - default default] Successfully bumped revision number for resource 37daee47-0e64-4e8e-9796-f8dd4f92f621 (type: ports) to 1
2026-05-05 18:12:47.132 8 INFO neutron.services.segments.plugin [-] Segment c424c9d6-7514-4a37-b6e0-3d2a450366f4 resource provider not found; error: Placement Client Error (4xx): {"errors": [{"status": 404, "title": "Not Found", "detail": "The resource could not be found.\n\n No resource provider with uuid c424c9d6-7514-4a37-b6e0-3d2a450366f4 found for delete ", "request_id": "req-fedb9452-52ee-447b-ba3e-92dc241ce73c"}]}
2026-05-05 18:12:47.138 8 INFO neutron.services.segments.plugin [-] Segment c424c9d6-7514-4a37-b6e0-3d2a450366f4 resource provider not found; error: Placement Client Error (4xx): {"errors": [{"status": 404, "title": "Not Found", "detail": "The resource could not be found.\n\n No resource provider with uuid c424c9d6-7514-4a37-b6e0-3d2a450366f4 found for delete ", "request_id": "req-e3f0ae5c-bf47-4d1d-b4a9-f6298cae4f85"}]} [pid: 8|app: 0|req: 798/1538] 10.0.0.25 () {32 vars in 725 bytes} [Tue May 5 18:12:46 2026] DELETE /v2.0/networks/623f44ab-503c-46f0-889d-04e2e13c64b3 => generated 0 bytes in 424 msecs (HTTP/1.1 204) 3 headers in 131 bytes (1 switches on core 0) [pid: 7|app: 0|req: 741/1539] 10.0.0.25 () {34 vars in 669 bytes} [Tue May 5 18:12:46 2026] POST /v2.0/networks => generated 669 bytes in 691 msecs (HTTP/1.1 201) 4 headers in 162 bytes (1 switches on core 0)
2026-05-05 18:12:47.298 8 INFO neutron.db.segments_db [None req-5443e124-1963-4965-8a2b-15eeab8ead3f 92b9d19f86fc481d8c9cd06717aafd18 21f7e52ea8d344a099af113309a25969 - - default default] Added segment ead05c9e-5441-4852-8a5c-3104f56ea306 of type geneve for network 1ddf7789-db7a-4f7c-b94e-ef7c3cacd864
2026-05-05 18:12:47.344 7 INFO neutron.notifiers.nova [-] Nova event matching ['req-c8905d9d-f5ce-49cf-bdb2-52c945f8eb1f'] response: {'server_uuid': '463e4b90-ccf1-4eda-99ae-af89b5f5aee9', 'name': 'network-vif-plugged', 'status': 'completed', 'tag': 'f13f0a05-4ce6-4e97-a21a-bee158abaaad', 'code': 200}
2026-05-05 18:12:47.433 8 INFO neutron.db.ovn_revision_numbers_db [None req-5443e124-1963-4965-8a2b-15eeab8ead3f 92b9d19f86fc481d8c9cd06717aafd18 21f7e52ea8d344a099af113309a25969 - - default default] Successfully bumped revision number for resource 1ddf7789-db7a-4f7c-b94e-ef7c3cacd864 (type: networks) to 1 [pid: 7|app: 0|req: 742/1540] 10.0.0.41 () {34 vars in 989 bytes} [Tue May 5 18:12:47 2026] GET /v2.0/ports?device_id=463e4b90-ccf1-4eda-99ae-af89b5f5aee9 => generated 975 bytes in 57 msecs (HTTP/1.1 200) 4 headers in 157 bytes (1 switches on core 0) [pid: 7|app: 0|req: 743/1541] 10.0.0.41 () {34 vars in 1039 bytes} [Tue May 5 18:12:47 2026] GET /v2.0/security-groups?id=e7a52be0-d7b5-46e4-938b-f71df70aa699&fields=id&fields=name => generated 88 bytes in 32 msecs (HTTP/1.1 200) 4 headers in 156 bytes (1 switches on core 0)
2026-05-05 18:12:47.640 8 WARNING neutron.scheduler.dhcp_agent_scheduler [None req-5443e124-1963-4965-8a2b-15eeab8ead3f 92b9d19f86fc481d8c9cd06717aafd18 21f7e52ea8d344a099af113309a25969 - - default default] No more DHCP agents
2026-05-05 18:12:47.643 8 WARNING neutron.api.rpc.agentnotifiers.dhcp_rpc_agent_api [None req-5443e124-1963-4965-8a2b-15eeab8ead3f 92b9d19f86fc481d8c9cd06717aafd18 21f7e52ea8d344a099af113309a25969 - - default default] Unable to schedule network 1ddf7789-db7a-4f7c-b94e-ef7c3cacd864: no agents available; will retry on subsequent port and subnet creation events.
2026-05-05 18:12:47.691 8 INFO neutron.plugins.ml2.drivers.ovn.mech_driver.mech_driver [None req-e6f1fe4d-db50-4f9c-ab07-0f4c5d7842df - - - - - -] OVN reports status down for port: 802585d8-3f10-48b3-b7b4-9b9800eea03d
2026-05-05 18:12:47.754 8 INFO neutron.db.ovn_revision_numbers_db [None req-5443e124-1963-4965-8a2b-15eeab8ead3f 92b9d19f86fc481d8c9cd06717aafd18 21f7e52ea8d344a099af113309a25969 - - default default] Successfully bumped revision number for resource 802585d8-3f10-48b3-b7b4-9b9800eea03d (type: ports) to 1 [pid: 8|app: 0|req: 799/1542] 10.0.0.25 () {34 vars in 669 bytes} [Tue May 5 18:12:47 2026] POST /v2.0/networks => generated 668 bytes in 610 msecs (HTTP/1.1 201) 4 headers in 162 bytes (1 switches on core 0) [pid: 8|app: 0|req: 800/1543] 10.0.0.25 () {32 vars in 773 bytes} [Tue May 5 18:12:47 2026] GET /v2.0/security-groups?tenant_id=247d2a9a1bd94b5188c44f57fd425b5c&name=default => generated 2925 bytes in 83 msecs (HTTP/1.1 200) 4 headers in 158 bytes (1 switches on core 0) [pid: 8|app: 0|req: 801/1544] 10.0.0.41 () {34 vars in 989 bytes} [Tue May 5 18:12:47 2026] GET /v2.0/ports?device_id=463e4b90-ccf1-4eda-99ae-af89b5f5aee9 => generated 975 bytes in 38 msecs (HTTP/1.1 200) 4 headers in 157 bytes (1 switches on core 0)
2026-05-05 18:12:48.000 8 INFO neutron.db.segments_db [None req-92a1c54f-0e3d-42d5-adf0-46e38cff6340 92b9d19f86fc481d8c9cd06717aafd18 21f7e52ea8d344a099af113309a25969 - - default default] Added segment 923a2583-19fd-48b2-85e6-3d3b09624e42 of type geneve for network 6ca692a7-d6e0-4fdc-a0a3-52ed25ad68b5
2026-05-05 18:12:48.038 7 INFO neutron.db.ovn_revision_numbers_db [None req-8e115c9b-002c-42b8-823d-55d7aa2f9ce6 459ef535da0844efa63a14175151e1ee 188213ec65744ac082ffb0a3b2297c80 - - default default] Successfully bumped revision number for resource a62aa9b4-6cb4-44f1-993b-8008dc1a07d9 (type: security_groups) to 1
2026-05-05 18:12:48.051 7 INFO neutron.db.ovn_revision_numbers_db [None req-8e115c9b-002c-42b8-823d-55d7aa2f9ce6 459ef535da0844efa63a14175151e1ee 188213ec65744ac082ffb0a3b2297c80 - - default default] Successfully bumped revision number for resource 121c7d44-373f-44b3-a5d0-f2a4efc3a731 (type: security_group_rules) to 0
2026-05-05 18:12:48.063 7 INFO neutron.db.ovn_revision_numbers_db [None req-8e115c9b-002c-42b8-823d-55d7aa2f9ce6 459ef535da0844efa63a14175151e1ee 188213ec65744ac082ffb0a3b2297c80 - - default default] Successfully bumped revision number for resource 33624bde-92e4-4462-b8dd-5d814e58259f (type: security_group_rules) to 0
2026-05-05 18:12:48.076 7 INFO neutron.db.ovn_revision_numbers_db [None req-8e115c9b-002c-42b8-823d-55d7aa2f9ce6 459ef535da0844efa63a14175151e1ee 188213ec65744ac082ffb0a3b2297c80 - - default default] Successfully bumped revision number for resource b5a0c154-5d19-47a4-8f9d-3bbe83ae0171 (type: security_group_rules) to 0
2026-05-05 18:12:48.090 7 INFO neutron.db.ovn_revision_numbers_db [None req-8e115c9b-002c-42b8-823d-55d7aa2f9ce6 459ef535da0844efa63a14175151e1ee 188213ec65744ac082ffb0a3b2297c80 - - default default] Successfully bumped revision number for resource e88f47c9-367d-495d-b411-dd8c86c295a1 (type: security_group_rules) to 0
2026-05-05 18:12:48.121 8 INFO neutron.db.ovn_revision_numbers_db [None req-92a1c54f-0e3d-42d5-adf0-46e38cff6340 92b9d19f86fc481d8c9cd06717aafd18 21f7e52ea8d344a099af113309a25969 - - default default] Successfully bumped revision number for resource 6ca692a7-d6e0-4fdc-a0a3-52ed25ad68b5 (type: networks) to 1
2026-05-05 18:12:48.196 7 INFO neutron.db.segments_db [None req-8e115c9b-002c-42b8-823d-55d7aa2f9ce6 459ef535da0844efa63a14175151e1ee 188213ec65744ac082ffb0a3b2297c80 - - default default] Added segment 21ad289f-f4eb-47de-8dff-3c9be8a630ee of type geneve for network 8aa35aa8-ebf0-4c5f-9ddc-c692d1dde375
2026-05-05 18:12:48.319 8 WARNING neutron.scheduler.dhcp_agent_scheduler [None req-92a1c54f-0e3d-42d5-adf0-46e38cff6340 92b9d19f86fc481d8c9cd06717aafd18 21f7e52ea8d344a099af113309a25969 - - default default] No more DHCP agents
2026-05-05 18:12:48.321 8 WARNING neutron.api.rpc.agentnotifiers.dhcp_rpc_agent_api [None req-92a1c54f-0e3d-42d5-adf0-46e38cff6340 92b9d19f86fc481d8c9cd06717aafd18 21f7e52ea8d344a099af113309a25969 - - default default] Unable to schedule network 6ca692a7-d6e0-4fdc-a0a3-52ed25ad68b5: no agents available; will retry on subsequent port and subnet creation events.
2026-05-05 18:12:48.341 7 INFO neutron.db.ovn_revision_numbers_db [None req-8e115c9b-002c-42b8-823d-55d7aa2f9ce6 459ef535da0844efa63a14175151e1ee 188213ec65744ac082ffb0a3b2297c80 - - default default] Successfully bumped revision number for resource 8aa35aa8-ebf0-4c5f-9ddc-c692d1dde375 (type: networks) to 1
2026-05-05 18:12:48.367 8 INFO neutron.plugins.ml2.drivers.ovn.mech_driver.mech_driver [None req-e6f1fe4d-db50-4f9c-ab07-0f4c5d7842df - - - - - -] OVN reports status down for port: f9b7cbb0-0ac1-4754-9b29-8d51bed08762
2026-05-05 18:12:48.423 8 INFO neutron.db.ovn_revision_numbers_db [None req-92a1c54f-0e3d-42d5-adf0-46e38cff6340 92b9d19f86fc481d8c9cd06717aafd18 21f7e52ea8d344a099af113309a25969 - - default default] Successfully bumped revision number for resource f9b7cbb0-0ac1-4754-9b29-8d51bed08762 (type: ports) to 1 [pid: 8|app: 0|req: 802/1545] 10.0.0.25 () {34 vars in 669 bytes} [Tue May 5 18:12:47 2026] POST /v2.0/networks => generated 670 bytes in 559 msecs (HTTP/1.1 201) 4 headers in 162 bytes (1 switches on core 0)
2026-05-05 18:12:48.532 7 WARNING neutron.scheduler.dhcp_agent_scheduler [None req-8e115c9b-002c-42b8-823d-55d7aa2f9ce6 459ef535da0844efa63a14175151e1ee 188213ec65744ac082ffb0a3b2297c80 - - default default] No more DHCP agents
2026-05-05 18:12:48.533 7 WARNING neutron.api.rpc.agentnotifiers.dhcp_rpc_agent_api [None req-8e115c9b-002c-42b8-823d-55d7aa2f9ce6 459ef535da0844efa63a14175151e1ee 188213ec65744ac082ffb0a3b2297c80 - - default default] Unable to schedule network 8aa35aa8-ebf0-4c5f-9ddc-c692d1dde375: no agents available; will retry on subsequent port and subnet creation events.
2026-05-05 18:12:48.588 8 INFO neutron.plugins.ml2.drivers.ovn.mech_driver.mech_driver [None req-e6f1fe4d-db50-4f9c-ab07-0f4c5d7842df - - - - - -] OVN reports status down for port: a248d17a-df57-410b-bbb8-e0ccbd3dc8eb
2026-05-05 18:12:48.620 7 INFO neutron.db.ovn_revision_numbers_db [None req-8e115c9b-002c-42b8-823d-55d7aa2f9ce6 459ef535da0844efa63a14175151e1ee 188213ec65744ac082ffb0a3b2297c80 - - default default] Successfully bumped revision number for resource a248d17a-df57-410b-bbb8-e0ccbd3dc8eb (type: ports) to 1 [pid: 7|app: 0|req: 744/1546] 10.0.0.25 () {34 vars in 670 bytes} [Tue May 5 18:12:47 2026] POST /v2.0/networks => generated 671 bytes in 1012 msecs (HTTP/1.1 201) 4 headers in 162 bytes (1 switches on core 0) [pid: 7|app: 0|req: 745/1547] 10.0.0.41 () {34 vars in 1039 bytes} [Tue May 5 18:12:48 2026] GET /v2.0/security-groups?id=e7a52be0-d7b5-46e4-938b-f71df70aa699&fields=id&fields=name => generated 88 bytes in 29 msecs (HTTP/1.1 200) 4 headers in 156 bytes (1 switches on core 0) [pid: 8|app: 0|req: 803/1548] 10.0.0.25 () {32 vars in 739 bytes} [Tue May 5 18:12:48 2026] DELETE /v2.0/security-groups/95652096-6c84-49d9-8e94-c27bdabe62a4 => generated 0 bytes in 303 msecs (HTTP/1.1 204) 2 headers in 112 bytes (1 switches on core 0)
2026-05-05 18:12:48.777 7 INFO neutron.db.segments_db [None req-6404e901-dad1-49f5-8147-38873e2d13b7 92b9d19f86fc481d8c9cd06717aafd18 21f7e52ea8d344a099af113309a25969 - - default default] Added segment 5f02a47f-e240-4f1d-9f99-2a940a6e1c64 of type geneve for network 4f052443-a41e-478d-89b3-c8af82d32358
2026-05-05 18:12:48.840 7 INFO neutron.plugins.ml2.drivers.ovn.mech_driver.mech_driver [None req-513c399e-0d6e-41e2-84c4-4e3a72608f64 - - - - - -] OVN reports status down for port: f13f0a05-4ce6-4e97-a21a-bee158abaaad
2026-05-05 18:12:48.939 7 INFO neutron.db.ovn_revision_numbers_db [None req-6404e901-dad1-49f5-8147-38873e2d13b7 92b9d19f86fc481d8c9cd06717aafd18 21f7e52ea8d344a099af113309a25969 - - default default] Successfully bumped revision number for resource 4f052443-a41e-478d-89b3-c8af82d32358 (type: networks) to 1
2026-05-05 18:12:49.206 8 WARNING neutron.scheduler.dhcp_agent_scheduler [None req-b3c8068a-ec9e-4f47-b272-1557e5110ded 459ef535da0844efa63a14175151e1ee 188213ec65744ac082ffb0a3b2297c80 - - default default] No more DHCP agents
2026-05-05 18:12:49.207 8 WARNING neutron.api.rpc.agentnotifiers.dhcp_rpc_agent_api [None req-b3c8068a-ec9e-4f47-b272-1557e5110ded 459ef535da0844efa63a14175151e1ee 188213ec65744ac082ffb0a3b2297c80 - - default default] Unable to schedule network 9d72c4b0-a0b8-4f85-a60c-0a8ac8a75396: no agents available; will retry on subsequent port and subnet creation events.
2026-05-05 18:12:49.267 7 WARNING neutron.scheduler.dhcp_agent_scheduler [None req-6404e901-dad1-49f5-8147-38873e2d13b7 92b9d19f86fc481d8c9cd06717aafd18 21f7e52ea8d344a099af113309a25969 - - default default] No more DHCP agents
2026-05-05 18:12:49.271 7 WARNING neutron.api.rpc.agentnotifiers.dhcp_rpc_agent_api [None req-6404e901-dad1-49f5-8147-38873e2d13b7 92b9d19f86fc481d8c9cd06717aafd18 21f7e52ea8d344a099af113309a25969 - - default default] Unable to schedule network 4f052443-a41e-478d-89b3-c8af82d32358: no agents available; will retry on subsequent port and subnet creation events.
2026-05-05 18:12:49.308 7 INFO neutron.db.ovn_revision_numbers_db [None req-513c399e-0d6e-41e2-84c4-4e3a72608f64 - - - - - -] Successfully bumped revision number for resource f13f0a05-4ce6-4e97-a21a-bee158abaaad (type: ports) to 6
2026-05-05 18:12:49.323 8 INFO neutron.db.ovn_revision_numbers_db [None req-b3c8068a-ec9e-4f47-b272-1557e5110ded 459ef535da0844efa63a14175151e1ee 188213ec65744ac082ffb0a3b2297c80 - - default default] Successfully bumped revision number for resource 5a8fbba3-6723-422e-97fc-3a91c83cff49 (type: ports) to 1
2026-05-05 18:12:49.434 7 INFO neutron.notifiers.nova [-] Nova event matching ['req-d5f8a2df-64bb-4e9c-85e8-c10d14caa41e'] response: {'server_uuid': '463e4b90-ccf1-4eda-99ae-af89b5f5aee9', 'name': 'network-vif-unplugged', 'status': 'completed', 'tag': 'f13f0a05-4ce6-4e97-a21a-bee158abaaad', 'code': 200}
2026-05-05 18:12:49.448 7 INFO neutron.plugins.ml2.drivers.ovn.mech_driver.mech_driver [None req-85592602-2da9-43cb-9f74-caa2817065c2 - - - - - -] OVN reports status down for port: 5a8fbba3-6723-422e-97fc-3a91c83cff49
2026-05-05 18:12:49.451 7 INFO neutron.db.ovn_revision_numbers_db [None req-6404e901-dad1-49f5-8147-38873e2d13b7 92b9d19f86fc481d8c9cd06717aafd18 21f7e52ea8d344a099af113309a25969 - - default default] Successfully bumped revision number for resource 02209c2e-8dde-41ff-9f20-614aacb3c67b (type: ports) to 1 [pid: 7|app: 0|req: 746/1549] 10.0.0.25 () {34 vars in 669 bytes} [Tue May 5 18:12:48 2026] POST /v2.0/networks => generated 670 bytes in 819 msecs (HTTP/1.1 201) 4 headers in 162 bytes (1 switches on core 0) /var/lib/openstack/lib/python3.12/site-packages/pycadf/identifier.py:70: UserWarning: Invalid uuid: neutron. To ensure interoperability, identifiers should be a valid uuid. warnings.warn(('Invalid uuid: %s. To ensure interoperability, '
