2026-05-05 18:14:35.827 7 WARNING neutron.api.rpc.agentnotifiers.dhcp_rpc_agent_api [None req-65ba7086-4c60-4f74-862b-7392ef60f9eb 5070859b914c42c3831975849e95d647 e199110985b84ca28da52ad2275ed6ec - - default default] Unable to schedule network d9c193d9-de0e-472a-b624-9f2a64657615: no agents available; will retry on subsequent port and subnet creation events.
2026-05-05 18:14:35.904 8 WARNING neutron.scheduler.dhcp_agent_scheduler [None req-7a674951-1b18-4ef8-ad60-9960eb120ed6 17c1b65d77324ff287a58fcc73d74c65 6cf188f093604dcca2d0167d4678cd66 - - default default] No more DHCP agents
2026-05-05 18:14:35.906 8 WARNING neutron.api.rpc.agentnotifiers.dhcp_rpc_agent_api [None req-7a674951-1b18-4ef8-ad60-9960eb120ed6 17c1b65d77324ff287a58fcc73d74c65 6cf188f093604dcca2d0167d4678cd66 - - default default] Unable to schedule network b79b3520-aa1b-4ebf-aa7f-c52d892c81bf: no agents available; will retry on subsequent port and subnet creation events.
2026-05-05 18:14:35.975 7 INFO neutron.plugins.ml2.drivers.ovn.mech_driver.mech_driver [None req-8c0875d5-fc00-41a2-bc61-189e26b4d102 - - - - - -] OVN reports status down for port: e88267ed-84ec-41e5-9347-ab0d5de0eea7
2026-05-05 18:14:35.992 8 INFO neutron.db.ovn_revision_numbers_db [None req-7a674951-1b18-4ef8-ad60-9960eb120ed6 17c1b65d77324ff287a58fcc73d74c65 6cf188f093604dcca2d0167d4678cd66 - - default default] Successfully bumped revision number for resource e88267ed-84ec-41e5-9347-ab0d5de0eea7 (type: ports) to 1 [pid: 8|app: 0|req: 1235/2374] 10.0.0.25 () {34 vars in 669 bytes} [Tue May 5 18:14:35 2026] POST /v2.0/networks => generated 668 bytes in 491 msecs (HTTP/1.1 201) 4 headers in 162 bytes (1 switches on core 0) [pid: 8|app: 0|req: 1236/2375] 10.0.0.25 () {32 vars in 739 bytes} [Tue May 5 18:14:36 2026] DELETE /v2.0/security-groups/20177cad-9f85-4c5c-a6e0-490466a72a00 => generated 0 bytes in 228 msecs (HTTP/1.1 204) 2 headers in 112 bytes (1 switches on core 0)
2026-05-05 18:14:36.412 7 INFO neutron.db.ovn_revision_numbers_db [None req-708f53b9-c590-4f8a-806b-4cd0829aab46 - - - - - -] Successfully bumped revision number for resource e867bb72-aed7-431c-8c16-54ad8fc60a05 (type: ports) to 2
2026-05-05 18:14:36.452 7 INFO neutron.db.ovn_revision_numbers_db [None req-708f53b9-c590-4f8a-806b-4cd0829aab46 - - - - - -] Successfully bumped revision number for resource c4e0132e-208d-4cd0-979a-e8283e629af9 (type: subnets) to 0 [pid: 7|app: 0|req: 1140/2376] 10.0.0.25 () {34 vars in 668 bytes} [Tue May 5 18:14:35 2026] POST /v2.0/subnets => generated 687 bytes in 787 msecs (HTTP/1.1 201) 4 headers in 162 bytes (1 switches on core 0)
2026-05-05 18:14:36.536 8 INFO neutron_taas.services.taas.taas_plugin [None req-1e181eef-adf6-48c6-a47a-b1a3f90a3dd8 801528e34d9c4b2292998a27e139701f a1518934518d4913871404bbc0e5f426 - - default default] TaaS: Handle Delete Port: 9045fcae-c71f-4aeb-8e18-dafe3a28a68a
2026-05-05 18:14:36.539 8 INFO neutron_taas.services.taas.tap_mirror_plugin [None req-1e181eef-adf6-48c6-a47a-b1a3f90a3dd8 801528e34d9c4b2292998a27e139701f a1518934518d4913871404bbc0e5f426 - - default default] Tap Mirror: Handle Delete Port: 9045fcae-c71f-4aeb-8e18-dafe3a28a68a
2026-05-05 18:14:36.646 7 WARNING neutron.scheduler.dhcp_agent_scheduler [None req-82d3b3ef-38d3-4f1b-b15b-96f546f07fab 17c1b65d77324ff287a58fcc73d74c65 6cf188f093604dcca2d0167d4678cd66 - - default default] No more DHCP agents
2026-05-05 18:14:36.647 7 WARNING neutron.api.rpc.agentnotifiers.dhcp_rpc_agent_api [None req-82d3b3ef-38d3-4f1b-b15b-96f546f07fab 17c1b65d77324ff287a58fcc73d74c65 6cf188f093604dcca2d0167d4678cd66 - - default default] Unable to schedule network b79b3520-aa1b-4ebf-aa7f-c52d892c81bf: no agents available; will retry on subsequent port and subnet creation events.
2026-05-05 18:14:36.779 8 INFO neutron_taas.services.taas.taas_plugin [None req-9714624b-1e7d-4fa6-bb32-491fca62c70a - - - - - -] TaaS: Handle Delete Port: 7a760c2d-134b-4791-ad6f-7609ae802ebc
2026-05-05 18:14:36.782 8 INFO neutron_taas.services.taas.tap_mirror_plugin [None req-9714624b-1e7d-4fa6-bb32-491fca62c70a - - - - - -] Tap Mirror: Handle Delete Port: 7a760c2d-134b-4791-ad6f-7609ae802ebc
2026-05-05 18:14:37.126 7 INFO neutron.db.ovn_revision_numbers_db [None req-ac2af968-1bd8-4e19-87bd-8cecddacf4e7 - - - - - -] Successfully bumped revision number for resource e88267ed-84ec-41e5-9347-ab0d5de0eea7 (type: ports) to 2
2026-05-05 18:14:37.161 8 INFO neutron_taas.services.taas.taas_plugin [None req-15065fb5-e8cb-43af-a158-271a07e3f6ad - - - - - -] TaaS: Handle Delete Port: 1ff9aca7-e36d-4e2a-a17f-d018a9df5547
2026-05-05 18:14:37.164 8 INFO neutron_taas.services.taas.tap_mirror_plugin [None req-15065fb5-e8cb-43af-a158-271a07e3f6ad - - - - - -] Tap Mirror: Handle Delete Port: 1ff9aca7-e36d-4e2a-a17f-d018a9df5547
2026-05-05 18:14:37.166 7 INFO neutron.db.ovn_revision_numbers_db [None req-ac2af968-1bd8-4e19-87bd-8cecddacf4e7 - - - - - -] Successfully bumped revision number for resource 0f02428f-e82b-40bf-8948-e105601bf7f5 (type: subnets) to 0 [pid: 7|app: 0|req: 1141/2377] 10.0.0.25 () {34 vars in 668 bytes} [Tue May 5 18:14:36 2026] POST /v2.0/subnets => generated 626 bytes in 712 msecs (HTTP/1.1 201) 4 headers in 162 bytes (1 switches on core 0)
2026-05-05 18:14:37.350 7 INFO neutron.db.ovn_revision_numbers_db [None req-0899d8af-2ad0-42a3-ab3d-883910208c4a 5070859b914c42c3831975849e95d647 e199110985b84ca28da52ad2275ed6ec - - default default] Successfully bumped revision number for resource 366d4e6c-bcab-4999-a27d-367cca8ba6c2 (type: security_groups) to 1
2026-05-05 18:14:37.363 7 INFO neutron.db.ovn_revision_numbers_db [None req-0899d8af-2ad0-42a3-ab3d-883910208c4a 5070859b914c42c3831975849e95d647 e199110985b84ca28da52ad2275ed6ec - - default default] Successfully bumped revision number for resource 24b0bd34-2bd5-4366-8127-d3676879dfe5 (type: security_group_rules) to 0
2026-05-05 18:14:37.378 7 INFO neutron.db.ovn_revision_numbers_db [None req-0899d8af-2ad0-42a3-ab3d-883910208c4a 5070859b914c42c3831975849e95d647 e199110985b84ca28da52ad2275ed6ec - - default default] Successfully bumped revision number for resource 6d06e575-ddc8-4fd0-b9fe-00765812fb7b (type: security_group_rules) to 0
2026-05-05 18:14:37.401 7 INFO neutron.db.ovn_revision_numbers_db [None req-0899d8af-2ad0-42a3-ab3d-883910208c4a 5070859b914c42c3831975849e95d647 e199110985b84ca28da52ad2275ed6ec - - default default] Successfully bumped revision number for resource 903d1918-255b-4129-8a90-b12cc9d3d521 (type: security_group_rules) to 0
2026-05-05 18:14:37.416 7 INFO neutron.db.ovn_revision_numbers_db [None req-0899d8af-2ad0-42a3-ab3d-883910208c4a 5070859b914c42c3831975849e95d647 e199110985b84ca28da52ad2275ed6ec - - default default] Successfully bumped revision number for resource bad757ac-0bfc-4213-b72f-d73a6469b52b (type: security_group_rules) to 0 [pid: 7|app: 0|req: 1142/2378] 10.0.0.25 () {32 vars in 773 bytes} [Tue May 5 18:14:37 2026] GET /v2.0/security-groups?tenant_id=dfd5026b1fab43a1a6112498de0ab9c3&name=default => generated 2925 bytes in 284 msecs (HTTP/1.1 200) 4 headers in 158 bytes (1 switches on core 0)
2026-05-05 18:14:37.938 7 WARNING neutron.scheduler.dhcp_agent_scheduler [None req-ef63c776-3eab-44b8-8a34-283c18a55104 5070859b914c42c3831975849e95d647 e199110985b84ca28da52ad2275ed6ec - - default default] No more DHCP agents
2026-05-05 18:14:37.940 7 WARNING neutron.api.rpc.agentnotifiers.dhcp_rpc_agent_api [None req-ef63c776-3eab-44b8-8a34-283c18a55104 5070859b914c42c3831975849e95d647 e199110985b84ca28da52ad2275ed6ec - - default default] Unable to schedule network 9d72c4b0-a0b8-4f85-a60c-0a8ac8a75396: no agents available; will retry on subsequent port and subnet creation events.
2026-05-05 18:14:38.081 8 INFO neutron_taas.services.taas.taas_plugin [None req-15065fb5-e8cb-43af-a158-271a07e3f6ad - - - - - -] TaaS: Handle Delete Port: 617bcb60-e649-4de5-8deb-70cae895d34b
2026-05-05 18:14:38.085 8 INFO neutron_taas.services.taas.tap_mirror_plugin [None req-15065fb5-e8cb-43af-a158-271a07e3f6ad - - - - - -] Tap Mirror: Handle Delete Port: 617bcb60-e649-4de5-8deb-70cae895d34b
2026-05-05 18:14:38.107 7 INFO neutron.db.ovn_revision_numbers_db [None req-ef63c776-3eab-44b8-8a34-283c18a55104 5070859b914c42c3831975849e95d647 e199110985b84ca28da52ad2275ed6ec - - default default] Successfully bumped revision number for resource 547028a9-eb4e-4cb5-9567-ffe9aae88ba0 (type: ports) to 1
2026-05-05 18:14:38.284 8 INFO neutron.services.segments.plugin [-] Segment d320daeb-1cf6-4d02-baf4-16fd1e7ee27d resource provider aggregate not found
2026-05-05 18:14:38.288 8 INFO neutron.services.segments.plugin [-] Segment d320daeb-1cf6-4d02-baf4-16fd1e7ee27d resource provider aggregate not found
2026-05-05 18:14:38.307 8 INFO neutron.services.segments.plugin [-] Segment d320daeb-1cf6-4d02-baf4-16fd1e7ee27d resource provider not found; error: Placement Client Error (4xx): {"errors": [{"status": 404, "title": "Not Found", "detail": "The resource could not be found.\n\n No resource provider with uuid d320daeb-1cf6-4d02-baf4-16fd1e7ee27d found for delete ", "request_id": "req-9c34bbad-f372-496e-89fa-32bb281163ef"}]}
2026-05-05 18:14:38.313 8 INFO neutron.services.segments.plugin [-] Segment d320daeb-1cf6-4d02-baf4-16fd1e7ee27d resource provider not found; error: Placement Client Error (4xx): {"errors": [{"status": 404, "title": "Not Found", "detail": "The resource could not be found.\n\n No resource provider with uuid d320daeb-1cf6-4d02-baf4-16fd1e7ee27d found for delete ", "request_id": "req-815a3f5a-2732-494f-bc82-a607af76eab2"}]} [pid: 8|app: 0|req: 1237/2379] 10.0.0.25 () {32 vars in 739 bytes} [Tue May 5 18:14:36 2026] DELETE /v2.0/vpn/vpnservices/06d486c8-4307-4744-b982-47162242edeb => generated 0 bytes in 2100 msecs (HTTP/1.1 204) 2 headers in 112 bytes (1 switches on core 0) /var/lib/openstack/lib/python3.12/site-packages/pycadf/identifier.py:70: UserWarning: Invalid uuid: neutron. To ensure interoperability, identifiers should be a valid uuid. warnings.warn(('Invalid uuid: %s. To ensure interoperability, '
2026-05-05 18:14:38.493 8 INFO neutron.db.ovn_revision_numbers_db [None req-1898b196-ea77-44f0-868d-6c22f486f6e1 17c1b65d77324ff287a58fcc73d74c65 6cf188f093604dcca2d0167d4678cd66 - - default default] Successfully bumped revision number for resource 7d68037e-122d-4cad-9168-60f20c638f82 (type: routers) to 1 [pid: 8|app: 0|req: 1238/2380] 10.0.0.25 () {34 vars in 668 bytes} [Tue May 5 18:14:38 2026] POST /v2.0/routers => generated 602 bytes in 164 msecs (HTTP/1.1 201) 4 headers in 162 bytes (1 switches on core 0) [pid: 8|app: 0|req: 1239/2381] 10.0.0.25 () {32 vars in 739 bytes} [Tue May 5 18:14:38 2026] DELETE /v2.0/security-groups/366d4e6c-bcab-4999-a27d-367cca8ba6c2 => generated 0 bytes in 260 msecs (HTTP/1.1 204) 2 headers in 112 bytes (1 switches on core 0)
2026-05-05 18:14:38.777 7 INFO neutron.plugins.ml2.drivers.ovn.mech_driver.ovsdb.commands [None req-bc7d7c77-cf6d-4b1d-a1bc-4ba8c62ca701 - - - - - -] Schedule LRP lrp-547028a9-eb4e-4cb5-9567-ffe9aae88ba0 on gateway 5e54cd30-6db1-4949-be7a-a68d38d7acc3 with priority 1 [pid: 8|app: 0|req: 1240/2382] 10.0.0.25 () {32 vars in 662 bytes} [Tue May 5 18:14:38 2026] GET /v2.0/vpn/vpnservices => generated 863 bytes in 17 msecs (HTTP/1.1 200) 4 headers in 157 bytes (1 switches on core 0)
2026-05-05 18:14:38.838 7 INFO neutron.db.ovn_revision_numbers_db [None req-ef63c776-3eab-44b8-8a34-283c18a55104 5070859b914c42c3831975849e95d647 e199110985b84ca28da52ad2275ed6ec - - default default] Successfully bumped revision number for resource 547028a9-eb4e-4cb5-9567-ffe9aae88ba0 (type: router_ports) to 1
2026-05-05 18:14:38.880 8 INFO neutron.plugins.ml2.drivers.ovn.mech_driver.ovsdb.ovsdb_monitor [None req-765c4dfa-b47e-4da2-8a79-fa5649159d9d - - - - - -] Router 8672ee55-53c8-4096-855f-6783101e0eaa is bound to host instance
2026-05-05 18:14:38.891 7 INFO neutron.db.ovn_revision_numbers_db [None req-ef63c776-3eab-44b8-8a34-283c18a55104 5070859b914c42c3831975849e95d647 e199110985b84ca28da52ad2275ed6ec - - default default] Successfully bumped revision number for resource 8672ee55-53c8-4096-855f-6783101e0eaa (type: routers) to 2 [pid: 7|app: 0|req: 1143/2383] 10.0.0.25 () {34 vars in 668 bytes} [Tue May 5 18:14:37 2026] POST /v2.0/routers => generated 965 bytes in 1438 msecs (HTTP/1.1 201) 4 headers in 162 bytes (1 switches on core 0)
2026-05-05 18:14:38.964 7 INFO neutron.api.v2.resource [None req-61775e80-5947-4b9b-ba82-9e24efdf437a 801528e34d9c4b2292998a27e139701f a1518934518d4913871404bbc0e5f426 - - default default] create failed (client error): The server could not comply with the request since it is either malformed or otherwise incorrect. [pid: 7|app: 0|req: 1144/2384] 10.0.0.25 () {34 vars in 706 bytes} [Tue May 5 18:14:38 2026] POST /v2.0/vpn/ipsec-site-connections => generated 127 bytes in 60 msecs (HTTP/1.1 400) 4 headers in 166 bytes (1 switches on core 0)
2026-05-05 18:14:39.407 7 WARNING neutron.scheduler.dhcp_agent_scheduler [None req-34b2aa7f-572b-4120-85ff-a42ff4a866e5 5070859b914c42c3831975849e95d647 e199110985b84ca28da52ad2275ed6ec - - default default] No more DHCP agents
2026-05-05 18:14:39.408 7 WARNING neutron.api.rpc.agentnotifiers.dhcp_rpc_agent_api [None req-34b2aa7f-572b-4120-85ff-a42ff4a866e5 5070859b914c42c3831975849e95d647 e199110985b84ca28da52ad2275ed6ec - - default default] Unable to schedule network d9c193d9-de0e-472a-b624-9f2a64657615: no agents available; will retry on subsequent port and subnet creation events.
2026-05-05 18:14:39.506 7 INFO neutron.plugins.ml2.drivers.ovn.mech_driver.mech_driver [None req-8c0875d5-fc00-41a2-bc61-189e26b4d102 - - - - - -] OVN reports status down for port: afc15dec-1dc6-4584-845c-8cf240fb8cff
2026-05-05 18:14:39.555 8 WARNING neutron.plugins.ml2.drivers.ovn.mech_driver.ovsdb.ovn_client [None req-f2f95a1f-2f25-4677-809d-7690ca117f4e - - - - - -] No hosting information found for port aa19ab07-0615-46c4-9285-a547b40c9faf: RuntimeError: No hosting information found for port aa19ab07-0615-46c4-9285-a547b40c9faf
2026-05-05 18:14:39.575 7 INFO neutron.db.ovn_revision_numbers_db [None req-34b2aa7f-572b-4120-85ff-a42ff4a866e5 5070859b914c42c3831975849e95d647 e199110985b84ca28da52ad2275ed6ec - - default default] Successfully bumped revision number for resource afc15dec-1dc6-4584-845c-8cf240fb8cff (type: ports) to 1
2026-05-05 18:14:39.711 8 WARNING neutron.scheduler.dhcp_agent_scheduler [None req-1453dfe0-5b30-4d34-9d34-6c228f6e6826 17c1b65d77324ff287a58fcc73d74c65 6cf188f093604dcca2d0167d4678cd66 - - default default] No more DHCP agents
2026-05-05 18:14:39.716 8 WARNING neutron.api.rpc.agentnotifiers.dhcp_rpc_agent_api [None req-1453dfe0-5b30-4d34-9d34-6c228f6e6826 17c1b65d77324ff287a58fcc73d74c65 6cf188f093604dcca2d0167d4678cd66 - - default default] Unable to schedule network b79b3520-aa1b-4ebf-aa7f-c52d892c81bf: no agents available; will retry on subsequent port and subnet creation events.
2026-05-05 18:14:39.865 8 INFO neutron.db.ovn_revision_numbers_db [None req-f2f95a1f-2f25-4677-809d-7690ca117f4e - - - - - -] Successfully bumped revision number for resource aa19ab07-0615-46c4-9285-a547b40c9faf (type: router_ports) to 2
2026-05-05 18:14:39.865 8 INFO neutron.plugins.ml2.drivers.ovn.mech_driver.mech_driver [None req-f2f95a1f-2f25-4677-809d-7690ca117f4e - - - - - -] OVN reports status down for port: 0c3f67f7-7d7e-4027-9f35-aa86fd8b6ad0
2026-05-05 18:14:40.052 7 INFO neutron.plugins.ml2.drivers.ovn.mech_driver.mech_driver [None req-8c0875d5-fc00-41a2-bc61-189e26b4d102 - - - - - -] OVN reports status down for port: cf33b9a0-c896-4120-9285-f6a5dd8c8637
2026-05-05 18:14:40.116 8 WARNING neutron.plugins.ml2.drivers.ovn.mech_driver.ovsdb.ovn_client [None req-f2f95a1f-2f25-4677-809d-7690ca117f4e - - - - - -] Logical_Switch_Port 0c3f67f7-7d7e-4027-9f35-aa86fd8b6ad0 host information not removed, the port state is up
2026-05-05 18:14:40.117 8 INFO neutron.plugins.ml2.drivers.ovn.mech_driver.mech_driver [None req-f2f95a1f-2f25-4677-809d-7690ca117f4e - - - - - -] OVN reports status down for port: 9045fcae-c71f-4aeb-8e18-dafe3a28a68a
2026-05-05 18:14:40.123 8 INFO neutron.db.ovn_revision_numbers_db [None req-1453dfe0-5b30-4d34-9d34-6c228f6e6826 17c1b65d77324ff287a58fcc73d74c65 6cf188f093604dcca2d0167d4678cd66 - - default default] Successfully bumped revision number for resource cf33b9a0-c896-4120-9285-f6a5dd8c8637 (type: ports) to 1
2026-05-05 18:14:40.151 8 INFO neutron.plugins.ml2.drivers.ovn.mech_driver.mech_driver [None req-f2f95a1f-2f25-4677-809d-7690ca117f4e - - - - - -] OVN reports status up for port: 0c3f67f7-7d7e-4027-9f35-aa86fd8b6ad0
2026-05-05 18:14:40.182 8 INFO neutron.plugins.ml2.plugin [None req-f2f95a1f-2f25-4677-809d-7690ca117f4e - - - - - -] Attempt 1 to provision port 0c3f67f7-7d7e-4027-9f35-aa86fd8b6ad0
2026-05-05 18:14:40.320 7 INFO neutron.plugins.ml2.drivers.ovn.mech_driver.mech_driver [None req-8c0875d5-fc00-41a2-bc61-189e26b4d102 - - - - - -] OVN reports status up for port: afc15dec-1dc6-4584-845c-8cf240fb8cff
2026-05-05 18:14:40.347 7 INFO neutron.plugins.ml2.plugin [None req-8c0875d5-fc00-41a2-bc61-189e26b4d102 - - - - - -] Attempt 1 to provision port afc15dec-1dc6-4584-845c-8cf240fb8cff
2026-05-05 18:14:40.440 7 WARNING neutron.scheduler.dhcp_agent_scheduler [None req-34b2aa7f-572b-4120-85ff-a42ff4a866e5 5070859b914c42c3831975849e95d647 e199110985b84ca28da52ad2275ed6ec - - default default] No more DHCP agents
2026-05-05 18:14:40.450 7 WARNING neutron.api.rpc.agentnotifiers.dhcp_rpc_agent_api [None req-34b2aa7f-572b-4120-85ff-a42ff4a866e5 5070859b914c42c3831975849e95d647 e199110985b84ca28da52ad2275ed6ec - - default default] Unable to schedule network d9c193d9-de0e-472a-b624-9f2a64657615: no agents available; will retry on subsequent port and subnet creation events.
2026-05-05 18:14:41.197 7 INFO neutron.db.ovn_revision_numbers_db [None req-8c0875d5-fc00-41a2-bc61-189e26b4d102 - - - - - -] Successfully bumped revision number for resource afc15dec-1dc6-4584-845c-8cf240fb8cff (type: ports) to 2
2026-05-05 18:14:41.447 7 INFO neutron.db.ovn_revision_numbers_db [None req-34b2aa7f-572b-4120-85ff-a42ff4a866e5 5070859b914c42c3831975849e95d647 e199110985b84ca28da52ad2275ed6ec - - default default] Successfully bumped revision number for resource afc15dec-1dc6-4584-845c-8cf240fb8cff (type: router_ports) to 1 [pid: 7|app: 0|req: 1145/2385] 10.0.0.25 () {34 vars in 782 bytes} [Tue May 5 18:14:38 2026] PUT /v2.0/routers/8672ee55-53c8-4096-855f-6783101e0eaa/add_router_interface => generated 309 bytes in 2488 msecs (HTTP/1.1 200) 4 headers in 157 bytes (1 switches on core 0)
2026-05-05 18:14:41.523 7 INFO neutron.api.v2.resource [None req-348b6ec1-b061-4399-bd77-01ccf025a6be 801528e34d9c4b2292998a27e139701f a1518934518d4913871404bbc0e5f426 - - default default] create failed (client error): The server could not comply with the request since it is either malformed or otherwise incorrect. [pid: 7|app: 0|req: 1146/2386] 10.0.0.25 () {34 vars in 706 bytes} [Tue May 5 18:14:41 2026] POST /v2.0/vpn/ipsec-site-connections => generated 136 bytes in 70 msecs (HTTP/1.1 400) 4 headers in 166 bytes (1 switches on core 0)
2026-05-05 18:14:41.540 7 WARNING neutron.api.v2.base [None req-17b7df6a-3ffc-42a6-b211-869b46a9ce8e 801528e34d9c4b2292998a27e139701f a1518934518d4913871404bbc0e5f426 - - default default] An exception happened while processing the request body. The exception message is [Invalid input for dpd. Reason: '59' is not a dictionary.].: webob.exc.HTTPBadRequest: Invalid input for dpd. Reason: '59' is not a dictionary.
2026-05-05 18:14:41.542 7 INFO neutron.api.v2.resource [None req-17b7df6a-3ffc-42a6-b211-869b46a9ce8e 801528e34d9c4b2292998a27e139701f a1518934518d4913871404bbc0e5f426 - - default default] create failed (client error): Invalid input for dpd. Reason: '59' is not a dictionary. [pid: 7|app: 0|req: 1147/2387] 10.0.0.25 () {34 vars in 706 bytes} [Tue May 5 18:14:41 2026] POST /v2.0/vpn/ipsec-site-connections => generated 129 bytes in 12 msecs (HTTP/1.1 400) 4 headers in 166 bytes (1 switches on core 0) [pid: 7|app: 0|req: 1148/2388] 10.0.0.25 () {34 vars in 692 bytes} [Tue May 5 18:14:41 2026] POST /v2.0/vpn/endpoint-groups => generated 294 bytes in 79 msecs (HTTP/1.1 201) 4 headers in 162 bytes (1 switches on core 0)
2026-05-05 18:14:41.680 7 INFO neutron.api.v2.resource [None req-c0c0ebf8-1c4a-470f-bc9a-c346b227d08d 801528e34d9c4b2292998a27e139701f a1518934518d4913871404bbc0e5f426 - - default default] create failed (client error): The server could not comply with the request since it is either malformed or otherwise incorrect. [pid: 7|app: 0|req: 1149/2389] 10.0.0.25 () {34 vars in 706 bytes} [Tue May 5 18:14:41 2026] POST /v2.0/vpn/ipsec-site-connections => generated 149 bytes in 49 msecs (HTTP/1.1 400) 4 headers in 166 bytes (1 switches on core 0) [pid: 7|app: 0|req: 1150/2390] 10.0.0.25 () {32 vars in 670 bytes} [Tue May 5 18:14:41 2026] GET /v2.0/vpn/endpoint-groups => generated 909 bytes in 20 msecs (HTTP/1.1 200) 4 headers in 157 bytes (1 switches on core 0) [pid: 7|app: 0|req: 1151/2391] 10.0.0.25 () {32 vars in 747 bytes} [Tue May 5 18:14:41 2026] DELETE /v2.0/vpn/endpoint-groups/186a80db-e2f5-4972-b65b-76add343eddd => generated 0 bytes in 33 msecs (HTTP/1.1 204) 2 headers in 112 bytes (1 switches on core 0) [pid: 7|app: 0|req: 1152/2392] 10.0.0.25 () {32 vars in 670 bytes} [Tue May 5 18:14:41 2026] GET /v2.0/vpn/endpoint-groups => generated 633 bytes in 21 msecs (HTTP/1.1 200) 4 headers in 157 bytes (1 switches on core 0) [pid: 7|app: 0|req: 1153/2393] 10.0.0.25 () {34 vars in 692 bytes} [Tue May 5 18:14:41 2026] POST /v2.0/vpn/endpoint-groups => generated 302 bytes in 60 msecs (HTTP/1.1 201) 4 headers in 162 bytes (1 switches on core 0)
2026-05-05 18:14:41.884 7 INFO neutron.api.v2.resource [None req-b761b2df-f2d6-4f89-a71b-49dc3cb4dae5 801528e34d9c4b2292998a27e139701f a1518934518d4913871404bbc0e5f426 - - default default] create failed (client error): The server could not comply with the request since it is either malformed or otherwise incorrect. [pid: 7|app: 0|req: 1154/2394] 10.0.0.25 () {34 vars in 706 bytes} [Tue May 5 18:14:41 2026] POST /v2.0/vpn/ipsec-site-connections => generated 148 bytes in 42 msecs (HTTP/1.1 400) 4 headers in 166 bytes (1 switches on core 0) [pid: 7|app: 0|req: 1155/2395] 10.0.0.25 () {32 vars in 670 bytes} [Tue May 5 18:14:41 2026] GET /v2.0/vpn/endpoint-groups => generated 917 bytes in 11 msecs (HTTP/1.1 200) 4 headers in 157 bytes (1 switches on core 0) [pid: 7|app: 0|req: 1156/2396] 10.0.0.25 () {32 vars in 747 bytes} [Tue May 5 18:14:41 2026] DELETE /v2.0/vpn/endpoint-groups/5fe31c49-0022-4919-a444-44c7e5010d88 => generated 0 bytes in 40 msecs (HTTP/1.1 204) 2 headers in 112 bytes (1 switches on core 0) [pid: 7|app: 0|req: 1157/2397] 10.0.0.25 () {32 vars in 670 bytes} [Tue May 5 18:14:41 2026] GET /v2.0/vpn/endpoint-groups => generated 633 bytes in 13 msecs (HTTP/1.1 200) 4 headers in 157 bytes (1 switches on core 0)
2026-05-05 18:14:41.972 7 WARNING neutron.api.v2.base [None req-f3ee5203-76d5-4058-bae9-d7726832c19c 801528e34d9c4b2292998a27e139701f a1518934518d4913871404bbc0e5f426 - - default default] An exception happened while processing the request body. The exception message is [Invalid input for peer_cidrs. Reason: '1.0.0.0/33' is not a valid IP subnet.].: webob.exc.HTTPBadRequest: Invalid input for peer_cidrs. Reason: '1.0.0.0/33' is not a valid IP subnet.
2026-05-05 18:14:41.973 7 INFO neutron.api.v2.resource [None req-f3ee5203-76d5-4058-bae9-d7726832c19c 801528e34d9c4b2292998a27e139701f a1518934518d4913871404bbc0e5f426 - - default default] create failed (client error): Invalid input for peer_cidrs. Reason: '1.0.0.0/33' is not a valid IP subnet. [pid: 7|app: 0|req: 1158/2398] 10.0.0.25 () {34 vars in 706 bytes} [Tue May 5 18:14:41 2026] POST /v2.0/vpn/ipsec-site-connections => generated 149 bytes in 7 msecs (HTTP/1.1 400) 4 headers in 166 bytes (1 switches on core 0)
2026-05-05 18:14:42.067 7 INFO neutron.db.segments_db [None req-1db29355-b124-4c7b-8f3b-3fa9d7c2b1bb 801528e34d9c4b2292998a27e139701f a1518934518d4913871404bbc0e5f426 - - default default] Added segment 4c967380-9766-469c-9b9f-bc0ac7fe034a of type geneve for network 3d3a92bf-fadd-498b-92ea-16ec043ebf6d
2026-05-05 18:14:42.527 8 INFO neutron.db.ovn_revision_numbers_db [None req-f2f95a1f-2f25-4677-809d-7690ca117f4e - - - - - -] Successfully bumped revision number for resource 0c3f67f7-7d7e-4027-9f35-aa86fd8b6ad0 (type: ports) to 2
2026-05-05 18:14:42.563 8 INFO neutron.db.ovn_revision_numbers_db [None req-a7ee5e33-a687-4969-87d0-12f5fd1cba18 - - - - - -] Successfully bumped revision number for resource 547028a9-eb4e-4cb5-9567-ffe9aae88ba0 (type: ports) to 4
2026-05-05 18:14:42.807 7 INFO neutron.db.ovn_revision_numbers_db [None req-1db29355-b124-4c7b-8f3b-3fa9d7c2b1bb 801528e34d9c4b2292998a27e139701f a1518934518d4913871404bbc0e5f426 - - default default] Successfully bumped revision number for resource 3d3a92bf-fadd-498b-92ea-16ec043ebf6d (type: networks) to 1
2026-05-05 18:14:42.988 7 WARNING neutron.scheduler.dhcp_agent_scheduler [None req-1db29355-b124-4c7b-8f3b-3fa9d7c2b1bb 801528e34d9c4b2292998a27e139701f a1518934518d4913871404bbc0e5f426 - - default default] No more DHCP agents
2026-05-05 18:14:42.991 7 WARNING neutron.api.rpc.agentnotifiers.dhcp_rpc_agent_api [None req-1db29355-b124-4c7b-8f3b-3fa9d7c2b1bb 801528e34d9c4b2292998a27e139701f a1518934518d4913871404bbc0e5f426 - - default default] Unable to schedule network 3d3a92bf-fadd-498b-92ea-16ec043ebf6d: no agents available; will retry on subsequent port and subnet creation events.
2026-05-05 18:14:42.992 8 WARNING neutron.scheduler.dhcp_agent_scheduler [None req-1453dfe0-5b30-4d34-9d34-6c228f6e6826 17c1b65d77324ff287a58fcc73d74c65 6cf188f093604dcca2d0167d4678cd66 - - default default] No more DHCP agents
2026-05-05 18:14:42.996 8 WARNING neutron.api.rpc.agentnotifiers.dhcp_rpc_agent_api [None req-1453dfe0-5b30-4d34-9d34-6c228f6e6826 17c1b65d77324ff287a58fcc73d74c65 6cf188f093604dcca2d0167d4678cd66 - - default default] Unable to schedule network b79b3520-aa1b-4ebf-aa7f-c52d892c81bf: no agents available; will retry on subsequent port and subnet creation events.
2026-05-05 18:14:43.082 7 INFO neutron.db.ovn_revision_numbers_db [None req-1db29355-b124-4c7b-8f3b-3fa9d7c2b1bb 801528e34d9c4b2292998a27e139701f a1518934518d4913871404bbc0e5f426 - - default default] Successfully bumped revision number for resource 14156f23-1d5c-4431-adff-a09f75bb287e (type: ports) to 1 [pid: 7|app: 0|req: 1159/2399] 10.0.0.25 () {34 vars in 669 bytes} [Tue May 5 18:14:41 2026] POST /v2.0/networks => generated 669 bytes in 1140 msecs (HTTP/1.1 201) 4 headers in 162 bytes (1 switches on core 0)
2026-05-05 18:14:43.273 7 INFO neutron.db.ovn_revision_numbers_db [None req-7f525750-1249-4427-b9c6-54fec0380145 f8c57589cf4e4031b488855a5d0995a8 51bca96a455242b9bf3a3f22480c87d2 - - default default] Successfully bumped revision number for resource 607b512d-6746-44f6-9862-6fc57f8e48bb (type: security_groups) to 1
2026-05-05 18:14:43.289 7 INFO neutron.db.ovn_revision_numbers_db [None req-7f525750-1249-4427-b9c6-54fec0380145 f8c57589cf4e4031b488855a5d0995a8 51bca96a455242b9bf3a3f22480c87d2 - - default default] Successfully bumped revision number for resource 2bd08902-c184-4546-875e-a2d983c406a2 (type: security_group_rules) to 0
2026-05-05 18:14:43.300 7 INFO neutron.db.ovn_revision_numbers_db [None req-7f525750-1249-4427-b9c6-54fec0380145 f8c57589cf4e4031b488855a5d0995a8 51bca96a455242b9bf3a3f22480c87d2 - - default default] Successfully bumped revision number for resource 6536d4cc-f41f-430c-a86e-7cc276648d31 (type: security_group_rules) to 0 [pid: 7|app: 0|req: 1160/2400] 10.0.0.25 () {34 vars in 684 bytes} [Tue May 5 18:14:43 2026] POST /v2.0/security-groups => generated 1675 bytes in 283 msecs (HTTP/1.1 201) 4 headers in 163 bytes (1 switches on core 0)
2026-05-05 18:14:43.431 8 INFO neutron.db.ovn_revision_numbers_db [None req-1453dfe0-5b30-4d34-9d34-6c228f6e6826 17c1b65d77324ff287a58fcc73d74c65 6cf188f093604dcca2d0167d4678cd66 - - default default] Successfully bumped revision number for resource cf33b9a0-c896-4120-9285-f6a5dd8c8637 (type: router_ports) to 1 [pid: 8|app: 0|req: 1241/2401] 10.0.0.25 () {34 vars in 782 bytes} [Tue May 5 18:14:38 2026] PUT /v2.0/routers/7d68037e-122d-4cad-9168-60f20c638f82/add_router_interface => generated 309 bytes in 4656 msecs (HTTP/1.1 200) 4 headers in 157 bytes (1 switches on core 0)
2026-05-05 18:14:43.467 8 INFO neutron.db.ovn_revision_numbers_db [None req-a7ee5e33-a687-4969-87d0-12f5fd1cba18 - - - - - -] Successfully bumped revision number for resource 547028a9-eb4e-4cb5-9567-ffe9aae88ba0 (type: ports) to 5
2026-05-05 18:14:43.667 7 INFO neutron.db.ovn_revision_numbers_db [None req-740366de-b81b-4e32-a06e-29dbe0b2ec58 7a7a0050376c4d9c8ac65b14fdff3b09 6e90226f940b489c816f1db16d1d3aba - - default default] Successfully bumped revision number for resource 7d1d4c82-1419-4225-8f1b-7f5ac1349faa (type: security_groups) to 1
2026-05-05 18:14:43.689 7 INFO neutron.db.ovn_revision_numbers_db [None req-740366de-b81b-4e32-a06e-29dbe0b2ec58 7a7a0050376c4d9c8ac65b14fdff3b09 6e90226f940b489c816f1db16d1d3aba - - default default] Successfully bumped revision number for resource 3b1cd3ea-c540-4181-960a-9f0a864dadfc (type: security_group_rules) to 0
2026-05-05 18:14:43.711 7 INFO neutron.db.ovn_revision_numbers_db [None req-740366de-b81b-4e32-a06e-29dbe0b2ec58 7a7a0050376c4d9c8ac65b14fdff3b09 6e90226f940b489c816f1db16d1d3aba - - default default] Successfully bumped revision number for resource 482241c3-dc8d-48ac-ac38-126a78eb8452 (type: security_group_rules) to 0
2026-05-05 18:14:43.723 7 INFO neutron.db.ovn_revision_numbers_db [None req-740366de-b81b-4e32-a06e-29dbe0b2ec58 7a7a0050376c4d9c8ac65b14fdff3b09 6e90226f940b489c816f1db16d1d3aba - - default default] Successfully bumped revision number for resource 4bfe9e51-8768-482a-ba81-3798dac11d4b (type: security_group_rules) to 0
2026-05-05 18:14:43.734 8 WARNING neutron.scheduler.dhcp_agent_scheduler [None req-4bd5ddfa-87f1-40b7-9d9f-3e6fd0bad7a5 801528e34d9c4b2292998a27e139701f a1518934518d4913871404bbc0e5f426 - - default default] No more DHCP agents
2026-05-05 18:14:43.735 8 WARNING neutron.api.rpc.agentnotifiers.dhcp_rpc_agent_api [None req-4bd5ddfa-87f1-40b7-9d9f-3e6fd0bad7a5 801528e34d9c4b2292998a27e139701f a1518934518d4913871404bbc0e5f426 - - default default] Unable to schedule network 3d3a92bf-fadd-498b-92ea-16ec043ebf6d: no agents available; will retry on subsequent port and subnet creation events.
2026-05-05 18:14:43.736 7 INFO neutron.db.ovn_revision_numbers_db [None req-740366de-b81b-4e32-a06e-29dbe0b2ec58 7a7a0050376c4d9c8ac65b14fdff3b09 6e90226f940b489c816f1db16d1d3aba - - default default] Successfully bumped revision number for resource ba2afcc1-c402-4385-b2e4-87c5bb11e79e (type: security_group_rules) to 0
2026-05-05 18:14:43.812 7 INFO neutron.db.segments_db [None req-740366de-b81b-4e32-a06e-29dbe0b2ec58 7a7a0050376c4d9c8ac65b14fdff3b09 6e90226f940b489c816f1db16d1d3aba - - default default] Added segment 80da2552-cd39-43f0-a637-3f86b3761167 of type geneve for network d816e7c5-2a5c-4412-a0bb-99d8495e96eb
2026-05-05 18:14:43.935 7 INFO neutron.db.ovn_revision_numbers_db [None req-740366de-b81b-4e32-a06e-29dbe0b2ec58 7a7a0050376c4d9c8ac65b14fdff3b09 6e90226f940b489c816f1db16d1d3aba - - default default] Successfully bumped revision number for resource d816e7c5-2a5c-4412-a0bb-99d8495e96eb (type: networks) to 1
2026-05-05 18:14:44.099 7 WARNING neutron.scheduler.dhcp_agent_scheduler [None req-740366de-b81b-4e32-a06e-29dbe0b2ec58 7a7a0050376c4d9c8ac65b14fdff3b09 6e90226f940b489c816f1db16d1d3aba - - default default] No more DHCP agents
2026-05-05 18:14:44.101 7 WARNING neutron.api.rpc.agentnotifiers.dhcp_rpc_agent_api [None req-740366de-b81b-4e32-a06e-29dbe0b2ec58 7a7a0050376c4d9c8ac65b14fdff3b09 6e90226f940b489c816f1db16d1d3aba - - default default] Unable to schedule network d816e7c5-2a5c-4412-a0bb-99d8495e96eb: no agents available; will retry on subsequent port and subnet creation events.
2026-05-05 18:14:44.203 7 INFO neutron.db.ovn_revision_numbers_db [None req-740366de-b81b-4e32-a06e-29dbe0b2ec58 7a7a0050376c4d9c8ac65b14fdff3b09 6e90226f940b489c816f1db16d1d3aba - - default default] Successfully bumped revision number for resource 92390c57-3285-46a6-88b7-0397d7f86fed (type: ports) to 1 [pid: 7|app: 0|req: 1161/2402] 10.0.0.25 () {34 vars in 669 bytes} [Tue May 5 18:14:43 2026] POST /v2.0/networks => generated 670 bytes in 846 msecs (HTTP/1.1 201) 4 headers in 162 bytes (1 switches on core 0)
2026-05-05 18:14:44.260 8 INFO neutron.db.ovn_revision_numbers_db [None req-e907791f-f282-40d7-8415-8d808e58333a - - - - - -] Successfully bumped revision number for resource 14156f23-1d5c-4431-adff-a09f75bb287e (type: ports) to 2
2026-05-05 18:14:44.293 8 INFO neutron.db.ovn_revision_numbers_db [None req-e907791f-f282-40d7-8415-8d808e58333a - - - - - -] Successfully bumped revision number for resource 8ab55db6-9eb0-472e-a530-9f95c8776e80 (type: subnets) to 0 [pid: 7|app: 0|req: 1162/2403] 10.0.0.129 () {28 vars in 581 bytes} [Tue May 5 18:14:44 2026] GET /v2.0/agents => generated 1214 bytes in 64 msecs (HTTP/1.1 200) 4 headers in 158 bytes (1 switches on core 0) [pid: 8|app: 0|req: 1242/2404] 10.0.0.25 () {34 vars in 668 bytes} [Tue May 5 18:14:43 2026] POST /v2.0/subnets => generated 629 bytes in 875 msecs (HTTP/1.1 201) 4 headers in 162 bytes (1 switches on core 0) [pid: 8|app: 0|req: 1243/2405] 10.0.0.25 () {32 vars in 716 bytes} [Tue May 5 18:14:44 2026] GET /v2.0/ports/cf33b9a0-c896-4120-9285-f6a5dd8c8637 => generated 941 bytes in 97 msecs (HTTP/1.1 200) 4 headers in 157 bytes (1 switches on core 0)
2026-05-05 18:14:44.452 7 INFO neutron.db.ovn_revision_numbers_db [None req-6d097b70-3bbf-4f5c-9e1a-e27bbad608c6 f8c57589cf4e4031b488855a5d0995a8 51bca96a455242b9bf3a3f22480c87d2 - - default default] Successfully bumped revision number for resource ca7993e6-7c7a-43bd-b769-c46e45decc1d (type: security_group_rules) to 0 [pid: 7|app: 0|req: 1163/2406] 10.0.0.25 () {34 vars in 694 bytes} [Tue May 5 18:14:44 2026] POST /v2.0/security-group-rules => generated 597 bytes in 184 msecs (HTTP/1.1 201) 4 headers in 162 bytes (1 switches on core 0) [pid: 7|app: 0|req: 1164/2407] 10.0.0.129 () {28 vars in 619 bytes} [Tue May 5 18:14:44 2026] GET /v2.0/network-ip-availabilities => generated 4814 bytes in 21 msecs (HTTP/1.1 200) 4 headers in 158 bytes (1 switches on core 0)
2026-05-05 18:14:44.662 8 WARNING neutron.scheduler.dhcp_agent_scheduler [None req-6f6c39d4-261b-4f99-9bd1-e6c5885c470a 7a7a0050376c4d9c8ac65b14fdff3b09 6e90226f940b489c816f1db16d1d3aba - - default default] No more DHCP agents
2026-05-05 18:14:44.664 8 WARNING neutron.api.rpc.agentnotifiers.dhcp_rpc_agent_api [None req-6f6c39d4-261b-4f99-9bd1-e6c5885c470a 7a7a0050376c4d9c8ac65b14fdff3b09 6e90226f940b489c816f1db16d1d3aba - - default default] Unable to schedule network d816e7c5-2a5c-4412-a0bb-99d8495e96eb: no agents available; will retry on subsequent port and subnet creation events.
2026-05-05 18:14:44.750 8 INFO neutron.db.ovn_revision_numbers_db [None req-6f6c39d4-261b-4f99-9bd1-e6c5885c470a 7a7a0050376c4d9c8ac65b14fdff3b09 6e90226f940b489c816f1db16d1d3aba - - default default] Successfully bumped revision number for resource 491ec78e-45c1-4a90-bb33-004e2f3f8e28 (type: ports) to 1 [pid: 8|app: 0|req: 1244/2408] 10.0.0.25 () {34 vars in 663 bytes} [Tue May 5 18:14:44 2026] POST /v2.0/ports => generated 743 bytes in 384 msecs (HTTP/1.1 201) 4 headers in 162 bytes (1 switches on core 0) /var/lib/openstack/lib/python3.12/site-packages/pycadf/identifier.py:70: UserWarning: Invalid uuid: neutron. To ensure interoperability, identifiers should be a valid uuid. warnings.warn(('Invalid uuid: %s. To ensure interoperability, ' [pid: 8|app: 0|req: 1245/2409] 10.0.0.25 () {32 vars in 716 bytes} [Tue May 5 18:14:44 2026] GET /v2.0/ports/cf33b9a0-c896-4120-9285-f6a5dd8c8637 => generated 941 bytes in 35 msecs (HTTP/1.1 200) 4 headers in 157 bytes (1 switches on core 0)
2026-05-05 18:14:44.993 7 WARNING neutron.scheduler.dhcp_agent_scheduler [None req-5ea7d34b-0ea3-4ee3-af30-3d9d50f058a2 801528e34d9c4b2292998a27e139701f a1518934518d4913871404bbc0e5f426 - - default default] No more DHCP agents
2026-05-05 18:14:44.994 7 WARNING neutron.api.rpc.agentnotifiers.dhcp_rpc_agent_api [None req-5ea7d34b-0ea3-4ee3-af30-3d9d50f058a2 801528e34d9c4b2292998a27e139701f a1518934518d4913871404bbc0e5f426 - - default default] Unable to schedule network 9d72c4b0-a0b8-4f85-a60c-0a8ac8a75396: no agents available; will retry on subsequent port and subnet creation events.
2026-05-05 18:14:45.044 8 INFO neutron.db.ovn_revision_numbers_db [None req-cd99aea8-c7f9-4be7-8e05-3a3644e8f061 f8c57589cf4e4031b488855a5d0995a8 51bca96a455242b9bf3a3f22480c87d2 - - default default] Successfully bumped revision number for resource 88cfc198-a658-418a-b4c9-be8aa00fbb7f (type: security_group_rules) to 0 [pid: 8|app: 0|req: 1246/2410] 10.0.0.25 () {34 vars in 694 bytes} [Tue May 5 18:14:44 2026] POST /v2.0/security-group-rules => generated 596 bytes in 245 msecs (HTTP/1.1 201) 4 headers in 162 bytes (1 switches on core 0)
2026-05-05 18:14:45.136 7 INFO neutron.db.ovn_revision_numbers_db [None req-5ea7d34b-0ea3-4ee3-af30-3d9d50f058a2 801528e34d9c4b2292998a27e139701f a1518934518d4913871404bbc0e5f426 - - default default] Successfully bumped revision number for resource 85dd26b5-e69a-42c3-811a-613a6f3f6b0c (type: ports) to 1 [pid: 8|app: 0|req: 1247/2411] 10.0.0.129 () {28 vars in 583 bytes} [Tue May 5 18:14:45 2026] GET /v2.0/subnets => generated 6536 bytes in 86 msecs (HTTP/1.1 200) 4 headers in 158 bytes (1 switches on core 0) [pid: 8|app: 0|req: 1250/2414] 10.0.0.25 () {34 vars in 665 bytes} [Tue May 5 18:14:45 2026] POST /v2.0/trunks => generated 409 bytes in 249 msecs (HTTP/1.1 201) 4 headers in 162 bytes (1 switches on core 0)
2026-05-05 18:14:45.566 8 INFO neutron.db.ovn_revision_numbers_db [None req-594c6664-45cc-42e4-b66f-023b9ca3760c f8c57589cf4e4031b488855a5d0995a8 51bca96a455242b9bf3a3f22480c87d2 - - default default] Successfully bumped revision number for resource 35e8feec-471c-4cbe-8239-b597decc4607 (type: security_group_rules) to 0 [pid: 8|app: 0|req: 1251/2415] 10.0.0.25 () {34 vars in 694 bytes} [Tue May 5 18:14:45 2026] POST /v2.0/security-group-rules => generated 602 bytes in 175 msecs (HTTP/1.1 201) 4 headers in 162 bytes (1 switches on core 0) [pid: 8|app: 0|req: 1252/2416] 10.0.0.129 () {28 vars in 591 bytes} [Tue May 5 18:14:45 2026] GET /v2.0/subnetpools => generated 19 bytes in 8 msecs (HTTP/1.1 200) 4 headers in 156 bytes (1 switches on core 0) [pid: 8|app: 0|req: 1253/2417] 10.0.0.25 () {34 vars in 748 bytes} [Tue May 5 18:14:45 2026] PUT /v2.0/trunks/970f5b49-8888-447f-b96a-a90b009c81c9/tags => generated 25 bytes in 38 msecs (HTTP/1.1 200) 4 headers in 156 bytes (1 switches on core 0)
2026-05-05 18:14:45.760 7 INFO neutron.plugins.ml2.drivers.ovn.mech_driver.ovsdb.commands [None req-bc7d7c77-cf6d-4b1d-a1bc-4ba8c62ca701 - - - - - -] Schedule LRP lrp-85dd26b5-e69a-42c3-811a-613a6f3f6b0c on gateway 5e54cd30-6db1-4949-be7a-a68d38d7acc3 with priority 1
2026-05-05 18:14:45.811 7 INFO neutron.db.ovn_revision_numbers_db [None req-5ea7d34b-0ea3-4ee3-af30-3d9d50f058a2 801528e34d9c4b2292998a27e139701f a1518934518d4913871404bbc0e5f426 - - default default] Successfully bumped revision number for resource 85dd26b5-e69a-42c3-811a-613a6f3f6b0c (type: router_ports) to 1
2026-05-05 18:14:45.845 8 INFO neutron.db.ovn_revision_numbers_db [None req-3fc95018-5667-48c3-98db-f4cace45d791 f8c57589cf4e4031b488855a5d0995a8 51bca96a455242b9bf3a3f22480c87d2 - - default default] Successfully bumped revision number for resource afd4a3b6-da8c-4081-adbc-78134cd1d5b4 (type: security_group_rules) to 0 [pid: 8|app: 0|req: 1254/2418] 10.0.0.25 () {34 vars in 694 bytes} [Tue May 5 18:14:45 2026] POST /v2.0/security-group-rules => generated 601 bytes in 231 msecs (HTTP/1.1 201) 4 headers in 162 bytes (1 switches on core 0)
2026-05-05 18:14:45.882 7 INFO neutron.db.ovn_revision_numbers_db [None req-5ea7d34b-0ea3-4ee3-af30-3d9d50f058a2 801528e34d9c4b2292998a27e139701f a1518934518d4913871404bbc0e5f426 - - default default] Successfully bumped revision number for resource f468d9d3-fefe-4f87-a237-a614b6d37e1f (type: routers) to 2 [pid: 8|app: 0|req: 1255/2419] 10.0.0.129 () {28 vars in 591 bytes} [Tue May 5 18:14:45 2026] GET /v2.0/floatingips => generated 19 bytes in 17 msecs (HTTP/1.1 200) 4 headers in 156 bytes (1 switches on core 0) [pid: 7|app: 0|req: 1165/2420] 10.0.0.25 () {34 vars in 668 bytes} [Tue May 5 18:14:44 2026] POST /v2.0/routers => generated 936 bytes in 1382 msecs (HTTP/1.1 201) 4 headers in 162 bytes (1 switches on core 0) [pid: 8|app: 0|req: 1256/2421] 10.0.0.25 () {32 vars in 728 bytes} [Tue May 5 18:14:45 2026] GET /v2.0/trunks/970f5b49-8888-447f-b96a-a90b009c81c9/tags => generated 25 bytes in 20 msecs (HTTP/1.1 200) 4 headers in 156 bytes (1 switches on core 0)
2026-05-05 18:14:45.952 8 INFO neutron.db.securitygroups_db [None req-8d7718f9-e6ff-4cab-b224-53613f6f9f8c f8c57589cf4e4031b488855a5d0995a8 51bca96a455242b9bf3a3f22480c87d2 - - default default] Project 51bca96a455242b9bf3a3f22480c87d2 added a security group rule with legacy IPv6 ICMP protocol name icmp, ipv6-icmp should be used instead. It was automatically converted. [pid: 7|app: 0|req: 1166/2422] 10.0.0.25 () {32 vars in 716 bytes} [Tue May 5 18:14:45 2026] GET /v2.0/ports/cf33b9a0-c896-4120-9285-f6a5dd8c8637 => generated 941 bytes in 70 msecs (HTTP/1.1 200) 4 headers in 157 bytes (1 switches on core 0) [pid: 7|app: 0|req: 1167/2423] 10.0.0.129 () {28 vars in 599 bytes} [Tue May 5 18:14:45 2026] GET /v2.0/security-groups => generated 36020 bytes in 63 msecs (HTTP/1.1 200) 4 headers in 159 bytes (1 switches on core 0)
2026-05-05 18:14:46.056 8 INFO neutron.db.ovn_revision_numbers_db [None req-8d7718f9-e6ff-4cab-b224-53613f6f9f8c f8c57589cf4e4031b488855a5d0995a8 51bca96a455242b9bf3a3f22480c87d2 - - default default] Successfully bumped revision number for resource 47120804-9488-4c13-99db-ac5bf219f17e (type: security_group_rules) to 0 [pid: 8|app: 0|req: 1257/2424] 10.0.0.25 () {34 vars in 694 bytes} [Tue May 5 18:14:45 2026] POST /v2.0/security-group-rules => generated 607 bytes in 166 msecs (HTTP/1.1 201) 4 headers in 162 bytes (1 switches on core 0) [pid: 8|app: 0|req: 1258/2425] 10.0.0.25 () {34 vars in 759 bytes} [Tue May 5 18:14:46 2026] PUT /v2.0/trunks/970f5b49-8888-447f-b96a-a90b009c81c9/tags/green => generated 4 bytes in 35 msecs (HTTP/1.1 201) 4 headers in 160 bytes (1 switches on core 0)
2026-05-05 18:14:46.152 7 INFO neutron.api.v2.resource [None req-478012eb-16a4-4737-812d-9bdc7d4f7a31 1dbe6e693b8f469590f4317e95ca9360 aa111d511c234707837ad7346a9ae156 - - default default] create failed (client error): The server could not comply with the request since it is either malformed or otherwise incorrect. [pid: 7|app: 0|req: 1168/2426] 10.0.0.25 () {34 vars in 684 bytes} [Tue May 5 18:14:46 2026] POST /v2.0/vpn/vpnservices => generated 194 bytes in 115 msecs (HTTP/1.1 400) 4 headers in 166 bytes (1 switches on core 0)
2026-05-05 18:14:46.195 7 INFO neutron.db.securitygroups_db [None req-ea83e247-b28a-4246-8bf7-7164869a12c3 f8c57589cf4e4031b488855a5d0995a8 51bca96a455242b9bf3a3f22480c87d2 - - default default] Project 51bca96a455242b9bf3a3f22480c87d2 added a security group rule with legacy IPv6 ICMP protocol name icmp, ipv6-icmp should be used instead. It was automatically converted. [pid: 8|app: 0|req: 1259/2427] 10.0.0.129 () {28 vars in 579 bytes} [Tue May 5 18:14:46 2026] GET /v2.0/ports => generated 31114 bytes in 140 msecs (HTTP/1.1 200) 4 headers in 159 bytes (1 switches on core 0) [pid: 8|app: 0|req: 1260/2428] 10.0.0.25 () {32 vars in 728 bytes} [Tue May 5 18:14:46 2026] GET /v2.0/trunks/970f5b49-8888-447f-b96a-a90b009c81c9/tags => generated 34 bytes in 22 msecs (HTTP/1.1 200) 4 headers in 156 bytes (1 switches on core 0)
2026-05-05 18:14:46.352 7 INFO neutron.db.ovn_revision_numbers_db [None req-ea83e247-b28a-4246-8bf7-7164869a12c3 f8c57589cf4e4031b488855a5d0995a8 51bca96a455242b9bf3a3f22480c87d2 - - default default] Successfully bumped revision number for resource e1cc9a4e-1ed0-4ec7-9358-68abd248ba0f (type: security_group_rules) to 0 [pid: 7|app: 0|req: 1169/2429] 10.0.0.25 () {34 vars in 694 bytes} [Tue May 5 18:14:46 2026] POST /v2.0/security-group-rules => generated 606 bytes in 235 msecs (HTTP/1.1 201) 4 headers in 162 bytes (1 switches on core 0)
2026-05-05 18:14:46.436 8 INFO neutron_taas.services.taas.taas_plugin [None req-c30dadaf-133f-4d18-adba-291988737edd 1dbe6e693b8f469590f4317e95ca9360 aa111d511c234707837ad7346a9ae156 - - default default] TaaS: Handle Delete Port: 14156f23-1d5c-4431-adff-a09f75bb287e
2026-05-05 18:14:46.439 8 INFO neutron_taas.services.taas.tap_mirror_plugin [None req-c30dadaf-133f-4d18-adba-291988737edd 1dbe6e693b8f469590f4317e95ca9360 aa111d511c234707837ad7346a9ae156 - - default default] Tap Mirror: Handle Delete Port: 14156f23-1d5c-4431-adff-a09f75bb287e [pid: 7|app: 0|req: 1170/2430] 10.0.0.129 () {28 vars in 583 bytes} [Tue May 5 18:14:46 2026] GET /v2.0/routers => generated 6435 bytes in 121 msecs (HTTP/1.1 200) 4 headers in 158 bytes (1 switches on core 0)
2026-05-05 18:14:46.546 7 WARNING neutron.plugins.ml2.drivers.ovn.mech_driver.ovsdb.ovn_client [None req-dbf48a25-e0c5-4f9d-8cb1-b9c8c6423c96 - - - - - -] No hosting information found for port afc15dec-1dc6-4584-845c-8cf240fb8cff: RuntimeError: No hosting information found for port afc15dec-1dc6-4584-845c-8cf240fb8cff [pid: 7|app: 0|req: 1171/2431] 10.0.0.25 () {34 vars in 755 bytes} [Tue May 5 18:14:46 2026] PUT /v2.0/trunks/970f5b49-8888-447f-b96a-a90b009c81c9/tags/red => generated 4 bytes in 72 msecs (HTTP/1.1 201) 4 headers in 160 bytes (1 switches on core 0) [pid: 7|app: 0|req: 1172/2432] 10.0.0.129 () {28 vars in 624 bytes} [Tue May 5 18:14:46 2026] GET /v2.0/agents?binary=ovn-controller => generated 416 bytes in 20 msecs (HTTP/1.1 200) 4 headers in 157 bytes (1 switches on core 0) [pid: 7|app: 0|req: 1173/2433] 10.0.0.25 () {32 vars in 728 bytes} [Tue May 5 18:14:46 2026] GET /v2.0/trunks/970f5b49-8888-447f-b96a-a90b009c81c9/tags => generated 34 bytes in 38 msecs (HTTP/1.1 200) 4 headers in 156 bytes (1 switches on core 0)
2026-05-05 18:14:46.752 7 INFO neutron.db.ovn_revision_numbers_db [None req-dbf48a25-e0c5-4f9d-8cb1-b9c8c6423c96 - - - - - -] Successfully bumped revision number for resource afc15dec-1dc6-4584-845c-8cf240fb8cff (type: router_ports) to 2
2026-05-05 18:14:46.753 7 INFO neutron.plugins.ml2.drivers.ovn.mech_driver.mech_driver [None req-dbf48a25-e0c5-4f9d-8cb1-b9c8c6423c96 - - - - - -] OVN reports status up for port: cf33b9a0-c896-4120-9285-f6a5dd8c8637
2026-05-05 18:14:46.758 8 INFO neutron.services.segments.plugin [-] Segment 4c967380-9766-469c-9b9f-bc0ac7fe034a resource provider aggregate not found
2026-05-05 18:14:46.766 8 INFO neutron.services.segments.plugin [-] Segment 4c967380-9766-469c-9b9f-bc0ac7fe034a resource provider aggregate not found
2026-05-05 18:14:46.774 7 INFO neutron.plugins.ml2.plugin [None req-dbf48a25-e0c5-4f9d-8cb1-b9c8c6423c96 - - - - - -] Attempt 1 to provision port cf33b9a0-c896-4120-9285-f6a5dd8c8637
2026-05-05 18:14:46.785 8 INFO neutron.services.segments.plugin [-] Segment 4c967380-9766-469c-9b9f-bc0ac7fe034a resource provider not found; error: Placement Client Error (4xx): {"errors": [{"status": 404, "title": "Not Found", "detail": "The resource could not be found.\n\n No resource provider with uuid 4c967380-9766-469c-9b9f-bc0ac7fe034a found for delete ", "request_id": "req-37604954-211d-48c0-ac24-ab4a3e85b678"}]}
2026-05-05 18:14:46.786 8 INFO neutron.services.segments.plugin [-] Segment 4c967380-9766-469c-9b9f-bc0ac7fe034a resource provider not found; error: Placement Client Error (4xx): {"errors": [{"status": 404, "title": "Not Found", "detail": "The resource could not be found.\n\n No resource provider with uuid 4c967380-9766-469c-9b9f-bc0ac7fe034a found for delete ", "request_id": "req-1eacbc84-486c-468e-a9d4-58d0d349db37"}]} [pid: 7|app: 0|req: 1174/2434] 10.0.0.129 () {28 vars in 585 bytes} [Tue May 5 18:14:46 2026] GET /v2.0/networks => generated 9234 bytes in 151 msecs (HTTP/1.1 200) 4 headers in 158 bytes (1 switches on core 0) [pid: 8|app: 0|req: 1261/2435] 10.0.0.25 () {32 vars in 725 bytes} [Tue May 5 18:14:46 2026] DELETE /v2.0/networks/3d3a92bf-fadd-498b-92ea-16ec043ebf6d => generated 0 bytes in 516 msecs (HTTP/1.1 204) 3 headers in 131 bytes (1 switches on core 0) [pid: 7|app: 0|req: 1175/2436] 10.0.0.25 () {34 vars in 777 bytes} [Tue May 5 18:14:46 2026] PUT /v2.0/trunks/970f5b49-8888-447f-b96a-a90b009c81c9/tags/black.or.white => generated 4 bytes in 74 msecs (HTTP/1.1 201) 4 headers in 160 bytes (1 switches on core 0)
2026-05-05 18:14:46.906 8 INFO neutron.db.ovn_revision_numbers_db [None req-a75ab85a-e96d-4edd-8667-7ea5d2c6987e f8c57589cf4e4031b488855a5d0995a8 51bca96a455242b9bf3a3f22480c87d2 - - default default] Successfully bumped revision number for resource 2fd174fd-a775-4f32-8405-e756103c4b4b (type: security_groups) to 1
2026-05-05 18:14:46.917 8 INFO neutron.db.ovn_revision_numbers_db [None req-a75ab85a-e96d-4edd-8667-7ea5d2c6987e f8c57589cf4e4031b488855a5d0995a8 51bca96a455242b9bf3a3f22480c87d2 - - default default] Successfully bumped revision number for resource 14d823d0-2022-42a3-a900-021695732629 (type: security_group_rules) to 0
