2026-05-05 18:11:48.644 7 INFO neutron.services.segments.plugin [-] Segment e9c0be7b-23ca-4e88-bfe9-5282a6f1a3c5 resource provider aggregate not found
2026-05-05 18:11:48.649 7 INFO neutron.services.segments.plugin [-] Segment e9c0be7b-23ca-4e88-bfe9-5282a6f1a3c5 resource provider aggregate not found
2026-05-05 18:11:48.666 7 INFO neutron.services.segments.plugin [-] Segment e9c0be7b-23ca-4e88-bfe9-5282a6f1a3c5 resource provider not found; error: Placement Client Error (4xx): {"errors": [{"status": 404, "title": "Not Found", "detail": "The resource could not be found.\n\n No resource provider with uuid e9c0be7b-23ca-4e88-bfe9-5282a6f1a3c5 found for delete ", "request_id": "req-f5a67deb-e5c2-4d7a-a760-496dbd07bb9c"}]}
2026-05-05 18:11:48.668 7 INFO neutron.services.segments.plugin [-] Segment e9c0be7b-23ca-4e88-bfe9-5282a6f1a3c5 resource provider not found; error: Placement Client Error (4xx): {"errors": [{"status": 404, "title": "Not Found", "detail": "The resource could not be found.\n\n No resource provider with uuid e9c0be7b-23ca-4e88-bfe9-5282a6f1a3c5 found for delete ", "request_id": "req-02f26054-c373-40c9-89d4-8873b5f87920"}]}
2026-05-05 18:11:48.673 8 INFO neutron.notifiers.nova [-] Nova event matching ['req-a4b981fc-eefa-45a3-971a-2b7dd745a906'] response: {'server_uuid': '151d4f2f-d748-4cc6-bbab-a2675d00b20b', 'name': 'network-vif-unplugged', 'status': 'completed', 'tag': '5028551b-3806-4a42-b5e5-de4cef38bfef', 'code': 200} [pid: 7|app: 0|req: 554/1140] 10.0.0.25 () {32 vars in 725 bytes} [Tue May 5 18:11:48 2026] DELETE /v2.0/networks/75b179b5-dec5-45ab-bc25-341c33d5444e => generated 0 bytes in 356 msecs (HTTP/1.1 204) 3 headers in 131 bytes (1 switches on core 0) [pid: 7|app: 0|req: 555/1141] 10.0.0.25 () {32 vars in 646 bytes} [Tue May 5 18:11:48 2026] GET /v2.0/subnets => generated 649 bytes in 27 msecs (HTTP/1.1 200) 4 headers in 157 bytes (1 switches on core 0)
2026-05-05 18:11:48.854 7 INFO neutron_taas.services.taas.taas_plugin [None req-6455e229-784f-44d8-a89f-a33319d1e7b4 fa22d955a37c4e48a63faa029d8b9dcd 5677fd4a293c4659be83c9de070935cd - - default default] TaaS: Handle Delete Port: 20bfea93-704d-4a10-904f-c658dadf84c2
2026-05-05 18:11:48.857 7 INFO neutron_taas.services.taas.tap_mirror_plugin [None req-6455e229-784f-44d8-a89f-a33319d1e7b4 fa22d955a37c4e48a63faa029d8b9dcd 5677fd4a293c4659be83c9de070935cd - - default default] Tap Mirror: Handle Delete Port: 20bfea93-704d-4a10-904f-c658dadf84c2
2026-05-05 18:11:48.995 8 INFO neutron.db.ovn_revision_numbers_db [None req-26377916-adc4-4de6-8586-455f0a1f0c95 - - - - - -] Successfully bumped revision number for resource 5028551b-3806-4a42-b5e5-de4cef38bfef (type: ports) to 8 [pid: 7|app: 0|req: 556/1142] 10.0.0.25 () {32 vars in 725 bytes} [Tue May 5 18:11:48 2026] DELETE /v2.0/networks/3d4587c2-3088-4fc3-a921-08fff37446af => generated 0 bytes in 354 msecs (HTTP/1.1 204) 3 headers in 131 bytes (1 switches on core 0)
2026-05-05 18:11:49.093 8 WARNING neutron.scheduler.dhcp_agent_scheduler [None req-de5b1f9a-3d77-4163-87b8-88e783cdf6a2 5070859b914c42c3831975849e95d647 e199110985b84ca28da52ad2275ed6ec - - default default] No more DHCP agents
2026-05-05 18:11:49.098 8 WARNING neutron.api.rpc.agentnotifiers.dhcp_rpc_agent_api [None req-de5b1f9a-3d77-4163-87b8-88e783cdf6a2 5070859b914c42c3831975849e95d647 e199110985b84ca28da52ad2275ed6ec - - default default] Unable to schedule network 9d72c4b0-a0b8-4f85-a60c-0a8ac8a75396: no agents available; will retry on subsequent port and subnet creation events.
2026-05-05 18:11:49.205 7 INFO neutron_taas.services.taas.taas_plugin [None req-490d8a76-4e8b-4a62-bba3-493883b00b51 fa22d955a37c4e48a63faa029d8b9dcd 5677fd4a293c4659be83c9de070935cd - - default default] TaaS: Handle Delete Port: e4aad437-3abd-4ecc-9d8f-d80268a5d0b1
2026-05-05 18:11:49.215 7 INFO neutron_taas.services.taas.tap_mirror_plugin [None req-490d8a76-4e8b-4a62-bba3-493883b00b51 fa22d955a37c4e48a63faa029d8b9dcd 5677fd4a293c4659be83c9de070935cd - - default default] Tap Mirror: Handle Delete Port: e4aad437-3abd-4ecc-9d8f-d80268a5d0b1
2026-05-05 18:11:49.222 7 INFO neutron.plugins.ml2.drivers.ovn.mech_driver.mech_driver [None req-391a9f00-6913-402e-a886-147328e884b5 - - - - - -] OVN reports status down for port: 16a0f90f-381f-4cca-83ee-13ad3e70651c
2026-05-05 18:11:49.249 8 INFO neutron.db.ovn_revision_numbers_db [None req-de5b1f9a-3d77-4163-87b8-88e783cdf6a2 5070859b914c42c3831975849e95d647 e199110985b84ca28da52ad2275ed6ec - - default default] Successfully bumped revision number for resource 16a0f90f-381f-4cca-83ee-13ad3e70651c (type: ports) to 1 [pid: 7|app: 0|req: 557/1143] 10.0.0.25 () {32 vars in 725 bytes} [Tue May 5 18:11:49 2026] DELETE /v2.0/networks/d20c9079-f079-4dca-8f51-3abd2c88d7bd => generated 0 bytes in 435 msecs (HTTP/1.1 204) 3 headers in 131 bytes (1 switches on core 0) [pid: 7|app: 0|req: 558/1144] 10.0.0.25 () {32 vars in 773 bytes} [Tue May 5 18:11:49 2026] GET /v2.0/security-groups?tenant_id=3cef6ff2ad864456b068c7d6ff510d3f&name=default => generated 2925 bytes in 127 msecs (HTTP/1.1 200) 4 headers in 158 bytes (1 switches on core 0) [pid: 7|app: 0|req: 559/1145] 10.0.0.41 () {34 vars in 989 bytes} [Tue May 5 18:11:49 2026] GET /v2.0/ports?device_id=151d4f2f-d748-4cc6-bbab-a2675d00b20b => generated 969 bytes in 38 msecs (HTTP/1.1 200) 4 headers in 157 bytes (1 switches on core 0) [pid: 7|app: 0|req: 560/1146] 199.19.213.228 () {34 vars in 994 bytes} [Tue May 5 18:11:49 2026] GET /v2.0/ports?device_id=151d4f2f-d748-4cc6-bbab-a2675d00b20b => generated 969 bytes in 28 msecs (HTTP/1.1 200) 4 headers in 157 bytes (1 switches on core 0)
2026-05-05 18:11:49.831 7 INFO neutron_taas.services.taas.taas_plugin [None req-42d6045c-2acc-46d0-b19d-ff7d0b442b35 fa22d955a37c4e48a63faa029d8b9dcd 5677fd4a293c4659be83c9de070935cd - - default default] TaaS: Handle Delete Port: 70e8df14-a65c-4d0b-892d-02b09a0fe5b5
2026-05-05 18:11:49.833 7 INFO neutron_taas.services.taas.tap_mirror_plugin [None req-42d6045c-2acc-46d0-b19d-ff7d0b442b35 fa22d955a37c4e48a63faa029d8b9dcd 5677fd4a293c4659be83c9de070935cd - - default default] Tap Mirror: Handle Delete Port: 70e8df14-a65c-4d0b-892d-02b09a0fe5b5
2026-05-05 18:11:49.870 8 INFO neutron.plugins.ml2.drivers.ovn.mech_driver.ovsdb.commands [None req-307634c7-616d-40c8-987f-6791567157b5 - - - - - -] Schedule LRP lrp-16a0f90f-381f-4cca-83ee-13ad3e70651c on gateway 5e54cd30-6db1-4949-be7a-a68d38d7acc3 with priority 1
2026-05-05 18:11:49.909 7 INFO neutron.plugins.ml2.drivers.ovn.mech_driver.mech_driver [None req-391a9f00-6913-402e-a886-147328e884b5 - - - - - -] OVN reports status up for port: 16a0f90f-381f-4cca-83ee-13ad3e70651c
2026-05-05 18:11:49.936 8 INFO neutron.plugins.ml2.drivers.ovn.mech_driver.ovsdb.ovsdb_monitor [None req-de592fd9-34c2-48d0-be92-1db035df8d3c - - - - - -] Router 45eded86-2ce9-4d17-8084-29c1823bb888 is bound to host instance
2026-05-05 18:11:49.939 8 INFO neutron.db.ovn_revision_numbers_db [None req-de5b1f9a-3d77-4163-87b8-88e783cdf6a2 5070859b914c42c3831975849e95d647 e199110985b84ca28da52ad2275ed6ec - - default default] Successfully bumped revision number for resource 16a0f90f-381f-4cca-83ee-13ad3e70651c (type: router_ports) to 1
2026-05-05 18:11:49.947 7 INFO neutron.plugins.ml2.plugin [None req-391a9f00-6913-402e-a886-147328e884b5 - - - - - -] Attempt 1 to provision port 16a0f90f-381f-4cca-83ee-13ad3e70651c
2026-05-05 18:11:50.067 8 INFO neutron.db.ovn_revision_numbers_db [None req-de5b1f9a-3d77-4163-87b8-88e783cdf6a2 5070859b914c42c3831975849e95d647 e199110985b84ca28da52ad2275ed6ec - - default default] Successfully bumped revision number for resource 45eded86-2ce9-4d17-8084-29c1823bb888 (type: routers) to 2 [pid: 8|app: 0|req: 587/1147] 10.0.0.25 () {34 vars in 668 bytes} [Tue May 5 18:11:47 2026] POST /v2.0/routers => generated 962 bytes in 2338 msecs (HTTP/1.1 201) 4 headers in 162 bytes (1 switches on core 0) /var/lib/openstack/lib/python3.12/site-packages/pycadf/identifier.py:70: UserWarning: Invalid uuid: neutron. To ensure interoperability, identifiers should be a valid uuid. warnings.warn(('Invalid uuid: %s. To ensure interoperability, ' [pid: 7|app: 0|req: 561/1148] 10.0.0.25 () {32 vars in 725 bytes} [Tue May 5 18:11:49 2026] DELETE /v2.0/networks/22af2b44-5479-4c59-aa00-7e981a3b49ea => generated 0 bytes in 426 msecs (HTTP/1.1 204) 3 headers in 131 bytes (1 switches on core 0) [pid: 7|app: 0|req: 562/1149] 10.0.0.41 () {34 vars in 1039 bytes} [Tue May 5 18:11:50 2026] GET /v2.0/security-groups?id=7d304f0e-6f66-42cb-8728-c5305f705afb&fields=id&fields=name => generated 113 bytes in 30 msecs (HTTP/1.1 200) 4 headers in 157 bytes (1 switches on core 0)
2026-05-05 18:11:50.309 7 INFO neutron_taas.services.taas.taas_plugin [req-1716a716-65af-42a6-a91d-6e54c98af557 req-6b2fddf4-75c5-47f4-a82e-1263687014c5 4001805bedb24ccba7e7eae04ba80cc0 f092f7e8836545b1b7c07aa00cb3f9c4 - - default default] TaaS: Handle Delete Port: 5028551b-3806-4a42-b5e5-de4cef38bfef
2026-05-05 18:11:50.313 7 INFO neutron_taas.services.taas.tap_mirror_plugin [req-1716a716-65af-42a6-a91d-6e54c98af557 req-6b2fddf4-75c5-47f4-a82e-1263687014c5 4001805bedb24ccba7e7eae04ba80cc0 f092f7e8836545b1b7c07aa00cb3f9c4 - - default default] Tap Mirror: Handle Delete Port: 5028551b-3806-4a42-b5e5-de4cef38bfef
2026-05-05 18:11:50.497 7 INFO neutron.db.l3_db [req-1716a716-65af-42a6-a91d-6e54c98af557 req-6b2fddf4-75c5-47f4-a82e-1263687014c5 4001805bedb24ccba7e7eae04ba80cc0 f092f7e8836545b1b7c07aa00cb3f9c4 - - default default] Floating IP df0671e1-7d9f-416f-b60e-d41b17d71d53 disassociated. External IP: 10.96.250.212, port: 5028551b-3806-4a42-b5e5-de4cef38bfef. [pid: 8|app: 0|req: 588/1150] 10.0.0.25 () {32 vars in 739 bytes} [Tue May 5 18:11:50 2026] DELETE /v2.0/security-groups/7ac0faf5-49ec-4958-b0da-475a0645769a => generated 0 bytes in 428 msecs (HTTP/1.1 204) 2 headers in 112 bytes (1 switches on core 0) [pid: 7|app: 0|req: 563/1151] 199.19.213.228 () {36 vars in 997 bytes} [Tue May 5 18:11:50 2026] DELETE /v2.0/ports/5028551b-3806-4a42-b5e5-de4cef38bfef => generated 0 bytes in 465 msecs (HTTP/1.1 204) 3 headers in 131 bytes (1 switches on core 0)
2026-05-05 18:11:50.686 7 INFO neutron.notifiers.nova [-] Nova event matching ['req-21e0ae13-ec5c-4438-87dc-475bde876f4b'] response: {'server_uuid': '151d4f2f-d748-4cc6-bbab-a2675d00b20b', 'name': 'network-vif-deleted', 'tag': '5028551b-3806-4a42-b5e5-de4cef38bfef', 'status': 'completed', 'code': 200}
2026-05-05 18:11:50.697 7 INFO neutron.services.segments.plugin [-] Segment d2497ed2-f83b-4e37-970b-0c330ff9e103 resource provider aggregate not found
2026-05-05 18:11:50.701 7 INFO neutron.services.segments.plugin [-] Segment d2497ed2-f83b-4e37-970b-0c330ff9e103 resource provider aggregate not found
2026-05-05 18:11:50.717 7 INFO neutron.services.segments.plugin [-] Segment d2497ed2-f83b-4e37-970b-0c330ff9e103 resource provider not found; error: Placement Client Error (4xx): {"errors": [{"status": 404, "title": "Not Found", "detail": "The resource could not be found.\n\n No resource provider with uuid d2497ed2-f83b-4e37-970b-0c330ff9e103 found for delete ", "request_id": "req-6dde4d47-7eb8-4209-b7fc-fc49fa2eaf47"}]}
2026-05-05 18:11:50.727 7 INFO neutron.services.segments.plugin [-] Segment d2497ed2-f83b-4e37-970b-0c330ff9e103 resource provider not found; error: Placement Client Error (4xx): {"errors": [{"status": 404, "title": "Not Found", "detail": "The resource could not be found.\n\n No resource provider with uuid d2497ed2-f83b-4e37-970b-0c330ff9e103 found for delete ", "request_id": "req-05c23f78-68a1-4dcf-a99b-33a481f43b92"}]}
2026-05-05 18:11:50.736 7 INFO neutron.services.segments.plugin [-] Segment d0e93688-71b0-431f-8e08-10fa433d475a resource provider aggregate not found
2026-05-05 18:11:50.748 7 INFO neutron.services.segments.plugin [-] Segment d0e93688-71b0-431f-8e08-10fa433d475a resource provider aggregate not found
2026-05-05 18:11:50.757 8 INFO neutron.notifiers.nova [-] Nova event matching ['req-74113963-44cb-42a4-a966-914c43c1ef38'] response: {'server_uuid': '151d4f2f-d748-4cc6-bbab-a2675d00b20b', 'name': 'network-vif-unplugged', 'status': 'completed', 'tag': '5028551b-3806-4a42-b5e5-de4cef38bfef', 'code': 200}
2026-05-05 18:11:50.765 7 INFO neutron.services.segments.plugin [-] Segment d0e93688-71b0-431f-8e08-10fa433d475a resource provider not found; error: Placement Client Error (4xx): {"errors": [{"status": 404, "title": "Not Found", "detail": "The resource could not be found.\n\n No resource provider with uuid d0e93688-71b0-431f-8e08-10fa433d475a found for delete ", "request_id": "req-ae8c5c58-04c8-47cf-8e5b-bef7cd0882a1"}]}
2026-05-05 18:11:50.773 7 INFO neutron.services.segments.plugin [-] Segment d0e93688-71b0-431f-8e08-10fa433d475a resource provider not found; error: Placement Client Error (4xx): {"errors": [{"status": 404, "title": "Not Found", "detail": "The resource could not be found.\n\n No resource provider with uuid d0e93688-71b0-431f-8e08-10fa433d475a found for delete ", "request_id": "req-98bbf6e7-6d90-4ed8-8bf5-bc5ae26e63ea"}]}
2026-05-05 18:11:50.790 7 INFO neutron.services.segments.plugin [-] Segment aa5556dd-cbd7-4d6f-a293-872e55c6cf4f resource provider aggregate not found
2026-05-05 18:11:50.806 7 INFO neutron.services.segments.plugin [-] Segment aa5556dd-cbd7-4d6f-a293-872e55c6cf4f resource provider aggregate not found
2026-05-05 18:11:50.816 7 INFO neutron.services.segments.plugin [-] Segment aa5556dd-cbd7-4d6f-a293-872e55c6cf4f resource provider not found; error: Placement Client Error (4xx): {"errors": [{"status": 404, "title": "Not Found", "detail": "The resource could not be found.\n\n No resource provider with uuid aa5556dd-cbd7-4d6f-a293-872e55c6cf4f found for delete ", "request_id": "req-cc40c21b-5062-46d6-b4fc-6607e5d9d27e"}]}
2026-05-05 18:11:50.824 7 INFO neutron.services.segments.plugin [-] Segment aa5556dd-cbd7-4d6f-a293-872e55c6cf4f resource provider not found; error: Placement Client Error (4xx): {"errors": [{"status": 404, "title": "Not Found", "detail": "The resource could not be found.\n\n No resource provider with uuid aa5556dd-cbd7-4d6f-a293-872e55c6cf4f found for delete ", "request_id": "req-af782bb5-d8f4-4e3e-9e84-9cc5485877fa"}]}
2026-05-05 18:11:50.848 7 INFO neutron_taas.services.taas.taas_plugin [None req-2909e977-45b5-4beb-8996-2572c4d65690 fa22d955a37c4e48a63faa029d8b9dcd 5677fd4a293c4659be83c9de070935cd - - default default] TaaS: Handle Delete Port: dedea4b8-dbd5-4ada-9c89-666546e9824f
2026-05-05 18:11:50.852 7 INFO neutron_taas.services.taas.tap_mirror_plugin [None req-2909e977-45b5-4beb-8996-2572c4d65690 fa22d955a37c4e48a63faa029d8b9dcd 5677fd4a293c4659be83c9de070935cd - - default default] Tap Mirror: Handle Delete Port: dedea4b8-dbd5-4ada-9c89-666546e9824f [pid: 7|app: 0|req: 564/1152] 10.0.0.25 () {32 vars in 725 bytes} [Tue May 5 18:11:50 2026] DELETE /v2.0/networks/1c14d606-cf17-467b-bd77-7823fda22768 => generated 0 bytes in 428 msecs (HTTP/1.1 204) 3 headers in 131 bytes (1 switches on core 0) [pid: 7|app: 0|req: 565/1153] 10.0.0.41 () {34 vars in 989 bytes} [Tue May 5 18:11:51 2026] GET /v2.0/ports?device_id=151d4f2f-d748-4cc6-bbab-a2675d00b20b => generated 12 bytes in 25 msecs (HTTP/1.1 200) 4 headers in 156 bytes (1 switches on core 0)
2026-05-05 18:11:51.412 8 WARNING neutron.scheduler.dhcp_agent_scheduler [None req-ffe63864-231a-4f1f-96c4-7dd7635168e8 5070859b914c42c3831975849e95d647 e199110985b84ca28da52ad2275ed6ec - - default default] No more DHCP agents
2026-05-05 18:11:51.415 8 WARNING neutron.api.rpc.agentnotifiers.dhcp_rpc_agent_api [None req-ffe63864-231a-4f1f-96c4-7dd7635168e8 5070859b914c42c3831975849e95d647 e199110985b84ca28da52ad2275ed6ec - - default default] Unable to schedule network 71b42a6d-c034-46bd-8ab0-fe7db3fae60a: no agents available; will retry on subsequent port and subnet creation events.
2026-05-05 18:11:51.515 8 INFO neutron.db.ovn_revision_numbers_db [None req-22cb3f2c-ec80-4923-9208-1fb2283aea4d - - - - - -] Successfully bumped revision number for resource 16a0f90f-381f-4cca-83ee-13ad3e70651c (type: ports) to 4
2026-05-05 18:11:51.707 8 INFO neutron.db.ovn_revision_numbers_db [None req-ffe63864-231a-4f1f-96c4-7dd7635168e8 5070859b914c42c3831975849e95d647 e199110985b84ca28da52ad2275ed6ec - - default default] Successfully bumped revision number for resource ef9956e8-0d70-478a-84e4-6d3e70fa0ec7 (type: ports) to 1 [pid: 7|app: 0|req: 566/1154] 10.0.0.25 () {32 vars in 773 bytes} [Tue May 5 18:11:51 2026] GET /v2.0/security-groups?tenant_id=5677fd4a293c4659be83c9de070935cd&name=default => generated 2925 bytes in 265 msecs (HTTP/1.1 200) 4 headers in 158 bytes (1 switches on core 0) [pid: 7|app: 0|req: 567/1155] 10.0.0.25 () {32 vars in 739 bytes} [Tue May 5 18:11:51 2026] DELETE /v2.0/security-groups/d7d88f41-6a46-42d7-858e-c0d5294f4e88 => generated 0 bytes in 206 msecs (HTTP/1.1 204) 2 headers in 112 bytes (1 switches on core 0)
2026-05-05 18:11:52.144 8 INFO neutron.db.ovn_revision_numbers_db [None req-22cb3f2c-ec80-4923-9208-1fb2283aea4d - - - - - -] Successfully bumped revision number for resource 16a0f90f-381f-4cca-83ee-13ad3e70651c (type: ports) to 5
2026-05-05 18:11:52.622 7 INFO neutron.db.ovn_revision_numbers_db [None req-ec75aab4-94c5-45ba-b00c-78fa48c0c0d2 222714896977477fbb231cbe0e074edc 2776d682f6024dbf934688a47a3ccdc9 - - default default] Successfully bumped revision number for resource 53659547-4ef9-40ac-9a96-b66b60cca474 (type: security_groups) to 1
2026-05-05 18:11:52.642 7 INFO neutron.db.ovn_revision_numbers_db [None req-ec75aab4-94c5-45ba-b00c-78fa48c0c0d2 222714896977477fbb231cbe0e074edc 2776d682f6024dbf934688a47a3ccdc9 - - default default] Successfully bumped revision number for resource 49694cd0-fde7-4f87-9338-edf7826a3c0b (type: security_group_rules) to 0
2026-05-05 18:11:52.658 7 INFO neutron.db.ovn_revision_numbers_db [None req-ec75aab4-94c5-45ba-b00c-78fa48c0c0d2 222714896977477fbb231cbe0e074edc 2776d682f6024dbf934688a47a3ccdc9 - - default default] Successfully bumped revision number for resource 54463d82-e9d0-435f-b734-9ca834bfce75 (type: security_group_rules) to 0
2026-05-05 18:11:52.676 7 INFO neutron.db.ovn_revision_numbers_db [None req-ec75aab4-94c5-45ba-b00c-78fa48c0c0d2 222714896977477fbb231cbe0e074edc 2776d682f6024dbf934688a47a3ccdc9 - - default default] Successfully bumped revision number for resource 917c93be-3c41-4e09-a17b-524ad164853f (type: security_group_rules) to 0
2026-05-05 18:11:52.694 8 WARNING neutron.scheduler.dhcp_agent_scheduler [None req-ffe63864-231a-4f1f-96c4-7dd7635168e8 5070859b914c42c3831975849e95d647 e199110985b84ca28da52ad2275ed6ec - - default default] No more DHCP agents
2026-05-05 18:11:52.695 8 WARNING neutron.api.rpc.agentnotifiers.dhcp_rpc_agent_api [None req-ffe63864-231a-4f1f-96c4-7dd7635168e8 5070859b914c42c3831975849e95d647 e199110985b84ca28da52ad2275ed6ec - - default default] Unable to schedule network 71b42a6d-c034-46bd-8ab0-fe7db3fae60a: no agents available; will retry on subsequent port and subnet creation events.
2026-05-05 18:11:52.697 7 INFO neutron.db.ovn_revision_numbers_db [None req-ec75aab4-94c5-45ba-b00c-78fa48c0c0d2 222714896977477fbb231cbe0e074edc 2776d682f6024dbf934688a47a3ccdc9 - - default default] Successfully bumped revision number for resource fb52ae70-386f-4abd-8797-610e040d6cb4 (type: security_group_rules) to 0
2026-05-05 18:11:52.782 7 INFO neutron.db.segments_db [None req-ec75aab4-94c5-45ba-b00c-78fa48c0c0d2 222714896977477fbb231cbe0e074edc 2776d682f6024dbf934688a47a3ccdc9 - - default default] Added segment a1e11b9d-50bf-4ce6-a990-46422e077828 of type geneve for network 1adedd5b-455d-44e2-bafd-e269835a0af0
2026-05-05 18:11:52.859 7 INFO neutron.services.segments.plugin [-] Segment 9e42ede9-951e-4676-9cbf-c7c8b6e1d524 resource provider aggregate not found
2026-05-05 18:11:52.867 7 INFO neutron.services.segments.plugin [-] Segment 9e42ede9-951e-4676-9cbf-c7c8b6e1d524 resource provider aggregate not found
2026-05-05 18:11:52.892 7 INFO neutron.services.segments.plugin [-] Segment 9e42ede9-951e-4676-9cbf-c7c8b6e1d524 resource provider not found; error: Placement Client Error (4xx): {"errors": [{"status": 404, "title": "Not Found", "detail": "The resource could not be found.\n\n No resource provider with uuid 9e42ede9-951e-4676-9cbf-c7c8b6e1d524 found for delete ", "request_id": "req-a520410a-a4ee-4238-a084-28426a5d410b"}]}
2026-05-05 18:11:52.895 7 INFO neutron.services.segments.plugin [-] Segment 9e42ede9-951e-4676-9cbf-c7c8b6e1d524 resource provider not found; error: Placement Client Error (4xx): {"errors": [{"status": 404, "title": "Not Found", "detail": "The resource could not be found.\n\n No resource provider with uuid 9e42ede9-951e-4676-9cbf-c7c8b6e1d524 found for delete ", "request_id": "req-557ffe4d-964c-497f-9c5b-cc47ae9a56f2"}]}
2026-05-05 18:11:52.944 7 INFO neutron.plugins.ml2.drivers.ovn.mech_driver.mech_driver [None req-391a9f00-6913-402e-a886-147328e884b5 - - - - - -] OVN reports status down for port: ef9956e8-0d70-478a-84e4-6d3e70fa0ec7
2026-05-05 18:11:53.005 7 INFO neutron.db.ovn_revision_numbers_db [None req-ec75aab4-94c5-45ba-b00c-78fa48c0c0d2 222714896977477fbb231cbe0e074edc 2776d682f6024dbf934688a47a3ccdc9 - - default default] Successfully bumped revision number for resource 1adedd5b-455d-44e2-bafd-e269835a0af0 (type: networks) to 1
2026-05-05 18:11:53.061 7 WARNING neutron.plugins.ml2.drivers.ovn.mech_driver.ovsdb.ovn_client [None req-391a9f00-6913-402e-a886-147328e884b5 - - - - - -] Logical_Switch_Port ef9956e8-0d70-478a-84e4-6d3e70fa0ec7 host information not removed, the port state is up
2026-05-05 18:11:53.061 7 INFO neutron.plugins.ml2.drivers.ovn.mech_driver.mech_driver [None req-391a9f00-6913-402e-a886-147328e884b5 - - - - - -] OVN reports status up for port: ef9956e8-0d70-478a-84e4-6d3e70fa0ec7
2026-05-05 18:11:53.083 7 INFO neutron.plugins.ml2.plugin [None req-391a9f00-6913-402e-a886-147328e884b5 - - - - - -] Attempt 1 to provision port ef9956e8-0d70-478a-84e4-6d3e70fa0ec7
2026-05-05 18:11:53.199 8 INFO neutron.db.ovn_revision_numbers_db [None req-ffe63864-231a-4f1f-96c4-7dd7635168e8 5070859b914c42c3831975849e95d647 e199110985b84ca28da52ad2275ed6ec - - default default] Successfully bumped revision number for resource ef9956e8-0d70-478a-84e4-6d3e70fa0ec7 (type: router_ports) to 1 [pid: 8|app: 0|req: 589/1156] 10.0.0.25 () {34 vars in 782 bytes} [Tue May 5 18:11:50 2026] PUT /v2.0/routers/45eded86-2ce9-4d17-8084-29c1823bb888/add_router_interface => generated 309 bytes in 2677 msecs (HTTP/1.1 200) 4 headers in 157 bytes (1 switches on core 0) [pid: 8|app: 0|req: 590/1157] 10.0.0.41 () {34 vars in 989 bytes} [Tue May 5 18:11:53 2026] GET /v2.0/ports?device_id=151d4f2f-d748-4cc6-bbab-a2675d00b20b => generated 12 bytes in 21 msecs (HTTP/1.1 200) 4 headers in 156 bytes (1 switches on core 0)
2026-05-05 18:11:53.505 7 WARNING neutron.scheduler.dhcp_agent_scheduler [None req-ec75aab4-94c5-45ba-b00c-78fa48c0c0d2 222714896977477fbb231cbe0e074edc 2776d682f6024dbf934688a47a3ccdc9 - - default default] No more DHCP agents
2026-05-05 18:11:53.509 7 WARNING neutron.api.rpc.agentnotifiers.dhcp_rpc_agent_api [None req-ec75aab4-94c5-45ba-b00c-78fa48c0c0d2 222714896977477fbb231cbe0e074edc 2776d682f6024dbf934688a47a3ccdc9 - - default default] Unable to schedule network 1adedd5b-455d-44e2-bafd-e269835a0af0: no agents available; will retry on subsequent port and subnet creation events.
2026-05-05 18:11:53.659 7 INFO neutron.db.ovn_revision_numbers_db [None req-ec75aab4-94c5-45ba-b00c-78fa48c0c0d2 222714896977477fbb231cbe0e074edc 2776d682f6024dbf934688a47a3ccdc9 - - default default] Successfully bumped revision number for resource da88760e-b091-42d1-a209-093bc6de21da (type: ports) to 1 [pid: 7|app: 0|req: 568/1158] 10.0.0.25 () {34 vars in 669 bytes} [Tue May 5 18:11:52 2026] POST /v2.0/networks => generated 672 bytes in 1482 msecs (HTTP/1.1 201) 4 headers in 162 bytes (1 switches on core 0)
2026-05-05 18:11:53.825 8 INFO neutron.db.segments_db [None req-7f031a18-f610-48dc-a17f-036275ce02bd 222714896977477fbb231cbe0e074edc 2776d682f6024dbf934688a47a3ccdc9 - - default default] Added segment 488a7bb4-eadd-41b8-aa6d-d1aadf41c6ee of type geneve for network f904e7fb-e88d-466e-817c-d0a66b78bba9 /var/lib/openstack/lib/python3.12/site-packages/pycadf/identifier.py:70: UserWarning: Invalid uuid: neutron. To ensure interoperability, identifiers should be a valid uuid. warnings.warn(('Invalid uuid: %s. To ensure interoperability, '
2026-05-05 18:11:53.879 7 INFO neutron.db.ovn_revision_numbers_db [None req-391a9f00-6913-402e-a886-147328e884b5 - - - - - -] Successfully bumped revision number for resource ef9956e8-0d70-478a-84e4-6d3e70fa0ec7 (type: ports) to 2
2026-05-05 18:11:53.935 8 INFO neutron.db.ovn_revision_numbers_db [None req-7f031a18-f610-48dc-a17f-036275ce02bd 222714896977477fbb231cbe0e074edc 2776d682f6024dbf934688a47a3ccdc9 - - default default] Successfully bumped revision number for resource f904e7fb-e88d-466e-817c-d0a66b78bba9 (type: networks) to 1
2026-05-05 18:11:54.087 7 INFO neutron.db.ovn_revision_numbers_db [None req-50fb4e95-5c8c-4c40-8830-d068f1c1fc1f 37f369dd43d14f389cf63dd762fc06d1 048df26839634889bb48c786c9ac4311 - - default default] Successfully bumped revision number for resource 1dfdfd76-0f7f-44cf-ab94-31e37f240712 (type: security_groups) to 1
2026-05-05 18:11:54.099 7 INFO neutron.db.ovn_revision_numbers_db [None req-50fb4e95-5c8c-4c40-8830-d068f1c1fc1f 37f369dd43d14f389cf63dd762fc06d1 048df26839634889bb48c786c9ac4311 - - default default] Successfully bumped revision number for resource 1fd8089b-bf2a-43a7-ab87-5ee05504a02f (type: security_group_rules) to 0
2026-05-05 18:11:54.099 8 WARNING neutron.scheduler.dhcp_agent_scheduler [None req-7f031a18-f610-48dc-a17f-036275ce02bd 222714896977477fbb231cbe0e074edc 2776d682f6024dbf934688a47a3ccdc9 - - default default] No more DHCP agents
2026-05-05 18:11:54.100 8 WARNING neutron.api.rpc.agentnotifiers.dhcp_rpc_agent_api [None req-7f031a18-f610-48dc-a17f-036275ce02bd 222714896977477fbb231cbe0e074edc 2776d682f6024dbf934688a47a3ccdc9 - - default default] Unable to schedule network f904e7fb-e88d-466e-817c-d0a66b78bba9: no agents available; will retry on subsequent port and subnet creation events.
2026-05-05 18:11:54.109 7 INFO neutron.db.ovn_revision_numbers_db [None req-50fb4e95-5c8c-4c40-8830-d068f1c1fc1f 37f369dd43d14f389cf63dd762fc06d1 048df26839634889bb48c786c9ac4311 - - default default] Successfully bumped revision number for resource 7aa296f3-0b08-4549-9d29-87b0d718b453 (type: security_group_rules) to 0
2026-05-05 18:11:54.121 7 INFO neutron.db.ovn_revision_numbers_db [None req-50fb4e95-5c8c-4c40-8830-d068f1c1fc1f 37f369dd43d14f389cf63dd762fc06d1 048df26839634889bb48c786c9ac4311 - - default default] Successfully bumped revision number for resource ad0da8e7-ca5d-4706-93da-122d09f84fa1 (type: security_group_rules) to 0
2026-05-05 18:11:54.152 7 INFO neutron.db.ovn_revision_numbers_db [None req-50fb4e95-5c8c-4c40-8830-d068f1c1fc1f 37f369dd43d14f389cf63dd762fc06d1 048df26839634889bb48c786c9ac4311 - - default default] Successfully bumped revision number for resource d146be8d-0bb9-4c9e-9d94-57d462ff0c17 (type: security_group_rules) to 0
2026-05-05 18:11:54.181 8 INFO neutron.db.ovn_revision_numbers_db [None req-7f031a18-f610-48dc-a17f-036275ce02bd 222714896977477fbb231cbe0e074edc 2776d682f6024dbf934688a47a3ccdc9 - - default default] Successfully bumped revision number for resource a9449a5f-a85b-4a9a-94cf-a092ca3e6975 (type: ports) to 1 [pid: 8|app: 0|req: 591/1159] 10.0.0.25 () {34 vars in 669 bytes} [Tue May 5 18:11:53 2026] POST /v2.0/networks => generated 671 bytes in 485 msecs (HTTP/1.1 201) 4 headers in 162 bytes (1 switches on core 0)
2026-05-05 18:11:54.300 7 INFO neutron.db.ovn_revision_numbers_db [None req-50fb4e95-5c8c-4c40-8830-d068f1c1fc1f 37f369dd43d14f389cf63dd762fc06d1 048df26839634889bb48c786c9ac4311 - - default default] Successfully bumped revision number for resource 326316af-3486-4f75-b55d-3a0d89a63de6 (type: security_groups) to 1
2026-05-05 18:11:54.320 7 INFO neutron.db.ovn_revision_numbers_db [None req-50fb4e95-5c8c-4c40-8830-d068f1c1fc1f 37f369dd43d14f389cf63dd762fc06d1 048df26839634889bb48c786c9ac4311 - - default default] Successfully bumped revision number for resource e6dc5664-178f-48a9-94db-8dac004eb033 (type: security_group_rules) to 0
2026-05-05 18:11:54.340 7 INFO neutron.db.ovn_revision_numbers_db [None req-50fb4e95-5c8c-4c40-8830-d068f1c1fc1f 37f369dd43d14f389cf63dd762fc06d1 048df26839634889bb48c786c9ac4311 - - default default] Successfully bumped revision number for resource fbfc00ce-0cc6-403e-9ea0-7b448bb8f862 (type: security_group_rules) to 0
2026-05-05 18:11:54.344 8 INFO neutron.db.ovn_revision_numbers_db [None req-7049a2c6-f999-492d-b2dc-a3bfa6707a4d 5744c149e6b6418db3177ffe505c6f17 4d8ace2acfbe46738be846bca0e51e62 - - default default] Successfully bumped revision number for resource 5d0396ea-daaa-417c-b2e4-1b8e2bcffdcd (type: security_groups) to 1
2026-05-05 18:11:54.357 8 INFO neutron.db.ovn_revision_numbers_db [None req-7049a2c6-f999-492d-b2dc-a3bfa6707a4d 5744c149e6b6418db3177ffe505c6f17 4d8ace2acfbe46738be846bca0e51e62 - - default default] Successfully bumped revision number for resource 4bbf1144-0c31-4e60-baf5-a02d7c616753 (type: security_group_rules) to 0
2026-05-05 18:11:54.369 8 INFO neutron.db.ovn_revision_numbers_db [None req-7049a2c6-f999-492d-b2dc-a3bfa6707a4d 5744c149e6b6418db3177ffe505c6f17 4d8ace2acfbe46738be846bca0e51e62 - - default default] Successfully bumped revision number for resource 5968cf0d-3fd8-4e3c-8f5a-bafe16c2f862 (type: security_group_rules) to 0 [pid: 7|app: 0|req: 569/1160] 10.0.0.25 () {34 vars in 683 bytes} [Tue May 5 18:11:53 2026] POST /v2.0/security-groups => generated 1625 bytes in 659 msecs (HTTP/1.1 201) 4 headers in 163 bytes (1 switches on core 0) [pid: 8|app: 0|req: 592/1161] 10.0.0.25 () {34 vars in 684 bytes} [Tue May 5 18:11:54 2026] POST /v2.0/security-groups => generated 1661 bytes in 198 msecs (HTTP/1.1 201) 4 headers in 163 bytes (1 switches on core 0) [pid: 8|app: 0|req: 593/1162] 10.0.0.25 () {32 vars in 739 bytes} [Tue May 5 18:11:54 2026] DELETE /v2.0/security-groups/7d304f0e-6f66-42cb-8728-c5305f705afb => generated 0 bytes in 112 msecs (HTTP/1.1 204) 2 headers in 112 bytes (1 switches on core 0) [pid: 8|app: 0|req: 594/1163] 10.0.0.25 () {32 vars in 662 bytes} [Tue May 5 18:11:54 2026] GET /v2.0/security-groups => generated 4530 bytes in 62 msecs (HTTP/1.1 200) 4 headers in 158 bytes (1 switches on core 0)
2026-05-05 18:11:54.586 7 WARNING neutron.scheduler.dhcp_agent_scheduler [None req-13e50861-3c93-4549-981c-58145d34afed 222714896977477fbb231cbe0e074edc 2776d682f6024dbf934688a47a3ccdc9 - - default default] No more DHCP agents
2026-05-05 18:11:54.587 7 WARNING neutron.api.rpc.agentnotifiers.dhcp_rpc_agent_api [None req-13e50861-3c93-4549-981c-58145d34afed 222714896977477fbb231cbe0e074edc 2776d682f6024dbf934688a47a3ccdc9 - - default default] Unable to schedule network 1adedd5b-455d-44e2-bafd-e269835a0af0: no agents available; will retry on subsequent port and subnet creation events.
2026-05-05 18:11:54.612 7 INFO neutron.db.ovn_revision_numbers_db [None req-13e50861-3c93-4549-981c-58145d34afed 222714896977477fbb231cbe0e074edc 2776d682f6024dbf934688a47a3ccdc9 - - default default] Successfully bumped revision number for resource 69f188ab-f888-44ae-9001-088e3a9a2a90 (type: subnets) to 0 [pid: 7|app: 0|req: 570/1164] 10.0.0.25 () {34 vars in 668 bytes} [Tue May 5 18:11:54 2026] POST /v2.0/subnets => generated 646 bytes in 229 msecs (HTTP/1.1 201) 4 headers in 162 bytes (1 switches on core 0)
2026-05-05 18:11:54.639 7 INFO neutron.api.v2.resource [None req-20131e47-dc02-444c-bf16-d41222179a93 4001805bedb24ccba7e7eae04ba80cc0 f092f7e8836545b1b7c07aa00cb3f9c4 - - default default] show failed (client error): The resource could not be found. [pid: 7|app: 0|req: 571/1165] 10.0.0.25 () {32 vars in 736 bytes} [Tue May 5 18:11:54 2026] GET /v2.0/security-groups/7d304f0e-6f66-42cb-8728-c5305f705afb => generated 146 bytes in 11 msecs (HTTP/1.1 404) 4 headers in 164 bytes (1 switches on core 0)
2026-05-05 18:11:54.697 8 INFO neutron.db.ovn_revision_numbers_db [None req-0bcc0d7a-38f2-4c15-8f82-ef55f84210e0 5744c149e6b6418db3177ffe505c6f17 4d8ace2acfbe46738be846bca0e51e62 - - default default] Successfully bumped revision number for resource 2ad3d348-7c8f-469d-b710-1b110d6547a3 (type: security_group_rules) to 0
2026-05-05 18:11:54.705 7 INFO neutron.db.ovn_revision_numbers_db [None req-c524c64e-a180-4fbf-87a6-d05ade6af1b9 37f369dd43d14f389cf63dd762fc06d1 048df26839634889bb48c786c9ac4311 - - default default] Successfully bumped revision number for resource 326316af-3486-4f75-b55d-3a0d89a63de6 (type: security_groups) to 2 [pid: 7|app: 0|req: 572/1166] 10.0.0.25 () {34 vars in 757 bytes} [Tue May 5 18:11:54 2026] PUT /v2.0/security-groups/326316af-3486-4f75-b55d-3a0d89a63de6 => generated 1663 bytes in 84 msecs (HTTP/1.1 200) 4 headers in 158 bytes (1 switches on core 0) [pid: 8|app: 0|req: 595/1167] 10.0.0.25 () {34 vars in 694 bytes} [Tue May 5 18:11:54 2026] POST /v2.0/security-group-rules => generated 597 bytes in 152 msecs (HTTP/1.1 201) 4 headers in 162 bytes (1 switches on core 0)
2026-05-05 18:11:54.847 8 INFO neutron_taas.services.taas.taas_plugin [None req-bf6fb852-00b2-437b-9816-2aae9b3da12a 4001805bedb24ccba7e7eae04ba80cc0 f092f7e8836545b1b7c07aa00cb3f9c4 - - default default] TaaS: Handle Delete Port: b9942abc-3f9a-4d2d-8299-5d8dbfdb8e61
2026-05-05 18:11:54.850 8 INFO neutron_taas.services.taas.tap_mirror_plugin [None req-bf6fb852-00b2-437b-9816-2aae9b3da12a 4001805bedb24ccba7e7eae04ba80cc0 f092f7e8836545b1b7c07aa00cb3f9c4 - - default default] Tap Mirror: Handle Delete Port: b9942abc-3f9a-4d2d-8299-5d8dbfdb8e61
2026-05-05 18:11:54.884 7 WARNING neutron.scheduler.dhcp_agent_scheduler [None req-5f6f83f4-2cca-4689-81b8-ac868613a1c8 222714896977477fbb231cbe0e074edc 2776d682f6024dbf934688a47a3ccdc9 - - default default] No more DHCP agents
2026-05-05 18:11:54.885 7 WARNING neutron.api.rpc.agentnotifiers.dhcp_rpc_agent_api [None req-5f6f83f4-2cca-4689-81b8-ac868613a1c8 222714896977477fbb231cbe0e074edc 2776d682f6024dbf934688a47a3ccdc9 - - default default] Unable to schedule network f904e7fb-e88d-466e-817c-d0a66b78bba9: no agents available; will retry on subsequent port and subnet creation events.
2026-05-05 18:11:54.907 7 INFO neutron.db.ovn_revision_numbers_db [None req-5f6f83f4-2cca-4689-81b8-ac868613a1c8 222714896977477fbb231cbe0e074edc 2776d682f6024dbf934688a47a3ccdc9 - - default default] Successfully bumped revision number for resource f82a9d88-25ab-4536-a05f-1134d4ea1748 (type: subnets) to 0 [pid: 7|app: 0|req: 573/1168] 10.0.0.25 () {34 vars in 668 bytes} [Tue May 5 18:11:54 2026] POST /v2.0/subnets => generated 655 bytes in 205 msecs (HTTP/1.1 201) 4 headers in 162 bytes (1 switches on core 0) [pid: 7|app: 0|req: 574/1169] 10.0.0.25 () {32 vars in 736 bytes} [Tue May 5 18:11:54 2026] GET /v2.0/security-groups/326316af-3486-4f75-b55d-3a0d89a63de6 => generated 1663 bytes in 26 msecs (HTTP/1.1 200) 4 headers in 158 bytes (1 switches on core 0) [pid: 8|app: 0|req: 596/1170] 10.0.0.25 () {32 vars in 731 bytes} [Tue May 5 18:11:54 2026] DELETE /v2.0/floatingips/df0671e1-7d9f-416f-b60e-d41b17d71d53 => generated 0 bytes in 306 msecs (HTTP/1.1 204) 2 headers in 112 bytes (1 switches on core 0)
2026-05-05 18:11:55.124 7 INFO neutron.db.ovn_revision_numbers_db [None req-ed50c7d5-883d-4519-83e0-fdb4f3c2397c 5744c149e6b6418db3177ffe505c6f17 4d8ace2acfbe46738be846bca0e51e62 - - default default] Successfully bumped revision number for resource 5ff978d6-715a-4f89-8284-020078abf157 (type: security_group_rules) to 0
2026-05-05 18:11:55.152 8 INFO neutron.db.ovn_revision_numbers_db [None req-0179bd35-006f-405d-8919-f7505979838d 222714896977477fbb231cbe0e074edc 2776d682f6024dbf934688a47a3ccdc9 - - default default] Successfully bumped revision number for resource dc889b21-5415-4b87-a7de-c3324906deaf (type: routers) to 1 [pid: 7|app: 0|req: 575/1171] 10.0.0.25 () {34 vars in 694 bytes} [Tue May 5 18:11:54 2026] POST /v2.0/security-group-rules => generated 602 bytes in 201 msecs (HTTP/1.1 201) 4 headers in 162 bytes (1 switches on core 0) [pid: 8|app: 0|req: 597/1172] 10.0.0.25 () {34 vars in 668 bytes} [Tue May 5 18:11:55 2026] POST /v2.0/routers => generated 606 bytes in 131 msecs (HTTP/1.1 201) 4 headers in 162 bytes (1 switches on core 0) [pid: 7|app: 0|req: 576/1173] 10.0.0.25 () {32 vars in 739 bytes} [Tue May 5 18:11:55 2026] DELETE /v2.0/security-groups/326316af-3486-4f75-b55d-3a0d89a63de6 => generated 0 bytes in 103 msecs (HTTP/1.1 204) 2 headers in 112 bytes (1 switches on core 0)
2026-05-05 18:11:55.473 8 INFO neutron_taas.services.taas.taas_plugin [None req-d63c9718-41b8-48cc-8404-4f824a5218df 5070859b914c42c3831975849e95d647 e199110985b84ca28da52ad2275ed6ec - - default default] TaaS: Handle Delete Port: 92dd81e9-4d0d-42fa-856c-4577b6a9f147
2026-05-05 18:11:55.477 8 INFO neutron_taas.services.taas.tap_mirror_plugin [None req-d63c9718-41b8-48cc-8404-4f824a5218df 5070859b914c42c3831975849e95d647 e199110985b84ca28da52ad2275ed6ec - - default default] Tap Mirror: Handle Delete Port: 92dd81e9-4d0d-42fa-856c-4577b6a9f147
2026-05-05 18:11:55.504 7 WARNING neutron.scheduler.dhcp_agent_scheduler [None req-67b10218-6820-405d-8b1f-df5890e5b2f9 5744c149e6b6418db3177ffe505c6f17 4d8ace2acfbe46738be846bca0e51e62 - - default default] No more DHCP agents
2026-05-05 18:11:55.505 7 WARNING neutron.api.rpc.agentnotifiers.dhcp_rpc_agent_api [None req-67b10218-6820-405d-8b1f-df5890e5b2f9 5744c149e6b6418db3177ffe505c6f17 4d8ace2acfbe46738be846bca0e51e62 - - default default] Unable to schedule network 9d72c4b0-a0b8-4f85-a60c-0a8ac8a75396: no agents available; will retry on subsequent port and subnet creation events. [pid: 7|app: 0|req: 577/1174] 10.0.0.25 () {34 vars in 675 bytes} [Tue May 5 18:11:55 2026] POST /v2.0/floatingips => generated 552 bytes in 559 msecs (HTTP/1.1 201) 4 headers in 162 bytes (1 switches on core 0) [pid: 8|app: 0|req: 598/1175] 10.0.0.25 () {34 vars in 788 bytes} [Tue May 5 18:11:55 2026] PUT /v2.0/routers/52513479-8f8f-4866-859b-fc62193a8118/remove_router_interface => generated 309 bytes in 950 msecs (HTTP/1.1 200) 4 headers in 157 bytes (1 switches on core 0) /var/lib/openstack/lib/python3.12/site-packages/pycadf/identifier.py:70: UserWarning: Invalid uuid: neutron. To ensure interoperability, identifiers should be a valid uuid. warnings.warn(('Invalid uuid: %s. To ensure interoperability, ' [pid: 8|app: 0|req: 599/1176] 10.0.0.25 () {32 vars in 662 bytes} [Tue May 5 18:11:56 2026] GET /v2.0/security-groups => generated 2925 bytes in 33 msecs (HTTP/1.1 200) 4 headers in 158 bytes (1 switches on core 0)
2026-05-05 18:11:56.195 7 WARNING neutron.scheduler.dhcp_agent_scheduler [None req-13adb70b-5adc-4247-acc2-6bb6bb2ea02c 222714896977477fbb231cbe0e074edc 2776d682f6024dbf934688a47a3ccdc9 - - default default] No more DHCP agents
2026-05-05 18:11:56.196 7 WARNING neutron.api.rpc.agentnotifiers.dhcp_rpc_agent_api [None req-13adb70b-5adc-4247-acc2-6bb6bb2ea02c 222714896977477fbb231cbe0e074edc 2776d682f6024dbf934688a47a3ccdc9 - - default default] Unable to schedule network 1adedd5b-455d-44e2-bafd-e269835a0af0: no agents available; will retry on subsequent port and subnet creation events.
2026-05-05 18:11:56.293 8 INFO neutron.plugins.ml2.drivers.ovn.mech_driver.mech_driver [None req-9481b34c-e02e-482d-93e8-40f6259ac533 - - - - - -] OVN reports status down for port: 78f7d61f-b9d8-4d88-ab3e-7616f2e85795
2026-05-05 18:11:56.316 7 INFO neutron.db.ovn_revision_numbers_db [None req-13adb70b-5adc-4247-acc2-6bb6bb2ea02c 222714896977477fbb231cbe0e074edc 2776d682f6024dbf934688a47a3ccdc9 - - default default] Successfully bumped revision number for resource 78f7d61f-b9d8-4d88-ab3e-7616f2e85795 (type: ports) to 1
2026-05-05 18:11:56.592 8 INFO neutron_taas.services.taas.taas_plugin [None req-1533081c-4ef1-4d89-9394-223f9d1c9ad6 5070859b914c42c3831975849e95d647 e199110985b84ca28da52ad2275ed6ec - - default default] TaaS: Handle Delete Port: 3012364e-a1bb-48cf-984e-0fc8eeb4694e
2026-05-05 18:11:56.595 8 INFO neutron_taas.services.taas.tap_mirror_plugin [None req-1533081c-4ef1-4d89-9394-223f9d1c9ad6 5070859b914c42c3831975849e95d647 e199110985b84ca28da52ad2275ed6ec - - default default] Tap Mirror: Handle Delete Port: 3012364e-a1bb-48cf-984e-0fc8eeb4694e
2026-05-05 18:11:56.760 8 INFO neutron.plugins.ml2.drivers.ovn.mech_driver.mech_driver [None req-9481b34c-e02e-482d-93e8-40f6259ac533 - - - - - -] OVN reports status up for port: 78f7d61f-b9d8-4d88-ab3e-7616f2e85795
2026-05-05 18:11:56.789 8 INFO neutron.plugins.ml2.plugin [None req-9481b34c-e02e-482d-93e8-40f6259ac533 - - - - - -] Attempt 1 to provision port 78f7d61f-b9d8-4d88-ab3e-7616f2e85795
2026-05-05 18:11:56.854 7 WARNING neutron.scheduler.dhcp_agent_scheduler [None req-13adb70b-5adc-4247-acc2-6bb6bb2ea02c 222714896977477fbb231cbe0e074edc 2776d682f6024dbf934688a47a3ccdc9 - - default default] No more DHCP agents
2026-05-05 18:11:56.855 7 WARNING neutron.api.rpc.agentnotifiers.dhcp_rpc_agent_api [None req-13adb70b-5adc-4247-acc2-6bb6bb2ea02c 222714896977477fbb231cbe0e074edc 2776d682f6024dbf934688a47a3ccdc9 - - default default] Unable to schedule network 1adedd5b-455d-44e2-bafd-e269835a0af0: no agents available; will retry on subsequent port and subnet creation events.
2026-05-05 18:11:57.106 7 INFO neutron.db.ovn_revision_numbers_db [None req-13adb70b-5adc-4247-acc2-6bb6bb2ea02c 222714896977477fbb231cbe0e074edc 2776d682f6024dbf934688a47a3ccdc9 - - default default] Successfully bumped revision number for resource 78f7d61f-b9d8-4d88-ab3e-7616f2e85795 (type: router_ports) to 1 [pid: 7|app: 0|req: 578/1177] 10.0.0.25 () {34 vars in 782 bytes} [Tue May 5 18:11:55 2026] PUT /v2.0/routers/dc889b21-5415-4b87-a7de-c3324906deaf/add_router_interface => generated 309 bytes in 1293 msecs (HTTP/1.1 200) 4 headers in 157 bytes (1 switches on core 0)
2026-05-05 18:11:57.124 7 INFO neutron.api.v2.resource [None req-3840e43f-f634-48bc-a206-b55bb33c696d 37f369dd43d14f389cf63dd762fc06d1 048df26839634889bb48c786c9ac4311 - - default default] delete failed (client error): The resource could not be found. [pid: 7|app: 0|req: 579/1178] 10.0.0.25 () {32 vars in 739 bytes} [Tue May 5 18:11:57 2026] DELETE /v2.0/security-groups/326316af-3486-4f75-b55d-3a0d89a63de6 => generated 146 bytes in 11 msecs (HTTP/1.1 404) 4 headers in 164 bytes (1 switches on core 0) [pid: 7|app: 0|req: 580/1179] 10.0.0.41 () {34 vars in 1099 bytes} [Tue May 5 18:11:57 2026] GET /v2.0/security-groups?name=tempest-securitygroup--1606467663&fields=id&tenant_id=4d8ace2acfbe46738be846bca0e51e62 => generated 69 bytes in 27 msecs (HTTP/1.1 200) 4 headers in 156 bytes (1 switches on core 0) [pid: 7|app: 0|req: 581/1180] 10.0.0.25 () {32 vars in 716 bytes} [Tue May 5 18:11:57 2026] GET /v2.0/ports/78f7d61f-b9d8-4d88-ab3e-7616f2e85795 => generated 945 bytes in 39 msecs (HTTP/1.1 200) 4 headers in 157 bytes (1 switches on core 0)
2026-05-05 18:11:57.310 7 INFO neutron.db.ovn_revision_numbers_db [None req-700110df-561c-4ea9-ab7b-d8fcc34eef3e 37f369dd43d14f389cf63dd762fc06d1 048df26839634889bb48c786c9ac4311 - - default default] Successfully bumped revision number for resource 56c7effd-9de2-4645-9fe1-f7acbd47d61e (type: security_groups) to 1
2026-05-05 18:11:57.325 7 INFO neutron.db.ovn_revision_numbers_db [None req-700110df-561c-4ea9-ab7b-d8fcc34eef3e 37f369dd43d14f389cf63dd762fc06d1 048df26839634889bb48c786c9ac4311 - - default default] Successfully bumped revision number for resource 66231113-54c3-4b69-9bba-3269c0e914fd (type: security_group_rules) to 0
2026-05-05 18:11:57.340 7 INFO neutron.db.ovn_revision_numbers_db [None req-700110df-561c-4ea9-ab7b-d8fcc34eef3e 37f369dd43d14f389cf63dd762fc06d1 048df26839634889bb48c786c9ac4311 - - default default] Successfully bumped revision number for resource 943b07cb-69e4-4c7d-8c08-81f62dd46863 (type: security_group_rules) to 0 [pid: 8|app: 0|req: 600/1181] 10.0.0.25 () {32 vars in 723 bytes} [Tue May 5 18:11:56 2026] DELETE /v2.0/routers/52513479-8f8f-4866-859b-fc62193a8118 => generated 0 bytes in 1213 msecs (HTTP/1.1 204) 2 headers in 112 bytes (1 switches on core 0) [pid: 7|app: 0|req: 582/1182] 10.0.0.25 () {34 vars in 683 bytes} [Tue May 5 18:11:57 2026] POST /v2.0/security-groups => generated 1625 bytes in 198 msecs (HTTP/1.1 201) 4 headers in 163 bytes (1 switches on core 0) [pid: 8|app: 0|req: 601/1183] 10.0.0.41 () {34 vars in 981 bytes} [Tue May 5 18:11:57 2026] GET /v2.0/networks?id=71b42a6d-c034-46bd-8ab0-fe7db3fae60a => generated 707 bytes in 102 msecs (HTTP/1.1 200) 4 headers in 157 bytes (1 switches on core 0)
2026-05-05 18:11:57.718 8 INFO neutron.db.ovn_revision_numbers_db [None req-9481b34c-e02e-482d-93e8-40f6259ac533 - - - - - -] Successfully bumped revision number for resource 78f7d61f-b9d8-4d88-ab3e-7616f2e85795 (type: ports) to 2 [pid: 8|app: 0|req: 602/1184] 10.0.0.25 () {32 vars in 723 bytes} [Tue May 5 18:11:57 2026] DELETE /v2.0/subnets/9c0da09c-966d-40bb-821e-e5a3ebf12e7f => generated 0 bytes in 345 msecs (HTTP/1.1 204) 3 headers in 131 bytes (1 switches on core 0)
2026-05-05 18:11:57.835 7 WARNING neutron.scheduler.dhcp_agent_scheduler [None req-1c79b9b7-a0c1-4c99-8a39-88cd8ed4618f 222714896977477fbb231cbe0e074edc 2776d682f6024dbf934688a47a3ccdc9 - - default default] No more DHCP agents
2026-05-05 18:11:57.836 7 WARNING neutron.api.rpc.agentnotifiers.dhcp_rpc_agent_api [None req-1c79b9b7-a0c1-4c99-8a39-88cd8ed4618f 222714896977477fbb231cbe0e074edc 2776d682f6024dbf934688a47a3ccdc9 - - default default] Unable to schedule network f904e7fb-e88d-466e-817c-d0a66b78bba9: no agents available; will retry on subsequent port and subnet creation events.
2026-05-05 18:11:57.947 7 INFO neutron.db.ovn_revision_numbers_db [None req-1c79b9b7-a0c1-4c99-8a39-88cd8ed4618f 222714896977477fbb231cbe0e074edc 2776d682f6024dbf934688a47a3ccdc9 - - default default] Successfully bumped revision number for resource 1c9f392b-7f78-415a-97c5-1faf2ca0c8f7 (type: ports) to 1
2026-05-05 18:11:57.959 8 INFO neutron.db.ovn_revision_numbers_db [None req-76ef2e89-9c45-4151-8840-2454a9149661 37f369dd43d14f389cf63dd762fc06d1 048df26839634889bb48c786c9ac4311 - - default default] Successfully bumped revision number for resource 5907de8f-f02a-47c6-9002-e3e8018a6b4d (type: security_group_rules) to 0 [pid: 8|app: 0|req: 603/1185] 10.0.0.25 () {34 vars in 694 bytes} [Tue May 5 18:11:57 2026] POST /v2.0/security-group-rules => generated 601 bytes in 184 msecs (HTTP/1.1 201) 4 headers in 162 bytes (1 switches on core 0) [pid: 8|app: 0|req: 604/1186] 10.0.0.41 () {34 vars in 964 bytes} [Tue May 5 18:11:58 2026] GET /v2.0/quotas/4d8ace2acfbe46738be846bca0e51e62 => generated 292 bytes in 9 msecs (HTTP/1.1 200) 4 headers in 157 bytes (1 switches on core 0)
2026-05-05 18:11:58.117 8 INFO neutron_taas.services.taas.taas_plugin [None req-78ddcc88-dd40-42f0-a4f1-69a6734ff9d6 5070859b914c42c3831975849e95d647 e199110985b84ca28da52ad2275ed6ec - - default default] TaaS: Handle Delete Port: 2c5a6750-fd07-4a03-b3c8-5b5e7bfee11e
2026-05-05 18:11:58.119 8 INFO neutron_taas.services.taas.tap_mirror_plugin [None req-78ddcc88-dd40-42f0-a4f1-69a6734ff9d6 5070859b914c42c3831975849e95d647 e199110985b84ca28da52ad2275ed6ec - - default default] Tap Mirror: Handle Delete Port: 2c5a6750-fd07-4a03-b3c8-5b5e7bfee11e
2026-05-05 18:11:58.300 8 INFO neutron.services.segments.plugin [-] Segment a3be4f4f-b86e-4c5a-b61f-35dade29078e resource provider aggregate not found
2026-05-05 18:11:58.305 8 INFO neutron.services.segments.plugin [-] Segment a3be4f4f-b86e-4c5a-b61f-35dade29078e resource provider aggregate not found
2026-05-05 18:11:58.318 8 INFO neutron.services.segments.plugin [-] Segment a3be4f4f-b86e-4c5a-b61f-35dade29078e resource provider not found; error: Placement Client Error (4xx): {"errors": [{"status": 404, "title": "Not Found", "detail": "The resource could not be found.\n\n No resource provider with uuid a3be4f4f-b86e-4c5a-b61f-35dade29078e found for delete ", "request_id": "req-ce733369-c15a-43e8-9036-e9e5ec5672c1"}]}
2026-05-05 18:11:58.328 8 INFO neutron.services.segments.plugin [-] Segment a3be4f4f-b86e-4c5a-b61f-35dade29078e resource provider not found; error: Placement Client Error (4xx): {"errors": [{"status": 404, "title": "Not Found", "detail": "The resource could not be found.\n\n No resource provider with uuid a3be4f4f-b86e-4c5a-b61f-35dade29078e found for delete ", "request_id": "req-33ae6206-eaef-4a42-8c1c-0b0ccc1be8f8"}]} [pid: 8|app: 0|req: 605/1187] 10.0.0.25 () {32 vars in 725 bytes} [Tue May 5 18:11:58 2026] DELETE /v2.0/networks/73045995-5408-4da8-9417-b7700488fb8c => generated 0 bytes in 339 msecs (HTTP/1.1 204) 3 headers in 131 bytes (1 switches on core 0) [pid: 8|app: 0|req: 606/1188] 10.0.0.25 () {32 vars in 746 bytes} [Tue May 5 18:11:58 2026] GET /v2.0/security-group-rules/5907de8f-f02a-47c6-9002-e3e8018a6b4d => generated 601 bytes in 22 msecs (HTTP/1.1 200) 4 headers in 157 bytes (1 switches on core 0) [pid: 8|app: 0|req: 607/1189] 10.0.0.41 () {34 vars in 1001 bytes} [Tue May 5 18:11:58 2026] GET /v2.0/ports?tenant_id=4d8ace2acfbe46738be846bca0e51e62&fields=id => generated 103 bytes in 79 msecs (HTTP/1.1 200) 4 headers in 157 bytes (1 switches on core 0)
2026-05-05 18:11:58.523 7 WARNING neutron.scheduler.dhcp_agent_scheduler [None req-1c79b9b7-a0c1-4c99-8a39-88cd8ed4618f 222714896977477fbb231cbe0e074edc 2776d682f6024dbf934688a47a3ccdc9 - - default default] No more DHCP agents
